Apr 02 13:05:39.429102 np0000162944 systemd[1]: Starting devstack@n-api-meta.service - Devstack devstack@n-api-meta.service...
Apr 02 13:05:39.436543 np0000162944 devstack@n-api-meta.service[107549]: [uWSGI] getting INI configuration from /etc/nova/nova-metadata-uwsgi.ini
Apr 02 13:05:39.437145 np0000162944 devstack@n-api-meta.service[107549]: open("./http_plugin.so"): No such file or directory [core/utils.c line 3709]
Apr 02 13:05:39.437145 np0000162944 devstack@n-api-meta.service[107549]: !!! UNABLE to load uWSGI plugin: ./http_plugin.so: cannot open shared object file: No such file or directory !!!
Apr 02 13:05:39.437145 np0000162944 devstack@n-api-meta.service[107549]: open("./python3_plugin.so"): No such file or directory [core/utils.c line 3709]
Apr 02 13:05:39.437145 np0000162944 devstack@n-api-meta.service[107549]: !!! UNABLE to load uWSGI plugin: ./python3_plugin.so: cannot open shared object file: No such file or directory !!!
Apr 02 13:05:39.437145 np0000162944 devstack@n-api-meta.service[107549]: *** Starting uWSGI 2.0.31 (64bit) on [Thu Apr 2 13:05:39 2026] ***
Apr 02 13:05:39.437145 np0000162944 devstack@n-api-meta.service[107549]: compiled with version: 13.3.0 on 02 April 2026 12:55:18
Apr 02 13:05:39.437145 np0000162944 devstack@n-api-meta.service[107549]: os: Linux-6.8.0-107-generic #107-Ubuntu SMP PREEMPT_DYNAMIC Fri Mar 13 19:51:50 UTC 2026
Apr 02 13:05:39.437145 np0000162944 devstack@n-api-meta.service[107549]: nodename: np0000162944
Apr 02 13:05:39.437145 np0000162944 devstack@n-api-meta.service[107549]: machine: x86_64
Apr 02 13:05:39.437145 np0000162944 devstack@n-api-meta.service[107549]: clock source: unix
Apr 02 13:05:39.437145 np0000162944 devstack@n-api-meta.service[107549]: pcre jit disabled
Apr 02 13:05:39.437145 np0000162944 devstack@n-api-meta.service[107549]: detected number of CPU cores: 16
Apr 02 13:05:39.437145 np0000162944 devstack@n-api-meta.service[107549]: current working directory: /
Apr 02 13:05:39.437145 np0000162944 devstack@n-api-meta.service[107549]: detected binary path: /opt/stack/data/venv/bin/uwsgi
Apr 02 13:05:39.437145 np0000162944 devstack@n-api-meta.service[107549]: your processes number limit is 256917
Apr 02 13:05:39.437145 np0000162944 devstack@n-api-meta.service[107549]: your memory page size is 4096 bytes
Apr 02 13:05:39.437145 np0000162944 devstack@n-api-meta.service[107549]: detected max file descriptor number: 2048
Apr 02 13:05:39.437145 np0000162944 devstack@n-api-meta.service[107549]: lock engine: pthread robust mutexes
Apr 02 13:05:39.437145 np0000162944 devstack@n-api-meta.service[107549]: thunder lock: enabled
Apr 02 13:05:39.437145 np0000162944 devstack@n-api-meta.service[107549]: uWSGI http bound on 0.0.0.0:8775 fd 5
Apr 02 13:05:39.438224 np0000162944 devstack@n-api-meta.service[107549]: uwsgi socket 0 bound to TCP address 127.0.0.1:38473 (port auto-assigned) fd 4
Apr 02 13:05:39.438224 np0000162944 devstack@n-api-meta.service[107549]: Python version: 3.12.3 (main, Mar 3 2026, 12:15:18) [GCC 13.3.0]
Apr 02 13:05:39.438224 np0000162944 devstack@n-api-meta.service[107549]: PEP 405 virtualenv detected: /opt/stack/data/venv
Apr 02 13:05:39.438224 np0000162944 devstack@n-api-meta.service[107549]: Set PythonHome to /opt/stack/data/venv
Apr 02 13:05:39.471724 np0000162944 devstack@n-api-meta.service[107549]: Python main interpreter initialized at 0x77ac07ea3668
Apr 02 13:05:39.471724 np0000162944 devstack@n-api-meta.service[107549]: python threads support enabled
Apr 02 13:05:39.471724 np0000162944 devstack@n-api-meta.service[107549]: your server socket listen backlog is limited to 100 connections
Apr 02 13:05:39.471724 np0000162944 devstack@n-api-meta.service[107549]: your mercy for graceful operations on workers is 80 seconds
Apr 02 13:05:39.472264 np0000162944 devstack@n-api-meta.service[107549]: mapped 671795 bytes (656 KB) for 4 cores
Apr 02 13:05:39.472415 np0000162944 devstack@n-api-meta.service[107549]: *** Operational MODE: preforking ***
Apr 02 13:05:39.472632 np0000162944 devstack@n-api-meta.service[107549]: *** uWSGI is running in multiple interpreter mode ***
Apr 02 13:05:39.472632 np0000162944 devstack@n-api-meta.service[107549]: spawned uWSGI master process (pid: 107549)
Apr 02 13:05:39.472833 np0000162944 systemd[1]: Started devstack@n-api-meta.service - Devstack devstack@n-api-meta.service.
Apr 02 13:05:39.473337 np0000162944 devstack@n-api-meta.service[107549]: spawned uWSGI worker 1 (pid: 107550, cores: 1)
Apr 02 13:05:39.473850 np0000162944 devstack@n-api-meta.service[107549]: spawned uWSGI worker 2 (pid: 107551, cores: 1)
Apr 02 13:05:39.474327 np0000162944 devstack@n-api-meta.service[107549]: spawned uWSGI worker 3 (pid: 107552, cores: 1)
Apr 02 13:05:39.474921 np0000162944 devstack@n-api-meta.service[107549]: spawned uWSGI worker 4 (pid: 107553, cores: 1)
Apr 02 13:05:39.475475 np0000162944 devstack@n-api-meta.service[107549]: spawned uWSGI http 1 (pid: 107554)
Apr 02 13:05:39.475475 np0000162944 devstack@n-api-meta.service[107549]: running "unix_signal:15 gracefully_kill_them_all" (master-start)...
Apr 02 13:05:39.811235 np0000162944 devstack@n-api-meta.service[107551]: Service is starting with native threading. This is currently experimental. Do not use it in production without first testing it in pre-production.
Apr 02 13:05:39.825108 np0000162944 devstack@n-api-meta.service[107552]: Service is starting with native threading. This is currently experimental. Do not use it in production without first testing it in pre-production.
Apr 02 13:05:39.839080 np0000162944 devstack@n-api-meta.service[107553]: Service is starting with native threading. This is currently experimental. Do not use it in production without first testing it in pre-production.
Apr 02 13:05:39.859289 np0000162944 devstack@n-api-meta.service[107550]: Service is starting with native threading. This is currently experimental. Do not use it in production without first testing it in pre-production.
Apr 02 13:05:41.198385 np0000162944 devstack@n-api-meta.service[107552]: INFO dbcounter [None req-cccfea58-b57b-4a48-bd53-421606e302b5 None None] Registered counter for database nova_api
Apr 02 13:05:41.214662 np0000162944 devstack@n-api-meta.service[107552]: DEBUG oslo_db.sqlalchemy.engines [None req-cccfea58-b57b-4a48-bd53-421606e302b5 None None] MySQL server mode set to STRICT_TRANS_TABLES,STRICT_ALL_TABLES,NO_ZERO_IN_DATE,NO_ZERO_DATE,ERROR_FOR_DIVISION_BY_ZERO,TRADITIONAL,NO_ENGINE_SUBSTITUTION {{(pid=107552) _check_effective_sql_mode /opt/stack/data/venv/lib/python3.12/site-packages/oslo_db/sqlalchemy/engines.py:325}}
Apr 02 13:05:41.221059 np0000162944 devstack@n-api-meta.service[107553]: INFO dbcounter [None req-562bb065-9d9d-45c6-8bd8-d5556a9e9c97 None None] Registered counter for database nova_api
Apr 02 13:05:41.237476 np0000162944 devstack@n-api-meta.service[107553]: DEBUG oslo_db.sqlalchemy.engines [None req-562bb065-9d9d-45c6-8bd8-d5556a9e9c97 None None] MySQL server mode set to STRICT_TRANS_TABLES,STRICT_ALL_TABLES,NO_ZERO_IN_DATE,NO_ZERO_DATE,ERROR_FOR_DIVISION_BY_ZERO,TRADITIONAL,NO_ENGINE_SUBSTITUTION {{(pid=107553) _check_effective_sql_mode /opt/stack/data/venv/lib/python3.12/site-packages/oslo_db/sqlalchemy/engines.py:325}}
Apr 02 13:05:41.249641 np0000162944 devstack@n-api-meta.service[107552]: DEBUG dbcounter [-] [107552] Writer thread running {{(pid=107552) stat_writer /opt/stack/data/venv/lib/python3.12/site-packages/dbcounter.py:102}}
Apr 02 13:05:41.251865 np0000162944 devstack@n-api-meta.service[107551]: INFO dbcounter [None req-da438ac9-aec5-4adf-942a-54f6f96ee477 None None] Registered counter for database nova_api
Apr 02 13:05:41.252270 np0000162944 devstack@n-api-meta.service[107552]: DEBUG nova.context [None req-cccfea58-b57b-4a48-bd53-421606e302b5 None None] Found 2 cells: 00000000-0000-0000-0000-000000000000(cell0),9100c218-56bd-4cca-a1bd-d01fc32334f3(cell1) {{(pid=107552) load_cells /opt/stack/nova/nova/context.py:509}}
Apr 02 13:05:41.252270 np0000162944 devstack@n-api-meta.service[107552]: INFO nova.utils [None req-cccfea58-b57b-4a48-bd53-421606e302b5 None None] The cell worker thread pool MainProcess.cell_worker is initialized
Apr 02 13:05:41.254025 np0000162944 devstack@n-api-meta.service[107552]: DEBUG oslo_concurrency.lockutils [None req-cccfea58-b57b-4a48-bd53-421606e302b5 None None] Acquiring lock "00000000-0000-0000-0000-000000000000" by "nova.context.set_target_cell..get_or_set_cached_cell_and_set_connections" {{(pid=107552) inner /opt/stack/data/venv/lib/python3.12/site-packages/oslo_concurrency/lockutils.py:506}}
Apr 02 13:05:41.254176 np0000162944 devstack@n-api-meta.service[107552]: DEBUG oslo_concurrency.lockutils [None req-cccfea58-b57b-4a48-bd53-421606e302b5 None None] Lock "00000000-0000-0000-0000-000000000000" acquired by "nova.context.set_target_cell..get_or_set_cached_cell_and_set_connections" :: waited 0.000s {{(pid=107552) inner /opt/stack/data/venv/lib/python3.12/site-packages/oslo_concurrency/lockutils.py:519}}
Apr 02 13:05:41.254515 np0000162944 devstack@n-api-meta.service[107552]: DEBUG oslo_concurrency.lockutils [None req-cccfea58-b57b-4a48-bd53-421606e302b5 None None] Lock "00000000-0000-0000-0000-000000000000" "released" by "nova.context.set_target_cell..get_or_set_cached_cell_and_set_connections" :: held 0.000s {{(pid=107552) inner /opt/stack/data/venv/lib/python3.12/site-packages/oslo_concurrency/lockutils.py:538}}
Apr 02 13:05:41.255197 np0000162944 devstack@n-api-meta.service[107552]: DEBUG oslo_concurrency.lockutils [None req-cccfea58-b57b-4a48-bd53-421606e302b5 None None] Acquiring lock "9100c218-56bd-4cca-a1bd-d01fc32334f3" by "nova.context.set_target_cell..get_or_set_cached_cell_and_set_connections" {{(pid=107552) inner /opt/stack/data/venv/lib/python3.12/site-packages/oslo_concurrency/lockutils.py:506}}
Apr 02 13:05:41.255332 np0000162944 devstack@n-api-meta.service[107552]: DEBUG oslo_concurrency.lockutils [None req-cccfea58-b57b-4a48-bd53-421606e302b5 None None] Lock "9100c218-56bd-4cca-a1bd-d01fc32334f3" acquired by "nova.context.set_target_cell..get_or_set_cached_cell_and_set_connections" :: waited 0.000s {{(pid=107552) inner /opt/stack/data/venv/lib/python3.12/site-packages/oslo_concurrency/lockutils.py:519}}
Apr 02 13:05:41.256131 np0000162944 devstack@n-api-meta.service[107552]: DEBUG oslo_concurrency.lockutils [None req-cccfea58-b57b-4a48-bd53-421606e302b5 None None] Lock "9100c218-56bd-4cca-a1bd-d01fc32334f3" "released" by "nova.context.set_target_cell..get_or_set_cached_cell_and_set_connections" :: held 0.001s {{(pid=107552) inner /opt/stack/data/venv/lib/python3.12/site-packages/oslo_concurrency/lockutils.py:538}}
Apr 02 13:05:41.259115 np0000162944 devstack@n-api-meta.service[107552]: INFO dbcounter [None req-cccfea58-b57b-4a48-bd53-421606e302b5 None None] Registered counter for database nova_cell0
Apr 02 13:05:41.264911 np0000162944 devstack@n-api-meta.service[107552]: INFO dbcounter [None req-cccfea58-b57b-4a48-bd53-421606e302b5 None None] Registered counter for database nova_cell1
Apr 02 13:05:41.268401 np0000162944 devstack@n-api-meta.service[107553]: DEBUG dbcounter [-] [107553] Writer thread running {{(pid=107553) stat_writer /opt/stack/data/venv/lib/python3.12/site-packages/dbcounter.py:102}}
Apr 02 13:05:41.268480 np0000162944 devstack@n-api-meta.service[107551]: DEBUG oslo_db.sqlalchemy.engines [None req-da438ac9-aec5-4adf-942a-54f6f96ee477 None None] MySQL server mode set to STRICT_TRANS_TABLES,STRICT_ALL_TABLES,NO_ZERO_IN_DATE,NO_ZERO_DATE,ERROR_FOR_DIVISION_BY_ZERO,TRADITIONAL,NO_ENGINE_SUBSTITUTION {{(pid=107551) _check_effective_sql_mode /opt/stack/data/venv/lib/python3.12/site-packages/oslo_db/sqlalchemy/engines.py:325}}
Apr 02 13:05:41.270784 np0000162944 devstack@n-api-meta.service[107553]: DEBUG nova.context [None req-562bb065-9d9d-45c6-8bd8-d5556a9e9c97 None None] Found 2 cells: 00000000-0000-0000-0000-000000000000(cell0),9100c218-56bd-4cca-a1bd-d01fc32334f3(cell1) {{(pid=107553) load_cells /opt/stack/nova/nova/context.py:509}}
Apr 02 13:05:41.271018 np0000162944 devstack@n-api-meta.service[107553]: INFO nova.utils [None req-562bb065-9d9d-45c6-8bd8-d5556a9e9c97 None None] The cell worker thread pool MainProcess.cell_worker is initialized
Apr 02 13:05:41.272781 np0000162944 devstack@n-api-meta.service[107553]: DEBUG oslo_concurrency.lockutils [None req-562bb065-9d9d-45c6-8bd8-d5556a9e9c97 None None] Acquiring lock "00000000-0000-0000-0000-000000000000" by "nova.context.set_target_cell..get_or_set_cached_cell_and_set_connections" {{(pid=107553) inner /opt/stack/data/venv/lib/python3.12/site-packages/oslo_concurrency/lockutils.py:506}}
Apr 02 13:05:41.272947 np0000162944 devstack@n-api-meta.service[107553]: DEBUG oslo_concurrency.lockutils [None req-562bb065-9d9d-45c6-8bd8-d5556a9e9c97 None None] Lock "00000000-0000-0000-0000-000000000000" acquired by "nova.context.set_target_cell..get_or_set_cached_cell_and_set_connections" :: waited 0.000s {{(pid=107553) inner /opt/stack/data/venv/lib/python3.12/site-packages/oslo_concurrency/lockutils.py:519}}
Apr 02 13:05:41.273288 np0000162944 devstack@n-api-meta.service[107553]: DEBUG oslo_concurrency.lockutils [None req-562bb065-9d9d-45c6-8bd8-d5556a9e9c97 None None] Lock "00000000-0000-0000-0000-000000000000" "released" by "nova.context.set_target_cell..get_or_set_cached_cell_and_set_connections" :: held 0.000s {{(pid=107553) inner /opt/stack/data/venv/lib/python3.12/site-packages/oslo_concurrency/lockutils.py:538}}
Apr 02 13:05:41.273773 np0000162944 devstack@n-api-meta.service[107552]: DEBUG oslo_db.sqlalchemy.engines [None req-cccfea58-b57b-4a48-bd53-421606e302b5 None None] MySQL server mode set to STRICT_TRANS_TABLES,STRICT_ALL_TABLES,NO_ZERO_IN_DATE,NO_ZERO_DATE,ERROR_FOR_DIVISION_BY_ZERO,TRADITIONAL,NO_ENGINE_SUBSTITUTION {{(pid=107552) _check_effective_sql_mode /opt/stack/data/venv/lib/python3.12/site-packages/oslo_db/sqlalchemy/engines.py:325}}
Apr 02 13:05:41.274059 np0000162944 devstack@n-api-meta.service[107553]: DEBUG oslo_concurrency.lockutils [None req-562bb065-9d9d-45c6-8bd8-d5556a9e9c97 None None] Acquiring lock "9100c218-56bd-4cca-a1bd-d01fc32334f3" by "nova.context.set_target_cell..get_or_set_cached_cell_and_set_connections" {{(pid=107553) inner /opt/stack/data/venv/lib/python3.12/site-packages/oslo_concurrency/lockutils.py:506}}
Apr 02 13:05:41.274195 np0000162944 devstack@n-api-meta.service[107553]: DEBUG oslo_concurrency.lockutils [None req-562bb065-9d9d-45c6-8bd8-d5556a9e9c97 None None] Lock "9100c218-56bd-4cca-a1bd-d01fc32334f3" acquired by "nova.context.set_target_cell..get_or_set_cached_cell_and_set_connections" :: waited 0.000s {{(pid=107553) inner /opt/stack/data/venv/lib/python3.12/site-packages/oslo_concurrency/lockutils.py:519}}
Apr 02 13:05:41.278486 np0000162944 devstack@n-api-meta.service[107553]: INFO dbcounter [None req-562bb065-9d9d-45c6-8bd8-d5556a9e9c97 None None] Registered counter for database nova_cell0
Apr 02 13:05:41.280938 np0000162944 devstack@n-api-meta.service[107553]: DEBUG oslo_concurrency.lockutils [None req-562bb065-9d9d-45c6-8bd8-d5556a9e9c97 None None] Lock "9100c218-56bd-4cca-a1bd-d01fc32334f3" "released" by "nova.context.set_target_cell..get_or_set_cached_cell_and_set_connections" :: held 0.004s {{(pid=107553) inner /opt/stack/data/venv/lib/python3.12/site-packages/oslo_concurrency/lockutils.py:538}}
Apr 02 13:05:41.284670 np0000162944 devstack@n-api-meta.service[107553]: INFO dbcounter [None req-562bb065-9d9d-45c6-8bd8-d5556a9e9c97 None None] Registered counter for database nova_cell1
Apr 02 13:05:41.284742 np0000162944 devstack@n-api-meta.service[107552]: DEBUG oslo_db.sqlalchemy.engines [None req-cccfea58-b57b-4a48-bd53-421606e302b5 None None] MySQL server mode set to STRICT_TRANS_TABLES,STRICT_ALL_TABLES,NO_ZERO_IN_DATE,NO_ZERO_DATE,ERROR_FOR_DIVISION_BY_ZERO,TRADITIONAL,NO_ENGINE_SUBSTITUTION {{(pid=107552) _check_effective_sql_mode /opt/stack/data/venv/lib/python3.12/site-packages/oslo_db/sqlalchemy/engines.py:325}}
Apr 02 13:05:41.295349 np0000162944 devstack@n-api-meta.service[107553]: DEBUG oslo_db.sqlalchemy.engines [None req-562bb065-9d9d-45c6-8bd8-d5556a9e9c97 None None] MySQL server mode set to STRICT_TRANS_TABLES,STRICT_ALL_TABLES,NO_ZERO_IN_DATE,NO_ZERO_DATE,ERROR_FOR_DIVISION_BY_ZERO,TRADITIONAL,NO_ENGINE_SUBSTITUTION {{(pid=107553) _check_effective_sql_mode /opt/stack/data/venv/lib/python3.12/site-packages/oslo_db/sqlalchemy/engines.py:325}}
Apr 02 13:05:41.301416 np0000162944 devstack@n-api-meta.service[107553]: DEBUG oslo_db.sqlalchemy.engines [None req-562bb065-9d9d-45c6-8bd8-d5556a9e9c97 None None] MySQL server mode set to STRICT_TRANS_TABLES,STRICT_ALL_TABLES,NO_ZERO_IN_DATE,NO_ZERO_DATE,ERROR_FOR_DIVISION_BY_ZERO,TRADITIONAL,NO_ENGINE_SUBSTITUTION {{(pid=107553) _check_effective_sql_mode /opt/stack/data/venv/lib/python3.12/site-packages/oslo_db/sqlalchemy/engines.py:325}}
Apr 02 13:05:41.301990 np0000162944 devstack@n-api-meta.service[107551]: DEBUG dbcounter [-] [107551] Writer thread running {{(pid=107551) stat_writer /opt/stack/data/venv/lib/python3.12/site-packages/dbcounter.py:102}}
Apr 02 13:05:41.304301 np0000162944 devstack@n-api-meta.service[107551]: DEBUG nova.context [None req-da438ac9-aec5-4adf-942a-54f6f96ee477 None None] Found 2 cells: 00000000-0000-0000-0000-000000000000(cell0),9100c218-56bd-4cca-a1bd-d01fc32334f3(cell1) {{(pid=107551) load_cells /opt/stack/nova/nova/context.py:509}}
Apr 02 13:05:41.306655 np0000162944 devstack@n-api-meta.service[107551]: INFO nova.utils [None req-da438ac9-aec5-4adf-942a-54f6f96ee477 None None] The cell worker thread pool MainProcess.cell_worker is initialized
Apr 02 13:05:41.306655 np0000162944 devstack@n-api-meta.service[107551]: DEBUG oslo_concurrency.lockutils [None req-da438ac9-aec5-4adf-942a-54f6f96ee477 None None] Acquiring lock "00000000-0000-0000-0000-000000000000" by "nova.context.set_target_cell..get_or_set_cached_cell_and_set_connections" {{(pid=107551) inner /opt/stack/data/venv/lib/python3.12/site-packages/oslo_concurrency/lockutils.py:506}}
Apr 02 13:05:41.306655 np0000162944 devstack@n-api-meta.service[107551]: DEBUG oslo_concurrency.lockutils [None req-da438ac9-aec5-4adf-942a-54f6f96ee477 None None] Lock "00000000-0000-0000-0000-000000000000" acquired by "nova.context.set_target_cell..get_or_set_cached_cell_and_set_connections" :: waited 0.000s {{(pid=107551) inner /opt/stack/data/venv/lib/python3.12/site-packages/oslo_concurrency/lockutils.py:519}}
Apr 02 13:05:41.306832 np0000162944 devstack@n-api-meta.service[107551]: DEBUG oslo_concurrency.lockutils [None req-da438ac9-aec5-4adf-942a-54f6f96ee477 None None] Lock "00000000-0000-0000-0000-000000000000" "released" by "nova.context.set_target_cell..get_or_set_cached_cell_and_set_connections" :: held 0.000s {{(pid=107551) inner /opt/stack/data/venv/lib/python3.12/site-packages/oslo_concurrency/lockutils.py:538}}
Apr 02 13:05:41.307483 np0000162944 devstack@n-api-meta.service[107551]: DEBUG oslo_concurrency.lockutils [None req-da438ac9-aec5-4adf-942a-54f6f96ee477 None None] Acquiring lock "9100c218-56bd-4cca-a1bd-d01fc32334f3" by "nova.context.set_target_cell..get_or_set_cached_cell_and_set_connections" {{(pid=107551) inner /opt/stack/data/venv/lib/python3.12/site-packages/oslo_concurrency/lockutils.py:506}}
Apr 02 13:05:41.307618 np0000162944 devstack@n-api-meta.service[107551]: DEBUG oslo_concurrency.lockutils [None req-da438ac9-aec5-4adf-942a-54f6f96ee477 None None] Lock "9100c218-56bd-4cca-a1bd-d01fc32334f3" acquired by "nova.context.set_target_cell..get_or_set_cached_cell_and_set_connections" :: waited 0.000s {{(pid=107551) inner /opt/stack/data/venv/lib/python3.12/site-packages/oslo_concurrency/lockutils.py:519}}
Apr 02 13:05:41.308455 np0000162944 devstack@n-api-meta.service[107551]: DEBUG oslo_concurrency.lockutils [None req-da438ac9-aec5-4adf-942a-54f6f96ee477 None None] Lock "9100c218-56bd-4cca-a1bd-d01fc32334f3" "released" by "nova.context.set_target_cell..get_or_set_cached_cell_and_set_connections" :: held 0.001s {{(pid=107551) inner /opt/stack/data/venv/lib/python3.12/site-packages/oslo_concurrency/lockutils.py:538}}
Apr 02 13:05:41.310963 np0000162944 devstack@n-api-meta.service[107551]: INFO dbcounter [None req-da438ac9-aec5-4adf-942a-54f6f96ee477 None None] Registered counter for database nova_cell0
Apr 02 13:05:41.316278 np0000162944 devstack@n-api-meta.service[107551]: INFO dbcounter [None req-da438ac9-aec5-4adf-942a-54f6f96ee477 None None] Registered counter for database nova_cell1
Apr 02 13:05:41.316960 np0000162944 devstack@n-api-meta.service[107550]: INFO dbcounter [None req-65108bf3-2251-482a-9362-b6a1e0ecabd2 None None] Registered counter for database nova_api
Apr 02 13:05:41.326860 np0000162944 devstack@n-api-meta.service[107551]: DEBUG oslo_db.sqlalchemy.engines [None req-da438ac9-aec5-4adf-942a-54f6f96ee477 None None] MySQL server mode set to STRICT_TRANS_TABLES,STRICT_ALL_TABLES,NO_ZERO_IN_DATE,NO_ZERO_DATE,ERROR_FOR_DIVISION_BY_ZERO,TRADITIONAL,NO_ENGINE_SUBSTITUTION {{(pid=107551) _check_effective_sql_mode /opt/stack/data/venv/lib/python3.12/site-packages/oslo_db/sqlalchemy/engines.py:325}}
Apr 02 13:05:41.332782 np0000162944 devstack@n-api-meta.service[107551]: DEBUG oslo_db.sqlalchemy.engines [None req-da438ac9-aec5-4adf-942a-54f6f96ee477 None None] MySQL server mode set to STRICT_TRANS_TABLES,STRICT_ALL_TABLES,NO_ZERO_IN_DATE,NO_ZERO_DATE,ERROR_FOR_DIVISION_BY_ZERO,TRADITIONAL,NO_ENGINE_SUBSTITUTION {{(pid=107551) _check_effective_sql_mode /opt/stack/data/venv/lib/python3.12/site-packages/oslo_db/sqlalchemy/engines.py:325}}
Apr 02 13:05:41.337269 np0000162944 devstack@n-api-meta.service[107550]: DEBUG oslo_db.sqlalchemy.engines [None req-65108bf3-2251-482a-9362-b6a1e0ecabd2 None None] MySQL server mode set to STRICT_TRANS_TABLES,STRICT_ALL_TABLES,NO_ZERO_IN_DATE,NO_ZERO_DATE,ERROR_FOR_DIVISION_BY_ZERO,TRADITIONAL,NO_ENGINE_SUBSTITUTION {{(pid=107550) _check_effective_sql_mode /opt/stack/data/venv/lib/python3.12/site-packages/oslo_db/sqlalchemy/engines.py:325}}
Apr 02 13:05:41.367636 np0000162944 devstack@n-api-meta.service[107552]: DEBUG dbcounter [-] [107552] Writer thread running {{(pid=107552) stat_writer /opt/stack/data/venv/lib/python3.12/site-packages/dbcounter.py:102}}
Apr 02 13:05:41.368343 np0000162944 devstack@n-api-meta.service[107552]: DEBUG dbcounter [-] [107552] Writer thread running {{(pid=107552) stat_writer /opt/stack/data/venv/lib/python3.12/site-packages/dbcounter.py:102}}
Apr 02 13:05:41.372004 np0000162944 devstack@n-api-meta.service[107552]: INFO dbcounter [None req-cccfea58-b57b-4a48-bd53-421606e302b5 None None] Registered counter for database nova_cell0
Apr 02 13:05:41.372388 np0000162944 devstack@n-api-meta.service[107550]: DEBUG dbcounter [-] [107550] Writer thread running {{(pid=107550) stat_writer /opt/stack/data/venv/lib/python3.12/site-packages/dbcounter.py:102}}
Apr 02 13:05:41.375969 np0000162944 devstack@n-api-meta.service[107550]: DEBUG nova.context [None req-65108bf3-2251-482a-9362-b6a1e0ecabd2 None None] Found 2 cells: 00000000-0000-0000-0000-000000000000(cell0),9100c218-56bd-4cca-a1bd-d01fc32334f3(cell1) {{(pid=107550) load_cells /opt/stack/nova/nova/context.py:509}}
Apr 02 13:05:41.376876 np0000162944 devstack@n-api-meta.service[107550]: INFO nova.utils [None req-65108bf3-2251-482a-9362-b6a1e0ecabd2 None None] The cell worker thread pool MainProcess.cell_worker is initialized
Apr 02 13:05:41.378880 np0000162944 devstack@n-api-meta.service[107550]: DEBUG oslo_concurrency.lockutils [None req-65108bf3-2251-482a-9362-b6a1e0ecabd2 None None] Acquiring lock "00000000-0000-0000-0000-000000000000" by "nova.context.set_target_cell..get_or_set_cached_cell_and_set_connections" {{(pid=107550) inner /opt/stack/data/venv/lib/python3.12/site-packages/oslo_concurrency/lockutils.py:506}}
Apr 02 13:05:41.379102 np0000162944 devstack@n-api-meta.service[107550]: DEBUG oslo_concurrency.lockutils [None req-65108bf3-2251-482a-9362-b6a1e0ecabd2 None None] Lock "00000000-0000-0000-0000-000000000000" acquired by "nova.context.set_target_cell..get_or_set_cached_cell_and_set_connections" :: waited 0.000s {{(pid=107550) inner /opt/stack/data/venv/lib/python3.12/site-packages/oslo_concurrency/lockutils.py:519}}
Apr 02 13:05:41.379495 np0000162944 devstack@n-api-meta.service[107552]: DEBUG oslo_db.sqlalchemy.engines [None req-cccfea58-b57b-4a48-bd53-421606e302b5 None None] MySQL server mode set to STRICT_TRANS_TABLES,STRICT_ALL_TABLES,NO_ZERO_IN_DATE,NO_ZERO_DATE,ERROR_FOR_DIVISION_BY_ZERO,TRADITIONAL,NO_ENGINE_SUBSTITUTION {{(pid=107552) _check_effective_sql_mode /opt/stack/data/venv/lib/python3.12/site-packages/oslo_db/sqlalchemy/engines.py:325}}
Apr 02 13:05:41.379589 np0000162944 devstack@n-api-meta.service[107550]: DEBUG oslo_concurrency.lockutils [None req-65108bf3-2251-482a-9362-b6a1e0ecabd2 None None] Lock "00000000-0000-0000-0000-000000000000" "released" by "nova.context.set_target_cell..get_or_set_cached_cell_and_set_connections" :: held 0.000s {{(pid=107550) inner /opt/stack/data/venv/lib/python3.12/site-packages/oslo_concurrency/lockutils.py:538}}
Apr 02 13:05:41.380468 np0000162944 devstack@n-api-meta.service[107550]: DEBUG oslo_concurrency.lockutils [None req-65108bf3-2251-482a-9362-b6a1e0ecabd2 None None] Acquiring lock "9100c218-56bd-4cca-a1bd-d01fc32334f3" by "nova.context.set_target_cell..get_or_set_cached_cell_and_set_connections" {{(pid=107550) inner /opt/stack/data/venv/lib/python3.12/site-packages/oslo_concurrency/lockutils.py:506}}
Apr 02 13:05:41.380677 np0000162944 devstack@n-api-meta.service[107550]: DEBUG oslo_concurrency.lockutils [None req-65108bf3-2251-482a-9362-b6a1e0ecabd2 None None] Lock "9100c218-56bd-4cca-a1bd-d01fc32334f3" acquired by "nova.context.set_target_cell..get_or_set_cached_cell_and_set_connections" :: waited 0.000s {{(pid=107550) inner /opt/stack/data/venv/lib/python3.12/site-packages/oslo_concurrency/lockutils.py:519}}
Apr 02 13:05:41.381925 np0000162944 devstack@n-api-meta.service[107550]: DEBUG oslo_concurrency.lockutils [None req-65108bf3-2251-482a-9362-b6a1e0ecabd2 None None] Lock "9100c218-56bd-4cca-a1bd-d01fc32334f3" "released" by "nova.context.set_target_cell..get_or_set_cached_cell_and_set_connections" :: held 0.001s {{(pid=107550) inner /opt/stack/data/venv/lib/python3.12/site-packages/oslo_concurrency/lockutils.py:538}}
Apr 02 13:05:41.385097 np0000162944 devstack@n-api-meta.service[107550]: INFO dbcounter [None req-65108bf3-2251-482a-9362-b6a1e0ecabd2 None None] Registered counter for database nova_cell0
Apr 02 13:05:41.387605 np0000162944 devstack@n-api-meta.service[107553]: DEBUG dbcounter [-] [107553] Writer thread running {{(pid=107553) stat_writer /opt/stack/data/venv/lib/python3.12/site-packages/dbcounter.py:102}}
Apr 02 13:05:41.388236 np0000162944 devstack@n-api-meta.service[107552]: DEBUG dbcounter [-] [107552] Writer thread running {{(pid=107552) stat_writer /opt/stack/data/venv/lib/python3.12/site-packages/dbcounter.py:102}}
Apr 02 13:05:41.390459 np0000162944 devstack@n-api-meta.service[107550]: INFO dbcounter [None req-65108bf3-2251-482a-9362-b6a1e0ecabd2 None None] Registered counter for database nova_cell1
Apr 02 13:05:41.394992 np0000162944 devstack@n-api-meta.service[107553]: DEBUG dbcounter [-] [107553] Writer thread running {{(pid=107553) stat_writer /opt/stack/data/venv/lib/python3.12/site-packages/dbcounter.py:102}}
Apr 02 13:05:41.400614 np0000162944 devstack@n-api-meta.service[107550]: DEBUG oslo_db.sqlalchemy.engines [None req-65108bf3-2251-482a-9362-b6a1e0ecabd2 None None] MySQL server mode set to STRICT_TRANS_TABLES,STRICT_ALL_TABLES,NO_ZERO_IN_DATE,NO_ZERO_DATE,ERROR_FOR_DIVISION_BY_ZERO,TRADITIONAL,NO_ENGINE_SUBSTITUTION {{(pid=107550) _check_effective_sql_mode /opt/stack/data/venv/lib/python3.12/site-packages/oslo_db/sqlalchemy/engines.py:325}}
Apr 02 13:05:41.402685 np0000162944 devstack@n-api-meta.service[107553]: INFO dbcounter [None req-562bb065-9d9d-45c6-8bd8-d5556a9e9c97 None None] Registered counter for database nova_cell0
Apr 02 13:05:41.416733 np0000162944 devstack@n-api-meta.service[107553]: DEBUG oslo_db.sqlalchemy.engines [None req-562bb065-9d9d-45c6-8bd8-d5556a9e9c97 None None] MySQL server mode set to STRICT_TRANS_TABLES,STRICT_ALL_TABLES,NO_ZERO_IN_DATE,NO_ZERO_DATE,ERROR_FOR_DIVISION_BY_ZERO,TRADITIONAL,NO_ENGINE_SUBSTITUTION {{(pid=107553) _check_effective_sql_mode /opt/stack/data/venv/lib/python3.12/site-packages/oslo_db/sqlalchemy/engines.py:325}}
Apr 02 13:05:41.417654 np0000162944 devstack@n-api-meta.service[107550]: DEBUG oslo_db.sqlalchemy.engines [None req-65108bf3-2251-482a-9362-b6a1e0ecabd2 None None] MySQL server mode set to STRICT_TRANS_TABLES,STRICT_ALL_TABLES,NO_ZERO_IN_DATE,NO_ZERO_DATE,ERROR_FOR_DIVISION_BY_ZERO,TRADITIONAL,NO_ENGINE_SUBSTITUTION {{(pid=107550) _check_effective_sql_mode /opt/stack/data/venv/lib/python3.12/site-packages/oslo_db/sqlalchemy/engines.py:325}}
Apr 02 13:05:41.422138 np0000162944 devstack@n-api-meta.service[107551]: DEBUG dbcounter [-] [107551] Writer thread running {{(pid=107551) stat_writer /opt/stack/data/venv/lib/python3.12/site-packages/dbcounter.py:102}}
Apr 02 13:05:41.423596 np0000162944 devstack@n-api-meta.service[107553]: DEBUG dbcounter [-] [107553] Writer thread running {{(pid=107553) stat_writer /opt/stack/data/venv/lib/python3.12/site-packages/dbcounter.py:102}}
Apr 02 13:05:41.428197 np0000162944 devstack@n-api-meta.service[107551]: DEBUG dbcounter [-] [107551] Writer thread running {{(pid=107551) stat_writer /opt/stack/data/venv/lib/python3.12/site-packages/dbcounter.py:102}}
Apr 02 13:05:41.432548 np0000162944 devstack@n-api-meta.service[107551]: INFO dbcounter [None req-da438ac9-aec5-4adf-942a-54f6f96ee477 None None] Registered counter for database nova_cell0
Apr 02 13:05:41.437426 np0000162944 devstack@n-api-meta.service[107552]: WARNING nova.api.metadata.handler [None req-cccfea58-b57b-4a48-bd53-421606e302b5 None None] metadata_proxy_shared_secret is not configured, the metadata information returned by the proxy cannot be trusted
Apr 02 13:05:41.439777 np0000162944 devstack@n-api-meta.service[107552]: DEBUG nova.api.openstack.wsgi_app [None req-cccfea58-b57b-4a48-bd53-421606e302b5 None None] ******************************************************************************** {{(pid=107552) log_opt_values /opt/stack/data/venv/lib/python3.12/site-packages/oslo_config/cfg.py:2979}}
Apr 02 13:05:41.439909 np0000162944 devstack@n-api-meta.service[107552]: DEBUG nova.api.openstack.wsgi_app [None req-cccfea58-b57b-4a48-bd53-421606e302b5 None None] Configuration options gathered from: {{(pid=107552) log_opt_values /opt/stack/data/venv/lib/python3.12/site-packages/oslo_config/cfg.py:2980}}
Apr 02 13:05:41.440019 np0000162944 devstack@n-api-meta.service[107552]: DEBUG nova.api.openstack.wsgi_app [None req-cccfea58-b57b-4a48-bd53-421606e302b5 None None] command line args: [] {{(pid=107552) log_opt_values /opt/stack/data/venv/lib/python3.12/site-packages/oslo_config/cfg.py:2981}}
Apr 02 13:05:41.440188 np0000162944 devstack@n-api-meta.service[107552]: DEBUG nova.api.openstack.wsgi_app [None req-cccfea58-b57b-4a48-bd53-421606e302b5 None None] config files: ['/etc/nova/api-paste.ini', '/etc/nova/nova.conf'] {{(pid=107552) log_opt_values /opt/stack/data/venv/lib/python3.12/site-packages/oslo_config/cfg.py:2982}}
Apr 02 13:05:41.440276 np0000162944 devstack@n-api-meta.service[107552]: DEBUG nova.api.openstack.wsgi_app [None req-cccfea58-b57b-4a48-bd53-421606e302b5 None None] ================================================================================ {{(pid=107552) log_opt_values /opt/stack/data/venv/lib/python3.12/site-packages/oslo_config/cfg.py:2987}}
Apr 02 13:05:41.440473 np0000162944 devstack@n-api-meta.service[107552]: DEBUG nova.api.openstack.wsgi_app [None req-cccfea58-b57b-4a48-bd53-421606e302b5 None None] allow_resize_to_same_host = True {{(pid=107552) log_opt_values /opt/stack/data/venv/lib/python3.12/site-packages/oslo_config/cfg.py:2995}}
Apr 02 13:05:41.440600 np0000162944 devstack@n-api-meta.service[107552]: DEBUG nova.api.openstack.wsgi_app [None req-cccfea58-b57b-4a48-bd53-421606e302b5 None None] arq_binding_timeout = 300 {{(pid=107552) log_opt_values /opt/stack/data/venv/lib/python3.12/site-packages/oslo_config/cfg.py:2995}}
Apr 02 13:05:41.440774 np0000162944 devstack@n-api-meta.service[107552]: DEBUG nova.api.openstack.wsgi_app [None req-cccfea58-b57b-4a48-bd53-421606e302b5 None None] block_device_allocate_retries = 60 {{(pid=107552) log_opt_values /opt/stack/data/venv/lib/python3.12/site-packages/oslo_config/cfg.py:2995}}
Apr 02 13:05:41.440881 np0000162944 devstack@n-api-meta.service[107552]: DEBUG nova.api.openstack.wsgi_app [None req-cccfea58-b57b-4a48-bd53-421606e302b5 None None] block_device_allocate_retries_interval = 3 {{(pid=107552) log_opt_values /opt/stack/data/venv/lib/python3.12/site-packages/oslo_config/cfg.py:2995}}
Apr 02 13:05:41.441018 np0000162944 devstack@n-api-meta.service[107552]: DEBUG nova.api.openstack.wsgi_app [None req-cccfea58-b57b-4a48-bd53-421606e302b5 None None] cell_worker_thread_pool_size = 5 {{(pid=107552) log_opt_values /opt/stack/data/venv/lib/python3.12/site-packages/oslo_config/cfg.py:2995}}
Apr 02 13:05:41.441155 np0000162944 devstack@n-api-meta.service[107552]: DEBUG nova.api.openstack.wsgi_app [None req-cccfea58-b57b-4a48-bd53-421606e302b5 None None] cert = self.pem {{(pid=107552) log_opt_values /opt/stack/data/venv/lib/python3.12/site-packages/oslo_config/cfg.py:2995}}
Apr 02 13:05:41.441301 np0000162944 devstack@n-api-meta.service[107552]: DEBUG nova.api.openstack.wsgi_app [None req-cccfea58-b57b-4a48-bd53-421606e302b5 None None] compute_driver = libvirt.LibvirtDriver {{(pid=107552) log_opt_values /opt/stack/data/venv/lib/python3.12/site-packages/oslo_config/cfg.py:2995}}
Apr 02 13:05:41.441436 np0000162944 devstack@n-api-meta.service[107552]: DEBUG nova.api.openstack.wsgi_app [None req-cccfea58-b57b-4a48-bd53-421606e302b5 None None] compute_monitors = [] {{(pid=107552) log_opt_values /opt/stack/data/venv/lib/python3.12/site-packages/oslo_config/cfg.py:2995}}
Apr 02 13:05:41.441587 np0000162944 devstack@n-api-meta.service[107552]: DEBUG nova.api.openstack.wsgi_app [None req-cccfea58-b57b-4a48-bd53-421606e302b5 None None] config_dir = [] {{(pid=107552) log_opt_values /opt/stack/data/venv/lib/python3.12/site-packages/oslo_config/cfg.py:2995}}
Apr 02 13:05:41.441724 np0000162944 devstack@n-api-meta.service[107552]: DEBUG nova.api.openstack.wsgi_app [None req-cccfea58-b57b-4a48-bd53-421606e302b5 None None] config_drive_format = iso9660 {{(pid=107552) log_opt_values /opt/stack/data/venv/lib/python3.12/site-packages/oslo_config/cfg.py:2995}}
Apr 02 13:05:41.441849 np0000162944 devstack@n-api-meta.service[107552]: DEBUG nova.api.openstack.wsgi_app [None req-cccfea58-b57b-4a48-bd53-421606e302b5 None None] config_file = ['/etc/nova/api-paste.ini', '/etc/nova/nova.conf'] {{(pid=107552) log_opt_values /opt/stack/data/venv/lib/python3.12/site-packages/oslo_config/cfg.py:2995}}
Apr 02 13:05:41.441984 np0000162944 devstack@n-api-meta.service[107552]: DEBUG nova.api.openstack.wsgi_app [None req-cccfea58-b57b-4a48-bd53-421606e302b5 None None] config_source = [] {{(pid=107552) log_opt_values /opt/stack/data/venv/lib/python3.12/site-packages/oslo_config/cfg.py:2995}}
Apr 02 13:05:41.442118 np0000162944 devstack@n-api-meta.service[107552]: DEBUG nova.api.openstack.wsgi_app [None req-cccfea58-b57b-4a48-bd53-421606e302b5 None None] console_host = np0000162944 {{(pid=107552) log_opt_values /opt/stack/data/venv/lib/python3.12/site-packages/oslo_config/cfg.py:2995}}
Apr 02 13:05:41.442271 np0000162944 devstack@n-api-meta.service[107552]: DEBUG nova.api.openstack.wsgi_app [None req-cccfea58-b57b-4a48-bd53-421606e302b5 None None] control_exchange = nova {{(pid=107552) log_opt_values /opt/stack/data/venv/lib/python3.12/site-packages/oslo_config/cfg.py:2995}}
Apr 02 13:05:41.442404 np0000162944 devstack@n-api-meta.service[107552]: DEBUG nova.api.openstack.wsgi_app [None req-cccfea58-b57b-4a48-bd53-421606e302b5 None None] cpu_allocation_ratio = None {{(pid=107552) log_opt_values /opt/stack/data/venv/lib/python3.12/site-packages/oslo_config/cfg.py:2995}}
Apr 02 13:05:41.442532 np0000162944 devstack@n-api-meta.service[107552]: DEBUG nova.api.openstack.wsgi_app [None req-cccfea58-b57b-4a48-bd53-421606e302b5 None None] daemon = False {{(pid=107552) log_opt_values /opt/stack/data/venv/lib/python3.12/site-packages/oslo_config/cfg.py:2995}}
Apr 02 13:05:41.442665 np0000162944 devstack@n-api-meta.service[107552]: DEBUG nova.api.openstack.wsgi_app [None req-cccfea58-b57b-4a48-bd53-421606e302b5 None None] debug = True {{(pid=107552) log_opt_values /opt/stack/data/venv/lib/python3.12/site-packages/oslo_config/cfg.py:2995}}
Apr 02 13:05:41.442854 np0000162944 devstack@n-api-meta.service[107552]: DEBUG nova.api.openstack.wsgi_app [None req-cccfea58-b57b-4a48-bd53-421606e302b5 None None] default_access_ip_network_name = None {{(pid=107552) log_opt_values /opt/stack/data/venv/lib/python3.12/site-packages/oslo_config/cfg.py:2995}}
Apr 02 13:05:41.443023 np0000162944 devstack@n-api-meta.service[107552]: DEBUG nova.api.openstack.wsgi_app [None req-cccfea58-b57b-4a48-bd53-421606e302b5 None None] default_availability_zone = nova {{(pid=107552) log_opt_values /opt/stack/data/venv/lib/python3.12/site-packages/oslo_config/cfg.py:2995}}
Apr 02 13:05:41.443167 np0000162944 devstack@n-api-meta.service[107552]: DEBUG nova.api.openstack.wsgi_app [None req-cccfea58-b57b-4a48-bd53-421606e302b5 None None] default_ephemeral_format = ext4 {{(pid=107552) log_opt_values /opt/stack/data/venv/lib/python3.12/site-packages/oslo_config/cfg.py:2995}}
Apr 02 13:05:41.443393 np0000162944 devstack@n-api-meta.service[107552]: DEBUG nova.api.openstack.wsgi_app [None req-cccfea58-b57b-4a48-bd53-421606e302b5 None None] default_green_pool_size = 1000 {{(pid=107552) log_opt_values /opt/stack/data/venv/lib/python3.12/site-packages/oslo_config/cfg.py:2995}}
Apr 02 13:05:41.443524 np0000162944 devstack@n-api-meta.service[107552]: DEBUG nova.api.openstack.wsgi_app [None req-cccfea58-b57b-4a48-bd53-421606e302b5 None None] default_log_levels = ['amqp=WARN', 'boto=WARN', 'sqlalchemy=WARN', 'suds=INFO', 'oslo.messaging=INFO', 'oslo_messaging=INFO', 'iso8601=WARN', 'requests.packages.urllib3.connectionpool=WARN', 'urllib3.connectionpool=WARN', 'websocket=WARN', 'requests.packages.urllib3.util.retry=WARN', 'urllib3.util.retry=WARN', 'keystonemiddleware=WARN', 'routes.middleware=WARN', 'stevedore=WARN', 'taskflow=WARN', 'keystoneauth=WARN', 'oslo.cache=INFO', 'oslo_policy=INFO', 'dogpile.core.dogpile=INFO', 'glanceclient=WARN', 'oslo.privsep.daemon=INFO'] {{(pid=107552) log_opt_values /opt/stack/data/venv/lib/python3.12/site-packages/oslo_config/cfg.py:2995}}
Apr 02 13:05:41.443672 np0000162944 devstack@n-api-meta.service[107552]: DEBUG nova.api.openstack.wsgi_app [None req-cccfea58-b57b-4a48-bd53-421606e302b5 None None] default_schedule_zone = None {{(pid=107552) log_opt_values /opt/stack/data/venv/lib/python3.12/site-packages/oslo_config/cfg.py:2995}}
Apr 02 13:05:41.443815 np0000162944 devstack@n-api-meta.service[107552]: DEBUG nova.api.openstack.wsgi_app [None req-cccfea58-b57b-4a48-bd53-421606e302b5 None None] default_thread_pool_size = 10 {{(pid=107552) log_opt_values /opt/stack/data/venv/lib/python3.12/site-packages/oslo_config/cfg.py:2995}}
Apr 02 13:05:41.443945 np0000162944 devstack@n-api-meta.service[107552]: DEBUG nova.api.openstack.wsgi_app [None req-cccfea58-b57b-4a48-bd53-421606e302b5 None None] disk_allocation_ratio = None {{(pid=107552) log_opt_values /opt/stack/data/venv/lib/python3.12/site-packages/oslo_config/cfg.py:2995}}
Apr 02 13:05:41.444073 np0000162944 devstack@n-api-meta.service[107552]: DEBUG nova.api.openstack.wsgi_app [None req-cccfea58-b57b-4a48-bd53-421606e302b5 None None] enable_new_services = True {{(pid=107552) log_opt_values /opt/stack/data/venv/lib/python3.12/site-packages/oslo_config/cfg.py:2995}}
Apr 02 13:05:41.444312 np0000162944 devstack@n-api-meta.service[107552]: DEBUG nova.api.openstack.wsgi_app [None req-cccfea58-b57b-4a48-bd53-421606e302b5 None None] flat_injected = False {{(pid=107552) log_opt_values /opt/stack/data/venv/lib/python3.12/site-packages/oslo_config/cfg.py:2995}}
Apr 02 13:05:41.444438 np0000162944 devstack@n-api-meta.service[107552]: DEBUG nova.api.openstack.wsgi_app [None req-cccfea58-b57b-4a48-bd53-421606e302b5 None None] force_config_drive = False {{(pid=107552) log_opt_values /opt/stack/data/venv/lib/python3.12/site-packages/oslo_config/cfg.py:2995}}
Apr 02 13:05:41.444570 np0000162944 devstack@n-api-meta.service[107552]: DEBUG nova.api.openstack.wsgi_app [None req-cccfea58-b57b-4a48-bd53-421606e302b5 None None] force_raw_images = True {{(pid=107552) log_opt_values /opt/stack/data/venv/lib/python3.12/site-packages/oslo_config/cfg.py:2995}}
Apr 02 13:05:41.444711 np0000162944 devstack@n-api-meta.service[107552]: DEBUG nova.api.openstack.wsgi_app [None req-cccfea58-b57b-4a48-bd53-421606e302b5 None None] graceful_shutdown_timeout = 5 {{(pid=107552) log_opt_values /opt/stack/data/venv/lib/python3.12/site-packages/oslo_config/cfg.py:2995}}
Apr 02 13:05:41.444862 np0000162944 devstack@n-api-meta.service[107552]: DEBUG nova.api.openstack.wsgi_app [None req-cccfea58-b57b-4a48-bd53-421606e302b5 None None] heal_instance_info_cache_interval = -1 {{(pid=107552) log_opt_values /opt/stack/data/venv/lib/python3.12/site-packages/oslo_config/cfg.py:2995}}
Apr 02 13:05:41.444929 np0000162944 devstack@n-api-meta.service[107551]: DEBUG oslo_db.sqlalchemy.engines [None req-da438ac9-aec5-4adf-942a-54f6f96ee477 None None] MySQL server mode set to STRICT_TRANS_TABLES,STRICT_ALL_TABLES,NO_ZERO_IN_DATE,NO_ZERO_DATE,ERROR_FOR_DIVISION_BY_ZERO,TRADITIONAL,NO_ENGINE_SUBSTITUTION {{(pid=107551) _check_effective_sql_mode /opt/stack/data/venv/lib/python3.12/site-packages/oslo_db/sqlalchemy/engines.py:325}}
Apr 02 13:05:41.445038 np0000162944 devstack@n-api-meta.service[107552]: DEBUG nova.api.openstack.wsgi_app [None req-cccfea58-b57b-4a48-bd53-421606e302b5 None None] host = np0000162944 {{(pid=107552) log_opt_values /opt/stack/data/venv/lib/python3.12/site-packages/oslo_config/cfg.py:2995}}
Apr 02 13:05:41.445174 np0000162944 devstack@n-api-meta.service[107552]: DEBUG nova.api.openstack.wsgi_app [None req-cccfea58-b57b-4a48-bd53-421606e302b5 None None] initial_cpu_allocation_ratio = 4.0 {{(pid=107552) log_opt_values /opt/stack/data/venv/lib/python3.12/site-packages/oslo_config/cfg.py:2995}}
Apr 02 13:05:41.445325 np0000162944 devstack@n-api-meta.service[107552]: DEBUG nova.api.openstack.wsgi_app [None req-cccfea58-b57b-4a48-bd53-421606e302b5 None None] initial_disk_allocation_ratio = 1.0 {{(pid=107552) log_opt_values /opt/stack/data/venv/lib/python3.12/site-packages/oslo_config/cfg.py:2995}}
Apr 02 13:05:41.445462 np0000162944 devstack@n-api-meta.service[107552]: DEBUG nova.api.openstack.wsgi_app [None req-cccfea58-b57b-4a48-bd53-421606e302b5 None None] initial_ram_allocation_ratio = 1.0 {{(pid=107552) log_opt_values /opt/stack/data/venv/lib/python3.12/site-packages/oslo_config/cfg.py:2995}}
Apr 02 13:05:41.445674 np0000162944 devstack@n-api-meta.service[107552]: DEBUG nova.api.openstack.wsgi_app [None req-cccfea58-b57b-4a48-bd53-421606e302b5 None None] injected_network_template = /opt/stack/nova/nova/virt/interfaces.template {{(pid=107552) log_opt_values /opt/stack/data/venv/lib/python3.12/site-packages/oslo_config/cfg.py:2995}}
Apr 02 13:05:41.445825 np0000162944 devstack@n-api-meta.service[107552]: DEBUG nova.api.openstack.wsgi_app [None req-cccfea58-b57b-4a48-bd53-421606e302b5 None None] instance_build_timeout = 0 {{(pid=107552) log_opt_values /opt/stack/data/venv/lib/python3.12/site-packages/oslo_config/cfg.py:2995}}
Apr 02 13:05:41.445956 np0000162944 devstack@n-api-meta.service[107552]: DEBUG nova.api.openstack.wsgi_app [None req-cccfea58-b57b-4a48-bd53-421606e302b5 None None] instance_delete_interval = 300 {{(pid=107552) log_opt_values /opt/stack/data/venv/lib/python3.12/site-packages/oslo_config/cfg.py:2995}}
Apr 02 13:05:41.446091 np0000162944 devstack@n-api-meta.service[107552]: DEBUG nova.api.openstack.wsgi_app [None req-cccfea58-b57b-4a48-bd53-421606e302b5 None None] instance_format = [instance: %(uuid)s] {{(pid=107552) log_opt_values /opt/stack/data/venv/lib/python3.12/site-packages/oslo_config/cfg.py:2995}}
Apr 02 13:05:41.446231 np0000162944 devstack@n-api-meta.service[107552]: DEBUG nova.api.openstack.wsgi_app [None req-cccfea58-b57b-4a48-bd53-421606e302b5 None None] instance_name_template = instance-%08x {{(pid=107552) log_opt_values /opt/stack/data/venv/lib/python3.12/site-packages/oslo_config/cfg.py:2995}}
Apr 02 13:05:41.446366 np0000162944 devstack@n-api-meta.service[107552]: DEBUG nova.api.openstack.wsgi_app [None req-cccfea58-b57b-4a48-bd53-421606e302b5 None None] instance_usage_audit = False {{(pid=107552) log_opt_values /opt/stack/data/venv/lib/python3.12/site-packages/oslo_config/cfg.py:2995}}
Apr 02 13:05:41.446503 np0000162944 devstack@n-api-meta.service[107552]: DEBUG nova.api.openstack.wsgi_app [None req-cccfea58-b57b-4a48-bd53-421606e302b5 None None] instance_usage_audit_period = month {{(pid=107552) log_opt_values /opt/stack/data/venv/lib/python3.12/site-packages/oslo_config/cfg.py:2995}}
Apr 02 13:05:41.446638 np0000162944 devstack@n-api-meta.service[107552]: DEBUG nova.api.openstack.wsgi_app [None req-cccfea58-b57b-4a48-bd53-421606e302b5 None None] instance_uuid_format = [instance: %(uuid)s] {{(pid=107552) log_opt_values /opt/stack/data/venv/lib/python3.12/site-packages/oslo_config/cfg.py:2995}}
Apr 02 13:05:41.446788 np0000162944 devstack@n-api-meta.service[107552]: DEBUG nova.api.openstack.wsgi_app [None req-cccfea58-b57b-4a48-bd53-421606e302b5 None None] instances_path = /opt/stack/data/nova/instances {{(pid=107552) log_opt_values /opt/stack/data/venv/lib/python3.12/site-packages/oslo_config/cfg.py:2995}}
Apr 02 13:05:41.446924 np0000162944 devstack@n-api-meta.service[107552]: DEBUG nova.api.openstack.wsgi_app [None req-cccfea58-b57b-4a48-bd53-421606e302b5 None None] internal_service_availability_zone = internal {{(pid=107552) log_opt_values /opt/stack/data/venv/lib/python3.12/site-packages/oslo_config/cfg.py:2995}}
Apr 02 13:05:41.447050 np0000162944 devstack@n-api-meta.service[107552]: DEBUG nova.api.openstack.wsgi_app [None req-cccfea58-b57b-4a48-bd53-421606e302b5 None None] key = None {{(pid=107552) log_opt_values /opt/stack/data/venv/lib/python3.12/site-packages/oslo_config/cfg.py:2995}}
Apr 02 13:05:41.447178 np0000162944 devstack@n-api-meta.service[107552]: DEBUG nova.api.openstack.wsgi_app [None req-cccfea58-b57b-4a48-bd53-421606e302b5 None None] live_migration_retry_count = 30 {{(pid=107552) log_opt_values /opt/stack/data/venv/lib/python3.12/site-packages/oslo_config/cfg.py:2995}}
Apr 02 13:05:41.447326 np0000162944 devstack@n-api-meta.service[107552]: DEBUG nova.api.openstack.wsgi_app [None req-cccfea58-b57b-4a48-bd53-421606e302b5 None None] log_color = False {{(pid=107552) log_opt_values /opt/stack/data/venv/lib/python3.12/site-packages/oslo_config/cfg.py:2995}}
Apr 02 13:05:41.447463 np0000162944 devstack@n-api-meta.service[107552]: DEBUG nova.api.openstack.wsgi_app [None req-cccfea58-b57b-4a48-bd53-421606e302b5 None None] log_config_append = None {{(pid=107552) log_opt_values /opt/stack/data/venv/lib/python3.12/site-packages/oslo_config/cfg.py:2995}}
Apr 02 13:05:41.447598 np0000162944 devstack@n-api-meta.service[107552]: DEBUG nova.api.openstack.wsgi_app [None req-cccfea58-b57b-4a48-bd53-421606e302b5 None None] log_date_format = %Y-%m-%d %H:%M:%S {{(pid=107552) log_opt_values /opt/stack/data/venv/lib/python3.12/site-packages/oslo_config/cfg.py:2995}}
Apr 02 13:05:41.447728 np0000162944 devstack@n-api-meta.service[107552]: DEBUG nova.api.openstack.wsgi_app [None req-cccfea58-b57b-4a48-bd53-421606e302b5 None None] log_dir = None {{(pid=107552) log_opt_values /opt/stack/data/venv/lib/python3.12/site-packages/oslo_config/cfg.py:2995}}
Apr 02 13:05:41.447877 np0000162944 devstack@n-api-meta.service[107552]: DEBUG nova.api.openstack.wsgi_app [None req-cccfea58-b57b-4a48-bd53-421606e302b5 None None] log_file = None {{(pid=107552) log_opt_values /opt/stack/data/venv/lib/python3.12/site-packages/oslo_config/cfg.py:2995}}
Apr 02 13:05:41.447981 np0000162944 devstack@n-api-meta.service[107552]: DEBUG nova.api.openstack.wsgi_app [None req-cccfea58-b57b-4a48-bd53-421606e302b5 None None] log_options = True {{(pid=107552) log_opt_values /opt/stack/data/venv/lib/python3.12/site-packages/oslo_config/cfg.py:2995}}
Apr 02 13:05:41.448112 np0000162944 devstack@n-api-meta.service[107552]: DEBUG nova.api.openstack.wsgi_app [None req-cccfea58-b57b-4a48-bd53-421606e302b5 None None] log_rotate_interval = 1 {{(pid=107552) log_opt_values /opt/stack/data/venv/lib/python3.12/site-packages/oslo_config/cfg.py:2995}}
Apr 02 13:05:41.448248 np0000162944 devstack@n-api-meta.service[107552]: DEBUG nova.api.openstack.wsgi_app [None req-cccfea58-b57b-4a48-bd53-421606e302b5 None None] log_rotate_interval_type = days {{(pid=107552) log_opt_values /opt/stack/data/venv/lib/python3.12/site-packages/oslo_config/cfg.py:2995}}
Apr 02 13:05:41.448384 np0000162944 devstack@n-api-meta.service[107552]: DEBUG nova.api.openstack.wsgi_app [None req-cccfea58-b57b-4a48-bd53-421606e302b5 None None] log_rotation_type = none {{(pid=107552) log_opt_values /opt/stack/data/venv/lib/python3.12/site-packages/oslo_config/cfg.py:2995}}
Apr 02 13:05:41.448488 np0000162944 devstack@n-api-meta.service[107552]: DEBUG nova.api.openstack.wsgi_app [None req-cccfea58-b57b-4a48-bd53-421606e302b5 None None] logging_context_format_string = %(color)s%(levelname)s %(name)s [%(global_request_id)s %(request_id)s %(project_name)s %(user_name)s%(color)s] %(instance)s%(color)s%(message)s {{(pid=107552) log_opt_values /opt/stack/data/venv/lib/python3.12/site-packages/oslo_config/cfg.py:2995}}
