Apr 02 13:05:47.838778 np0000162944 nova-conductor[109776]: DEBUG cotyledon.oslo_config_glue [-] vnc.enabled = True {{(pid=109776) log_opt_values /opt/stack/data/venv/lib/python3.12/site-packages/oslo_config/cfg.py:3006}}
Apr 02 13:05:47.838778 np0000162944 nova-conductor[109776]: DEBUG cotyledon.oslo_config_glue [-] vnc.novncproxy_base_url = http://127.0.0.1:6080/vnc_auto.html {{(pid=109776) log_opt_values /opt/stack/data/venv/lib/python3.12/site-packages/oslo_config/cfg.py:3006}}
Apr 02 13:05:47.838778 np0000162944 nova-conductor[109776]: DEBUG cotyledon.oslo_config_glue [-] vnc.novncproxy_host = 0.0.0.0 {{(pid=109776) log_opt_values /opt/stack/data/venv/lib/python3.12/site-packages/oslo_config/cfg.py:3006}}
Apr 02 13:05:47.838987 np0000162944 nova-conductor[109776]: DEBUG cotyledon.oslo_config_glue [-] vnc.novncproxy_port = 6080 {{(pid=109776) log_opt_values /opt/stack/data/venv/lib/python3.12/site-packages/oslo_config/cfg.py:3006}}
Apr 02 13:05:47.838987 np0000162944 nova-conductor[109776]: DEBUG cotyledon.oslo_config_glue [-] vnc.server_listen = 127.0.0.1 {{(pid=109776) log_opt_values /opt/stack/data/venv/lib/python3.12/site-packages/oslo_config/cfg.py:3006}}
Apr 02 13:05:47.838987 np0000162944 nova-conductor[109776]: DEBUG cotyledon.oslo_config_glue [-] vnc.server_proxyclient_address = 127.0.0.1 {{(pid=109776) log_opt_values /opt/stack/data/venv/lib/python3.12/site-packages/oslo_config/cfg.py:3006}}
Apr 02 13:05:47.838987 np0000162944 nova-conductor[109776]: DEBUG cotyledon.oslo_config_glue [-] vnc.vencrypt_ca_certs = None {{(pid=109776) log_opt_values /opt/stack/data/venv/lib/python3.12/site-packages/oslo_config/cfg.py:3006}}
Apr 02 13:05:47.838987 np0000162944 nova-conductor[109776]: DEBUG cotyledon.oslo_config_glue [-] vnc.vencrypt_client_cert = None {{(pid=109776) log_opt_values /opt/stack/data/venv/lib/python3.12/site-packages/oslo_config/cfg.py:3006}}
Apr 02 13:05:47.838987 np0000162944 nova-conductor[109776]: DEBUG cotyledon.oslo_config_glue [-] vnc.vencrypt_client_key = None {{(pid=109776) log_opt_values /opt/stack/data/venv/lib/python3.12/site-packages/oslo_config/cfg.py:3006}}
Apr 02 13:05:47.838987 np0000162944 nova-conductor[109776]: DEBUG cotyledon.oslo_config_glue [-] workarounds.disable_compute_service_check_for_ffu = False {{(pid=109776) log_opt_values /opt/stack/data/venv/lib/python3.12/site-packages/oslo_config/cfg.py:3006}}
Apr 02 13:05:47.838987 np0000162944 nova-conductor[109776]: DEBUG cotyledon.oslo_config_glue [-] workarounds.disable_deep_image_inspection = False {{(pid=109776) log_opt_values /opt/stack/data/venv/lib/python3.12/site-packages/oslo_config/cfg.py:3006}}
Apr 02 13:05:47.838987 np0000162944 nova-conductor[109776]: DEBUG cotyledon.oslo_config_glue [-] workarounds.disable_fallback_pcpu_query = False {{(pid=109776) log_opt_values /opt/stack/data/venv/lib/python3.12/site-packages/oslo_config/cfg.py:3006}}
Apr 02 13:05:47.839180 np0000162944 nova-conductor[109776]: DEBUG cotyledon.oslo_config_glue [-] workarounds.disable_group_policy_check_upcall = False {{(pid=109776) log_opt_values /opt/stack/data/venv/lib/python3.12/site-packages/oslo_config/cfg.py:3006}}
Apr 02 13:05:47.839180 np0000162944 nova-conductor[109776]: DEBUG cotyledon.oslo_config_glue [-] workarounds.disable_libvirt_livesnapshot = False {{(pid=109776) log_opt_values /opt/stack/data/venv/lib/python3.12/site-packages/oslo_config/cfg.py:3006}}
Apr 02 13:05:47.839180 np0000162944 nova-conductor[109776]: DEBUG cotyledon.oslo_config_glue [-] workarounds.disable_rootwrap = False {{(pid=109776) log_opt_values /opt/stack/data/venv/lib/python3.12/site-packages/oslo_config/cfg.py:3006}}
Apr 02 13:05:47.839180 np0000162944 nova-conductor[109776]: DEBUG cotyledon.oslo_config_glue [-] workarounds.enable_numa_live_migration = False {{(pid=109776) log_opt_values /opt/stack/data/venv/lib/python3.12/site-packages/oslo_config/cfg.py:3006}}
Apr 02 13:05:47.839180 np0000162944 nova-conductor[109776]: DEBUG cotyledon.oslo_config_glue [-] workarounds.enable_qemu_monitor_announce_self = False {{(pid=109776) log_opt_values /opt/stack/data/venv/lib/python3.12/site-packages/oslo_config/cfg.py:3006}}
Apr 02 13:05:47.839180 np0000162944 nova-conductor[109776]: DEBUG cotyledon.oslo_config_glue [-] workarounds.ensure_libvirt_rbd_instance_dir_cleanup = False {{(pid=109776) log_opt_values /opt/stack/data/venv/lib/python3.12/site-packages/oslo_config/cfg.py:3006}}
Apr 02 13:05:47.839180 np0000162944 nova-conductor[109776]: DEBUG cotyledon.oslo_config_glue [-] workarounds.handle_virt_lifecycle_events = True {{(pid=109776) log_opt_values /opt/stack/data/venv/lib/python3.12/site-packages/oslo_config/cfg.py:3006}}
Apr 02 13:05:47.839180 np0000162944 nova-conductor[109776]: DEBUG cotyledon.oslo_config_glue [-] workarounds.libvirt_disable_apic = False {{(pid=109776) log_opt_values /opt/stack/data/venv/lib/python3.12/site-packages/oslo_config/cfg.py:3006}}
Apr 02 13:05:47.839180 np0000162944 nova-conductor[109776]: DEBUG cotyledon.oslo_config_glue [-] workarounds.never_download_image_if_on_rbd = False {{(pid=109776) log_opt_values /opt/stack/data/venv/lib/python3.12/site-packages/oslo_config/cfg.py:3006}}
Apr 02 13:05:47.839418 np0000162944 nova-conductor[109776]: DEBUG cotyledon.oslo_config_glue [-] workarounds.qemu_monitor_announce_self_count = 3 {{(pid=109776) log_opt_values /opt/stack/data/venv/lib/python3.12/site-packages/oslo_config/cfg.py:3006}}
Apr 02 13:05:47.839418 np0000162944 nova-conductor[109776]: DEBUG cotyledon.oslo_config_glue [-] workarounds.qemu_monitor_announce_self_interval = 1 {{(pid=109776) log_opt_values /opt/stack/data/venv/lib/python3.12/site-packages/oslo_config/cfg.py:3006}}
Apr 02 13:05:47.839418 np0000162944 nova-conductor[109776]: DEBUG cotyledon.oslo_config_glue [-] workarounds.reserve_disk_resource_for_image_cache = False {{(pid=109776) log_opt_values /opt/stack/data/venv/lib/python3.12/site-packages/oslo_config/cfg.py:3006}}
Apr 02 13:05:47.839418 np0000162944 nova-conductor[109776]: DEBUG cotyledon.oslo_config_glue [-] workarounds.skip_cpu_compare_at_startup = False {{(pid=109776) log_opt_values /opt/stack/data/venv/lib/python3.12/site-packages/oslo_config/cfg.py:3006}}
Apr 02 13:05:47.839418 np0000162944 nova-conductor[109776]: DEBUG cotyledon.oslo_config_glue [-] workarounds.skip_cpu_compare_on_dest = False {{(pid=109776) log_opt_values /opt/stack/data/venv/lib/python3.12/site-packages/oslo_config/cfg.py:3006}}
Apr 02 13:05:47.839418 np0000162944 nova-conductor[109776]: DEBUG cotyledon.oslo_config_glue [-] workarounds.skip_hypervisor_version_check_on_lm = False {{(pid=109776) log_opt_values /opt/stack/data/venv/lib/python3.12/site-packages/oslo_config/cfg.py:3006}}
Apr 02 13:05:47.839418 np0000162944 nova-conductor[109776]: DEBUG cotyledon.oslo_config_glue [-] workarounds.skip_reserve_in_use_ironic_nodes = False {{(pid=109776) log_opt_values /opt/stack/data/venv/lib/python3.12/site-packages/oslo_config/cfg.py:3006}}
Apr 02 13:05:47.839418 np0000162944 nova-conductor[109776]: DEBUG cotyledon.oslo_config_glue [-] workarounds.unified_limits_count_pcpu_as_vcpu = False {{(pid=109776) log_opt_values /opt/stack/data/venv/lib/python3.12/site-packages/oslo_config/cfg.py:3006}}
Apr 02 13:05:47.839602 np0000162944 nova-conductor[109776]: DEBUG cotyledon.oslo_config_glue [-] workarounds.wait_for_vif_plugged_event_during_hard_reboot = [] {{(pid=109776) log_opt_values /opt/stack/data/venv/lib/python3.12/site-packages/oslo_config/cfg.py:3006}}
Apr 02 13:05:47.839602 np0000162944 nova-conductor[109776]: DEBUG cotyledon.oslo_config_glue [-] wsgi.api_paste_config = /etc/nova/api-paste.ini {{(pid=109776) log_opt_values /opt/stack/data/venv/lib/python3.12/site-packages/oslo_config/cfg.py:3006}}
Apr 02 13:05:47.839602 np0000162944 nova-conductor[109776]: DEBUG cotyledon.oslo_config_glue [-] wsgi.secure_proxy_ssl_header = None {{(pid=109776) log_opt_values /opt/stack/data/venv/lib/python3.12/site-packages/oslo_config/cfg.py:3006}}
Apr 02 13:05:47.839602 np0000162944 nova-conductor[109776]: DEBUG cotyledon.oslo_config_glue [-] zvm.ca_file = None {{(pid=109776) log_opt_values /opt/stack/data/venv/lib/python3.12/site-packages/oslo_config/cfg.py:3006}}
Apr 02 13:05:47.839602 np0000162944 nova-conductor[109776]: DEBUG cotyledon.oslo_config_glue [-] zvm.cloud_connector_url = None {{(pid=109776) log_opt_values /opt/stack/data/venv/lib/python3.12/site-packages/oslo_config/cfg.py:3006}}
Apr 02 13:05:47.839602 np0000162944 nova-conductor[109776]: DEBUG cotyledon.oslo_config_glue [-] zvm.image_tmp_path = /opt/stack/data/nova/images {{(pid=109776) log_opt_values /opt/stack/data/venv/lib/python3.12/site-packages/oslo_config/cfg.py:3006}}
Apr 02 13:05:47.839602 np0000162944 nova-conductor[109776]: DEBUG cotyledon.oslo_config_glue [-] zvm.reachable_timeout = 300 {{(pid=109776) log_opt_values /opt/stack/data/venv/lib/python3.12/site-packages/oslo_config/cfg.py:3006}}
Apr 02 13:05:47.839602 np0000162944 nova-conductor[109776]: DEBUG cotyledon.oslo_config_glue [-] oslo_versionedobjects.fatal_exception_format_errors = False {{(pid=109776) log_opt_values /opt/stack/data/venv/lib/python3.12/site-packages/oslo_config/cfg.py:3006}}
Apr 02 13:05:47.839602 np0000162944 nova-conductor[109776]: DEBUG cotyledon.oslo_config_glue [-] oslo_middleware.http_basic_auth_user_file = /etc/htpasswd {{(pid=109776) log_opt_values /opt/stack/data/venv/lib/python3.12/site-packages/oslo_config/cfg.py:3006}}
Apr 02 13:05:47.840174 np0000162944 nova-conductor[109776]: DEBUG cotyledon.oslo_config_glue [-] profiler.connection_string = messaging:// {{(pid=109776) log_opt_values /opt/stack/data/venv/lib/python3.12/site-packages/oslo_config/cfg.py:3006}}
Apr 02 13:05:47.840174 np0000162944 nova-conductor[109776]: DEBUG cotyledon.oslo_config_glue [-] profiler.enabled = False {{(pid=109776) log_opt_values /opt/stack/data/venv/lib/python3.12/site-packages/oslo_config/cfg.py:3006}}
Apr 02 13:05:47.840174 np0000162944 nova-conductor[109776]: DEBUG cotyledon.oslo_config_glue [-] profiler.es_doc_type = notification {{(pid=109776) log_opt_values /opt/stack/data/venv/lib/python3.12/site-packages/oslo_config/cfg.py:3006}}
Apr 02 13:05:47.840174 np0000162944 nova-conductor[109776]: DEBUG cotyledon.oslo_config_glue [-] profiler.es_scroll_size = 10000 {{(pid=109776) log_opt_values /opt/stack/data/venv/lib/python3.12/site-packages/oslo_config/cfg.py:3006}}
Apr 02 13:05:47.840174 np0000162944 nova-conductor[109776]: DEBUG cotyledon.oslo_config_glue [-] profiler.es_scroll_time = 2m {{(pid=109776) log_opt_values /opt/stack/data/venv/lib/python3.12/site-packages/oslo_config/cfg.py:3006}}
Apr 02 13:05:47.840174 np0000162944 nova-conductor[109776]: DEBUG cotyledon.oslo_config_glue [-] profiler.filter_error_trace = False {{(pid=109776) log_opt_values /opt/stack/data/venv/lib/python3.12/site-packages/oslo_config/cfg.py:3006}}
Apr 02 13:05:47.840174 np0000162944 nova-conductor[109776]: DEBUG cotyledon.oslo_config_glue [-] profiler.hmac_keys = **** {{(pid=109776) log_opt_values /opt/stack/data/venv/lib/python3.12/site-packages/oslo_config/cfg.py:3006}}
Apr 02 13:05:47.840174 np0000162944 nova-conductor[109776]: DEBUG cotyledon.oslo_config_glue [-] profiler.sentinel_service_name = mymaster {{(pid=109776) log_opt_values /opt/stack/data/venv/lib/python3.12/site-packages/oslo_config/cfg.py:3006}}
Apr 02 13:05:47.840174 np0000162944 nova-conductor[109776]: DEBUG cotyledon.oslo_config_glue [-] profiler.socket_timeout = 0.1 {{(pid=109776) log_opt_values /opt/stack/data/venv/lib/python3.12/site-packages/oslo_config/cfg.py:3006}}
Apr 02 13:05:47.840473 np0000162944 nova-conductor[109776]: DEBUG cotyledon.oslo_config_glue [-] profiler.trace_requests = False {{(pid=109776) log_opt_values /opt/stack/data/venv/lib/python3.12/site-packages/oslo_config/cfg.py:3006}}
Apr 02 13:05:47.840473 np0000162944 nova-conductor[109776]: DEBUG cotyledon.oslo_config_glue [-] profiler.trace_sqlalchemy = False {{(pid=109776) log_opt_values /opt/stack/data/venv/lib/python3.12/site-packages/oslo_config/cfg.py:3006}}
Apr 02 13:05:47.840473 np0000162944 nova-conductor[109776]: DEBUG cotyledon.oslo_config_glue [-] profiler_jaeger.process_tags = {} {{(pid=109776) log_opt_values /opt/stack/data/venv/lib/python3.12/site-packages/oslo_config/cfg.py:3006}}
Apr 02 13:05:47.840473 np0000162944 nova-conductor[109776]: DEBUG cotyledon.oslo_config_glue [-] profiler_jaeger.service_name_prefix = None {{(pid=109776) log_opt_values /opt/stack/data/venv/lib/python3.12/site-packages/oslo_config/cfg.py:3006}}
Apr 02 13:05:47.840473 np0000162944 nova-conductor[109776]: DEBUG cotyledon.oslo_config_glue [-] profiler_otlp.service_name_prefix = None {{(pid=109776) log_opt_values /opt/stack/data/venv/lib/python3.12/site-packages/oslo_config/cfg.py:3006}}
Apr 02 13:05:47.840473 np0000162944 nova-conductor[109776]: DEBUG cotyledon.oslo_config_glue [-] oslo_messaging_rabbit.amqp_auto_delete = False {{(pid=109776) log_opt_values /opt/stack/data/venv/lib/python3.12/site-packages/oslo_config/cfg.py:3006}}
Apr 02 13:05:47.840473 np0000162944 nova-conductor[109776]: DEBUG cotyledon.oslo_config_glue [-] oslo_messaging_rabbit.amqp_durable_queues = False {{(pid=109776) log_opt_values /opt/stack/data/venv/lib/python3.12/site-packages/oslo_config/cfg.py:3006}}
Apr 02 13:05:47.840473 np0000162944 nova-conductor[109776]: DEBUG cotyledon.oslo_config_glue [-] oslo_messaging_rabbit.conn_pool_min_size = 2 {{(pid=109776) log_opt_values /opt/stack/data/venv/lib/python3.12/site-packages/oslo_config/cfg.py:3006}}
Apr 02 13:05:47.840473 np0000162944 nova-conductor[109776]: DEBUG cotyledon.oslo_config_glue [-] oslo_messaging_rabbit.conn_pool_ttl = 1200 {{(pid=109776) log_opt_values /opt/stack/data/venv/lib/python3.12/site-packages/oslo_config/cfg.py:3006}}
Apr 02 13:05:47.840765 np0000162944 nova-conductor[109776]: DEBUG cotyledon.oslo_config_glue [-] oslo_messaging_rabbit.direct_mandatory_flag = True {{(pid=109776) log_opt_values /opt/stack/data/venv/lib/python3.12/site-packages/oslo_config/cfg.py:3006}}
Apr 02 13:05:47.840765 np0000162944 nova-conductor[109776]: DEBUG cotyledon.oslo_config_glue [-] oslo_messaging_rabbit.enable_cancel_on_failover = False {{(pid=109776) log_opt_values /opt/stack/data/venv/lib/python3.12/site-packages/oslo_config/cfg.py:3006}}
Apr 02 13:05:47.840765 np0000162944 nova-conductor[109776]: DEBUG cotyledon.oslo_config_glue [-] oslo_messaging_rabbit.heartbeat_in_pthread = False {{(pid=109776) log_opt_values /opt/stack/data/venv/lib/python3.12/site-packages/oslo_config/cfg.py:3006}}
Apr 02 13:05:47.840765 np0000162944 nova-conductor[109776]: DEBUG cotyledon.oslo_config_glue [-] oslo_messaging_rabbit.heartbeat_rate = 3 {{(pid=109776) log_opt_values /opt/stack/data/venv/lib/python3.12/site-packages/oslo_config/cfg.py:3006}}
Apr 02 13:05:47.840765 np0000162944 nova-conductor[109776]: DEBUG cotyledon.oslo_config_glue [-] oslo_messaging_rabbit.heartbeat_timeout_threshold = 60 {{(pid=109776) log_opt_values /opt/stack/data/venv/lib/python3.12/site-packages/oslo_config/cfg.py:3006}}
Apr 02 13:05:47.840765 np0000162944 nova-conductor[109776]: DEBUG cotyledon.oslo_config_glue [-] oslo_messaging_rabbit.hostname = np0000162944 {{(pid=109776) log_opt_values /opt/stack/data/venv/lib/python3.12/site-packages/oslo_config/cfg.py:3006}}
Apr 02 13:05:47.840765 np0000162944 nova-conductor[109776]: DEBUG cotyledon.oslo_config_glue [-] oslo_messaging_rabbit.kombu_compression = None {{(pid=109776) log_opt_values /opt/stack/data/venv/lib/python3.12/site-packages/oslo_config/cfg.py:3006}}
Apr 02 13:05:47.840765 np0000162944 nova-conductor[109776]: DEBUG cotyledon.oslo_config_glue [-] oslo_messaging_rabbit.kombu_failover_strategy = round-robin {{(pid=109776) log_opt_values /opt/stack/data/venv/lib/python3.12/site-packages/oslo_config/cfg.py:3006}}
Apr 02 13:05:47.841041 np0000162944 nova-conductor[109776]: DEBUG cotyledon.oslo_config_glue [-] oslo_messaging_rabbit.kombu_missing_consumer_retry_timeout = 60 {{(pid=109776) log_opt_values /opt/stack/data/venv/lib/python3.12/site-packages/oslo_config/cfg.py:3006}}
Apr 02 13:05:47.841041 np0000162944 nova-conductor[109776]: DEBUG cotyledon.oslo_config_glue [-] oslo_messaging_rabbit.kombu_reconnect_delay = 1.0 {{(pid=109776) log_opt_values /opt/stack/data/venv/lib/python3.12/site-packages/oslo_config/cfg.py:3006}}
Apr 02 13:05:47.841041 np0000162944 nova-conductor[109776]: DEBUG cotyledon.oslo_config_glue [-] oslo_messaging_rabbit.kombu_reconnect_splay = 0.0 {{(pid=109776) log_opt_values /opt/stack/data/venv/lib/python3.12/site-packages/oslo_config/cfg.py:3006}}
Apr 02 13:05:47.841041 np0000162944 nova-conductor[109776]: DEBUG cotyledon.oslo_config_glue [-] oslo_messaging_rabbit.processname = nova-conductor {{(pid=109776) log_opt_values /opt/stack/data/venv/lib/python3.12/site-packages/oslo_config/cfg.py:3006}}
Apr 02 13:05:47.841041 np0000162944 nova-conductor[109776]: DEBUG cotyledon.oslo_config_glue [-] oslo_messaging_rabbit.rabbit_ha_queues = False {{(pid=109776) log_opt_values /opt/stack/data/venv/lib/python3.12/site-packages/oslo_config/cfg.py:3006}}
Apr 02 13:05:47.841041 np0000162944 nova-conductor[109776]: DEBUG cotyledon.oslo_config_glue [-] oslo_messaging_rabbit.rabbit_interval_max = 30 {{(pid=109776) log_opt_values /opt/stack/data/venv/lib/python3.12/site-packages/oslo_config/cfg.py:3006}}
Apr 02 13:05:47.841041 np0000162944 nova-conductor[109776]: DEBUG cotyledon.oslo_config_glue [-] oslo_messaging_rabbit.rabbit_login_method = AMQPLAIN {{(pid=109776) log_opt_values /opt/stack/data/venv/lib/python3.12/site-packages/oslo_config/cfg.py:3006}}
Apr 02 13:05:47.841041 np0000162944 nova-conductor[109776]: DEBUG cotyledon.oslo_config_glue [-] oslo_messaging_rabbit.rabbit_qos_prefetch_count = 0 {{(pid=109776) log_opt_values /opt/stack/data/venv/lib/python3.12/site-packages/oslo_config/cfg.py:3006}}
Apr 02 13:05:47.841345 np0000162944 nova-conductor[109776]: DEBUG cotyledon.oslo_config_glue [-] oslo_messaging_rabbit.rabbit_quorum_delivery_limit = 0 {{(pid=109776) log_opt_values /opt/stack/data/venv/lib/python3.12/site-packages/oslo_config/cfg.py:3006}}
Apr 02 13:05:47.841345 np0000162944 nova-conductor[109776]: DEBUG cotyledon.oslo_config_glue [-] oslo_messaging_rabbit.rabbit_quorum_max_memory_bytes = 0 {{(pid=109776) log_opt_values /opt/stack/data/venv/lib/python3.12/site-packages/oslo_config/cfg.py:3006}}
Apr 02 13:05:47.841345 np0000162944 nova-conductor[109776]: DEBUG cotyledon.oslo_config_glue [-] oslo_messaging_rabbit.rabbit_quorum_max_memory_length = 0 {{(pid=109776) log_opt_values /opt/stack/data/venv/lib/python3.12/site-packages/oslo_config/cfg.py:3006}}
Apr 02 13:05:47.841345 np0000162944 nova-conductor[109776]: DEBUG cotyledon.oslo_config_glue [-] oslo_messaging_rabbit.rabbit_quorum_queue = False {{(pid=109776) log_opt_values /opt/stack/data/venv/lib/python3.12/site-packages/oslo_config/cfg.py:3006}}
Apr 02 13:05:47.841345 np0000162944 nova-conductor[109776]: DEBUG cotyledon.oslo_config_glue [-] oslo_messaging_rabbit.rabbit_retry_backoff = 2 {{(pid=109776) log_opt_values /opt/stack/data/venv/lib/python3.12/site-packages/oslo_config/cfg.py:3006}}
Apr 02 13:05:47.841345 np0000162944 nova-conductor[109776]: DEBUG cotyledon.oslo_config_glue [-] oslo_messaging_rabbit.rabbit_retry_interval = 1 {{(pid=109776) log_opt_values /opt/stack/data/venv/lib/python3.12/site-packages/oslo_config/cfg.py:3006}}
Apr 02 13:05:47.841345 np0000162944 nova-conductor[109776]: DEBUG cotyledon.oslo_config_glue [-] oslo_messaging_rabbit.rabbit_stream_fanout = False {{(pid=109776) log_opt_values /opt/stack/data/venv/lib/python3.12/site-packages/oslo_config/cfg.py:3006}}
Apr 02 13:05:47.841345 np0000162944 nova-conductor[109776]: DEBUG cotyledon.oslo_config_glue [-] oslo_messaging_rabbit.rabbit_transient_queues_ttl = 1800 {{(pid=109776) log_opt_values /opt/stack/data/venv/lib/python3.12/site-packages/oslo_config/cfg.py:3006}}
Apr 02 13:05:47.841584 np0000162944 nova-conductor[109776]: DEBUG cotyledon.oslo_config_glue [-] oslo_messaging_rabbit.rabbit_transient_quorum_queue = False {{(pid=109776) log_opt_values /opt/stack/data/venv/lib/python3.12/site-packages/oslo_config/cfg.py:3006}}
Apr 02 13:05:47.841584 np0000162944 nova-conductor[109776]: DEBUG cotyledon.oslo_config_glue [-] oslo_messaging_rabbit.rpc_conn_pool_size = 30 {{(pid=109776) log_opt_values /opt/stack/data/venv/lib/python3.12/site-packages/oslo_config/cfg.py:3006}}
Apr 02 13:05:47.841584 np0000162944 nova-conductor[109776]: DEBUG cotyledon.oslo_config_glue [-] oslo_messaging_rabbit.ssl = False {{(pid=109776) log_opt_values /opt/stack/data/venv/lib/python3.12/site-packages/oslo_config/cfg.py:3006}}
Apr 02 13:05:47.841584 np0000162944 nova-conductor[109776]: DEBUG cotyledon.oslo_config_glue [-] oslo_messaging_rabbit.ssl_ca_file = {{(pid=109776) log_opt_values /opt/stack/data/venv/lib/python3.12/site-packages/oslo_config/cfg.py:3006}}
Apr 02 13:05:47.841584 np0000162944 nova-conductor[109776]: DEBUG cotyledon.oslo_config_glue [-] oslo_messaging_rabbit.ssl_cert_file = {{(pid=109776) log_opt_values /opt/stack/data/venv/lib/python3.12/site-packages/oslo_config/cfg.py:3006}}
Apr 02 13:05:47.841584 np0000162944 nova-conductor[109776]: DEBUG cotyledon.oslo_config_glue [-] oslo_messaging_rabbit.ssl_enforce_fips_mode = False {{(pid=109776) log_opt_values /opt/stack/data/venv/lib/python3.12/site-packages/oslo_config/cfg.py:3006}}
Apr 02 13:05:47.841584 np0000162944 nova-conductor[109776]: DEBUG cotyledon.oslo_config_glue [-] oslo_messaging_rabbit.ssl_key_file = {{(pid=109776) log_opt_values /opt/stack/data/venv/lib/python3.12/site-packages/oslo_config/cfg.py:3006}}
Apr 02 13:05:47.841584 np0000162944 nova-conductor[109776]: DEBUG cotyledon.oslo_config_glue [-] oslo_messaging_rabbit.ssl_version = {{(pid=109776) log_opt_values /opt/stack/data/venv/lib/python3.12/site-packages/oslo_config/cfg.py:3006}}
Apr 02 13:05:47.841584 np0000162944 nova-conductor[109776]: DEBUG cotyledon.oslo_config_glue [-] oslo_messaging_rabbit.use_queue_manager = False {{(pid=109776) log_opt_values /opt/stack/data/venv/lib/python3.12/site-packages/oslo_config/cfg.py:3006}}
Apr 02 13:05:47.841889 np0000162944 nova-conductor[109776]: DEBUG cotyledon.oslo_config_glue [-] oslo_messaging_notifications.driver = ['messagingv2'] {{(pid=109776) log_opt_values /opt/stack/data/venv/lib/python3.12/site-packages/oslo_config/cfg.py:3006}}
Apr 02 13:05:47.841889 np0000162944 nova-conductor[109776]: DEBUG cotyledon.oslo_config_glue [-] oslo_messaging_notifications.retry = -1 {{(pid=109776) log_opt_values /opt/stack/data/venv/lib/python3.12/site-packages/oslo_config/cfg.py:3006}}
Apr 02 13:05:47.841889 np0000162944 nova-conductor[109776]: DEBUG cotyledon.oslo_config_glue [-] oslo_messaging_notifications.topics = ['notifications'] {{(pid=109776) log_opt_values /opt/stack/data/venv/lib/python3.12/site-packages/oslo_config/cfg.py:3006}}
Apr 02 13:05:47.841889 np0000162944 nova-conductor[109776]: DEBUG cotyledon.oslo_config_glue [-] oslo_messaging_notifications.transport_url = **** {{(pid=109776) log_opt_values /opt/stack/data/venv/lib/python3.12/site-packages/oslo_config/cfg.py:3006}}
Apr 02 13:05:47.841889 np0000162944 nova-conductor[109776]: DEBUG cotyledon.oslo_config_glue [-] oslo_limit.auth_section = None {{(pid=109776) log_opt_values /opt/stack/data/venv/lib/python3.12/site-packages/oslo_config/cfg.py:3006}}
Apr 02 13:05:47.841889 np0000162944 nova-conductor[109776]: DEBUG cotyledon.oslo_config_glue [-] oslo_limit.auth_type = None {{(pid=109776) log_opt_values /opt/stack/data/venv/lib/python3.12/site-packages/oslo_config/cfg.py:3006}}
Apr 02 13:05:47.841889 np0000162944 nova-conductor[109776]: DEBUG cotyledon.oslo_config_glue [-] oslo_limit.cafile = None {{(pid=109776) log_opt_values /opt/stack/data/venv/lib/python3.12/site-packages/oslo_config/cfg.py:3006}}
Apr 02 13:05:47.841889 np0000162944 nova-conductor[109776]: DEBUG cotyledon.oslo_config_glue [-] oslo_limit.certfile = None {{(pid=109776) log_opt_values /opt/stack/data/venv/lib/python3.12/site-packages/oslo_config/cfg.py:3006}}
Apr 02 13:05:47.841889 np0000162944 nova-conductor[109776]: DEBUG cotyledon.oslo_config_glue [-] oslo_limit.collect_timing = False {{(pid=109776) log_opt_values /opt/stack/data/venv/lib/python3.12/site-packages/oslo_config/cfg.py:3006}}
Apr 02 13:05:47.842193 np0000162944 nova-conductor[109776]: DEBUG cotyledon.oslo_config_glue [-] oslo_limit.connect_retries = None {{(pid=109776) log_opt_values /opt/stack/data/venv/lib/python3.12/site-packages/oslo_config/cfg.py:3006}}
Apr 02 13:05:47.842193 np0000162944 nova-conductor[109776]: DEBUG cotyledon.oslo_config_glue [-] oslo_limit.connect_retry_delay = None {{(pid=109776) log_opt_values /opt/stack/data/venv/lib/python3.12/site-packages/oslo_config/cfg.py:3006}}
Apr 02 13:05:47.842193 np0000162944 nova-conductor[109776]: DEBUG cotyledon.oslo_config_glue [-] oslo_limit.endpoint_id = None {{(pid=109776) log_opt_values /opt/stack/data/venv/lib/python3.12/site-packages/oslo_config/cfg.py:3006}}
Apr 02 13:05:47.842193 np0000162944 nova-conductor[109776]: DEBUG cotyledon.oslo_config_glue [-] oslo_limit.endpoint_interface = public {{(pid=109776) log_opt_values /opt/stack/data/venv/lib/python3.12/site-packages/oslo_config/cfg.py:3006}}
Apr 02 13:05:47.842193 np0000162944 nova-conductor[109776]: DEBUG cotyledon.oslo_config_glue [-] oslo_limit.endpoint_override = None {{(pid=109776) log_opt_values /opt/stack/data/venv/lib/python3.12/site-packages/oslo_config/cfg.py:3006}}
Apr 02 13:05:47.842193 np0000162944 nova-conductor[109776]: DEBUG cotyledon.oslo_config_glue [-] oslo_limit.endpoint_region_name = None {{(pid=109776) log_opt_values /opt/stack/data/venv/lib/python3.12/site-packages/oslo_config/cfg.py:3006}}
Apr 02 13:05:47.842193 np0000162944 nova-conductor[109776]: DEBUG cotyledon.oslo_config_glue [-] oslo_limit.endpoint_service_name = None {{(pid=109776) log_opt_values /opt/stack/data/venv/lib/python3.12/site-packages/oslo_config/cfg.py:3006}}
Apr 02 13:05:47.842193 np0000162944 nova-conductor[109776]: DEBUG cotyledon.oslo_config_glue [-] oslo_limit.endpoint_service_type = None {{(pid=109776) log_opt_values /opt/stack/data/venv/lib/python3.12/site-packages/oslo_config/cfg.py:3006}}
Apr 02 13:05:47.842193 np0000162944 nova-conductor[109776]: DEBUG cotyledon.oslo_config_glue [-] oslo_limit.insecure = False {{(pid=109776) log_opt_values /opt/stack/data/venv/lib/python3.12/site-packages/oslo_config/cfg.py:3006}}
Apr 02 13:05:47.842471 np0000162944 nova-conductor[109776]: DEBUG cotyledon.oslo_config_glue [-] oslo_limit.keyfile = None {{(pid=109776) log_opt_values /opt/stack/data/venv/lib/python3.12/site-packages/oslo_config/cfg.py:3006}}
Apr 02 13:05:47.842471 np0000162944 nova-conductor[109776]: DEBUG cotyledon.oslo_config_glue [-] oslo_limit.max_version = None {{(pid=109776) log_opt_values /opt/stack/data/venv/lib/python3.12/site-packages/oslo_config/cfg.py:3006}}
Apr 02 13:05:47.842471 np0000162944 nova-conductor[109776]: DEBUG cotyledon.oslo_config_glue [-] oslo_limit.min_version = None {{(pid=109776) log_opt_values /opt/stack/data/venv/lib/python3.12/site-packages/oslo_config/cfg.py:3006}}
Apr 02 13:05:47.842471 np0000162944 nova-conductor[109776]: DEBUG cotyledon.oslo_config_glue [-] oslo_limit.region_name = None {{(pid=109776) log_opt_values /opt/stack/data/venv/lib/python3.12/site-packages/oslo_config/cfg.py:3006}}
Apr 02 13:05:47.842471 np0000162944 nova-conductor[109776]: DEBUG cotyledon.oslo_config_glue [-] oslo_limit.retriable_status_codes = None {{(pid=109776) log_opt_values /opt/stack/data/venv/lib/python3.12/site-packages/oslo_config/cfg.py:3006}}
Apr 02 13:05:47.842471 np0000162944 nova-conductor[109776]: DEBUG cotyledon.oslo_config_glue [-] oslo_limit.service_name = None {{(pid=109776) log_opt_values /opt/stack/data/venv/lib/python3.12/site-packages/oslo_config/cfg.py:3006}}
Apr 02 13:05:47.842471 np0000162944 nova-conductor[109776]: DEBUG cotyledon.oslo_config_glue [-] oslo_limit.service_type = None {{(pid=109776) log_opt_values /opt/stack/data/venv/lib/python3.12/site-packages/oslo_config/cfg.py:3006}}
Apr 02 13:05:47.842471 np0000162944 nova-conductor[109776]: DEBUG cotyledon.oslo_config_glue [-] oslo_limit.split_loggers = False {{(pid=109776) log_opt_values /opt/stack/data/venv/lib/python3.12/site-packages/oslo_config/cfg.py:3006}}
Apr 02 13:05:47.842471 np0000162944 nova-conductor[109776]: DEBUG cotyledon.oslo_config_glue [-] oslo_limit.status_code_retries = None {{(pid=109776) log_opt_values /opt/stack/data/venv/lib/python3.12/site-packages/oslo_config/cfg.py:3006}}
Apr 02 13:05:47.842767 np0000162944 nova-conductor[109776]: DEBUG cotyledon.oslo_config_glue [-] oslo_limit.status_code_retry_delay = None {{(pid=109776) log_opt_values /opt/stack/data/venv/lib/python3.12/site-packages/oslo_config/cfg.py:3006}}
Apr 02 13:05:47.842767 np0000162944 nova-conductor[109776]: DEBUG cotyledon.oslo_config_glue [-] oslo_limit.timeout = None {{(pid=109776) log_opt_values /opt/stack/data/venv/lib/python3.12/site-packages/oslo_config/cfg.py:3006}}
Apr 02 13:05:47.842767 np0000162944 nova-conductor[109776]: DEBUG cotyledon.oslo_config_glue [-] oslo_limit.valid_interfaces = None {{(pid=109776) log_opt_values /opt/stack/data/venv/lib/python3.12/site-packages/oslo_config/cfg.py:3006}}
Apr 02 13:05:47.842767 np0000162944 nova-conductor[109776]: DEBUG cotyledon.oslo_config_glue [-] oslo_limit.version = None {{(pid=109776) log_opt_values /opt/stack/data/venv/lib/python3.12/site-packages/oslo_config/cfg.py:3006}}
Apr 02 13:05:47.842767 np0000162944 nova-conductor[109776]: DEBUG cotyledon.oslo_config_glue [-] oslo_reports.file_event_handler = None {{(pid=109776) log_opt_values /opt/stack/data/venv/lib/python3.12/site-packages/oslo_config/cfg.py:3006}}
Apr 02 13:05:47.842767 np0000162944 nova-conductor[109776]: DEBUG cotyledon.oslo_config_glue [-] oslo_reports.file_event_handler_interval = 1 {{(pid=109776) log_opt_values /opt/stack/data/venv/lib/python3.12/site-packages/oslo_config/cfg.py:3006}}
Apr 02 13:05:47.842767 np0000162944 nova-conductor[109776]: DEBUG cotyledon.oslo_config_glue [-] oslo_reports.log_dir = None {{(pid=109776) log_opt_values /opt/stack/data/venv/lib/python3.12/site-packages/oslo_config/cfg.py:3006}}
Apr 02 13:05:47.842767 np0000162944 nova-conductor[109776]: DEBUG cotyledon.oslo_config_glue [-] ******************************************************************************** {{(pid=109776) log_opt_values /opt/stack/data/venv/lib/python3.12/site-packages/oslo_config/cfg.py:3013}}
Apr 02 13:05:47.842767 np0000162944 nova-conductor[109776]: DEBUG cotyledon._service_worker [-] Run service ServiceWrapper(3) [109776] {{(pid=109776) wait_forever /opt/stack/data/venv/lib/python3.12/site-packages/cotyledon/_service_worker.py:218}}
Apr 02 13:05:47.843092 np0000162944 nova-conductor[109776]: INFO nova.service [-] Starting conductor node (version 33.1.0)
Apr 02 13:05:47.843132 np0000162944 nova-conductor[109768]: DEBUG oslo_db.sqlalchemy.engines [None req-37c9cb1a-140f-4fac-8c7e-88ba2a35379c None None] MySQL server mode set to STRICT_TRANS_TABLES,STRICT_ALL_TABLES,NO_ZERO_IN_DATE,NO_ZERO_DATE,ERROR_FOR_DIVISION_BY_ZERO,TRADITIONAL,NO_ENGINE_SUBSTITUTION {{(pid=109768) _check_effective_sql_mode /opt/stack/data/venv/lib/python3.12/site-packages/oslo_db/sqlalchemy/engines.py:325}}
Apr 02 13:05:47.843185 np0000162944 nova-conductor[109758]: DEBUG nova.service [None req-27f6fa83-54f6-481f-a1e8-856532064130 None None] Creating RPC server for service: nova-conductor on topic: conductor {{(pid=109758) start /opt/stack/nova/nova/service.py:195}}
Apr 02 13:05:47.843233 np0000162944 nova-conductor[109776]: INFO dbcounter [None req-8ffdac32-b59b-4595-a412-5ee462881471 None None] Registered counter for database nova_cell0
Apr 02 13:05:47.845804 np0000162944 nova-conductor[109752]: DEBUG nova.service [None req-c30a414c-2d1e-4b45-bfa4-50e9f4cc7226 None None] Creating RPC server for service: nova-conductor on topic: conductor {{(pid=109752) start /opt/stack/nova/nova/service.py:195}}
Apr 02 13:05:47.851111 np0000162944 nova-conductor[109776]: DEBUG oslo_db.sqlalchemy.engines [None req-8ffdac32-b59b-4595-a412-5ee462881471 None None] MySQL server mode set to STRICT_TRANS_TABLES,STRICT_ALL_TABLES,NO_ZERO_IN_DATE,NO_ZERO_DATE,ERROR_FOR_DIVISION_BY_ZERO,TRADITIONAL,NO_ENGINE_SUBSTITUTION {{(pid=109776) _check_effective_sql_mode /opt/stack/data/venv/lib/python3.12/site-packages/oslo_db/sqlalchemy/engines.py:325}}
Apr 02 13:05:47.855854 np0000162944 nova-conductor[109768]: DEBUG dbcounter [-] [109768] Writer thread running {{(pid=109768) stat_writer /opt/stack/data/venv/lib/python3.12/site-packages/dbcounter.py:102}}
Apr 02 13:05:47.859510 np0000162944 nova-conductor[109768]: DEBUG nova.service [None req-37c9cb1a-140f-4fac-8c7e-88ba2a35379c None None] Creating RPC server for service: nova-conductor on topic: conductor {{(pid=109768) start /opt/stack/nova/nova/service.py:195}}
Apr 02 13:05:47.859860 np0000162944 nova-conductor[109776]: DEBUG dbcounter [-] [109776] Writer thread running {{(pid=109776) stat_writer /opt/stack/data/venv/lib/python3.12/site-packages/dbcounter.py:102}}
Apr 02 13:05:47.863053 np0000162944 nova-conductor[109776]: DEBUG nova.service [None req-8ffdac32-b59b-4595-a412-5ee462881471 None None] Creating RPC server for service: nova-conductor on topic: conductor {{(pid=109776) start /opt/stack/nova/nova/service.py:195}}
Apr 02 13:05:47.868004 np0000162944 nova-conductor[109752]: DEBUG nova.service [None req-c30a414c-2d1e-4b45-bfa4-50e9f4cc7226 None None] Join ServiceGroup membership for this service conductor {{(pid=109752) start /opt/stack/nova/nova/service.py:221}}
Apr 02 13:05:47.868577 np0000162944 nova-conductor[109752]: DEBUG nova.servicegroup.drivers.db [None req-c30a414c-2d1e-4b45-bfa4-50e9f4cc7226 None None] DB_Driver: join new ServiceGroup member np0000162944 to the conductor group, service = {{(pid=109752) join /opt/stack/nova/nova/servicegroup/drivers/db.py:44}}
Apr 02 13:05:47.881008 np0000162944 nova-conductor[109768]: DEBUG nova.service [None req-37c9cb1a-140f-4fac-8c7e-88ba2a35379c None None] Join ServiceGroup membership for this service conductor {{(pid=109768) start /opt/stack/nova/nova/service.py:221}}
Apr 02 13:05:47.881652 np0000162944 nova-conductor[109768]: DEBUG nova.servicegroup.drivers.db [None req-37c9cb1a-140f-4fac-8c7e-88ba2a35379c None None] DB_Driver: join new ServiceGroup member np0000162944 to the conductor group, service = {{(pid=109768) join /opt/stack/nova/nova/servicegroup/drivers/db.py:44}}
Apr 02 13:05:47.881834 np0000162944 nova-conductor[109758]: DEBUG nova.service [None req-27f6fa83-54f6-481f-a1e8-856532064130 None None] Join ServiceGroup membership for this service conductor {{(pid=109758) start /opt/stack/nova/nova/service.py:221}}
Apr 02 13:05:47.881834 np0000162944 nova-conductor[109758]: DEBUG nova.servicegroup.drivers.db [None req-27f6fa83-54f6-481f-a1e8-856532064130 None None] DB_Driver: join new ServiceGroup member np0000162944 to the conductor group, service = {{(pid=109758) join /opt/stack/nova/nova/servicegroup/drivers/db.py:44}}
Apr 02 13:05:47.885343 np0000162944 nova-conductor[109776]: DEBUG nova.service [None req-8ffdac32-b59b-4595-a412-5ee462881471 None None] Join ServiceGroup membership for this service conductor {{(pid=109776) start /opt/stack/nova/nova/service.py:221}}
Apr 02 13:05:47.886307 np0000162944 nova-conductor[109776]: DEBUG nova.servicegroup.drivers.db [None req-8ffdac32-b59b-4595-a412-5ee462881471 None None] DB_Driver: join new ServiceGroup member np0000162944 to the conductor group, service = {{(pid=109776) join /opt/stack/nova/nova/servicegroup/drivers/db.py:44}}
Apr 02 13:05:52.890043 np0000162944 nova-conductor[109752]: DEBUG oslo.service.backend._threading.loopingcall [-] Fixed interval looping call 'nova.servicegroup.drivers.db.DbDriver._report_state' sleeping for 119.98 seconds {{(pid=109752) _run_loop /opt/stack/data/venv/lib/python3.12/site-packages/oslo_service/backend/_threading/loopingcall.py:125}}
Apr 02 13:05:52.892161 np0000162944 nova-conductor[109758]: DEBUG oslo.service.backend._threading.loopingcall [-] Fixed interval looping call 'nova.servicegroup.drivers.db.DbDriver._report_state' sleeping for 119.99 seconds {{(pid=109758) _run_loop /opt/stack/data/venv/lib/python3.12/site-packages/oslo_service/backend/_threading/loopingcall.py:125}}
Apr 02 13:05:52.893285 np0000162944 nova-conductor[109768]: DEBUG oslo.service.backend._threading.loopingcall [-] Fixed interval looping call 'nova.servicegroup.drivers.db.DbDriver._report_state' sleeping for 119.99 seconds {{(pid=109768) _run_loop /opt/stack/data/venv/lib/python3.12/site-packages/oslo_service/backend/_threading/loopingcall.py:125}}
Apr 02 13:05:52.900762 np0000162944 nova-conductor[109776]: DEBUG oslo.service.backend._threading.loopingcall [-] Fixed interval looping call 'nova.servicegroup.drivers.db.DbDriver._report_state' sleeping for 119.99 seconds {{(pid=109776) _run_loop /opt/stack/data/venv/lib/python3.12/site-packages/oslo_service/backend/_threading/loopingcall.py:125}}
Apr 02 13:05:56.482569 np0000162944 nova-conductor[109029]: DEBUG dbcounter [-] [109029] Writing DB stats nova_api:SELECT=1 {{(pid=109029) stat_writer /opt/stack/data/venv/lib/python3.12/site-packages/dbcounter.py:115}}
Apr 02 13:05:56.581868 np0000162944 nova-conductor[109029]: DEBUG dbcounter [-] [109029] Writing DB stats nova_cell0:SELECT=1 {{(pid=109029) stat_writer /opt/stack/data/venv/lib/python3.12/site-packages/dbcounter.py:115}}
Apr 02 13:05:56.591083 np0000162944 nova-conductor[109029]: DEBUG dbcounter [-] [109029] Writing DB stats nova_cell1:SELECT=1 {{(pid=109029) stat_writer /opt/stack/data/venv/lib/python3.12/site-packages/dbcounter.py:115}}
Apr 02 13:06:02.883254 np0000162944 nova-conductor[109752]: DEBUG dbcounter [-] [109752] Writing DB stats nova_cell0:SELECT=5,nova_cell0:INSERT=1,nova_cell0:UPDATE=1 {{(pid=109752) stat_writer /opt/stack/data/venv/lib/python3.12/site-packages/dbcounter.py:115}}
Apr 02 13:06:02.890410 np0000162944 nova-conductor[109758]: DEBUG dbcounter [-] [109758] Writing DB stats nova_cell0:SELECT=4,nova_cell0:INSERT=1 {{(pid=109758) stat_writer /opt/stack/data/venv/lib/python3.12/site-packages/dbcounter.py:115}}
Apr 02 13:06:02.892911 np0000162944 nova-conductor[109768]: DEBUG dbcounter [-] [109768] Writing DB stats nova_cell0:SELECT=3 {{(pid=109768) stat_writer /opt/stack/data/venv/lib/python3.12/site-packages/dbcounter.py:115}}
Apr 02 13:06:02.897685 np0000162944 nova-conductor[109776]: DEBUG dbcounter [-] [109776] Writing DB stats nova_cell0:SELECT=3 {{(pid=109776) stat_writer /opt/stack/data/venv/lib/python3.12/site-packages/dbcounter.py:115}}
Apr 02 13:06:22.885900 np0000162944 nova-conductor[109758]: DEBUG oslo.service.backend._threading.loopingcall [None req-f639a4d0-5bca-4c23-903f-55ab5dfd87c2 None None] Dynamic interval looping call 'nova.service.Service.periodic_tasks' sleeping for 60.00 seconds {{(pid=109758) _run_loop /opt/stack/data/venv/lib/python3.12/site-packages/oslo_service/backend/_threading/loopingcall.py:125}}
Apr 02 13:06:26.888861 np0000162944 nova-conductor[109776]: DEBUG oslo.service.backend._threading.loopingcall [None req-abf2c8e5-b73d-444c-b557-6f3d061ef7a4 None None] Dynamic interval looping call 'nova.service.Service.periodic_tasks' sleeping for 60.00 seconds {{(pid=109776) _run_loop /opt/stack/data/venv/lib/python3.12/site-packages/oslo_service/backend/_threading/loopingcall.py:125}}
Apr 02 13:06:34.883808 np0000162944 nova-conductor[109768]: DEBUG oslo.service.backend._threading.loopingcall [None req-15c5fe4e-6434-4682-8eae-e14d64a3d831 None None] Dynamic interval looping call 'nova.service.Service.periodic_tasks' sleeping for 60.00 seconds {{(pid=109768) _run_loop /opt/stack/data/venv/lib/python3.12/site-packages/oslo_service/backend/_threading/loopingcall.py:125}}
Apr 02 13:06:40.871639 np0000162944 nova-conductor[109752]: DEBUG oslo.service.backend._threading.loopingcall [None req-f33581bc-e6ad-408b-b4f0-432d37c095eb None None] Dynamic interval looping call 'nova.service.Service.periodic_tasks' sleeping for 60.00 seconds {{(pid=109752) _run_loop /opt/stack/data/venv/lib/python3.12/site-packages/oslo_service/backend/_threading/loopingcall.py:125}}
Apr 02 13:07:22.886596 np0000162944 nova-conductor[109758]: DEBUG oslo.service.backend._threading.loopingcall [None req-f639a4d0-5bca-4c23-903f-55ab5dfd87c2 None None] Dynamic interval looping call 'nova.service.Service.periodic_tasks' sleeping for 60.00 seconds {{(pid=109758) _run_loop /opt/stack/data/venv/lib/python3.12/site-packages/oslo_service/backend/_threading/loopingcall.py:125}}
Apr 02 13:07:26.889584 np0000162944 nova-conductor[109776]: DEBUG oslo.service.backend._threading.loopingcall [None req-abf2c8e5-b73d-444c-b557-6f3d061ef7a4 None None] Dynamic interval looping call 'nova.service.Service.periodic_tasks' sleeping for 60.00 seconds {{(pid=109776) _run_loop /opt/stack/data/venv/lib/python3.12/site-packages/oslo_service/backend/_threading/loopingcall.py:125}}
Apr 02 13:07:34.884529 np0000162944 nova-conductor[109768]: DEBUG oslo.service.backend._threading.loopingcall [None req-15c5fe4e-6434-4682-8eae-e14d64a3d831 None None] Dynamic interval looping call 'nova.service.Service.periodic_tasks' sleeping for 60.00 seconds {{(pid=109768) _run_loop /opt/stack/data/venv/lib/python3.12/site-packages/oslo_service/backend/_threading/loopingcall.py:125}}
Apr 02 13:07:40.872449 np0000162944 nova-conductor[109752]: DEBUG oslo.service.backend._threading.loopingcall [None req-f33581bc-e6ad-408b-b4f0-432d37c095eb None None] Dynamic interval looping call 'nova.service.Service.periodic_tasks' sleeping for 60.00 seconds {{(pid=109752) _run_loop /opt/stack/data/venv/lib/python3.12/site-packages/oslo_service/backend/_threading/loopingcall.py:125}}
Apr 02 13:07:52.881821 np0000162944 nova-conductor[109752]: DEBUG oslo.service.backend._threading.loopingcall [-] Fixed interval looping call 'nova.servicegroup.drivers.db.DbDriver._report_state' sleeping for 119.99 seconds {{(pid=109752) _run_loop /opt/stack/data/venv/lib/python3.12/site-packages/oslo_service/backend/_threading/loopingcall.py:125}}
Apr 02 13:07:52.888201 np0000162944 nova-conductor[109758]: DEBUG oslo.service.backend._threading.loopingcall [-] Fixed interval looping call 'nova.servicegroup.drivers.db.DbDriver._report_state' sleeping for 119.99 seconds {{(pid=109758) _run_loop /opt/stack/data/venv/lib/python3.12/site-packages/oslo_service/backend/_threading/loopingcall.py:125}}
Apr 02 13:07:52.889337 np0000162944 nova-conductor[109768]: DEBUG oslo.service.backend._threading.loopingcall [-] Fixed interval looping call 'nova.servicegroup.drivers.db.DbDriver._report_state' sleeping for 119.99 seconds {{(pid=109768) _run_loop /opt/stack/data/venv/lib/python3.12/site-packages/oslo_service/backend/_threading/loopingcall.py:125}}
Apr 02 13:07:52.896137 np0000162944 nova-conductor[109776]: DEBUG oslo.service.backend._threading.loopingcall [-] Fixed interval looping call 'nova.servicegroup.drivers.db.DbDriver._report_state' sleeping for 120.00 seconds {{(pid=109776) _run_loop /opt/stack/data/venv/lib/python3.12/site-packages/oslo_service/backend/_threading/loopingcall.py:125}}
Apr 02 13:08:02.875528 np0000162944 nova-conductor[109752]: DEBUG dbcounter [-] [109752] Writing DB stats nova_cell0:SELECT=1,nova_cell0:UPDATE=1 {{(pid=109752) stat_writer /opt/stack/data/venv/lib/python3.12/site-packages/dbcounter.py:115}}
Apr 02 13:08:02.885710 np0000162944 nova-conductor[109758]: DEBUG dbcounter [-] [109758] Writing DB stats nova_cell0:SELECT=1 {{(pid=109758) stat_writer /opt/stack/data/venv/lib/python3.12/site-packages/dbcounter.py:115}}
Apr 02 13:08:02.886880 np0000162944 nova-conductor[109768]: DEBUG dbcounter [-] [109768] Writing DB stats nova_cell0:SELECT=1 {{(pid=109768) stat_writer /opt/stack/data/venv/lib/python3.12/site-packages/dbcounter.py:115}}
Apr 02 13:08:02.894447 np0000162944 nova-conductor[109776]: DEBUG dbcounter [-] [109776] Writing DB stats nova_cell0:SELECT=1 {{(pid=109776) stat_writer /opt/stack/data/venv/lib/python3.12/site-packages/dbcounter.py:115}}
Apr 02 13:08:22.887389 np0000162944 nova-conductor[109758]: DEBUG oslo.service.backend._threading.loopingcall [None req-f639a4d0-5bca-4c23-903f-55ab5dfd87c2 None None] Dynamic interval looping call 'nova.service.Service.periodic_tasks' sleeping for 60.00 seconds {{(pid=109758) _run_loop /opt/stack/data/venv/lib/python3.12/site-packages/oslo_service/backend/_threading/loopingcall.py:125}}
Apr 02 13:08:26.890466 np0000162944 nova-conductor[109776]: DEBUG oslo.service.backend._threading.loopingcall [None req-abf2c8e5-b73d-444c-b557-6f3d061ef7a4 None None] Dynamic interval looping call 'nova.service.Service.periodic_tasks' sleeping for 60.00 seconds {{(pid=109776) _run_loop /opt/stack/data/venv/lib/python3.12/site-packages/oslo_service/backend/_threading/loopingcall.py:125}}
Apr 02 13:08:34.885341 np0000162944 nova-conductor[109768]: DEBUG oslo.service.backend._threading.loopingcall [None req-15c5fe4e-6434-4682-8eae-e14d64a3d831 None None] Dynamic interval looping call 'nova.service.Service.periodic_tasks' sleeping for 60.00 seconds {{(pid=109768) _run_loop /opt/stack/data/venv/lib/python3.12/site-packages/oslo_service/backend/_threading/loopingcall.py:125}}
Apr 02 13:08:40.873495 np0000162944 nova-conductor[109752]: DEBUG oslo.service.backend._threading.loopingcall [None req-f33581bc-e6ad-408b-b4f0-432d37c095eb None None] Dynamic interval looping call 'nova.service.Service.periodic_tasks' sleeping for 60.00 seconds {{(pid=109752) _run_loop /opt/stack/data/venv/lib/python3.12/site-packages/oslo_service/backend/_threading/loopingcall.py:125}}
Apr 02 13:09:22.888499 np0000162944 nova-conductor[109758]: DEBUG oslo.service.backend._threading.loopingcall [None req-f639a4d0-5bca-4c23-903f-55ab5dfd87c2 None None] Dynamic interval looping call 'nova.service.Service.periodic_tasks' sleeping for 60.00 seconds {{(pid=109758) _run_loop /opt/stack/data/venv/lib/python3.12/site-packages/oslo_service/backend/_threading/loopingcall.py:125}}
Apr 02 13:09:26.891581 np0000162944 nova-conductor[109776]: DEBUG oslo.service.backend._threading.loopingcall [None req-abf2c8e5-b73d-444c-b557-6f3d061ef7a4 None None] Dynamic interval looping call 'nova.service.Service.periodic_tasks' sleeping for 60.00 seconds {{(pid=109776) _run_loop /opt/stack/data/venv/lib/python3.12/site-packages/oslo_service/backend/_threading/loopingcall.py:125}}
Apr 02 13:09:34.886233 np0000162944 nova-conductor[109768]: DEBUG oslo.service.backend._threading.loopingcall [None req-15c5fe4e-6434-4682-8eae-e14d64a3d831 None None] Dynamic interval looping call 'nova.service.Service.periodic_tasks' sleeping for 60.00 seconds {{(pid=109768) _run_loop /opt/stack/data/venv/lib/python3.12/site-packages/oslo_service/backend/_threading/loopingcall.py:125}}
Apr 02 13:09:40.874326 np0000162944 nova-conductor[109752]: DEBUG oslo.service.backend._threading.loopingcall [None req-f33581bc-e6ad-408b-b4f0-432d37c095eb None None] Dynamic interval looping call 'nova.service.Service.periodic_tasks' sleeping for 60.00 seconds {{(pid=109752) _run_loop /opt/stack/data/venv/lib/python3.12/site-packages/oslo_service/backend/_threading/loopingcall.py:125}}
Apr 02 13:09:52.883427 np0000162944 nova-conductor[109752]: DEBUG oslo.service.backend._threading.loopingcall [-] Fixed interval looping call 'nova.servicegroup.drivers.db.DbDriver._report_state' sleeping for 119.99 seconds {{(pid=109752) _run_loop /opt/stack/data/venv/lib/python3.12/site-packages/oslo_service/backend/_threading/loopingcall.py:125}}
Apr 02 13:09:52.885976 np0000162944 nova-conductor[109768]: DEBUG oslo.service.backend._threading.loopingcall [-] Fixed interval looping call 'nova.servicegroup.drivers.db.DbDriver._report_state' sleeping for 119.99 seconds {{(pid=109768) _run_loop /opt/stack/data/venv/lib/python3.12/site-packages/oslo_service/backend/_threading/loopingcall.py:125}}
Apr 02 13:09:52.886541 np0000162944 nova-conductor[109758]: DEBUG oslo.service.backend._threading.loopingcall [-] Fixed interval looping call 'nova.servicegroup.drivers.db.DbDriver._report_state' sleeping for 119.99 seconds {{(pid=109758) _run_loop /opt/stack/data/venv/lib/python3.12/site-packages/oslo_service/backend/_threading/loopingcall.py:125}}
Apr 02 13:09:52.901714 np0000162944 nova-conductor[109776]: DEBUG oslo.service.backend._threading.loopingcall [-] Fixed interval looping call 'nova.servicegroup.drivers.db.DbDriver._report_state' sleeping for 119.99 seconds {{(pid=109776) _run_loop /opt/stack/data/venv/lib/python3.12/site-packages/oslo_service/backend/_threading/loopingcall.py:125}}
Apr 02 13:10:02.877637 np0000162944 nova-conductor[109752]: DEBUG dbcounter [-] [109752] Writing DB stats nova_cell0:SELECT=1,nova_cell0:UPDATE=1 {{(pid=109752) stat_writer /opt/stack/data/venv/lib/python3.12/site-packages/dbcounter.py:115}}
Apr 02 13:10:02.884509 np0000162944 nova-conductor[109768]: DEBUG dbcounter [-] [109768] Writing DB stats nova_cell0:SELECT=1,nova_cell0:UPDATE=1 {{(pid=109768) stat_writer /opt/stack/data/venv/lib/python3.12/site-packages/dbcounter.py:115}}
Apr 02 13:10:02.884945 np0000162944 nova-conductor[109758]: DEBUG dbcounter [-] [109758] Writing DB stats nova_cell0:SELECT=1,nova_cell0:UPDATE=1 {{(pid=109758) stat_writer /opt/stack/data/venv/lib/python3.12/site-packages/dbcounter.py:115}}
Apr 02 13:10:02.898720 np0000162944 nova-conductor[109776]: DEBUG dbcounter [-] [109776] Writing DB stats nova_cell0:SELECT=1 {{(pid=109776) stat_writer /opt/stack/data/venv/lib/python3.12/site-packages/dbcounter.py:115}}
Apr 02 13:10:22.889509 np0000162944 nova-conductor[109758]: DEBUG oslo.service.backend._threading.loopingcall [None req-f639a4d0-5bca-4c23-903f-55ab5dfd87c2 None None] Dynamic interval looping call 'nova.service.Service.periodic_tasks' sleeping for 60.00 seconds {{(pid=109758) _run_loop /opt/stack/data/venv/lib/python3.12/site-packages/oslo_service/backend/_threading/loopingcall.py:125}}
