May 12 19:07:17.052098 np0000173792 devstack@neutron-api.service[102894]: DEBUG neutron.api.extensions [None req-ab838515-2ef9-40ea-9b03-95d13da247be None None] Ext name="Address group" alias="address-group" description="Support address group" updated="2020-07-15T10:00:00-00:00" {{(pid=102894) _check_extension /opt/stack/neutron/neutron/api/extensions.py:415}}
May 12 19:07:17.052364 np0000173792 devstack@neutron-api.service[102894]: INFO neutron.api.extensions [None req-ab838515-2ef9-40ea-9b03-95d13da247be None None] Loaded extension: address-group
May 12 19:07:17.052900 np0000173792 devstack@neutron-api.service[102894]: DEBUG neutron.api.extensions [None req-ab838515-2ef9-40ea-9b03-95d13da247be None None] Loading extension file: address_scope.py {{(pid=102894) _load_all_extensions_from_path /opt/stack/neutron/neutron/api/extensions.py:449}}
May 12 19:07:17.052900 np0000173792 devstack@neutron-api.service[102894]: DEBUG neutron.api.extensions [None req-ab838515-2ef9-40ea-9b03-95d13da247be None None] Ext name="Address scope" alias="address-scope" description="Address scopes extension." updated="2015-07-26T10:00:00-00:00" {{(pid=102894) _check_extension /opt/stack/neutron/neutron/api/extensions.py:415}}
May 12 19:07:17.052900 np0000173792 devstack@neutron-api.service[102894]: INFO neutron.api.extensions [None req-ab838515-2ef9-40ea-9b03-95d13da247be None None] Loaded extension: address-scope
May 12 19:07:17.053242 np0000173792 devstack@neutron-api.service[102894]: DEBUG neutron.api.extensions [None req-ab838515-2ef9-40ea-9b03-95d13da247be None None] Loading extension file: admin_state_down_before_update.py {{(pid=102894) _load_all_extensions_from_path /opt/stack/neutron/neutron/api/extensions.py:449}}
May 12 19:07:17.053242 np0000173792 devstack@neutron-api.service[102894]: DEBUG neutron.api.extensions [None req-ab838515-2ef9-40ea-9b03-95d13da247be None None] Ext name="Enforce Router's Admin State Down Before Update Extension" alias="router-admin-state-down-before-update" description="Ensure that the admin state of a router is DOWN (admin_state_up=False) before updating the distributed attribute" updated="2019-07-02T15:56:00" {{(pid=102894) _check_extension /opt/stack/neutron/neutron/api/extensions.py:415}}
May 12 19:07:17.053391 np0000173792 devstack@neutron-api.service[102894]: INFO neutron.api.extensions [None req-ab838515-2ef9-40ea-9b03-95d13da247be None None] Extension router-admin-state-down-before-update not supported by any of loaded plugins
May 12 19:07:17.053598 np0000173792 devstack@neutron-api.service[102894]: DEBUG neutron.api.extensions [None req-ab838515-2ef9-40ea-9b03-95d13da247be None None] Loading extension file: agent.py {{(pid=102894) _load_all_extensions_from_path /opt/stack/neutron/neutron/api/extensions.py:449}}
May 12 19:07:17.053920 np0000173792 devstack@neutron-api.service[102894]: DEBUG neutron.api.extensions [None req-ab838515-2ef9-40ea-9b03-95d13da247be None None] Ext name="agent" alias="agent" description="The agent management extension." updated="2013-02-03T10:00:00-00:00" {{(pid=102894) _check_extension /opt/stack/neutron/neutron/api/extensions.py:415}}
May 12 19:07:17.053992 np0000173792 devstack@neutron-api.service[102894]: INFO neutron.api.extensions [None req-ab838515-2ef9-40ea-9b03-95d13da247be None None] Loaded extension: agent
May 12 19:07:17.054204 np0000173792 devstack@neutron-api.service[102894]: DEBUG neutron.api.extensions [None req-ab838515-2ef9-40ea-9b03-95d13da247be None None] Loading extension file: agent_resources_synced.py {{(pid=102894) _load_all_extensions_from_path /opt/stack/neutron/neutron/api/extensions.py:449}}
May 12 19:07:17.054337 np0000173792 devstack@neutron-api.service[102894]: DEBUG neutron.api.extensions [None req-ab838515-2ef9-40ea-9b03-95d13da247be None None] Ext name="Agent's Resource View Synced to Placement" alias="agent-resources-synced" description="Stores success/failure of last sync to Placement" updated="2018-12-19T00:00:00-00:00" {{(pid=102894) _check_extension /opt/stack/neutron/neutron/api/extensions.py:415}}
May 12 19:07:17.054960 np0000173792 devstack@neutron-api.service[102894]: INFO neutron.api.extensions [None req-ab838515-2ef9-40ea-9b03-95d13da247be None None] Extension agent-resources-synced not supported by any of loaded plugins
May 12 19:07:17.054960 np0000173792 devstack@neutron-api.service[102894]: DEBUG neutron.api.extensions [None req-ab838515-2ef9-40ea-9b03-95d13da247be None None] Loading extension file: agent_sort_key.py {{(pid=102894) _load_all_extensions_from_path /opt/stack/neutron/neutron/api/extensions.py:449}}
May 12 19:07:17.054960 np0000173792 devstack@neutron-api.service[102894]: DEBUG neutron.api.extensions [None req-ab838515-2ef9-40ea-9b03-95d13da247be None None] Ext name="Agents Sort Key" alias="agent_sort_key" description="Enabling the keyword sort_key for sorting in agents." updated="2013-02-03T10:00:00-00:00" {{(pid=102894) _check_extension /opt/stack/neutron/neutron/api/extensions.py:415}}
May 12 19:07:17.054960 np0000173792 devstack@neutron-api.service[102894]: INFO neutron.api.extensions [None req-ab838515-2ef9-40ea-9b03-95d13da247be None None] Extension agent_sort_key not supported by any of loaded plugins
May 12 19:07:17.055289 np0000173792 devstack@neutron-api.service[102894]: DEBUG neutron.api.extensions [None req-ab838515-2ef9-40ea-9b03-95d13da247be None None] Loading extension file: allowedaddresspairs.py {{(pid=102894) _load_all_extensions_from_path /opt/stack/neutron/neutron/api/extensions.py:449}}
May 12 19:07:17.055763 np0000173792 devstack@neutron-api.service[102894]: DEBUG neutron.api.extensions [None req-ab838515-2ef9-40ea-9b03-95d13da247be None None] Ext name="Allowed Address Pairs" alias="allowed-address-pairs" description="Provides allowed address pairs" updated="2013-07-23T10:00:00-00:00" {{(pid=102894) _check_extension /opt/stack/neutron/neutron/api/extensions.py:415}}
May 12 19:07:17.055937 np0000173792 devstack@neutron-api.service[102894]: INFO neutron.api.extensions [None req-ab838515-2ef9-40ea-9b03-95d13da247be None None] Loaded extension: allowed-address-pairs
May 12 19:07:17.056028 np0000173792 devstack@neutron-api.service[102894]: DEBUG neutron.api.extensions [None req-ab838515-2ef9-40ea-9b03-95d13da247be None None] Loading extension file: auto_allocated_topology.py {{(pid=102894) _load_all_extensions_from_path /opt/stack/neutron/neutron/api/extensions.py:449}}
May 12 19:07:17.056280 np0000173792 devstack@neutron-api.service[102894]: DEBUG neutron.api.extensions [None req-ab838515-2ef9-40ea-9b03-95d13da247be None None] Ext name="Auto Allocated Topology Services" alias="auto-allocated-topology" description="Auto Allocated Topology Services." updated="2016-01-01T00:00:00-00:00" {{(pid=102894) _check_extension /opt/stack/neutron/neutron/api/extensions.py:415}}
May 12 19:07:17.056498 np0000173792 devstack@neutron-api.service[102894]: INFO neutron.api.extensions [None req-ab838515-2ef9-40ea-9b03-95d13da247be None None] Loaded extension: auto-allocated-topology
May 12 19:07:17.056541 np0000173792 devstack@neutron-api.service[102894]: DEBUG neutron.api.extensions [None req-ab838515-2ef9-40ea-9b03-95d13da247be None None] Loading extension file: availability_zone.py {{(pid=102894) _load_all_extensions_from_path /opt/stack/neutron/neutron/api/extensions.py:449}}
May 12 19:07:17.056840 np0000173792 devstack@neutron-api.service[102894]: DEBUG neutron.api.extensions [None req-ab838515-2ef9-40ea-9b03-95d13da247be None None] Ext name="Availability Zone" alias="availability_zone" description="The availability zone extension." updated="2015-01-01T10:00:00-00:00" {{(pid=102894) _check_extension /opt/stack/neutron/neutron/api/extensions.py:415}}
May 12 19:07:17.057066 np0000173792 devstack@neutron-api.service[102894]: INFO neutron.api.extensions [None req-ab838515-2ef9-40ea-9b03-95d13da247be None None] Loaded extension: availability_zone
May 12 19:07:17.057140 np0000173792 devstack@neutron-api.service[102896]: INFO neutron.plugins.ml2.drivers.type_vlan [None req-36de70d5-b4cb-4615-9cae-fa44d705646c None None] VlanTypeDriver initialization complete
May 12 19:07:17.057592 np0000173792 devstack@neutron-api.service[102894]: DEBUG neutron.api.extensions [None req-ab838515-2ef9-40ea-9b03-95d13da247be None None] Loading extension file: availability_zone_filter.py {{(pid=102894) _load_all_extensions_from_path /opt/stack/neutron/neutron/api/extensions.py:449}}
May 12 19:07:17.057698 np0000173792 devstack@neutron-api.service[102896]: INFO neutron.plugins.ml2.managers [None req-36de70d5-b4cb-4615-9cae-fa44d705646c None None] Initializing extension driver 'port_security'
May 12 19:07:17.057698 np0000173792 devstack@neutron-api.service[102896]: INFO neutron.plugins.ml2.extensions.port_security [None req-36de70d5-b4cb-4615-9cae-fa44d705646c None None] PortSecurityExtensionDriver initialization complete
May 12 19:07:17.057797 np0000173792 devstack@neutron-api.service[102894]: DEBUG neutron.api.extensions [None req-ab838515-2ef9-40ea-9b03-95d13da247be None None] Ext name="Availability Zone Filter Extension" alias="availability_zone_filter" description="Add filter parameters to AvailabilityZone resource" updated="2018-06-22T10:00:00-00:00" {{(pid=102894) _check_extension /opt/stack/neutron/neutron/api/extensions.py:415}}
May 12 19:07:17.057867 np0000173792 devstack@neutron-api.service[102896]: INFO neutron.plugins.ml2.managers [None req-36de70d5-b4cb-4615-9cae-fa44d705646c None None] Initializing extension driver 'qos'
May 12 19:07:17.057867 np0000173792 devstack@neutron-api.service[102896]: DEBUG neutron.plugins.ml2.extensions.qos [None req-36de70d5-b4cb-4615-9cae-fa44d705646c None None] QosExtensionDriver initialization complete {{(pid=102896) initialize /opt/stack/neutron/neutron/plugins/ml2/extensions/qos.py:31}}
May 12 19:07:17.057928 np0000173792 devstack@neutron-api.service[102894]: INFO neutron.api.extensions [None req-ab838515-2ef9-40ea-9b03-95d13da247be None None] Extension availability_zone_filter not supported by any of loaded plugins
May 12 19:07:17.058011 np0000173792 devstack@neutron-api.service[102896]: INFO neutron.plugins.ml2.managers [None req-36de70d5-b4cb-4615-9cae-fa44d705646c None None] Initializing mechanism driver 'ovn'
May 12 19:07:17.058085 np0000173792 devstack@neutron-api.service[102894]: DEBUG neutron.api.extensions [None req-ab838515-2ef9-40ea-9b03-95d13da247be None None] Loading extension file: data_plane_status.py {{(pid=102894) _load_all_extensions_from_path /opt/stack/neutron/neutron/api/extensions.py:449}}
May 12 19:07:17.058117 np0000173792 devstack@neutron-api.service[102896]: INFO neutron.plugins.ml2.drivers.ovn.mech_driver.mech_driver [None req-36de70d5-b4cb-4615-9cae-fa44d705646c None None] Starting OVNMechanismDriver
May 12 19:07:17.058195 np0000173792 devstack@neutron-api.service[102894]: DEBUG neutron.api.extensions [None req-ab838515-2ef9-40ea-9b03-95d13da247be None None] Ext name="Port data plane status extension" alias="data-plane-status" description="Expose status of underlying data plane" updated="2017-01-24T10:00:00-00:00" {{(pid=102894) _check_extension /opt/stack/neutron/neutron/api/extensions.py:415}}
May 12 19:07:17.058195 np0000173792 devstack@neutron-api.service[102894]: INFO neutron.api.extensions [None req-ab838515-2ef9-40ea-9b03-95d13da247be None None] Extension data-plane-status not supported by any of loaded plugins
May 12 19:07:17.058195 np0000173792 devstack@neutron-api.service[102894]: DEBUG neutron.api.extensions [None req-ab838515-2ef9-40ea-9b03-95d13da247be None None] Loading extension file: default_subnetpools.py {{(pid=102894) _load_all_extensions_from_path /opt/stack/neutron/neutron/api/extensions.py:449}}
May 12 19:07:17.058302 np0000173792 devstack@neutron-api.service[102894]: DEBUG neutron.api.extensions [None req-ab838515-2ef9-40ea-9b03-95d13da247be None None] Ext name="Default Subnetpools" alias="default-subnetpools" description="Provides ability to mark and use a subnetpool as the default." updated="2016-02-18T18:00:00-00:00" {{(pid=102894) _check_extension /opt/stack/neutron/neutron/api/extensions.py:415}}
May 12 19:07:17.058698 np0000173792 devstack@neutron-api.service[102894]: INFO neutron.api.extensions [None req-ab838515-2ef9-40ea-9b03-95d13da247be None None] Loaded extension: default-subnetpools
May 12 19:07:17.058698 np0000173792 devstack@neutron-api.service[102894]: DEBUG neutron.api.extensions [None req-ab838515-2ef9-40ea-9b03-95d13da247be None None] Loading extension file: dhcpagentscheduler.py {{(pid=102894) _load_all_extensions_from_path /opt/stack/neutron/neutron/api/extensions.py:449}}
May 12 19:07:17.059280 np0000173792 devstack@neutron-api.service[102894]: DEBUG neutron.api.extensions [None req-ab838515-2ef9-40ea-9b03-95d13da247be None None] Ext name="DHCP Agent Scheduler" alias="dhcp_agent_scheduler" description="Schedule networks among dhcp agents" updated="2013-02-07T10:00:00-00:00" {{(pid=102894) _check_extension /opt/stack/neutron/neutron/api/extensions.py:415}}
May 12 19:07:17.059280 np0000173792 devstack@neutron-api.service[102894]: INFO neutron.api.extensions [None req-ab838515-2ef9-40ea-9b03-95d13da247be None None] Loaded extension: dhcp_agent_scheduler
May 12 19:07:17.059280 np0000173792 devstack@neutron-api.service[102894]: DEBUG neutron.api.extensions [None req-ab838515-2ef9-40ea-9b03-95d13da247be None None] Loading extension file: dns.py {{(pid=102894) _load_all_extensions_from_path /opt/stack/neutron/neutron/api/extensions.py:449}}
May 12 19:07:17.059747 np0000173792 devstack@neutron-api.service[102896]: DEBUG neutron_lib.callbacks.manager [None req-36de70d5-b4cb-4615-9cae-fa44d705646c None None] Subscribe: > process before_spawn 55550000, False {{(pid=102896) subscribe /opt/stack/data/venv/lib/python3.12/site-packages/neutron_lib/callbacks/manager.py:52}}
May 12 19:07:17.059947 np0000173792 devstack@neutron-api.service[102894]: DEBUG neutron.api.extensions [None req-ab838515-2ef9-40ea-9b03-95d13da247be None None] Ext name="DNS Integration" alias="dns-integration" description="Provides integration with DNS." updated="2015-08-15T18:00:00-00:00" {{(pid=102894) _check_extension /opt/stack/neutron/neutron/api/extensions.py:415}}
May 12 19:07:17.060071 np0000173792 devstack@neutron-api.service[102896]: DEBUG neutron_lib.callbacks.manager [None req-36de70d5-b4cb-4615-9cae-fa44d705646c None None] Subscribe: > process after_init 55550000, True {{(pid=102896) subscribe /opt/stack/data/venv/lib/python3.12/site-packages/neutron_lib/callbacks/manager.py:52}}
May 12 19:07:17.060241 np0000173792 devstack@neutron-api.service[102894]: INFO neutron.api.extensions [None req-ab838515-2ef9-40ea-9b03-95d13da247be None None] Loaded extension: dns-integration
May 12 19:07:17.060512 np0000173792 devstack@neutron-api.service[102896]: DEBUG neutron_lib.callbacks.manager [None req-36de70d5-b4cb-4615-9cae-fa44d705646c None None] Subscribe: > segment after_create 55550000, False {{(pid=102896) subscribe /opt/stack/data/venv/lib/python3.12/site-packages/neutron_lib/callbacks/manager.py:52}}
May 12 19:07:17.060892 np0000173792 devstack@neutron-api.service[102894]: DEBUG neutron.api.extensions [None req-ab838515-2ef9-40ea-9b03-95d13da247be None None] Loading extension file: dns_domain_ports.py {{(pid=102894) _load_all_extensions_from_path /opt/stack/neutron/neutron/api/extensions.py:449}}
May 12 19:07:17.061052 np0000173792 devstack@neutron-api.service[102896]: DEBUG neutron_lib.callbacks.manager [None req-36de70d5-b4cb-4615-9cae-fa44d705646c None None] Subscribe: > segment after_create 55550000, False {{(pid=102896) subscribe /opt/stack/data/venv/lib/python3.12/site-packages/neutron_lib/callbacks/manager.py:52}}
May 12 19:07:17.061179 np0000173792 devstack@neutron-api.service[102894]: DEBUG neutron.api.extensions [None req-ab838515-2ef9-40ea-9b03-95d13da247be None None] Ext name="dns_domain for ports" alias="dns-domain-ports" description="Allows the DNS domain to be specified for a network port." updated="2017-04-24T10:00:00-00:00" {{(pid=102894) _check_extension /opt/stack/neutron/neutron/api/extensions.py:415}}
May 12 19:07:17.061259 np0000173792 devstack@neutron-api.service[102896]: DEBUG neutron_lib.callbacks.manager [None req-36de70d5-b4cb-4615-9cae-fa44d705646c None None] Subscribe: > segment after_delete 55550000, False {{(pid=102896) subscribe /opt/stack/data/venv/lib/python3.12/site-packages/neutron_lib/callbacks/manager.py:52}}
May 12 19:07:17.061336 np0000173792 devstack@neutron-api.service[102894]: INFO neutron.api.extensions [None req-ab838515-2ef9-40ea-9b03-95d13da247be None None] Loaded extension: dns-domain-ports
May 12 19:07:17.061420 np0000173792 devstack@neutron-api.service[102896]: DEBUG neutron_lib.callbacks.manager [None req-36de70d5-b4cb-4615-9cae-fa44d705646c None None] Subscribe: > allowed_address_pair before_create 55550000, False {{(pid=102896) subscribe /opt/stack/data/venv/lib/python3.12/site-packages/neutron_lib/callbacks/manager.py:52}}
May 12 19:07:17.061503 np0000173792 devstack@neutron-api.service[102894]: DEBUG neutron.api.extensions [None req-ab838515-2ef9-40ea-9b03-95d13da247be None None] Loading extension file: dns_integration_domain_keywords.py {{(pid=102894) _load_all_extensions_from_path /opt/stack/neutron/neutron/api/extensions.py:449}}
May 12 19:07:17.061580 np0000173792 devstack@neutron-api.service[102896]: DEBUG neutron_lib.callbacks.manager [None req-36de70d5-b4cb-4615-9cae-fa44d705646c None None] Subscribe: > security_group precommit_create 55550000, False {{(pid=102896) subscribe /opt/stack/data/venv/lib/python3.12/site-packages/neutron_lib/callbacks/manager.py:52}}
May 12 19:07:17.061629 np0000173792 devstack@neutron-api.service[102894]: DEBUG neutron.api.extensions [None req-ab838515-2ef9-40ea-9b03-95d13da247be None None] Ext name="DNS domain names with keywords allowed" alias="dns-integration-domain-keywords" description="Allows to use keywords like , , and as DNS domain name" updated="2020-06-15T18:00:00-00:00" {{(pid=102894) _check_extension /opt/stack/neutron/neutron/api/extensions.py:415}}
May 12 19:07:17.061696 np0000173792 devstack@neutron-api.service[102896]: DEBUG neutron_lib.callbacks.manager [None req-36de70d5-b4cb-4615-9cae-fa44d705646c None None] Subscribe: > security_group after_update 55550000, False {{(pid=102896) subscribe /opt/stack/data/venv/lib/python3.12/site-packages/neutron_lib/callbacks/manager.py:52}}
May 12 19:07:17.061754 np0000173792 devstack@neutron-api.service[102894]: INFO neutron.api.extensions [None req-ab838515-2ef9-40ea-9b03-95d13da247be None None] Loaded extension: dns-integration-domain-keywords
May 12 19:07:17.061754 np0000173792 devstack@neutron-api.service[102894]: DEBUG neutron.api.extensions [None req-ab838515-2ef9-40ea-9b03-95d13da247be None None] Loading extension file: dvr.py {{(pid=102894) _load_all_extensions_from_path /opt/stack/neutron/neutron/api/extensions.py:449}}
May 12 19:07:17.061805 np0000173792 devstack@neutron-api.service[102896]: DEBUG neutron_lib.callbacks.manager [None req-36de70d5-b4cb-4615-9cae-fa44d705646c None None] Subscribe: > security_group after_create 55550000, False {{(pid=102896) subscribe /opt/stack/data/venv/lib/python3.12/site-packages/neutron_lib/callbacks/manager.py:52}}
May 12 19:07:17.061805 np0000173792 devstack@neutron-api.service[102896]: DEBUG neutron_lib.callbacks.manager [None req-36de70d5-b4cb-4615-9cae-fa44d705646c None None] Subscribe: > security_group precommit_delete 55550000, False {{(pid=102896) subscribe /opt/stack/data/venv/lib/python3.12/site-packages/neutron_lib/callbacks/manager.py:52}}
May 12 19:07:17.061881 np0000173792 devstack@neutron-api.service[102894]: DEBUG neutron.api.extensions [None req-ab838515-2ef9-40ea-9b03-95d13da247be None None] Ext name="Distributed Virtual Router" alias="dvr" description="Enables configuration of Distributed Virtual Routers." updated="2014-06-1T10:00:00-00:00" {{(pid=102894) _check_extension /opt/stack/neutron/neutron/api/extensions.py:415}}
May 12 19:07:17.061946 np0000173792 devstack@neutron-api.service[102896]: DEBUG neutron_lib.callbacks.manager [None req-36de70d5-b4cb-4615-9cae-fa44d705646c None None] Subscribe: > security_group after_delete 55550000, False {{(pid=102896) subscribe /opt/stack/data/venv/lib/python3.12/site-packages/neutron_lib/callbacks/manager.py:52}}
May 12 19:07:17.061946 np0000173792 devstack@neutron-api.service[102896]: DEBUG neutron_lib.callbacks.manager [None req-36de70d5-b4cb-4615-9cae-fa44d705646c None None] Subscribe: > security_group_rule precommit_create 55550000, False {{(pid=102896) subscribe /opt/stack/data/venv/lib/python3.12/site-packages/neutron_lib/callbacks/manager.py:52}}
May 12 19:07:17.062019 np0000173792 devstack@neutron-api.service[102894]: INFO neutron.api.extensions [None req-ab838515-2ef9-40ea-9b03-95d13da247be None None] Extension dvr not supported by any of loaded plugins
May 12 19:07:17.062047 np0000173792 devstack@neutron-api.service[102896]: DEBUG neutron_lib.callbacks.manager [None req-36de70d5-b4cb-4615-9cae-fa44d705646c None None] Subscribe: > security_group_rule after_create 55550000, False {{(pid=102896) subscribe /opt/stack/data/venv/lib/python3.12/site-packages/neutron_lib/callbacks/manager.py:52}}
May 12 19:07:17.062112 np0000173792 devstack@neutron-api.service[102894]: DEBUG neutron.api.extensions [None req-ab838515-2ef9-40ea-9b03-95d13da247be None None] Loading extension file: ecmp_routes.py {{(pid=102894) _load_all_extensions_from_path /opt/stack/neutron/neutron/api/extensions.py:449}}
May 12 19:07:17.062168 np0000173792 devstack@neutron-api.service[102896]: DEBUG neutron_lib.callbacks.manager [None req-36de70d5-b4cb-4615-9cae-fa44d705646c None None] Subscribe: > security_group_rule before_delete 55550000, False {{(pid=102896) subscribe /opt/stack/data/venv/lib/python3.12/site-packages/neutron_lib/callbacks/manager.py:52}}
May 12 19:07:17.062168 np0000173792 devstack@neutron-api.service[102896]: DEBUG neutron_lib.callbacks.manager [None req-36de70d5-b4cb-4615-9cae-fa44d705646c None None] Subscribe: > address_group after_create 55550000, False {{(pid=102896) subscribe /opt/stack/data/venv/lib/python3.12/site-packages/neutron_lib/callbacks/manager.py:52}}
May 12 19:07:17.062223 np0000173792 devstack@neutron-api.service[102894]: DEBUG neutron.api.extensions [None req-ab838515-2ef9-40ea-9b03-95d13da247be None None] Ext name="Equal Cost Multipath Routing" alias="ecmp_routes" description="Allows traffic to reach thesame destination via multiple different links " updated="2020-11-26T18:00:00-00:00" {{(pid=102894) _check_extension /opt/stack/neutron/neutron/api/extensions.py:415}}
May 12 19:07:17.062281 np0000173792 devstack@neutron-api.service[102896]: DEBUG neutron_lib.callbacks.manager [None req-36de70d5-b4cb-4615-9cae-fa44d705646c None None] Subscribe: > address_group after_update 55550000, False {{(pid=102896) subscribe /opt/stack/data/venv/lib/python3.12/site-packages/neutron_lib/callbacks/manager.py:52}}
May 12 19:07:17.062281 np0000173792 devstack@neutron-api.service[102896]: DEBUG neutron_lib.callbacks.manager [None req-36de70d5-b4cb-4615-9cae-fa44d705646c None None] Subscribe: > address_group after_delete 55550000, False {{(pid=102896) subscribe /opt/stack/data/venv/lib/python3.12/site-packages/neutron_lib/callbacks/manager.py:52}}
May 12 19:07:17.062359 np0000173792 devstack@neutron-api.service[102894]: INFO neutron.api.extensions [None req-ab838515-2ef9-40ea-9b03-95d13da247be None None] Extension ecmp_routes not supported by any of loaded plugins
May 12 19:07:17.062411 np0000173792 devstack@neutron-api.service[102897]: INFO neutron.plugins.ml2.drivers.type_vlan [None req-0342afba-2b4d-4b1a-ad84-c736933bbb94 None None] VlanTypeDriver initialization complete
May 12 19:07:17.063107 np0000173792 devstack@neutron-api.service[102894]: DEBUG neutron.api.extensions [None req-ab838515-2ef9-40ea-9b03-95d13da247be None None] Loading extension file: empty_string_filtering.py {{(pid=102894) _load_all_extensions_from_path /opt/stack/neutron/neutron/api/extensions.py:449}}
May 12 19:07:17.063661 np0000173792 devstack@neutron-api.service[102896]: DEBUG neutron_lib.callbacks.manager [None req-36de70d5-b4cb-4615-9cae-fa44d705646c None None] Subscribe: > qos_plugin after_init 55550000, False {{(pid=102896) subscribe /opt/stack/data/venv/lib/python3.12/site-packages/neutron_lib/callbacks/manager.py:52}}
May 12 19:07:17.064171 np0000173792 devstack@neutron-api.service[102894]: DEBUG neutron.api.extensions [None req-ab838515-2ef9-40ea-9b03-95d13da247be None None] Ext name="Empty String Filtering Extension" alias="empty-string-filtering" description="Allow filtering by attributes with empty string value" updated="2018-05-01T10:00:00-00:00" {{(pid=102894) _check_extension /opt/stack/neutron/neutron/api/extensions.py:415}}
May 12 19:07:17.064641 np0000173792 devstack@neutron-api.service[102897]: INFO neutron.plugins.ml2.managers [None req-0342afba-2b4d-4b1a-ad84-c736933bbb94 None None] Initializing extension driver 'port_security'
May 12 19:07:17.065003 np0000173792 devstack@neutron-api.service[102896]: DEBUG neutron_lib.callbacks.manager [None req-36de70d5-b4cb-4615-9cae-fa44d705646c None None] Subscribe: > trunk_plugin after_init 55550000, False {{(pid=102896) subscribe /opt/stack/data/venv/lib/python3.12/site-packages/neutron_lib/callbacks/manager.py:52}}
May 12 19:07:17.065283 np0000173792 devstack@neutron-api.service[102894]: INFO neutron.api.extensions [None req-ab838515-2ef9-40ea-9b03-95d13da247be None None] Loaded extension: empty-string-filtering
May 12 19:07:17.065387 np0000173792 devstack@neutron-api.service[102897]: INFO neutron.plugins.ml2.extensions.port_security [None req-0342afba-2b4d-4b1a-ad84-c736933bbb94 None None] PortSecurityExtensionDriver initialization complete
May 12 19:07:17.065483 np0000173792 devstack@neutron-api.service[102894]: DEBUG neutron.api.extensions [None req-ab838515-2ef9-40ea-9b03-95d13da247be None None] Loading extension file: expose_l3_conntrack_helper.py {{(pid=102894) _load_all_extensions_from_path /opt/stack/neutron/neutron/api/extensions.py:449}}
May 12 19:07:17.065520 np0000173792 devstack@neutron-api.service[102896]: DEBUG neutron_lib.callbacks.manager [None req-36de70d5-b4cb-4615-9cae-fa44d705646c None None] Subscribe: > logging-plugin after_init 55550000, False {{(pid=102896) subscribe /opt/stack/data/venv/lib/python3.12/site-packages/neutron_lib/callbacks/manager.py:52}}
May 12 19:07:17.065577 np0000173792 devstack@neutron-api.service[102897]: INFO neutron.plugins.ml2.managers [None req-0342afba-2b4d-4b1a-ad84-c736933bbb94 None None] Initializing extension driver 'qos'
May 12 19:07:17.065577 np0000173792 devstack@neutron-api.service[102897]: DEBUG neutron.plugins.ml2.extensions.qos [None req-0342afba-2b4d-4b1a-ad84-c736933bbb94 None None] QosExtensionDriver initialization complete {{(pid=102897) initialize /opt/stack/neutron/neutron/plugins/ml2/extensions/qos.py:31}}
May 12 19:07:17.065641 np0000173792 devstack@neutron-api.service[102894]: DEBUG neutron.api.extensions [None req-ab838515-2ef9-40ea-9b03-95d13da247be None None] Ext name="Expose CT target rules for conntrack helper" alias="expose-l3-conntrack-helper" description="Expose allow adding CT target rules for conntrack helper" updated="2019-04-04T10:00:00-00:00" {{(pid=102894) _check_extension /opt/stack/neutron/neutron/api/extensions.py:415}}
May 12 19:07:17.065733 np0000173792 devstack@neutron-api.service[102897]: INFO neutron.plugins.ml2.managers [None req-0342afba-2b4d-4b1a-ad84-c736933bbb94 None None] Initializing mechanism driver 'ovn'
May 12 19:07:17.065760 np0000173792 devstack@neutron-api.service[102894]: INFO neutron.api.extensions [None req-ab838515-2ef9-40ea-9b03-95d13da247be None None] Extension expose-l3-conntrack-helper not supported by any of loaded plugins
May 12 19:07:17.065821 np0000173792 devstack@neutron-api.service[102897]: INFO neutron.plugins.ml2.drivers.ovn.mech_driver.mech_driver [None req-0342afba-2b4d-4b1a-ad84-c736933bbb94 None None] Starting OVNMechanismDriver
May 12 19:07:17.065845 np0000173792 devstack@neutron-api.service[102894]: DEBUG neutron.api.extensions [None req-ab838515-2ef9-40ea-9b03-95d13da247be None None] Loading extension file: expose_port_forwarding_in_fip.py {{(pid=102894) _load_all_extensions_from_path /opt/stack/neutron/neutron/api/extensions.py:449}}
May 12 19:07:17.065898 np0000173792 devstack@neutron-api.service[102896]: INFO neutron.services.logapi.drivers.ovn.driver [None req-36de70d5-b4cb-4615-9cae-fa44d705646c None None] OVN logging driver registered
May 12 19:07:17.065925 np0000173792 devstack@neutron-api.service[102894]: DEBUG neutron.api.extensions [None req-ab838515-2ef9-40ea-9b03-95d13da247be None None] Ext name="Expose Floating IP port forwardings" alias="expose-port-forwarding-in-fip" description="Expose port forwarding fields in floating IP response" updated="2018-06-28T16:00:00-00:00" {{(pid=102894) _check_extension /opt/stack/neutron/neutron/api/extensions.py:415}}
May 12 19:07:17.065925 np0000173792 devstack@neutron-api.service[102894]: INFO neutron.api.extensions [None req-ab838515-2ef9-40ea-9b03-95d13da247be None None] Extension expose-port-forwarding-in-fip not supported by any of loaded plugins
May 12 19:07:17.065925 np0000173792 devstack@neutron-api.service[102894]: DEBUG neutron.api.extensions [None req-ab838515-2ef9-40ea-9b03-95d13da247be None None] Loading extension file: external_net.py {{(pid=102894) _load_all_extensions_from_path /opt/stack/neutron/neutron/api/extensions.py:449}}
May 12 19:07:17.065925 np0000173792 devstack@neutron-api.service[102894]: DEBUG neutron.api.extensions [None req-ab838515-2ef9-40ea-9b03-95d13da247be None None] Ext name="Neutron external network" alias="external-net" description="Adds external network attribute to network resource." updated="2013-01-14T10:00:00-00:00" {{(pid=102894) _check_extension /opt/stack/neutron/neutron/api/extensions.py:415}}
May 12 19:07:17.065925 np0000173792 devstack@neutron-api.service[102894]: INFO neutron.api.extensions [None req-ab838515-2ef9-40ea-9b03-95d13da247be None None] Loaded extension: external-net
May 12 19:07:17.065925 np0000173792 devstack@neutron-api.service[102894]: DEBUG neutron.api.extensions [None req-ab838515-2ef9-40ea-9b03-95d13da247be None None] Loading extension file: extra_dhcp_opt.py {{(pid=102894) _load_all_extensions_from_path /opt/stack/neutron/neutron/api/extensions.py:449}}
May 12 19:07:17.066117 np0000173792 devstack@neutron-api.service[102894]: DEBUG neutron.api.extensions [None req-ab838515-2ef9-40ea-9b03-95d13da247be None None] Ext name="Neutron Extra DHCP options" alias="extra_dhcp_opt" description="Extra options configuration for DHCP. For example PXE boot options to DHCP clients can be specified (e.g. tftp-server, server-ip-address, bootfile-name)" updated="2013-03-17T12:00:00-00:00" {{(pid=102894) _check_extension /opt/stack/neutron/neutron/api/extensions.py:415}}
May 12 19:07:17.066117 np0000173792 devstack@neutron-api.service[102894]: INFO neutron.api.extensions [None req-ab838515-2ef9-40ea-9b03-95d13da247be None None] Loaded extension: extra_dhcp_opt
May 12 19:07:17.066117 np0000173792 devstack@neutron-api.service[102894]: DEBUG neutron.api.extensions [None req-ab838515-2ef9-40ea-9b03-95d13da247be None None] Loading extension file: extraroute.py {{(pid=102894) _load_all_extensions_from_path /opt/stack/neutron/neutron/api/extensions.py:449}}
May 12 19:07:17.066246 np0000173792 devstack@neutron-api.service[102896]: DEBUG neutron.plugins.ml2.plugin [None req-36de70d5-b4cb-4615-9cae-fa44d705646c None None] neutron.plugins.ml2.plugin.Ml2Plugin method _start_rpc_notifiers called with arguments () {} {{(pid=102896) wrapper /opt/stack/data/venv/lib/python3.12/site-packages/oslo_log/helpers.py:77}}
May 12 19:07:17.066299 np0000173792 devstack@neutron-api.service[102894]: DEBUG neutron.api.extensions [None req-ab838515-2ef9-40ea-9b03-95d13da247be None None] Ext name="Neutron Extra Route" alias="extraroute" description="Extra routes configuration for L3 router" updated="2013-02-01T10:00:00-00:00" {{(pid=102894) _check_extension /opt/stack/neutron/neutron/api/extensions.py:415}}
May 12 19:07:17.066299 np0000173792 devstack@neutron-api.service[102894]: INFO neutron.api.extensions [None req-ab838515-2ef9-40ea-9b03-95d13da247be None None] Loaded extension: extraroute
May 12 19:07:17.066299 np0000173792 devstack@neutron-api.service[102894]: DEBUG neutron.api.extensions [None req-ab838515-2ef9-40ea-9b03-95d13da247be None None] Loading extension file: extraroute_atomic.py {{(pid=102894) _load_all_extensions_from_path /opt/stack/neutron/neutron/api/extensions.py:449}}
May 12 19:07:17.066369 np0000173792 devstack@neutron-api.service[102896]: DEBUG neutron_lib.callbacks.manager [None req-36de70d5-b4cb-4615-9cae-fa44d705646c None None] Subscribe: > port after_create 55550000, False {{(pid=102896) subscribe /opt/stack/data/venv/lib/python3.12/site-packages/neutron_lib/callbacks/manager.py:52}}
May 12 19:07:17.066369 np0000173792 devstack@neutron-api.service[102896]: DEBUG neutron_lib.callbacks.manager [None req-36de70d5-b4cb-4615-9cae-fa44d705646c None None] Subscribe: > port after_update 55550000, False {{(pid=102896) subscribe /opt/stack/data/venv/lib/python3.12/site-packages/neutron_lib/callbacks/manager.py:52}}
May 12 19:07:17.066369 np0000173792 devstack@neutron-api.service[102896]: DEBUG neutron_lib.callbacks.manager [None req-36de70d5-b4cb-4615-9cae-fa44d705646c None None] Subscribe: > port after_delete 55550000, False {{(pid=102896) subscribe /opt/stack/data/venv/lib/python3.12/site-packages/neutron_lib/callbacks/manager.py:52}}
May 12 19:07:17.067175 np0000173792 devstack@neutron-api.service[102894]: DEBUG neutron.api.extensions [None req-ab838515-2ef9-40ea-9b03-95d13da247be None None] Ext name="Atomically add/remove extra routes" alias="extraroute-atomic" description="Edit extra routes of a router on server side by atomically adding/removing extra routes" updated="2019-07-10T00:00:00+00:00" {{(pid=102894) _check_extension /opt/stack/neutron/neutron/api/extensions.py:415}}
May 12 19:07:17.067465 np0000173792 devstack@neutron-api.service[102896]: DEBUG neutron_lib.callbacks.manager [None req-36de70d5-b4cb-4615-9cae-fa44d705646c None None] Subscribe: > subnet after_create 55550000, False {{(pid=102896) subscribe /opt/stack/data/venv/lib/python3.12/site-packages/neutron_lib/callbacks/manager.py:52}}
May 12 19:07:17.067663 np0000173792 devstack@neutron-api.service[102897]: DEBUG neutron_lib.callbacks.manager [None req-0342afba-2b4d-4b1a-ad84-c736933bbb94 None None] Subscribe: > process before_spawn 55550000, False {{(pid=102897) subscribe /opt/stack/data/venv/lib/python3.12/site-packages/neutron_lib/callbacks/manager.py:52}}
May 12 19:07:17.067819 np0000173792 devstack@neutron-api.service[102894]: INFO neutron.api.extensions [None req-ab838515-2ef9-40ea-9b03-95d13da247be None None] Loaded extension: extraroute-atomic
May 12 19:07:17.067952 np0000173792 devstack@neutron-api.service[102896]: DEBUG neutron_lib.callbacks.manager [None req-36de70d5-b4cb-4615-9cae-fa44d705646c None None] Subscribe: > subnet after_update 55550000, False {{(pid=102896) subscribe /opt/stack/data/venv/lib/python3.12/site-packages/neutron_lib/callbacks/manager.py:52}}
May 12 19:07:17.068105 np0000173792 devstack@neutron-api.service[102894]: DEBUG neutron.api.extensions [None req-ab838515-2ef9-40ea-9b03-95d13da247be None None] Loading extension file: filter_validation.py {{(pid=102894) _load_all_extensions_from_path /opt/stack/neutron/neutron/api/extensions.py:449}}
May 12 19:07:17.068263 np0000173792 devstack@neutron-api.service[102897]: DEBUG neutron_lib.callbacks.manager [None req-0342afba-2b4d-4b1a-ad84-c736933bbb94 None None] Subscribe: > process after_init 55550000, True {{(pid=102897) subscribe /opt/stack/data/venv/lib/python3.12/site-packages/neutron_lib/callbacks/manager.py:52}}
May 12 19:07:17.068421 np0000173792 devstack@neutron-api.service[102896]: DEBUG neutron_lib.callbacks.manager [None req-36de70d5-b4cb-4615-9cae-fa44d705646c None None] Subscribe: > subnet after_delete 55550000, False {{(pid=102896) subscribe /opt/stack/data/venv/lib/python3.12/site-packages/neutron_lib/callbacks/manager.py:52}}
May 12 19:07:17.068583 np0000173792 devstack@neutron-api.service[102897]: DEBUG neutron_lib.callbacks.manager [None req-0342afba-2b4d-4b1a-ad84-c736933bbb94 None None] Subscribe: > segment after_create 55550000, False {{(pid=102897) subscribe /opt/stack/data/venv/lib/python3.12/site-packages/neutron_lib/callbacks/manager.py:52}}
May 12 19:07:17.068761 np0000173792 devstack@neutron-api.service[102896]: DEBUG neutron_lib.callbacks.manager [None req-36de70d5-b4cb-4615-9cae-fa44d705646c None None] Subscribe: > network after_create 55550000, False {{(pid=102896) subscribe /opt/stack/data/venv/lib/python3.12/site-packages/neutron_lib/callbacks/manager.py:52}}
May 12 19:07:17.068925 np0000173792 devstack@neutron-api.service[102897]: DEBUG neutron_lib.callbacks.manager [None req-0342afba-2b4d-4b1a-ad84-c736933bbb94 None None] Subscribe: > segment after_create 55550000, False {{(pid=102897) subscribe /opt/stack/data/venv/lib/python3.12/site-packages/neutron_lib/callbacks/manager.py:52}}
May 12 19:07:17.069069 np0000173792 devstack@neutron-api.service[102896]: DEBUG neutron_lib.callbacks.manager [None req-36de70d5-b4cb-4615-9cae-fa44d705646c None None] Subscribe: > network after_update 55550000, False {{(pid=102896) subscribe /opt/stack/data/venv/lib/python3.12/site-packages/neutron_lib/callbacks/manager.py:52}}
May 12 19:07:17.069096 np0000173792 devstack@neutron-api.service[102894]: DEBUG neutron.api.extensions [None req-ab838515-2ef9-40ea-9b03-95d13da247be None None] Ext name="Filter parameters validation" alias="filter-validation" description="Provides validation on filter parameters." updated="2018-07-04T10:00:00-00:00" {{(pid=102894) _check_extension /opt/stack/neutron/neutron/api/extensions.py:415}}
May 12 19:07:17.069149 np0000173792 devstack@neutron-api.service[102897]: DEBUG neutron_lib.callbacks.manager [None req-0342afba-2b4d-4b1a-ad84-c736933bbb94 None None] Subscribe: > segment after_delete 55550000, False {{(pid=102897) subscribe /opt/stack/data/venv/lib/python3.12/site-packages/neutron_lib/callbacks/manager.py:52}}
May 12 19:07:17.069181 np0000173792 devstack@neutron-api.service[102896]: DEBUG neutron_lib.callbacks.manager [None req-36de70d5-b4cb-4615-9cae-fa44d705646c None None] Subscribe: > network after_delete 55550000, False {{(pid=102896) subscribe /opt/stack/data/venv/lib/python3.12/site-packages/neutron_lib/callbacks/manager.py:52}}
May 12 19:07:17.069237 np0000173792 devstack@neutron-api.service[102897]: DEBUG neutron_lib.callbacks.manager [None req-0342afba-2b4d-4b1a-ad84-c736933bbb94 None None] Subscribe: > allowed_address_pair before_create 55550000, False {{(pid=102897) subscribe /opt/stack/data/venv/lib/python3.12/site-packages/neutron_lib/callbacks/manager.py:52}}
May 12 19:07:17.069264 np0000173792 devstack@neutron-api.service[102894]: INFO neutron.api.extensions [None req-ab838515-2ef9-40ea-9b03-95d13da247be None None] Loaded extension: filter-validation
May 12 19:07:17.069314 np0000173792 devstack@neutron-api.service[102896]: DEBUG neutron_lib.callbacks.manager [None req-36de70d5-b4cb-4615-9cae-fa44d705646c None None] Subscribe: > security_group after_create 55550000, False {{(pid=102896) subscribe /opt/stack/data/venv/lib/python3.12/site-packages/neutron_lib/callbacks/manager.py:52}}
May 12 19:07:17.069341 np0000173792 devstack@neutron-api.service[102897]: DEBUG neutron_lib.callbacks.manager [None req-0342afba-2b4d-4b1a-ad84-c736933bbb94 None None] Subscribe: > security_group precommit_create 55550000, False {{(pid=102897) subscribe /opt/stack/data/venv/lib/python3.12/site-packages/neutron_lib/callbacks/manager.py:52}}
May 12 19:07:17.069400 np0000173792 devstack@neutron-api.service[102894]: DEBUG neutron.api.extensions [None req-ab838515-2ef9-40ea-9b03-95d13da247be None None] Loading extension file: fip_pf_description.py {{(pid=102894) _load_all_extensions_from_path /opt/stack/neutron/neutron/api/extensions.py:449}}
May 12 19:07:17.069427 np0000173792 devstack@neutron-api.service[102896]: DEBUG neutron_lib.callbacks.manager [None req-36de70d5-b4cb-4615-9cae-fa44d705646c None None] Subscribe: > security_group after_update 55550000, False {{(pid=102896) subscribe /opt/stack/data/venv/lib/python3.12/site-packages/neutron_lib/callbacks/manager.py:52}}
May 12 19:07:17.069481 np0000173792 devstack@neutron-api.service[102897]: DEBUG neutron_lib.callbacks.manager [None req-0342afba-2b4d-4b1a-ad84-c736933bbb94 None None] Subscribe: > security_group after_update 55550000, False {{(pid=102897) subscribe /opt/stack/data/venv/lib/python3.12/site-packages/neutron_lib/callbacks/manager.py:52}}
May 12 19:07:17.069508 np0000173792 devstack@neutron-api.service[102896]: DEBUG neutron_lib.callbacks.manager [None req-36de70d5-b4cb-4615-9cae-fa44d705646c None None] Subscribe: > security_group after_delete 55550000, False {{(pid=102896) subscribe /opt/stack/data/venv/lib/python3.12/site-packages/neutron_lib/callbacks/manager.py:52}}
May 12 19:07:17.069564 np0000173792 devstack@neutron-api.service[102897]: DEBUG neutron_lib.callbacks.manager [None req-0342afba-2b4d-4b1a-ad84-c736933bbb94 None None] Subscribe: > security_group after_create 55550000, False {{(pid=102897) subscribe /opt/stack/data/venv/lib/python3.12/site-packages/neutron_lib/callbacks/manager.py:52}}
May 12 19:07:17.069591 np0000173792 devstack@neutron-api.service[102894]: DEBUG neutron.api.extensions [None req-ab838515-2ef9-40ea-9b03-95d13da247be None None] Ext name="Floating IP Port Forwarding new attribute description" alias="floating-ip-port-forwarding-description" description="Add a description field to Port Forwarding rules" updated="2019-11-01T10:00:00-00:00" {{(pid=102894) _check_extension /opt/stack/neutron/neutron/api/extensions.py:415}}
May 12 19:07:17.069663 np0000173792 devstack@neutron-api.service[102896]: DEBUG neutron_lib.callbacks.manager [None req-36de70d5-b4cb-4615-9cae-fa44d705646c None None] Subscribe: > security_group_rule after_create 55550000, False {{(pid=102896) subscribe /opt/stack/data/venv/lib/python3.12/site-packages/neutron_lib/callbacks/manager.py:52}}
May 12 19:07:17.069736 np0000173792 devstack@neutron-api.service[102897]: DEBUG neutron_lib.callbacks.manager [None req-0342afba-2b4d-4b1a-ad84-c736933bbb94 None None] Subscribe: > security_group precommit_delete 55550000, False {{(pid=102897) subscribe /opt/stack/data/venv/lib/python3.12/site-packages/neutron_lib/callbacks/manager.py:52}}
May 12 19:07:17.069799 np0000173792 devstack@neutron-api.service[102896]: DEBUG neutron_lib.callbacks.manager [None req-36de70d5-b4cb-4615-9cae-fa44d705646c None None] Subscribe: > security_group_rule after_update 55550000, False {{(pid=102896) subscribe /opt/stack/data/venv/lib/python3.12/site-packages/neutron_lib/callbacks/manager.py:52}}
May 12 19:07:17.069912 np0000173792 devstack@neutron-api.service[102897]: DEBUG neutron_lib.callbacks.manager [None req-0342afba-2b4d-4b1a-ad84-c736933bbb94 None None] Subscribe: > security_group after_delete 55550000, False {{(pid=102897) subscribe /opt/stack/data/venv/lib/python3.12/site-packages/neutron_lib/callbacks/manager.py:52}}
May 12 19:07:17.069947 np0000173792 devstack@neutron-api.service[102894]: INFO neutron.api.extensions [None req-ab838515-2ef9-40ea-9b03-95d13da247be None None] Extension floating-ip-port-forwarding-description not supported by any of loaded plugins
May 12 19:07:17.070008 np0000173792 devstack@neutron-api.service[102896]: DEBUG neutron_lib.callbacks.manager [None req-36de70d5-b4cb-4615-9cae-fa44d705646c None None] Subscribe: > security_group_rule after_delete 55550000, False {{(pid=102896) subscribe /opt/stack/data/venv/lib/python3.12/site-packages/neutron_lib/callbacks/manager.py:52}}
May 12 19:07:17.070036 np0000173792 devstack@neutron-api.service[102897]: DEBUG neutron_lib.callbacks.manager [None req-0342afba-2b4d-4b1a-ad84-c736933bbb94 None None] Subscribe: > security_group_rule precommit_create 55550000, False {{(pid=102897) subscribe /opt/stack/data/venv/lib/python3.12/site-packages/neutron_lib/callbacks/manager.py:52}}
May 12 19:07:17.070097 np0000173792 devstack@neutron-api.service[102894]: DEBUG neutron.api.extensions [None req-ab838515-2ef9-40ea-9b03-95d13da247be None None] Loading extension file: fip_pf_detail.py {{(pid=102894) _load_all_extensions_from_path /opt/stack/neutron/neutron/api/extensions.py:449}}
May 12 19:07:17.070124 np0000173792 devstack@neutron-api.service[102897]: DEBUG neutron_lib.callbacks.manager [None req-0342afba-2b4d-4b1a-ad84-c736933bbb94 None None] Subscribe: > security_group_rule after_create 55550000, False {{(pid=102897) subscribe /opt/stack/data/venv/lib/python3.12/site-packages/neutron_lib/callbacks/manager.py:52}}
May 12 19:07:17.070182 np0000173792 devstack@neutron-api.service[102896]: DEBUG neutron_lib.callbacks.manager [None req-36de70d5-b4cb-4615-9cae-fa44d705646c None None] Subscribe: > address_group after_create 55550000, False {{(pid=102896) subscribe /opt/stack/data/venv/lib/python3.12/site-packages/neutron_lib/callbacks/manager.py:52}}
May 12 19:07:17.070210 np0000173792 devstack@neutron-api.service[102897]: DEBUG neutron_lib.callbacks.manager [None req-0342afba-2b4d-4b1a-ad84-c736933bbb94 None None] Subscribe: > security_group_rule before_delete 55550000, False {{(pid=102897) subscribe /opt/stack/data/venv/lib/python3.12/site-packages/neutron_lib/callbacks/manager.py:52}}
May 12 19:07:17.070270 np0000173792 devstack@neutron-api.service[102896]: DEBUG neutron_lib.callbacks.manager [None req-36de70d5-b4cb-4615-9cae-fa44d705646c None None] Subscribe: > address_group after_update 55550000, False {{(pid=102896) subscribe /opt/stack/data/venv/lib/python3.12/site-packages/neutron_lib/callbacks/manager.py:52}}
May 12 19:07:17.070301 np0000173792 devstack@neutron-api.service[102894]: DEBUG neutron.api.extensions [None req-ab838515-2ef9-40ea-9b03-95d13da247be None None] Ext name="Floating IP port forwarding detail" alias="floating-ip-port-forwarding-detail" description="Allow list floating ip return more port forwarding data, include'id' and 'internal_port_id'" updated="2022-05-06T10:00:00-00:00" {{(pid=102894) _check_extension /opt/stack/neutron/neutron/api/extensions.py:415}}
May 12 19:07:17.070301 np0000173792 devstack@neutron-api.service[102894]: INFO neutron.api.extensions [None req-ab838515-2ef9-40ea-9b03-95d13da247be None None] Loaded extension: floating-ip-port-forwarding-detail
May 12 19:07:17.070393 np0000173792 devstack@neutron-api.service[102897]: DEBUG neutron_lib.callbacks.manager [None req-0342afba-2b4d-4b1a-ad84-c736933bbb94 None None] Subscribe: > address_group after_create 55550000, False {{(pid=102897) subscribe /opt/stack/data/venv/lib/python3.12/site-packages/neutron_lib/callbacks/manager.py:52}}
May 12 19:07:17.070465 np0000173792 devstack@neutron-api.service[102896]: DEBUG neutron_lib.callbacks.manager [None req-36de70d5-b4cb-4615-9cae-fa44d705646c None None] Subscribe: > address_group after_delete 55550000, False {{(pid=102896) subscribe /opt/stack/data/venv/lib/python3.12/site-packages/neutron_lib/callbacks/manager.py:52}}
May 12 19:07:17.070502 np0000173792 devstack@neutron-api.service[102894]: DEBUG neutron.api.extensions [None req-ab838515-2ef9-40ea-9b03-95d13da247be None None] Loading extension file: fip_pf_port_range.py {{(pid=102894) _load_all_extensions_from_path /opt/stack/neutron/neutron/api/extensions.py:449}}
May 12 19:07:17.070575 np0000173792 devstack@neutron-api.service[102897]: DEBUG neutron_lib.callbacks.manager [None req-0342afba-2b4d-4b1a-ad84-c736933bbb94 None None] Subscribe: > address_group after_update 55550000, False {{(pid=102897) subscribe /opt/stack/data/venv/lib/python3.12/site-packages/neutron_lib/callbacks/manager.py:52}}
May 12 19:07:17.070679 np0000173792 devstack@neutron-api.service[102896]: DEBUG neutron.plugins.ml2.ovo_rpc [None req-36de70d5-b4cb-4615-9cae-fa44d705646c None None] ML2 OVO RPC backend initialized. {{(pid=102896) __init__ /opt/stack/neutron/neutron/plugins/ml2/ovo_rpc.py:117}}
May 12 19:07:17.070753 np0000173792 devstack@neutron-api.service[102897]: DEBUG neutron_lib.callbacks.manager [None req-0342afba-2b4d-4b1a-ad84-c736933bbb94 None None] Subscribe: > address_group after_delete 55550000, False {{(pid=102897) subscribe /opt/stack/data/venv/lib/python3.12/site-packages/neutron_lib/callbacks/manager.py:52}}
May 12 19:07:17.070824 np0000173792 devstack@neutron-api.service[102894]: DEBUG neutron.api.extensions [None req-ab838515-2ef9-40ea-9b03-95d13da247be None None] Ext name="Floating IP Port Forwarding support port ranges" alias="floating-ip-port-forwarding-port-ranges" description="Add support to port ranges" updated="2020-07-01T10:00:00-00:00" {{(pid=102894) _check_extension /opt/stack/neutron/neutron/api/extensions.py:415}}
May 12 19:07:17.070860 np0000173792 devstack@neutron-api.service[102897]: DEBUG neutron_lib.callbacks.manager [None req-0342afba-2b4d-4b1a-ad84-c736933bbb94 None None] Subscribe: > qos_plugin after_init 55550000, False {{(pid=102897) subscribe /opt/stack/data/venv/lib/python3.12/site-packages/neutron_lib/callbacks/manager.py:52}}
May 12 19:07:17.070937 np0000173792 devstack@neutron-api.service[102894]: INFO neutron.api.extensions [None req-ab838515-2ef9-40ea-9b03-95d13da247be None None] Extension floating-ip-port-forwarding-port-ranges not supported by any of loaded plugins
May 12 19:07:17.070937 np0000173792 devstack@neutron-api.service[102894]: DEBUG neutron.api.extensions [None req-ab838515-2ef9-40ea-9b03-95d13da247be None None] Loading extension file: fip_port_details.py {{(pid=102894) _load_all_extensions_from_path /opt/stack/neutron/neutron/api/extensions.py:449}}
