Sep 08 00:06:00.851845 np0000192176 nova-scheduler[107738]: DEBUG cotyledon.oslo_config_glue [-] workarounds.libvirt_disable_apic = False {{(pid=107738) log_opt_values /opt/stack/data/venv/lib/python3.12/site-packages/oslo_config/cfg.py:3560}}
Sep 08 00:06:00.851845 np0000192176 nova-scheduler[107738]: DEBUG cotyledon.oslo_config_glue [-] workarounds.never_download_image_if_on_rbd = False {{(pid=107738) log_opt_values /opt/stack/data/venv/lib/python3.12/site-packages/oslo_config/cfg.py:3560}}
Sep 08 00:06:00.851845 np0000192176 nova-scheduler[107738]: DEBUG cotyledon.oslo_config_glue [-] workarounds.qemu_monitor_announce_self_count = 3 {{(pid=107738) log_opt_values /opt/stack/data/venv/lib/python3.12/site-packages/oslo_config/cfg.py:3560}}
Sep 08 00:06:00.851845 np0000192176 nova-scheduler[107738]: DEBUG cotyledon.oslo_config_glue [-] workarounds.qemu_monitor_announce_self_interval = 1 {{(pid=107738) log_opt_values /opt/stack/data/venv/lib/python3.12/site-packages/oslo_config/cfg.py:3560}}
Sep 08 00:06:00.851845 np0000192176 nova-scheduler[107738]: DEBUG cotyledon.oslo_config_glue [-] workarounds.reserve_disk_resource_for_image_cache = False {{(pid=107738) log_opt_values /opt/stack/data/venv/lib/python3.12/site-packages/oslo_config/cfg.py:3560}}
Sep 08 00:06:00.851845 np0000192176 nova-scheduler[107738]: DEBUG cotyledon.oslo_config_glue [-] workarounds.skip_cpu_compare_at_startup = False {{(pid=107738) log_opt_values /opt/stack/data/venv/lib/python3.12/site-packages/oslo_config/cfg.py:3560}}
Sep 08 00:06:00.851845 np0000192176 nova-scheduler[107738]: DEBUG cotyledon.oslo_config_glue [-] workarounds.skip_cpu_compare_on_dest = False {{(pid=107738) log_opt_values /opt/stack/data/venv/lib/python3.12/site-packages/oslo_config/cfg.py:3560}}
Sep 08 00:06:00.852114 np0000192176 nova-scheduler[107738]: DEBUG cotyledon.oslo_config_glue [-] workarounds.skip_hypervisor_version_check_on_lm = False {{(pid=107738) log_opt_values /opt/stack/data/venv/lib/python3.12/site-packages/oslo_config/cfg.py:3560}}
Sep 08 00:06:00.852114 np0000192176 nova-scheduler[107738]: DEBUG cotyledon.oslo_config_glue [-] workarounds.skip_reserve_in_use_ironic_nodes = False {{(pid=107738) log_opt_values /opt/stack/data/venv/lib/python3.12/site-packages/oslo_config/cfg.py:3560}}
Sep 08 00:06:00.852114 np0000192176 nova-scheduler[107738]: DEBUG cotyledon.oslo_config_glue [-] workarounds.unified_limits_count_pcpu_as_vcpu = False {{(pid=107738) log_opt_values /opt/stack/data/venv/lib/python3.12/site-packages/oslo_config/cfg.py:3560}}
Sep 08 00:06:00.852114 np0000192176 nova-scheduler[107738]: DEBUG cotyledon.oslo_config_glue [-] workarounds.wait_for_vif_plugged_event_during_hard_reboot = [] {{(pid=107738) log_opt_values /opt/stack/data/venv/lib/python3.12/site-packages/oslo_config/cfg.py:3560}}
Sep 08 00:06:00.852114 np0000192176 nova-scheduler[107738]: DEBUG cotyledon.oslo_config_glue [-] wsgi.api_paste_config = /etc/nova/api-paste.ini {{(pid=107738) log_opt_values /opt/stack/data/venv/lib/python3.12/site-packages/oslo_config/cfg.py:3560}}
Sep 08 00:06:00.852114 np0000192176 nova-scheduler[107738]: DEBUG cotyledon.oslo_config_glue [-] wsgi.secure_proxy_ssl_header = None {{(pid=107738) log_opt_values /opt/stack/data/venv/lib/python3.12/site-packages/oslo_config/cfg.py:3560}}
Sep 08 00:06:00.852114 np0000192176 nova-scheduler[107738]: DEBUG cotyledon.oslo_config_glue [-] zvm.ca_file = None {{(pid=107738) log_opt_values /opt/stack/data/venv/lib/python3.12/site-packages/oslo_config/cfg.py:3560}}
Sep 08 00:06:00.852114 np0000192176 nova-scheduler[107738]: DEBUG cotyledon.oslo_config_glue [-] zvm.cloud_connector_url = None {{(pid=107738) log_opt_values /opt/stack/data/venv/lib/python3.12/site-packages/oslo_config/cfg.py:3560}}
Sep 08 00:06:00.852114 np0000192176 nova-scheduler[107738]: DEBUG cotyledon.oslo_config_glue [-] zvm.image_tmp_path = /opt/stack/data/nova/images {{(pid=107738) log_opt_values /opt/stack/data/venv/lib/python3.12/site-packages/oslo_config/cfg.py:3560}}
Sep 08 00:06:00.852431 np0000192176 nova-scheduler[107738]: DEBUG cotyledon.oslo_config_glue [-] zvm.reachable_timeout = 300 {{(pid=107738) log_opt_values /opt/stack/data/venv/lib/python3.12/site-packages/oslo_config/cfg.py:3560}}
Sep 08 00:06:00.852431 np0000192176 nova-scheduler[107738]: DEBUG cotyledon.oslo_config_glue [-] oslo_versionedobjects.fatal_exception_format_errors = False {{(pid=107738) log_opt_values /opt/stack/data/venv/lib/python3.12/site-packages/oslo_config/cfg.py:3560}}
Sep 08 00:06:00.852431 np0000192176 nova-scheduler[107738]: DEBUG cotyledon.oslo_config_glue [-] oslo_middleware.http_basic_auth_user_file = /etc/htpasswd {{(pid=107738) log_opt_values /opt/stack/data/venv/lib/python3.12/site-packages/oslo_config/cfg.py:3560}}
Sep 08 00:06:00.852431 np0000192176 nova-scheduler[107738]: DEBUG cotyledon.oslo_config_glue [-] oslo_messaging_metrics.metrics_buffer_size = 1000 {{(pid=107738) log_opt_values /opt/stack/data/venv/lib/python3.12/site-packages/oslo_config/cfg.py:3560}}
Sep 08 00:06:00.852431 np0000192176 nova-scheduler[107738]: DEBUG cotyledon.oslo_config_glue [-] oslo_messaging_metrics.metrics_enabled = False {{(pid=107738) log_opt_values /opt/stack/data/venv/lib/python3.12/site-packages/oslo_config/cfg.py:3560}}
Sep 08 00:06:00.852431 np0000192176 nova-scheduler[107738]: DEBUG cotyledon.oslo_config_glue [-] oslo_messaging_metrics.metrics_process_name = {{(pid=107738) log_opt_values /opt/stack/data/venv/lib/python3.12/site-packages/oslo_config/cfg.py:3560}}
Sep 08 00:06:00.852431 np0000192176 nova-scheduler[107738]: DEBUG cotyledon.oslo_config_glue [-] oslo_messaging_metrics.metrics_socket_file = /var/tmp/metrics_collector.sock {{(pid=107738) log_opt_values /opt/stack/data/venv/lib/python3.12/site-packages/oslo_config/cfg.py:3560}}
Sep 08 00:06:00.852431 np0000192176 nova-scheduler[107738]: DEBUG cotyledon.oslo_config_glue [-] oslo_messaging_metrics.metrics_thread_stop_timeout = 10 {{(pid=107738) log_opt_values /opt/stack/data/venv/lib/python3.12/site-packages/oslo_config/cfg.py:3560}}
Sep 08 00:06:00.852704 np0000192176 nova-scheduler[107738]: DEBUG cotyledon.oslo_config_glue [-] oslo_messaging_tracing.insecure = False {{(pid=107738) log_opt_values /opt/stack/data/venv/lib/python3.12/site-packages/oslo_config/cfg.py:3560}}
Sep 08 00:06:00.852704 np0000192176 nova-scheduler[107738]: DEBUG cotyledon.oslo_config_glue [-] oslo_messaging_tracing.otel_exporter_otlp_endpoint = http://localhost:4318 {{(pid=107738) log_opt_values /opt/stack/data/venv/lib/python3.12/site-packages/oslo_config/cfg.py:3560}}
Sep 08 00:06:00.852704 np0000192176 nova-scheduler[107738]: DEBUG cotyledon.oslo_config_glue [-] oslo_messaging_tracing.otlp_protocol = http/protobuf {{(pid=107738) log_opt_values /opt/stack/data/venv/lib/python3.12/site-packages/oslo_config/cfg.py:3560}}
Sep 08 00:06:00.852704 np0000192176 nova-scheduler[107738]: DEBUG cotyledon.oslo_config_glue [-] oslo_messaging_tracing.tracing_enabled = False {{(pid=107738) log_opt_values /opt/stack/data/venv/lib/python3.12/site-packages/oslo_config/cfg.py:3560}}
Sep 08 00:06:00.852704 np0000192176 nova-scheduler[107738]: DEBUG cotyledon.oslo_config_glue [-] oslo_messaging_tracing.tracing_service_name = openstack {{(pid=107738) log_opt_values /opt/stack/data/venv/lib/python3.12/site-packages/oslo_config/cfg.py:3560}}
Sep 08 00:06:00.852704 np0000192176 nova-scheduler[107738]: DEBUG cotyledon.oslo_config_glue [-] profiler.connection_string = messaging:// {{(pid=107738) log_opt_values /opt/stack/data/venv/lib/python3.12/site-packages/oslo_config/cfg.py:3560}}
Sep 08 00:06:00.852704 np0000192176 nova-scheduler[107738]: DEBUG cotyledon.oslo_config_glue [-] profiler.enabled = False {{(pid=107738) log_opt_values /opt/stack/data/venv/lib/python3.12/site-packages/oslo_config/cfg.py:3560}}
Sep 08 00:06:00.852704 np0000192176 nova-scheduler[107738]: DEBUG cotyledon.oslo_config_glue [-] profiler.es_doc_type = notification {{(pid=107738) log_opt_values /opt/stack/data/venv/lib/python3.12/site-packages/oslo_config/cfg.py:3560}}
Sep 08 00:06:00.852704 np0000192176 nova-scheduler[107738]: DEBUG cotyledon.oslo_config_glue [-] profiler.es_scroll_size = 10000 {{(pid=107738) log_opt_values /opt/stack/data/venv/lib/python3.12/site-packages/oslo_config/cfg.py:3560}}
Sep 08 00:06:00.853020 np0000192176 nova-scheduler[107738]: DEBUG cotyledon.oslo_config_glue [-] profiler.es_scroll_time = 2m {{(pid=107738) log_opt_values /opt/stack/data/venv/lib/python3.12/site-packages/oslo_config/cfg.py:3560}}
Sep 08 00:06:00.853020 np0000192176 nova-scheduler[107738]: DEBUG cotyledon.oslo_config_glue [-] profiler.filter_error_trace = False {{(pid=107738) log_opt_values /opt/stack/data/venv/lib/python3.12/site-packages/oslo_config/cfg.py:3560}}
Sep 08 00:06:00.853020 np0000192176 nova-scheduler[107738]: DEBUG cotyledon.oslo_config_glue [-] profiler.hmac_keys = **** {{(pid=107738) log_opt_values /opt/stack/data/venv/lib/python3.12/site-packages/oslo_config/cfg.py:3560}}
Sep 08 00:06:00.853020 np0000192176 nova-scheduler[107738]: DEBUG cotyledon.oslo_config_glue [-] profiler.sentinel_service_name = mymaster {{(pid=107738) log_opt_values /opt/stack/data/venv/lib/python3.12/site-packages/oslo_config/cfg.py:3560}}
Sep 08 00:06:00.853020 np0000192176 nova-scheduler[107738]: DEBUG cotyledon.oslo_config_glue [-] profiler.socket_timeout = 0.1 {{(pid=107738) log_opt_values /opt/stack/data/venv/lib/python3.12/site-packages/oslo_config/cfg.py:3560}}
Sep 08 00:06:00.853020 np0000192176 nova-scheduler[107738]: DEBUG cotyledon.oslo_config_glue [-] profiler.trace_requests = False {{(pid=107738) log_opt_values /opt/stack/data/venv/lib/python3.12/site-packages/oslo_config/cfg.py:3560}}
Sep 08 00:06:00.853020 np0000192176 nova-scheduler[107738]: DEBUG cotyledon.oslo_config_glue [-] profiler.trace_sqlalchemy = False {{(pid=107738) log_opt_values /opt/stack/data/venv/lib/python3.12/site-packages/oslo_config/cfg.py:3560}}
Sep 08 00:06:00.853020 np0000192176 nova-scheduler[107738]: DEBUG cotyledon.oslo_config_glue [-] profiler_jaeger.process_tags = {} {{(pid=107738) log_opt_values /opt/stack/data/venv/lib/python3.12/site-packages/oslo_config/cfg.py:3560}}
Sep 08 00:06:00.853020 np0000192176 nova-scheduler[107738]: DEBUG cotyledon.oslo_config_glue [-] profiler_jaeger.service_name_prefix = None {{(pid=107738) log_opt_values /opt/stack/data/venv/lib/python3.12/site-packages/oslo_config/cfg.py:3560}}
Sep 08 00:06:00.853375 np0000192176 nova-scheduler[107738]: DEBUG cotyledon.oslo_config_glue [-] profiler_otlp.service_name_prefix = None {{(pid=107738) log_opt_values /opt/stack/data/venv/lib/python3.12/site-packages/oslo_config/cfg.py:3560}}
Sep 08 00:06:00.853375 np0000192176 nova-scheduler[107738]: DEBUG cotyledon.oslo_config_glue [-] oslo_messaging_rabbit.amqp_auto_delete = False {{(pid=107738) log_opt_values /opt/stack/data/venv/lib/python3.12/site-packages/oslo_config/cfg.py:3560}}
Sep 08 00:06:00.853375 np0000192176 nova-scheduler[107738]: DEBUG cotyledon.oslo_config_glue [-] oslo_messaging_rabbit.amqp_durable_queues = False {{(pid=107738) log_opt_values /opt/stack/data/venv/lib/python3.12/site-packages/oslo_config/cfg.py:3560}}
Sep 08 00:06:00.853375 np0000192176 nova-scheduler[107738]: DEBUG cotyledon.oslo_config_glue [-] oslo_messaging_rabbit.conn_pool_min_size = 2 {{(pid=107738) log_opt_values /opt/stack/data/venv/lib/python3.12/site-packages/oslo_config/cfg.py:3560}}
Sep 08 00:06:00.853375 np0000192176 nova-scheduler[107738]: DEBUG cotyledon.oslo_config_glue [-] oslo_messaging_rabbit.conn_pool_ttl = 1200 {{(pid=107738) log_opt_values /opt/stack/data/venv/lib/python3.12/site-packages/oslo_config/cfg.py:3560}}
Sep 08 00:06:00.853375 np0000192176 nova-scheduler[107738]: DEBUG cotyledon.oslo_config_glue [-] oslo_messaging_rabbit.direct_mandatory_flag = True {{(pid=107738) log_opt_values /opt/stack/data/venv/lib/python3.12/site-packages/oslo_config/cfg.py:3560}}
Sep 08 00:06:00.853375 np0000192176 nova-scheduler[107738]: DEBUG cotyledon.oslo_config_glue [-] oslo_messaging_rabbit.enable_cancel_on_failover = False {{(pid=107738) log_opt_values /opt/stack/data/venv/lib/python3.12/site-packages/oslo_config/cfg.py:3560}}
Sep 08 00:06:00.853375 np0000192176 nova-scheduler[107738]: DEBUG cotyledon.oslo_config_glue [-] oslo_messaging_rabbit.heartbeat_rate = 3 {{(pid=107738) log_opt_values /opt/stack/data/venv/lib/python3.12/site-packages/oslo_config/cfg.py:3560}}
Sep 08 00:06:00.853375 np0000192176 nova-scheduler[107738]: DEBUG cotyledon.oslo_config_glue [-] oslo_messaging_rabbit.heartbeat_timeout_threshold = 60 {{(pid=107738) log_opt_values /opt/stack/data/venv/lib/python3.12/site-packages/oslo_config/cfg.py:3560}}
Sep 08 00:06:00.853695 np0000192176 nova-scheduler[107738]: DEBUG cotyledon.oslo_config_glue [-] oslo_messaging_rabbit.hostname = np0000192176 {{(pid=107738) log_opt_values /opt/stack/data/venv/lib/python3.12/site-packages/oslo_config/cfg.py:3560}}
Sep 08 00:06:00.853695 np0000192176 nova-scheduler[107738]: DEBUG cotyledon.oslo_config_glue [-] oslo_messaging_rabbit.kombu_compression = None {{(pid=107738) log_opt_values /opt/stack/data/venv/lib/python3.12/site-packages/oslo_config/cfg.py:3560}}
Sep 08 00:06:00.853695 np0000192176 nova-scheduler[107738]: DEBUG cotyledon.oslo_config_glue [-] oslo_messaging_rabbit.kombu_failover_strategy = round-robin {{(pid=107738) log_opt_values /opt/stack/data/venv/lib/python3.12/site-packages/oslo_config/cfg.py:3560}}
Sep 08 00:06:00.853695 np0000192176 nova-scheduler[107738]: DEBUG cotyledon.oslo_config_glue [-] oslo_messaging_rabbit.kombu_missing_consumer_retry_timeout = 60 {{(pid=107738) log_opt_values /opt/stack/data/venv/lib/python3.12/site-packages/oslo_config/cfg.py:3560}}
Sep 08 00:06:00.853695 np0000192176 nova-scheduler[107738]: DEBUG cotyledon.oslo_config_glue [-] oslo_messaging_rabbit.kombu_reconnect_delay = 1.0 {{(pid=107738) log_opt_values /opt/stack/data/venv/lib/python3.12/site-packages/oslo_config/cfg.py:3560}}
Sep 08 00:06:00.853695 np0000192176 nova-scheduler[107738]: DEBUG cotyledon.oslo_config_glue [-] oslo_messaging_rabbit.kombu_reconnect_splay = 0.0 {{(pid=107738) log_opt_values /opt/stack/data/venv/lib/python3.12/site-packages/oslo_config/cfg.py:3560}}
Sep 08 00:06:00.853695 np0000192176 nova-scheduler[107738]: DEBUG cotyledon.oslo_config_glue [-] oslo_messaging_rabbit.processname = nova-scheduler {{(pid=107738) log_opt_values /opt/stack/data/venv/lib/python3.12/site-packages/oslo_config/cfg.py:3560}}
Sep 08 00:06:00.853695 np0000192176 nova-scheduler[107738]: DEBUG cotyledon.oslo_config_glue [-] oslo_messaging_rabbit.rabbit_ha_queues = False {{(pid=107738) log_opt_values /opt/stack/data/venv/lib/python3.12/site-packages/oslo_config/cfg.py:3560}}
Sep 08 00:06:00.853695 np0000192176 nova-scheduler[107738]: DEBUG cotyledon.oslo_config_glue [-] oslo_messaging_rabbit.rabbit_interval_max = 30 {{(pid=107738) log_opt_values /opt/stack/data/venv/lib/python3.12/site-packages/oslo_config/cfg.py:3560}}
Sep 08 00:06:00.854053 np0000192176 nova-scheduler[107738]: DEBUG cotyledon.oslo_config_glue [-] oslo_messaging_rabbit.rabbit_login_method = AMQPLAIN {{(pid=107738) log_opt_values /opt/stack/data/venv/lib/python3.12/site-packages/oslo_config/cfg.py:3560}}
Sep 08 00:06:00.854053 np0000192176 nova-scheduler[107738]: DEBUG cotyledon.oslo_config_glue [-] oslo_messaging_rabbit.rabbit_qos_prefetch_count = 0 {{(pid=107738) log_opt_values /opt/stack/data/venv/lib/python3.12/site-packages/oslo_config/cfg.py:3560}}
Sep 08 00:06:00.854053 np0000192176 nova-scheduler[107738]: DEBUG cotyledon.oslo_config_glue [-] oslo_messaging_rabbit.rabbit_quorum_delivery_limit = 0 {{(pid=107738) log_opt_values /opt/stack/data/venv/lib/python3.12/site-packages/oslo_config/cfg.py:3560}}
Sep 08 00:06:00.854053 np0000192176 nova-scheduler[107738]: DEBUG cotyledon.oslo_config_glue [-] oslo_messaging_rabbit.rabbit_quorum_max_memory_bytes = 0 {{(pid=107738) log_opt_values /opt/stack/data/venv/lib/python3.12/site-packages/oslo_config/cfg.py:3560}}
Sep 08 00:06:00.854053 np0000192176 nova-scheduler[107738]: DEBUG cotyledon.oslo_config_glue [-] oslo_messaging_rabbit.rabbit_quorum_max_memory_length = 0 {{(pid=107738) log_opt_values /opt/stack/data/venv/lib/python3.12/site-packages/oslo_config/cfg.py:3560}}
Sep 08 00:06:00.854053 np0000192176 nova-scheduler[107738]: DEBUG cotyledon.oslo_config_glue [-] oslo_messaging_rabbit.rabbit_quorum_queue = False {{(pid=107738) log_opt_values /opt/stack/data/venv/lib/python3.12/site-packages/oslo_config/cfg.py:3560}}
Sep 08 00:06:00.854053 np0000192176 nova-scheduler[107738]: DEBUG cotyledon.oslo_config_glue [-] oslo_messaging_rabbit.rabbit_retry_backoff = 2 {{(pid=107738) log_opt_values /opt/stack/data/venv/lib/python3.12/site-packages/oslo_config/cfg.py:3560}}
Sep 08 00:06:00.854053 np0000192176 nova-scheduler[107738]: DEBUG cotyledon.oslo_config_glue [-] oslo_messaging_rabbit.rabbit_retry_interval = 1 {{(pid=107738) log_opt_values /opt/stack/data/venv/lib/python3.12/site-packages/oslo_config/cfg.py:3560}}
Sep 08 00:06:00.854348 np0000192176 nova-scheduler[107738]: DEBUG cotyledon.oslo_config_glue [-] oslo_messaging_rabbit.rabbit_stream_fanout = False {{(pid=107738) log_opt_values /opt/stack/data/venv/lib/python3.12/site-packages/oslo_config/cfg.py:3560}}
Sep 08 00:06:00.854348 np0000192176 nova-scheduler[107738]: DEBUG cotyledon.oslo_config_glue [-] oslo_messaging_rabbit.rabbit_transient_queues_ttl = 1800 {{(pid=107738) log_opt_values /opt/stack/data/venv/lib/python3.12/site-packages/oslo_config/cfg.py:3560}}
Sep 08 00:06:00.854348 np0000192176 nova-scheduler[107738]: DEBUG cotyledon.oslo_config_glue [-] oslo_messaging_rabbit.rabbit_transient_quorum_queue = False {{(pid=107738) log_opt_values /opt/stack/data/venv/lib/python3.12/site-packages/oslo_config/cfg.py:3560}}
Sep 08 00:06:00.854348 np0000192176 nova-scheduler[107738]: DEBUG cotyledon.oslo_config_glue [-] oslo_messaging_rabbit.rpc_conn_pool_size = 30 {{(pid=107738) log_opt_values /opt/stack/data/venv/lib/python3.12/site-packages/oslo_config/cfg.py:3560}}
Sep 08 00:06:00.854348 np0000192176 nova-scheduler[107738]: DEBUG cotyledon.oslo_config_glue [-] oslo_messaging_rabbit.ssl = False {{(pid=107738) log_opt_values /opt/stack/data/venv/lib/python3.12/site-packages/oslo_config/cfg.py:3560}}
Sep 08 00:06:00.854348 np0000192176 nova-scheduler[107738]: DEBUG cotyledon.oslo_config_glue [-] oslo_messaging_rabbit.ssl_ca_file = {{(pid=107738) log_opt_values /opt/stack/data/venv/lib/python3.12/site-packages/oslo_config/cfg.py:3560}}
Sep 08 00:06:00.854348 np0000192176 nova-scheduler[107738]: DEBUG cotyledon.oslo_config_glue [-] oslo_messaging_rabbit.ssl_cert_file = {{(pid=107738) log_opt_values /opt/stack/data/venv/lib/python3.12/site-packages/oslo_config/cfg.py:3560}}
Sep 08 00:06:00.854348 np0000192176 nova-scheduler[107738]: DEBUG cotyledon.oslo_config_glue [-] oslo_messaging_rabbit.ssl_enforce_fips_mode = False {{(pid=107738) log_opt_values /opt/stack/data/venv/lib/python3.12/site-packages/oslo_config/cfg.py:3560}}
Sep 08 00:06:00.854348 np0000192176 nova-scheduler[107738]: DEBUG cotyledon.oslo_config_glue [-] oslo_messaging_rabbit.ssl_enforce_hostname_verification = True {{(pid=107738) log_opt_values /opt/stack/data/venv/lib/python3.12/site-packages/oslo_config/cfg.py:3560}}
Sep 08 00:06:00.854662 np0000192176 nova-scheduler[107738]: DEBUG cotyledon.oslo_config_glue [-] oslo_messaging_rabbit.ssl_key_file = {{(pid=107738) log_opt_values /opt/stack/data/venv/lib/python3.12/site-packages/oslo_config/cfg.py:3560}}
Sep 08 00:06:00.854662 np0000192176 nova-scheduler[107738]: DEBUG cotyledon.oslo_config_glue [-] oslo_messaging_rabbit.ssl_version = {{(pid=107738) log_opt_values /opt/stack/data/venv/lib/python3.12/site-packages/oslo_config/cfg.py:3560}}
Sep 08 00:06:00.854662 np0000192176 nova-scheduler[107738]: DEBUG cotyledon.oslo_config_glue [-] oslo_messaging_rabbit.use_queue_manager = False {{(pid=107738) log_opt_values /opt/stack/data/venv/lib/python3.12/site-packages/oslo_config/cfg.py:3560}}
Sep 08 00:06:00.854662 np0000192176 nova-scheduler[107738]: DEBUG cotyledon.oslo_config_glue [-] oslo_messaging_notifications.driver = ['messagingv2'] {{(pid=107738) log_opt_values /opt/stack/data/venv/lib/python3.12/site-packages/oslo_config/cfg.py:3560}}
Sep 08 00:06:00.854662 np0000192176 nova-scheduler[107738]: DEBUG cotyledon.oslo_config_glue [-] oslo_messaging_notifications.retry = -1 {{(pid=107738) log_opt_values /opt/stack/data/venv/lib/python3.12/site-packages/oslo_config/cfg.py:3560}}
Sep 08 00:06:00.854825 np0000192176 nova-scheduler[107729]: INFO dbcounter [None req-6adad8d5-7001-4230-ad01-809d712f1a46 None None] Registered counter for database nova_cell0
Sep 08 00:06:00.854864 np0000192176 nova-scheduler[107738]: DEBUG cotyledon.oslo_config_glue [-] oslo_messaging_notifications.topics = ['notifications'] {{(pid=107738) log_opt_values /opt/stack/data/venv/lib/python3.12/site-packages/oslo_config/cfg.py:3560}}
Sep 08 00:06:00.854864 np0000192176 nova-scheduler[107738]: DEBUG cotyledon.oslo_config_glue [-] oslo_messaging_notifications.transport_url = **** {{(pid=107738) log_opt_values /opt/stack/data/venv/lib/python3.12/site-packages/oslo_config/cfg.py:3560}}
Sep 08 00:06:00.854864 np0000192176 nova-scheduler[107738]: DEBUG cotyledon.oslo_config_glue [-] oslo_limit.auth_section = None {{(pid=107738) log_opt_values /opt/stack/data/venv/lib/python3.12/site-packages/oslo_config/cfg.py:3560}}
Sep 08 00:06:00.854864 np0000192176 nova-scheduler[107738]: DEBUG cotyledon.oslo_config_glue [-] oslo_limit.auth_type = None {{(pid=107738) log_opt_values /opt/stack/data/venv/lib/python3.12/site-packages/oslo_config/cfg.py:3560}}
Sep 08 00:06:00.854864 np0000192176 nova-scheduler[107738]: DEBUG cotyledon.oslo_config_glue [-] oslo_limit.cafile = None {{(pid=107738) log_opt_values /opt/stack/data/venv/lib/python3.12/site-packages/oslo_config/cfg.py:3560}}
Sep 08 00:06:00.854864 np0000192176 nova-scheduler[107738]: DEBUG cotyledon.oslo_config_glue [-] oslo_limit.certfile = None {{(pid=107738) log_opt_values /opt/stack/data/venv/lib/python3.12/site-packages/oslo_config/cfg.py:3560}}
Sep 08 00:06:00.854864 np0000192176 nova-scheduler[107738]: DEBUG cotyledon.oslo_config_glue [-] oslo_limit.collect_timing = False {{(pid=107738) log_opt_values /opt/stack/data/venv/lib/python3.12/site-packages/oslo_config/cfg.py:3560}}
Sep 08 00:06:00.854864 np0000192176 nova-scheduler[107738]: DEBUG cotyledon.oslo_config_glue [-] oslo_limit.connect_retries = None {{(pid=107738) log_opt_values /opt/stack/data/venv/lib/python3.12/site-packages/oslo_config/cfg.py:3560}}
Sep 08 00:06:00.854864 np0000192176 nova-scheduler[107738]: DEBUG cotyledon.oslo_config_glue [-] oslo_limit.connect_retry_delay = None {{(pid=107738) log_opt_values /opt/stack/data/venv/lib/python3.12/site-packages/oslo_config/cfg.py:3560}}
Sep 08 00:06:00.855144 np0000192176 nova-scheduler[107738]: DEBUG cotyledon.oslo_config_glue [-] oslo_limit.endpoint_id = None {{(pid=107738) log_opt_values /opt/stack/data/venv/lib/python3.12/site-packages/oslo_config/cfg.py:3560}}
Sep 08 00:06:00.855144 np0000192176 nova-scheduler[107738]: DEBUG cotyledon.oslo_config_glue [-] oslo_limit.endpoint_interface = public {{(pid=107738) log_opt_values /opt/stack/data/venv/lib/python3.12/site-packages/oslo_config/cfg.py:3560}}
Sep 08 00:06:00.855144 np0000192176 nova-scheduler[107738]: DEBUG cotyledon.oslo_config_glue [-] oslo_limit.endpoint_override = None {{(pid=107738) log_opt_values /opt/stack/data/venv/lib/python3.12/site-packages/oslo_config/cfg.py:3560}}
Sep 08 00:06:00.855144 np0000192176 nova-scheduler[107738]: DEBUG cotyledon.oslo_config_glue [-] oslo_limit.endpoint_region_name = None {{(pid=107738) log_opt_values /opt/stack/data/venv/lib/python3.12/site-packages/oslo_config/cfg.py:3560}}
Sep 08 00:06:00.855144 np0000192176 nova-scheduler[107738]: DEBUG cotyledon.oslo_config_glue [-] oslo_limit.endpoint_service_name = None {{(pid=107738) log_opt_values /opt/stack/data/venv/lib/python3.12/site-packages/oslo_config/cfg.py:3560}}
Sep 08 00:06:00.855144 np0000192176 nova-scheduler[107738]: DEBUG cotyledon.oslo_config_glue [-] oslo_limit.endpoint_service_type = None {{(pid=107738) log_opt_values /opt/stack/data/venv/lib/python3.12/site-packages/oslo_config/cfg.py:3560}}
Sep 08 00:06:00.855144 np0000192176 nova-scheduler[107738]: DEBUG cotyledon.oslo_config_glue [-] oslo_limit.insecure = False {{(pid=107738) log_opt_values /opt/stack/data/venv/lib/python3.12/site-packages/oslo_config/cfg.py:3560}}
Sep 08 00:06:00.855144 np0000192176 nova-scheduler[107738]: DEBUG cotyledon.oslo_config_glue [-] oslo_limit.keyfile = None {{(pid=107738) log_opt_values /opt/stack/data/venv/lib/python3.12/site-packages/oslo_config/cfg.py:3560}}
Sep 08 00:06:00.855144 np0000192176 nova-scheduler[107738]: DEBUG cotyledon.oslo_config_glue [-] oslo_limit.max_version = None {{(pid=107738) log_opt_values /opt/stack/data/venv/lib/python3.12/site-packages/oslo_config/cfg.py:3560}}
Sep 08 00:06:00.855479 np0000192176 nova-scheduler[107738]: DEBUG cotyledon.oslo_config_glue [-] oslo_limit.min_version = None {{(pid=107738) log_opt_values /opt/stack/data/venv/lib/python3.12/site-packages/oslo_config/cfg.py:3560}}
Sep 08 00:06:00.855479 np0000192176 nova-scheduler[107738]: DEBUG cotyledon.oslo_config_glue [-] oslo_limit.region_name = None {{(pid=107738) log_opt_values /opt/stack/data/venv/lib/python3.12/site-packages/oslo_config/cfg.py:3560}}
Sep 08 00:06:00.855479 np0000192176 nova-scheduler[107738]: DEBUG cotyledon.oslo_config_glue [-] oslo_limit.retriable_status_codes = None {{(pid=107738) log_opt_values /opt/stack/data/venv/lib/python3.12/site-packages/oslo_config/cfg.py:3560}}
Sep 08 00:06:00.855479 np0000192176 nova-scheduler[107738]: DEBUG cotyledon.oslo_config_glue [-] oslo_limit.service_name = None {{(pid=107738) log_opt_values /opt/stack/data/venv/lib/python3.12/site-packages/oslo_config/cfg.py:3560}}
Sep 08 00:06:00.855479 np0000192176 nova-scheduler[107738]: DEBUG cotyledon.oslo_config_glue [-] oslo_limit.service_type = None {{(pid=107738) log_opt_values /opt/stack/data/venv/lib/python3.12/site-packages/oslo_config/cfg.py:3560}}
Sep 08 00:06:00.855479 np0000192176 nova-scheduler[107738]: DEBUG cotyledon.oslo_config_glue [-] oslo_limit.split_loggers = False {{(pid=107738) log_opt_values /opt/stack/data/venv/lib/python3.12/site-packages/oslo_config/cfg.py:3560}}
Sep 08 00:06:00.855479 np0000192176 nova-scheduler[107738]: DEBUG cotyledon.oslo_config_glue [-] oslo_limit.status_code_retries = None {{(pid=107738) log_opt_values /opt/stack/data/venv/lib/python3.12/site-packages/oslo_config/cfg.py:3560}}
Sep 08 00:06:00.855479 np0000192176 nova-scheduler[107738]: DEBUG cotyledon.oslo_config_glue [-] oslo_limit.status_code_retry_delay = None {{(pid=107738) log_opt_values /opt/stack/data/venv/lib/python3.12/site-packages/oslo_config/cfg.py:3560}}
Sep 08 00:06:00.855479 np0000192176 nova-scheduler[107738]: DEBUG cotyledon.oslo_config_glue [-] oslo_limit.timeout = None {{(pid=107738) log_opt_values /opt/stack/data/venv/lib/python3.12/site-packages/oslo_config/cfg.py:3560}}
Sep 08 00:06:00.855773 np0000192176 nova-scheduler[107738]: DEBUG cotyledon.oslo_config_glue [-] oslo_limit.tls_ciphers = None {{(pid=107738) log_opt_values /opt/stack/data/venv/lib/python3.12/site-packages/oslo_config/cfg.py:3560}}
Sep 08 00:06:00.855773 np0000192176 nova-scheduler[107738]: DEBUG cotyledon.oslo_config_glue [-] oslo_limit.tls_min_version = None {{(pid=107738) log_opt_values /opt/stack/data/venv/lib/python3.12/site-packages/oslo_config/cfg.py:3560}}
Sep 08 00:06:00.855773 np0000192176 nova-scheduler[107738]: DEBUG cotyledon.oslo_config_glue [-] oslo_limit.valid_interfaces = None {{(pid=107738) log_opt_values /opt/stack/data/venv/lib/python3.12/site-packages/oslo_config/cfg.py:3560}}
Sep 08 00:06:00.855773 np0000192176 nova-scheduler[107738]: DEBUG cotyledon.oslo_config_glue [-] oslo_limit.version = None {{(pid=107738) log_opt_values /opt/stack/data/venv/lib/python3.12/site-packages/oslo_config/cfg.py:3560}}
Sep 08 00:06:00.855773 np0000192176 nova-scheduler[107738]: DEBUG cotyledon.oslo_config_glue [-] oslo_reports.file_event_handler = None {{(pid=107738) log_opt_values /opt/stack/data/venv/lib/python3.12/site-packages/oslo_config/cfg.py:3560}}
Sep 08 00:06:00.855773 np0000192176 nova-scheduler[107738]: DEBUG cotyledon.oslo_config_glue [-] oslo_reports.file_event_handler_interval = 1 {{(pid=107738) log_opt_values /opt/stack/data/venv/lib/python3.12/site-packages/oslo_config/cfg.py:3560}}
Sep 08 00:06:00.855773 np0000192176 nova-scheduler[107738]: DEBUG cotyledon.oslo_config_glue [-] oslo_reports.log_dir = None {{(pid=107738) log_opt_values /opt/stack/data/venv/lib/python3.12/site-packages/oslo_config/cfg.py:3560}}
Sep 08 00:06:00.855773 np0000192176 nova-scheduler[107738]: DEBUG cotyledon.oslo_config_glue [-] ******************************************************************************** {{(pid=107738) log_opt_values /opt/stack/data/venv/lib/python3.12/site-packages/oslo_config/cfg.py:3567}}
Sep 08 00:06:00.855773 np0000192176 nova-scheduler[107738]: DEBUG cotyledon._service_worker [-] Run service ServiceWrapper(3) [107738] {{(pid=107738) wait_forever /opt/stack/data/venv/lib/python3.12/site-packages/cotyledon/_service_worker.py:218}}
Sep 08 00:06:00.856122 np0000192176 nova-scheduler[107738]: INFO nova.service [-] Starting scheduler node (version 33.1.0)
Sep 08 00:06:00.856156 np0000192176 nova-scheduler[107708]: DEBUG dbcounter [-] [107708] Writer thread running {{(pid=107708) stat_writer /opt/stack/data/venv/lib/python3.12/site-packages/dbcounter.py:102}}
Sep 08 00:06:00.856199 np0000192176 nova-scheduler[107738]: INFO dbcounter [None req-719f5c11-d9e8-42d7-a342-20294804863b None None] Registered counter for database nova_cell0
Sep 08 00:06:00.862093 np0000192176 nova-scheduler[107721]: DEBUG oslo_db.sqlalchemy.engines [None req-69437e41-98b5-4dec-b6b0-f4690bc41ab5 None None] MySQL server mode set to STRICT_TRANS_TABLES,STRICT_ALL_TABLES,NO_ZERO_IN_DATE,NO_ZERO_DATE,ERROR_FOR_DIVISION_BY_ZERO,TRADITIONAL,NO_ENGINE_SUBSTITUTION {{(pid=107721) _check_effective_sql_mode /opt/stack/data/venv/lib/python3.12/site-packages/oslo_db/sqlalchemy/engines.py:325}}
Sep 08 00:06:00.870149 np0000192176 nova-scheduler[107708]: DEBUG nova.service [None req-3dd06cb9-87db-4c3e-a3f6-bdd0ed873e11 None None] Creating RPC server for service: nova-scheduler on topic: scheduler {{(pid=107708) start /opt/stack/nova/nova/service.py:262}}
Sep 08 00:06:00.871118 np0000192176 nova-scheduler[107721]: DEBUG dbcounter [-] [107721] Writer thread running {{(pid=107721) stat_writer /opt/stack/data/venv/lib/python3.12/site-packages/dbcounter.py:102}}
Sep 08 00:06:00.873960 np0000192176 nova-scheduler[107721]: DEBUG nova.service [None req-69437e41-98b5-4dec-b6b0-f4690bc41ab5 None None] Creating RPC server for service: nova-scheduler on topic: scheduler {{(pid=107721) start /opt/stack/nova/nova/service.py:262}}
Sep 08 00:06:00.894989 np0000192176 nova-scheduler[107729]: DEBUG oslo_db.sqlalchemy.engines [None req-6adad8d5-7001-4230-ad01-809d712f1a46 None None] MySQL server mode set to STRICT_TRANS_TABLES,STRICT_ALL_TABLES,NO_ZERO_IN_DATE,NO_ZERO_DATE,ERROR_FOR_DIVISION_BY_ZERO,TRADITIONAL,NO_ENGINE_SUBSTITUTION {{(pid=107729) _check_effective_sql_mode /opt/stack/data/venv/lib/python3.12/site-packages/oslo_db/sqlalchemy/engines.py:325}}
Sep 08 00:06:00.900093 np0000192176 nova-scheduler[107721]: DEBUG nova.service [None req-69437e41-98b5-4dec-b6b0-f4690bc41ab5 None None] Join ServiceGroup membership for this service scheduler {{(pid=107721) start /opt/stack/nova/nova/service.py:288}}
Sep 08 00:06:00.900230 np0000192176 nova-scheduler[107721]: DEBUG nova.servicegroup.drivers.db [None req-69437e41-98b5-4dec-b6b0-f4690bc41ab5 None None] DB_Driver: join new ServiceGroup member np0000192176 to the scheduler group, service = {{(pid=107721) join /opt/stack/nova/nova/servicegroup/drivers/db.py:44}}
Sep 08 00:06:00.905153 np0000192176 nova-scheduler[107708]: DEBUG nova.service [None req-3dd06cb9-87db-4c3e-a3f6-bdd0ed873e11 None None] Join ServiceGroup membership for this service scheduler {{(pid=107708) start /opt/stack/nova/nova/service.py:288}}
Sep 08 00:06:00.905296 np0000192176 nova-scheduler[107708]: DEBUG nova.servicegroup.drivers.db [None req-3dd06cb9-87db-4c3e-a3f6-bdd0ed873e11 None None] DB_Driver: join new ServiceGroup member np0000192176 to the scheduler group, service = {{(pid=107708) join /opt/stack/nova/nova/servicegroup/drivers/db.py:44}}
Sep 08 00:06:00.907979 np0000192176 nova-scheduler[107708]: DEBUG oslo.service.backend._threading.loopingcall [None req-2761353e-b68d-4dfe-9a22-93f927d214c3 None None] Dynamic interval looping call 'nova.service.Service.periodic_tasks' sleeping for 60.00 seconds {{(pid=107708) _run_loop /opt/stack/data/venv/lib/python3.12/site-packages/oslo_service/backend/_threading/loopingcall.py:125}}
Sep 08 00:06:00.908451 np0000192176 nova-scheduler[107738]: DEBUG oslo_db.sqlalchemy.engines [None req-719f5c11-d9e8-42d7-a342-20294804863b None None] MySQL server mode set to STRICT_TRANS_TABLES,STRICT_ALL_TABLES,NO_ZERO_IN_DATE,NO_ZERO_DATE,ERROR_FOR_DIVISION_BY_ZERO,TRADITIONAL,NO_ENGINE_SUBSTITUTION {{(pid=107738) _check_effective_sql_mode /opt/stack/data/venv/lib/python3.12/site-packages/oslo_db/sqlalchemy/engines.py:325}}
Sep 08 00:06:00.909623 np0000192176 nova-scheduler[107729]: DEBUG dbcounter [-] [107729] Writer thread running {{(pid=107729) stat_writer /opt/stack/data/venv/lib/python3.12/site-packages/dbcounter.py:102}}
Sep 08 00:06:00.912988 np0000192176 nova-scheduler[107729]: DEBUG nova.service [None req-6adad8d5-7001-4230-ad01-809d712f1a46 None None] Creating RPC server for service: nova-scheduler on topic: scheduler {{(pid=107729) start /opt/stack/nova/nova/service.py:262}}
Sep 08 00:06:00.920848 np0000192176 nova-scheduler[107738]: DEBUG dbcounter [-] [107738] Writer thread running {{(pid=107738) stat_writer /opt/stack/data/venv/lib/python3.12/site-packages/dbcounter.py:102}}
Sep 08 00:06:00.924256 np0000192176 nova-scheduler[107738]: DEBUG nova.service [None req-719f5c11-d9e8-42d7-a342-20294804863b None None] Creating RPC server for service: nova-scheduler on topic: scheduler {{(pid=107738) start /opt/stack/nova/nova/service.py:262}}
Sep 08 00:06:00.933425 np0000192176 nova-scheduler[107729]: DEBUG nova.service [None req-6adad8d5-7001-4230-ad01-809d712f1a46 None None] Join ServiceGroup membership for this service scheduler {{(pid=107729) start /opt/stack/nova/nova/service.py:288}}
Sep 08 00:06:00.933595 np0000192176 nova-scheduler[107729]: DEBUG nova.servicegroup.drivers.db [None req-6adad8d5-7001-4230-ad01-809d712f1a46 None None] DB_Driver: join new ServiceGroup member np0000192176 to the scheduler group, service = {{(pid=107729) join /opt/stack/nova/nova/servicegroup/drivers/db.py:44}}
Sep 08 00:06:00.943583 np0000192176 nova-scheduler[107738]: DEBUG nova.service [None req-719f5c11-d9e8-42d7-a342-20294804863b None None] Join ServiceGroup membership for this service scheduler {{(pid=107738) start /opt/stack/nova/nova/service.py:288}}
Sep 08 00:06:00.943708 np0000192176 nova-scheduler[107738]: DEBUG nova.servicegroup.drivers.db [None req-719f5c11-d9e8-42d7-a342-20294804863b None None] DB_Driver: join new ServiceGroup member np0000192176 to the scheduler group, service = {{(pid=107738) join /opt/stack/nova/nova/servicegroup/drivers/db.py:44}}
Sep 08 00:06:05.935963 np0000192176 nova-scheduler[107721]: DEBUG oslo.service.backend._threading.loopingcall [-] Fixed interval looping call 'nova.servicegroup.drivers.db.DbDriver._report_state' sleeping for 119.97 seconds {{(pid=107721) _run_loop /opt/stack/data/venv/lib/python3.12/site-packages/oslo_service/backend/_threading/loopingcall.py:125}}
Sep 08 00:06:05.936821 np0000192176 nova-scheduler[107708]: DEBUG oslo.service.backend._threading.loopingcall [-] Fixed interval looping call 'nova.servicegroup.drivers.db.DbDriver._report_state' sleeping for 119.97 seconds {{(pid=107708) _run_loop /opt/stack/data/venv/lib/python3.12/site-packages/oslo_service/backend/_threading/loopingcall.py:125}}
Sep 08 00:06:05.951455 np0000192176 nova-scheduler[107729]: DEBUG oslo.service.backend._threading.loopingcall [-] Fixed interval looping call 'nova.servicegroup.drivers.db.DbDriver._report_state' sleeping for 119.98 seconds {{(pid=107729) _run_loop /opt/stack/data/venv/lib/python3.12/site-packages/oslo_service/backend/_threading/loopingcall.py:125}}
Sep 08 00:06:05.963078 np0000192176 nova-scheduler[107738]: DEBUG oslo.service.backend._threading.loopingcall [-] Fixed interval looping call 'nova.servicegroup.drivers.db.DbDriver._report_state' sleeping for 119.98 seconds {{(pid=107738) _run_loop /opt/stack/data/venv/lib/python3.12/site-packages/oslo_service/backend/_threading/loopingcall.py:125}}
Sep 08 00:06:09.348738 np0000192176 nova-scheduler[107032]: DEBUG dbcounter [-] [107032] Writing DB stats nova_api:SELECT=3 {{(pid=107032) stat_writer /opt/stack/data/venv/lib/python3.12/site-packages/dbcounter.py:115}}
Sep 08 00:06:09.551335 np0000192176 nova-scheduler[107032]: DEBUG dbcounter [-] [107032] Writing DB stats nova_cell1:SELECT=1 {{(pid=107032) stat_writer /opt/stack/data/venv/lib/python3.12/site-packages/dbcounter.py:115}}
Sep 08 00:06:09.559415 np0000192176 nova-scheduler[107032]: DEBUG dbcounter [-] [107032] Writing DB stats nova_cell0:SELECT=1 {{(pid=107032) stat_writer /opt/stack/data/venv/lib/python3.12/site-packages/dbcounter.py:115}}
Sep 08 00:06:15.923595 np0000192176 nova-scheduler[107708]: DEBUG dbcounter [-] [107708] Writing DB stats nova_cell0:SELECT=4,nova_cell0:INSERT=1,nova_cell0:UPDATE=1 {{(pid=107708) stat_writer /opt/stack/data/venv/lib/python3.12/site-packages/dbcounter.py:115}}
Sep 08 00:06:15.924235 np0000192176 nova-scheduler[107721]: DEBUG dbcounter [-] [107721] Writing DB stats nova_cell0:SELECT=3,nova_cell0:UPDATE=1 {{(pid=107721) stat_writer /opt/stack/data/venv/lib/python3.12/site-packages/dbcounter.py:115}}
Sep 08 00:06:15.945480 np0000192176 nova-scheduler[107729]: DEBUG dbcounter [-] [107729] Writing DB stats nova_cell0:SELECT=3 {{(pid=107729) stat_writer /opt/stack/data/venv/lib/python3.12/site-packages/dbcounter.py:115}}
Sep 08 00:06:15.957797 np0000192176 nova-scheduler[107738]: DEBUG dbcounter [-] [107738] Writing DB stats nova_cell0:SELECT=3 {{(pid=107738) stat_writer /opt/stack/data/venv/lib/python3.12/site-packages/dbcounter.py:115}}
Sep 08 00:06:19.937100 np0000192176 nova-scheduler[107729]: DEBUG oslo.service.backend._threading.loopingcall [None req-8feca77a-6dc2-4d05-aea4-16072a4d1b0c None None] Dynamic interval looping call 'nova.service.Service.periodic_tasks' sleeping for 60.00 seconds {{(pid=107729) _run_loop /opt/stack/data/venv/lib/python3.12/site-packages/oslo_service/backend/_threading/loopingcall.py:125}}
Sep 08 00:06:48.903928 np0000192176 nova-scheduler[107721]: DEBUG oslo.service.backend._threading.loopingcall [None req-18efff4f-949b-4809-9570-fd24e31b7a02 None None] Dynamic interval looping call 'nova.service.Service.periodic_tasks' sleeping for 60.00 seconds {{(pid=107721) _run_loop /opt/stack/data/venv/lib/python3.12/site-packages/oslo_service/backend/_threading/loopingcall.py:125}}
Sep 08 00:06:49.946828 np0000192176 nova-scheduler[107738]: DEBUG oslo.service.backend._threading.loopingcall [None req-1b8aaaff-00a3-459b-a142-f24c9beff43a None None] Dynamic interval looping call 'nova.service.Service.periodic_tasks' sleeping for 60.00 seconds {{(pid=107738) _run_loop /opt/stack/data/venv/lib/python3.12/site-packages/oslo_service/backend/_threading/loopingcall.py:125}}
Sep 08 00:07:00.909578 np0000192176 nova-scheduler[107708]: DEBUG oslo.service.backend._threading.loopingcall [None req-2761353e-b68d-4dfe-9a22-93f927d214c3 None None] Dynamic interval looping call 'nova.service.Service.periodic_tasks' sleeping for 60.00 seconds {{(pid=107708) _run_loop /opt/stack/data/venv/lib/python3.12/site-packages/oslo_service/backend/_threading/loopingcall.py:125}}
Sep 08 00:07:19.937383 np0000192176 nova-scheduler[107729]: DEBUG oslo.service.backend._threading.loopingcall [None req-8feca77a-6dc2-4d05-aea4-16072a4d1b0c None None] Dynamic interval looping call 'nova.service.Service.periodic_tasks' sleeping for 60.00 seconds {{(pid=107729) _run_loop /opt/stack/data/venv/lib/python3.12/site-packages/oslo_service/backend/_threading/loopingcall.py:125}}
Sep 08 00:07:48.904681 np0000192176 nova-scheduler[107721]: DEBUG oslo.service.backend._threading.loopingcall [None req-18efff4f-949b-4809-9570-fd24e31b7a02 None None] Dynamic interval looping call 'nova.service.Service.periodic_tasks' sleeping for 60.00 seconds {{(pid=107721) _run_loop /opt/stack/data/venv/lib/python3.12/site-packages/oslo_service/backend/_threading/loopingcall.py:125}}
Sep 08 00:07:49.947780 np0000192176 nova-scheduler[107738]: DEBUG oslo.service.backend._threading.loopingcall [None req-1b8aaaff-00a3-459b-a142-f24c9beff43a None None] Dynamic interval looping call 'nova.service.Service.periodic_tasks' sleeping for 60.00 seconds {{(pid=107738) _run_loop /opt/stack/data/venv/lib/python3.12/site-packages/oslo_service/backend/_threading/loopingcall.py:125}}
Sep 08 00:08:00.910486 np0000192176 nova-scheduler[107708]: DEBUG oslo.service.backend._threading.loopingcall [None req-2761353e-b68d-4dfe-9a22-93f927d214c3 None None] Dynamic interval looping call 'nova.service.Service.periodic_tasks' sleeping for 60.00 seconds {{(pid=107708) _run_loop /opt/stack/data/venv/lib/python3.12/site-packages/oslo_service/backend/_threading/loopingcall.py:125}}
Sep 08 00:08:05.919531 np0000192176 nova-scheduler[107721]: DEBUG oslo.service.backend._threading.loopingcall [-] Fixed interval looping call 'nova.servicegroup.drivers.db.DbDriver._report_state' sleeping for 119.99 seconds {{(pid=107721) _run_loop /opt/stack/data/venv/lib/python3.12/site-packages/oslo_service/backend/_threading/loopingcall.py:125}}
Sep 08 00:08:05.928636 np0000192176 nova-scheduler[107708]: DEBUG oslo.service.backend._threading.loopingcall [-] Fixed interval looping call 'nova.servicegroup.drivers.db.DbDriver._report_state' sleeping for 119.98 seconds {{(pid=107708) _run_loop /opt/stack/data/venv/lib/python3.12/site-packages/oslo_service/backend/_threading/loopingcall.py:125}}
Sep 08 00:08:05.937986 np0000192176 nova-scheduler[107729]: DEBUG oslo.service.backend._threading.loopingcall [-] Fixed interval looping call 'nova.servicegroup.drivers.db.DbDriver._report_state' sleeping for 119.99 seconds {{(pid=107729) _run_loop /opt/stack/data/venv/lib/python3.12/site-packages/oslo_service/backend/_threading/loopingcall.py:125}}
Sep 08 00:08:05.954922 np0000192176 nova-scheduler[107738]: DEBUG oslo.service.backend._threading.loopingcall [-] Fixed interval looping call 'nova.servicegroup.drivers.db.DbDriver._report_state' sleeping for 119.99 seconds {{(pid=107738) _run_loop /opt/stack/data/venv/lib/python3.12/site-packages/oslo_service/backend/_threading/loopingcall.py:125}}
Sep 08 00:08:15.915984 np0000192176 nova-scheduler[107721]: DEBUG dbcounter [-] [107721] Writing DB stats nova_cell0:SELECT=1,nova_cell0:UPDATE=1 {{(pid=107721) stat_writer /opt/stack/data/venv/lib/python3.12/site-packages/dbcounter.py:115}}
Sep 08 00:08:15.921974 np0000192176 nova-scheduler[107708]: DEBUG dbcounter [-] [107708] Writing DB stats nova_cell0:SELECT=1,nova_cell0:UPDATE=1 {{(pid=107708) stat_writer /opt/stack/data/venv/lib/python3.12/site-packages/dbcounter.py:115}}
Sep 08 00:08:15.935048 np0000192176 nova-scheduler[107729]: DEBUG dbcounter [-] [107729] Writing DB stats nova_cell0:SELECT=1 {{(pid=107729) stat_writer /opt/stack/data/venv/lib/python3.12/site-packages/dbcounter.py:115}}
Sep 08 00:08:15.951084 np0000192176 nova-scheduler[107738]: DEBUG dbcounter [-] [107738] Writing DB stats nova_cell0:SELECT=1 {{(pid=107738) stat_writer /opt/stack/data/venv/lib/python3.12/site-packages/dbcounter.py:115}}
Sep 08 00:08:19.937875 np0000192176 nova-scheduler[107729]: DEBUG oslo.service.backend._threading.loopingcall [None req-8feca77a-6dc2-4d05-aea4-16072a4d1b0c None None] Dynamic interval looping call 'nova.service.Service.periodic_tasks' sleeping for 60.00 seconds {{(pid=107729) _run_loop /opt/stack/data/venv/lib/python3.12/site-packages/oslo_service/backend/_threading/loopingcall.py:125}}
Sep 08 00:08:48.905616 np0000192176 nova-scheduler[107721]: DEBUG oslo.service.backend._threading.loopingcall [None req-18efff4f-949b-4809-9570-fd24e31b7a02 None None] Dynamic interval looping call 'nova.service.Service.periodic_tasks' sleeping for 60.00 seconds {{(pid=107721) _run_loop /opt/stack/data/venv/lib/python3.12/site-packages/oslo_service/backend/_threading/loopingcall.py:125}}
Sep 08 00:08:49.948356 np0000192176 nova-scheduler[107738]: DEBUG oslo.service.backend._threading.loopingcall [None req-1b8aaaff-00a3-459b-a142-f24c9beff43a None None] Dynamic interval looping call 'nova.service.Service.periodic_tasks' sleeping for 60.00 seconds {{(pid=107738) _run_loop /opt/stack/data/venv/lib/python3.12/site-packages/oslo_service/backend/_threading/loopingcall.py:125}}
Sep 08 00:09:00.911080 np0000192176 nova-scheduler[107708]: DEBUG oslo.service.backend._threading.loopingcall [None req-2761353e-b68d-4dfe-9a22-93f927d214c3 None None] Dynamic interval looping call 'nova.service.Service.periodic_tasks' sleeping for 60.00 seconds {{(pid=107708) _run_loop /opt/stack/data/venv/lib/python3.12/site-packages/oslo_service/backend/_threading/loopingcall.py:125}}
Sep 08 00:09:19.938674 np0000192176 nova-scheduler[107729]: DEBUG oslo.service.backend._threading.loopingcall [None req-8feca77a-6dc2-4d05-aea4-16072a4d1b0c None None] Dynamic interval looping call 'nova.service.Service.periodic_tasks' sleeping for 60.00 seconds {{(pid=107729) _run_loop /opt/stack/data/venv/lib/python3.12/site-packages/oslo_service/backend/_threading/loopingcall.py:125}}
Sep 08 00:09:48.906284 np0000192176 nova-scheduler[107721]: DEBUG oslo.service.backend._threading.loopingcall [None req-18efff4f-949b-4809-9570-fd24e31b7a02 None None] Dynamic interval looping call 'nova.service.Service.periodic_tasks' sleeping for 60.00 seconds {{(pid=107721) _run_loop /opt/stack/data/venv/lib/python3.12/site-packages/oslo_service/backend/_threading/loopingcall.py:125}}
Sep 08 00:09:49.949188 np0000192176 nova-scheduler[107738]: DEBUG oslo.service.backend._threading.loopingcall [None req-1b8aaaff-00a3-459b-a142-f24c9beff43a None None] Dynamic interval looping call 'nova.service.Service.periodic_tasks' sleeping for 60.00 seconds {{(pid=107738) _run_loop /opt/stack/data/venv/lib/python3.12/site-packages/oslo_service/backend/_threading/loopingcall.py:125}}
Sep 08 00:10:00.911848 np0000192176 nova-scheduler[107708]: DEBUG oslo.service.backend._threading.loopingcall [None req-2761353e-b68d-4dfe-9a22-93f927d214c3 None None] Dynamic interval looping call 'nova.service.Service.periodic_tasks' sleeping for 60.00 seconds {{(pid=107708) _run_loop /opt/stack/data/venv/lib/python3.12/site-packages/oslo_service/backend/_threading/loopingcall.py:125}}
Sep 08 00:10:05.921123 np0000192176 nova-scheduler[107721]: DEBUG oslo.service.backend._threading.loopingcall [-] Fixed interval looping call 'nova.servicegroup.drivers.db.DbDriver._report_state' sleeping for 119.99 seconds {{(pid=107721) _run_loop /opt/stack/data/venv/lib/python3.12/site-packages/oslo_service/backend/_threading/loopingcall.py:125}}
Sep 08 00:10:05.921740 np0000192176 nova-scheduler[107708]: DEBUG oslo.service.backend._threading.loopingcall [-] Fixed interval looping call 'nova.servicegroup.drivers.db.DbDriver._report_state' sleeping for 119.99 seconds {{(pid=107708) _run_loop /opt/stack/data/venv/lib/python3.12/site-packages/oslo_service/backend/_threading/loopingcall.py:125}}
Sep 08 00:10:05.935939 np0000192176 nova-scheduler[107729]: DEBUG oslo.service.backend._threading.loopingcall [-] Fixed interval looping call 'nova.servicegroup.drivers.db.DbDriver._report_state' sleeping for 119.99 seconds {{(pid=107729) _run_loop /opt/stack/data/venv/lib/python3.12/site-packages/oslo_service/backend/_threading/loopingcall.py:125}}
Sep 08 00:10:05.948963 np0000192176 nova-scheduler[107738]: DEBUG oslo.service.backend._threading.loopingcall [-] Fixed interval looping call 'nova.servicegroup.drivers.db.DbDriver._report_state' sleeping for 120.00 seconds {{(pid=107738) _run_loop /opt/stack/data/venv/lib/python3.12/site-packages/oslo_service/backend/_threading/loopingcall.py:125}}
Sep 08 00:10:15.914692 np0000192176 nova-scheduler[107708]: DEBUG dbcounter [-] [107708] Writing DB stats nova_cell0:SELECT=1,nova_cell0:UPDATE=1 {{(pid=107708) stat_writer /opt/stack/data/venv/lib/python3.12/site-packages/dbcounter.py:115}}
Sep 08 00:10:15.915337 np0000192176 nova-scheduler[107721]: DEBUG dbcounter [-] [107721] Writing DB stats nova_cell0:SELECT=1,nova_cell0:UPDATE=1 {{(pid=107721) stat_writer /opt/stack/data/venv/lib/python3.12/site-packages/dbcounter.py:115}}
Sep 08 00:10:15.933112 np0000192176 nova-scheduler[107729]: DEBUG dbcounter [-] [107729] Writing DB stats nova_cell0:SELECT=1 {{(pid=107729) stat_writer /opt/stack/data/venv/lib/python3.12/site-packages/dbcounter.py:115}}
Sep 08 00:10:15.946387 np0000192176 nova-scheduler[107738]: DEBUG dbcounter [-] [107738] Writing DB stats nova_cell0:SELECT=1 {{(pid=107738) stat_writer /opt/stack/data/venv/lib/python3.12/site-packages/dbcounter.py:115}}
Sep 08 00:10:19.939330 np0000192176 nova-scheduler[107729]: DEBUG oslo.service.backend._threading.loopingcall [None req-8feca77a-6dc2-4d05-aea4-16072a4d1b0c None None] Dynamic interval looping call 'nova.service.Service.periodic_tasks' sleeping for 60.00 seconds {{(pid=107729) _run_loop /opt/stack/data/venv/lib/python3.12/site-packages/oslo_service/backend/_threading/loopingcall.py:125}}
