May 21 16:28:09.742463 np0000175955 devstack@n-api-meta.service[108274]: DEBUG nova.api.openstack.wsgi_app [None req-f5803114-bd20-44c5-9432-f902fe50ee0b None None] oslo_messaging_rabbit.conn_pool_min_size = 2 {{(pid=108274) log_opt_values /opt/stack/data/venv/lib/python3.12/site-packages/oslo_config/cfg.py:3256}}
May 21 16:28:09.742463 np0000175955 devstack@n-api-meta.service[108274]: DEBUG nova.api.openstack.wsgi_app [None req-f5803114-bd20-44c5-9432-f902fe50ee0b None None] oslo_messaging_rabbit.conn_pool_ttl = 1200 {{(pid=108274) log_opt_values /opt/stack/data/venv/lib/python3.12/site-packages/oslo_config/cfg.py:3256}}
May 21 16:28:09.742557 np0000175955 devstack@n-api-meta.service[108274]: DEBUG nova.api.openstack.wsgi_app [None req-f5803114-bd20-44c5-9432-f902fe50ee0b None None] oslo_messaging_rabbit.direct_mandatory_flag = True {{(pid=108274) log_opt_values /opt/stack/data/venv/lib/python3.12/site-packages/oslo_config/cfg.py:3256}}
May 21 16:28:09.742695 np0000175955 devstack@n-api-meta.service[108274]: DEBUG nova.api.openstack.wsgi_app [None req-f5803114-bd20-44c5-9432-f902fe50ee0b None None] oslo_messaging_rabbit.enable_cancel_on_failover = False {{(pid=108274) log_opt_values /opt/stack/data/venv/lib/python3.12/site-packages/oslo_config/cfg.py:3256}}
May 21 16:28:09.742829 np0000175955 devstack@n-api-meta.service[108274]: DEBUG nova.api.openstack.wsgi_app [None req-f5803114-bd20-44c5-9432-f902fe50ee0b None None] oslo_messaging_rabbit.heartbeat_rate = 3 {{(pid=108274) log_opt_values /opt/stack/data/venv/lib/python3.12/site-packages/oslo_config/cfg.py:3256}}
May 21 16:28:09.743003 np0000175955 devstack@n-api-meta.service[108274]: DEBUG nova.api.openstack.wsgi_app [None req-f5803114-bd20-44c5-9432-f902fe50ee0b None None] oslo_messaging_rabbit.heartbeat_timeout_threshold = 60 {{(pid=108274) log_opt_values /opt/stack/data/venv/lib/python3.12/site-packages/oslo_config/cfg.py:3256}}
May 21 16:28:09.743143 np0000175955 devstack@n-api-meta.service[108274]: DEBUG nova.api.openstack.wsgi_app [None req-f5803114-bd20-44c5-9432-f902fe50ee0b None None] oslo_messaging_rabbit.hostname = np0000175955 {{(pid=108274) log_opt_values /opt/stack/data/venv/lib/python3.12/site-packages/oslo_config/cfg.py:3256}}
May 21 16:28:09.743300 np0000175955 devstack@n-api-meta.service[108274]: DEBUG nova.api.openstack.wsgi_app [None req-f5803114-bd20-44c5-9432-f902fe50ee0b None None] oslo_messaging_rabbit.kombu_compression = None {{(pid=108274) log_opt_values /opt/stack/data/venv/lib/python3.12/site-packages/oslo_config/cfg.py:3256}}
May 21 16:28:09.743443 np0000175955 devstack@n-api-meta.service[108274]: DEBUG nova.api.openstack.wsgi_app [None req-f5803114-bd20-44c5-9432-f902fe50ee0b None None] oslo_messaging_rabbit.kombu_failover_strategy = round-robin {{(pid=108274) log_opt_values /opt/stack/data/venv/lib/python3.12/site-packages/oslo_config/cfg.py:3256}}
May 21 16:28:09.743577 np0000175955 devstack@n-api-meta.service[108274]: DEBUG nova.api.openstack.wsgi_app [None req-f5803114-bd20-44c5-9432-f902fe50ee0b None None] oslo_messaging_rabbit.kombu_missing_consumer_retry_timeout = 60 {{(pid=108274) log_opt_values /opt/stack/data/venv/lib/python3.12/site-packages/oslo_config/cfg.py:3256}}
May 21 16:28:09.743711 np0000175955 devstack@n-api-meta.service[108274]: DEBUG nova.api.openstack.wsgi_app [None req-f5803114-bd20-44c5-9432-f902fe50ee0b None None] oslo_messaging_rabbit.kombu_reconnect_delay = 1.0 {{(pid=108274) log_opt_values /opt/stack/data/venv/lib/python3.12/site-packages/oslo_config/cfg.py:3256}}
May 21 16:28:09.744022 np0000175955 devstack@n-api-meta.service[108274]: DEBUG nova.api.openstack.wsgi_app [None req-f5803114-bd20-44c5-9432-f902fe50ee0b None None] oslo_messaging_rabbit.kombu_reconnect_splay = 0.0 {{(pid=108274) log_opt_values /opt/stack/data/venv/lib/python3.12/site-packages/oslo_config/cfg.py:3256}}
May 21 16:28:09.744159 np0000175955 devstack@n-api-meta.service[108274]: DEBUG nova.api.openstack.wsgi_app [None req-f5803114-bd20-44c5-9432-f902fe50ee0b None None] oslo_messaging_rabbit.processname = uwsgi {{(pid=108274) log_opt_values /opt/stack/data/venv/lib/python3.12/site-packages/oslo_config/cfg.py:3256}}
May 21 16:28:09.744325 np0000175955 devstack@n-api-meta.service[108274]: DEBUG nova.api.openstack.wsgi_app [None req-f5803114-bd20-44c5-9432-f902fe50ee0b None None] oslo_messaging_rabbit.rabbit_ha_queues = False {{(pid=108274) log_opt_values /opt/stack/data/venv/lib/python3.12/site-packages/oslo_config/cfg.py:3256}}
May 21 16:28:09.744455 np0000175955 devstack@n-api-meta.service[108274]: DEBUG nova.api.openstack.wsgi_app [None req-f5803114-bd20-44c5-9432-f902fe50ee0b None None] oslo_messaging_rabbit.rabbit_interval_max = 30 {{(pid=108274) log_opt_values /opt/stack/data/venv/lib/python3.12/site-packages/oslo_config/cfg.py:3256}}
May 21 16:28:09.744594 np0000175955 devstack@n-api-meta.service[108274]: DEBUG nova.api.openstack.wsgi_app [None req-f5803114-bd20-44c5-9432-f902fe50ee0b None None] oslo_messaging_rabbit.rabbit_login_method = AMQPLAIN {{(pid=108274) log_opt_values /opt/stack/data/venv/lib/python3.12/site-packages/oslo_config/cfg.py:3256}}
May 21 16:28:09.744715 np0000175955 devstack@n-api-meta.service[108274]: DEBUG nova.api.openstack.wsgi_app [None req-f5803114-bd20-44c5-9432-f902fe50ee0b None None] oslo_messaging_rabbit.rabbit_qos_prefetch_count = 0 {{(pid=108274) log_opt_values /opt/stack/data/venv/lib/python3.12/site-packages/oslo_config/cfg.py:3256}}
May 21 16:28:09.744887 np0000175955 devstack@n-api-meta.service[108274]: DEBUG nova.api.openstack.wsgi_app [None req-f5803114-bd20-44c5-9432-f902fe50ee0b None None] oslo_messaging_rabbit.rabbit_quorum_delivery_limit = 0 {{(pid=108274) log_opt_values /opt/stack/data/venv/lib/python3.12/site-packages/oslo_config/cfg.py:3256}}
May 21 16:28:09.744972 np0000175955 devstack@n-api-meta.service[108274]: DEBUG nova.api.openstack.wsgi_app [None req-f5803114-bd20-44c5-9432-f902fe50ee0b None None] oslo_messaging_rabbit.rabbit_quorum_max_memory_bytes = 0 {{(pid=108274) log_opt_values /opt/stack/data/venv/lib/python3.12/site-packages/oslo_config/cfg.py:3256}}
May 21 16:28:09.745098 np0000175955 devstack@n-api-meta.service[108274]: DEBUG nova.api.openstack.wsgi_app [None req-f5803114-bd20-44c5-9432-f902fe50ee0b None None] oslo_messaging_rabbit.rabbit_quorum_max_memory_length = 0 {{(pid=108274) log_opt_values /opt/stack/data/venv/lib/python3.12/site-packages/oslo_config/cfg.py:3256}}
May 21 16:28:09.745255 np0000175955 devstack@n-api-meta.service[108274]: DEBUG nova.api.openstack.wsgi_app [None req-f5803114-bd20-44c5-9432-f902fe50ee0b None None] oslo_messaging_rabbit.rabbit_quorum_queue = False {{(pid=108274) log_opt_values /opt/stack/data/venv/lib/python3.12/site-packages/oslo_config/cfg.py:3256}}
May 21 16:28:09.745372 np0000175955 devstack@n-api-meta.service[108274]: DEBUG nova.api.openstack.wsgi_app [None req-f5803114-bd20-44c5-9432-f902fe50ee0b None None] oslo_messaging_rabbit.rabbit_retry_backoff = 2 {{(pid=108274) log_opt_values /opt/stack/data/venv/lib/python3.12/site-packages/oslo_config/cfg.py:3256}}
May 21 16:28:09.745500 np0000175955 devstack@n-api-meta.service[108274]: DEBUG nova.api.openstack.wsgi_app [None req-f5803114-bd20-44c5-9432-f902fe50ee0b None None] oslo_messaging_rabbit.rabbit_retry_interval = 1 {{(pid=108274) log_opt_values /opt/stack/data/venv/lib/python3.12/site-packages/oslo_config/cfg.py:3256}}
May 21 16:28:09.745639 np0000175955 devstack@n-api-meta.service[108274]: DEBUG nova.api.openstack.wsgi_app [None req-f5803114-bd20-44c5-9432-f902fe50ee0b None None] oslo_messaging_rabbit.rabbit_stream_fanout = False {{(pid=108274) log_opt_values /opt/stack/data/venv/lib/python3.12/site-packages/oslo_config/cfg.py:3256}}
May 21 16:28:09.745809 np0000175955 devstack@n-api-meta.service[108274]: DEBUG nova.api.openstack.wsgi_app [None req-f5803114-bd20-44c5-9432-f902fe50ee0b None None] oslo_messaging_rabbit.rabbit_transient_queues_ttl = 1800 {{(pid=108274) log_opt_values /opt/stack/data/venv/lib/python3.12/site-packages/oslo_config/cfg.py:3256}}
May 21 16:28:09.745973 np0000175955 devstack@n-api-meta.service[108274]: DEBUG nova.api.openstack.wsgi_app [None req-f5803114-bd20-44c5-9432-f902fe50ee0b None None] oslo_messaging_rabbit.rabbit_transient_quorum_queue = False {{(pid=108274) log_opt_values /opt/stack/data/venv/lib/python3.12/site-packages/oslo_config/cfg.py:3256}}
May 21 16:28:09.746135 np0000175955 devstack@n-api-meta.service[108274]: DEBUG nova.api.openstack.wsgi_app [None req-f5803114-bd20-44c5-9432-f902fe50ee0b None None] oslo_messaging_rabbit.rpc_conn_pool_size = 30 {{(pid=108274) log_opt_values /opt/stack/data/venv/lib/python3.12/site-packages/oslo_config/cfg.py:3256}}
May 21 16:28:09.746308 np0000175955 devstack@n-api-meta.service[108274]: DEBUG nova.api.openstack.wsgi_app [None req-f5803114-bd20-44c5-9432-f902fe50ee0b None None] oslo_messaging_rabbit.ssl = False {{(pid=108274) log_opt_values /opt/stack/data/venv/lib/python3.12/site-packages/oslo_config/cfg.py:3256}}
May 21 16:28:09.746450 np0000175955 devstack@n-api-meta.service[108274]: DEBUG nova.api.openstack.wsgi_app [None req-f5803114-bd20-44c5-9432-f902fe50ee0b None None] oslo_messaging_rabbit.ssl_ca_file = {{(pid=108274) log_opt_values /opt/stack/data/venv/lib/python3.12/site-packages/oslo_config/cfg.py:3256}}
May 21 16:28:09.746588 np0000175955 devstack@n-api-meta.service[108274]: DEBUG nova.api.openstack.wsgi_app [None req-f5803114-bd20-44c5-9432-f902fe50ee0b None None] oslo_messaging_rabbit.ssl_cert_file = {{(pid=108274) log_opt_values /opt/stack/data/venv/lib/python3.12/site-packages/oslo_config/cfg.py:3256}}
May 21 16:28:09.746727 np0000175955 devstack@n-api-meta.service[108274]: DEBUG nova.api.openstack.wsgi_app [None req-f5803114-bd20-44c5-9432-f902fe50ee0b None None] oslo_messaging_rabbit.ssl_enforce_fips_mode = False {{(pid=108274) log_opt_values /opt/stack/data/venv/lib/python3.12/site-packages/oslo_config/cfg.py:3256}}
May 21 16:28:09.746898 np0000175955 devstack@n-api-meta.service[108274]: DEBUG nova.api.openstack.wsgi_app [None req-f5803114-bd20-44c5-9432-f902fe50ee0b None None] oslo_messaging_rabbit.ssl_enforce_hostname_verification = True {{(pid=108274) log_opt_values /opt/stack/data/venv/lib/python3.12/site-packages/oslo_config/cfg.py:3256}}
May 21 16:28:09.747032 np0000175955 devstack@n-api-meta.service[108274]: DEBUG nova.api.openstack.wsgi_app [None req-f5803114-bd20-44c5-9432-f902fe50ee0b None None] oslo_messaging_rabbit.ssl_key_file = {{(pid=108274) log_opt_values /opt/stack/data/venv/lib/python3.12/site-packages/oslo_config/cfg.py:3256}}
May 21 16:28:09.747169 np0000175955 devstack@n-api-meta.service[108274]: DEBUG nova.api.openstack.wsgi_app [None req-f5803114-bd20-44c5-9432-f902fe50ee0b None None] oslo_messaging_rabbit.ssl_version = {{(pid=108274) log_opt_values /opt/stack/data/venv/lib/python3.12/site-packages/oslo_config/cfg.py:3256}}
May 21 16:28:09.747338 np0000175955 devstack@n-api-meta.service[108274]: DEBUG nova.api.openstack.wsgi_app [None req-f5803114-bd20-44c5-9432-f902fe50ee0b None None] oslo_messaging_rabbit.use_queue_manager = False {{(pid=108274) log_opt_values /opt/stack/data/venv/lib/python3.12/site-packages/oslo_config/cfg.py:3256}}
May 21 16:28:09.747489 np0000175955 devstack@n-api-meta.service[108274]: DEBUG nova.api.openstack.wsgi_app [None req-f5803114-bd20-44c5-9432-f902fe50ee0b None None] oslo_messaging_notifications.driver = ['messagingv2'] {{(pid=108274) log_opt_values /opt/stack/data/venv/lib/python3.12/site-packages/oslo_config/cfg.py:3256}}
May 21 16:28:09.747624 np0000175955 devstack@n-api-meta.service[108274]: DEBUG nova.api.openstack.wsgi_app [None req-f5803114-bd20-44c5-9432-f902fe50ee0b None None] oslo_messaging_notifications.retry = -1 {{(pid=108274) log_opt_values /opt/stack/data/venv/lib/python3.12/site-packages/oslo_config/cfg.py:3256}}
May 21 16:28:09.747767 np0000175955 devstack@n-api-meta.service[108274]: DEBUG nova.api.openstack.wsgi_app [None req-f5803114-bd20-44c5-9432-f902fe50ee0b None None] oslo_messaging_notifications.topics = ['notifications'] {{(pid=108274) log_opt_values /opt/stack/data/venv/lib/python3.12/site-packages/oslo_config/cfg.py:3256}}
May 21 16:28:09.747907 np0000175955 devstack@n-api-meta.service[108274]: DEBUG nova.api.openstack.wsgi_app [None req-f5803114-bd20-44c5-9432-f902fe50ee0b None None] oslo_messaging_notifications.transport_url = **** {{(pid=108274) log_opt_values /opt/stack/data/venv/lib/python3.12/site-packages/oslo_config/cfg.py:3256}}
May 21 16:28:09.748040 np0000175955 devstack@n-api-meta.service[108274]: DEBUG nova.api.openstack.wsgi_app [None req-f5803114-bd20-44c5-9432-f902fe50ee0b None None] oslo_reports.file_event_handler = None {{(pid=108274) log_opt_values /opt/stack/data/venv/lib/python3.12/site-packages/oslo_config/cfg.py:3256}}
May 21 16:28:09.748173 np0000175955 devstack@n-api-meta.service[108274]: DEBUG nova.api.openstack.wsgi_app [None req-f5803114-bd20-44c5-9432-f902fe50ee0b None None] oslo_reports.file_event_handler_interval = 1 {{(pid=108274) log_opt_values /opt/stack/data/venv/lib/python3.12/site-packages/oslo_config/cfg.py:3256}}
May 21 16:28:09.748335 np0000175955 devstack@n-api-meta.service[108274]: DEBUG nova.api.openstack.wsgi_app [None req-f5803114-bd20-44c5-9432-f902fe50ee0b None None] oslo_reports.log_dir = None {{(pid=108274) log_opt_values /opt/stack/data/venv/lib/python3.12/site-packages/oslo_config/cfg.py:3256}}
May 21 16:28:09.748441 np0000175955 devstack@n-api-meta.service[108274]: DEBUG nova.api.openstack.wsgi_app [None req-f5803114-bd20-44c5-9432-f902fe50ee0b None None] ******************************************************************************** {{(pid=108274) log_opt_values /opt/stack/data/venv/lib/python3.12/site-packages/oslo_config/cfg.py:3263}}
May 21 16:28:09.748530 np0000175955 devstack@n-api-meta.service[108274]: WSGI app 0 (mountpoint='') ready in 2 seconds on interpreter 0x76a3296a3668 pid: 108274 (default app)
May 21 16:28:19.356123 np0000175955 devstack@n-api-meta.service[108272]: DEBUG dbcounter [-] [108272] Writing DB stats nova_api:SELECT=1 {{(pid=108272) stat_writer /opt/stack/data/venv/lib/python3.12/site-packages/dbcounter.py:115}}
May 21 16:28:19.395846 np0000175955 devstack@n-api-meta.service[108273]: DEBUG dbcounter [-] [108273] Writing DB stats nova_api:SELECT=1 {{(pid=108273) stat_writer /opt/stack/data/venv/lib/python3.12/site-packages/dbcounter.py:115}}
May 21 16:28:19.400607 np0000175955 devstack@n-api-meta.service[108275]: DEBUG dbcounter [-] [108275] Writing DB stats nova_api:SELECT=1 {{(pid=108275) stat_writer /opt/stack/data/venv/lib/python3.12/site-packages/dbcounter.py:115}}
May 21 16:28:19.433350 np0000175955 devstack@n-api-meta.service[108274]: DEBUG dbcounter [-] [108274] Writing DB stats nova_api:SELECT=1 {{(pid=108274) stat_writer /opt/stack/data/venv/lib/python3.12/site-packages/dbcounter.py:115}}
May 21 16:28:19.495703 np0000175955 devstack@n-api-meta.service[108272]: DEBUG dbcounter [-] [108272] Writing DB stats nova_cell0:SELECT=1 {{(pid=108272) stat_writer /opt/stack/data/venv/lib/python3.12/site-packages/dbcounter.py:115}}
May 21 16:28:19.496363 np0000175955 devstack@n-api-meta.service[108272]: DEBUG dbcounter [-] [108272] Writing DB stats nova_cell1:SELECT=1 {{(pid=108272) stat_writer /opt/stack/data/venv/lib/python3.12/site-packages/dbcounter.py:115}}
May 21 16:28:19.529681 np0000175955 devstack@n-api-meta.service[108272]: DEBUG dbcounter [-] [108272] Writing DB stats nova_cell0:SELECT=2,nova_cell0:INSERT=1 {{(pid=108272) stat_writer /opt/stack/data/venv/lib/python3.12/site-packages/dbcounter.py:115}}
May 21 16:28:19.531298 np0000175955 devstack@n-api-meta.service[108273]: DEBUG dbcounter [-] [108273] Writing DB stats nova_cell0:SELECT=1 {{(pid=108273) stat_writer /opt/stack/data/venv/lib/python3.12/site-packages/dbcounter.py:115}}
May 21 16:28:19.532864 np0000175955 devstack@n-api-meta.service[108273]: DEBUG dbcounter [-] [108273] Writing DB stats nova_cell1:SELECT=1 {{(pid=108273) stat_writer /opt/stack/data/venv/lib/python3.12/site-packages/dbcounter.py:115}}
May 21 16:28:19.540878 np0000175955 devstack@n-api-meta.service[108275]: DEBUG dbcounter [-] [108275] Writing DB stats nova_cell0:SELECT=1 {{(pid=108275) stat_writer /opt/stack/data/venv/lib/python3.12/site-packages/dbcounter.py:115}}
May 21 16:28:19.542579 np0000175955 devstack@n-api-meta.service[108275]: DEBUG dbcounter [-] [108275] Writing DB stats nova_cell1:SELECT=1 {{(pid=108275) stat_writer /opt/stack/data/venv/lib/python3.12/site-packages/dbcounter.py:115}}
May 21 16:28:19.559597 np0000175955 devstack@n-api-meta.service[108273]: DEBUG dbcounter [-] [108273] Writing DB stats nova_cell0:SELECT=1 {{(pid=108273) stat_writer /opt/stack/data/venv/lib/python3.12/site-packages/dbcounter.py:115}}
May 21 16:28:19.560376 np0000175955 devstack@n-api-meta.service[108274]: DEBUG dbcounter [-] [108274] Writing DB stats nova_cell0:SELECT=1 {{(pid=108274) stat_writer /opt/stack/data/venv/lib/python3.12/site-packages/dbcounter.py:115}}
May 21 16:28:19.569015 np0000175955 devstack@n-api-meta.service[108275]: DEBUG dbcounter [-] [108275] Writing DB stats nova_cell0:SELECT=1 {{(pid=108275) stat_writer /opt/stack/data/venv/lib/python3.12/site-packages/dbcounter.py:115}}
May 21 16:28:19.569134 np0000175955 devstack@n-api-meta.service[108274]: DEBUG dbcounter [-] [108274] Writing DB stats nova_cell1:SELECT=1 {{(pid=108274) stat_writer /opt/stack/data/venv/lib/python3.12/site-packages/dbcounter.py:115}}
May 21 16:28:19.592704 np0000175955 devstack@n-api-meta.service[108274]: DEBUG dbcounter [-] [108274] Writing DB stats nova_cell0:SELECT=1 {{(pid=108274) stat_writer /opt/stack/data/venv/lib/python3.12/site-packages/dbcounter.py:115}}
May 21 16:35:57.566885 np0000175955 devstack@n-api-meta.service[108272]: DEBUG nova.api.metadata.handler [None req-242ab273-cdbf-418a-8068-0501a919259d None None] Metadata request headers: {'Host': '199.204.45.240:8775', 'User-Agent': 'python-requests/2.33.1', 'Accept-Encoding': 'gzip, deflate', 'Accept': '*/*', 'Connection': 'keep-alive', 'X-Forwarded-For': '192.168.24.45', 'X-Instance-Id': '5b7fb5b6-78e9-4c7b-81c0-096edfc85aca', 'X-Tenant-Id': '838a085ec4464b14b6b07f6bc5866e62', 'X-Instance-Id-Signature': 'a3fe36eafa4daacf2500579cbd2f469709a1e2be4a5279595e979ea188b6409b'} {{(pid=108272) __call__ /opt/stack/nova/nova/api/metadata/handler.py:109}}
May 21 16:35:57.582219 np0000175955 devstack@n-api-meta.service[108272]: DEBUG oslo_concurrency.lockutils [None req-6d2ee6a7-311a-4401-9424-57715716083e None None] Acquiring lock "584029cd-4560-4be2-b537-1c905616241d" by "nova.context.set_target_cell..get_or_set_cached_cell_and_set_connections" {{(pid=108272) inner /opt/stack/data/venv/lib/python3.12/site-packages/oslo_concurrency/lockutils.py:511}}
May 21 16:35:57.582390 np0000175955 devstack@n-api-meta.service[108272]: DEBUG oslo_concurrency.lockutils [None req-6d2ee6a7-311a-4401-9424-57715716083e None None] Lock "584029cd-4560-4be2-b537-1c905616241d" acquired by "nova.context.set_target_cell..get_or_set_cached_cell_and_set_connections" :: waited 0.000s {{(pid=108272) inner /opt/stack/data/venv/lib/python3.12/site-packages/oslo_concurrency/lockutils.py:524}}
May 21 16:35:57.582541 np0000175955 devstack@n-api-meta.service[108272]: DEBUG oslo_concurrency.lockutils [None req-6d2ee6a7-311a-4401-9424-57715716083e None None] Lock "584029cd-4560-4be2-b537-1c905616241d" "released" by "nova.context.set_target_cell..get_or_set_cached_cell_and_set_connections" :: held 0.000s {{(pid=108272) inner /opt/stack/data/venv/lib/python3.12/site-packages/oslo_concurrency/lockutils.py:543}}
May 21 16:35:57.647432 np0000175955 devstack@n-api-meta.service[108272]: WARNING neutronclient.v2_0.client [None req-6d2ee6a7-311a-4401-9424-57715716083e None None] The python binding code in neutronclient is deprecated in favor of OpenstackSDK, please use that as this will be removed in a future release.
May 21 16:35:58.107873 np0000175955 devstack@n-api-meta.service[108272]: [pid: 108272|app: 0|req: 1/1] 199.204.45.240 () {40 vars in 641 bytes} [Thu May 21 16:35:57 2026] GET /openstack => generated 116 bytes in 543 msecs (HTTP/1.1 200) 3 headers in 100 bytes (1 switches on core 0)
May 21 16:35:58.121643 np0000175955 devstack@n-api-meta.service[108273]: DEBUG nova.api.metadata.handler [None req-4d18645c-0930-427a-87e4-97b63219524f None None] Metadata request headers: {'Host': '199.204.45.240:8775', 'User-Agent': 'python-requests/2.33.1', 'Accept-Encoding': 'gzip, deflate', 'Accept': '*/*', 'Connection': 'keep-alive', 'X-Forwarded-For': '192.168.24.45', 'X-Instance-Id': '5b7fb5b6-78e9-4c7b-81c0-096edfc85aca', 'X-Tenant-Id': '838a085ec4464b14b6b07f6bc5866e62', 'X-Instance-Id-Signature': 'a3fe36eafa4daacf2500579cbd2f469709a1e2be4a5279595e979ea188b6409b'} {{(pid=108273) __call__ /opt/stack/nova/nova/api/metadata/handler.py:109}}
May 21 16:35:58.126149 np0000175955 devstack@n-api-meta.service[108273]: DEBUG nova.api.metadata.handler [None req-4d18645c-0930-427a-87e4-97b63219524f None None] Using cached metadata for instance 5b7fb5b6-78e9-4c7b-81c0-096edfc85aca {{(pid=108273) get_metadata_by_instance_id /opt/stack/nova/nova/api/metadata/handler.py:84}}
May 21 16:35:58.126625 np0000175955 devstack@n-api-meta.service[108273]: [pid: 108273|app: 0|req: 1/2] 199.204.45.240 () {40 vars in 641 bytes} [Thu May 21 16:35:58 2026] GET /openstack => generated 116 bytes in 6 msecs (HTTP/1.1 200) 3 headers in 100 bytes (1 switches on core 0)
May 21 16:35:58.135383 np0000175955 devstack@n-api-meta.service[108275]: DEBUG nova.api.metadata.handler [None req-997fe382-18d8-4957-8da2-add7426e7daf None None] Metadata request headers: {'Host': '199.204.45.240:8775', 'User-Agent': 'python-requests/2.33.1', 'Accept-Encoding': 'gzip, deflate', 'Accept': '*/*', 'Connection': 'keep-alive', 'X-Forwarded-For': '192.168.24.45', 'X-Instance-Id': '5b7fb5b6-78e9-4c7b-81c0-096edfc85aca', 'X-Tenant-Id': '838a085ec4464b14b6b07f6bc5866e62', 'X-Instance-Id-Signature': 'a3fe36eafa4daacf2500579cbd2f469709a1e2be4a5279595e979ea188b6409b'} {{(pid=108275) __call__ /opt/stack/nova/nova/api/metadata/handler.py:109}}
May 21 16:35:58.140745 np0000175955 devstack@n-api-meta.service[108275]: DEBUG nova.api.metadata.handler [None req-997fe382-18d8-4957-8da2-add7426e7daf None None] Using cached metadata for instance 5b7fb5b6-78e9-4c7b-81c0-096edfc85aca {{(pid=108275) get_metadata_by_instance_id /opt/stack/nova/nova/api/metadata/handler.py:84}}
May 21 16:35:58.141755 np0000175955 devstack@n-api-meta.service[108275]: [pid: 108275|app: 0|req: 1/3] 199.204.45.240 () {40 vars in 694 bytes} [Thu May 21 16:35:58 2026] GET /openstack/2018-08-27/meta_data.json => generated 946 bytes in 7 msecs (HTTP/1.1 200) 3 headers in 91 bytes (1 switches on core 0)
May 21 16:35:58.149904 np0000175955 devstack@n-api-meta.service[108274]: DEBUG nova.api.metadata.handler [None req-f5803114-bd20-44c5-9432-f902fe50ee0b None None] Metadata request headers: {'Host': '199.204.45.240:8775', 'User-Agent': 'python-requests/2.33.1', 'Accept-Encoding': 'gzip, deflate', 'Accept': '*/*', 'Connection': 'keep-alive', 'X-Forwarded-For': '192.168.24.45', 'X-Instance-Id': '5b7fb5b6-78e9-4c7b-81c0-096edfc85aca', 'X-Tenant-Id': '838a085ec4464b14b6b07f6bc5866e62', 'X-Instance-Id-Signature': 'a3fe36eafa4daacf2500579cbd2f469709a1e2be4a5279595e979ea188b6409b'} {{(pid=108274) __call__ /opt/stack/nova/nova/api/metadata/handler.py:109}}
May 21 16:35:58.154586 np0000175955 devstack@n-api-meta.service[108274]: DEBUG nova.api.metadata.handler [None req-f5803114-bd20-44c5-9432-f902fe50ee0b None None] Using cached metadata for instance 5b7fb5b6-78e9-4c7b-81c0-096edfc85aca {{(pid=108274) get_metadata_by_instance_id /opt/stack/nova/nova/api/metadata/handler.py:84}}
May 21 16:35:58.155330 np0000175955 devstack@n-api-meta.service[108274]: [pid: 108274|app: 0|req: 1/4] 199.204.45.240 () {40 vars in 684 bytes} [Thu May 21 16:35:58 2026] GET /openstack/2018-08-27/user_data => generated 26430 bytes in 6 msecs (HTTP/1.1 200) 3 headers in 102 bytes (1 switches on core 0)
May 21 16:35:58.165004 np0000175955 devstack@n-api-meta.service[108272]: DEBUG nova.api.metadata.handler [None req-6d2ee6a7-311a-4401-9424-57715716083e None None] Metadata request headers: {'Host': '199.204.45.240:8775', 'User-Agent': 'python-requests/2.33.1', 'Accept-Encoding': 'gzip, deflate', 'Accept': '*/*', 'Connection': 'keep-alive', 'X-Forwarded-For': '192.168.24.45', 'X-Instance-Id': '5b7fb5b6-78e9-4c7b-81c0-096edfc85aca', 'X-Tenant-Id': '838a085ec4464b14b6b07f6bc5866e62', 'X-Instance-Id-Signature': 'a3fe36eafa4daacf2500579cbd2f469709a1e2be4a5279595e979ea188b6409b'} {{(pid=108272) __call__ /opt/stack/nova/nova/api/metadata/handler.py:109}}
May 21 16:35:58.167226 np0000175955 devstack@n-api-meta.service[108272]: DEBUG nova.api.metadata.handler [None req-6d2ee6a7-311a-4401-9424-57715716083e None None] Using cached metadata for instance 5b7fb5b6-78e9-4c7b-81c0-096edfc85aca {{(pid=108272) get_metadata_by_instance_id /opt/stack/nova/nova/api/metadata/handler.py:84}}
May 21 16:35:58.167811 np0000175955 devstack@n-api-meta.service[108272]: [pid: 108272|app: 0|req: 2/5] 199.204.45.240 () {40 vars in 698 bytes} [Thu May 21 16:35:58 2026] GET /openstack/2018-08-27/vendor_data.json => generated 2 bytes in 3 msecs (HTTP/1.1 200) 3 headers in 89 bytes (1 switches on core 0)
May 21 16:35:58.173886 np0000175955 devstack@n-api-meta.service[108273]: DEBUG nova.api.metadata.handler [None req-4d18645c-0930-427a-87e4-97b63219524f None None] Metadata request headers: {'Host': '199.204.45.240:8775', 'User-Agent': 'python-requests/2.33.1', 'Accept-Encoding': 'gzip, deflate', 'Accept': '*/*', 'Connection': 'keep-alive', 'X-Forwarded-For': '192.168.24.45', 'X-Instance-Id': '5b7fb5b6-78e9-4c7b-81c0-096edfc85aca', 'X-Tenant-Id': '838a085ec4464b14b6b07f6bc5866e62', 'X-Instance-Id-Signature': 'a3fe36eafa4daacf2500579cbd2f469709a1e2be4a5279595e979ea188b6409b'} {{(pid=108273) __call__ /opt/stack/nova/nova/api/metadata/handler.py:109}}
May 21 16:35:58.176579 np0000175955 devstack@n-api-meta.service[108273]: DEBUG nova.api.metadata.handler [None req-4d18645c-0930-427a-87e4-97b63219524f None None] Using cached metadata for instance 5b7fb5b6-78e9-4c7b-81c0-096edfc85aca {{(pid=108273) get_metadata_by_instance_id /opt/stack/nova/nova/api/metadata/handler.py:84}}
May 21 16:35:58.177074 np0000175955 devstack@n-api-meta.service[108273]: [pid: 108273|app: 0|req: 2/6] 199.204.45.240 () {40 vars in 700 bytes} [Thu May 21 16:35:58 2026] GET /openstack/2018-08-27/vendor_data2.json => generated 14 bytes in 4 msecs (HTTP/1.1 200) 3 headers in 90 bytes (1 switches on core 0)
May 21 16:35:58.185900 np0000175955 devstack@n-api-meta.service[108275]: DEBUG nova.api.metadata.handler [None req-997fe382-18d8-4957-8da2-add7426e7daf None None] Metadata request headers: {'Host': '199.204.45.240:8775', 'User-Agent': 'python-requests/2.33.1', 'Accept-Encoding': 'gzip, deflate', 'Accept': '*/*', 'Connection': 'keep-alive', 'X-Forwarded-For': '192.168.24.45', 'X-Instance-Id': '5b7fb5b6-78e9-4c7b-81c0-096edfc85aca', 'X-Tenant-Id': '838a085ec4464b14b6b07f6bc5866e62', 'X-Instance-Id-Signature': 'a3fe36eafa4daacf2500579cbd2f469709a1e2be4a5279595e979ea188b6409b'} {{(pid=108275) __call__ /opt/stack/nova/nova/api/metadata/handler.py:109}}
May 21 16:35:58.189086 np0000175955 devstack@n-api-meta.service[108275]: DEBUG nova.api.metadata.handler [None req-997fe382-18d8-4957-8da2-add7426e7daf None None] Using cached metadata for instance 5b7fb5b6-78e9-4c7b-81c0-096edfc85aca {{(pid=108275) get_metadata_by_instance_id /opt/stack/nova/nova/api/metadata/handler.py:84}}
May 21 16:35:58.190057 np0000175955 devstack@n-api-meta.service[108275]: [pid: 108275|app: 0|req: 2/7] 199.204.45.240 () {40 vars in 700 bytes} [Thu May 21 16:35:58 2026] GET /openstack/2018-08-27/network_data.json => generated 348 bytes in 5 msecs (HTTP/1.1 200) 3 headers in 100 bytes (1 switches on core 0)
May 21 16:35:58.197942 np0000175955 devstack@n-api-meta.service[108274]: DEBUG nova.api.metadata.handler [None req-f5803114-bd20-44c5-9432-f902fe50ee0b None None] Metadata request headers: {'Host': '199.204.45.240:8775', 'User-Agent': 'python-requests/2.33.1', 'Accept-Encoding': 'gzip, deflate', 'Accept': '*/*', 'Connection': 'keep-alive', 'X-Forwarded-For': '192.168.24.45', 'X-Instance-Id': '5b7fb5b6-78e9-4c7b-81c0-096edfc85aca', 'X-Tenant-Id': '838a085ec4464b14b6b07f6bc5866e62', 'X-Instance-Id-Signature': 'a3fe36eafa4daacf2500579cbd2f469709a1e2be4a5279595e979ea188b6409b'} {{(pid=108274) __call__ /opt/stack/nova/nova/api/metadata/handler.py:109}}
May 21 16:35:58.200953 np0000175955 devstack@n-api-meta.service[108274]: DEBUG nova.api.metadata.handler [None req-f5803114-bd20-44c5-9432-f902fe50ee0b None None] Using cached metadata for instance 5b7fb5b6-78e9-4c7b-81c0-096edfc85aca {{(pid=108274) get_metadata_by_instance_id /opt/stack/nova/nova/api/metadata/handler.py:84}}
May 21 16:35:58.201821 np0000175955 devstack@n-api-meta.service[108274]: [pid: 108274|app: 0|req: 2/8] 199.204.45.240 () {40 vars in 658 bytes} [Thu May 21 16:35:58 2026] GET /latest/meta-data/ => generated 210 bytes in 4 msecs (HTTP/1.1 200) 3 headers in 100 bytes (1 switches on core 0)
May 21 16:35:58.208034 np0000175955 devstack@n-api-meta.service[108272]: DEBUG nova.api.metadata.handler [None req-6d2ee6a7-311a-4401-9424-57715716083e None None] Metadata request headers: {'Host': '199.204.45.240:8775', 'User-Agent': 'python-requests/2.33.1', 'Accept-Encoding': 'gzip, deflate', 'Accept': '*/*', 'Connection': 'keep-alive', 'X-Forwarded-For': '192.168.24.45', 'X-Instance-Id': '5b7fb5b6-78e9-4c7b-81c0-096edfc85aca', 'X-Tenant-Id': '838a085ec4464b14b6b07f6bc5866e62', 'X-Instance-Id-Signature': 'a3fe36eafa4daacf2500579cbd2f469709a1e2be4a5279595e979ea188b6409b'} {{(pid=108272) __call__ /opt/stack/nova/nova/api/metadata/handler.py:109}}
May 21 16:35:58.210972 np0000175955 devstack@n-api-meta.service[108272]: DEBUG nova.api.metadata.handler [None req-6d2ee6a7-311a-4401-9424-57715716083e None None] Using cached metadata for instance 5b7fb5b6-78e9-4c7b-81c0-096edfc85aca {{(pid=108272) get_metadata_by_instance_id /opt/stack/nova/nova/api/metadata/handler.py:84}}
May 21 16:35:58.211994 np0000175955 devstack@n-api-meta.service[108272]: [pid: 108272|app: 0|req: 3/9] 199.204.45.240 () {40 vars in 700 bytes} [Thu May 21 16:35:58 2026] GET /latest/meta-data/block-device-mapping/ => generated 8 bytes in 4 msecs (HTTP/1.1 200) 3 headers in 98 bytes (1 switches on core 0)
May 21 16:35:58.220141 np0000175955 devstack@n-api-meta.service[108273]: DEBUG nova.api.metadata.handler [None req-4d18645c-0930-427a-87e4-97b63219524f None None] Metadata request headers: {'Host': '199.204.45.240:8775', 'User-Agent': 'python-requests/2.33.1', 'Accept-Encoding': 'gzip, deflate', 'Accept': '*/*', 'Connection': 'keep-alive', 'X-Forwarded-For': '192.168.24.45', 'X-Instance-Id': '5b7fb5b6-78e9-4c7b-81c0-096edfc85aca', 'X-Tenant-Id': '838a085ec4464b14b6b07f6bc5866e62', 'X-Instance-Id-Signature': 'a3fe36eafa4daacf2500579cbd2f469709a1e2be4a5279595e979ea188b6409b'} {{(pid=108273) __call__ /opt/stack/nova/nova/api/metadata/handler.py:109}}
May 21 16:35:58.222931 np0000175955 devstack@n-api-meta.service[108273]: DEBUG nova.api.metadata.handler [None req-4d18645c-0930-427a-87e4-97b63219524f None None] Using cached metadata for instance 5b7fb5b6-78e9-4c7b-81c0-096edfc85aca {{(pid=108273) get_metadata_by_instance_id /opt/stack/nova/nova/api/metadata/handler.py:84}}
May 21 16:35:58.223707 np0000175955 devstack@n-api-meta.service[108273]: [pid: 108273|app: 0|req: 3/10] 199.204.45.240 () {40 vars in 706 bytes} [Thu May 21 16:35:58 2026] GET /latest/meta-data/block-device-mapping/ami => generated 3 bytes in 4 msecs (HTTP/1.1 200) 3 headers in 98 bytes (1 switches on core 0)
May 21 16:35:58.230162 np0000175955 devstack@n-api-meta.service[108275]: DEBUG nova.api.metadata.handler [None req-997fe382-18d8-4957-8da2-add7426e7daf None None] Metadata request headers: {'Host': '199.204.45.240:8775', 'User-Agent': 'python-requests/2.33.1', 'Accept-Encoding': 'gzip, deflate', 'Accept': '*/*', 'Connection': 'keep-alive', 'X-Forwarded-For': '192.168.24.45', 'X-Instance-Id': '5b7fb5b6-78e9-4c7b-81c0-096edfc85aca', 'X-Tenant-Id': '838a085ec4464b14b6b07f6bc5866e62', 'X-Instance-Id-Signature': 'a3fe36eafa4daacf2500579cbd2f469709a1e2be4a5279595e979ea188b6409b'} {{(pid=108275) __call__ /opt/stack/nova/nova/api/metadata/handler.py:109}}
May 21 16:35:58.232805 np0000175955 devstack@n-api-meta.service[108275]: DEBUG nova.api.metadata.handler [None req-997fe382-18d8-4957-8da2-add7426e7daf None None] Using cached metadata for instance 5b7fb5b6-78e9-4c7b-81c0-096edfc85aca {{(pid=108275) get_metadata_by_instance_id /opt/stack/nova/nova/api/metadata/handler.py:84}}
May 21 16:35:58.233459 np0000175955 devstack@n-api-meta.service[108275]: [pid: 108275|app: 0|req: 3/11] 199.204.45.240 () {40 vars in 708 bytes} [Thu May 21 16:35:58 2026] GET /latest/meta-data/block-device-mapping/root => generated 8 bytes in 4 msecs (HTTP/1.1 200) 3 headers in 98 bytes (1 switches on core 0)
May 21 16:35:58.241593 np0000175955 devstack@n-api-meta.service[108274]: DEBUG nova.api.metadata.handler [None req-f5803114-bd20-44c5-9432-f902fe50ee0b None None] Metadata request headers: {'Host': '199.204.45.240:8775', 'User-Agent': 'python-requests/2.33.1', 'Accept-Encoding': 'gzip, deflate', 'Accept': '*/*', 'Connection': 'keep-alive', 'X-Forwarded-For': '192.168.24.45', 'X-Instance-Id': '5b7fb5b6-78e9-4c7b-81c0-096edfc85aca', 'X-Tenant-Id': '838a085ec4464b14b6b07f6bc5866e62', 'X-Instance-Id-Signature': 'a3fe36eafa4daacf2500579cbd2f469709a1e2be4a5279595e979ea188b6409b'} {{(pid=108274) __call__ /opt/stack/nova/nova/api/metadata/handler.py:109}}
May 21 16:35:58.244522 np0000175955 devstack@n-api-meta.service[108274]: DEBUG nova.api.metadata.handler [None req-f5803114-bd20-44c5-9432-f902fe50ee0b None None] Using cached metadata for instance 5b7fb5b6-78e9-4c7b-81c0-096edfc85aca {{(pid=108274) get_metadata_by_instance_id /opt/stack/nova/nova/api/metadata/handler.py:84}}
May 21 16:35:58.245152 np0000175955 devstack@n-api-meta.service[108274]: [pid: 108274|app: 0|req: 3/12] 199.204.45.240 () {40 vars in 678 bytes} [Thu May 21 16:35:58 2026] GET /latest/meta-data/placement/ => generated 17 bytes in 4 msecs (HTTP/1.1 200) 3 headers in 99 bytes (1 switches on core 0)
May 21 16:35:58.252529 np0000175955 devstack@n-api-meta.service[108272]: DEBUG nova.api.metadata.handler [None req-6d2ee6a7-311a-4401-9424-57715716083e None None] Metadata request headers: {'Host': '199.204.45.240:8775', 'User-Agent': 'python-requests/2.33.1', 'Accept-Encoding': 'gzip, deflate', 'Accept': '*/*', 'Connection': 'keep-alive', 'X-Forwarded-For': '192.168.24.45', 'X-Instance-Id': '5b7fb5b6-78e9-4c7b-81c0-096edfc85aca', 'X-Tenant-Id': '838a085ec4464b14b6b07f6bc5866e62', 'X-Instance-Id-Signature': 'a3fe36eafa4daacf2500579cbd2f469709a1e2be4a5279595e979ea188b6409b'} {{(pid=108272) __call__ /opt/stack/nova/nova/api/metadata/handler.py:109}}
May 21 16:35:58.255173 np0000175955 devstack@n-api-meta.service[108272]: DEBUG nova.api.metadata.handler [None req-6d2ee6a7-311a-4401-9424-57715716083e None None] Using cached metadata for instance 5b7fb5b6-78e9-4c7b-81c0-096edfc85aca {{(pid=108272) get_metadata_by_instance_id /opt/stack/nova/nova/api/metadata/handler.py:84}}
May 21 16:35:58.255821 np0000175955 devstack@n-api-meta.service[108272]: [pid: 108272|app: 0|req: 4/13] 199.204.45.240 () {40 vars in 712 bytes} [Thu May 21 16:35:58 2026] GET /latest/meta-data/placement/availability-zone => generated 4 bytes in 4 msecs (HTTP/1.1 200) 3 headers in 98 bytes (1 switches on core 0)
May 21 16:35:58.263802 np0000175955 devstack@n-api-meta.service[108273]: DEBUG nova.api.metadata.handler [None req-4d18645c-0930-427a-87e4-97b63219524f None None] Metadata request headers: {'Host': '199.204.45.240:8775', 'User-Agent': 'python-requests/2.33.1', 'Accept-Encoding': 'gzip, deflate', 'Accept': '*/*', 'Connection': 'keep-alive', 'X-Forwarded-For': '192.168.24.45', 'X-Instance-Id': '5b7fb5b6-78e9-4c7b-81c0-096edfc85aca', 'X-Tenant-Id': '838a085ec4464b14b6b07f6bc5866e62', 'X-Instance-Id-Signature': 'a3fe36eafa4daacf2500579cbd2f469709a1e2be4a5279595e979ea188b6409b'} {{(pid=108273) __call__ /opt/stack/nova/nova/api/metadata/handler.py:109}}
May 21 16:35:58.266219 np0000175955 devstack@n-api-meta.service[108273]: DEBUG nova.api.metadata.handler [None req-4d18645c-0930-427a-87e4-97b63219524f None None] Using cached metadata for instance 5b7fb5b6-78e9-4c7b-81c0-096edfc85aca {{(pid=108273) get_metadata_by_instance_id /opt/stack/nova/nova/api/metadata/handler.py:84}}
May 21 16:35:58.266777 np0000175955 devstack@n-api-meta.service[108273]: [pid: 108273|app: 0|req: 4/14] 199.204.45.240 () {40 vars in 670 bytes} [Thu May 21 16:35:58 2026] GET /latest/meta-data/ami-id => generated 12 bytes in 3 msecs (HTTP/1.1 200) 3 headers in 99 bytes (1 switches on core 0)
May 21 16:35:58.274077 np0000175955 devstack@n-api-meta.service[108275]: DEBUG nova.api.metadata.handler [None req-997fe382-18d8-4957-8da2-add7426e7daf None None] Metadata request headers: {'Host': '199.204.45.240:8775', 'User-Agent': 'python-requests/2.33.1', 'Accept-Encoding': 'gzip, deflate', 'Accept': '*/*', 'Connection': 'keep-alive', 'X-Forwarded-For': '192.168.24.45', 'X-Instance-Id': '5b7fb5b6-78e9-4c7b-81c0-096edfc85aca', 'X-Tenant-Id': '838a085ec4464b14b6b07f6bc5866e62', 'X-Instance-Id-Signature': 'a3fe36eafa4daacf2500579cbd2f469709a1e2be4a5279595e979ea188b6409b'} {{(pid=108275) __call__ /opt/stack/nova/nova/api/metadata/handler.py:109}}
May 21 16:35:58.277453 np0000175955 devstack@n-api-meta.service[108275]: DEBUG nova.api.metadata.handler [None req-997fe382-18d8-4957-8da2-add7426e7daf None None] Using cached metadata for instance 5b7fb5b6-78e9-4c7b-81c0-096edfc85aca {{(pid=108275) get_metadata_by_instance_id /opt/stack/nova/nova/api/metadata/handler.py:84}}
May 21 16:35:58.277834 np0000175955 devstack@n-api-meta.service[108275]: [pid: 108275|app: 0|req: 4/15] 199.204.45.240 () {40 vars in 690 bytes} [Thu May 21 16:35:58 2026] GET /latest/meta-data/ami-launch-index => generated 1 bytes in 4 msecs (HTTP/1.1 200) 3 headers in 98 bytes (1 switches on core 0)
May 21 16:35:58.284274 np0000175955 devstack@n-api-meta.service[108274]: DEBUG nova.api.metadata.handler [None req-f5803114-bd20-44c5-9432-f902fe50ee0b None None] Metadata request headers: {'Host': '199.204.45.240:8775', 'User-Agent': 'python-requests/2.33.1', 'Accept-Encoding': 'gzip, deflate', 'Accept': '*/*', 'Connection': 'keep-alive', 'X-Forwarded-For': '192.168.24.45', 'X-Instance-Id': '5b7fb5b6-78e9-4c7b-81c0-096edfc85aca', 'X-Tenant-Id': '838a085ec4464b14b6b07f6bc5866e62', 'X-Instance-Id-Signature': 'a3fe36eafa4daacf2500579cbd2f469709a1e2be4a5279595e979ea188b6409b'} {{(pid=108274) __call__ /opt/stack/nova/nova/api/metadata/handler.py:109}}
May 21 16:35:58.286996 np0000175955 devstack@n-api-meta.service[108274]: DEBUG nova.api.metadata.handler [None req-f5803114-bd20-44c5-9432-f902fe50ee0b None None] Using cached metadata for instance 5b7fb5b6-78e9-4c7b-81c0-096edfc85aca {{(pid=108274) get_metadata_by_instance_id /opt/stack/nova/nova/api/metadata/handler.py:84}}
May 21 16:35:58.287774 np0000175955 devstack@n-api-meta.service[108274]: [pid: 108274|app: 0|req: 4/16] 199.204.45.240 () {40 vars in 692 bytes} [Thu May 21 16:35:58 2026] GET /latest/meta-data/ami-manifest-path => generated 5 bytes in 4 msecs (HTTP/1.1 200) 3 headers in 98 bytes (1 switches on core 0)
May 21 16:35:58.295536 np0000175955 devstack@n-api-meta.service[108272]: DEBUG nova.api.metadata.handler [None req-6d2ee6a7-311a-4401-9424-57715716083e None None] Metadata request headers: {'Host': '199.204.45.240:8775', 'User-Agent': 'python-requests/2.33.1', 'Accept-Encoding': 'gzip, deflate', 'Accept': '*/*', 'Connection': 'keep-alive', 'X-Forwarded-For': '192.168.24.45', 'X-Instance-Id': '5b7fb5b6-78e9-4c7b-81c0-096edfc85aca', 'X-Tenant-Id': '838a085ec4464b14b6b07f6bc5866e62', 'X-Instance-Id-Signature': 'a3fe36eafa4daacf2500579cbd2f469709a1e2be4a5279595e979ea188b6409b'} {{(pid=108272) __call__ /opt/stack/nova/nova/api/metadata/handler.py:109}}
May 21 16:35:58.298319 np0000175955 devstack@n-api-meta.service[108272]: DEBUG nova.api.metadata.handler [None req-6d2ee6a7-311a-4401-9424-57715716083e None None] Using cached metadata for instance 5b7fb5b6-78e9-4c7b-81c0-096edfc85aca {{(pid=108272) get_metadata_by_instance_id /opt/stack/nova/nova/api/metadata/handler.py:84}}
May 21 16:35:58.298953 np0000175955 devstack@n-api-meta.service[108272]: [pid: 108272|app: 0|req: 5/17] 199.204.45.240 () {40 vars in 674 bytes} [Thu May 21 16:35:58 2026] GET /latest/meta-data/hostname => generated 32 bytes in 4 msecs (HTTP/1.1 200) 3 headers in 99 bytes (1 switches on core 0)
May 21 16:35:58.306705 np0000175955 devstack@n-api-meta.service[108273]: DEBUG nova.api.metadata.handler [None req-4d18645c-0930-427a-87e4-97b63219524f None None] Metadata request headers: {'Host': '199.204.45.240:8775', 'User-Agent': 'python-requests/2.33.1', 'Accept-Encoding': 'gzip, deflate', 'Accept': '*/*', 'Connection': 'keep-alive', 'X-Forwarded-For': '192.168.24.45', 'X-Instance-Id': '5b7fb5b6-78e9-4c7b-81c0-096edfc85aca', 'X-Tenant-Id': '838a085ec4464b14b6b07f6bc5866e62', 'X-Instance-Id-Signature': 'a3fe36eafa4daacf2500579cbd2f469709a1e2be4a5279595e979ea188b6409b'} {{(pid=108273) __call__ /opt/stack/nova/nova/api/metadata/handler.py:109}}
May 21 16:35:58.309177 np0000175955 devstack@n-api-meta.service[108273]: DEBUG nova.api.metadata.handler [None req-4d18645c-0930-427a-87e4-97b63219524f None None] Using cached metadata for instance 5b7fb5b6-78e9-4c7b-81c0-096edfc85aca {{(pid=108273) get_metadata_by_instance_id /opt/stack/nova/nova/api/metadata/handler.py:84}}
May 21 16:35:58.309785 np0000175955 devstack@n-api-meta.service[108273]: [pid: 108273|app: 0|req: 5/18] 199.204.45.240 () {40 vars in 688 bytes} [Thu May 21 16:35:58 2026] GET /latest/meta-data/instance-action => generated 4 bytes in 3 msecs (HTTP/1.1 200) 3 headers in 98 bytes (1 switches on core 0)
May 21 16:35:58.315560 np0000175955 devstack@n-api-meta.service[108275]: DEBUG nova.api.metadata.handler [None req-997fe382-18d8-4957-8da2-add7426e7daf None None] Metadata request headers: {'Host': '199.204.45.240:8775', 'User-Agent': 'python-requests/2.33.1', 'Accept-Encoding': 'gzip, deflate', 'Accept': '*/*', 'Connection': 'keep-alive', 'X-Forwarded-For': '192.168.24.45', 'X-Instance-Id': '5b7fb5b6-78e9-4c7b-81c0-096edfc85aca', 'X-Tenant-Id': '838a085ec4464b14b6b07f6bc5866e62', 'X-Instance-Id-Signature': 'a3fe36eafa4daacf2500579cbd2f469709a1e2be4a5279595e979ea188b6409b'} {{(pid=108275) __call__ /opt/stack/nova/nova/api/metadata/handler.py:109}}
May 21 16:35:58.318145 np0000175955 devstack@n-api-meta.service[108275]: DEBUG nova.api.metadata.handler [None req-997fe382-18d8-4957-8da2-add7426e7daf None None] Using cached metadata for instance 5b7fb5b6-78e9-4c7b-81c0-096edfc85aca {{(pid=108275) get_metadata_by_instance_id /opt/stack/nova/nova/api/metadata/handler.py:84}}
May 21 16:35:58.318835 np0000175955 devstack@n-api-meta.service[108275]: [pid: 108275|app: 0|req: 5/19] 199.204.45.240 () {40 vars in 680 bytes} [Thu May 21 16:35:58 2026] GET /latest/meta-data/instance-id => generated 10 bytes in 4 msecs (HTTP/1.1 200) 3 headers in 99 bytes (1 switches on core 0)
May 21 16:35:58.327148 np0000175955 devstack@n-api-meta.service[108274]: DEBUG nova.api.metadata.handler [None req-f5803114-bd20-44c5-9432-f902fe50ee0b None None] Metadata request headers: {'Host': '199.204.45.240:8775', 'User-Agent': 'python-requests/2.33.1', 'Accept-Encoding': 'gzip, deflate', 'Accept': '*/*', 'Connection': 'keep-alive', 'X-Forwarded-For': '192.168.24.45', 'X-Instance-Id': '5b7fb5b6-78e9-4c7b-81c0-096edfc85aca', 'X-Tenant-Id': '838a085ec4464b14b6b07f6bc5866e62', 'X-Instance-Id-Signature': 'a3fe36eafa4daacf2500579cbd2f469709a1e2be4a5279595e979ea188b6409b'} {{(pid=108274) __call__ /opt/stack/nova/nova/api/metadata/handler.py:109}}
May 21 16:35:58.329997 np0000175955 devstack@n-api-meta.service[108274]: DEBUG nova.api.metadata.handler [None req-f5803114-bd20-44c5-9432-f902fe50ee0b None None] Using cached metadata for instance 5b7fb5b6-78e9-4c7b-81c0-096edfc85aca {{(pid=108274) get_metadata_by_instance_id /opt/stack/nova/nova/api/metadata/handler.py:84}}
May 21 16:35:58.330680 np0000175955 devstack@n-api-meta.service[108274]: [pid: 108274|app: 0|req: 5/20] 199.204.45.240 () {40 vars in 684 bytes} [Thu May 21 16:35:58 2026] GET /latest/meta-data/instance-type => generated 8 bytes in 4 msecs (HTTP/1.1 200) 3 headers in 98 bytes (1 switches on core 0)
May 21 16:35:58.337090 np0000175955 devstack@n-api-meta.service[108272]: DEBUG nova.api.metadata.handler [None req-6d2ee6a7-311a-4401-9424-57715716083e None None] Metadata request headers: {'Host': '199.204.45.240:8775', 'User-Agent': 'python-requests/2.33.1', 'Accept-Encoding': 'gzip, deflate', 'Accept': '*/*', 'Connection': 'keep-alive', 'X-Forwarded-For': '192.168.24.45', 'X-Instance-Id': '5b7fb5b6-78e9-4c7b-81c0-096edfc85aca', 'X-Tenant-Id': '838a085ec4464b14b6b07f6bc5866e62', 'X-Instance-Id-Signature': 'a3fe36eafa4daacf2500579cbd2f469709a1e2be4a5279595e979ea188b6409b'} {{(pid=108272) __call__ /opt/stack/nova/nova/api/metadata/handler.py:109}}
May 21 16:35:58.339938 np0000175955 devstack@n-api-meta.service[108272]: DEBUG nova.api.metadata.handler [None req-6d2ee6a7-311a-4401-9424-57715716083e None None] Using cached metadata for instance 5b7fb5b6-78e9-4c7b-81c0-096edfc85aca {{(pid=108272) get_metadata_by_instance_id /opt/stack/nova/nova/api/metadata/handler.py:84}}
May 21 16:35:58.340693 np0000175955 devstack@n-api-meta.service[108272]: [pid: 108272|app: 0|req: 6/21] 199.204.45.240 () {40 vars in 686 bytes} [Thu May 21 16:35:58 2026] GET /latest/meta-data/local-hostname => generated 32 bytes in 4 msecs (HTTP/1.1 200) 3 headers in 99 bytes (1 switches on core 0)
May 21 16:35:58.349821 np0000175955 devstack@n-api-meta.service[108273]: DEBUG nova.api.metadata.handler [None req-4d18645c-0930-427a-87e4-97b63219524f None None] Metadata request headers: {'Host': '199.204.45.240:8775', 'User-Agent': 'python-requests/2.33.1', 'Accept-Encoding': 'gzip, deflate', 'Accept': '*/*', 'Connection': 'keep-alive', 'X-Forwarded-For': '192.168.24.45', 'X-Instance-Id': '5b7fb5b6-78e9-4c7b-81c0-096edfc85aca', 'X-Tenant-Id': '838a085ec4464b14b6b07f6bc5866e62', 'X-Instance-Id-Signature': 'a3fe36eafa4daacf2500579cbd2f469709a1e2be4a5279595e979ea188b6409b'} {{(pid=108273) __call__ /opt/stack/nova/nova/api/metadata/handler.py:109}}
May 21 16:35:58.351358 np0000175955 devstack@n-api-meta.service[108273]: DEBUG nova.api.metadata.handler [None req-4d18645c-0930-427a-87e4-97b63219524f None None] Using cached metadata for instance 5b7fb5b6-78e9-4c7b-81c0-096edfc85aca {{(pid=108273) get_metadata_by_instance_id /opt/stack/nova/nova/api/metadata/handler.py:84}}
May 21 16:35:58.351836 np0000175955 devstack@n-api-meta.service[108273]: [pid: 108273|app: 0|req: 6/22] 199.204.45.240 () {40 vars in 678 bytes} [Thu May 21 16:35:58 2026] GET /latest/meta-data/local-ipv4 => generated 13 bytes in 2 msecs (HTTP/1.1 200) 3 headers in 99 bytes (1 switches on core 0)
May 21 16:35:58.359866 np0000175955 devstack@n-api-meta.service[108275]: DEBUG nova.api.metadata.handler [None req-997fe382-18d8-4957-8da2-add7426e7daf None None] Metadata request headers: {'Host': '199.204.45.240:8775', 'User-Agent': 'python-requests/2.33.1', 'Accept-Encoding': 'gzip, deflate', 'Accept': '*/*', 'Connection': 'keep-alive', 'X-Forwarded-For': '192.168.24.45', 'X-Instance-Id': '5b7fb5b6-78e9-4c7b-81c0-096edfc85aca', 'X-Tenant-Id': '838a085ec4464b14b6b07f6bc5866e62', 'X-Instance-Id-Signature': 'a3fe36eafa4daacf2500579cbd2f469709a1e2be4a5279595e979ea188b6409b'} {{(pid=108275) __call__ /opt/stack/nova/nova/api/metadata/handler.py:109}}
May 21 16:35:58.362549 np0000175955 devstack@n-api-meta.service[108275]: DEBUG nova.api.metadata.handler [None req-997fe382-18d8-4957-8da2-add7426e7daf None None] Using cached metadata for instance 5b7fb5b6-78e9-4c7b-81c0-096edfc85aca {{(pid=108275) get_metadata_by_instance_id /opt/stack/nova/nova/api/metadata/handler.py:84}}
May 21 16:35:58.363091 np0000175955 devstack@n-api-meta.service[108275]: [pid: 108275|app: 0|req: 6/23] 199.204.45.240 () {40 vars in 688 bytes} [Thu May 21 16:35:58 2026] GET /latest/meta-data/public-hostname => generated 32 bytes in 4 msecs (HTTP/1.1 200) 3 headers in 99 bytes (1 switches on core 0)
May 21 16:35:58.369042 np0000175955 devstack@n-api-meta.service[108274]: DEBUG nova.api.metadata.handler [None req-f5803114-bd20-44c5-9432-f902fe50ee0b None None] Metadata request headers: {'Host': '199.204.45.240:8775', 'User-Agent': 'python-requests/2.33.1', 'Accept-Encoding': 'gzip, deflate', 'Accept': '*/*', 'Connection': 'keep-alive', 'X-Forwarded-For': '192.168.24.45', 'X-Instance-Id': '5b7fb5b6-78e9-4c7b-81c0-096edfc85aca', 'X-Tenant-Id': '838a085ec4464b14b6b07f6bc5866e62', 'X-Instance-Id-Signature': 'a3fe36eafa4daacf2500579cbd2f469709a1e2be4a5279595e979ea188b6409b'} {{(pid=108274) __call__ /opt/stack/nova/nova/api/metadata/handler.py:109}}
May 21 16:35:58.372146 np0000175955 devstack@n-api-meta.service[108274]: DEBUG nova.api.metadata.handler [None req-f5803114-bd20-44c5-9432-f902fe50ee0b None None] Using cached metadata for instance 5b7fb5b6-78e9-4c7b-81c0-096edfc85aca {{(pid=108274) get_metadata_by_instance_id /opt/stack/nova/nova/api/metadata/handler.py:84}}
May 21 16:35:58.372992 np0000175955 devstack@n-api-meta.service[108274]: [pid: 108274|app: 0|req: 6/24] 199.204.45.240 () {40 vars in 680 bytes} [Thu May 21 16:35:58 2026] GET /latest/meta-data/public-ipv4 => generated 0 bytes in 4 msecs (HTTP/1.1 200) 3 headers in 98 bytes (1 switches on core 0)
