May 21 16:28:16.204342 np0000175955 nova-conductor[110559]: DEBUG cotyledon.oslo_config_glue [-] vnc.server_listen = 127.0.0.1 {{(pid=110559) log_opt_values /opt/stack/data/venv/lib/python3.12/site-packages/oslo_config/cfg.py:3256}}
May 21 16:28:16.204342 np0000175955 nova-conductor[110559]: DEBUG cotyledon.oslo_config_glue [-] vnc.server_proxyclient_address = 127.0.0.1 {{(pid=110559) log_opt_values /opt/stack/data/venv/lib/python3.12/site-packages/oslo_config/cfg.py:3256}}
May 21 16:28:16.204342 np0000175955 nova-conductor[110559]: DEBUG cotyledon.oslo_config_glue [-] vnc.vencrypt_ca_certs = None {{(pid=110559) log_opt_values /opt/stack/data/venv/lib/python3.12/site-packages/oslo_config/cfg.py:3256}}
May 21 16:28:16.204342 np0000175955 nova-conductor[110559]: DEBUG cotyledon.oslo_config_glue [-] vnc.vencrypt_client_cert = None {{(pid=110559) log_opt_values /opt/stack/data/venv/lib/python3.12/site-packages/oslo_config/cfg.py:3256}}
May 21 16:28:16.204342 np0000175955 nova-conductor[110559]: DEBUG cotyledon.oslo_config_glue [-] vnc.vencrypt_client_key = None {{(pid=110559) log_opt_values /opt/stack/data/venv/lib/python3.12/site-packages/oslo_config/cfg.py:3256}}
May 21 16:28:16.204342 np0000175955 nova-conductor[110559]: DEBUG cotyledon.oslo_config_glue [-] workarounds.disable_compute_service_check_for_ffu = False {{(pid=110559) log_opt_values /opt/stack/data/venv/lib/python3.12/site-packages/oslo_config/cfg.py:3256}}
May 21 16:28:16.204342 np0000175955 nova-conductor[110559]: DEBUG cotyledon.oslo_config_glue [-] workarounds.disable_deep_image_inspection = False {{(pid=110559) log_opt_values /opt/stack/data/venv/lib/python3.12/site-packages/oslo_config/cfg.py:3256}}
May 21 16:28:16.204342 np0000175955 nova-conductor[110559]: DEBUG cotyledon.oslo_config_glue [-] workarounds.disable_fallback_pcpu_query = False {{(pid=110559) log_opt_values /opt/stack/data/venv/lib/python3.12/site-packages/oslo_config/cfg.py:3256}}
May 21 16:28:16.204342 np0000175955 nova-conductor[110559]: DEBUG cotyledon.oslo_config_glue [-] workarounds.disable_group_policy_check_upcall = False {{(pid=110559) log_opt_values /opt/stack/data/venv/lib/python3.12/site-packages/oslo_config/cfg.py:3256}}
May 21 16:28:16.204562 np0000175955 nova-conductor[110559]: DEBUG cotyledon.oslo_config_glue [-] workarounds.disable_libvirt_livesnapshot = False {{(pid=110559) log_opt_values /opt/stack/data/venv/lib/python3.12/site-packages/oslo_config/cfg.py:3256}}
May 21 16:28:16.204562 np0000175955 nova-conductor[110559]: DEBUG cotyledon.oslo_config_glue [-] workarounds.disable_rootwrap = False {{(pid=110559) log_opt_values /opt/stack/data/venv/lib/python3.12/site-packages/oslo_config/cfg.py:3256}}
May 21 16:28:16.204562 np0000175955 nova-conductor[110559]: DEBUG cotyledon.oslo_config_glue [-] workarounds.enable_numa_live_migration = False {{(pid=110559) log_opt_values /opt/stack/data/venv/lib/python3.12/site-packages/oslo_config/cfg.py:3256}}
May 21 16:28:16.204562 np0000175955 nova-conductor[110559]: DEBUG cotyledon.oslo_config_glue [-] workarounds.enable_qemu_monitor_announce_self = False {{(pid=110559) log_opt_values /opt/stack/data/venv/lib/python3.12/site-packages/oslo_config/cfg.py:3256}}
May 21 16:28:16.204562 np0000175955 nova-conductor[110559]: DEBUG cotyledon.oslo_config_glue [-] workarounds.ensure_libvirt_rbd_instance_dir_cleanup = False {{(pid=110559) log_opt_values /opt/stack/data/venv/lib/python3.12/site-packages/oslo_config/cfg.py:3256}}
May 21 16:28:16.204562 np0000175955 nova-conductor[110559]: DEBUG cotyledon.oslo_config_glue [-] workarounds.handle_virt_lifecycle_events = True {{(pid=110559) log_opt_values /opt/stack/data/venv/lib/python3.12/site-packages/oslo_config/cfg.py:3256}}
May 21 16:28:16.204562 np0000175955 nova-conductor[110559]: DEBUG cotyledon.oslo_config_glue [-] workarounds.libvirt_disable_apic = False {{(pid=110559) log_opt_values /opt/stack/data/venv/lib/python3.12/site-packages/oslo_config/cfg.py:3256}}
May 21 16:28:16.204562 np0000175955 nova-conductor[110559]: DEBUG cotyledon.oslo_config_glue [-] workarounds.never_download_image_if_on_rbd = False {{(pid=110559) log_opt_values /opt/stack/data/venv/lib/python3.12/site-packages/oslo_config/cfg.py:3256}}
May 21 16:28:16.204562 np0000175955 nova-conductor[110559]: DEBUG cotyledon.oslo_config_glue [-] workarounds.qemu_monitor_announce_self_count = 3 {{(pid=110559) log_opt_values /opt/stack/data/venv/lib/python3.12/site-packages/oslo_config/cfg.py:3256}}
May 21 16:28:16.204783 np0000175955 nova-conductor[110559]: DEBUG cotyledon.oslo_config_glue [-] workarounds.qemu_monitor_announce_self_interval = 1 {{(pid=110559) log_opt_values /opt/stack/data/venv/lib/python3.12/site-packages/oslo_config/cfg.py:3256}}
May 21 16:28:16.204783 np0000175955 nova-conductor[110559]: DEBUG cotyledon.oslo_config_glue [-] workarounds.reserve_disk_resource_for_image_cache = False {{(pid=110559) log_opt_values /opt/stack/data/venv/lib/python3.12/site-packages/oslo_config/cfg.py:3256}}
May 21 16:28:16.204783 np0000175955 nova-conductor[110559]: DEBUG cotyledon.oslo_config_glue [-] workarounds.skip_cpu_compare_at_startup = False {{(pid=110559) log_opt_values /opt/stack/data/venv/lib/python3.12/site-packages/oslo_config/cfg.py:3256}}
May 21 16:28:16.204783 np0000175955 nova-conductor[110559]: DEBUG cotyledon.oslo_config_glue [-] workarounds.skip_cpu_compare_on_dest = False {{(pid=110559) log_opt_values /opt/stack/data/venv/lib/python3.12/site-packages/oslo_config/cfg.py:3256}}
May 21 16:28:16.204783 np0000175955 nova-conductor[110559]: DEBUG cotyledon.oslo_config_glue [-] workarounds.skip_hypervisor_version_check_on_lm = False {{(pid=110559) log_opt_values /opt/stack/data/venv/lib/python3.12/site-packages/oslo_config/cfg.py:3256}}
May 21 16:28:16.204783 np0000175955 nova-conductor[110559]: DEBUG cotyledon.oslo_config_glue [-] workarounds.skip_reserve_in_use_ironic_nodes = False {{(pid=110559) log_opt_values /opt/stack/data/venv/lib/python3.12/site-packages/oslo_config/cfg.py:3256}}
May 21 16:28:16.204783 np0000175955 nova-conductor[110559]: DEBUG cotyledon.oslo_config_glue [-] workarounds.unified_limits_count_pcpu_as_vcpu = False {{(pid=110559) log_opt_values /opt/stack/data/venv/lib/python3.12/site-packages/oslo_config/cfg.py:3256}}
May 21 16:28:16.204783 np0000175955 nova-conductor[110559]: DEBUG cotyledon.oslo_config_glue [-] workarounds.wait_for_vif_plugged_event_during_hard_reboot = [] {{(pid=110559) log_opt_values /opt/stack/data/venv/lib/python3.12/site-packages/oslo_config/cfg.py:3256}}
May 21 16:28:16.204979 np0000175955 nova-conductor[110559]: DEBUG cotyledon.oslo_config_glue [-] wsgi.api_paste_config = /etc/nova/api-paste.ini {{(pid=110559) log_opt_values /opt/stack/data/venv/lib/python3.12/site-packages/oslo_config/cfg.py:3256}}
May 21 16:28:16.204979 np0000175955 nova-conductor[110559]: DEBUG cotyledon.oslo_config_glue [-] wsgi.secure_proxy_ssl_header = None {{(pid=110559) log_opt_values /opt/stack/data/venv/lib/python3.12/site-packages/oslo_config/cfg.py:3256}}
May 21 16:28:16.204979 np0000175955 nova-conductor[110559]: DEBUG cotyledon.oslo_config_glue [-] zvm.ca_file = None {{(pid=110559) log_opt_values /opt/stack/data/venv/lib/python3.12/site-packages/oslo_config/cfg.py:3256}}
May 21 16:28:16.204979 np0000175955 nova-conductor[110559]: DEBUG cotyledon.oslo_config_glue [-] zvm.cloud_connector_url = None {{(pid=110559) log_opt_values /opt/stack/data/venv/lib/python3.12/site-packages/oslo_config/cfg.py:3256}}
May 21 16:28:16.204979 np0000175955 nova-conductor[110559]: DEBUG cotyledon.oslo_config_glue [-] zvm.image_tmp_path = /opt/stack/data/nova/images {{(pid=110559) log_opt_values /opt/stack/data/venv/lib/python3.12/site-packages/oslo_config/cfg.py:3256}}
May 21 16:28:16.204979 np0000175955 nova-conductor[110559]: DEBUG cotyledon.oslo_config_glue [-] zvm.reachable_timeout = 300 {{(pid=110559) log_opt_values /opt/stack/data/venv/lib/python3.12/site-packages/oslo_config/cfg.py:3256}}
May 21 16:28:16.204979 np0000175955 nova-conductor[110559]: DEBUG cotyledon.oslo_config_glue [-] oslo_versionedobjects.fatal_exception_format_errors = False {{(pid=110559) log_opt_values /opt/stack/data/venv/lib/python3.12/site-packages/oslo_config/cfg.py:3256}}
May 21 16:28:16.204979 np0000175955 nova-conductor[110559]: DEBUG cotyledon.oslo_config_glue [-] oslo_middleware.http_basic_auth_user_file = /etc/htpasswd {{(pid=110559) log_opt_values /opt/stack/data/venv/lib/python3.12/site-packages/oslo_config/cfg.py:3256}}
May 21 16:28:16.205167 np0000175955 nova-conductor[110551]: INFO nova.service [-] Starting conductor node (version 33.1.0)
May 21 16:28:16.205205 np0000175955 nova-conductor[110559]: DEBUG cotyledon.oslo_config_glue [-] profiler.connection_string = messaging:// {{(pid=110559) log_opt_values /opt/stack/data/venv/lib/python3.12/site-packages/oslo_config/cfg.py:3256}}
May 21 16:28:16.205205 np0000175955 nova-conductor[110559]: DEBUG cotyledon.oslo_config_glue [-] profiler.enabled = False {{(pid=110559) log_opt_values /opt/stack/data/venv/lib/python3.12/site-packages/oslo_config/cfg.py:3256}}
May 21 16:28:16.205205 np0000175955 nova-conductor[110559]: DEBUG cotyledon.oslo_config_glue [-] profiler.es_doc_type = notification {{(pid=110559) log_opt_values /opt/stack/data/venv/lib/python3.12/site-packages/oslo_config/cfg.py:3256}}
May 21 16:28:16.205205 np0000175955 nova-conductor[110559]: DEBUG cotyledon.oslo_config_glue [-] profiler.es_scroll_size = 10000 {{(pid=110559) log_opt_values /opt/stack/data/venv/lib/python3.12/site-packages/oslo_config/cfg.py:3256}}
May 21 16:28:16.205205 np0000175955 nova-conductor[110559]: DEBUG cotyledon.oslo_config_glue [-] profiler.es_scroll_time = 2m {{(pid=110559) log_opt_values /opt/stack/data/venv/lib/python3.12/site-packages/oslo_config/cfg.py:3256}}
May 21 16:28:16.205205 np0000175955 nova-conductor[110559]: DEBUG cotyledon.oslo_config_glue [-] profiler.filter_error_trace = False {{(pid=110559) log_opt_values /opt/stack/data/venv/lib/python3.12/site-packages/oslo_config/cfg.py:3256}}
May 21 16:28:16.205205 np0000175955 nova-conductor[110559]: DEBUG cotyledon.oslo_config_glue [-] profiler.hmac_keys = **** {{(pid=110559) log_opt_values /opt/stack/data/venv/lib/python3.12/site-packages/oslo_config/cfg.py:3256}}
May 21 16:28:16.205205 np0000175955 nova-conductor[110559]: DEBUG cotyledon.oslo_config_glue [-] profiler.sentinel_service_name = mymaster {{(pid=110559) log_opt_values /opt/stack/data/venv/lib/python3.12/site-packages/oslo_config/cfg.py:3256}}
May 21 16:28:16.205205 np0000175955 nova-conductor[110559]: DEBUG cotyledon.oslo_config_glue [-] profiler.socket_timeout = 0.1 {{(pid=110559) log_opt_values /opt/stack/data/venv/lib/python3.12/site-packages/oslo_config/cfg.py:3256}}
May 21 16:28:16.205420 np0000175955 nova-conductor[110559]: DEBUG cotyledon.oslo_config_glue [-] profiler.trace_requests = False {{(pid=110559) log_opt_values /opt/stack/data/venv/lib/python3.12/site-packages/oslo_config/cfg.py:3256}}
May 21 16:28:16.205420 np0000175955 nova-conductor[110559]: DEBUG cotyledon.oslo_config_glue [-] profiler.trace_sqlalchemy = False {{(pid=110559) log_opt_values /opt/stack/data/venv/lib/python3.12/site-packages/oslo_config/cfg.py:3256}}
May 21 16:28:16.205420 np0000175955 nova-conductor[110559]: DEBUG cotyledon.oslo_config_glue [-] profiler_jaeger.process_tags = {} {{(pid=110559) log_opt_values /opt/stack/data/venv/lib/python3.12/site-packages/oslo_config/cfg.py:3256}}
May 21 16:28:16.205420 np0000175955 nova-conductor[110559]: DEBUG cotyledon.oslo_config_glue [-] profiler_jaeger.service_name_prefix = None {{(pid=110559) log_opt_values /opt/stack/data/venv/lib/python3.12/site-packages/oslo_config/cfg.py:3256}}
May 21 16:28:16.205420 np0000175955 nova-conductor[110559]: DEBUG cotyledon.oslo_config_glue [-] profiler_otlp.service_name_prefix = None {{(pid=110559) log_opt_values /opt/stack/data/venv/lib/python3.12/site-packages/oslo_config/cfg.py:3256}}
May 21 16:28:16.205420 np0000175955 nova-conductor[110559]: DEBUG cotyledon.oslo_config_glue [-] oslo_messaging_rabbit.amqp_auto_delete = False {{(pid=110559) log_opt_values /opt/stack/data/venv/lib/python3.12/site-packages/oslo_config/cfg.py:3256}}
May 21 16:28:16.205420 np0000175955 nova-conductor[110559]: DEBUG cotyledon.oslo_config_glue [-] oslo_messaging_rabbit.amqp_durable_queues = False {{(pid=110559) log_opt_values /opt/stack/data/venv/lib/python3.12/site-packages/oslo_config/cfg.py:3256}}
May 21 16:28:16.205420 np0000175955 nova-conductor[110559]: DEBUG cotyledon.oslo_config_glue [-] oslo_messaging_rabbit.conn_pool_min_size = 2 {{(pid=110559) log_opt_values /opt/stack/data/venv/lib/python3.12/site-packages/oslo_config/cfg.py:3256}}
May 21 16:28:16.205420 np0000175955 nova-conductor[110559]: DEBUG cotyledon.oslo_config_glue [-] oslo_messaging_rabbit.conn_pool_ttl = 1200 {{(pid=110559) log_opt_values /opt/stack/data/venv/lib/python3.12/site-packages/oslo_config/cfg.py:3256}}
May 21 16:28:16.205623 np0000175955 nova-conductor[110559]: DEBUG cotyledon.oslo_config_glue [-] oslo_messaging_rabbit.direct_mandatory_flag = True {{(pid=110559) log_opt_values /opt/stack/data/venv/lib/python3.12/site-packages/oslo_config/cfg.py:3256}}
May 21 16:28:16.205623 np0000175955 nova-conductor[110559]: DEBUG cotyledon.oslo_config_glue [-] oslo_messaging_rabbit.enable_cancel_on_failover = False {{(pid=110559) log_opt_values /opt/stack/data/venv/lib/python3.12/site-packages/oslo_config/cfg.py:3256}}
May 21 16:28:16.205623 np0000175955 nova-conductor[110559]: DEBUG cotyledon.oslo_config_glue [-] oslo_messaging_rabbit.heartbeat_rate = 3 {{(pid=110559) log_opt_values /opt/stack/data/venv/lib/python3.12/site-packages/oslo_config/cfg.py:3256}}
May 21 16:28:16.205623 np0000175955 nova-conductor[110559]: DEBUG cotyledon.oslo_config_glue [-] oslo_messaging_rabbit.heartbeat_timeout_threshold = 60 {{(pid=110559) log_opt_values /opt/stack/data/venv/lib/python3.12/site-packages/oslo_config/cfg.py:3256}}
May 21 16:28:16.205623 np0000175955 nova-conductor[110559]: DEBUG cotyledon.oslo_config_glue [-] oslo_messaging_rabbit.hostname = np0000175955 {{(pid=110559) log_opt_values /opt/stack/data/venv/lib/python3.12/site-packages/oslo_config/cfg.py:3256}}
May 21 16:28:16.205623 np0000175955 nova-conductor[110559]: DEBUG cotyledon.oslo_config_glue [-] oslo_messaging_rabbit.kombu_compression = None {{(pid=110559) log_opt_values /opt/stack/data/venv/lib/python3.12/site-packages/oslo_config/cfg.py:3256}}
May 21 16:28:16.205623 np0000175955 nova-conductor[110559]: DEBUG cotyledon.oslo_config_glue [-] oslo_messaging_rabbit.kombu_failover_strategy = round-robin {{(pid=110559) log_opt_values /opt/stack/data/venv/lib/python3.12/site-packages/oslo_config/cfg.py:3256}}
May 21 16:28:16.205623 np0000175955 nova-conductor[110559]: DEBUG cotyledon.oslo_config_glue [-] oslo_messaging_rabbit.kombu_missing_consumer_retry_timeout = 60 {{(pid=110559) log_opt_values /opt/stack/data/venv/lib/python3.12/site-packages/oslo_config/cfg.py:3256}}
May 21 16:28:16.205807 np0000175955 nova-conductor[110559]: DEBUG cotyledon.oslo_config_glue [-] oslo_messaging_rabbit.kombu_reconnect_delay = 1.0 {{(pid=110559) log_opt_values /opt/stack/data/venv/lib/python3.12/site-packages/oslo_config/cfg.py:3256}}
May 21 16:28:16.205807 np0000175955 nova-conductor[110559]: DEBUG cotyledon.oslo_config_glue [-] oslo_messaging_rabbit.kombu_reconnect_splay = 0.0 {{(pid=110559) log_opt_values /opt/stack/data/venv/lib/python3.12/site-packages/oslo_config/cfg.py:3256}}
May 21 16:28:16.205807 np0000175955 nova-conductor[110559]: DEBUG cotyledon.oslo_config_glue [-] oslo_messaging_rabbit.processname = nova-conductor {{(pid=110559) log_opt_values /opt/stack/data/venv/lib/python3.12/site-packages/oslo_config/cfg.py:3256}}
May 21 16:28:16.205807 np0000175955 nova-conductor[110559]: DEBUG cotyledon.oslo_config_glue [-] oslo_messaging_rabbit.rabbit_ha_queues = False {{(pid=110559) log_opt_values /opt/stack/data/venv/lib/python3.12/site-packages/oslo_config/cfg.py:3256}}
May 21 16:28:16.205807 np0000175955 nova-conductor[110559]: DEBUG cotyledon.oslo_config_glue [-] oslo_messaging_rabbit.rabbit_interval_max = 30 {{(pid=110559) log_opt_values /opt/stack/data/venv/lib/python3.12/site-packages/oslo_config/cfg.py:3256}}
May 21 16:28:16.205807 np0000175955 nova-conductor[110559]: DEBUG cotyledon.oslo_config_glue [-] oslo_messaging_rabbit.rabbit_login_method = AMQPLAIN {{(pid=110559) log_opt_values /opt/stack/data/venv/lib/python3.12/site-packages/oslo_config/cfg.py:3256}}
May 21 16:28:16.205807 np0000175955 nova-conductor[110559]: DEBUG cotyledon.oslo_config_glue [-] oslo_messaging_rabbit.rabbit_qos_prefetch_count = 0 {{(pid=110559) log_opt_values /opt/stack/data/venv/lib/python3.12/site-packages/oslo_config/cfg.py:3256}}
May 21 16:28:16.205807 np0000175955 nova-conductor[110559]: DEBUG cotyledon.oslo_config_glue [-] oslo_messaging_rabbit.rabbit_quorum_delivery_limit = 0 {{(pid=110559) log_opt_values /opt/stack/data/venv/lib/python3.12/site-packages/oslo_config/cfg.py:3256}}
May 21 16:28:16.205807 np0000175955 nova-conductor[110559]: DEBUG cotyledon.oslo_config_glue [-] oslo_messaging_rabbit.rabbit_quorum_max_memory_bytes = 0 {{(pid=110559) log_opt_values /opt/stack/data/venv/lib/python3.12/site-packages/oslo_config/cfg.py:3256}}
May 21 16:28:16.206019 np0000175955 nova-conductor[110559]: DEBUG cotyledon.oslo_config_glue [-] oslo_messaging_rabbit.rabbit_quorum_max_memory_length = 0 {{(pid=110559) log_opt_values /opt/stack/data/venv/lib/python3.12/site-packages/oslo_config/cfg.py:3256}}
May 21 16:28:16.206019 np0000175955 nova-conductor[110559]: DEBUG cotyledon.oslo_config_glue [-] oslo_messaging_rabbit.rabbit_quorum_queue = False {{(pid=110559) log_opt_values /opt/stack/data/venv/lib/python3.12/site-packages/oslo_config/cfg.py:3256}}
May 21 16:28:16.206019 np0000175955 nova-conductor[110559]: DEBUG cotyledon.oslo_config_glue [-] oslo_messaging_rabbit.rabbit_retry_backoff = 2 {{(pid=110559) log_opt_values /opt/stack/data/venv/lib/python3.12/site-packages/oslo_config/cfg.py:3256}}
May 21 16:28:16.206019 np0000175955 nova-conductor[110559]: DEBUG cotyledon.oslo_config_glue [-] oslo_messaging_rabbit.rabbit_retry_interval = 1 {{(pid=110559) log_opt_values /opt/stack/data/venv/lib/python3.12/site-packages/oslo_config/cfg.py:3256}}
May 21 16:28:16.206019 np0000175955 nova-conductor[110559]: DEBUG cotyledon.oslo_config_glue [-] oslo_messaging_rabbit.rabbit_stream_fanout = False {{(pid=110559) log_opt_values /opt/stack/data/venv/lib/python3.12/site-packages/oslo_config/cfg.py:3256}}
May 21 16:28:16.206019 np0000175955 nova-conductor[110559]: DEBUG cotyledon.oslo_config_glue [-] oslo_messaging_rabbit.rabbit_transient_queues_ttl = 1800 {{(pid=110559) log_opt_values /opt/stack/data/venv/lib/python3.12/site-packages/oslo_config/cfg.py:3256}}
May 21 16:28:16.206019 np0000175955 nova-conductor[110559]: DEBUG cotyledon.oslo_config_glue [-] oslo_messaging_rabbit.rabbit_transient_quorum_queue = False {{(pid=110559) log_opt_values /opt/stack/data/venv/lib/python3.12/site-packages/oslo_config/cfg.py:3256}}
May 21 16:28:16.206019 np0000175955 nova-conductor[110559]: DEBUG cotyledon.oslo_config_glue [-] oslo_messaging_rabbit.rpc_conn_pool_size = 30 {{(pid=110559) log_opt_values /opt/stack/data/venv/lib/python3.12/site-packages/oslo_config/cfg.py:3256}}
May 21 16:28:16.206019 np0000175955 nova-conductor[110559]: DEBUG cotyledon.oslo_config_glue [-] oslo_messaging_rabbit.ssl = False {{(pid=110559) log_opt_values /opt/stack/data/venv/lib/python3.12/site-packages/oslo_config/cfg.py:3256}}
May 21 16:28:16.206281 np0000175955 nova-conductor[110559]: DEBUG cotyledon.oslo_config_glue [-] oslo_messaging_rabbit.ssl_ca_file = {{(pid=110559) log_opt_values /opt/stack/data/venv/lib/python3.12/site-packages/oslo_config/cfg.py:3256}}
May 21 16:28:16.206281 np0000175955 nova-conductor[110559]: DEBUG cotyledon.oslo_config_glue [-] oslo_messaging_rabbit.ssl_cert_file = {{(pid=110559) log_opt_values /opt/stack/data/venv/lib/python3.12/site-packages/oslo_config/cfg.py:3256}}
May 21 16:28:16.206281 np0000175955 nova-conductor[110559]: DEBUG cotyledon.oslo_config_glue [-] oslo_messaging_rabbit.ssl_enforce_fips_mode = False {{(pid=110559) log_opt_values /opt/stack/data/venv/lib/python3.12/site-packages/oslo_config/cfg.py:3256}}
May 21 16:28:16.206281 np0000175955 nova-conductor[110559]: DEBUG cotyledon.oslo_config_glue [-] oslo_messaging_rabbit.ssl_enforce_hostname_verification = True {{(pid=110559) log_opt_values /opt/stack/data/venv/lib/python3.12/site-packages/oslo_config/cfg.py:3256}}
May 21 16:28:16.206281 np0000175955 nova-conductor[110559]: DEBUG cotyledon.oslo_config_glue [-] oslo_messaging_rabbit.ssl_key_file = {{(pid=110559) log_opt_values /opt/stack/data/venv/lib/python3.12/site-packages/oslo_config/cfg.py:3256}}
May 21 16:28:16.206281 np0000175955 nova-conductor[110559]: DEBUG cotyledon.oslo_config_glue [-] oslo_messaging_rabbit.ssl_version = {{(pid=110559) log_opt_values /opt/stack/data/venv/lib/python3.12/site-packages/oslo_config/cfg.py:3256}}
May 21 16:28:16.206281 np0000175955 nova-conductor[110559]: DEBUG cotyledon.oslo_config_glue [-] oslo_messaging_rabbit.use_queue_manager = False {{(pid=110559) log_opt_values /opt/stack/data/venv/lib/python3.12/site-packages/oslo_config/cfg.py:3256}}
May 21 16:28:16.206281 np0000175955 nova-conductor[110559]: DEBUG cotyledon.oslo_config_glue [-] oslo_messaging_notifications.driver = ['messagingv2'] {{(pid=110559) log_opt_values /opt/stack/data/venv/lib/python3.12/site-packages/oslo_config/cfg.py:3256}}
May 21 16:28:16.206281 np0000175955 nova-conductor[110559]: DEBUG cotyledon.oslo_config_glue [-] oslo_messaging_notifications.retry = -1 {{(pid=110559) log_opt_values /opt/stack/data/venv/lib/python3.12/site-packages/oslo_config/cfg.py:3256}}
May 21 16:28:16.206501 np0000175955 nova-conductor[110559]: DEBUG cotyledon.oslo_config_glue [-] oslo_messaging_notifications.topics = ['notifications'] {{(pid=110559) log_opt_values /opt/stack/data/venv/lib/python3.12/site-packages/oslo_config/cfg.py:3256}}
May 21 16:28:16.206501 np0000175955 nova-conductor[110559]: DEBUG cotyledon.oslo_config_glue [-] oslo_messaging_notifications.transport_url = **** {{(pid=110559) log_opt_values /opt/stack/data/venv/lib/python3.12/site-packages/oslo_config/cfg.py:3256}}
May 21 16:28:16.206501 np0000175955 nova-conductor[110559]: DEBUG cotyledon.oslo_config_glue [-] oslo_limit.auth_section = None {{(pid=110559) log_opt_values /opt/stack/data/venv/lib/python3.12/site-packages/oslo_config/cfg.py:3256}}
May 21 16:28:16.206501 np0000175955 nova-conductor[110559]: DEBUG cotyledon.oslo_config_glue [-] oslo_limit.auth_type = None {{(pid=110559) log_opt_values /opt/stack/data/venv/lib/python3.12/site-packages/oslo_config/cfg.py:3256}}
May 21 16:28:16.206501 np0000175955 nova-conductor[110559]: DEBUG cotyledon.oslo_config_glue [-] oslo_limit.cafile = None {{(pid=110559) log_opt_values /opt/stack/data/venv/lib/python3.12/site-packages/oslo_config/cfg.py:3256}}
May 21 16:28:16.206501 np0000175955 nova-conductor[110559]: DEBUG cotyledon.oslo_config_glue [-] oslo_limit.certfile = None {{(pid=110559) log_opt_values /opt/stack/data/venv/lib/python3.12/site-packages/oslo_config/cfg.py:3256}}
May 21 16:28:16.206501 np0000175955 nova-conductor[110559]: DEBUG cotyledon.oslo_config_glue [-] oslo_limit.collect_timing = False {{(pid=110559) log_opt_values /opt/stack/data/venv/lib/python3.12/site-packages/oslo_config/cfg.py:3256}}
May 21 16:28:16.206501 np0000175955 nova-conductor[110559]: DEBUG cotyledon.oslo_config_glue [-] oslo_limit.connect_retries = None {{(pid=110559) log_opt_values /opt/stack/data/venv/lib/python3.12/site-packages/oslo_config/cfg.py:3256}}
May 21 16:28:16.206501 np0000175955 nova-conductor[110559]: DEBUG cotyledon.oslo_config_glue [-] oslo_limit.connect_retry_delay = None {{(pid=110559) log_opt_values /opt/stack/data/venv/lib/python3.12/site-packages/oslo_config/cfg.py:3256}}
May 21 16:28:16.206706 np0000175955 nova-conductor[110559]: DEBUG cotyledon.oslo_config_glue [-] oslo_limit.endpoint_id = None {{(pid=110559) log_opt_values /opt/stack/data/venv/lib/python3.12/site-packages/oslo_config/cfg.py:3256}}
May 21 16:28:16.206706 np0000175955 nova-conductor[110559]: DEBUG cotyledon.oslo_config_glue [-] oslo_limit.endpoint_interface = public {{(pid=110559) log_opt_values /opt/stack/data/venv/lib/python3.12/site-packages/oslo_config/cfg.py:3256}}
May 21 16:28:16.206706 np0000175955 nova-conductor[110559]: DEBUG cotyledon.oslo_config_glue [-] oslo_limit.endpoint_override = None {{(pid=110559) log_opt_values /opt/stack/data/venv/lib/python3.12/site-packages/oslo_config/cfg.py:3256}}
May 21 16:28:16.206706 np0000175955 nova-conductor[110559]: DEBUG cotyledon.oslo_config_glue [-] oslo_limit.endpoint_region_name = None {{(pid=110559) log_opt_values /opt/stack/data/venv/lib/python3.12/site-packages/oslo_config/cfg.py:3256}}
May 21 16:28:16.206706 np0000175955 nova-conductor[110559]: DEBUG cotyledon.oslo_config_glue [-] oslo_limit.endpoint_service_name = None {{(pid=110559) log_opt_values /opt/stack/data/venv/lib/python3.12/site-packages/oslo_config/cfg.py:3256}}
May 21 16:28:16.206706 np0000175955 nova-conductor[110559]: DEBUG cotyledon.oslo_config_glue [-] oslo_limit.endpoint_service_type = None {{(pid=110559) log_opt_values /opt/stack/data/venv/lib/python3.12/site-packages/oslo_config/cfg.py:3256}}
May 21 16:28:16.206706 np0000175955 nova-conductor[110559]: DEBUG cotyledon.oslo_config_glue [-] oslo_limit.insecure = False {{(pid=110559) log_opt_values /opt/stack/data/venv/lib/python3.12/site-packages/oslo_config/cfg.py:3256}}
May 21 16:28:16.206706 np0000175955 nova-conductor[110559]: DEBUG cotyledon.oslo_config_glue [-] oslo_limit.keyfile = None {{(pid=110559) log_opt_values /opt/stack/data/venv/lib/python3.12/site-packages/oslo_config/cfg.py:3256}}
May 21 16:28:16.206706 np0000175955 nova-conductor[110559]: DEBUG cotyledon.oslo_config_glue [-] oslo_limit.max_version = None {{(pid=110559) log_opt_values /opt/stack/data/venv/lib/python3.12/site-packages/oslo_config/cfg.py:3256}}
May 21 16:28:16.206919 np0000175955 nova-conductor[110559]: DEBUG cotyledon.oslo_config_glue [-] oslo_limit.min_version = None {{(pid=110559) log_opt_values /opt/stack/data/venv/lib/python3.12/site-packages/oslo_config/cfg.py:3256}}
May 21 16:28:16.206919 np0000175955 nova-conductor[110559]: DEBUG cotyledon.oslo_config_glue [-] oslo_limit.region_name = None {{(pid=110559) log_opt_values /opt/stack/data/venv/lib/python3.12/site-packages/oslo_config/cfg.py:3256}}
May 21 16:28:16.206919 np0000175955 nova-conductor[110559]: DEBUG cotyledon.oslo_config_glue [-] oslo_limit.retriable_status_codes = None {{(pid=110559) log_opt_values /opt/stack/data/venv/lib/python3.12/site-packages/oslo_config/cfg.py:3256}}
May 21 16:28:16.206919 np0000175955 nova-conductor[110559]: DEBUG cotyledon.oslo_config_glue [-] oslo_limit.service_name = None {{(pid=110559) log_opt_values /opt/stack/data/venv/lib/python3.12/site-packages/oslo_config/cfg.py:3256}}
May 21 16:28:16.206919 np0000175955 nova-conductor[110559]: DEBUG cotyledon.oslo_config_glue [-] oslo_limit.service_type = None {{(pid=110559) log_opt_values /opt/stack/data/venv/lib/python3.12/site-packages/oslo_config/cfg.py:3256}}
May 21 16:28:16.206919 np0000175955 nova-conductor[110559]: DEBUG cotyledon.oslo_config_glue [-] oslo_limit.split_loggers = False {{(pid=110559) log_opt_values /opt/stack/data/venv/lib/python3.12/site-packages/oslo_config/cfg.py:3256}}
May 21 16:28:16.206919 np0000175955 nova-conductor[110559]: DEBUG cotyledon.oslo_config_glue [-] oslo_limit.status_code_retries = None {{(pid=110559) log_opt_values /opt/stack/data/venv/lib/python3.12/site-packages/oslo_config/cfg.py:3256}}
May 21 16:28:16.206919 np0000175955 nova-conductor[110559]: DEBUG cotyledon.oslo_config_glue [-] oslo_limit.status_code_retry_delay = None {{(pid=110559) log_opt_values /opt/stack/data/venv/lib/python3.12/site-packages/oslo_config/cfg.py:3256}}
May 21 16:28:16.206919 np0000175955 nova-conductor[110559]: DEBUG cotyledon.oslo_config_glue [-] oslo_limit.timeout = None {{(pid=110559) log_opt_values /opt/stack/data/venv/lib/python3.12/site-packages/oslo_config/cfg.py:3256}}
May 21 16:28:16.207328 np0000175955 nova-conductor[110559]: DEBUG cotyledon.oslo_config_glue [-] oslo_limit.valid_interfaces = None {{(pid=110559) log_opt_values /opt/stack/data/venv/lib/python3.12/site-packages/oslo_config/cfg.py:3256}}
May 21 16:28:16.207328 np0000175955 nova-conductor[110559]: DEBUG cotyledon.oslo_config_glue [-] oslo_limit.version = None {{(pid=110559) log_opt_values /opt/stack/data/venv/lib/python3.12/site-packages/oslo_config/cfg.py:3256}}
May 21 16:28:16.207328 np0000175955 nova-conductor[110559]: DEBUG cotyledon.oslo_config_glue [-] oslo_reports.file_event_handler = None {{(pid=110559) log_opt_values /opt/stack/data/venv/lib/python3.12/site-packages/oslo_config/cfg.py:3256}}
May 21 16:28:16.207328 np0000175955 nova-conductor[110559]: DEBUG cotyledon.oslo_config_glue [-] oslo_reports.file_event_handler_interval = 1 {{(pid=110559) log_opt_values /opt/stack/data/venv/lib/python3.12/site-packages/oslo_config/cfg.py:3256}}
May 21 16:28:16.207328 np0000175955 nova-conductor[110559]: DEBUG cotyledon.oslo_config_glue [-] oslo_reports.log_dir = None {{(pid=110559) log_opt_values /opt/stack/data/venv/lib/python3.12/site-packages/oslo_config/cfg.py:3256}}
May 21 16:28:16.207328 np0000175955 nova-conductor[110559]: DEBUG cotyledon.oslo_config_glue [-] ******************************************************************************** {{(pid=110559) log_opt_values /opt/stack/data/venv/lib/python3.12/site-packages/oslo_config/cfg.py:3263}}
May 21 16:28:16.207328 np0000175955 nova-conductor[110559]: DEBUG cotyledon._service_worker [-] Run service ServiceWrapper(3) [110559] {{(pid=110559) wait_forever /opt/stack/data/venv/lib/python3.12/site-packages/cotyledon/_service_worker.py:218}}
May 21 16:28:16.207328 np0000175955 nova-conductor[110559]: INFO nova.service [-] Starting conductor node (version 33.1.0)
May 21 16:28:16.207517 np0000175955 nova-conductor[110551]: INFO dbcounter [None req-154df420-1d6b-422c-8adf-cc255d1c3191 None None] Registered counter for database nova_cell0
May 21 16:28:16.207544 np0000175955 nova-conductor[110543]: DEBUG oslo_db.sqlalchemy.engines [None req-c912a9ea-da06-419d-899c-ed9ef5a79423 None None] MySQL server mode set to STRICT_TRANS_TABLES,STRICT_ALL_TABLES,NO_ZERO_IN_DATE,NO_ZERO_DATE,ERROR_FOR_DIVISION_BY_ZERO,TRADITIONAL,NO_ENGINE_SUBSTITUTION {{(pid=110543) _check_effective_sql_mode /opt/stack/data/venv/lib/python3.12/site-packages/oslo_db/sqlalchemy/engines.py:325}}
May 21 16:28:16.207572 np0000175955 nova-conductor[110559]: INFO dbcounter [None req-5f0d0cd3-0b07-487b-9d7f-0d42662e78ba None None] Registered counter for database nova_cell0
May 21 16:28:16.207595 np0000175955 nova-conductor[110551]: DEBUG oslo_db.sqlalchemy.engines [None req-154df420-1d6b-422c-8adf-cc255d1c3191 None None] MySQL server mode set to STRICT_TRANS_TABLES,STRICT_ALL_TABLES,NO_ZERO_IN_DATE,NO_ZERO_DATE,ERROR_FOR_DIVISION_BY_ZERO,TRADITIONAL,NO_ENGINE_SUBSTITUTION {{(pid=110551) _check_effective_sql_mode /opt/stack/data/venv/lib/python3.12/site-packages/oslo_db/sqlalchemy/engines.py:325}}
May 21 16:28:16.207625 np0000175955 nova-conductor[110559]: DEBUG oslo_db.sqlalchemy.engines [None req-5f0d0cd3-0b07-487b-9d7f-0d42662e78ba None None] MySQL server mode set to STRICT_TRANS_TABLES,STRICT_ALL_TABLES,NO_ZERO_IN_DATE,NO_ZERO_DATE,ERROR_FOR_DIVISION_BY_ZERO,TRADITIONAL,NO_ENGINE_SUBSTITUTION {{(pid=110559) _check_effective_sql_mode /opt/stack/data/venv/lib/python3.12/site-packages/oslo_db/sqlalchemy/engines.py:325}}
May 21 16:28:16.207657 np0000175955 nova-conductor[110543]: DEBUG dbcounter [-] [110543] Writer thread running {{(pid=110543) stat_writer /opt/stack/data/venv/lib/python3.12/site-packages/dbcounter.py:102}}
May 21 16:28:16.207657 np0000175955 nova-conductor[110543]: DEBUG nova.service [None req-c912a9ea-da06-419d-899c-ed9ef5a79423 None None] Creating RPC server for service: nova-conductor on topic: conductor {{(pid=110543) start /opt/stack/nova/nova/service.py:195}}
May 21 16:28:16.207711 np0000175955 nova-conductor[110537]: DEBUG nova.service [None req-74eee499-e626-4c66-bac4-0cfb73c41bd8 None None] Join ServiceGroup membership for this service conductor {{(pid=110537) start /opt/stack/nova/nova/service.py:221}}
May 21 16:28:16.207711 np0000175955 nova-conductor[110537]: DEBUG nova.servicegroup.drivers.db [None req-74eee499-e626-4c66-bac4-0cfb73c41bd8 None None] DB_Driver: join new ServiceGroup member np0000175955 to the conductor group, service = {{(pid=110537) join /opt/stack/nova/nova/servicegroup/drivers/db.py:44}}
May 21 16:28:16.207763 np0000175955 nova-conductor[110559]: DEBUG dbcounter [-] [110559] Writer thread running {{(pid=110559) stat_writer /opt/stack/data/venv/lib/python3.12/site-packages/dbcounter.py:102}}
May 21 16:28:16.207763 np0000175955 nova-conductor[110559]: DEBUG nova.service [None req-5f0d0cd3-0b07-487b-9d7f-0d42662e78ba None None] Creating RPC server for service: nova-conductor on topic: conductor {{(pid=110559) start /opt/stack/nova/nova/service.py:195}}
May 21 16:28:16.207811 np0000175955 nova-conductor[110551]: DEBUG dbcounter [-] [110551] Writer thread running {{(pid=110551) stat_writer /opt/stack/data/venv/lib/python3.12/site-packages/dbcounter.py:102}}
May 21 16:28:16.207811 np0000175955 nova-conductor[110551]: DEBUG nova.service [None req-154df420-1d6b-422c-8adf-cc255d1c3191 None None] Creating RPC server for service: nova-conductor on topic: conductor {{(pid=110551) start /opt/stack/nova/nova/service.py:195}}
May 21 16:28:16.207867 np0000175955 nova-conductor[110543]: DEBUG nova.service [None req-c912a9ea-da06-419d-899c-ed9ef5a79423 None None] Join ServiceGroup membership for this service conductor {{(pid=110543) start /opt/stack/nova/nova/service.py:221}}
May 21 16:28:16.207867 np0000175955 nova-conductor[110543]: DEBUG nova.servicegroup.drivers.db [None req-c912a9ea-da06-419d-899c-ed9ef5a79423 None None] DB_Driver: join new ServiceGroup member np0000175955 to the conductor group, service = {{(pid=110543) join /opt/stack/nova/nova/servicegroup/drivers/db.py:44}}
May 21 16:28:16.211172 np0000175955 nova-conductor[110559]: DEBUG nova.service [None req-5f0d0cd3-0b07-487b-9d7f-0d42662e78ba None None] Join ServiceGroup membership for this service conductor {{(pid=110559) start /opt/stack/nova/nova/service.py:221}}
May 21 16:28:16.211388 np0000175955 nova-conductor[110559]: DEBUG nova.servicegroup.drivers.db [None req-5f0d0cd3-0b07-487b-9d7f-0d42662e78ba None None] DB_Driver: join new ServiceGroup member np0000175955 to the conductor group, service = {{(pid=110559) join /opt/stack/nova/nova/servicegroup/drivers/db.py:44}}
May 21 16:28:16.213088 np0000175955 nova-conductor[110551]: DEBUG nova.service [None req-154df420-1d6b-422c-8adf-cc255d1c3191 None None] Join ServiceGroup membership for this service conductor {{(pid=110551) start /opt/stack/nova/nova/service.py:221}}
May 21 16:28:16.213394 np0000175955 nova-conductor[110551]: DEBUG nova.servicegroup.drivers.db [None req-154df420-1d6b-422c-8adf-cc255d1c3191 None None] DB_Driver: join new ServiceGroup member np0000175955 to the conductor group, service = {{(pid=110551) join /opt/stack/nova/nova/servicegroup/drivers/db.py:44}}
May 21 16:28:21.205394 np0000175955 nova-conductor[110537]: DEBUG oslo.service.backend._threading.loopingcall [-] Fixed interval looping call 'nova.servicegroup.drivers.db.DbDriver._report_state' sleeping for 119.98 seconds {{(pid=110537) _run_loop /opt/stack/data/venv/lib/python3.12/site-packages/oslo_service/backend/_threading/loopingcall.py:125}}
May 21 16:28:21.217910 np0000175955 nova-conductor[110543]: DEBUG oslo.service.backend._threading.loopingcall [-] Fixed interval looping call 'nova.servicegroup.drivers.db.DbDriver._report_state' sleeping for 119.99 seconds {{(pid=110543) _run_loop /opt/stack/data/venv/lib/python3.12/site-packages/oslo_service/backend/_threading/loopingcall.py:125}}
May 21 16:28:21.224401 np0000175955 nova-conductor[110559]: DEBUG oslo.service.backend._threading.loopingcall [-] Fixed interval looping call 'nova.servicegroup.drivers.db.DbDriver._report_state' sleeping for 119.99 seconds {{(pid=110559) _run_loop /opt/stack/data/venv/lib/python3.12/site-packages/oslo_service/backend/_threading/loopingcall.py:125}}
May 21 16:28:21.224914 np0000175955 nova-conductor[110551]: DEBUG oslo.service.backend._threading.loopingcall [-] Fixed interval looping call 'nova.servicegroup.drivers.db.DbDriver._report_state' sleeping for 119.99 seconds {{(pid=110551) _run_loop /opt/stack/data/venv/lib/python3.12/site-packages/oslo_service/backend/_threading/loopingcall.py:125}}
May 21 16:28:23.188750 np0000175955 nova-conductor[110537]: DEBUG oslo.service.backend._threading.loopingcall [None req-8a1eb282-5912-4045-bd45-fa226386e009 None None] Dynamic interval looping call 'nova.service.Service.periodic_tasks' sleeping for 60.00 seconds {{(pid=110537) _run_loop /opt/stack/data/venv/lib/python3.12/site-packages/oslo_service/backend/_threading/loopingcall.py:125}}
May 21 16:28:24.824628 np0000175955 nova-conductor[109751]: DEBUG dbcounter [-] [109751] Writing DB stats nova_api:SELECT=1 {{(pid=109751) stat_writer /opt/stack/data/venv/lib/python3.12/site-packages/dbcounter.py:115}}
May 21 16:28:24.924276 np0000175955 nova-conductor[109751]: DEBUG dbcounter [-] [109751] Writing DB stats nova_cell0:SELECT=1 {{(pid=109751) stat_writer /opt/stack/data/venv/lib/python3.12/site-packages/dbcounter.py:115}}
May 21 16:28:24.929589 np0000175955 nova-conductor[109751]: DEBUG dbcounter [-] [109751] Writing DB stats nova_cell1:SELECT=1 {{(pid=109751) stat_writer /opt/stack/data/venv/lib/python3.12/site-packages/dbcounter.py:115}}
May 21 16:28:26.216751 np0000175955 nova-conductor[110551]: DEBUG oslo.service.backend._threading.loopingcall [None req-3acd15e2-598c-4862-a2f2-7b20d433be26 None None] Dynamic interval looping call 'nova.service.Service.periodic_tasks' sleeping for 60.00 seconds {{(pid=110551) _run_loop /opt/stack/data/venv/lib/python3.12/site-packages/oslo_service/backend/_threading/loopingcall.py:125}}
May 21 16:28:31.197719 np0000175955 nova-conductor[110537]: DEBUG dbcounter [-] [110537] Writing DB stats nova_cell0:SELECT=4,nova_cell0:INSERT=1,nova_cell0:UPDATE=1 {{(pid=110537) stat_writer /opt/stack/data/venv/lib/python3.12/site-packages/dbcounter.py:115}}
May 21 16:28:31.212461 np0000175955 nova-conductor[110543]: DEBUG dbcounter [-] [110543] Writing DB stats nova_cell0:SELECT=3 {{(pid=110543) stat_writer /opt/stack/data/venv/lib/python3.12/site-packages/dbcounter.py:115}}
May 21 16:28:31.221517 np0000175955 nova-conductor[110559]: DEBUG dbcounter [-] [110559] Writing DB stats nova_cell0:SELECT=3 {{(pid=110559) stat_writer /opt/stack/data/venv/lib/python3.12/site-packages/dbcounter.py:115}}
May 21 16:28:31.222580 np0000175955 nova-conductor[110551]: DEBUG dbcounter [-] [110551] Writing DB stats nova_cell0:SELECT=3 {{(pid=110551) stat_writer /opt/stack/data/venv/lib/python3.12/site-packages/dbcounter.py:115}}
May 21 16:28:52.204929 np0000175955 nova-conductor[110543]: DEBUG oslo.service.backend._threading.loopingcall [None req-2a272a7b-89bc-480e-8e4a-bca8c25714f2 None None] Dynamic interval looping call 'nova.service.Service.periodic_tasks' sleeping for 60.00 seconds {{(pid=110543) _run_loop /opt/stack/data/venv/lib/python3.12/site-packages/oslo_service/backend/_threading/loopingcall.py:125}}
May 21 16:29:06.519254 np0000175955 nova-conductor[110559]: DEBUG oslo.service.backend._threading.loopingcall [None req-0e69a00a-8a66-412b-b289-ff8d2cfeb835 None None] Dynamic interval looping call 'nova.service.Service.periodic_tasks' sleeping for 60.00 seconds {{(pid=110559) _run_loop /opt/stack/data/venv/lib/python3.12/site-packages/oslo_service/backend/_threading/loopingcall.py:125}}
May 21 16:29:23.189496 np0000175955 nova-conductor[110537]: DEBUG oslo.service.backend._threading.loopingcall [None req-8a1eb282-5912-4045-bd45-fa226386e009 None None] Dynamic interval looping call 'nova.service.Service.periodic_tasks' sleeping for 60.00 seconds {{(pid=110537) _run_loop /opt/stack/data/venv/lib/python3.12/site-packages/oslo_service/backend/_threading/loopingcall.py:125}}
May 21 16:29:26.217482 np0000175955 nova-conductor[110551]: DEBUG oslo.service.backend._threading.loopingcall [None req-3acd15e2-598c-4862-a2f2-7b20d433be26 None None] Dynamic interval looping call 'nova.service.Service.periodic_tasks' sleeping for 60.00 seconds {{(pid=110551) _run_loop /opt/stack/data/venv/lib/python3.12/site-packages/oslo_service/backend/_threading/loopingcall.py:125}}
May 21 16:29:52.205827 np0000175955 nova-conductor[110543]: DEBUG oslo.service.backend._threading.loopingcall [None req-2a272a7b-89bc-480e-8e4a-bca8c25714f2 None None] Dynamic interval looping call 'nova.service.Service.periodic_tasks' sleeping for 60.00 seconds {{(pid=110543) _run_loop /opt/stack/data/venv/lib/python3.12/site-packages/oslo_service/backend/_threading/loopingcall.py:125}}
May 21 16:30:06.214726 np0000175955 nova-conductor[110559]: DEBUG oslo.service.backend._threading.loopingcall [None req-0e69a00a-8a66-412b-b289-ff8d2cfeb835 None None] Dynamic interval looping call 'nova.service.Service.periodic_tasks' sleeping for 60.00 seconds {{(pid=110559) _run_loop /opt/stack/data/venv/lib/python3.12/site-packages/oslo_service/backend/_threading/loopingcall.py:125}}
May 21 16:30:21.196293 np0000175955 nova-conductor[110537]: DEBUG oslo.service.backend._threading.loopingcall [-] Fixed interval looping call 'nova.servicegroup.drivers.db.DbDriver._report_state' sleeping for 119.99 seconds {{(pid=110537) _run_loop /opt/stack/data/venv/lib/python3.12/site-packages/oslo_service/backend/_threading/loopingcall.py:125}}
May 21 16:30:21.213932 np0000175955 nova-conductor[110543]: DEBUG oslo.service.backend._threading.loopingcall [-] Fixed interval looping call 'nova.servicegroup.drivers.db.DbDriver._report_state' sleeping for 119.99 seconds {{(pid=110543) _run_loop /opt/stack/data/venv/lib/python3.12/site-packages/oslo_service/backend/_threading/loopingcall.py:125}}
May 21 16:30:21.219866 np0000175955 nova-conductor[110551]: DEBUG oslo.service.backend._threading.loopingcall [-] Fixed interval looping call 'nova.servicegroup.drivers.db.DbDriver._report_state' sleeping for 120.00 seconds {{(pid=110551) _run_loop /opt/stack/data/venv/lib/python3.12/site-packages/oslo_service/backend/_threading/loopingcall.py:125}}
May 21 16:30:21.220385 np0000175955 nova-conductor[110559]: DEBUG oslo.service.backend._threading.loopingcall [-] Fixed interval looping call 'nova.servicegroup.drivers.db.DbDriver._report_state' sleeping for 119.99 seconds {{(pid=110559) _run_loop /opt/stack/data/venv/lib/python3.12/site-packages/oslo_service/backend/_threading/loopingcall.py:125}}
May 21 16:30:23.190158 np0000175955 nova-conductor[110537]: DEBUG oslo.service.backend._threading.loopingcall [None req-8a1eb282-5912-4045-bd45-fa226386e009 None None] Dynamic interval looping call 'nova.service.Service.periodic_tasks' sleeping for 60.00 seconds {{(pid=110537) _run_loop /opt/stack/data/venv/lib/python3.12/site-packages/oslo_service/backend/_threading/loopingcall.py:125}}
May 21 16:30:26.218334 np0000175955 nova-conductor[110551]: DEBUG oslo.service.backend._threading.loopingcall [None req-3acd15e2-598c-4862-a2f2-7b20d433be26 None None] Dynamic interval looping call 'nova.service.Service.periodic_tasks' sleeping for 60.00 seconds {{(pid=110551) _run_loop /opt/stack/data/venv/lib/python3.12/site-packages/oslo_service/backend/_threading/loopingcall.py:125}}
May 21 16:30:31.190429 np0000175955 nova-conductor[110537]: DEBUG dbcounter [-] [110537] Writing DB stats nova_cell0:SELECT=1,nova_cell0:UPDATE=1 {{(pid=110537) stat_writer /opt/stack/data/venv/lib/python3.12/site-packages/dbcounter.py:115}}
May 21 16:30:31.210873 np0000175955 nova-conductor[110543]: DEBUG dbcounter [-] [110543] Writing DB stats nova_cell0:SELECT=1 {{(pid=110543) stat_writer /opt/stack/data/venv/lib/python3.12/site-packages/dbcounter.py:115}}
May 21 16:30:31.217552 np0000175955 nova-conductor[110559]: DEBUG dbcounter [-] [110559] Writing DB stats nova_cell0:SELECT=1 {{(pid=110559) stat_writer /opt/stack/data/venv/lib/python3.12/site-packages/dbcounter.py:115}}
May 21 16:30:31.218264 np0000175955 nova-conductor[110551]: DEBUG dbcounter [-] [110551] Writing DB stats nova_cell0:SELECT=1 {{(pid=110551) stat_writer /opt/stack/data/venv/lib/python3.12/site-packages/dbcounter.py:115}}
May 21 16:30:52.206540 np0000175955 nova-conductor[110543]: DEBUG oslo.service.backend._threading.loopingcall [None req-2a272a7b-89bc-480e-8e4a-bca8c25714f2 None None] Dynamic interval looping call 'nova.service.Service.periodic_tasks' sleeping for 60.00 seconds {{(pid=110543) _run_loop /opt/stack/data/venv/lib/python3.12/site-packages/oslo_service/backend/_threading/loopingcall.py:125}}
May 21 16:31:06.215803 np0000175955 nova-conductor[110559]: DEBUG oslo.service.backend._threading.loopingcall [None req-0e69a00a-8a66-412b-b289-ff8d2cfeb835 None None] Dynamic interval looping call 'nova.service.Service.periodic_tasks' sleeping for 60.00 seconds {{(pid=110559) _run_loop /opt/stack/data/venv/lib/python3.12/site-packages/oslo_service/backend/_threading/loopingcall.py:125}}
May 21 16:31:23.190783 np0000175955 nova-conductor[110537]: DEBUG oslo.service.backend._threading.loopingcall [None req-8a1eb282-5912-4045-bd45-fa226386e009 None None] Dynamic interval looping call 'nova.service.Service.periodic_tasks' sleeping for 60.00 seconds {{(pid=110537) _run_loop /opt/stack/data/venv/lib/python3.12/site-packages/oslo_service/backend/_threading/loopingcall.py:125}}
May 21 16:31:26.219107 np0000175955 nova-conductor[110551]: DEBUG oslo.service.backend._threading.loopingcall [None req-3acd15e2-598c-4862-a2f2-7b20d433be26 None None] Dynamic interval looping call 'nova.service.Service.periodic_tasks' sleeping for 60.00 seconds {{(pid=110551) _run_loop /opt/stack/data/venv/lib/python3.12/site-packages/oslo_service/backend/_threading/loopingcall.py:125}}
May 21 16:31:52.207364 np0000175955 nova-conductor[110543]: DEBUG oslo.service.backend._threading.loopingcall [None req-2a272a7b-89bc-480e-8e4a-bca8c25714f2 None None] Dynamic interval looping call 'nova.service.Service.periodic_tasks' sleeping for 60.00 seconds {{(pid=110543) _run_loop /opt/stack/data/venv/lib/python3.12/site-packages/oslo_service/backend/_threading/loopingcall.py:125}}
May 21 16:32:06.216575 np0000175955 nova-conductor[110559]: DEBUG oslo.service.backend._threading.loopingcall [None req-0e69a00a-8a66-412b-b289-ff8d2cfeb835 None None] Dynamic interval looping call 'nova.service.Service.periodic_tasks' sleeping for 60.00 seconds {{(pid=110559) _run_loop /opt/stack/data/venv/lib/python3.12/site-packages/oslo_service/backend/_threading/loopingcall.py:125}}
May 21 16:32:21.199170 np0000175955 nova-conductor[110537]: DEBUG oslo.service.backend._threading.loopingcall [-] Fixed interval looping call 'nova.servicegroup.drivers.db.DbDriver._report_state' sleeping for 119.99 seconds {{(pid=110537) _run_loop /opt/stack/data/venv/lib/python3.12/site-packages/oslo_service/backend/_threading/loopingcall.py:125}}
May 21 16:32:21.211598 np0000175955 nova-conductor[110543]: DEBUG oslo.service.backend._threading.loopingcall [-] Fixed interval looping call 'nova.servicegroup.drivers.db.DbDriver._report_state' sleeping for 119.99 seconds {{(pid=110543) _run_loop /opt/stack/data/venv/lib/python3.12/site-packages/oslo_service/backend/_threading/loopingcall.py:125}}
May 21 16:32:21.216282 np0000175955 nova-conductor[110559]: DEBUG oslo.service.backend._threading.loopingcall [-] Fixed interval looping call 'nova.servicegroup.drivers.db.DbDriver._report_state' sleeping for 119.99 seconds {{(pid=110559) _run_loop /opt/stack/data/venv/lib/python3.12/site-packages/oslo_service/backend/_threading/loopingcall.py:125}}
May 21 16:32:21.225640 np0000175955 nova-conductor[110551]: DEBUG oslo.service.backend._threading.loopingcall [-] Fixed interval looping call 'nova.servicegroup.drivers.db.DbDriver._report_state' sleeping for 119.99 seconds {{(pid=110551) _run_loop /opt/stack/data/venv/lib/python3.12/site-packages/oslo_service/backend/_threading/loopingcall.py:125}}
May 21 16:32:23.192744 np0000175955 nova-conductor[110537]: DEBUG oslo.service.backend._threading.loopingcall [None req-8a1eb282-5912-4045-bd45-fa226386e009 None None] Dynamic interval looping call 'nova.service.Service.periodic_tasks' sleeping for 60.00 seconds {{(pid=110537) _run_loop /opt/stack/data/venv/lib/python3.12/site-packages/oslo_service/backend/_threading/loopingcall.py:125}}
May 21 16:32:26.219905 np0000175955 nova-conductor[110551]: DEBUG oslo.service.backend._threading.loopingcall [None req-3acd15e2-598c-4862-a2f2-7b20d433be26 None None] Dynamic interval looping call 'nova.service.Service.periodic_tasks' sleeping for 60.00 seconds {{(pid=110551) _run_loop /opt/stack/data/venv/lib/python3.12/site-packages/oslo_service/backend/_threading/loopingcall.py:125}}
May 21 16:32:31.191289 np0000175955 nova-conductor[110537]: DEBUG dbcounter [-] [110537] Writing DB stats nova_cell0:SELECT=1,nova_cell0:UPDATE=1 {{(pid=110537) stat_writer /opt/stack/data/venv/lib/python3.12/site-packages/dbcounter.py:115}}
May 21 16:32:31.208380 np0000175955 nova-conductor[110543]: DEBUG dbcounter [-] [110543] Writing DB stats nova_cell0:SELECT=1 {{(pid=110543) stat_writer /opt/stack/data/venv/lib/python3.12/site-packages/dbcounter.py:115}}
May 21 16:32:31.213079 np0000175955 nova-conductor[110559]: DEBUG dbcounter [-] [110559] Writing DB stats nova_cell0:SELECT=1 {{(pid=110559) stat_writer /opt/stack/data/venv/lib/python3.12/site-packages/dbcounter.py:115}}
