2026-05-10 02:00:18.401 8 INFO cinder.api.openstack.wsgi [None req-bc427315-0af1-4985-b0d6-58a0e65782ee 12742e3efc1944b6889482daf5b4be46 304bd8e750c64b85a110dcdd072d5671 - - default default] http://cinder-api.openstack.svc.cluster.local:8776/v3/304bd8e750c64b85a110dcdd072d5671/volumes/84f9fc2e-86ae-4c46-a5e2-73589787c6c6 returned with HTTP 200 /var/lib/openstack/lib/python3.12/site-packages/pycadf/timestamp.py:28: DeprecationWarning: datetime.datetime.utcnow() is deprecated and scheduled for removal in a future version. Use timezone-aware objects to represent datetimes in UTC: datetime.datetime.now(datetime.UTC). utc_datetime = pytz.utc.localize(datetime.datetime.utcnow()) [pid: 8|app: 0|req: 377/754] 10.0.0.1 () {32 vars in 773 bytes} [Sun May 10 02:00:18 2026] GET /v3/304bd8e750c64b85a110dcdd072d5671/volumes/84f9fc2e-86ae-4c46-a5e2-73589787c6c6 => generated 968 bytes in 31 msecs (HTTP/1.1 200) 7 headers in 285 bytes (1 switches on core 0)
2026-05-10 02:00:18.418 7 INFO cinder.api.openstack.wsgi [None req-c107bb54-debd-44df-80d5-68e45d11553b 12742e3efc1944b6889482daf5b4be46 304bd8e750c64b85a110dcdd072d5671 - - default default] DELETE http://cinder-api.openstack.svc.cluster.local:8776/v3/304bd8e750c64b85a110dcdd072d5671/volumes/84f9fc2e-86ae-4c46-a5e2-73589787c6c6
2026-05-10 02:00:18.418 7 INFO cinder.api.v3.volumes [None req-c107bb54-debd-44df-80d5-68e45d11553b 12742e3efc1944b6889482daf5b4be46 304bd8e750c64b85a110dcdd072d5671 - - default default] Delete volume with id: 84f9fc2e-86ae-4c46-a5e2-73589787c6c6 /var/lib/openstack/lib/python3.12/site-packages/oslo_context/context.py:100: DeprecationWarning: Policy enforcement is depending on the value of is_admin. This key is deprecated. Please update your policy file to use the standard policy values. warnings.warn('Policy enforcement is depending on the value of '
2026-05-10 02:00:18.428 7 INFO cinder.volume.api [None req-c107bb54-debd-44df-80d5-68e45d11553b 12742e3efc1944b6889482daf5b4be46 304bd8e750c64b85a110dcdd072d5671 - - default default] Volume info retrieved successfully.
2026-05-10 02:00:18.448 7 INFO cinder.volume.api [None req-c107bb54-debd-44df-80d5-68e45d11553b 12742e3efc1944b6889482daf5b4be46 304bd8e750c64b85a110dcdd072d5671 - - default default] Delete volume request issued successfully.
2026-05-10 02:00:18.449 7 INFO cinder.api.openstack.wsgi [None req-c107bb54-debd-44df-80d5-68e45d11553b 12742e3efc1944b6889482daf5b4be46 304bd8e750c64b85a110dcdd072d5671 - - default default] http://cinder-api.openstack.svc.cluster.local:8776/v3/304bd8e750c64b85a110dcdd072d5671/volumes/84f9fc2e-86ae-4c46-a5e2-73589787c6c6 returned with HTTP 202 /var/lib/openstack/lib/python3.12/site-packages/pycadf/timestamp.py:28: DeprecationWarning: datetime.datetime.utcnow() is deprecated and scheduled for removal in a future version. Use timezone-aware objects to represent datetimes in UTC: datetime.datetime.now(datetime.UTC). utc_datetime = pytz.utc.localize(datetime.datetime.utcnow()) [pid: 7|app: 0|req: 378/755] 10.0.0.1 () {32 vars in 776 bytes} [Sun May 10 02:00:18 2026] DELETE /v3/304bd8e750c64b85a110dcdd072d5671/volumes/84f9fc2e-86ae-4c46-a5e2-73589787c6c6 => generated 0 bytes in 36 msecs (HTTP/1.1 202) 6 headers in 233 bytes (1 switches on core 0) /var/lib/openstack/lib/python3.12/site-packages/pycadf/identifier.py:71: UserWarning: Invalid uuid: cinderv3. To ensure interoperability, identifiers should be a valid uuid. warnings.warn(('Invalid uuid: %s. To ensure interoperability, '
2026-05-10 02:00:18.462 8 INFO cinder.api.openstack.wsgi [None req-455364e0-fbd0-42d6-9b79-6ff27b8d7040 12742e3efc1944b6889482daf5b4be46 304bd8e750c64b85a110dcdd072d5671 - - default default] GET http://cinder-api.openstack.svc.cluster.local:8776/v3/304bd8e750c64b85a110dcdd072d5671/volumes/84f9fc2e-86ae-4c46-a5e2-73589787c6c6 /var/lib/openstack/lib/python3.12/site-packages/oslo_context/context.py:100: DeprecationWarning: Policy enforcement is depending on the value of is_admin. This key is deprecated. Please update your policy file to use the standard policy values. warnings.warn('Policy enforcement is depending on the value of '
2026-05-10 02:00:18.497 8 INFO cinder.volume.api [None req-455364e0-fbd0-42d6-9b79-6ff27b8d7040 12742e3efc1944b6889482daf5b4be46 304bd8e750c64b85a110dcdd072d5671 - - default default] Volume info retrieved successfully.
2026-05-10 02:00:18.502 8 INFO cinder.api.openstack.wsgi [None req-455364e0-fbd0-42d6-9b79-6ff27b8d7040 12742e3efc1944b6889482daf5b4be46 304bd8e750c64b85a110dcdd072d5671 - - default default] http://cinder-api.openstack.svc.cluster.local:8776/v3/304bd8e750c64b85a110dcdd072d5671/volumes/84f9fc2e-86ae-4c46-a5e2-73589787c6c6 returned with HTTP 200 /var/lib/openstack/lib/python3.12/site-packages/pycadf/timestamp.py:28: DeprecationWarning: datetime.datetime.utcnow() is deprecated and scheduled for removal in a future version. Use timezone-aware objects to represent datetimes in UTC: datetime.datetime.now(datetime.UTC). utc_datetime = pytz.utc.localize(datetime.datetime.utcnow()) [pid: 8|app: 0|req: 378/756] 10.0.0.1 () {32 vars in 773 bytes} [Sun May 10 02:00:18 2026] GET /v3/304bd8e750c64b85a110dcdd072d5671/volumes/84f9fc2e-86ae-4c46-a5e2-73589787c6c6 => generated 967 bytes in 46 msecs (HTTP/1.1 200) 7 headers in 285 bytes (1 switches on core 0) /var/lib/openstack/lib/python3.12/site-packages/pycadf/identifier.py:71: UserWarning: Invalid uuid: cinderv3. To ensure interoperability, identifiers should be a valid uuid. warnings.warn(('Invalid uuid: %s. To ensure interoperability, '
2026-05-10 02:00:19.521 7 INFO cinder.api.openstack.wsgi [None req-e974e198-5a3e-4e3a-8a3b-9724b3b6fff1 12742e3efc1944b6889482daf5b4be46 304bd8e750c64b85a110dcdd072d5671 - - default default] GET http://cinder-api.openstack.svc.cluster.local:8776/v3/304bd8e750c64b85a110dcdd072d5671/volumes/84f9fc2e-86ae-4c46-a5e2-73589787c6c6
2026-05-10 02:00:19.535 7 INFO cinder.api.openstack.wsgi [None req-e974e198-5a3e-4e3a-8a3b-9724b3b6fff1 12742e3efc1944b6889482daf5b4be46 304bd8e750c64b85a110dcdd072d5671 - - default default] http://cinder-api.openstack.svc.cluster.local:8776/v3/304bd8e750c64b85a110dcdd072d5671/volumes/84f9fc2e-86ae-4c46-a5e2-73589787c6c6 returned with HTTP 404 [pid: 7|app: 0|req: 379/757] 10.0.0.1 () {32 vars in 773 bytes} [Sun May 10 02:00:19 2026] GET /v3/304bd8e750c64b85a110dcdd072d5671/volumes/84f9fc2e-86ae-4c46-a5e2-73589787c6c6 => generated 109 bytes in 18 msecs (HTTP/1.1 404) 7 headers in 292 bytes (1 switches on core 0)
2026-05-10 02:00:25.586 7 INFO cinder.api.openstack.wsgi [None req-e974e198-5a3e-4e3a-8a3b-9724b3b6fff1 12742e3efc1944b6889482daf5b4be46 304bd8e750c64b85a110dcdd072d5671 - - default default] GET http://10.0.0.96:8776/
2026-05-10 02:00:25.586 8 INFO cinder.api.openstack.wsgi [None req-455364e0-fbd0-42d6-9b79-6ff27b8d7040 12742e3efc1944b6889482daf5b4be46 304bd8e750c64b85a110dcdd072d5671 - - default default] GET http://10.0.0.96:8776/
2026-05-10 02:00:25.587 7 INFO cinder.api.openstack.wsgi [None req-e974e198-5a3e-4e3a-8a3b-9724b3b6fff1 12742e3efc1944b6889482daf5b4be46 304bd8e750c64b85a110dcdd072d5671 - - default default] http://10.0.0.96:8776/ returned with HTTP 300
2026-05-10 02:00:25.588 8 INFO cinder.api.openstack.wsgi [None req-455364e0-fbd0-42d6-9b79-6ff27b8d7040 12742e3efc1944b6889482daf5b4be46 304bd8e750c64b85a110dcdd072d5671 - - default default] http://10.0.0.96:8776/ returned with HTTP 300
2026-05-10 02:00:35.586 8 INFO cinder.api.openstack.wsgi [None req-455364e0-fbd0-42d6-9b79-6ff27b8d7040 12742e3efc1944b6889482daf5b4be46 304bd8e750c64b85a110dcdd072d5671 - - default default] GET http://10.0.0.96:8776/
2026-05-10 02:00:35.586 7 INFO cinder.api.openstack.wsgi [None req-e974e198-5a3e-4e3a-8a3b-9724b3b6fff1 12742e3efc1944b6889482daf5b4be46 304bd8e750c64b85a110dcdd072d5671 - - default default] GET http://10.0.0.96:8776/
2026-05-10 02:00:35.586 8 INFO cinder.api.openstack.wsgi [None req-455364e0-fbd0-42d6-9b79-6ff27b8d7040 12742e3efc1944b6889482daf5b4be46 304bd8e750c64b85a110dcdd072d5671 - - default default] http://10.0.0.96:8776/ returned with HTTP 300
2026-05-10 02:00:35.587 7 INFO cinder.api.openstack.wsgi [None req-e974e198-5a3e-4e3a-8a3b-9724b3b6fff1 12742e3efc1944b6889482daf5b4be46 304bd8e750c64b85a110dcdd072d5671 - - default default] http://10.0.0.96:8776/ returned with HTTP 300
2026-05-10 02:00:45.586 7 INFO cinder.api.openstack.wsgi [None req-e974e198-5a3e-4e3a-8a3b-9724b3b6fff1 12742e3efc1944b6889482daf5b4be46 304bd8e750c64b85a110dcdd072d5671 - - default default] GET http://10.0.0.96:8776/
2026-05-10 02:00:45.586 8 INFO cinder.api.openstack.wsgi [None req-455364e0-fbd0-42d6-9b79-6ff27b8d7040 12742e3efc1944b6889482daf5b4be46 304bd8e750c64b85a110dcdd072d5671 - - default default] GET http://10.0.0.96:8776/
2026-05-10 02:00:45.587 7 INFO cinder.api.openstack.wsgi [None req-e974e198-5a3e-4e3a-8a3b-9724b3b6fff1 12742e3efc1944b6889482daf5b4be46 304bd8e750c64b85a110dcdd072d5671 - - default default] http://10.0.0.96:8776/ returned with HTTP 300
2026-05-10 02:00:45.588 8 INFO cinder.api.openstack.wsgi [None req-455364e0-fbd0-42d6-9b79-6ff27b8d7040 12742e3efc1944b6889482daf5b4be46 304bd8e750c64b85a110dcdd072d5671 - - default default] http://10.0.0.96:8776/ returned with HTTP 300
2026-05-10 02:00:47.498 7 INFO cinder.api.openstack.wsgi [None req-84a0289c-568a-41d5-ad01-b85cb9758d75 ae447dd0b0eb43dba3d5039e628ede04 ced8d8ef21f84d89b888dadb249dce35 - - default default] GET http://cinder-api.openstack.svc.cluster.local:8776/v3/ced8d8ef21f84d89b888dadb249dce35/volumes/detail?all_tenants=true
2026-05-10 02:00:47.513 7 INFO cinder.volume.api [None req-84a0289c-568a-41d5-ad01-b85cb9758d75 ae447dd0b0eb43dba3d5039e628ede04 ced8d8ef21f84d89b888dadb249dce35 - - default default] Get all volumes completed successfully.
2026-05-10 02:00:47.516 7 INFO cinder.api.openstack.wsgi [None req-84a0289c-568a-41d5-ad01-b85cb9758d75 ae447dd0b0eb43dba3d5039e628ede04 ced8d8ef21f84d89b888dadb249dce35 - - default default] http://cinder-api.openstack.svc.cluster.local:8776/v3/ced8d8ef21f84d89b888dadb249dce35/volumes/detail?all_tenants=true returned with HTTP 200 [pid: 7|app: 0|req: 383/764] 10.0.0.132 () {28 vars in 684 bytes} [Sun May 10 02:00:47 2026] GET /v3/ced8d8ef21f84d89b888dadb249dce35/volumes/detail?all_tenants=true => generated 15 bytes in 192 msecs (HTTP/1.1 200) 7 headers in 284 bytes (1 switches on core 0) /var/lib/openstack/lib/python3.12/site-packages/pycadf/identifier.py:71: UserWarning: Invalid uuid: cinderv3. To ensure interoperability, identifiers should be a valid uuid. warnings.warn(('Invalid uuid: %s. To ensure interoperability, '
2026-05-10 02:00:47.530 8 INFO cinder.api.openstack.wsgi [None req-522a3b51-60d2-42b5-a870-13909cd610f7 ae447dd0b0eb43dba3d5039e628ede04 ced8d8ef21f84d89b888dadb249dce35 - - default default] GET http://cinder-api.openstack.svc.cluster.local:8776/v3/ced8d8ef21f84d89b888dadb249dce35/os-services
2026-05-10 02:00:47.535 8 INFO cinder.api.openstack.wsgi [None req-522a3b51-60d2-42b5-a870-13909cd610f7 ae447dd0b0eb43dba3d5039e628ede04 ced8d8ef21f84d89b888dadb249dce35 - - default default] http://cinder-api.openstack.svc.cluster.local:8776/v3/ced8d8ef21f84d89b888dadb249dce35/os-services returned with HTTP 200 [pid: 8|app: 0|req: 382/765] 10.0.0.132 () {28 vars in 645 bytes} [Sun May 10 02:00:47 2026] GET /v3/ced8d8ef21f84d89b888dadb249dce35/os-services => generated 646 bytes in 14 msecs (HTTP/1.1 200) 7 headers in 285 bytes (1 switches on core 0)
2026-05-10 02:00:47.547 7 INFO cinder.api.openstack.wsgi [None req-01b2053b-fa47-4a71-8340-7f565edfd5d5 ae447dd0b0eb43dba3d5039e628ede04 ced8d8ef21f84d89b888dadb249dce35 - - default default] GET http://cinder-api.openstack.svc.cluster.local:8776/v3/ced8d8ef21f84d89b888dadb249dce35/volumes/detail?all_tenants=true
2026-05-10 02:00:47.554 7 INFO cinder.volume.api [None req-01b2053b-fa47-4a71-8340-7f565edfd5d5 ae447dd0b0eb43dba3d5039e628ede04 ced8d8ef21f84d89b888dadb249dce35 - - default default] Get all volumes completed successfully.
2026-05-10 02:00:47.555 7 INFO cinder.api.openstack.wsgi [None req-01b2053b-fa47-4a71-8340-7f565edfd5d5 ae447dd0b0eb43dba3d5039e628ede04 ced8d8ef21f84d89b888dadb249dce35 - - default default] http://cinder-api.openstack.svc.cluster.local:8776/v3/ced8d8ef21f84d89b888dadb249dce35/volumes/detail?all_tenants=true returned with HTTP 200 [pid: 7|app: 0|req: 384/766] 10.0.0.132 () {28 vars in 684 bytes} [Sun May 10 02:00:47 2026] GET /v3/ced8d8ef21f84d89b888dadb249dce35/volumes/detail?all_tenants=true => generated 15 bytes in 15 msecs (HTTP/1.1 200) 7 headers in 284 bytes (1 switches on core 0)
2026-05-10 02:00:47.564 8 INFO cinder.api.openstack.wsgi [None req-11d2d8a0-1159-4f9b-821a-371ec2753622 ae447dd0b0eb43dba3d5039e628ede04 ced8d8ef21f84d89b888dadb249dce35 - - default default] GET http://cinder-api.openstack.svc.cluster.local:8776/v3/ced8d8ef21f84d89b888dadb249dce35/scheduler-stats/get_pools?detail=true
2026-05-10 02:00:48.066 8 INFO cinder.api.openstack.wsgi [None req-11d2d8a0-1159-4f9b-821a-371ec2753622 ae447dd0b0eb43dba3d5039e628ede04 ced8d8ef21f84d89b888dadb249dce35 - - default default] http://cinder-api.openstack.svc.cluster.local:8776/v3/ced8d8ef21f84d89b888dadb249dce35/scheduler-stats/get_pools?detail=true returned with HTTP 200 [pid: 8|app: 0|req: 383/767] 10.0.0.132 () {28 vars in 696 bytes} [Sun May 10 02:00:47 2026] GET /v3/ced8d8ef21f84d89b888dadb249dce35/scheduler-stats/get_pools?detail=true => generated 670 bytes in 510 msecs (HTTP/1.1 200) 7 headers in 285 bytes (1 switches on core 0)
2026-05-10 02:00:48.079 7 INFO cinder.api.openstack.wsgi [None req-b47ed7db-10ec-46c0-906d-c3c053418d2f ae447dd0b0eb43dba3d5039e628ede04 ced8d8ef21f84d89b888dadb249dce35 - - default default] GET http://cinder-api.openstack.svc.cluster.local:8776/v3/ced8d8ef21f84d89b888dadb249dce35/snapshots?all_tenants=true
2026-05-10 02:00:48.085 7 INFO cinder.volume.api [None req-b47ed7db-10ec-46c0-906d-c3c053418d2f ae447dd0b0eb43dba3d5039e628ede04 ced8d8ef21f84d89b888dadb249dce35 - - default default] Get all snapshots completed successfully.
2026-05-10 02:00:48.085 7 INFO cinder.api.openstack.wsgi [None req-b47ed7db-10ec-46c0-906d-c3c053418d2f ae447dd0b0eb43dba3d5039e628ede04 ced8d8ef21f84d89b888dadb249dce35 - - default default] http://cinder-api.openstack.svc.cluster.local:8776/v3/ced8d8ef21f84d89b888dadb249dce35/snapshots?all_tenants=true returned with HTTP 200 [pid: 7|app: 0|req: 385/768] 10.0.0.132 () {28 vars in 674 bytes} [Sun May 10 02:00:48 2026] GET /v3/ced8d8ef21f84d89b888dadb249dce35/snapshots?all_tenants=true => generated 17 bytes in 14 msecs (HTTP/1.1 200) 7 headers in 284 bytes (1 switches on core 0)
2026-05-10 02:00:48.183 8 INFO cinder.api.openstack.wsgi [None req-769aee43-dccf-48dc-8f75-b50cfbdb835e ae447dd0b0eb43dba3d5039e628ede04 ced8d8ef21f84d89b888dadb249dce35 - - default default] GET http://cinder-api.openstack.svc.cluster.local:8776/v3/ced8d8ef21f84d89b888dadb249dce35/os-quota-sets/599412aa220a4f8c8682145e11a7cb90?usage=true
2026-05-10 02:00:48.213 8 INFO cinder.api.openstack.wsgi [None req-769aee43-dccf-48dc-8f75-b50cfbdb835e ae447dd0b0eb43dba3d5039e628ede04 ced8d8ef21f84d89b888dadb249dce35 - - default default] http://cinder-api.openstack.svc.cluster.local:8776/v3/ced8d8ef21f84d89b888dadb249dce35/os-quota-sets/599412aa220a4f8c8682145e11a7cb90?usage=true returned with HTTP 200 [pid: 8|app: 0|req: 384/769] 10.0.0.132 () {28 vars in 736 bytes} [Sun May 10 02:00:48 2026] GET /v3/ced8d8ef21f84d89b888dadb249dce35/os-quota-sets/599412aa220a4f8c8682145e11a7cb90?usage=true => generated 847 bytes in 40 msecs (HTTP/1.1 200) 7 headers in 285 bytes (1 switches on core 0)
2026-05-10 02:00:48.224 7 INFO cinder.api.openstack.wsgi [None req-c4a24383-37b1-42ff-a862-175a939080c3 ae447dd0b0eb43dba3d5039e628ede04 ced8d8ef21f84d89b888dadb249dce35 - - default default] GET http://cinder-api.openstack.svc.cluster.local:8776/v3/ced8d8ef21f84d89b888dadb249dce35/os-quota-sets/6ac2d5a0622e449e8c5379fba01bd16d?usage=true
2026-05-10 02:00:48.241 7 INFO cinder.api.openstack.wsgi [None req-c4a24383-37b1-42ff-a862-175a939080c3 ae447dd0b0eb43dba3d5039e628ede04 ced8d8ef21f84d89b888dadb249dce35 - - default default] http://cinder-api.openstack.svc.cluster.local:8776/v3/ced8d8ef21f84d89b888dadb249dce35/os-quota-sets/6ac2d5a0622e449e8c5379fba01bd16d?usage=true returned with HTTP 200 [pid: 7|app: 0|req: 386/770] 10.0.0.132 () {28 vars in 736 bytes} [Sun May 10 02:00:48 2026] GET /v3/ced8d8ef21f84d89b888dadb249dce35/os-quota-sets/6ac2d5a0622e449e8c5379fba01bd16d?usage=true => generated 847 bytes in 25 msecs (HTTP/1.1 200) 7 headers in 285 bytes (1 switches on core 0)
2026-05-10 02:00:48.254 8 INFO cinder.api.openstack.wsgi [None req-1c091712-9066-4db1-b150-810dd83e0ed4 ae447dd0b0eb43dba3d5039e628ede04 ced8d8ef21f84d89b888dadb249dce35 - - default default] GET http://cinder-api.openstack.svc.cluster.local:8776/v3/ced8d8ef21f84d89b888dadb249dce35/os-quota-sets/70e147d9b43e4f55b395db22fdfc5565?usage=true
2026-05-10 02:00:48.271 8 INFO cinder.api.openstack.wsgi [None req-1c091712-9066-4db1-b150-810dd83e0ed4 ae447dd0b0eb43dba3d5039e628ede04 ced8d8ef21f84d89b888dadb249dce35 - - default default] http://cinder-api.openstack.svc.cluster.local:8776/v3/ced8d8ef21f84d89b888dadb249dce35/os-quota-sets/70e147d9b43e4f55b395db22fdfc5565?usage=true returned with HTTP 200 [pid: 8|app: 0|req: 385/771] 10.0.0.132 () {28 vars in 736 bytes} [Sun May 10 02:00:48 2026] GET /v3/ced8d8ef21f84d89b888dadb249dce35/os-quota-sets/70e147d9b43e4f55b395db22fdfc5565?usage=true => generated 847 bytes in 27 msecs (HTTP/1.1 200) 7 headers in 285 bytes (1 switches on core 0)
2026-05-10 02:00:48.283 7 INFO cinder.api.openstack.wsgi [None req-0e967807-5b74-4512-bc4e-d9769cb3041e ae447dd0b0eb43dba3d5039e628ede04 ced8d8ef21f84d89b888dadb249dce35 - - default default] GET http://cinder-api.openstack.svc.cluster.local:8776/v3/ced8d8ef21f84d89b888dadb249dce35/os-quota-sets/7920f836e0724a148f92b6c40a05f90d?usage=true
2026-05-10 02:00:48.299 7 INFO cinder.api.openstack.wsgi [None req-0e967807-5b74-4512-bc4e-d9769cb3041e ae447dd0b0eb43dba3d5039e628ede04 ced8d8ef21f84d89b888dadb249dce35 - - default default] http://cinder-api.openstack.svc.cluster.local:8776/v3/ced8d8ef21f84d89b888dadb249dce35/os-quota-sets/7920f836e0724a148f92b6c40a05f90d?usage=true returned with HTTP 200 [pid: 7|app: 0|req: 387/772] 10.0.0.132 () {28 vars in 736 bytes} [Sun May 10 02:00:48 2026] GET /v3/ced8d8ef21f84d89b888dadb249dce35/os-quota-sets/7920f836e0724a148f92b6c40a05f90d?usage=true => generated 847 bytes in 25 msecs (HTTP/1.1 200) 7 headers in 285 bytes (1 switches on core 0)
2026-05-10 02:00:48.315 8 INFO cinder.api.openstack.wsgi [None req-b2a00c00-d5e9-45c1-9760-3cf82bca9ab3 ae447dd0b0eb43dba3d5039e628ede04 ced8d8ef21f84d89b888dadb249dce35 - - default default] GET http://cinder-api.openstack.svc.cluster.local:8776/v3/ced8d8ef21f84d89b888dadb249dce35/os-quota-sets/8fae25bbe05c45e3bcc73f006d124674?usage=true
2026-05-10 02:00:48.338 8 INFO cinder.api.openstack.wsgi [None req-b2a00c00-d5e9-45c1-9760-3cf82bca9ab3 ae447dd0b0eb43dba3d5039e628ede04 ced8d8ef21f84d89b888dadb249dce35 - - default default] http://cinder-api.openstack.svc.cluster.local:8776/v3/ced8d8ef21f84d89b888dadb249dce35/os-quota-sets/8fae25bbe05c45e3bcc73f006d124674?usage=true returned with HTTP 200 [pid: 8|app: 0|req: 386/773] 10.0.0.132 () {28 vars in 736 bytes} [Sun May 10 02:00:48 2026] GET /v3/ced8d8ef21f84d89b888dadb249dce35/os-quota-sets/8fae25bbe05c45e3bcc73f006d124674?usage=true => generated 847 bytes in 36 msecs (HTTP/1.1 200) 7 headers in 285 bytes (1 switches on core 0)
2026-05-10 02:00:48.349 7 INFO cinder.api.openstack.wsgi [None req-07438580-6119-4919-93f7-f7aac518f911 ae447dd0b0eb43dba3d5039e628ede04 ced8d8ef21f84d89b888dadb249dce35 - - default default] GET http://cinder-api.openstack.svc.cluster.local:8776/v3/ced8d8ef21f84d89b888dadb249dce35/os-quota-sets/ccc99c3163c34c8a9adad14b896e3277?usage=true
2026-05-10 02:00:48.367 7 INFO cinder.api.openstack.wsgi [None req-07438580-6119-4919-93f7-f7aac518f911 ae447dd0b0eb43dba3d5039e628ede04 ced8d8ef21f84d89b888dadb249dce35 - - default default] http://cinder-api.openstack.svc.cluster.local:8776/v3/ced8d8ef21f84d89b888dadb249dce35/os-quota-sets/ccc99c3163c34c8a9adad14b896e3277?usage=true returned with HTTP 200 [pid: 7|app: 0|req: 388/774] 10.0.0.132 () {28 vars in 736 bytes} [Sun May 10 02:00:48 2026] GET /v3/ced8d8ef21f84d89b888dadb249dce35/os-quota-sets/ccc99c3163c34c8a9adad14b896e3277?usage=true => generated 847 bytes in 26 msecs (HTTP/1.1 200) 7 headers in 285 bytes (1 switches on core 0)
2026-05-10 02:00:48.377 8 INFO cinder.api.openstack.wsgi [None req-b70675a1-8d90-4281-958d-874edc9b95d0 ae447dd0b0eb43dba3d5039e628ede04 ced8d8ef21f84d89b888dadb249dce35 - - default default] GET http://cinder-api.openstack.svc.cluster.local:8776/v3/ced8d8ef21f84d89b888dadb249dce35/os-quota-sets/ced8d8ef21f84d89b888dadb249dce35?usage=true
2026-05-10 02:00:48.423 8 INFO cinder.api.openstack.wsgi [None req-b70675a1-8d90-4281-958d-874edc9b95d0 ae447dd0b0eb43dba3d5039e628ede04 ced8d8ef21f84d89b888dadb249dce35 - - default default] http://cinder-api.openstack.svc.cluster.local:8776/v3/ced8d8ef21f84d89b888dadb249dce35/os-quota-sets/ced8d8ef21f84d89b888dadb249dce35?usage=true returned with HTTP 200 [pid: 8|app: 0|req: 387/775] 10.0.0.132 () {28 vars in 736 bytes} [Sun May 10 02:00:48 2026] GET /v3/ced8d8ef21f84d89b888dadb249dce35/os-quota-sets/ced8d8ef21f84d89b888dadb249dce35?usage=true => generated 845 bytes in 52 msecs (HTTP/1.1 200) 7 headers in 285 bytes (1 switches on core 0)
2026-05-10 02:00:48.431 7 INFO cinder.api.openstack.wsgi [None req-4707e8d0-5142-44b8-aaa7-5a1dc86de43f ae447dd0b0eb43dba3d5039e628ede04 ced8d8ef21f84d89b888dadb249dce35 - - default default] GET http://cinder-api.openstack.svc.cluster.local:8776/v3/ced8d8ef21f84d89b888dadb249dce35/os-quota-sets/f2752817df55459399d1cc3c467d9d2e?usage=true
2026-05-10 02:00:48.459 7 INFO cinder.api.openstack.wsgi [None req-4707e8d0-5142-44b8-aaa7-5a1dc86de43f ae447dd0b0eb43dba3d5039e628ede04 ced8d8ef21f84d89b888dadb249dce35 - - default default] http://cinder-api.openstack.svc.cluster.local:8776/v3/ced8d8ef21f84d89b888dadb249dce35/os-quota-sets/f2752817df55459399d1cc3c467d9d2e?usage=true returned with HTTP 200 [pid: 7|app: 0|req: 389/776] 10.0.0.132 () {28 vars in 736 bytes} [Sun May 10 02:00:48 2026] GET /v3/ced8d8ef21f84d89b888dadb249dce35/os-quota-sets/f2752817df55459399d1cc3c467d9d2e?usage=true => generated 847 bytes in 32 msecs (HTTP/1.1 200) 7 headers in 285 bytes (1 switches on core 0)
2026-05-10 02:00:48.470 8 INFO cinder.api.openstack.wsgi [None req-cc52d8d2-6dc2-44db-a9aa-9de46cf72816 ae447dd0b0eb43dba3d5039e628ede04 ced8d8ef21f84d89b888dadb249dce35 - - default default] GET http://cinder-api.openstack.svc.cluster.local:8776/v3/ced8d8ef21f84d89b888dadb249dce35/os-quota-sets/f5f66e6aac4a44cd957ab9cca187be7d?usage=true
2026-05-10 02:00:48.499 8 INFO cinder.api.openstack.wsgi [None req-cc52d8d2-6dc2-44db-a9aa-9de46cf72816 ae447dd0b0eb43dba3d5039e628ede04 ced8d8ef21f84d89b888dadb249dce35 - - default default] http://cinder-api.openstack.svc.cluster.local:8776/v3/ced8d8ef21f84d89b888dadb249dce35/os-quota-sets/f5f66e6aac4a44cd957ab9cca187be7d?usage=true returned with HTTP 200 [pid: 8|app: 0|req: 388/777] 10.0.0.132 () {28 vars in 736 bytes} [Sun May 10 02:00:48 2026] GET /v3/ced8d8ef21f84d89b888dadb249dce35/os-quota-sets/f5f66e6aac4a44cd957ab9cca187be7d?usage=true => generated 845 bytes in 34 msecs (HTTP/1.1 200) 7 headers in 285 bytes (1 switches on core 0)
2026-05-10 02:00:55.587 7 INFO cinder.api.openstack.wsgi [None req-4707e8d0-5142-44b8-aaa7-5a1dc86de43f ae447dd0b0eb43dba3d5039e628ede04 ced8d8ef21f84d89b888dadb249dce35 - - default default] GET http://10.0.0.96:8776/
2026-05-10 02:00:55.587 8 INFO cinder.api.openstack.wsgi [None req-cc52d8d2-6dc2-44db-a9aa-9de46cf72816 ae447dd0b0eb43dba3d5039e628ede04 ced8d8ef21f84d89b888dadb249dce35 - - default default] GET http://10.0.0.96:8776/
2026-05-10 02:00:55.588 7 INFO cinder.api.openstack.wsgi [None req-4707e8d0-5142-44b8-aaa7-5a1dc86de43f ae447dd0b0eb43dba3d5039e628ede04 ced8d8ef21f84d89b888dadb249dce35 - - default default] http://10.0.0.96:8776/ returned with HTTP 300
2026-05-10 02:00:55.588 8 INFO cinder.api.openstack.wsgi [None req-cc52d8d2-6dc2-44db-a9aa-9de46cf72816 ae447dd0b0eb43dba3d5039e628ede04 ced8d8ef21f84d89b888dadb249dce35 - - default default] http://10.0.0.96:8776/ returned with HTTP 300
2026-05-10 02:01:01.167 7 INFO cinder.api.openstack.wsgi [None req-4707e8d0-5142-44b8-aaa7-5a1dc86de43f ae447dd0b0eb43dba3d5039e628ede04 ced8d8ef21f84d89b888dadb249dce35 - - default default] GET http://cinder-api.openstack.svc.cluster.local:8776/
2026-05-10 02:01:01.168 7 INFO cinder.api.openstack.wsgi [None req-4707e8d0-5142-44b8-aaa7-5a1dc86de43f ae447dd0b0eb43dba3d5039e628ede04 ced8d8ef21f84d89b888dadb249dce35 - - default default] http://cinder-api.openstack.svc.cluster.local:8776/ returned with HTTP 300 [pid: 7|app: 0|req: 391/780] 10.0.0.1 () {30 vars in 409 bytes} [Sun May 10 02:01:01 2026] GET / => generated 411 bytes in 1 msecs (HTTP/1.1 300) 5 headers in 169 bytes (1 switches on core 0)
2026-05-10 02:01:05.586 7 INFO cinder.api.openstack.wsgi [None req-4707e8d0-5142-44b8-aaa7-5a1dc86de43f ae447dd0b0eb43dba3d5039e628ede04 ced8d8ef21f84d89b888dadb249dce35 - - default default] GET http://10.0.0.96:8776/
2026-05-10 02:01:05.586 8 INFO cinder.api.openstack.wsgi [None req-cc52d8d2-6dc2-44db-a9aa-9de46cf72816 ae447dd0b0eb43dba3d5039e628ede04 ced8d8ef21f84d89b888dadb249dce35 - - default default] GET http://10.0.0.96:8776/
2026-05-10 02:01:05.587 7 INFO cinder.api.openstack.wsgi [None req-4707e8d0-5142-44b8-aaa7-5a1dc86de43f ae447dd0b0eb43dba3d5039e628ede04 ced8d8ef21f84d89b888dadb249dce35 - - default default] http://10.0.0.96:8776/ returned with HTTP 300
2026-05-10 02:01:05.587 8 INFO cinder.api.openstack.wsgi [None req-cc52d8d2-6dc2-44db-a9aa-9de46cf72816 ae447dd0b0eb43dba3d5039e628ede04 ced8d8ef21f84d89b888dadb249dce35 - - default default] http://10.0.0.96:8776/ returned with HTTP 300
2026-05-10 02:01:15.586 8 INFO cinder.api.openstack.wsgi [None req-cc52d8d2-6dc2-44db-a9aa-9de46cf72816 ae447dd0b0eb43dba3d5039e628ede04 ced8d8ef21f84d89b888dadb249dce35 - - default default] GET http://10.0.0.96:8776/
2026-05-10 02:01:15.586 7 INFO cinder.api.openstack.wsgi [None req-4707e8d0-5142-44b8-aaa7-5a1dc86de43f ae447dd0b0eb43dba3d5039e628ede04 ced8d8ef21f84d89b888dadb249dce35 - - default default] GET http://10.0.0.96:8776/
2026-05-10 02:01:15.588 7 INFO cinder.api.openstack.wsgi [None req-4707e8d0-5142-44b8-aaa7-5a1dc86de43f ae447dd0b0eb43dba3d5039e628ede04 ced8d8ef21f84d89b888dadb249dce35 - - default default] http://10.0.0.96:8776/ returned with HTTP 300
2026-05-10 02:01:15.588 8 INFO cinder.api.openstack.wsgi [None req-cc52d8d2-6dc2-44db-a9aa-9de46cf72816 ae447dd0b0eb43dba3d5039e628ede04 ced8d8ef21f84d89b888dadb249dce35 - - default default] http://10.0.0.96:8776/ returned with HTTP 300
2026-05-10 02:01:25.586 8 INFO cinder.api.openstack.wsgi [None req-cc52d8d2-6dc2-44db-a9aa-9de46cf72816 ae447dd0b0eb43dba3d5039e628ede04 ced8d8ef21f84d89b888dadb249dce35 - - default default] GET http://10.0.0.96:8776/
2026-05-10 02:01:25.586 8 INFO cinder.api.openstack.wsgi [None req-cc52d8d2-6dc2-44db-a9aa-9de46cf72816 ae447dd0b0eb43dba3d5039e628ede04 ced8d8ef21f84d89b888dadb249dce35 - - default default] http://10.0.0.96:8776/ returned with HTTP 300
2026-05-10 02:01:25.586 7 INFO cinder.api.openstack.wsgi [None req-4707e8d0-5142-44b8-aaa7-5a1dc86de43f ae447dd0b0eb43dba3d5039e628ede04 ced8d8ef21f84d89b888dadb249dce35 - - default default] GET http://10.0.0.96:8776/
2026-05-10 02:01:25.587 7 INFO cinder.api.openstack.wsgi [None req-4707e8d0-5142-44b8-aaa7-5a1dc86de43f ae447dd0b0eb43dba3d5039e628ede04 ced8d8ef21f84d89b888dadb249dce35 - - default default] http://10.0.0.96:8776/ returned with HTTP 300
2026-05-10 02:01:35.586 8 INFO cinder.api.openstack.wsgi [None req-cc52d8d2-6dc2-44db-a9aa-9de46cf72816 ae447dd0b0eb43dba3d5039e628ede04 ced8d8ef21f84d89b888dadb249dce35 - - default default] GET http://10.0.0.96:8776/
2026-05-10 02:01:35.587 7 INFO cinder.api.openstack.wsgi [None req-4707e8d0-5142-44b8-aaa7-5a1dc86de43f ae447dd0b0eb43dba3d5039e628ede04 ced8d8ef21f84d89b888dadb249dce35 - - default default] GET http://10.0.0.96:8776/
2026-05-10 02:01:35.588 8 INFO cinder.api.openstack.wsgi [None req-cc52d8d2-6dc2-44db-a9aa-9de46cf72816 ae447dd0b0eb43dba3d5039e628ede04 ced8d8ef21f84d89b888dadb249dce35 - - default default] http://10.0.0.96:8776/ returned with HTTP 300
2026-05-10 02:01:35.588 7 INFO cinder.api.openstack.wsgi [None req-4707e8d0-5142-44b8-aaa7-5a1dc86de43f ae447dd0b0eb43dba3d5039e628ede04 ced8d8ef21f84d89b888dadb249dce35 - - default default] http://10.0.0.96:8776/ returned with HTTP 300
2026-05-10 02:01:45.586 7 INFO cinder.api.openstack.wsgi [None req-4707e8d0-5142-44b8-aaa7-5a1dc86de43f ae447dd0b0eb43dba3d5039e628ede04 ced8d8ef21f84d89b888dadb249dce35 - - default default] GET http://10.0.0.96:8776/
2026-05-10 02:01:45.586 8 INFO cinder.api.openstack.wsgi [None req-cc52d8d2-6dc2-44db-a9aa-9de46cf72816 ae447dd0b0eb43dba3d5039e628ede04 ced8d8ef21f84d89b888dadb249dce35 - - default default] GET http://10.0.0.96:8776/
2026-05-10 02:01:45.587 8 INFO cinder.api.openstack.wsgi [None req-cc52d8d2-6dc2-44db-a9aa-9de46cf72816 ae447dd0b0eb43dba3d5039e628ede04 ced8d8ef21f84d89b888dadb249dce35 - - default default] http://10.0.0.96:8776/ returned with HTTP 300
2026-05-10 02:01:45.587 7 INFO cinder.api.openstack.wsgi [None req-4707e8d0-5142-44b8-aaa7-5a1dc86de43f ae447dd0b0eb43dba3d5039e628ede04 ced8d8ef21f84d89b888dadb249dce35 - - default default] http://10.0.0.96:8776/ returned with HTTP 300
2026-05-10 02:01:47.407 7 INFO cinder.api.openstack.wsgi [None req-926d70e5-d146-4d6b-b00a-1f31b35f62a3 ae447dd0b0eb43dba3d5039e628ede04 ced8d8ef21f84d89b888dadb249dce35 - - default default] GET http://cinder-api.openstack.svc.cluster.local:8776/v3/ced8d8ef21f84d89b888dadb249dce35/snapshots?all_tenants=true
2026-05-10 02:01:47.413 7 INFO cinder.volume.api [None req-926d70e5-d146-4d6b-b00a-1f31b35f62a3 ae447dd0b0eb43dba3d5039e628ede04 ced8d8ef21f84d89b888dadb249dce35 - - default default] Get all snapshots completed successfully.
2026-05-10 02:01:47.413 7 INFO cinder.api.openstack.wsgi [None req-926d70e5-d146-4d6b-b00a-1f31b35f62a3 ae447dd0b0eb43dba3d5039e628ede04 ced8d8ef21f84d89b888dadb249dce35 - - default default] http://cinder-api.openstack.svc.cluster.local:8776/v3/ced8d8ef21f84d89b888dadb249dce35/snapshots?all_tenants=true returned with HTTP 200 [pid: 7|app: 0|req: 397/791] 10.0.0.132 () {28 vars in 674 bytes} [Sun May 10 02:01:47 2026] GET /v3/ced8d8ef21f84d89b888dadb249dce35/snapshots?all_tenants=true => generated 17 bytes in 128 msecs (HTTP/1.1 200) 7 headers in 284 bytes (1 switches on core 0)
2026-05-10 02:01:47.428 8 INFO cinder.api.openstack.wsgi [None req-e501cce3-08ed-4c6b-abff-12018ecd2220 ae447dd0b0eb43dba3d5039e628ede04 ced8d8ef21f84d89b888dadb249dce35 - - default default] GET http://cinder-api.openstack.svc.cluster.local:8776/v3/ced8d8ef21f84d89b888dadb249dce35/volumes/detail?all_tenants=true
2026-05-10 02:01:47.437 8 INFO cinder.volume.api [None req-e501cce3-08ed-4c6b-abff-12018ecd2220 ae447dd0b0eb43dba3d5039e628ede04 ced8d8ef21f84d89b888dadb249dce35 - - default default] Get all volumes completed successfully.
2026-05-10 02:01:47.440 8 INFO cinder.api.openstack.wsgi [None req-e501cce3-08ed-4c6b-abff-12018ecd2220 ae447dd0b0eb43dba3d5039e628ede04 ced8d8ef21f84d89b888dadb249dce35 - - default default] http://cinder-api.openstack.svc.cluster.local:8776/v3/ced8d8ef21f84d89b888dadb249dce35/volumes/detail?all_tenants=true returned with HTTP 200 [pid: 8|app: 0|req: 395/792] 10.0.0.132 () {28 vars in 684 bytes} [Sun May 10 02:01:47 2026] GET /v3/ced8d8ef21f84d89b888dadb249dce35/volumes/detail?all_tenants=true => generated 15 bytes in 22 msecs (HTTP/1.1 200) 7 headers in 284 bytes (1 switches on core 0)
2026-05-10 02:01:47.450 7 INFO cinder.api.openstack.wsgi [None req-b3266fe5-3ae6-436e-be50-e1441bd6b071 ae447dd0b0eb43dba3d5039e628ede04 ced8d8ef21f84d89b888dadb249dce35 - - default default] GET http://cinder-api.openstack.svc.cluster.local:8776/v3/ced8d8ef21f84d89b888dadb249dce35/os-services
2026-05-10 02:01:47.455 7 INFO cinder.api.openstack.wsgi [None req-b3266fe5-3ae6-436e-be50-e1441bd6b071 ae447dd0b0eb43dba3d5039e628ede04 ced8d8ef21f84d89b888dadb249dce35 - - default default] http://cinder-api.openstack.svc.cluster.local:8776/v3/ced8d8ef21f84d89b888dadb249dce35/os-services returned with HTTP 200 [pid: 7|app: 0|req: 398/793] 10.0.0.132 () {28 vars in 645 bytes} [Sun May 10 02:01:47 2026] GET /v3/ced8d8ef21f84d89b888dadb249dce35/os-services => generated 646 bytes in 13 msecs (HTTP/1.1 200) 7 headers in 285 bytes (1 switches on core 0)
2026-05-10 02:01:47.468 8 INFO cinder.api.openstack.wsgi [None req-10229e33-1e52-4cf6-947e-774cab2d1b90 ae447dd0b0eb43dba3d5039e628ede04 ced8d8ef21f84d89b888dadb249dce35 - - default default] GET http://cinder-api.openstack.svc.cluster.local:8776/v3/ced8d8ef21f84d89b888dadb249dce35/scheduler-stats/get_pools?detail=true
2026-05-10 02:01:47.972 8 INFO cinder.api.openstack.wsgi [None req-10229e33-1e52-4cf6-947e-774cab2d1b90 ae447dd0b0eb43dba3d5039e628ede04 ced8d8ef21f84d89b888dadb249dce35 - - default default] http://cinder-api.openstack.svc.cluster.local:8776/v3/ced8d8ef21f84d89b888dadb249dce35/scheduler-stats/get_pools?detail=true returned with HTTP 200 [pid: 8|app: 0|req: 396/794] 10.0.0.132 () {28 vars in 696 bytes} [Sun May 10 02:01:47 2026] GET /v3/ced8d8ef21f84d89b888dadb249dce35/scheduler-stats/get_pools?detail=true => generated 670 bytes in 513 msecs (HTTP/1.1 200) 7 headers in 285 bytes (1 switches on core 0)
2026-05-10 02:01:48.100 7 INFO cinder.api.openstack.wsgi [None req-dea26f41-cf62-4734-9991-0573973d8200 ae447dd0b0eb43dba3d5039e628ede04 ced8d8ef21f84d89b888dadb249dce35 - - default default] GET http://cinder-api.openstack.svc.cluster.local:8776/v3/ced8d8ef21f84d89b888dadb249dce35/os-quota-sets/2e0a160736374de4bbfc7251a4de4d72?usage=true
2026-05-10 02:01:48.118 7 INFO cinder.api.openstack.wsgi [None req-dea26f41-cf62-4734-9991-0573973d8200 ae447dd0b0eb43dba3d5039e628ede04 ced8d8ef21f84d89b888dadb249dce35 - - default default] http://cinder-api.openstack.svc.cluster.local:8776/v3/ced8d8ef21f84d89b888dadb249dce35/os-quota-sets/2e0a160736374de4bbfc7251a4de4d72?usage=true returned with HTTP 200 [pid: 7|app: 0|req: 399/795] 10.0.0.132 () {28 vars in 736 bytes} [Sun May 10 02:01:48 2026] GET /v3/ced8d8ef21f84d89b888dadb249dce35/os-quota-sets/2e0a160736374de4bbfc7251a4de4d72?usage=true => generated 847 bytes in 24 msecs (HTTP/1.1 200) 7 headers in 285 bytes (1 switches on core 0)
2026-05-10 02:01:48.130 8 INFO cinder.api.openstack.wsgi [None req-915cd3d0-3521-44bf-b433-fd2647e88391 ae447dd0b0eb43dba3d5039e628ede04 ced8d8ef21f84d89b888dadb249dce35 - - default default] GET http://cinder-api.openstack.svc.cluster.local:8776/v3/ced8d8ef21f84d89b888dadb249dce35/os-quota-sets/41066e6967284d4bb326033e6c7a2317?usage=true
2026-05-10 02:01:48.149 8 INFO cinder.api.openstack.wsgi [None req-915cd3d0-3521-44bf-b433-fd2647e88391 ae447dd0b0eb43dba3d5039e628ede04 ced8d8ef21f84d89b888dadb249dce35 - - default default] http://cinder-api.openstack.svc.cluster.local:8776/v3/ced8d8ef21f84d89b888dadb249dce35/os-quota-sets/41066e6967284d4bb326033e6c7a2317?usage=true returned with HTTP 200 [pid: 8|app: 0|req: 397/796] 10.0.0.132 () {28 vars in 736 bytes} [Sun May 10 02:01:48 2026] GET /v3/ced8d8ef21f84d89b888dadb249dce35/os-quota-sets/41066e6967284d4bb326033e6c7a2317?usage=true => generated 847 bytes in 27 msecs (HTTP/1.1 200) 7 headers in 285 bytes (1 switches on core 0)
2026-05-10 02:01:48.164 7 INFO cinder.api.openstack.wsgi [None req-7e5c4b18-f53c-484b-8254-3f6a4396c6a3 ae447dd0b0eb43dba3d5039e628ede04 ced8d8ef21f84d89b888dadb249dce35 - - default default] GET http://cinder-api.openstack.svc.cluster.local:8776/v3/ced8d8ef21f84d89b888dadb249dce35/os-quota-sets/486bdefc56f4464098689d31260dc4ca?usage=true
2026-05-10 02:01:48.212 7 INFO cinder.api.openstack.wsgi [None req-7e5c4b18-f53c-484b-8254-3f6a4396c6a3 ae447dd0b0eb43dba3d5039e628ede04 ced8d8ef21f84d89b888dadb249dce35 - - default default] http://cinder-api.openstack.svc.cluster.local:8776/v3/ced8d8ef21f84d89b888dadb249dce35/os-quota-sets/486bdefc56f4464098689d31260dc4ca?usage=true returned with HTTP 200 [pid: 7|app: 0|req: 400/797] 10.0.0.132 () {28 vars in 736 bytes} [Sun May 10 02:01:48 2026] GET /v3/ced8d8ef21f84d89b888dadb249dce35/os-quota-sets/486bdefc56f4464098689d31260dc4ca?usage=true => generated 847 bytes in 55 msecs (HTTP/1.1 200) 7 headers in 285 bytes (1 switches on core 0)
2026-05-10 02:01:48.224 8 INFO cinder.api.openstack.wsgi [None req-2e5d4c69-b826-4ecf-abb3-dc7a5cf13141 ae447dd0b0eb43dba3d5039e628ede04 ced8d8ef21f84d89b888dadb249dce35 - - default default] GET http://cinder-api.openstack.svc.cluster.local:8776/v3/ced8d8ef21f84d89b888dadb249dce35/os-quota-sets/69976b26dee247a98a7a4389da5c4e4d?usage=true
2026-05-10 02:01:48.241 8 INFO cinder.api.openstack.wsgi [None req-2e5d4c69-b826-4ecf-abb3-dc7a5cf13141 ae447dd0b0eb43dba3d5039e628ede04 ced8d8ef21f84d89b888dadb249dce35 - - default default] http://cinder-api.openstack.svc.cluster.local:8776/v3/ced8d8ef21f84d89b888dadb249dce35/os-quota-sets/69976b26dee247a98a7a4389da5c4e4d?usage=true returned with HTTP 200 [pid: 8|app: 0|req: 398/798] 10.0.0.132 () {28 vars in 736 bytes} [Sun May 10 02:01:48 2026] GET /v3/ced8d8ef21f84d89b888dadb249dce35/os-quota-sets/69976b26dee247a98a7a4389da5c4e4d?usage=true => generated 847 bytes in 26 msecs (HTTP/1.1 200) 7 headers in 285 bytes (1 switches on core 0)
2026-05-10 02:01:48.255 7 INFO cinder.api.openstack.wsgi [None req-4cc653e4-355c-4b14-82eb-a8f5ca04b181 ae447dd0b0eb43dba3d5039e628ede04 ced8d8ef21f84d89b888dadb249dce35 - - default default] GET http://cinder-api.openstack.svc.cluster.local:8776/v3/ced8d8ef21f84d89b888dadb249dce35/os-quota-sets/ab5bcb7a57e248b7a0a0863e6ce5f58d?usage=true
2026-05-10 02:01:48.288 7 INFO cinder.api.openstack.wsgi [None req-4cc653e4-355c-4b14-82eb-a8f5ca04b181 ae447dd0b0eb43dba3d5039e628ede04 ced8d8ef21f84d89b888dadb249dce35 - - default default] http://cinder-api.openstack.svc.cluster.local:8776/v3/ced8d8ef21f84d89b888dadb249dce35/os-quota-sets/ab5bcb7a57e248b7a0a0863e6ce5f58d?usage=true returned with HTTP 200 [pid: 7|app: 0|req: 401/799] 10.0.0.132 () {28 vars in 736 bytes} [Sun May 10 02:01:48 2026] GET /v3/ced8d8ef21f84d89b888dadb249dce35/os-quota-sets/ab5bcb7a57e248b7a0a0863e6ce5f58d?usage=true => generated 847 bytes in 43 msecs (HTTP/1.1 200) 7 headers in 285 bytes (1 switches on core 0)
2026-05-10 02:01:48.303 8 INFO cinder.api.openstack.wsgi [None req-a2c5a686-ed01-4eac-aadf-be1bdb14ac1e ae447dd0b0eb43dba3d5039e628ede04 ced8d8ef21f84d89b888dadb249dce35 - - default default] GET http://cinder-api.openstack.svc.cluster.local:8776/v3/ced8d8ef21f84d89b888dadb249dce35/os-quota-sets/ccc99c3163c34c8a9adad14b896e3277?usage=true
2026-05-10 02:01:48.335 8 INFO cinder.api.openstack.wsgi [None req-a2c5a686-ed01-4eac-aadf-be1bdb14ac1e ae447dd0b0eb43dba3d5039e628ede04 ced8d8ef21f84d89b888dadb249dce35 - - default default] http://cinder-api.openstack.svc.cluster.local:8776/v3/ced8d8ef21f84d89b888dadb249dce35/os-quota-sets/ccc99c3163c34c8a9adad14b896e3277?usage=true returned with HTTP 200 [pid: 8|app: 0|req: 399/800] 10.0.0.132 () {28 vars in 736 bytes} [Sun May 10 02:01:48 2026] GET /v3/ced8d8ef21f84d89b888dadb249dce35/os-quota-sets/ccc99c3163c34c8a9adad14b896e3277?usage=true => generated 847 bytes in 38 msecs (HTTP/1.1 200) 7 headers in 285 bytes (1 switches on core 0)
2026-05-10 02:01:48.346 7 INFO cinder.api.openstack.wsgi [None req-4ef1aaf9-61c1-40f1-9388-a03ca8163c76 ae447dd0b0eb43dba3d5039e628ede04 ced8d8ef21f84d89b888dadb249dce35 - - default default] GET http://cinder-api.openstack.svc.cluster.local:8776/v3/ced8d8ef21f84d89b888dadb249dce35/os-quota-sets/ced8d8ef21f84d89b888dadb249dce35?usage=true
2026-05-10 02:01:48.375 7 INFO cinder.api.openstack.wsgi [None req-4ef1aaf9-61c1-40f1-9388-a03ca8163c76 ae447dd0b0eb43dba3d5039e628ede04 ced8d8ef21f84d89b888dadb249dce35 - - default default] http://cinder-api.openstack.svc.cluster.local:8776/v3/ced8d8ef21f84d89b888dadb249dce35/os-quota-sets/ced8d8ef21f84d89b888dadb249dce35?usage=true returned with HTTP 200 [pid: 7|app: 0|req: 402/801] 10.0.0.132 () {28 vars in 736 bytes} [Sun May 10 02:01:48 2026] GET /v3/ced8d8ef21f84d89b888dadb249dce35/os-quota-sets/ced8d8ef21f84d89b888dadb249dce35?usage=true => generated 845 bytes in 36 msecs (HTTP/1.1 200) 7 headers in 285 bytes (1 switches on core 0)
2026-05-10 02:01:48.396 8 INFO cinder.api.openstack.wsgi [None req-acb62f12-3c02-4b9f-bcc9-2192af708d77 ae447dd0b0eb43dba3d5039e628ede04 ced8d8ef21f84d89b888dadb249dce35 - - default default] GET http://cinder-api.openstack.svc.cluster.local:8776/v3/ced8d8ef21f84d89b888dadb249dce35/os-quota-sets/d0789779827241a6a652960d89312f4e?usage=true
2026-05-10 02:01:48.430 8 INFO cinder.api.openstack.wsgi [None req-acb62f12-3c02-4b9f-bcc9-2192af708d77 ae447dd0b0eb43dba3d5039e628ede04 ced8d8ef21f84d89b888dadb249dce35 - - default default] http://cinder-api.openstack.svc.cluster.local:8776/v3/ced8d8ef21f84d89b888dadb249dce35/os-quota-sets/d0789779827241a6a652960d89312f4e?usage=true returned with HTTP 200 [pid: 8|app: 0|req: 400/802] 10.0.0.132 () {28 vars in 736 bytes} [Sun May 10 02:01:48 2026] GET /v3/ced8d8ef21f84d89b888dadb249dce35/os-quota-sets/d0789779827241a6a652960d89312f4e?usage=true => generated 847 bytes in 51 msecs (HTTP/1.1 200) 7 headers in 285 bytes (1 switches on core 0)
2026-05-10 02:01:48.444 7 INFO cinder.api.openstack.wsgi [None req-3eb23fe8-50f1-429e-87e2-3f2b0b605183 ae447dd0b0eb43dba3d5039e628ede04 ced8d8ef21f84d89b888dadb249dce35 - - default default] GET http://cinder-api.openstack.svc.cluster.local:8776/v3/ced8d8ef21f84d89b888dadb249dce35/os-quota-sets/f5f66e6aac4a44cd957ab9cca187be7d?usage=true
2026-05-10 02:01:48.472 7 INFO cinder.api.openstack.wsgi [None req-3eb23fe8-50f1-429e-87e2-3f2b0b605183 ae447dd0b0eb43dba3d5039e628ede04 ced8d8ef21f84d89b888dadb249dce35 - - default default] http://cinder-api.openstack.svc.cluster.local:8776/v3/ced8d8ef21f84d89b888dadb249dce35/os-quota-sets/f5f66e6aac4a44cd957ab9cca187be7d?usage=true returned with HTTP 200 [pid: 7|app: 0|req: 403/803] 10.0.0.132 () {28 vars in 736 bytes} [Sun May 10 02:01:48 2026] GET /v3/ced8d8ef21f84d89b888dadb249dce35/os-quota-sets/f5f66e6aac4a44cd957ab9cca187be7d?usage=true => generated 845 bytes in 35 msecs (HTTP/1.1 200) 7 headers in 285 bytes (1 switches on core 0)
2026-05-10 02:01:48.480 8 INFO cinder.api.openstack.wsgi [None req-ac46666b-b217-4e86-85da-74d05bb349b6 ae447dd0b0eb43dba3d5039e628ede04 ced8d8ef21f84d89b888dadb249dce35 - - default default] GET http://cinder-api.openstack.svc.cluster.local:8776/v3/ced8d8ef21f84d89b888dadb249dce35/volumes/detail?all_tenants=true
2026-05-10 02:01:48.493 8 INFO cinder.volume.api [None req-ac46666b-b217-4e86-85da-74d05bb349b6 ae447dd0b0eb43dba3d5039e628ede04 ced8d8ef21f84d89b888dadb249dce35 - - default default] Get all volumes completed successfully.
2026-05-10 02:01:48.496 8 INFO cinder.api.openstack.wsgi [None req-ac46666b-b217-4e86-85da-74d05bb349b6 ae447dd0b0eb43dba3d5039e628ede04 ced8d8ef21f84d89b888dadb249dce35 - - default default] http://cinder-api.openstack.svc.cluster.local:8776/v3/ced8d8ef21f84d89b888dadb249dce35/volumes/detail?all_tenants=true returned with HTTP 200 [pid: 8|app: 0|req: 401/804] 10.0.0.132 () {28 vars in 684 bytes} [Sun May 10 02:01:48 2026] GET /v3/ced8d8ef21f84d89b888dadb249dce35/volumes/detail?all_tenants=true => generated 15 bytes in 21 msecs (HTTP/1.1 200) 7 headers in 284 bytes (1 switches on core 0)
2026-05-10 02:01:49.291 7 INFO cinder.api.openstack.wsgi [None req-c8cde5fe-1dad-4b42-9176-9e29b6d68f74 b9b0f4c220df4410bd2dbf1ae924e260 d0789779827241a6a652960d89312f4e - - default default] POST http://cinder-api.openstack.svc.cluster.local:8776/v3/d0789779827241a6a652960d89312f4e/volumes
2026-05-10 02:01:49.294 7 INFO cinder.api.v3.volumes [None req-c8cde5fe-1dad-4b42-9176-9e29b6d68f74 b9b0f4c220df4410bd2dbf1ae924e260 d0789779827241a6a652960d89312f4e - - default default] Create volume of 1 GB
2026-05-10 02:01:49.299 7 INFO cinder.volume.api [None req-c8cde5fe-1dad-4b42-9176-9e29b6d68f74 b9b0f4c220df4410bd2dbf1ae924e260 d0789779827241a6a652960d89312f4e - - default default] Availability Zones retrieved successfully.
2026-05-10 02:01:49.449 7 INFO cinder.volume.api [None req-c8cde5fe-1dad-4b42-9176-9e29b6d68f74 b9b0f4c220df4410bd2dbf1ae924e260 d0789779827241a6a652960d89312f4e - - default default] Create volume request issued successfully.
2026-05-10 02:01:49.450 7 INFO cinder.api.openstack.wsgi [None req-c8cde5fe-1dad-4b42-9176-9e29b6d68f74 b9b0f4c220df4410bd2dbf1ae924e260 d0789779827241a6a652960d89312f4e - - default default] http://cinder-api.openstack.svc.cluster.local:8776/v3/d0789779827241a6a652960d89312f4e/volumes returned with HTTP 202 /var/lib/openstack/lib/python3.12/site-packages/pycadf/timestamp.py:28: DeprecationWarning: datetime.datetime.utcnow() is deprecated and scheduled for removal in a future version. Use timezone-aware objects to represent datetimes in UTC: datetime.datetime.now(datetime.UTC). utc_datetime = pytz.utc.localize(datetime.datetime.utcnow()) [pid: 7|app: 0|req: 404/805] 10.0.0.1 () {34 vars in 720 bytes} [Sun May 10 02:01:49 2026] POST /v3/d0789779827241a6a652960d89312f4e/volumes => generated 861 bytes in 362 msecs (HTTP/1.1 202) 7 headers in 291 bytes (1 switches on core 0)
2026-05-10 02:01:49.470 8 INFO cinder.api.openstack.wsgi [None req-59b30373-d9a5-4d12-b18c-8b32961e72e6 b9b0f4c220df4410bd2dbf1ae924e260 d0789779827241a6a652960d89312f4e - - default default] GET http://cinder-api.openstack.svc.cluster.local:8776/v3/d0789779827241a6a652960d89312f4e/volumes/21aa2d72-a65d-4f89-ba40-dd026726e41c /var/lib/openstack/lib/python3.12/site-packages/oslo_context/context.py:100: DeprecationWarning: Policy enforcement is depending on the value of is_admin. This key is deprecated. Please update your policy file to use the standard policy values. warnings.warn('Policy enforcement is depending on the value of '
2026-05-10 02:01:49.487 8 INFO cinder.volume.api [None req-59b30373-d9a5-4d12-b18c-8b32961e72e6 b9b0f4c220df4410bd2dbf1ae924e260 d0789779827241a6a652960d89312f4e - - default default] Volume info retrieved successfully.
2026-05-10 02:01:49.493 8 INFO cinder.api.openstack.wsgi [None req-59b30373-d9a5-4d12-b18c-8b32961e72e6 b9b0f4c220df4410bd2dbf1ae924e260 d0789779827241a6a652960d89312f4e - - default default] http://cinder-api.openstack.svc.cluster.local:8776/v3/d0789779827241a6a652960d89312f4e/volumes/21aa2d72-a65d-4f89-ba40-dd026726e41c returned with HTTP 200 /var/lib/openstack/lib/python3.12/site-packages/pycadf/timestamp.py:28: DeprecationWarning: datetime.datetime.utcnow() is deprecated and scheduled for removal in a future version. Use timezone-aware objects to represent datetimes in UTC: datetime.datetime.now(datetime.UTC). utc_datetime = pytz.utc.localize(datetime.datetime.utcnow()) [pid: 8|app: 0|req: 402/806] 10.0.0.1 () {32 vars in 773 bytes} [Sun May 10 02:01:49 2026] GET /v3/d0789779827241a6a652960d89312f4e/volumes/21aa2d72-a65d-4f89-ba40-dd026726e41c => generated 929 bytes in 31 msecs (HTTP/1.1 200) 7 headers in 285 bytes (1 switches on core 0) /var/lib/openstack/lib/python3.12/site-packages/pycadf/identifier.py:71: UserWarning: Invalid uuid: cinderv3. To ensure interoperability, identifiers should be a valid uuid. warnings.warn(('Invalid uuid: %s. To ensure interoperability, '
2026-05-10 02:01:50.514 7 INFO cinder.api.openstack.wsgi [None req-b08cb388-6ba7-4630-85cc-2f4be32b861d b9b0f4c220df4410bd2dbf1ae924e260 d0789779827241a6a652960d89312f4e - - default default] GET http://cinder-api.openstack.svc.cluster.local:8776/v3/d0789779827241a6a652960d89312f4e/volumes/21aa2d72-a65d-4f89-ba40-dd026726e41c /var/lib/openstack/lib/python3.12/site-packages/oslo_context/context.py:100: DeprecationWarning: Policy enforcement is depending on the value of is_admin. This key is deprecated. Please update your policy file to use the standard policy values. warnings.warn('Policy enforcement is depending on the value of '
2026-05-10 02:01:50.525 7 INFO cinder.volume.api [None req-b08cb388-6ba7-4630-85cc-2f4be32b861d b9b0f4c220df4410bd2dbf1ae924e260 d0789779827241a6a652960d89312f4e - - default default] Volume info retrieved successfully.
2026-05-10 02:01:50.531 7 INFO cinder.api.openstack.wsgi [None req-b08cb388-6ba7-4630-85cc-2f4be32b861d b9b0f4c220df4410bd2dbf1ae924e260 d0789779827241a6a652960d89312f4e - - default default] http://cinder-api.openstack.svc.cluster.local:8776/v3/d0789779827241a6a652960d89312f4e/volumes/21aa2d72-a65d-4f89-ba40-dd026726e41c returned with HTTP 200 /var/lib/openstack/lib/python3.12/site-packages/pycadf/timestamp.py:28: DeprecationWarning: datetime.datetime.utcnow() is deprecated and scheduled for removal in a future version. Use timezone-aware objects to represent datetimes in UTC: datetime.datetime.now(datetime.UTC). utc_datetime = pytz.utc.localize(datetime.datetime.utcnow()) [pid: 7|app: 0|req: 405/807] 10.0.0.1 () {32 vars in 773 bytes} [Sun May 10 02:01:50 2026] GET /v3/d0789779827241a6a652960d89312f4e/volumes/21aa2d72-a65d-4f89-ba40-dd026726e41c => generated 954 bytes in 22 msecs (HTTP/1.1 200) 7 headers in 285 bytes (1 switches on core 0)
2026-05-10 02:01:55.586 7 INFO cinder.api.openstack.wsgi [None req-b08cb388-6ba7-4630-85cc-2f4be32b861d b9b0f4c220df4410bd2dbf1ae924e260 d0789779827241a6a652960d89312f4e - - default default] GET http://10.0.0.96:8776/
2026-05-10 02:01:55.586 8 INFO cinder.api.openstack.wsgi [None req-59b30373-d9a5-4d12-b18c-8b32961e72e6 b9b0f4c220df4410bd2dbf1ae924e260 d0789779827241a6a652960d89312f4e - - default default] GET http://10.0.0.96:8776/
