Apr 20 17:24:58.905151 np0000168427 devstack@neutron-api.service[104601]: DEBUG neutron_lib.callbacks.manager [None req-61efce96-9531-4300-9aba-d687babaf121 None None] Subscribe: subnet after_update 55550000, False {{(pid=104601) subscribe /opt/stack/data/venv/lib/python3.12/site-packages/neutron_lib/callbacks/manager.py:52}}
Apr 20 17:24:58.905151 np0000168427 devstack@neutron-api.service[104601]: DEBUG neutron_lib.callbacks.manager [None req-61efce96-9531-4300-9aba-d687babaf121 None None] Subscribe: subnetpool_address_scope after_update 55550000, False {{(pid=104601) subscribe /opt/stack/data/venv/lib/python3.12/site-packages/neutron_lib/callbacks/manager.py:52}}
Apr 20 17:24:58.905151 np0000168427 devstack@neutron-api.service[104601]: DEBUG neutron_lib.callbacks.manager [None req-61efce96-9531-4300-9aba-d687babaf121 None None] Subscribe: port before_update 55550000, False {{(pid=104601) subscribe /opt/stack/data/venv/lib/python3.12/site-packages/neutron_lib/callbacks/manager.py:52}}
Apr 20 17:24:58.905579 np0000168427 devstack@neutron-api.service[104602]: DEBUG neutron.api.extensions [None req-8ff43386-dc70-4812-8bbf-dd41f9749d06 None None] Ext name="DNS Integration" alias="dns-integration" description="Provides integration with DNS." updated="2015-08-15T18:00:00-00:00" {{(pid=104602) _check_extension /opt/stack/neutron/neutron/api/extensions.py:415}}
Apr 20 17:24:58.905772 np0000168427 devstack@neutron-api.service[104601]: DEBUG neutron_lib.callbacks.manager [None req-61efce96-9531-4300-9aba-d687babaf121 None None] Subscribe: port after_update 55550000, False {{(pid=104601) subscribe /opt/stack/data/venv/lib/python3.12/site-packages/neutron_lib/callbacks/manager.py:52}}
Apr 20 17:24:58.905772 np0000168427 devstack@neutron-api.service[104601]: DEBUG neutron_lib.callbacks.manager [None req-61efce96-9531-4300-9aba-d687babaf121 None None] Subscribe: > port precommit_delete 55550000, False {{(pid=104601) subscribe /opt/stack/data/venv/lib/python3.12/site-packages/neutron_lib/callbacks/manager.py:52}}
Apr 20 17:24:58.906088 np0000168427 devstack@neutron-api.service[104602]: INFO neutron.api.extensions [None req-8ff43386-dc70-4812-8bbf-dd41f9749d06 None None] Loaded extension: dns-integration
Apr 20 17:24:58.906368 np0000168427 devstack@neutron-api.service[104601]: DEBUG neutron_lib.callbacks.manager [None req-61efce96-9531-4300-9aba-d687babaf121 None None] Subscribe: port before_update 55550000, False {{(pid=104601) subscribe /opt/stack/data/venv/lib/python3.12/site-packages/neutron_lib/callbacks/manager.py:52}}
Apr 20 17:24:58.906709 np0000168427 devstack@neutron-api.service[104602]: DEBUG neutron.api.extensions [None req-8ff43386-dc70-4812-8bbf-dd41f9749d06 None None] Loading extension file: dns_domain_ports.py {{(pid=104602) _load_all_extensions_from_path /opt/stack/neutron/neutron/api/extensions.py:449}}
Apr 20 17:24:58.906993 np0000168427 devstack@neutron-api.service[104601]: DEBUG neutron_lib.callbacks.manager [None req-61efce96-9531-4300-9aba-d687babaf121 None None] Subscribe: port before_delete 55550000, False {{(pid=104601) subscribe /opt/stack/data/venv/lib/python3.12/site-packages/neutron_lib/callbacks/manager.py:52}}
Apr 20 17:24:58.906993 np0000168427 devstack@neutron-api.service[104601]: DEBUG neutron_lib.callbacks.manager [None req-61efce96-9531-4300-9aba-d687babaf121 None None] Subscribe: > router precommit_create 55550000, False {{(pid=104601) subscribe /opt/stack/data/venv/lib/python3.12/site-packages/neutron_lib/callbacks/manager.py:52}}
Apr 20 17:24:58.906993 np0000168427 devstack@neutron-api.service[104601]: DEBUG neutron_lib.callbacks.manager [None req-61efce96-9531-4300-9aba-d687babaf121 None None] Subscribe: > router precommit_create 55550000, False {{(pid=104601) subscribe /opt/stack/data/venv/lib/python3.12/site-packages/neutron_lib/callbacks/manager.py:52}}
Apr 20 17:24:58.906993 np0000168427 devstack@neutron-api.service[104601]: DEBUG neutron_lib.callbacks.manager [None req-61efce96-9531-4300-9aba-d687babaf121 None None] Subscribe: > router precommit_update 55550000, False {{(pid=104601) subscribe /opt/stack/data/venv/lib/python3.12/site-packages/neutron_lib/callbacks/manager.py:52}}
Apr 20 17:24:58.907819 np0000168427 devstack@neutron-api.service[104602]: DEBUG neutron.api.extensions [None req-8ff43386-dc70-4812-8bbf-dd41f9749d06 None None] Ext name="dns_domain for ports" alias="dns-domain-ports" description="Allows the DNS domain to be specified for a network port." updated="2017-04-24T10:00:00-00:00" {{(pid=104602) _check_extension /opt/stack/neutron/neutron/api/extensions.py:415}}
Apr 20 17:24:58.908086 np0000168427 devstack@neutron-api.service[104601]: DEBUG neutron_lib.callbacks.manager [None req-61efce96-9531-4300-9aba-d687babaf121 None None] Subscribe: subnet after_update 55550000, False {{(pid=104601) subscribe /opt/stack/data/venv/lib/python3.12/site-packages/neutron_lib/callbacks/manager.py:52}}
Apr 20 17:24:58.908342 np0000168427 devstack@neutron-api.service[104602]: INFO neutron.api.extensions [None req-8ff43386-dc70-4812-8bbf-dd41f9749d06 None None] Loaded extension: dns-domain-ports
Apr 20 17:24:58.908342 np0000168427 devstack@neutron-api.service[104602]: DEBUG neutron.api.extensions [None req-8ff43386-dc70-4812-8bbf-dd41f9749d06 None None] Loading extension file: dns_integration_domain_keywords.py {{(pid=104602) _load_all_extensions_from_path /opt/stack/neutron/neutron/api/extensions.py:449}}
Apr 20 17:24:58.908342 np0000168427 devstack@neutron-api.service[104602]: DEBUG neutron.api.extensions [None req-8ff43386-dc70-4812-8bbf-dd41f9749d06 None None] Ext name="DNS domain names with keywords allowed" alias="dns-integration-domain-keywords" description="Allows to use keywords like , , and as DNS domain name" updated="2020-06-15T18:00:00-00:00" {{(pid=104602) _check_extension /opt/stack/neutron/neutron/api/extensions.py:415}}
Apr 20 17:24:58.908646 np0000168427 devstack@neutron-api.service[104601]: DEBUG neutron.quota.resource_registry [None req-61efce96-9531-4300-9aba-d687babaf121 None None] Tracking information for resource: router configured {{(pid=104601) set_tracked_resource /opt/stack/neutron/neutron/quota/resource_registry.py:203}}
Apr 20 17:24:58.908646 np0000168427 devstack@neutron-api.service[104601]: DEBUG neutron.quota.resource_registry [None req-61efce96-9531-4300-9aba-d687babaf121 None None] Tracking information for resource: floatingip configured {{(pid=104601) set_tracked_resource /opt/stack/neutron/neutron/quota/resource_registry.py:203}}
Apr 20 17:24:58.908646 np0000168427 devstack@neutron-api.service[104601]: INFO neutron.services.ovn_l3.plugin [None req-61efce96-9531-4300-9aba-d687babaf121 None None] Starting OVNL3RouterPlugin
Apr 20 17:24:58.908835 np0000168427 devstack@neutron-api.service[104602]: INFO neutron.api.extensions [None req-8ff43386-dc70-4812-8bbf-dd41f9749d06 None None] Loaded extension: dns-integration-domain-keywords
Apr 20 17:24:58.908835 np0000168427 devstack@neutron-api.service[104602]: DEBUG neutron.api.extensions [None req-8ff43386-dc70-4812-8bbf-dd41f9749d06 None None] Loading extension file: dvr.py {{(pid=104602) _load_all_extensions_from_path /opt/stack/neutron/neutron/api/extensions.py:449}}
Apr 20 17:24:58.908990 np0000168427 devstack@neutron-api.service[104601]: DEBUG neutron_lib.callbacks.manager [None req-61efce96-9531-4300-9aba-d687babaf121 None None] Subscribe: > port_forwarding_plugin after_init 55550000, False {{(pid=104601) subscribe /opt/stack/data/venv/lib/python3.12/site-packages/neutron_lib/callbacks/manager.py:52}}
Apr 20 17:24:58.908990 np0000168427 devstack@neutron-api.service[104601]: DEBUG neutron_lib.callbacks.manager [None req-61efce96-9531-4300-9aba-d687babaf121 None None] Subscribe: > router before_create 55550100, False {{(pid=104601) subscribe /opt/stack/data/venv/lib/python3.12/site-packages/neutron_lib/callbacks/manager.py:52}}
Apr 20 17:24:58.909156 np0000168427 devstack@neutron-api.service[104602]: DEBUG neutron.api.extensions [None req-8ff43386-dc70-4812-8bbf-dd41f9749d06 None None] Ext name="Distributed Virtual Router" alias="dvr" description="Enables configuration of Distributed Virtual Routers." updated="2014-06-1T10:00:00-00:00" {{(pid=104602) _check_extension /opt/stack/neutron/neutron/api/extensions.py:415}}
Apr 20 17:24:58.909278 np0000168427 devstack@neutron-api.service[104601]: DEBUG neutron_lib.callbacks.manager [None req-61efce96-9531-4300-9aba-d687babaf121 None None] Subscribe: > router precommit_delete 55550100, False {{(pid=104601) subscribe /opt/stack/data/venv/lib/python3.12/site-packages/neutron_lib/callbacks/manager.py:52}}
Apr 20 17:24:58.909278 np0000168427 devstack@neutron-api.service[104601]: DEBUG neutron_lib.callbacks.manager [None req-61efce96-9531-4300-9aba-d687babaf121 None None] Subscribe: > router precommit_create 55550100, False {{(pid=104601) subscribe /opt/stack/data/venv/lib/python3.12/site-packages/neutron_lib/callbacks/manager.py:52}}
Apr 20 17:24:58.909364 np0000168427 devstack@neutron-api.service[104602]: INFO neutron.api.extensions [None req-8ff43386-dc70-4812-8bbf-dd41f9749d06 None None] Extension dvr not supported by any of loaded plugins
Apr 20 17:24:58.909506 np0000168427 devstack@neutron-api.service[104601]: DEBUG neutron_lib.callbacks.manager [None req-61efce96-9531-4300-9aba-d687babaf121 None None] Subscribe: > router precommit_update 55550100, False {{(pid=104601) subscribe /opt/stack/data/venv/lib/python3.12/site-packages/neutron_lib/callbacks/manager.py:52}}
Apr 20 17:24:58.909591 np0000168427 devstack@neutron-api.service[104602]: DEBUG neutron.api.extensions [None req-8ff43386-dc70-4812-8bbf-dd41f9749d06 None None] Loading extension file: ecmp_routes.py {{(pid=104602) _load_all_extensions_from_path /opt/stack/neutron/neutron/api/extensions.py:449}}
Apr 20 17:24:58.909591 np0000168427 devstack@neutron-api.service[104602]: DEBUG neutron.api.extensions [None req-8ff43386-dc70-4812-8bbf-dd41f9749d06 None None] Ext name="Equal Cost Multipath Routing" alias="ecmp_routes" description="Allows traffic to reach thesame destination via multiple different links " updated="2020-11-26T18:00:00-00:00" {{(pid=104602) _check_extension /opt/stack/neutron/neutron/api/extensions.py:415}}
Apr 20 17:24:58.909591 np0000168427 devstack@neutron-api.service[104602]: INFO neutron.api.extensions [None req-8ff43386-dc70-4812-8bbf-dd41f9749d06 None None] Extension ecmp_routes not supported by any of loaded plugins
Apr 20 17:24:58.909591 np0000168427 devstack@neutron-api.service[104602]: DEBUG neutron.api.extensions [None req-8ff43386-dc70-4812-8bbf-dd41f9749d06 None None] Loading extension file: empty_string_filtering.py {{(pid=104602) _load_all_extensions_from_path /opt/stack/neutron/neutron/api/extensions.py:449}}
Apr 20 17:24:58.909591 np0000168427 devstack@neutron-api.service[104602]: DEBUG neutron.api.extensions [None req-8ff43386-dc70-4812-8bbf-dd41f9749d06 None None] Ext name="Empty String Filtering Extension" alias="empty-string-filtering" description="Allow filtering by attributes with empty string value" updated="2018-05-01T10:00:00-00:00" {{(pid=104602) _check_extension /opt/stack/neutron/neutron/api/extensions.py:415}}
Apr 20 17:24:58.909591 np0000168427 devstack@neutron-api.service[104602]: INFO neutron.api.extensions [None req-8ff43386-dc70-4812-8bbf-dd41f9749d06 None None] Loaded extension: empty-string-filtering
Apr 20 17:24:58.909591 np0000168427 devstack@neutron-api.service[104602]: DEBUG neutron.api.extensions [None req-8ff43386-dc70-4812-8bbf-dd41f9749d06 None None] Loading extension file: expose_l3_conntrack_helper.py {{(pid=104602) _load_all_extensions_from_path /opt/stack/neutron/neutron/api/extensions.py:449}}
Apr 20 17:24:58.910003 np0000168427 devstack@neutron-api.service[104602]: DEBUG neutron.api.extensions [None req-8ff43386-dc70-4812-8bbf-dd41f9749d06 None None] Ext name="Expose CT target rules for conntrack helper" alias="expose-l3-conntrack-helper" description="Expose allow adding CT target rules for conntrack helper" updated="2019-04-04T10:00:00-00:00" {{(pid=104602) _check_extension /opt/stack/neutron/neutron/api/extensions.py:415}}
Apr 20 17:24:58.910003 np0000168427 devstack@neutron-api.service[104602]: INFO neutron.api.extensions [None req-8ff43386-dc70-4812-8bbf-dd41f9749d06 None None] Extension expose-l3-conntrack-helper not supported by any of loaded plugins
Apr 20 17:24:58.910003 np0000168427 devstack@neutron-api.service[104602]: DEBUG neutron.api.extensions [None req-8ff43386-dc70-4812-8bbf-dd41f9749d06 None None] Loading extension file: expose_port_forwarding_in_fip.py {{(pid=104602) _load_all_extensions_from_path /opt/stack/neutron/neutron/api/extensions.py:449}}
Apr 20 17:24:58.910003 np0000168427 devstack@neutron-api.service[104602]: DEBUG neutron.api.extensions [None req-8ff43386-dc70-4812-8bbf-dd41f9749d06 None None] Ext name="Expose Floating IP port forwardings" alias="expose-port-forwarding-in-fip" description="Expose port forwarding fields in floating IP response" updated="2018-06-28T16:00:00-00:00" {{(pid=104602) _check_extension /opt/stack/neutron/neutron/api/extensions.py:415}}
Apr 20 17:24:58.910003 np0000168427 devstack@neutron-api.service[104602]: INFO neutron.api.extensions [None req-8ff43386-dc70-4812-8bbf-dd41f9749d06 None None] Extension expose-port-forwarding-in-fip not supported by any of loaded plugins
Apr 20 17:24:58.910003 np0000168427 devstack@neutron-api.service[104602]: DEBUG neutron.api.extensions [None req-8ff43386-dc70-4812-8bbf-dd41f9749d06 None None] Loading extension file: external_net.py {{(pid=104602) _load_all_extensions_from_path /opt/stack/neutron/neutron/api/extensions.py:449}}
Apr 20 17:24:58.910361 np0000168427 devstack@neutron-api.service[104602]: DEBUG neutron.api.extensions [None req-8ff43386-dc70-4812-8bbf-dd41f9749d06 None None] Ext name="Neutron external network" alias="external-net" description="Adds external network attribute to network resource." updated="2013-01-14T10:00:00-00:00" {{(pid=104602) _check_extension /opt/stack/neutron/neutron/api/extensions.py:415}}
Apr 20 17:24:58.910361 np0000168427 devstack@neutron-api.service[104602]: INFO neutron.api.extensions [None req-8ff43386-dc70-4812-8bbf-dd41f9749d06 None None] Loaded extension: external-net
Apr 20 17:24:58.910361 np0000168427 devstack@neutron-api.service[104602]: DEBUG neutron.api.extensions [None req-8ff43386-dc70-4812-8bbf-dd41f9749d06 None None] Loading extension file: extra_dhcp_opt.py {{(pid=104602) _load_all_extensions_from_path /opt/stack/neutron/neutron/api/extensions.py:449}}
Apr 20 17:24:58.910361 np0000168427 devstack@neutron-api.service[104602]: DEBUG neutron.api.extensions [None req-8ff43386-dc70-4812-8bbf-dd41f9749d06 None None] Ext name="Neutron Extra DHCP options" alias="extra_dhcp_opt" description="Extra options configuration for DHCP. For example PXE boot options to DHCP clients can be specified (e.g. tftp-server, server-ip-address, bootfile-name)" updated="2013-03-17T12:00:00-00:00" {{(pid=104602) _check_extension /opt/stack/neutron/neutron/api/extensions.py:415}}
Apr 20 17:24:58.910636 np0000168427 devstack@neutron-api.service[104602]: INFO neutron.api.extensions [None req-8ff43386-dc70-4812-8bbf-dd41f9749d06 None None] Loaded extension: extra_dhcp_opt
Apr 20 17:24:58.910636 np0000168427 devstack@neutron-api.service[104602]: DEBUG neutron.api.extensions [None req-8ff43386-dc70-4812-8bbf-dd41f9749d06 None None] Loading extension file: extraroute.py {{(pid=104602) _load_all_extensions_from_path /opt/stack/neutron/neutron/api/extensions.py:449}}
Apr 20 17:24:58.910787 np0000168427 devstack@neutron-api.service[104601]: DEBUG neutron.services.provider_configuration [None req-61efce96-9531-4300-9aba-d687babaf121 None None] Service providers = [] {{(pid=104601) parse_service_provider_opt /opt/stack/neutron/neutron/services/provider_configuration.py:170}}
Apr 20 17:24:58.910867 np0000168427 devstack@neutron-api.service[104602]: DEBUG neutron.api.extensions [None req-8ff43386-dc70-4812-8bbf-dd41f9749d06 None None] Ext name="Neutron Extra Route" alias="extraroute" description="Extra routes configuration for L3 router" updated="2013-02-01T10:00:00-00:00" {{(pid=104602) _check_extension /opt/stack/neutron/neutron/api/extensions.py:415}}
Apr 20 17:24:58.910976 np0000168427 devstack@neutron-api.service[104601]: DEBUG neutron.db.servicetype_db [None req-61efce96-9531-4300-9aba-d687babaf121 None None] Adding provider configuration for service L3_ROUTER_NAT {{(pid=104601) add_provider_configuration /opt/stack/neutron/neutron/db/servicetype_db.py:42}}
Apr 20 17:24:58.911077 np0000168427 devstack@neutron-api.service[104602]: INFO neutron.api.extensions [None req-8ff43386-dc70-4812-8bbf-dd41f9749d06 None None] Loaded extension: extraroute
Apr 20 17:24:58.911077 np0000168427 devstack@neutron-api.service[104602]: DEBUG neutron.api.extensions [None req-8ff43386-dc70-4812-8bbf-dd41f9749d06 None None] Loading extension file: extraroute_atomic.py {{(pid=104602) _load_all_extensions_from_path /opt/stack/neutron/neutron/api/extensions.py:449}}
Apr 20 17:24:58.911235 np0000168427 devstack@neutron-api.service[104602]: DEBUG neutron.api.extensions [None req-8ff43386-dc70-4812-8bbf-dd41f9749d06 None None] Ext name="Atomically add/remove extra routes" alias="extraroute-atomic" description="Edit extra routes of a router on server side by atomically adding/removing extra routes" updated="2019-07-10T00:00:00+00:00" {{(pid=104602) _check_extension /opt/stack/neutron/neutron/api/extensions.py:415}}
Apr 20 17:24:58.911439 np0000168427 devstack@neutron-api.service[104602]: INFO neutron.api.extensions [None req-8ff43386-dc70-4812-8bbf-dd41f9749d06 None None] Loaded extension: extraroute-atomic
Apr 20 17:24:58.911507 np0000168427 devstack@neutron-api.service[104602]: DEBUG neutron.api.extensions [None req-8ff43386-dc70-4812-8bbf-dd41f9749d06 None None] Loading extension file: filter_validation.py {{(pid=104602) _load_all_extensions_from_path /opt/stack/neutron/neutron/api/extensions.py:449}}
Apr 20 17:24:58.911824 np0000168427 devstack@neutron-api.service[104602]: DEBUG neutron.api.extensions [None req-8ff43386-dc70-4812-8bbf-dd41f9749d06 None None] Ext name="Filter parameters validation" alias="filter-validation" description="Provides validation on filter parameters." updated="2018-07-04T10:00:00-00:00" {{(pid=104602) _check_extension /opt/stack/neutron/neutron/api/extensions.py:415}}
Apr 20 17:24:58.912136 np0000168427 devstack@neutron-api.service[104602]: INFO neutron.api.extensions [None req-8ff43386-dc70-4812-8bbf-dd41f9749d06 None None] Loaded extension: filter-validation
Apr 20 17:24:58.912136 np0000168427 devstack@neutron-api.service[104602]: DEBUG neutron.api.extensions [None req-8ff43386-dc70-4812-8bbf-dd41f9749d06 None None] Loading extension file: fip_pf_description.py {{(pid=104602) _load_all_extensions_from_path /opt/stack/neutron/neutron/api/extensions.py:449}}
Apr 20 17:24:58.912320 np0000168427 devstack@neutron-api.service[104601]: DEBUG neutron_lib.callbacks.manager [None req-61efce96-9531-4300-9aba-d687babaf121 None None] Subscribe: > router precommit_create 55549900, False {{(pid=104601) subscribe /opt/stack/data/venv/lib/python3.12/site-packages/neutron_lib/callbacks/manager.py:52}}
Apr 20 17:24:58.912529 np0000168427 devstack@neutron-api.service[104602]: DEBUG neutron.api.extensions [None req-8ff43386-dc70-4812-8bbf-dd41f9749d06 None None] Ext name="Floating IP Port Forwarding new attribute description" alias="floating-ip-port-forwarding-description" description="Add a description field to Port Forwarding rules" updated="2019-11-01T10:00:00-00:00" {{(pid=104602) _check_extension /opt/stack/neutron/neutron/api/extensions.py:415}}
Apr 20 17:24:58.912639 np0000168427 devstack@neutron-api.service[104601]: DEBUG neutron_lib.callbacks.manager [None req-61efce96-9531-4300-9aba-d687babaf121 None None] Subscribe: > router_interface after_create 55550000, False {{(pid=104601) subscribe /opt/stack/data/venv/lib/python3.12/site-packages/neutron_lib/callbacks/manager.py:52}}
Apr 20 17:24:58.912799 np0000168427 devstack@neutron-api.service[104602]: INFO neutron.api.extensions [None req-8ff43386-dc70-4812-8bbf-dd41f9749d06 None None] Extension floating-ip-port-forwarding-description not supported by any of loaded plugins
Apr 20 17:24:58.912904 np0000168427 devstack@neutron-api.service[104601]: DEBUG neutron_lib.callbacks.manager [None req-61efce96-9531-4300-9aba-d687babaf121 None None] Subscribe: > floatingip after_create 55550000, False {{(pid=104601) subscribe /opt/stack/data/venv/lib/python3.12/site-packages/neutron_lib/callbacks/manager.py:52}}
Apr 20 17:24:58.913032 np0000168427 devstack@neutron-api.service[104602]: DEBUG neutron.api.extensions [None req-8ff43386-dc70-4812-8bbf-dd41f9749d06 None None] Loading extension file: fip_pf_detail.py {{(pid=104602) _load_all_extensions_from_path /opt/stack/neutron/neutron/api/extensions.py:449}}
Apr 20 17:24:58.913176 np0000168427 devstack@neutron-api.service[104601]: DEBUG neutron_lib.callbacks.manager [None req-61efce96-9531-4300-9aba-d687babaf121 None None] Subscribe: > floatingip precommit_create 55550000, False {{(pid=104601) subscribe /opt/stack/data/venv/lib/python3.12/site-packages/neutron_lib/callbacks/manager.py:52}}
Apr 20 17:24:58.913176 np0000168427 devstack@neutron-api.service[104601]: DEBUG neutron_lib.callbacks.manager [None req-61efce96-9531-4300-9aba-d687babaf121 None None] Subscribe: > floatingip precommit_update 55550000, False {{(pid=104601) subscribe /opt/stack/data/venv/lib/python3.12/site-packages/neutron_lib/callbacks/manager.py:52}}
Apr 20 17:24:58.913391 np0000168427 devstack@neutron-api.service[104602]: DEBUG neutron.api.extensions [None req-8ff43386-dc70-4812-8bbf-dd41f9749d06 None None] Ext name="Floating IP port forwarding detail" alias="floating-ip-port-forwarding-detail" description="Allow list floating ip return more port forwarding data, include'id' and 'internal_port_id'" updated="2022-05-06T10:00:00-00:00" {{(pid=104602) _check_extension /opt/stack/neutron/neutron/api/extensions.py:415}}
Apr 20 17:24:58.913570 np0000168427 devstack@neutron-api.service[104601]: DEBUG neutron_lib.callbacks.manager [None req-61efce96-9531-4300-9aba-d687babaf121 None None] Subscribe: > floatingip after_delete 55550000, False {{(pid=104601) subscribe /opt/stack/data/venv/lib/python3.12/site-packages/neutron_lib/callbacks/manager.py:52}}
Apr 20 17:24:58.913570 np0000168427 devstack@neutron-api.service[104601]: DEBUG neutron_lib.callbacks.manager [None req-61efce96-9531-4300-9aba-d687babaf121 None None] Subscribe: > floatingip after_status_update 55550000, False {{(pid=104601) subscribe /opt/stack/data/venv/lib/python3.12/site-packages/neutron_lib/callbacks/manager.py:52}}
Apr 20 17:24:58.913673 np0000168427 devstack@neutron-api.service[104602]: INFO neutron.api.extensions [None req-8ff43386-dc70-4812-8bbf-dd41f9749d06 None None] Loaded extension: floating-ip-port-forwarding-detail
Apr 20 17:24:58.913835 np0000168427 devstack@neutron-api.service[104601]: DEBUG neutron_lib.callbacks.manager [None req-61efce96-9531-4300-9aba-d687babaf121 None None] Subscribe: > floatingip after_update 55550000, False {{(pid=104601) subscribe /opt/stack/data/venv/lib/python3.12/site-packages/neutron_lib/callbacks/manager.py:52}}
Apr 20 17:24:58.913986 np0000168427 devstack@neutron-api.service[104602]: DEBUG neutron.api.extensions [None req-8ff43386-dc70-4812-8bbf-dd41f9749d06 None None] Loading extension file: fip_pf_port_range.py {{(pid=104602) _load_all_extensions_from_path /opt/stack/neutron/neutron/api/extensions.py:449}}
Apr 20 17:24:58.914138 np0000168427 devstack@neutron-api.service[104601]: DEBUG neutron_lib.callbacks.manager [None req-61efce96-9531-4300-9aba-d687babaf121 None None] Subscribe: > port_forwarding after_create 55550000, False {{(pid=104601) subscribe /opt/stack/data/venv/lib/python3.12/site-packages/neutron_lib/callbacks/manager.py:52}}
Apr 20 17:24:58.914138 np0000168427 devstack@neutron-api.service[104601]: DEBUG neutron_lib.callbacks.manager [None req-61efce96-9531-4300-9aba-d687babaf121 None None] Subscribe: > router_interface after_delete 55550000, False {{(pid=104601) subscribe /opt/stack/data/venv/lib/python3.12/site-packages/neutron_lib/callbacks/manager.py:52}}
Apr 20 17:24:58.914413 np0000168427 devstack@neutron-api.service[104602]: DEBUG neutron.api.extensions [None req-8ff43386-dc70-4812-8bbf-dd41f9749d06 None None] Ext name="Floating IP Port Forwarding support port ranges" alias="floating-ip-port-forwarding-port-ranges" description="Add support to port ranges" updated="2020-07-01T10:00:00-00:00" {{(pid=104602) _check_extension /opt/stack/neutron/neutron/api/extensions.py:415}}
Apr 20 17:24:58.914564 np0000168427 devstack@neutron-api.service[104601]: DEBUG neutron_lib.callbacks.manager [None req-61efce96-9531-4300-9aba-d687babaf121 None None] Subscribe: > router after_create 55550000, False {{(pid=104601) subscribe /opt/stack/data/venv/lib/python3.12/site-packages/neutron_lib/callbacks/manager.py:52}}
Apr 20 17:24:58.914682 np0000168427 devstack@neutron-api.service[104603]: DEBUG neutron_lib.callbacks.manager [None req-9022a8ed-cd48-40cc-9644-517655dda5d3 None None] Subscribe: > router before_delete 55550000, False {{(pid=104603) subscribe /opt/stack/data/venv/lib/python3.12/site-packages/neutron_lib/callbacks/manager.py:52}}
Apr 20 17:24:58.914739 np0000168427 devstack@neutron-api.service[104601]: DEBUG neutron_lib.callbacks.manager [None req-61efce96-9531-4300-9aba-d687babaf121 None None] Subscribe: > router precommit_create 55550000, False {{(pid=104601) subscribe /opt/stack/data/venv/lib/python3.12/site-packages/neutron_lib/callbacks/manager.py:52}}
Apr 20 17:24:58.914866 np0000168427 devstack@neutron-api.service[104602]: INFO neutron.api.extensions [None req-8ff43386-dc70-4812-8bbf-dd41f9749d06 None None] Extension floating-ip-port-forwarding-port-ranges not supported by any of loaded plugins
Apr 20 17:24:58.914979 np0000168427 devstack@neutron-api.service[104603]: DEBUG neutron_lib.callbacks.manager [None req-9022a8ed-cd48-40cc-9644-517655dda5d3 None None] Subscribe: port after_update 55550000, False {{(pid=104603) subscribe /opt/stack/data/venv/lib/python3.12/site-packages/neutron_lib/callbacks/manager.py:52}}
Apr 20 17:24:58.915032 np0000168427 devstack@neutron-api.service[104602]: DEBUG neutron.api.extensions [None req-8ff43386-dc70-4812-8bbf-dd41f9749d06 None None] Loading extension file: fip_port_details.py {{(pid=104602) _load_all_extensions_from_path /opt/stack/neutron/neutron/api/extensions.py:449}}
Apr 20 17:24:58.915190 np0000168427 devstack@neutron-api.service[104601]: DEBUG neutron_lib.callbacks.manager [None req-61efce96-9531-4300-9aba-d687babaf121 None None] Subscribe: > router after_delete 55550000, False {{(pid=104601) subscribe /opt/stack/data/venv/lib/python3.12/site-packages/neutron_lib/callbacks/manager.py:52}}
Apr 20 17:24:58.915356 np0000168427 devstack@neutron-api.service[104603]: DEBUG neutron_lib.callbacks.manager [None req-9022a8ed-cd48-40cc-9644-517655dda5d3 None None] Subscribe: port after_delete 55550000, False {{(pid=104603) subscribe /opt/stack/data/venv/lib/python3.12/site-packages/neutron_lib/callbacks/manager.py:52}}
Apr 20 17:24:58.915560 np0000168427 devstack@neutron-api.service[104601]: DEBUG neutron_lib.callbacks.manager [None req-61efce96-9531-4300-9aba-d687babaf121 None None] Subscribe: > router after_update 55550000, False {{(pid=104601) subscribe /opt/stack/data/venv/lib/python3.12/site-packages/neutron_lib/callbacks/manager.py:52}}
Apr 20 17:24:58.915731 np0000168427 devstack@neutron-api.service[104603]: DEBUG neutron_lib.callbacks.manager [None req-9022a8ed-cd48-40cc-9644-517655dda5d3 None None] Subscribe: subnet after_update 55550000, False {{(pid=104603) subscribe /opt/stack/data/venv/lib/python3.12/site-packages/neutron_lib/callbacks/manager.py:52}}
Apr 20 17:24:58.915847 np0000168427 devstack@neutron-api.service[104601]: DEBUG neutron.services.service_base [None req-61efce96-9531-4300-9aba-d687babaf121 None None] Loaded 'neutron.services.ovn_l3.service_providers.ovn.OvnDriver' provider for service L3_ROUTER_NAT {{(pid=104601) load_drivers /opt/stack/neutron/neutron/services/service_base.py:49}}
Apr 20 17:24:58.915956 np0000168427 devstack@neutron-api.service[104602]: DEBUG neutron.api.extensions [None req-8ff43386-dc70-4812-8bbf-dd41f9749d06 None None] Ext name="Floating IP Port Details Extension" alias="fip-port-details" description="Add port_details attribute to Floating IP resource" updated="2018-04-09T10:00:00-00:00" {{(pid=104602) _check_extension /opt/stack/neutron/neutron/api/extensions.py:415}}
Apr 20 17:24:58.916103 np0000168427 devstack@neutron-api.service[104603]: DEBUG neutron_lib.callbacks.manager [None req-9022a8ed-cd48-40cc-9644-517655dda5d3 None None] Subscribe: subnetpool_address_scope after_update 55550000, False {{(pid=104603) subscribe /opt/stack/data/venv/lib/python3.12/site-packages/neutron_lib/callbacks/manager.py:52}}
Apr 20 17:24:58.916160 np0000168427 devstack@neutron-api.service[104601]: DEBUG neutron_lib.callbacks.manager [None req-61efce96-9531-4300-9aba-d687babaf121 None None] Subscribe: > process after_init 55550001, True {{(pid=104601) subscribe /opt/stack/data/venv/lib/python3.12/site-packages/neutron_lib/callbacks/manager.py:52}}
Apr 20 17:24:58.916314 np0000168427 devstack@neutron-api.service[104603]: DEBUG neutron_lib.callbacks.manager [None req-9022a8ed-cd48-40cc-9644-517655dda5d3 None None] Subscribe: port before_update 55550000, False {{(pid=104603) subscribe /opt/stack/data/venv/lib/python3.12/site-packages/neutron_lib/callbacks/manager.py:52}}
Apr 20 17:24:58.916400 np0000168427 devstack@neutron-api.service[104601]: DEBUG neutron.manager [None req-61efce96-9531-4300-9aba-d687babaf121 None None] Successfully loaded L3_ROUTER_NAT plugin. Description: L3 Router Service Plugin for basic L3 forwarding using OVN {{(pid=104601) _create_and_add_service_plugin /opt/stack/neutron/neutron/manager.py:239}}
Apr 20 17:24:58.916439 np0000168427 devstack@neutron-api.service[104603]: DEBUG neutron_lib.callbacks.manager [None req-9022a8ed-cd48-40cc-9644-517655dda5d3 None None] Subscribe: port after_update 55550000, False {{(pid=104603) subscribe /opt/stack/data/venv/lib/python3.12/site-packages/neutron_lib/callbacks/manager.py:52}}
Apr 20 17:24:58.916532 np0000168427 devstack@neutron-api.service[104601]: INFO neutron.manager [None req-61efce96-9531-4300-9aba-d687babaf121 None None] Loading Plugin: auto_allocate
Apr 20 17:24:58.916618 np0000168427 devstack@neutron-api.service[104602]: INFO neutron.api.extensions [None req-8ff43386-dc70-4812-8bbf-dd41f9749d06 None None] Loaded extension: fip-port-details
Apr 20 17:24:58.916647 np0000168427 devstack@neutron-api.service[104603]: DEBUG neutron_lib.callbacks.manager [None req-9022a8ed-cd48-40cc-9644-517655dda5d3 None None] Subscribe: > port precommit_delete 55550000, False {{(pid=104603) subscribe /opt/stack/data/venv/lib/python3.12/site-packages/neutron_lib/callbacks/manager.py:52}}
Apr 20 17:24:58.916711 np0000168427 devstack@neutron-api.service[104602]: DEBUG neutron.api.extensions [None req-8ff43386-dc70-4812-8bbf-dd41f9749d06 None None] Loading extension file: flavors.py {{(pid=104602) _load_all_extensions_from_path /opt/stack/neutron/neutron/api/extensions.py:449}}
Apr 20 17:24:58.916752 np0000168427 devstack@neutron-api.service[104603]: DEBUG neutron_lib.callbacks.manager [None req-9022a8ed-cd48-40cc-9644-517655dda5d3 None None] Subscribe: port before_update 55550000, False {{(pid=104603) subscribe /opt/stack/data/venv/lib/python3.12/site-packages/neutron_lib/callbacks/manager.py:52}}
Apr 20 17:24:58.916752 np0000168427 devstack@neutron-api.service[104603]: DEBUG neutron_lib.callbacks.manager [None req-9022a8ed-cd48-40cc-9644-517655dda5d3 None None] Subscribe: port before_delete 55550000, False {{(pid=104603) subscribe /opt/stack/data/venv/lib/python3.12/site-packages/neutron_lib/callbacks/manager.py:52}}
Apr 20 17:24:58.916752 np0000168427 devstack@neutron-api.service[104603]: DEBUG neutron_lib.callbacks.manager [None req-9022a8ed-cd48-40cc-9644-517655dda5d3 None None] Subscribe: > router precommit_create 55550000, False {{(pid=104603) subscribe /opt/stack/data/venv/lib/python3.12/site-packages/neutron_lib/callbacks/manager.py:52}}
Apr 20 17:24:58.916924 np0000168427 devstack@neutron-api.service[104602]: DEBUG neutron.api.extensions [None req-8ff43386-dc70-4812-8bbf-dd41f9749d06 None None] Ext name="Neutron Service Flavors" alias="flavors" description="Flavor specification for Neutron advanced services." updated="2015-09-17T10:00:00-00:00" {{(pid=104602) _check_extension /opt/stack/neutron/neutron/api/extensions.py:415}}
Apr 20 17:24:58.916965 np0000168427 devstack@neutron-api.service[104603]: DEBUG neutron_lib.callbacks.manager [None req-9022a8ed-cd48-40cc-9644-517655dda5d3 None None] Subscribe: > router precommit_create 55550000, False {{(pid=104603) subscribe /opt/stack/data/venv/lib/python3.12/site-packages/neutron_lib/callbacks/manager.py:52}}
Apr 20 17:24:58.916965 np0000168427 devstack@neutron-api.service[104603]: DEBUG neutron_lib.callbacks.manager [None req-9022a8ed-cd48-40cc-9644-517655dda5d3 None None] Subscribe: > router precommit_update 55550000, False {{(pid=104603) subscribe /opt/stack/data/venv/lib/python3.12/site-packages/neutron_lib/callbacks/manager.py:52}}
Apr 20 17:24:58.917127 np0000168427 devstack@neutron-api.service[104602]: INFO neutron.api.extensions [None req-8ff43386-dc70-4812-8bbf-dd41f9749d06 None None] Loaded extension: flavors
Apr 20 17:24:58.917246 np0000168427 devstack@neutron-api.service[104603]: DEBUG neutron_lib.callbacks.manager [None req-9022a8ed-cd48-40cc-9644-517655dda5d3 None None] Subscribe: subnet after_update 55550000, False {{(pid=104603) subscribe /opt/stack/data/venv/lib/python3.12/site-packages/neutron_lib/callbacks/manager.py:52}}
Apr 20 17:24:58.917331 np0000168427 devstack@neutron-api.service[104602]: DEBUG neutron.api.extensions [None req-8ff43386-dc70-4812-8bbf-dd41f9749d06 None None] Loading extension file: floating_ip_port_forwarding.py {{(pid=104602) _load_all_extensions_from_path /opt/stack/neutron/neutron/api/extensions.py:449}}
Apr 20 17:24:58.917409 np0000168427 devstack@neutron-api.service[104601]: DEBUG neutron_lib.callbacks.manager [None req-61efce96-9531-4300-9aba-d687babaf121 None None] Subscribe: network precommit_update 55550000, False {{(pid=104601) subscribe /opt/stack/data/venv/lib/python3.12/site-packages/neutron_lib/callbacks/manager.py:52}}
Apr 20 17:24:58.917552 np0000168427 devstack@neutron-api.service[104602]: DEBUG neutron.api.extensions [None req-8ff43386-dc70-4812-8bbf-dd41f9749d06 None None] Ext name="Floating IP Port Forwarding" alias="floating-ip-port-forwarding" description="Allow port forwarding from floating IP port to an internal port" updated="2018-01-19T10:00:00-00:00" {{(pid=104602) _check_extension /opt/stack/neutron/neutron/api/extensions.py:415}}
Apr 20 17:24:58.917657 np0000168427 devstack@neutron-api.service[104601]: DEBUG neutron_lib.callbacks.manager [None req-61efce96-9531-4300-9aba-d687babaf121 None None] Subscribe: network precommit_create 55550000, False {{(pid=104601) subscribe /opt/stack/data/venv/lib/python3.12/site-packages/neutron_lib/callbacks/manager.py:52}}
Apr 20 17:24:58.917744 np0000168427 devstack@neutron-api.service[104602]: INFO neutron.api.extensions [None req-8ff43386-dc70-4812-8bbf-dd41f9749d06 None None] Extension floating-ip-port-forwarding not supported by any of loaded plugins
Apr 20 17:24:58.917744 np0000168427 devstack@neutron-api.service[104602]: DEBUG neutron.api.extensions [None req-8ff43386-dc70-4812-8bbf-dd41f9749d06 None None] Loading extension file: floatingip_pools.py {{(pid=104602) _load_all_extensions_from_path /opt/stack/neutron/neutron/api/extensions.py:449}}
Apr 20 17:24:58.917898 np0000168427 devstack@neutron-api.service[104601]: DEBUG neutron.manager [None req-61efce96-9531-4300-9aba-d687babaf121 None None] Successfully loaded auto-allocated-topology plugin. Description: Auto Allocated Topology - aka get me a network. {{(pid=104601) _create_and_add_service_plugin /opt/stack/neutron/neutron/manager.py:239}}
Apr 20 17:24:58.917940 np0000168427 devstack@neutron-api.service[104603]: DEBUG neutron.quota.resource_registry [None req-9022a8ed-cd48-40cc-9644-517655dda5d3 None None] Tracking information for resource: router configured {{(pid=104603) set_tracked_resource /opt/stack/neutron/neutron/quota/resource_registry.py:203}}
Apr 20 17:24:58.918051 np0000168427 devstack@neutron-api.service[104601]: INFO neutron.manager [None req-61efce96-9531-4300-9aba-d687babaf121 None None] Loading Plugin: tag
Apr 20 17:24:58.918186 np0000168427 devstack@neutron-api.service[104603]: DEBUG neutron.quota.resource_registry [None req-9022a8ed-cd48-40cc-9644-517655dda5d3 None None] Tracking information for resource: floatingip configured {{(pid=104603) set_tracked_resource /opt/stack/neutron/neutron/quota/resource_registry.py:203}}
Apr 20 17:24:58.918186 np0000168427 devstack@neutron-api.service[104603]: INFO neutron.services.ovn_l3.plugin [None req-9022a8ed-cd48-40cc-9644-517655dda5d3 None None] Starting OVNL3RouterPlugin
Apr 20 17:24:58.918312 np0000168427 devstack@neutron-api.service[104602]: DEBUG neutron.api.extensions [None req-8ff43386-dc70-4812-8bbf-dd41f9749d06 None None] Ext name="Floating IP Pools Extension" alias="floatingip-pools" description="Provides a floating IP pools API." updated="2018-03-21T10:00:00-00:00" {{(pid=104602) _check_extension /opt/stack/neutron/neutron/api/extensions.py:415}}
Apr 20 17:24:58.918734 np0000168427 devstack@neutron-api.service[104603]: DEBUG neutron_lib.callbacks.manager [None req-9022a8ed-cd48-40cc-9644-517655dda5d3 None None] Subscribe: > port_forwarding_plugin after_init 55550000, False {{(pid=104603) subscribe /opt/stack/data/venv/lib/python3.12/site-packages/neutron_lib/callbacks/manager.py:52}}
Apr 20 17:24:58.918837 np0000168427 devstack@neutron-api.service[104602]: INFO neutron.api.extensions [None req-8ff43386-dc70-4812-8bbf-dd41f9749d06 None None] Loaded extension: floatingip-pools
Apr 20 17:24:58.918837 np0000168427 devstack@neutron-api.service[104602]: DEBUG neutron.api.extensions [None req-8ff43386-dc70-4812-8bbf-dd41f9749d06 None None] Loading extension file: ip_allocation.py {{(pid=104602) _load_all_extensions_from_path /opt/stack/neutron/neutron/api/extensions.py:449}}
Apr 20 17:24:58.918972 np0000168427 devstack@neutron-api.service[104603]: DEBUG neutron_lib.callbacks.manager [None req-9022a8ed-cd48-40cc-9644-517655dda5d3 None None] Subscribe: > router before_create 55550100, False {{(pid=104603) subscribe /opt/stack/data/venv/lib/python3.12/site-packages/neutron_lib/callbacks/manager.py:52}}
Apr 20 17:24:58.918972 np0000168427 devstack@neutron-api.service[104603]: DEBUG neutron_lib.callbacks.manager [None req-9022a8ed-cd48-40cc-9644-517655dda5d3 None None] Subscribe: > router precommit_delete 55550100, False {{(pid=104603) subscribe /opt/stack/data/venv/lib/python3.12/site-packages/neutron_lib/callbacks/manager.py:52}}
Apr 20 17:24:58.919110 np0000168427 devstack@neutron-api.service[104602]: DEBUG neutron.api.extensions [None req-8ff43386-dc70-4812-8bbf-dd41f9749d06 None None] Ext name="IP Allocation" alias="ip_allocation" description="IP allocation extension." updated="2016-06-10T23:00:00-00:00" {{(pid=104602) _check_extension /opt/stack/neutron/neutron/api/extensions.py:415}}
Apr 20 17:24:58.919229 np0000168427 devstack@neutron-api.service[104603]: DEBUG neutron_lib.callbacks.manager [None req-9022a8ed-cd48-40cc-9644-517655dda5d3 None None] Subscribe: > router precommit_create 55550100, False {{(pid=104603) subscribe /opt/stack/data/venv/lib/python3.12/site-packages/neutron_lib/callbacks/manager.py:52}}
Apr 20 17:24:58.919355 np0000168427 devstack@neutron-api.service[104602]: INFO neutron.api.extensions [None req-8ff43386-dc70-4812-8bbf-dd41f9749d06 None None] Extension ip_allocation not supported by any of loaded plugins
Apr 20 17:24:58.919469 np0000168427 devstack@neutron-api.service[104603]: DEBUG neutron_lib.callbacks.manager [None req-9022a8ed-cd48-40cc-9644-517655dda5d3 None None] Subscribe: > router precommit_update 55550100, False {{(pid=104603) subscribe /opt/stack/data/venv/lib/python3.12/site-packages/neutron_lib/callbacks/manager.py:52}}
Apr 20 17:24:58.919614 np0000168427 devstack@neutron-api.service[104602]: DEBUG neutron.api.extensions [None req-8ff43386-dc70-4812-8bbf-dd41f9749d06 None None] Loading extension file: ip_substring_port_filtering.py {{(pid=104602) _load_all_extensions_from_path /opt/stack/neutron/neutron/api/extensions.py:449}}
Apr 20 17:24:58.919614 np0000168427 devstack@neutron-api.service[104602]: DEBUG neutron.api.extensions [None req-8ff43386-dc70-4812-8bbf-dd41f9749d06 None None] Ext name="IP address substring filtering" alias="ip-substring-filtering" description="Provides IP address substring filtering when listing ports" updated="2017-11-28T09:00:00-00:00" {{(pid=104602) _check_extension /opt/stack/neutron/neutron/api/extensions.py:415}}
Apr 20 17:24:58.919614 np0000168427 devstack@neutron-api.service[104602]: INFO neutron.api.extensions [None req-8ff43386-dc70-4812-8bbf-dd41f9749d06 None None] Extension ip-substring-filtering not supported by any of loaded plugins
Apr 20 17:24:58.919614 np0000168427 devstack@neutron-api.service[104602]: DEBUG neutron.api.extensions [None req-8ff43386-dc70-4812-8bbf-dd41f9749d06 None None] Loading extension file: l2_adjacency.py {{(pid=104602) _load_all_extensions_from_path /opt/stack/neutron/neutron/api/extensions.py:449}}
Apr 20 17:24:58.919614 np0000168427 devstack@neutron-api.service[104602]: DEBUG neutron.api.extensions [None req-8ff43386-dc70-4812-8bbf-dd41f9749d06 None None] Ext name="L2 Adjacency" alias="l2_adjacency" description="Display L2 Adjacency for Neutron Networks." updated="2016-04-12T16:00:00-00:00" {{(pid=104602) _check_extension /opt/stack/neutron/neutron/api/extensions.py:415}}
Apr 20 17:24:58.919614 np0000168427 devstack@neutron-api.service[104602]: INFO neutron.api.extensions [None req-8ff43386-dc70-4812-8bbf-dd41f9749d06 None None] Extension l2_adjacency not supported by any of loaded plugins
Apr 20 17:24:58.919614 np0000168427 devstack@neutron-api.service[104602]: DEBUG neutron.api.extensions [None req-8ff43386-dc70-4812-8bbf-dd41f9749d06 None None] Loading extension file: l3.py {{(pid=104602) _load_all_extensions_from_path /opt/stack/neutron/neutron/api/extensions.py:449}}
Apr 20 17:24:58.919950 np0000168427 devstack@neutron-api.service[104602]: DEBUG neutron.api.extensions [None req-8ff43386-dc70-4812-8bbf-dd41f9749d06 None None] Ext name="Neutron L3 Router" alias="router" description="Router abstraction for basic L3 forwarding between L2 Neutron networks and access to external networks via a NAT gateway." updated="2012-07-20T10:00:00-00:00" {{(pid=104602) _check_extension /opt/stack/neutron/neutron/api/extensions.py:415}}
Apr 20 17:24:58.919950 np0000168427 devstack@neutron-api.service[104602]: INFO neutron.api.extensions [None req-8ff43386-dc70-4812-8bbf-dd41f9749d06 None None] Loaded extension: router
Apr 20 17:24:58.919950 np0000168427 devstack@neutron-api.service[104602]: DEBUG neutron.api.extensions [None req-8ff43386-dc70-4812-8bbf-dd41f9749d06 None None] Loading extension file: l3_conntrack_helper.py {{(pid=104602) _load_all_extensions_from_path /opt/stack/neutron/neutron/api/extensions.py:449}}
Apr 20 17:24:58.920154 np0000168427 devstack@neutron-api.service[104601]: DEBUG neutron.manager [None req-61efce96-9531-4300-9aba-d687babaf121 None None] Successfully loaded TAG plugin. Description: Tag support {{(pid=104601) _create_and_add_service_plugin /opt/stack/neutron/neutron/manager.py:239}}
Apr 20 17:24:58.920154 np0000168427 devstack@neutron-api.service[104601]: INFO neutron.manager [None req-61efce96-9531-4300-9aba-d687babaf121 None None] Loading Plugin: timestamp
Apr 20 17:24:58.920277 np0000168427 devstack@neutron-api.service[104602]: DEBUG neutron.api.extensions [None req-8ff43386-dc70-4812-8bbf-dd41f9749d06 None None] Ext name="L3 Conntrack helper" alias="l3-conntrack-helper" description="Allow adding CT target rules for conntrack helper" updated="2019-04-04T10:00:00-00:00" {{(pid=104602) _check_extension /opt/stack/neutron/neutron/api/extensions.py:415}}
Apr 20 17:24:58.920277 np0000168427 devstack@neutron-api.service[104602]: INFO neutron.api.extensions [None req-8ff43386-dc70-4812-8bbf-dd41f9749d06 None None] Extension l3-conntrack-helper not supported by any of loaded plugins
Apr 20 17:24:58.920277 np0000168427 devstack@neutron-api.service[104602]: DEBUG neutron.api.extensions [None req-8ff43386-dc70-4812-8bbf-dd41f9749d06 None None] Loading extension file: l3_enable_default_route_bfd.py {{(pid=104602) _load_all_extensions_from_path /opt/stack/neutron/neutron/api/extensions.py:449}}
Apr 20 17:24:58.920277 np0000168427 devstack@neutron-api.service[104602]: DEBUG neutron.api.extensions [None req-8ff43386-dc70-4812-8bbf-dd41f9749d06 None None] Ext name="Enable Default Route BFD" alias="enable-default-route-bfd" description="Enables configurable BFD behavior for default routes" updated="2023-02-27T00:00:00-00:00" {{(pid=104602) _check_extension /opt/stack/neutron/neutron/api/extensions.py:415}}
Apr 20 17:24:58.920277 np0000168427 devstack@neutron-api.service[104602]: INFO neutron.api.extensions [None req-8ff43386-dc70-4812-8bbf-dd41f9749d06 None None] Loaded extension: enable-default-route-bfd
Apr 20 17:24:58.920277 np0000168427 devstack@neutron-api.service[104602]: DEBUG neutron.api.extensions [None req-8ff43386-dc70-4812-8bbf-dd41f9749d06 None None] Loading extension file: l3_enable_default_route_ecmp.py {{(pid=104602) _load_all_extensions_from_path /opt/stack/neutron/neutron/api/extensions.py:449}}
Apr 20 17:24:58.920661 np0000168427 devstack@neutron-api.service[104603]: DEBUG neutron.services.provider_configuration [None req-9022a8ed-cd48-40cc-9644-517655dda5d3 None None] Service providers = [] {{(pid=104603) parse_service_provider_opt /opt/stack/neutron/neutron/services/provider_configuration.py:170}}
Apr 20 17:24:58.920661 np0000168427 devstack@neutron-api.service[104603]: DEBUG neutron.db.servicetype_db [None req-9022a8ed-cd48-40cc-9644-517655dda5d3 None None] Adding provider configuration for service L3_ROUTER_NAT {{(pid=104603) add_provider_configuration /opt/stack/neutron/neutron/db/servicetype_db.py:42}}
Apr 20 17:24:58.920789 np0000168427 devstack@neutron-api.service[104602]: DEBUG neutron.api.extensions [None req-8ff43386-dc70-4812-8bbf-dd41f9749d06 None None] Ext name="Enable Default Route ECMP" alias="enable-default-route-ecmp" description="Enables configurable ECMP behavior for default routes" updated="2023-02-27T00:00:00-00:00" {{(pid=104602) _check_extension /opt/stack/neutron/neutron/api/extensions.py:415}}
Apr 20 17:24:58.920917 np0000168427 devstack@neutron-api.service[104601]: DEBUG neutron.manager [None req-61efce96-9531-4300-9aba-d687babaf121 None None] Successfully loaded timestamp plugin. Description: Adds timestamps to Neutron resources with standard attributes {{(pid=104601) _create_and_add_service_plugin /opt/stack/neutron/neutron/manager.py:239}}
Apr 20 17:24:58.921017 np0000168427 devstack@neutron-api.service[104602]: INFO neutron.api.extensions [None req-8ff43386-dc70-4812-8bbf-dd41f9749d06 None None] Loaded extension: enable-default-route-ecmp
Apr 20 17:24:58.921108 np0000168427 devstack@neutron-api.service[104601]: INFO neutron.manager [None req-61efce96-9531-4300-9aba-d687babaf121 None None] Loading Plugin: network_ip_availability
Apr 20 17:24:58.921198 np0000168427 devstack@neutron-api.service[104602]: DEBUG neutron.api.extensions [None req-8ff43386-dc70-4812-8bbf-dd41f9749d06 None None] Loading extension file: l3_ext_gw_mode.py {{(pid=104602) _load_all_extensions_from_path /opt/stack/neutron/neutron/api/extensions.py:449}}
Apr 20 17:24:58.921198 np0000168427 devstack@neutron-api.service[104602]: DEBUG neutron.api.extensions [None req-8ff43386-dc70-4812-8bbf-dd41f9749d06 None None] Ext name="Neutron L3 Configurable external gateway mode" alias="ext-gw-mode" description="Extension of the router abstraction for specifying whether SNAT should occur on the external gateway" updated="2013-03-28T10:00:00-00:00" {{(pid=104602) _check_extension /opt/stack/neutron/neutron/api/extensions.py:415}}
Apr 20 17:24:58.921198 np0000168427 devstack@neutron-api.service[104602]: INFO neutron.api.extensions [None req-8ff43386-dc70-4812-8bbf-dd41f9749d06 None None] Loaded extension: ext-gw-mode
Apr 20 17:24:58.921198 np0000168427 devstack@neutron-api.service[104602]: DEBUG neutron.api.extensions [None req-8ff43386-dc70-4812-8bbf-dd41f9749d06 None None] Loading extension file: l3_ext_ha_mode.py {{(pid=104602) _load_all_extensions_from_path /opt/stack/neutron/neutron/api/extensions.py:449}}
Apr 20 17:24:58.921198 np0000168427 devstack@neutron-api.service[104602]: DEBUG neutron.api.extensions [None req-8ff43386-dc70-4812-8bbf-dd41f9749d06 None None] Ext name="HA Router extension" alias="l3-ha" description="Adds HA capability to routers." updated="2014-04-26T00:00:00-00:00" {{(pid=104602) _check_extension /opt/stack/neutron/neutron/api/extensions.py:415}}
Apr 20 17:24:58.921198 np0000168427 devstack@neutron-api.service[104602]: INFO neutron.api.extensions [None req-8ff43386-dc70-4812-8bbf-dd41f9749d06 None None] Loaded extension: l3-ha
Apr 20 17:24:58.921198 np0000168427 devstack@neutron-api.service[104602]: DEBUG neutron.api.extensions [None req-8ff43386-dc70-4812-8bbf-dd41f9749d06 None None] Loading extension file: l3_ext_ndp_proxy.py {{(pid=104602) _load_all_extensions_from_path /opt/stack/neutron/neutron/api/extensions.py:449}}
