2026-05-27 11:09:14.214 11 INFO neutron.services.segments.plugin [-] Segment 5602f875-f4ef-498e-a514-d9f1bb511533 resource provider aggregate not found
2026-05-27 11:09:14.218 11 INFO neutron.services.segments.plugin [-] Segment 5602f875-f4ef-498e-a514-d9f1bb511533 resource provider aggregate not found
2026-05-27 11:09:14.233 11 INFO neutron.services.segments.plugin [-] Segment 5602f875-f4ef-498e-a514-d9f1bb511533 resource provider not found; error: Placement Client Error (4xx): {"errors": [{"status": 404, "title": "Not Found", "detail": "The resource could not be found.\n\n No resource provider with uuid 5602f875-f4ef-498e-a514-d9f1bb511533 found for delete ", "request_id": "req-f71c2cd3-6760-4735-bfbe-9e6af0b23bae"}]}
2026-05-27 11:09:14.241 11 INFO neutron.services.segments.plugin [-] Segment 5602f875-f4ef-498e-a514-d9f1bb511533 resource provider not found; error: Placement Client Error (4xx): {"errors": [{"status": 404, "title": "Not Found", "detail": "The resource could not be found.\n\n No resource provider with uuid 5602f875-f4ef-498e-a514-d9f1bb511533 found for delete ", "request_id": "req-133f86fe-0930-44c9-8a6c-539d4f1cf384"}]}
2026-05-27 11:09:14.261 11 INFO neutron.services.segments.plugin [-] Segment 3abcc1d4-5683-4ba3-abf6-9be4488f6197 resource provider aggregate not found
2026-05-27 11:09:14.273 11 INFO neutron.services.segments.plugin [-] Segment 3abcc1d4-5683-4ba3-abf6-9be4488f6197 resource provider aggregate not found
2026-05-27 11:09:14.278 11 INFO neutron.services.segments.plugin [-] Segment 3abcc1d4-5683-4ba3-abf6-9be4488f6197 resource provider not found; error: Placement Client Error (4xx): {"errors": [{"status": 404, "title": "Not Found", "detail": "The resource could not be found.\n\n No resource provider with uuid 3abcc1d4-5683-4ba3-abf6-9be4488f6197 found for delete ", "request_id": "req-7fa734b4-58cb-4f12-bd42-a9c44b6cee3b"}]}
2026-05-27 11:09:14.281 10 INFO neutron.api.wsgi [req-b89314d0-12cb-47d4-bd89-89d1af989d33 req-300676ea-05b3-44f7-bf6a-6c5f996b3bea 129967d495a74ed881973382a042f46b da8ab9ac67514c9ea320db9d1f38503a - - default default] 10.0.0.91 "GET /v2.0/ports?device_id=325c2cc0-e7c3-467f-940d-358ea99b963e HTTP/1.1" status: 200 len: 210 time: 0.0238822
2026-05-27 11:09:14.296 11 INFO neutron.services.segments.plugin [-] Segment 3abcc1d4-5683-4ba3-abf6-9be4488f6197 resource provider not found; error: Placement Client Error (4xx): {"errors": [{"status": 404, "title": "Not Found", "detail": "The resource could not be found.\n\n No resource provider with uuid 3abcc1d4-5683-4ba3-abf6-9be4488f6197 found for delete ", "request_id": "req-7e84673a-8083-4475-9b8d-96ee472c7896"}]}
2026-05-27 11:09:14.694 10 INFO neutron.db.ovn_revision_numbers_db [None req-cf32b320-b9a7-46e5-bd33-78da4ad626a9 d5239c2ad7a9455bb4e7d693858edd25 181ab690c7d847c498ef571f38c8c6d5 - - default default] Successfully bumped revision number for resource 3d7ecac4-31ca-4c2c-88ff-a6dcc1a86be9 (type: ports) to 2
2026-05-27 11:09:15.008 11 INFO neutron.notifiers.nova [-] Nova event matching ['req-957aec6a-e00a-4813-86ec-b2554b32b03d'] response: {'server_uuid': '325c2cc0-e7c3-467f-940d-358ea99b963e', 'name': 'network-vif-unplugged', 'status': 'completed', 'tag': 'a721582c-5c09-4a7b-8a7c-9cbeb0fc847e', 'code': 200}
2026-05-27 11:09:15.008 11 INFO neutron.notifiers.nova [-] Nova event matching ['req-957aec6a-e00a-4813-86ec-b2554b32b03d'] response: {'server_uuid': '325c2cc0-e7c3-467f-940d-358ea99b963e', 'name': 'network-vif-deleted', 'tag': 'a721582c-5c09-4a7b-8a7c-9cbeb0fc847e', 'status': 'completed', 'code': 200}
2026-05-27 11:09:15.101 10 WARNING neutron.plugins.ml2.drivers.ovn.mech_driver.ovsdb.ovn_client [None req-df6d9d5e-fae3-478f-84d0-74c4df1d9e33 - - - - - -] No port found with ID 6849b799-a41b-4663-8755-f60b09ccaa96: RuntimeError: No port found with ID 6849b799-a41b-4663-8755-f60b09ccaa96
2026-05-27 11:09:15.114 10 INFO neutron.plugins.ml2.drivers.ovn.mech_driver.mech_driver [None req-df6d9d5e-fae3-478f-84d0-74c4df1d9e33 - - - - - -] OVN reports status up for port: 3d7ecac4-31ca-4c2c-88ff-a6dcc1a86be9
2026-05-27 11:09:15.121 10 INFO neutron.plugins.ml2.plugin [None req-df6d9d5e-fae3-478f-84d0-74c4df1d9e33 - - - - - -] Attempt 1 to provision port 3d7ecac4-31ca-4c2c-88ff-a6dcc1a86be9
2026-05-27 11:09:15.146 10 INFO neutron.db.ovn_revision_numbers_db [None req-cf32b320-b9a7-46e5-bd33-78da4ad626a9 d5239c2ad7a9455bb4e7d693858edd25 181ab690c7d847c498ef571f38c8c6d5 - - default default] Successfully bumped revision number for resource 3d7ecac4-31ca-4c2c-88ff-a6dcc1a86be9 (type: ports) to 2
2026-05-27 11:09:15.202 10 WARNING neutron.scheduler.dhcp_agent_scheduler [None req-cf32b320-b9a7-46e5-bd33-78da4ad626a9 d5239c2ad7a9455bb4e7d693858edd25 181ab690c7d847c498ef571f38c8c6d5 - - default default] No more DHCP agents
2026-05-27 11:09:15.204 10 WARNING neutron.api.rpc.agentnotifiers.dhcp_rpc_agent_api [None req-cf32b320-b9a7-46e5-bd33-78da4ad626a9 d5239c2ad7a9455bb4e7d693858edd25 181ab690c7d847c498ef571f38c8c6d5 - - default default] Unable to schedule network f149a1bc-a661-4832-a287-9a331a958ad6: no agents available; will retry on subsequent port and subnet creation events. /var/lib/openstack/lib/python3.12/site-packages/pycadf/identifier.py:71: UserWarning: Invalid uuid: neutron. To ensure interoperability, identifiers should be a valid uuid. warnings.warn(('Invalid uuid: %s. To ensure interoperability, '
2026-05-27 11:09:15.441 10 INFO neutron.api.wsgi [req-2cf0a13c-2f45-4239-8ef2-3785f3aa5dd9 req-6dfa8825-af86-469b-841c-3fabebf90aee 129967d495a74ed881973382a042f46b da8ab9ac67514c9ea320db9d1f38503a - - default default] 10.0.0.91 "GET /v2.0/ports?device_id=325c2cc0-e7c3-467f-940d-358ea99b963e HTTP/1.1" status: 200 len: 210 time: 0.0255222
2026-05-27 11:09:15.456 10 INFO neutron.db.ovn_revision_numbers_db [None req-cf32b320-b9a7-46e5-bd33-78da4ad626a9 d5239c2ad7a9455bb4e7d693858edd25 181ab690c7d847c498ef571f38c8c6d5 - - default default] Successfully bumped revision number for resource 3d7ecac4-31ca-4c2c-88ff-a6dcc1a86be9 (type: router_ports) to 2
2026-05-27 11:09:15.461 10 INFO neutron.api.wsgi [None req-cf32b320-b9a7-46e5-bd33-78da4ad626a9 d5239c2ad7a9455bb4e7d693858edd25 181ab690c7d847c498ef571f38c8c6d5 - - default default] 10.0.0.9 "PUT /v2.0/routers/9556bbc7-6f09-49fa-b238-22c211d57fbb/add_router_interface HTTP/1.1" status: 200 len: 503 time: 1.2518065
2026-05-27 11:09:15.552 10 INFO neutron.db.ovn_revision_numbers_db [None req-df6d9d5e-fae3-478f-84d0-74c4df1d9e33 - - - - - -] Successfully bumped revision number for resource 3d7ecac4-31ca-4c2c-88ff-a6dcc1a86be9 (type: ports) to 3
2026-05-27 11:09:15.562 11 INFO neutron.api.wsgi [None req-e87a5e97-ad2b-4ca8-9653-48d18c4b9a97 d5239c2ad7a9455bb4e7d693858edd25 181ab690c7d847c498ef571f38c8c6d5 - - default default] 10.0.0.9 "GET /v2.0/ports/3d7ecac4-31ca-4c2c-88ff-a6dcc1a86be9 HTTP/1.1" status: 200 len: 1221 time: 0.0960057
2026-05-27 11:09:16.460 11 INFO neutron.api.wsgi [None req-1cf330ea-58a7-45e4-acf9-a091c65d11a9 d5239c2ad7a9455bb4e7d693858edd25 181ab690c7d847c498ef571f38c8c6d5 - - default default] 10.0.0.9 "PUT /v2.0/routers/9556bbc7-6f09-49fa-b238-22c211d57fbb/remove_router_interface HTTP/1.1" status: 200 len: 503 time: 0.8917272 /var/lib/openstack/lib/python3.12/site-packages/pycadf/identifier.py:71: UserWarning: Invalid uuid: neutron. To ensure interoperability, identifiers should be a valid uuid. warnings.warn(('Invalid uuid: %s. To ensure interoperability, '
2026-05-27 11:09:16.525 11 INFO neutron.api.v2.resource [None req-10fd4af1-1c70-4461-a67e-6f79da95f8a3 d5239c2ad7a9455bb4e7d693858edd25 181ab690c7d847c498ef571f38c8c6d5 - - default default] remove_router_interface failed (client error): The resource could not be found.
2026-05-27 11:09:16.527 11 INFO neutron.api.wsgi [None req-10fd4af1-1c70-4461-a67e-6f79da95f8a3 d5239c2ad7a9455bb4e7d693858edd25 181ab690c7d847c498ef571f38c8c6d5 - - default default] 10.0.0.9 "PUT /v2.0/routers/9556bbc7-6f09-49fa-b238-22c211d57fbb/remove_router_interface HTTP/1.1" status: 404 len: 398 time: 0.0619075 /var/lib/openstack/lib/python3.12/site-packages/pycadf/identifier.py:71: UserWarning: Invalid uuid: neutron. To ensure interoperability, identifiers should be a valid uuid. warnings.warn(('Invalid uuid: %s. To ensure interoperability, '
2026-05-27 11:09:16.571 10 INFO neutron.api.wsgi [None req-907b6e4a-5e8c-48b5-a7af-01262ef9d07e d5239c2ad7a9455bb4e7d693858edd25 181ab690c7d847c498ef571f38c8c6d5 - - default default] 10.0.0.9 "GET /v2.0/ports?device_id=9556bbc7-6f09-49fa-b238-22c211d57fbb HTTP/1.1" status: 200 len: 205 time: 0.0364387
2026-05-27 11:09:16.744 11 INFO neutron.api.wsgi [None req-d013483c-af4f-4e55-aa6d-6bce944f6583 129967d495a74ed881973382a042f46b da8ab9ac67514c9ea320db9d1f38503a - - default default] 10.0.0.9 "DELETE /v2.0/security-groups/7845cc2e-a678-427b-ba1b-1ed51188e351 HTTP/1.1" status: 204 len: 168 time: 0.2125587
2026-05-27 11:09:16.761 10 INFO neutron.api.v2.resource [None req-f76a445f-77c2-490d-a193-ebe0383ec44e 129967d495a74ed881973382a042f46b da8ab9ac67514c9ea320db9d1f38503a - - default default] show failed (client error): The resource could not be found.
2026-05-27 11:09:16.762 10 INFO neutron.api.wsgi [None req-f76a445f-77c2-490d-a193-ebe0383ec44e 129967d495a74ed881973382a042f46b da8ab9ac67514c9ea320db9d1f38503a - - default default] 10.0.0.9 "GET /v2.0/security-groups/7845cc2e-a678-427b-ba1b-1ed51188e351 HTTP/1.1" status: 404 len: 347 time: 0.0113711
2026-05-27 11:09:16.763 11 INFO neutron.api.wsgi [None req-f49ad1ab-340b-4ab9-a88f-f4b0b0b39798 d5239c2ad7a9455bb4e7d693858edd25 181ab690c7d847c498ef571f38c8c6d5 - - default default] 10.0.0.9 "DELETE /v2.0/routers/9556bbc7-6f09-49fa-b238-22c211d57fbb HTTP/1.1" status: 204 len: 168 time: 0.1871364
2026-05-27 11:09:16.917 11 INFO neutron.api.wsgi [None req-3a2fb6e7-0dfe-47a8-b0a7-64485b938eb2 d5239c2ad7a9455bb4e7d693858edd25 181ab690c7d847c498ef571f38c8c6d5 - - default default] 10.0.0.9 "DELETE /v2.0/subnets/3b129369-7737-4750-8a46-5da1c9496929 HTTP/1.1" status: 204 len: 168 time: 0.1489520
2026-05-27 11:09:17.053 10 INFO neutron.api.wsgi [None req-727d29e7-3838-4968-bf49-468fd11b3c7c 129967d495a74ed881973382a042f46b da8ab9ac67514c9ea320db9d1f38503a - - default default] 10.0.0.9 "DELETE /v2.0/floatingips/0221179e-5656-49d7-b44c-8723668ef404 HTTP/1.1" status: 204 len: 168 time: 0.2844086
2026-05-27 11:09:17.273 11 INFO neutron.services.segments.plugin [-] Segment a27b332e-3e36-45cc-9093-e6bf5dc384b8 resource provider aggregate not found
2026-05-27 11:09:17.278 11 INFO neutron.services.segments.plugin [-] Segment a27b332e-3e36-45cc-9093-e6bf5dc384b8 resource provider aggregate not found
2026-05-27 11:09:17.290 11 INFO neutron.services.segments.plugin [-] Segment a27b332e-3e36-45cc-9093-e6bf5dc384b8 resource provider not found; error: Placement Client Error (4xx): {"errors": [{"status": 404, "title": "Not Found", "detail": "The resource could not be found.\n\n No resource provider with uuid a27b332e-3e36-45cc-9093-e6bf5dc384b8 found for delete ", "request_id": "req-d90c8518-acc2-41bb-bba1-8c461865082c"}]}
2026-05-27 11:09:17.297 11 INFO neutron.services.segments.plugin [-] Segment a27b332e-3e36-45cc-9093-e6bf5dc384b8 resource provider not found; error: Placement Client Error (4xx): {"errors": [{"status": 404, "title": "Not Found", "detail": "The resource could not be found.\n\n No resource provider with uuid a27b332e-3e36-45cc-9093-e6bf5dc384b8 found for delete ", "request_id": "req-c331dd1c-3e6e-4479-84cd-15400a66bbcc"}]}
2026-05-27 11:09:17.324 11 INFO neutron.api.wsgi [None req-fc084539-ea6a-4bc4-ac83-6434da543037 d5239c2ad7a9455bb4e7d693858edd25 181ab690c7d847c498ef571f38c8c6d5 - - default default] 10.0.0.9 "DELETE /v2.0/networks/f149a1bc-a661-4832-a287-9a331a958ad6 HTTP/1.1" status: 204 len: 168 time: 0.4018531
2026-05-27 11:09:17.336 10 WARNING neutron_lib.context [None req-12e7ad01-1a7f-40ca-999b-2ecbf9428537 d5239c2ad7a9455bb4e7d693858edd25 181ab690c7d847c498ef571f38c8c6d5 - - default default] Method 'is_advsvc' is deprecated since 2023.2 release (neutron-lib 3.8.0) and will be removed once support for the old RBAC API policies will be removed from Neutron. Please use method 'is_service_role' instead.
2026-05-27 11:09:17.420 10 INFO neutron.db.segments_db [None req-12e7ad01-1a7f-40ca-999b-2ecbf9428537 d5239c2ad7a9455bb4e7d693858edd25 181ab690c7d847c498ef571f38c8c6d5 - - default default] Added segment ae2b02e1-64c5-49ae-88bb-5eaf80e11999 of type geneve for network 858f1ba7-ade4-4140-a086-9b32937007d2
2026-05-27 11:09:17.476 10 WARNING neutron_lib.context [None req-a960103a-3aeb-438b-b847-5e400c627662 968792fcbfc242fa83e65541a24d3e5d 31c8f0aa89e24072b1ad995e0b1056ef - - default default] Method 'is_advsvc' is deprecated since 2023.2 release (neutron-lib 3.8.0) and will be removed once support for the old RBAC API policies will be removed from Neutron. Please use method 'is_service_role' instead.
2026-05-27 11:09:17.550 10 INFO neutron.db.ovn_revision_numbers_db [None req-12e7ad01-1a7f-40ca-999b-2ecbf9428537 d5239c2ad7a9455bb4e7d693858edd25 181ab690c7d847c498ef571f38c8c6d5 - - default default] Successfully bumped revision number for resource 858f1ba7-ade4-4140-a086-9b32937007d2 (type: networks) to 1
2026-05-27 11:09:17.656 10 INFO neutron.db.ovn_revision_numbers_db [None req-a960103a-3aeb-438b-b847-5e400c627662 968792fcbfc242fa83e65541a24d3e5d 31c8f0aa89e24072b1ad995e0b1056ef - - default default] Successfully bumped revision number for resource 5a7fe424-3b68-45c7-9ef9-1ef898e3e3ff (type: security_groups) to 1
2026-05-27 11:09:17.669 10 INFO neutron.db.ovn_revision_numbers_db [None req-a960103a-3aeb-438b-b847-5e400c627662 968792fcbfc242fa83e65541a24d3e5d 31c8f0aa89e24072b1ad995e0b1056ef - - default default] Successfully bumped revision number for resource 58ea0583-fe82-45bd-b82d-97a84126ac6d (type: security_group_rules) to 0
2026-05-27 11:09:17.687 10 INFO neutron.db.ovn_revision_numbers_db [None req-a960103a-3aeb-438b-b847-5e400c627662 968792fcbfc242fa83e65541a24d3e5d 31c8f0aa89e24072b1ad995e0b1056ef - - default default] Successfully bumped revision number for resource 72cd92cb-060e-42d0-8e0c-e7fb6630408d (type: security_group_rules) to 0
2026-05-27 11:09:17.705 10 INFO neutron.db.ovn_revision_numbers_db [None req-a960103a-3aeb-438b-b847-5e400c627662 968792fcbfc242fa83e65541a24d3e5d 31c8f0aa89e24072b1ad995e0b1056ef - - default default] Successfully bumped revision number for resource 9206fd89-a5bc-49d2-b0f8-b45cba625bd2 (type: security_group_rules) to 0
2026-05-27 11:09:17.722 10 INFO neutron.db.ovn_revision_numbers_db [None req-a960103a-3aeb-438b-b847-5e400c627662 968792fcbfc242fa83e65541a24d3e5d 31c8f0aa89e24072b1ad995e0b1056ef - - default default] Successfully bumped revision number for resource ac5ee985-a77b-4f7c-b433-a6745b3c3298 (type: security_group_rules) to 0
2026-05-27 11:09:17.744 10 WARNING neutron.scheduler.dhcp_agent_scheduler [None req-12e7ad01-1a7f-40ca-999b-2ecbf9428537 d5239c2ad7a9455bb4e7d693858edd25 181ab690c7d847c498ef571f38c8c6d5 - - default default] No more DHCP agents
2026-05-27 11:09:17.747 10 WARNING neutron.api.rpc.agentnotifiers.dhcp_rpc_agent_api [None req-12e7ad01-1a7f-40ca-999b-2ecbf9428537 d5239c2ad7a9455bb4e7d693858edd25 181ab690c7d847c498ef571f38c8c6d5 - - default default] Unable to schedule network 858f1ba7-ade4-4140-a086-9b32937007d2: no agents available; will retry on subsequent port and subnet creation events.
2026-05-27 11:09:17.787 10 INFO neutron.db.segments_db [None req-a960103a-3aeb-438b-b847-5e400c627662 968792fcbfc242fa83e65541a24d3e5d 31c8f0aa89e24072b1ad995e0b1056ef - - default default] Added segment bbd9677e-8bd7-4e61-b67c-aa6f7ae74e82 of type geneve for network 44a03c14-bc05-408e-9ed2-a2fd334f450f
2026-05-27 11:09:17.803 10 INFO neutron.db.ovn_revision_numbers_db [None req-12e7ad01-1a7f-40ca-999b-2ecbf9428537 d5239c2ad7a9455bb4e7d693858edd25 181ab690c7d847c498ef571f38c8c6d5 - - default default] Successfully bumped revision number for resource 7ed1b633-c8ed-41df-93bb-ba4a0283c464 (type: ports) to 1
2026-05-27 11:09:17.826 10 INFO neutron.api.wsgi [None req-12e7ad01-1a7f-40ca-999b-2ecbf9428537 d5239c2ad7a9455bb4e7d693858edd25 181ab690c7d847c498ef571f38c8c6d5 - - default default] 10.0.0.9 "POST /v2.0/networks HTTP/1.1" status: 201 len: 832 time: 0.4961154
2026-05-27 11:09:17.835 11 WARNING neutron_lib.context [None req-428d3b19-9004-4688-9d11-993bea6ac249 d5239c2ad7a9455bb4e7d693858edd25 181ab690c7d847c498ef571f38c8c6d5 - - default default] Method 'is_advsvc' is deprecated since 2023.2 release (neutron-lib 3.8.0) and will be removed once support for the old RBAC API policies will be removed from Neutron. Please use method 'is_service_role' instead.
2026-05-27 11:09:17.890 10 INFO neutron.db.ovn_revision_numbers_db [None req-a960103a-3aeb-438b-b847-5e400c627662 968792fcbfc242fa83e65541a24d3e5d 31c8f0aa89e24072b1ad995e0b1056ef - - default default] Successfully bumped revision number for resource 44a03c14-bc05-408e-9ed2-a2fd334f450f (type: networks) to 1
2026-05-27 11:09:18.037 11 INFO neutron.api.wsgi [None req-12a09423-cd93-4c23-ba66-934789dabb36 e1764593464c4aa78df777aa75f0e064 ea974855a7484f339df3e98ed07b1cd9 - - default default] 10.0.0.9 "PUT /v2.0/routers/eff569d6-b529-45e8-ac16-ea4c685611b7/remove_router_interface HTTP/1.1" status: 200 len: 503 time: 0.9783504 /var/lib/openstack/lib/python3.12/site-packages/pycadf/identifier.py:71: UserWarning: Invalid uuid: neutron. To ensure interoperability, identifiers should be a valid uuid. warnings.warn(('Invalid uuid: %s. To ensure interoperability, '
2026-05-27 11:09:18.053 10 WARNING neutron.scheduler.dhcp_agent_scheduler [None req-a960103a-3aeb-438b-b847-5e400c627662 968792fcbfc242fa83e65541a24d3e5d 31c8f0aa89e24072b1ad995e0b1056ef - - default default] No more DHCP agents
2026-05-27 11:09:18.054 10 WARNING neutron.api.rpc.agentnotifiers.dhcp_rpc_agent_api [None req-a960103a-3aeb-438b-b847-5e400c627662 968792fcbfc242fa83e65541a24d3e5d 31c8f0aa89e24072b1ad995e0b1056ef - - default default] Unable to schedule network 44a03c14-bc05-408e-9ed2-a2fd334f450f: no agents available; will retry on subsequent port and subnet creation events.
2026-05-27 11:09:18.112 10 INFO neutron.db.ovn_revision_numbers_db [None req-a960103a-3aeb-438b-b847-5e400c627662 968792fcbfc242fa83e65541a24d3e5d 31c8f0aa89e24072b1ad995e0b1056ef - - default default] Successfully bumped revision number for resource a2d91c0a-6937-4bb1-bba6-4b80cd786714 (type: ports) to 1
2026-05-27 11:09:18.131 10 INFO neutron.api.wsgi [None req-a960103a-3aeb-438b-b847-5e400c627662 968792fcbfc242fa83e65541a24d3e5d 31c8f0aa89e24072b1ad995e0b1056ef - - default default] 10.0.0.9 "POST /v2.0/networks HTTP/1.1" status: 201 len: 830 time: 0.7415013
2026-05-27 11:09:18.131 11 WARNING neutron.scheduler.dhcp_agent_scheduler [None req-428d3b19-9004-4688-9d11-993bea6ac249 d5239c2ad7a9455bb4e7d693858edd25 181ab690c7d847c498ef571f38c8c6d5 - - default default] No more DHCP agents
2026-05-27 11:09:18.134 11 WARNING neutron.api.rpc.agentnotifiers.dhcp_rpc_agent_api [None req-428d3b19-9004-4688-9d11-993bea6ac249 d5239c2ad7a9455bb4e7d693858edd25 181ab690c7d847c498ef571f38c8c6d5 - - default default] Unable to schedule network 858f1ba7-ade4-4140-a086-9b32937007d2: no agents available; will retry on subsequent port and subnet creation events.
2026-05-27 11:09:18.141 10 WARNING neutron_lib.context [None req-192d6921-53e7-4e46-b3d4-20d099e0becc 968792fcbfc242fa83e65541a24d3e5d 31c8f0aa89e24072b1ad995e0b1056ef - - default default] Method 'is_advsvc' is deprecated since 2023.2 release (neutron-lib 3.8.0) and will be removed once support for the old RBAC API policies will be removed from Neutron. Please use method 'is_service_role' instead.
2026-05-27 11:09:18.184 11 INFO neutron.db.ovn_revision_numbers_db [None req-428d3b19-9004-4688-9d11-993bea6ac249 d5239c2ad7a9455bb4e7d693858edd25 181ab690c7d847c498ef571f38c8c6d5 - - default default] Successfully bumped revision number for resource dfd11b2e-a4d6-4378-8add-7d67fe5e3317 (type: subnets) to 0
2026-05-27 11:09:18.202 11 INFO neutron.api.wsgi [None req-428d3b19-9004-4688-9d11-993bea6ac249 d5239c2ad7a9455bb4e7d693858edd25 181ab690c7d847c498ef571f38c8c6d5 - - default default] 10.0.0.9 "POST /v2.0/subnets HTTP/1.1" status: 201 len: 845 time: 0.3714046
2026-05-27 11:09:18.214 10 WARNING neutron_lib.context [None req-8b8cd0cb-5e2e-41bb-a900-89c5dea15c8e d5239c2ad7a9455bb4e7d693858edd25 181ab690c7d847c498ef571f38c8c6d5 - - default default] Method 'is_advsvc' is deprecated since 2023.2 release (neutron-lib 3.8.0) and will be removed once support for the old RBAC API policies will be removed from Neutron. Please use method 'is_service_role' instead.
2026-05-27 11:09:18.231 10 INFO neutron.db.segments_db [None req-192d6921-53e7-4e46-b3d4-20d099e0becc 968792fcbfc242fa83e65541a24d3e5d 31c8f0aa89e24072b1ad995e0b1056ef - - default default] Added segment b50f1803-f061-48df-8e1a-c54191de1ac9 of type geneve for network ef75f04f-d9a5-4326-8da9-1716feb3b2ff
2026-05-27 11:09:18.332 10 INFO neutron.db.ovn_revision_numbers_db [None req-8b8cd0cb-5e2e-41bb-a900-89c5dea15c8e d5239c2ad7a9455bb4e7d693858edd25 181ab690c7d847c498ef571f38c8c6d5 - - default default] Successfully bumped revision number for resource fcf2426d-b171-4fc9-ab29-d84164db732e (type: routers) to 1
2026-05-27 11:09:18.345 10 INFO neutron.api.wsgi [None req-8b8cd0cb-5e2e-41bb-a900-89c5dea15c8e d5239c2ad7a9455bb4e7d693858edd25 181ab690c7d847c498ef571f38c8c6d5 - - default default] 10.0.0.9 "POST /v2.0/routers HTTP/1.1" status: 201 len: 806 time: 0.1370831
2026-05-27 11:09:18.406 10 INFO neutron.db.ovn_revision_numbers_db [None req-192d6921-53e7-4e46-b3d4-20d099e0becc 968792fcbfc242fa83e65541a24d3e5d 31c8f0aa89e24072b1ad995e0b1056ef - - default default] Successfully bumped revision number for resource ef75f04f-d9a5-4326-8da9-1716feb3b2ff (type: networks) to 1
2026-05-27 11:09:18.619 10 WARNING neutron.scheduler.dhcp_agent_scheduler [None req-192d6921-53e7-4e46-b3d4-20d099e0becc 968792fcbfc242fa83e65541a24d3e5d 31c8f0aa89e24072b1ad995e0b1056ef - - default default] No more DHCP agents
2026-05-27 11:09:18.621 10 WARNING neutron.api.rpc.agentnotifiers.dhcp_rpc_agent_api [None req-192d6921-53e7-4e46-b3d4-20d099e0becc 968792fcbfc242fa83e65541a24d3e5d 31c8f0aa89e24072b1ad995e0b1056ef - - default default] Unable to schedule network ef75f04f-d9a5-4326-8da9-1716feb3b2ff: no agents available; will retry on subsequent port and subnet creation events.
2026-05-27 11:09:18.720 10 INFO neutron.db.ovn_revision_numbers_db [None req-192d6921-53e7-4e46-b3d4-20d099e0becc 968792fcbfc242fa83e65541a24d3e5d 31c8f0aa89e24072b1ad995e0b1056ef - - default default] Successfully bumped revision number for resource 9dd35c12-52b9-4b4f-88e0-681e8e1dbe41 (type: ports) to 1
2026-05-27 11:09:18.743 10 INFO neutron.api.wsgi [None req-192d6921-53e7-4e46-b3d4-20d099e0becc 968792fcbfc242fa83e65541a24d3e5d 31c8f0aa89e24072b1ad995e0b1056ef - - default default] 10.0.0.9 "POST /v2.0/networks HTTP/1.1" status: 201 len: 831 time: 0.6060364
2026-05-27 11:09:18.752 10 WARNING neutron.scheduler.dhcp_agent_scheduler [None req-bd80fafd-2926-4eb2-9028-81398e8f3263 d5239c2ad7a9455bb4e7d693858edd25 181ab690c7d847c498ef571f38c8c6d5 - - default default] No more DHCP agents
2026-05-27 11:09:18.754 10 WARNING neutron.api.rpc.agentnotifiers.dhcp_rpc_agent_api [None req-bd80fafd-2926-4eb2-9028-81398e8f3263 d5239c2ad7a9455bb4e7d693858edd25 181ab690c7d847c498ef571f38c8c6d5 - - default default] Unable to schedule network 858f1ba7-ade4-4140-a086-9b32937007d2: no agents available; will retry on subsequent port and subnet creation events.
2026-05-27 11:09:18.781 10 INFO neutron.api.wsgi [None req-d5a2bb96-5b3d-4dc3-bc3e-61dca11bc4ec 968792fcbfc242fa83e65541a24d3e5d 31c8f0aa89e24072b1ad995e0b1056ef - - default default] 10.0.0.9 "PUT /v2.0/networks/44a03c14-bc05-408e-9ed2-a2fd334f450f/tags HTTP/1.1" status: 200 len: 218 time: 0.0332406
2026-05-27 11:09:18.831 10 INFO neutron.api.wsgi [None req-34407946-2b05-43f1-85de-0052b19229b8 968792fcbfc242fa83e65541a24d3e5d 31c8f0aa89e24072b1ad995e0b1056ef - - default default] 10.0.0.9 "GET /v2.0/networks/44a03c14-bc05-408e-9ed2-a2fd334f450f/tags HTTP/1.1" status: 200 len: 218 time: 0.0421450
2026-05-27 11:09:18.852 11 INFO neutron.api.wsgi [None req-7ae859c7-1c12-45f1-a6e9-752e7dc4bd57 e1764593464c4aa78df777aa75f0e064 ea974855a7484f339df3e98ed07b1cd9 - - default default] 10.0.0.9 "DELETE /v2.0/routers/eff569d6-b529-45e8-ac16-ea4c685611b7 HTTP/1.1" status: 204 len: 168 time: 0.8105962
2026-05-27 11:09:18.852 10 INFO neutron.db.ovn_revision_numbers_db [None req-bd80fafd-2926-4eb2-9028-81398e8f3263 d5239c2ad7a9455bb4e7d693858edd25 181ab690c7d847c498ef571f38c8c6d5 - - default default] Successfully bumped revision number for resource 0c47f42b-fb5f-496c-b57c-4a60999048bd (type: ports) to 1
2026-05-27 11:09:18.914 10 INFO neutron.api.wsgi [None req-a4b892c9-d18d-46ce-af0b-9a0fb6ca9986 968792fcbfc242fa83e65541a24d3e5d 31c8f0aa89e24072b1ad995e0b1056ef - - default default] 10.0.0.9 "PUT /v2.0/networks/ef75f04f-d9a5-4326-8da9-1716feb3b2ff/tags HTTP/1.1" status: 200 len: 210 time: 0.0764756
2026-05-27 11:09:18.947 11 INFO neutron.api.wsgi [None req-3c9e88d8-1c1c-4e0d-a59c-a28fe35d17c2 968792fcbfc242fa83e65541a24d3e5d 31c8f0aa89e24072b1ad995e0b1056ef - - default default] 10.0.0.9 "GET /v2.0/networks/ef75f04f-d9a5-4326-8da9-1716feb3b2ff/tags HTTP/1.1" status: 200 len: 210 time: 0.0282443
2026-05-27 11:09:18.987 11 INFO neutron.api.wsgi [None req-a6cf5bf3-f7f8-4090-942b-207ed03851dc 968792fcbfc242fa83e65541a24d3e5d 31c8f0aa89e24072b1ad995e0b1056ef - - default default] 10.0.0.9 "PUT /v2.0/networks/ef75f04f-d9a5-4326-8da9-1716feb3b2ff/tags HTTP/1.1" status: 200 len: 205 time: 0.0347571
2026-05-27 11:09:19.022 11 INFO neutron.api.wsgi [None req-4929f95c-ff63-45ad-b3e5-a4e21ec31b67 968792fcbfc242fa83e65541a24d3e5d 31c8f0aa89e24072b1ad995e0b1056ef - - default default] 10.0.0.9 "GET /v2.0/networks/ef75f04f-d9a5-4326-8da9-1716feb3b2ff/tags HTTP/1.1" status: 200 len: 205 time: 0.0304291
2026-05-27 11:09:19.048 11 INFO neutron.api.wsgi [None req-ad3cf61e-7913-4eea-a124-42953ebc0d65 968792fcbfc242fa83e65541a24d3e5d 31c8f0aa89e24072b1ad995e0b1056ef - - default default] 10.0.0.9 "GET /v2.0/networks/44a03c14-bc05-408e-9ed2-a2fd334f450f/tags HTTP/1.1" status: 200 len: 218 time: 0.0209703
2026-05-27 11:09:19.079 10 INFO neutron.api.wsgi [None req-40cc24dd-c308-4fec-881e-ffb5cfde1245 e1764593464c4aa78df777aa75f0e064 ea974855a7484f339df3e98ed07b1cd9 - - default default] 10.0.0.9 "DELETE /v2.0/subnets/4955f057-8373-42dd-9924-24cf1ba783e9 HTTP/1.1" status: 204 len: 168 time: 0.2206762
2026-05-27 11:09:19.349 11 INFO neutron.services.segments.plugin [-] Segment bbd9677e-8bd7-4e61-b67c-aa6f7ae74e82 resource provider aggregate not found
2026-05-27 11:09:19.353 11 INFO neutron.services.segments.plugin [-] Segment bbd9677e-8bd7-4e61-b67c-aa6f7ae74e82 resource provider aggregate not found
2026-05-27 11:09:19.363 10 INFO neutron.db.ovn_revision_numbers_db [None req-bd80fafd-2926-4eb2-9028-81398e8f3263 d5239c2ad7a9455bb4e7d693858edd25 181ab690c7d847c498ef571f38c8c6d5 - - default default] Successfully bumped revision number for resource 0c47f42b-fb5f-496c-b57c-4a60999048bd (type: ports) to 1
2026-05-27 11:09:19.364 11 INFO neutron.services.segments.plugin [-] Segment bbd9677e-8bd7-4e61-b67c-aa6f7ae74e82 resource provider not found; error: Placement Client Error (4xx): {"errors": [{"status": 404, "title": "Not Found", "detail": "The resource could not be found.\n\n No resource provider with uuid bbd9677e-8bd7-4e61-b67c-aa6f7ae74e82 found for delete ", "request_id": "req-69f0d360-3ddb-4879-8810-a2ff7599d9d2"}]}
2026-05-27 11:09:19.367 11 INFO neutron.services.segments.plugin [-] Segment bbd9677e-8bd7-4e61-b67c-aa6f7ae74e82 resource provider not found; error: Placement Client Error (4xx): {"errors": [{"status": 404, "title": "Not Found", "detail": "The resource could not be found.\n\n No resource provider with uuid bbd9677e-8bd7-4e61-b67c-aa6f7ae74e82 found for delete ", "request_id": "req-14dc611e-1b41-4206-a773-e95970193f37"}]}
2026-05-27 11:09:19.385 11 INFO neutron.api.wsgi [None req-87db1251-a1ca-4136-932b-976f8addb37f 968792fcbfc242fa83e65541a24d3e5d 31c8f0aa89e24072b1ad995e0b1056ef - - default default] 10.0.0.9 "DELETE /v2.0/networks/44a03c14-bc05-408e-9ed2-a2fd334f450f HTTP/1.1" status: 204 len: 168 time: 0.3138471
2026-05-27 11:09:19.429 10 INFO neutron.services.segments.plugin [-] Segment c14290d3-b657-4c50-a9d0-4b1f872c8eb3 resource provider aggregate not found
2026-05-27 11:09:19.431 10 WARNING neutron.scheduler.dhcp_agent_scheduler [None req-bd80fafd-2926-4eb2-9028-81398e8f3263 d5239c2ad7a9455bb4e7d693858edd25 181ab690c7d847c498ef571f38c8c6d5 - - default default] No more DHCP agents
2026-05-27 11:09:19.432 10 WARNING neutron.api.rpc.agentnotifiers.dhcp_rpc_agent_api [None req-bd80fafd-2926-4eb2-9028-81398e8f3263 d5239c2ad7a9455bb4e7d693858edd25 181ab690c7d847c498ef571f38c8c6d5 - - default default] Unable to schedule network 858f1ba7-ade4-4140-a086-9b32937007d2: no agents available; will retry on subsequent port and subnet creation events.
2026-05-27 11:09:19.442 10 INFO neutron.services.segments.plugin [-] Segment c14290d3-b657-4c50-a9d0-4b1f872c8eb3 resource provider not found; error: Placement Client Error (4xx): {"errors": [{"status": 404, "title": "Not Found", "detail": "The resource could not be found.\n\n No resource provider with uuid c14290d3-b657-4c50-a9d0-4b1f872c8eb3 found for delete ", "request_id": "req-39420906-3029-42af-a491-a9f483bc4f91"}]}
2026-05-27 11:09:19.442 10 INFO neutron.services.segments.plugin [-] Segment c14290d3-b657-4c50-a9d0-4b1f872c8eb3 resource provider aggregate not found
2026-05-27 11:09:19.456 10 INFO neutron.services.segments.plugin [-] Segment c14290d3-b657-4c50-a9d0-4b1f872c8eb3 resource provider not found; error: Placement Client Error (4xx): {"errors": [{"status": 404, "title": "Not Found", "detail": "The resource could not be found.\n\n No resource provider with uuid c14290d3-b657-4c50-a9d0-4b1f872c8eb3 found for delete ", "request_id": "req-38fba430-794e-45c6-8b2f-45a20df71b9f"}]}
2026-05-27 11:09:19.465 10 INFO neutron.api.wsgi [None req-ecd5d739-f723-4210-a3f2-c09af0ad6020 e1764593464c4aa78df777aa75f0e064 ea974855a7484f339df3e98ed07b1cd9 - - default default] 10.0.0.9 "DELETE /v2.0/networks/b77b89fb-dda0-41a8-bb92-0aa2d4e854c4 HTTP/1.1" status: 204 len: 168 time: 0.3815010
2026-05-27 11:09:19.647 10 INFO neutron.db.ovn_revision_numbers_db [None req-bd80fafd-2926-4eb2-9028-81398e8f3263 d5239c2ad7a9455bb4e7d693858edd25 181ab690c7d847c498ef571f38c8c6d5 - - default default] Successfully bumped revision number for resource 0c47f42b-fb5f-496c-b57c-4a60999048bd (type: router_ports) to 1
2026-05-27 11:09:19.652 10 INFO neutron.api.wsgi [None req-bd80fafd-2926-4eb2-9028-81398e8f3263 d5239c2ad7a9455bb4e7d693858edd25 181ab690c7d847c498ef571f38c8c6d5 - - default default] 10.0.0.9 "PUT /v2.0/routers/fcf2426d-b171-4fc9-ab29-d84164db732e/add_router_interface HTTP/1.1" status: 200 len: 503 time: 1.2970784
2026-05-27 11:09:19.659 10 INFO neutron.api.wsgi [None req-1c52942f-66d0-47d9-bc1d-68112d253ef1 e1764593464c4aa78df777aa75f0e064 ea974855a7484f339df3e98ed07b1cd9 - - default default] 10.0.0.9 "GET /v2.0/security-groups?tenant_id=da8ab9ac67514c9ea320db9d1f38503a&name=default HTTP/1.1" status: 200 len: 3120 time: 0.0346904
2026-05-27 11:09:19.685 11 INFO neutron.api.wsgi [None req-b98824fe-bfd7-464c-9de9-cc9b9638f790 968792fcbfc242fa83e65541a24d3e5d 31c8f0aa89e24072b1ad995e0b1056ef - - default default] 10.0.0.9 "DELETE /v2.0/networks/ef75f04f-d9a5-4326-8da9-1716feb3b2ff HTTP/1.1" status: 204 len: 168 time: 0.2941496
2026-05-27 11:09:19.723 10 INFO neutron.api.wsgi [None req-755fdb09-e9c5-44b2-9e35-70727a32e2d2 d5239c2ad7a9455bb4e7d693858edd25 181ab690c7d847c498ef571f38c8c6d5 - - default default] 10.0.0.9 "GET /v2.0/ports/0c47f42b-fb5f-496c-b57c-4a60999048bd HTTP/1.1" status: 200 len: 1139 time: 0.0656571
2026-05-27 11:09:19.760 10 INFO neutron.api.wsgi [None req-ea5bb69a-ad63-4e06-8063-9e7e28188559 d5239c2ad7a9455bb4e7d693858edd25 181ab690c7d847c498ef571f38c8c6d5 - - default default] 10.0.0.9 "GET /v2.0/ports/0c47f42b-fb5f-496c-b57c-4a60999048bd HTTP/1.1" status: 200 len: 1139 time: 0.0303457
2026-05-27 11:09:19.877 11 INFO neutron.db.ovn_revision_numbers_db [None req-7ae121de-c33e-42a5-94e8-957abf3f434e e1764593464c4aa78df777aa75f0e064 ea974855a7484f339df3e98ed07b1cd9 - - default default] Successfully bumped revision number for resource 2fcf8791-329d-4191-8261-12a98b30db39 (type: security_groups) to 1
2026-05-27 11:09:19.893 11 INFO neutron.api.wsgi [None req-65b97393-a07d-4acb-87ff-faafcb14f022 e1764593464c4aa78df777aa75f0e064 ea974855a7484f339df3e98ed07b1cd9 - - default default] 10.0.0.9 "DELETE /v2.0/security-groups/f3c97237-a58d-4548-baac-21db32c7d254 HTTP/1.1" status: 204 len: 168 time: 0.2254567
2026-05-27 11:09:19.893 11 INFO neutron.db.ovn_revision_numbers_db [None req-7ae121de-c33e-42a5-94e8-957abf3f434e e1764593464c4aa78df777aa75f0e064 ea974855a7484f339df3e98ed07b1cd9 - - default default] Successfully bumped revision number for resource 69ae91b9-2b4d-4bdc-a308-1ac28d955151 (type: security_group_rules) to 0
2026-05-27 11:09:19.903 11 INFO neutron.db.ovn_revision_numbers_db [None req-7ae121de-c33e-42a5-94e8-957abf3f434e e1764593464c4aa78df777aa75f0e064 ea974855a7484f339df3e98ed07b1cd9 - - default default] Successfully bumped revision number for resource cc8fdf48-d534-4e91-a4c7-b4b83d79a548 (type: security_group_rules) to 0
2026-05-27 11:09:19.915 11 INFO neutron.db.ovn_revision_numbers_db [None req-7ae121de-c33e-42a5-94e8-957abf3f434e e1764593464c4aa78df777aa75f0e064 ea974855a7484f339df3e98ed07b1cd9 - - default default] Successfully bumped revision number for resource d54ac649-26d3-4a8d-a529-60508a9d2d41 (type: security_group_rules) to 0
2026-05-27 11:09:19.927 11 INFO neutron.db.ovn_revision_numbers_db [None req-7ae121de-c33e-42a5-94e8-957abf3f434e e1764593464c4aa78df777aa75f0e064 ea974855a7484f339df3e98ed07b1cd9 - - default default] Successfully bumped revision number for resource e59e3198-ee9b-4546-a59f-d2e53842550b (type: security_group_rules) to 0
2026-05-27 11:09:19.962 11 INFO neutron.api.wsgi [None req-7ae121de-c33e-42a5-94e8-957abf3f434e e1764593464c4aa78df777aa75f0e064 ea974855a7484f339df3e98ed07b1cd9 - - default default] 10.0.0.9 "GET /v2.0/security-groups?tenant_id=2ae8039aa00749fb835f8d62cd2b6bff&name=default HTTP/1.1" status: 200 len: 3120 time: 0.4135616
2026-05-27 11:09:20.178 11 INFO neutron.api.wsgi [None req-f6f8a92e-77ad-4c32-bd11-76c8f19a4f80 e1764593464c4aa78df777aa75f0e064 ea974855a7484f339df3e98ed07b1cd9 - - default default] 10.0.0.9 "DELETE /v2.0/security-groups/2fcf8791-329d-4191-8261-12a98b30db39 HTTP/1.1" status: 204 len: 168 time: 0.2118387
2026-05-27 11:09:20.397 11 INFO neutron.db.ovn_revision_numbers_db [None req-0c44c4e3-f0f9-4c5e-8589-543440a3a605 e1764593464c4aa78df777aa75f0e064 ea974855a7484f339df3e98ed07b1cd9 - - default default] Successfully bumped revision number for resource 91f58eea-9c66-4c5c-b382-aa94dafdfedc (type: security_groups) to 1
2026-05-27 11:09:20.415 11 INFO neutron.db.ovn_revision_numbers_db [None req-0c44c4e3-f0f9-4c5e-8589-543440a3a605 e1764593464c4aa78df777aa75f0e064 ea974855a7484f339df3e98ed07b1cd9 - - default default] Successfully bumped revision number for resource 19c31560-22e8-4910-9204-a9acbabad2e2 (type: security_group_rules) to 0
2026-05-27 11:09:20.427 11 INFO neutron.db.ovn_revision_numbers_db [None req-0c44c4e3-f0f9-4c5e-8589-543440a3a605 e1764593464c4aa78df777aa75f0e064 ea974855a7484f339df3e98ed07b1cd9 - - default default] Successfully bumped revision number for resource 56f799fb-739a-49f8-b893-2f9f342330f4 (type: security_group_rules) to 0
2026-05-27 11:09:20.433 11 INFO neutron.api.wsgi [None req-33c77497-a6c8-4a4e-94fb-9bf6dcff776b e1764593464c4aa78df777aa75f0e064 ea974855a7484f339df3e98ed07b1cd9 - - default default] 10.0.0.9 "GET /v2.0/security-groups?tenant_id=31c8f0aa89e24072b1ad995e0b1056ef&name=default HTTP/1.1" status: 200 len: 3120 time: 0.1802621
2026-05-27 11:09:20.442 11 INFO neutron.db.ovn_revision_numbers_db [None req-0c44c4e3-f0f9-4c5e-8589-543440a3a605 e1764593464c4aa78df777aa75f0e064 ea974855a7484f339df3e98ed07b1cd9 - - default default] Successfully bumped revision number for resource a4211725-8009-43aa-babe-204a19546d89 (type: security_group_rules) to 0
2026-05-27 11:09:20.459 11 INFO neutron.db.ovn_revision_numbers_db [None req-0c44c4e3-f0f9-4c5e-8589-543440a3a605 e1764593464c4aa78df777aa75f0e064 ea974855a7484f339df3e98ed07b1cd9 - - default default] Successfully bumped revision number for resource b2c01e2a-183d-4f05-a8a1-6c6b2152d16f (type: security_group_rules) to 0
2026-05-27 11:09:20.497 11 INFO neutron.api.wsgi [None req-0c44c4e3-f0f9-4c5e-8589-543440a3a605 e1764593464c4aa78df777aa75f0e064 ea974855a7484f339df3e98ed07b1cd9 - - default default] 10.0.0.9 "GET /v2.0/security-groups?tenant_id=522c7c15ec7d44f5b43db2671c7a591f&name=default HTTP/1.1" status: 200 len: 3120 time: 0.2017343
2026-05-27 11:09:20.687 11 INFO neutron.api.wsgi [None req-027805c8-10c1-45e9-a84a-83c128f66179 e1764593464c4aa78df777aa75f0e064 ea974855a7484f339df3e98ed07b1cd9 - - default default] 10.0.0.9 "DELETE /v2.0/security-groups/5a7fe424-3b68-45c7-9ef9-1ef898e3e3ff HTTP/1.1" status: 204 len: 168 time: 0.2488379
2026-05-27 11:09:20.710 10 INFO neutron.api.wsgi [None req-485d6d44-62c4-417e-b68f-1f52fae25687 e1764593464c4aa78df777aa75f0e064 ea974855a7484f339df3e98ed07b1cd9 - - default default] 10.0.0.9 "DELETE /v2.0/security-groups/91f58eea-9c66-4c5c-b382-aa94dafdfedc HTTP/1.1" status: 204 len: 168 time: 0.2067835
2026-05-27 11:09:20.798 10 INFO neutron.api.wsgi [None req-009aff45-48a2-4907-95f4-3f05b10c93d2 d5239c2ad7a9455bb4e7d693858edd25 181ab690c7d847c498ef571f38c8c6d5 - - default default] 10.0.0.9 "GET /v2.0/ports/0c47f42b-fb5f-496c-b57c-4a60999048bd HTTP/1.1" status: 200 len: 1139 time: 0.0329399
2026-05-27 11:09:20.912 11 INFO neutron.db.ovn_revision_numbers_db [None req-0b056b2b-d70f-480a-a174-d714914e2c14 e1764593464c4aa78df777aa75f0e064 ea974855a7484f339df3e98ed07b1cd9 - - default default] Successfully bumped revision number for resource bd88ed54-09ef-445c-bd74-6f3a929754f3 (type: security_groups) to 1
2026-05-27 11:09:20.925 11 INFO neutron.db.ovn_revision_numbers_db [None req-0b056b2b-d70f-480a-a174-d714914e2c14 e1764593464c4aa78df777aa75f0e064 ea974855a7484f339df3e98ed07b1cd9 - - default default] Successfully bumped revision number for resource 2f585677-982f-4b52-a3dd-6f0eeab55ecf (type: security_group_rules) to 0
2026-05-27 11:09:20.939 11 INFO neutron.db.ovn_revision_numbers_db [None req-0b056b2b-d70f-480a-a174-d714914e2c14 e1764593464c4aa78df777aa75f0e064 ea974855a7484f339df3e98ed07b1cd9 - - default default] Successfully bumped revision number for resource 5f2335d5-2ac9-41b2-9bfc-c1ae32f6acc6 (type: security_group_rules) to 0
2026-05-27 11:09:20.951 11 INFO neutron.db.ovn_revision_numbers_db [None req-0b056b2b-d70f-480a-a174-d714914e2c14 e1764593464c4aa78df777aa75f0e064 ea974855a7484f339df3e98ed07b1cd9 - - default default] Successfully bumped revision number for resource e796798d-8aa3-4f7b-b903-2098f9dae4ea (type: security_group_rules) to 0
2026-05-27 11:09:20.964 11 INFO neutron.db.ovn_revision_numbers_db [None req-0b056b2b-d70f-480a-a174-d714914e2c14 e1764593464c4aa78df777aa75f0e064 ea974855a7484f339df3e98ed07b1cd9 - - default default] Successfully bumped revision number for resource e7b8c9e6-bb49-4bb0-9359-912ae524078b (type: security_group_rules) to 0
2026-05-27 11:09:21.008 11 INFO neutron.api.wsgi [None req-0b056b2b-d70f-480a-a174-d714914e2c14 e1764593464c4aa78df777aa75f0e064 ea974855a7484f339df3e98ed07b1cd9 - - default default] 10.0.0.9 "GET /v2.0/security-groups?tenant_id=2f94862880e74112923354da28d0d96e&name=default HTTP/1.1" status: 200 len: 3120 time: 0.2177424
2026-05-27 11:09:21.067 10 WARNING neutron.plugins.ml2.drivers.ovn.mech_driver.ovsdb.ovn_client [None req-16482bdf-c893-4785-ac44-1ea6dd536089 - - - - - -] No port found with ID 3d7ecac4-31ca-4c2c-88ff-a6dcc1a86be9: RuntimeError: No port found with ID 3d7ecac4-31ca-4c2c-88ff-a6dcc1a86be9
2026-05-27 11:09:21.088 10 INFO neutron.plugins.ml2.drivers.ovn.mech_driver.mech_driver [None req-16482bdf-c893-4785-ac44-1ea6dd536089 - - - - - -] OVN reports status up for port: 0c47f42b-fb5f-496c-b57c-4a60999048bd
2026-05-27 11:09:21.094 10 INFO neutron.plugins.ml2.plugin [None req-16482bdf-c893-4785-ac44-1ea6dd536089 - - - - - -] Attempt 1 to provision port 0c47f42b-fb5f-496c-b57c-4a60999048bd
2026-05-27 11:09:21.245 11 INFO neutron.api.wsgi [None req-379c674d-1c5c-4843-a348-6e5d063d4b4c e1764593464c4aa78df777aa75f0e064 ea974855a7484f339df3e98ed07b1cd9 - - default default] 10.0.0.9 "DELETE /v2.0/security-groups/bd88ed54-09ef-445c-bd74-6f3a929754f3 HTTP/1.1" status: 204 len: 168 time: 0.2321775
2026-05-27 11:09:21.383 11 INFO neutron.services.segments.plugin [-] Segment b50f1803-f061-48df-8e1a-c54191de1ac9 resource provider aggregate not found
2026-05-27 11:09:21.386 11 INFO neutron.services.segments.plugin [-] Segment b50f1803-f061-48df-8e1a-c54191de1ac9 resource provider aggregate not found
2026-05-27 11:09:21.395 11 INFO neutron.services.segments.plugin [-] Segment b50f1803-f061-48df-8e1a-c54191de1ac9 resource provider not found; error: Placement Client Error (4xx): {"errors": [{"status": 404, "title": "Not Found", "detail": "The resource could not be found.\n\n No resource provider with uuid b50f1803-f061-48df-8e1a-c54191de1ac9 found for delete ", "request_id": "req-c48d53c0-aac9-4bf5-bdc7-eb3a819d1f8d"}]}
2026-05-27 11:09:21.401 11 INFO neutron.services.segments.plugin [-] Segment b50f1803-f061-48df-8e1a-c54191de1ac9 resource provider not found; error: Placement Client Error (4xx): {"errors": [{"status": 404, "title": "Not Found", "detail": "The resource could not be found.\n\n No resource provider with uuid b50f1803-f061-48df-8e1a-c54191de1ac9 found for delete ", "request_id": "req-b32e31b0-3992-4701-8b40-f228009a2941"}]}
2026-05-27 11:09:21.409 10 INFO neutron.db.ovn_revision_numbers_db [None req-16482bdf-c893-4785-ac44-1ea6dd536089 - - - - - -] Successfully bumped revision number for resource 0c47f42b-fb5f-496c-b57c-4a60999048bd (type: ports) to 2
2026-05-27 11:09:21.833 10 INFO neutron.api.wsgi [None req-64c4a6b6-b18b-4c3a-8842-2655a84de96f d5239c2ad7a9455bb4e7d693858edd25 181ab690c7d847c498ef571f38c8c6d5 - - default default] 10.0.0.9 "GET /v2.0/ports/0c47f42b-fb5f-496c-b57c-4a60999048bd HTTP/1.1" status: 200 len: 1141 time: 0.0294414
2026-05-27 11:09:21.864 11 INFO neutron.db.ovn_revision_numbers_db [None req-b344ff01-6861-4a8f-9276-01192a8a42e0 e1764593464c4aa78df777aa75f0e064 ea974855a7484f339df3e98ed07b1cd9 - - default default] Successfully bumped revision number for resource 788ce1cb-52a7-4e31-8f46-0d00c75e8ad6 (type: security_groups) to 1
2026-05-27 11:09:21.876 11 INFO neutron.db.ovn_revision_numbers_db [None req-b344ff01-6861-4a8f-9276-01192a8a42e0 e1764593464c4aa78df777aa75f0e064 ea974855a7484f339df3e98ed07b1cd9 - - default default] Successfully bumped revision number for resource 1bc3402f-0402-4a20-bee3-893f92ee3f21 (type: security_group_rules) to 0
2026-05-27 11:09:21.889 11 INFO neutron.db.ovn_revision_numbers_db [None req-b344ff01-6861-4a8f-9276-01192a8a42e0 e1764593464c4aa78df777aa75f0e064 ea974855a7484f339df3e98ed07b1cd9 - - default default] Successfully bumped revision number for resource 65831383-961d-4090-b833-ae625178e700 (type: security_group_rules) to 0
2026-05-27 11:09:21.902 11 INFO neutron.db.ovn_revision_numbers_db [None req-b344ff01-6861-4a8f-9276-01192a8a42e0 e1764593464c4aa78df777aa75f0e064 ea974855a7484f339df3e98ed07b1cd9 - - default default] Successfully bumped revision number for resource 8d85b8ad-46e3-48d8-88b6-91ad2adfa30e (type: security_group_rules) to 0
2026-05-27 11:09:21.917 11 INFO neutron.db.ovn_revision_numbers_db [None req-b344ff01-6861-4a8f-9276-01192a8a42e0 e1764593464c4aa78df777aa75f0e064 ea974855a7484f339df3e98ed07b1cd9 - - default default] Successfully bumped revision number for resource af8c364d-920a-4b3f-978e-d11ec5d16b3c (type: security_group_rules) to 0
2026-05-27 11:09:21.995 11 INFO neutron.db.segments_db [None req-b344ff01-6861-4a8f-9276-01192a8a42e0 e1764593464c4aa78df777aa75f0e064 ea974855a7484f339df3e98ed07b1cd9 - - default default] Added segment d1e2ecd9-0fdd-4d64-b211-07cdb5784fc4 of type geneve for network 10225fd7-abd4-4568-b2eb-0928e92de7ae
2026-05-27 11:09:22.107 11 INFO neutron.api.wsgi [-] 10.0.0.184 "GET / HTTP/1.1" status: 200 len: 247 time: 0.0023339
2026-05-27 11:09:22.109 11 INFO neutron.api.wsgi [-] 10.0.0.184 "GET / HTTP/1.1" status: 200 len: 247 time: 0.0012498
2026-05-27 11:09:22.115 11 INFO neutron.db.ovn_revision_numbers_db [None req-b344ff01-6861-4a8f-9276-01192a8a42e0 e1764593464c4aa78df777aa75f0e064 ea974855a7484f339df3e98ed07b1cd9 - - default default] Successfully bumped revision number for resource 10225fd7-abd4-4568-b2eb-0928e92de7ae (type: networks) to 1
2026-05-27 11:09:22.266 11 WARNING neutron.scheduler.dhcp_agent_scheduler [None req-b344ff01-6861-4a8f-9276-01192a8a42e0 e1764593464c4aa78df777aa75f0e064 ea974855a7484f339df3e98ed07b1cd9 - - default default] No more DHCP agents
2026-05-27 11:09:22.267 11 WARNING neutron.api.rpc.agentnotifiers.dhcp_rpc_agent_api [None req-b344ff01-6861-4a8f-9276-01192a8a42e0 e1764593464c4aa78df777aa75f0e064 ea974855a7484f339df3e98ed07b1cd9 - - default default] Unable to schedule network 10225fd7-abd4-4568-b2eb-0928e92de7ae: no agents available; will retry on subsequent port and subnet creation events.
2026-05-27 11:09:22.334 11 INFO neutron.db.ovn_revision_numbers_db [None req-b344ff01-6861-4a8f-9276-01192a8a42e0 e1764593464c4aa78df777aa75f0e064 ea974855a7484f339df3e98ed07b1cd9 - - default default] Successfully bumped revision number for resource 66bb7801-391a-4d1b-946f-dec9aff9d9f3 (type: ports) to 1
2026-05-27 11:09:22.354 11 INFO neutron.api.wsgi [None req-b344ff01-6861-4a8f-9276-01192a8a42e0 e1764593464c4aa78df777aa75f0e064 ea974855a7484f339df3e98ed07b1cd9 - - default default] 10.0.0.9 "POST /v2.0/networks HTTP/1.1" status: 201 len: 946 time: 0.7948306
2026-05-27 11:09:22.373 10 INFO neutron.api.wsgi [None req-48d9aefc-1cf3-42eb-8fe8-e393c333de8b d5239c2ad7a9455bb4e7d693858edd25 181ab690c7d847c498ef571f38c8c6d5 - - default default] 10.0.0.9 "PUT /v2.0/routers/fcf2426d-b171-4fc9-ab29-d84164db732e/remove_router_interface HTTP/1.1" status: 200 len: 503 time: 0.5343769
2026-05-27 11:09:22.399 11 INFO neutron.api.wsgi [None req-05f64e78-42fa-404a-b9b0-0198338add93 d5239c2ad7a9455bb4e7d693858edd25 181ab690c7d847c498ef571f38c8c6d5 - - default default] 10.0.0.9 "GET /v2.0/ports?device_id=fcf2426d-b171-4fc9-ab29-d84164db732e HTTP/1.1" status: 200 len: 205 time: 0.0216696 /var/lib/openstack/lib/python3.12/site-packages/pycadf/identifier.py:71: UserWarning: Invalid uuid: neutron. To ensure interoperability, identifiers should be a valid uuid. warnings.warn(('Invalid uuid: %s. To ensure interoperability, '
2026-05-27 11:09:22.493 11 WARNING neutron.scheduler.dhcp_agent_scheduler [None req-fc175ae6-4e58-4855-b8c2-396f0fe051f4 e1764593464c4aa78df777aa75f0e064 ea974855a7484f339df3e98ed07b1cd9 - - default default] No more DHCP agents
2026-05-27 11:09:22.494 11 WARNING neutron.api.rpc.agentnotifiers.dhcp_rpc_agent_api [None req-fc175ae6-4e58-4855-b8c2-396f0fe051f4 e1764593464c4aa78df777aa75f0e064 ea974855a7484f339df3e98ed07b1cd9 - - default default] Unable to schedule network 10225fd7-abd4-4568-b2eb-0928e92de7ae: no agents available; will retry on subsequent port and subnet creation events.
2026-05-27 11:09:22.573 10 INFO neutron.api.wsgi [None req-0cb96cba-f505-49a5-9151-564c17056d54 d5239c2ad7a9455bb4e7d693858edd25 181ab690c7d847c498ef571f38c8c6d5 - - default default] 10.0.0.9 "DELETE /v2.0/routers/fcf2426d-b171-4fc9-ab29-d84164db732e HTTP/1.1" status: 204 len: 168 time: 0.1653237
2026-05-27 11:09:22.703 10 INFO neutron.api.wsgi [None req-fb11fcfd-0fcb-422a-82f5-a5065a967381 d5239c2ad7a9455bb4e7d693858edd25 181ab690c7d847c498ef571f38c8c6d5 - - default default] 10.0.0.9 "DELETE /v2.0/subnets/dfd11b2e-a4d6-4378-8add-7d67fe5e3317 HTTP/1.1" status: 204 len: 168 time: 0.1257627
2026-05-27 11:09:22.862 11 INFO neutron.db.ovn_revision_numbers_db [None req-3257daf8-aa3c-4555-ab5d-d319bf2b9fd2 - - - - - -] Successfully bumped revision number for resource 66bb7801-391a-4d1b-946f-dec9aff9d9f3 (type: ports) to 2
2026-05-27 11:09:22.888 11 INFO neutron.db.ovn_revision_numbers_db [None req-3257daf8-aa3c-4555-ab5d-d319bf2b9fd2 - - - - - -] Successfully bumped revision number for resource bcdb701c-a58f-4908-a548-200c7fed9c25 (type: subnets) to 0
2026-05-27 11:09:22.901 11 INFO neutron.api.wsgi [None req-fc175ae6-4e58-4855-b8c2-396f0fe051f4 e1764593464c4aa78df777aa75f0e064 ea974855a7484f339df3e98ed07b1cd9 - - default default] 10.0.0.9 "POST /v2.0/subnets HTTP/1.1" status: 201 len: 890 time: 0.5415857
2026-05-27 11:09:23.014 10 INFO neutron.services.segments.plugin [-] Segment ae2b02e1-64c5-49ae-88bb-5eaf80e11999 resource provider aggregate not found
2026-05-27 11:09:23.020 10 INFO neutron.services.segments.plugin [-] Segment ae2b02e1-64c5-49ae-88bb-5eaf80e11999 resource provider aggregate not found
2026-05-27 11:09:23.036 10 INFO neutron.services.segments.plugin [-] Segment ae2b02e1-64c5-49ae-88bb-5eaf80e11999 resource provider not found; error: Placement Client Error (4xx): {"errors": [{"status": 404, "title": "Not Found", "detail": "The resource could not be found.\n\n No resource provider with uuid ae2b02e1-64c5-49ae-88bb-5eaf80e11999 found for delete ", "request_id": "req-2dda10b0-3a5f-419a-8e5d-7d38afd472e0"}]}
