2026-05-27 11:10:50.909 11 INFO neutron.api.wsgi [req-382a4c11-f188-4e89-9af8-03fe18f74444 req-0f8d60fd-9dbc-4bbe-b4e1-6e7ea4219f31 0b3ac9ef5e5b4a2d8d59c7bbd6e929c3 89153f75e4d54710a17953dc75f6dd53 - - default default] 199.19.213.37 "GET /v2.0/security-groups?fields=id&fields=name&tenant_id=89153f75e4d54710a17953dc75f6dd53 HTTP/1.1" status: 200 len: 470 time: 0.0410607
2026-05-27 11:10:50.917 11 WARNING neutron_lib.context [req-382a4c11-f188-4e89-9af8-03fe18f74444 req-4a8e687f-7595-473b-a6b7-edbc211cf933 0b3ac9ef5e5b4a2d8d59c7bbd6e929c3 89153f75e4d54710a17953dc75f6dd53 - - default default] Method 'is_advsvc' is deprecated since 2023.2 release (neutron-lib 3.8.0) and will be removed once support for the old RBAC API policies will be removed from Neutron. Please use method 'is_service_role' instead.
2026-05-27 11:10:51.230 11 WARNING neutron.scheduler.dhcp_agent_scheduler [req-382a4c11-f188-4e89-9af8-03fe18f74444 req-4a8e687f-7595-473b-a6b7-edbc211cf933 0b3ac9ef5e5b4a2d8d59c7bbd6e929c3 89153f75e4d54710a17953dc75f6dd53 - - default default] No more DHCP agents
2026-05-27 11:10:51.232 11 WARNING neutron.api.rpc.agentnotifiers.dhcp_rpc_agent_api [req-382a4c11-f188-4e89-9af8-03fe18f74444 req-4a8e687f-7595-473b-a6b7-edbc211cf933 0b3ac9ef5e5b4a2d8d59c7bbd6e929c3 89153f75e4d54710a17953dc75f6dd53 - - default default] Unable to schedule network a3751cee-ec83-45f2-87b6-e2312eaabc58: no agents available; will retry on subsequent port and subnet creation events.
2026-05-27 11:10:51.373 11 INFO neutron.db.ovn_revision_numbers_db [req-382a4c11-f188-4e89-9af8-03fe18f74444 req-4a8e687f-7595-473b-a6b7-edbc211cf933 0b3ac9ef5e5b4a2d8d59c7bbd6e929c3 89153f75e4d54710a17953dc75f6dd53 - - default default] Successfully bumped revision number for resource ab66337c-bb9d-4273-ab91-d55f5c4c560b (type: ports) to 1
2026-05-27 11:10:51.395 11 INFO neutron.api.wsgi [req-382a4c11-f188-4e89-9af8-03fe18f74444 req-4a8e687f-7595-473b-a6b7-edbc211cf933 0b3ac9ef5e5b4a2d8d59c7bbd6e929c3 89153f75e4d54710a17953dc75f6dd53 - - default default] 199.19.213.37 "POST /v2.0/ports HTTP/1.1" status: 201 len: 1197 time: 0.4834194 /var/lib/openstack/lib/python3.12/site-packages/pycadf/identifier.py:71: UserWarning: Invalid uuid: neutron. To ensure interoperability, identifiers should be a valid uuid. warnings.warn(('Invalid uuid: %s. To ensure interoperability, '
2026-05-27 11:10:51.764 11 INFO neutron.db.ovn_revision_numbers_db [req-382a4c11-f188-4e89-9af8-03fe18f74444 req-f4a1f1b2-ec77-4544-a53c-e5db3044a685 d5711ff9ac8a43d98f53b060c4b1362b fe2cb8ebbcda447da4f985851cf6d105 - - f5803dd769f047eca26592da6f65259a f5803dd769f047eca26592da6f65259a] Successfully bumped revision number for resource ab66337c-bb9d-4273-ab91-d55f5c4c560b (type: ports) to 2
2026-05-27 11:10:52.012 11 INFO neutron.db.ovn_revision_numbers_db [req-382a4c11-f188-4e89-9af8-03fe18f74444 req-f4a1f1b2-ec77-4544-a53c-e5db3044a685 d5711ff9ac8a43d98f53b060c4b1362b fe2cb8ebbcda447da4f985851cf6d105 - - f5803dd769f047eca26592da6f65259a f5803dd769f047eca26592da6f65259a] Successfully bumped revision number for resource ab66337c-bb9d-4273-ab91-d55f5c4c560b (type: ports) to 4
2026-05-27 11:10:52.031 11 INFO neutron.api.wsgi [req-382a4c11-f188-4e89-9af8-03fe18f74444 req-f4a1f1b2-ec77-4544-a53c-e5db3044a685 d5711ff9ac8a43d98f53b060c4b1362b fe2cb8ebbcda447da4f985851cf6d105 - - f5803dd769f047eca26592da6f65259a f5803dd769f047eca26592da6f65259a] 199.19.213.37 "PUT /v2.0/ports/ab66337c-bb9d-4273-ab91-d55f5c4c560b HTTP/1.1" status: 200 len: 1443 time: 0.6288722
2026-05-27 11:10:52.046 10 INFO neutron.api.wsgi [req-06ba9291-8a58-433a-9aab-13348ee15a8d req-4e030b15-6048-4abc-a1ba-f6712551e436 0b3ac9ef5e5b4a2d8d59c7bbd6e929c3 89153f75e4d54710a17953dc75f6dd53 - - default default] 10.0.0.91 "GET /v2.0/ports?device_id=f0151f3e-5daa-42fc-b34b-dc88b3c7456c HTTP/1.1" status: 200 len: 1208 time: 0.0771585
2026-05-27 11:10:52.061 11 INFO neutron.notifiers.nova [-] Nova event matching ['req-64ca55db-c2c9-4f50-87a3-03543146277d'] response: {'name': 'network-changed', 'server_uuid': 'f0151f3e-5daa-42fc-b34b-dc88b3c7456c', 'tag': 'ab66337c-bb9d-4273-ab91-d55f5c4c560b', 'status': 'completed', 'code': 200}
2026-05-27 11:10:52.093 10 INFO neutron.api.wsgi [req-06ba9291-8a58-433a-9aab-13348ee15a8d req-82d15b2b-ce50-49d0-84c7-e870d2dacaab 0b3ac9ef5e5b4a2d8d59c7bbd6e929c3 89153f75e4d54710a17953dc75f6dd53 - - default default] 10.0.0.91 "GET /v2.0/security-groups?id=75bc6e9c-7ea3-4349-9b8c-644a7e28ed93&id=b68e93e9-8369-4060-930e-6089cae5d2c3&fields=id&fields=name HTTP/1.1" status: 200 len: 403 time: 0.0393348
2026-05-27 11:10:52.105 10 INFO neutron.api.wsgi [-] 10.0.0.184 "GET / HTTP/1.1" status: 200 len: 247 time: 0.0012486
2026-05-27 11:10:52.107 10 INFO neutron.api.wsgi [-] 10.0.0.184 "GET / HTTP/1.1" status: 200 len: 247 time: 0.0008821 /var/lib/openstack/lib/python3.12/site-packages/pycadf/identifier.py:71: UserWarning: Invalid uuid: neutron. To ensure interoperability, identifiers should be a valid uuid. warnings.warn(('Invalid uuid: %s. To ensure interoperability, '
2026-05-27 11:10:52.616 11 INFO neutron.api.wsgi [req-7175f947-a380-48fa-af91-1a72786b5241 req-68fc269d-c540-4035-ab30-e6c13df9369b d5711ff9ac8a43d98f53b060c4b1362b fe2cb8ebbcda447da4f985851cf6d105 - - f5803dd769f047eca26592da6f65259a f5803dd769f047eca26592da6f65259a] 199.19.213.37 "GET /v2.0/ports?tenant_id=89153f75e4d54710a17953dc75f6dd53&device_id=f0151f3e-5daa-42fc-b34b-dc88b3c7456c HTTP/1.1" status: 200 len: 1446 time: 0.0446532
2026-05-27 11:10:52.672 11 INFO neutron.api.wsgi [req-7175f947-a380-48fa-af91-1a72786b5241 req-0451e913-b641-47f8-993a-6f79a00cca26 d5711ff9ac8a43d98f53b060c4b1362b fe2cb8ebbcda447da4f985851cf6d105 - - f5803dd769f047eca26592da6f65259a f5803dd769f047eca26592da6f65259a] 199.19.213.37 "GET /v2.0/networks?tenant_id=89153f75e4d54710a17953dc75f6dd53&shared=False HTTP/1.1" status: 200 len: 971 time: 0.0506761
2026-05-27 11:10:52.737 11 INFO neutron.api.wsgi [req-7175f947-a380-48fa-af91-1a72786b5241 req-e47f8fab-2c99-43c9-a407-4bfa31a37734 d5711ff9ac8a43d98f53b060c4b1362b fe2cb8ebbcda447da4f985851cf6d105 - - f5803dd769f047eca26592da6f65259a f5803dd769f047eca26592da6f65259a] 199.19.213.37 "GET /v2.0/networks?shared=True HTTP/1.1" status: 200 len: 952 time: 0.0594873
2026-05-27 11:10:53.198 10 INFO neutron.api.wsgi [req-aadc7678-ccd6-44f5-bb52-7c48bbb05085 req-3e6b0242-2df3-4267-809b-d6771deefb32 0b3ac9ef5e5b4a2d8d59c7bbd6e929c3 89153f75e4d54710a17953dc75f6dd53 - - default default] 10.0.0.91 "GET /v2.0/ports?device_id=f0151f3e-5daa-42fc-b34b-dc88b3c7456c HTTP/1.1" status: 200 len: 1208 time: 0.0385087
2026-05-27 11:10:53.242 10 INFO neutron.api.wsgi [req-aadc7678-ccd6-44f5-bb52-7c48bbb05085 req-45e42eb5-5a8e-4150-8b02-84e7dd36d250 0b3ac9ef5e5b4a2d8d59c7bbd6e929c3 89153f75e4d54710a17953dc75f6dd53 - - default default] 10.0.0.91 "GET /v2.0/security-groups?id=75bc6e9c-7ea3-4349-9b8c-644a7e28ed93&id=b68e93e9-8369-4060-930e-6089cae5d2c3&fields=id&fields=name HTTP/1.1" status: 200 len: 403 time: 0.0375247
2026-05-27 11:10:53.792 11 INFO neutron.api.wsgi [req-382a4c11-f188-4e89-9af8-03fe18f74444 req-92215a64-39fc-45c1-b95d-333c73ff0617 d5711ff9ac8a43d98f53b060c4b1362b fe2cb8ebbcda447da4f985851cf6d105 - - f5803dd769f047eca26592da6f65259a f5803dd769f047eca26592da6f65259a] 199.19.213.37 "GET /v2.0/ports?tenant_id=89153f75e4d54710a17953dc75f6dd53&device_id=f0151f3e-5daa-42fc-b34b-dc88b3c7456c HTTP/1.1" status: 200 len: 1446 time: 0.0382404
2026-05-27 11:10:53.814 11 INFO neutron.api.wsgi [req-382a4c11-f188-4e89-9af8-03fe18f74444 req-cc7d370e-7c21-4612-8830-0d44b8204900 d5711ff9ac8a43d98f53b060c4b1362b fe2cb8ebbcda447da4f985851cf6d105 - - f5803dd769f047eca26592da6f65259a f5803dd769f047eca26592da6f65259a] 199.19.213.37 "GET /v2.0/floatingips?fixed_ip_address=10.100.0.4&port_id=ab66337c-bb9d-4273-ab91-d55f5c4c560b HTTP/1.1" status: 200 len: 217 time: 0.0164850
2026-05-27 11:10:53.843 11 INFO neutron.api.wsgi [req-382a4c11-f188-4e89-9af8-03fe18f74444 req-ebc35007-bfc0-4852-8424-aa7a313cf4a7 d5711ff9ac8a43d98f53b060c4b1362b fe2cb8ebbcda447da4f985851cf6d105 - - f5803dd769f047eca26592da6f65259a f5803dd769f047eca26592da6f65259a] 199.19.213.37 "GET /v2.0/subnets?id=2460de61-00a7-4640-90e6-411b49c6ce91 HTTP/1.1" status: 200 len: 890 time: 0.0224841
2026-05-27 11:10:53.866 11 INFO neutron.api.wsgi [req-382a4c11-f188-4e89-9af8-03fe18f74444 req-10f32576-1953-46cc-bb10-730c3409706c d5711ff9ac8a43d98f53b060c4b1362b fe2cb8ebbcda447da4f985851cf6d105 - - f5803dd769f047eca26592da6f65259a f5803dd769f047eca26592da6f65259a] 199.19.213.37 "GET /v2.0/ports?network_id=a3751cee-ec83-45f2-87b6-e2312eaabc58&device_owner=network%3Adhcp HTTP/1.1" status: 200 len: 210 time: 0.0179238
2026-05-27 11:10:53.925 11 INFO neutron.api.wsgi [req-382a4c11-f188-4e89-9af8-03fe18f74444 req-bcbc4fa3-b66b-4fad-b02c-72894d08a538 d5711ff9ac8a43d98f53b060c4b1362b fe2cb8ebbcda447da4f985851cf6d105 - - f5803dd769f047eca26592da6f65259a f5803dd769f047eca26592da6f65259a] 199.19.213.37 "GET /v2.0/networks/a3751cee-ec83-45f2-87b6-e2312eaabc58?fields=segments HTTP/1.1" status: 200 len: 212 time: 0.0528617
2026-05-27 11:10:53.968 11 INFO neutron.api.wsgi [req-382a4c11-f188-4e89-9af8-03fe18f74444 req-13939778-b1bb-41c3-b3b8-ca6fac89542a d5711ff9ac8a43d98f53b060c4b1362b fe2cb8ebbcda447da4f985851cf6d105 - - f5803dd769f047eca26592da6f65259a f5803dd769f047eca26592da6f65259a] 199.19.213.37 "GET /v2.0/networks/a3751cee-ec83-45f2-87b6-e2312eaabc58?fields=provider%3Aphysical_network&fields=provider%3Anetwork_type HTTP/1.1" status: 200 len: 277 time: 0.0364974
2026-05-27 11:10:54.340 10 INFO neutron.api.wsgi [req-3d326cb8-9729-4a6a-ab83-55164d292767 req-c1ba20de-2701-45dd-aa4a-30cc81d3e96f 0b3ac9ef5e5b4a2d8d59c7bbd6e929c3 89153f75e4d54710a17953dc75f6dd53 - - default default] 10.0.0.91 "GET /v2.0/ports?device_id=f0151f3e-5daa-42fc-b34b-dc88b3c7456c HTTP/1.1" status: 200 len: 1208 time: 0.0294855
2026-05-27 11:10:54.375 10 INFO neutron.api.wsgi [req-3d326cb8-9729-4a6a-ab83-55164d292767 req-86f583e3-b43e-45e8-a69f-b4846dd94d9e 0b3ac9ef5e5b4a2d8d59c7bbd6e929c3 89153f75e4d54710a17953dc75f6dd53 - - default default] 10.0.0.91 "GET /v2.0/security-groups?id=75bc6e9c-7ea3-4349-9b8c-644a7e28ed93&id=b68e93e9-8369-4060-930e-6089cae5d2c3&fields=id&fields=name HTTP/1.1" status: 200 len: 403 time: 0.0288346
2026-05-27 11:10:55.483 10 INFO neutron.api.wsgi [req-23f5de1f-ae39-440b-a4d8-da07f339f45b req-cf3baeb8-ff1b-4bdc-9854-6a60f5847759 0b3ac9ef5e5b4a2d8d59c7bbd6e929c3 89153f75e4d54710a17953dc75f6dd53 - - default default] 10.0.0.91 "GET /v2.0/ports?device_id=f0151f3e-5daa-42fc-b34b-dc88b3c7456c HTTP/1.1" status: 200 len: 1208 time: 0.0443544
2026-05-27 11:10:55.522 10 INFO neutron.api.wsgi [req-23f5de1f-ae39-440b-a4d8-da07f339f45b req-f02b601d-2509-4f70-a9b7-600be1163de1 0b3ac9ef5e5b4a2d8d59c7bbd6e929c3 89153f75e4d54710a17953dc75f6dd53 - - default default] 10.0.0.91 "GET /v2.0/security-groups?id=75bc6e9c-7ea3-4349-9b8c-644a7e28ed93&id=b68e93e9-8369-4060-930e-6089cae5d2c3&fields=id&fields=name HTTP/1.1" status: 200 len: 403 time: 0.0336111
2026-05-27 11:10:56.649 11 INFO neutron.api.wsgi [req-53961327-55ea-4c8e-bbb3-da40f67a021c req-e1bb06c5-a1a1-4fb6-b591-b833dc65319f d5711ff9ac8a43d98f53b060c4b1362b fe2cb8ebbcda447da4f985851cf6d105 - - f5803dd769f047eca26592da6f65259a f5803dd769f047eca26592da6f65259a] 199.19.213.37 "GET /v2.0/ports?device_id=f0151f3e-5daa-42fc-b34b-dc88b3c7456c HTTP/1.1" status: 200 len: 1446 time: 0.0805895
2026-05-27 11:10:56.650 10 INFO neutron.api.wsgi [req-9a3d89f1-8660-4d7e-bbce-d8e1da179cd7 req-0d8ad2fc-d72d-4c13-bf5a-fe170f3651dd 0b3ac9ef5e5b4a2d8d59c7bbd6e929c3 89153f75e4d54710a17953dc75f6dd53 - - default default] 10.0.0.91 "GET /v2.0/ports?device_id=f0151f3e-5daa-42fc-b34b-dc88b3c7456c HTTP/1.1" status: 200 len: 1208 time: 0.0396957
2026-05-27 11:10:56.693 10 INFO neutron.api.wsgi [req-9a3d89f1-8660-4d7e-bbce-d8e1da179cd7 req-32b79ac5-09c4-4d14-915b-2642facce7db 0b3ac9ef5e5b4a2d8d59c7bbd6e929c3 89153f75e4d54710a17953dc75f6dd53 - - default default] 10.0.0.91 "GET /v2.0/security-groups?id=75bc6e9c-7ea3-4349-9b8c-644a7e28ed93&id=b68e93e9-8369-4060-930e-6089cae5d2c3&fields=id&fields=name HTTP/1.1" status: 200 len: 403 time: 0.0363202
2026-05-27 11:10:56.699 11 INFO neutron.api.wsgi [req-53961327-55ea-4c8e-bbb3-da40f67a021c req-05b0c83e-24ae-412f-ad75-c67e94c221ce d5711ff9ac8a43d98f53b060c4b1362b fe2cb8ebbcda447da4f985851cf6d105 - - f5803dd769f047eca26592da6f65259a f5803dd769f047eca26592da6f65259a] 199.19.213.37 "GET /v2.0/security-groups?id=75bc6e9c-7ea3-4349-9b8c-644a7e28ed93&id=b68e93e9-8369-4060-930e-6089cae5d2c3&fields=id&fields=name HTTP/1.1" status: 200 len: 403 time: 0.0449526
2026-05-27 11:10:56.835 11 INFO neutron.plugins.ml2.drivers.ovn.mech_driver.mech_driver [None req-b1d71ef3-53c4-472c-8193-72c8a9802b14 - - - - - -] OVN reports status up for port: ab66337c-bb9d-4273-ab91-d55f5c4c560b
2026-05-27 11:10:56.849 11 INFO neutron.plugins.ml2.plugin [None req-b1d71ef3-53c4-472c-8193-72c8a9802b14 - - - - - -] Attempt 1 to provision port ab66337c-bb9d-4273-ab91-d55f5c4c560b
2026-05-27 11:10:57.013 11 INFO neutron.notifiers.nova [-] Nova event matching ['req-0f9046fa-e995-4348-b13d-5691ea21b205'] response: {'server_uuid': 'f0151f3e-5daa-42fc-b34b-dc88b3c7456c', 'name': 'network-vif-plugged', 'status': 'completed', 'tag': 'ab66337c-bb9d-4273-ab91-d55f5c4c560b', 'code': 200}
2026-05-27 11:10:57.120 11 INFO neutron.db.ovn_revision_numbers_db [None req-b1d71ef3-53c4-472c-8193-72c8a9802b14 - - - - - -] Successfully bumped revision number for resource ab66337c-bb9d-4273-ab91-d55f5c4c560b (type: ports) to 5
2026-05-27 11:10:57.851 10 INFO neutron.api.wsgi [req-2eb848bb-6565-42e2-861b-035ea825fa7b req-bc5d834c-ea52-495d-85bf-11330930cb65 0b3ac9ef5e5b4a2d8d59c7bbd6e929c3 89153f75e4d54710a17953dc75f6dd53 - - default default] 10.0.0.91 "GET /v2.0/ports?device_id=f0151f3e-5daa-42fc-b34b-dc88b3c7456c HTTP/1.1" status: 200 len: 1210 time: 0.0888798
2026-05-27 11:10:57.911 10 INFO neutron.api.wsgi [req-2eb848bb-6565-42e2-861b-035ea825fa7b req-f603505a-267f-48b9-90e7-fbd24afceec5 0b3ac9ef5e5b4a2d8d59c7bbd6e929c3 89153f75e4d54710a17953dc75f6dd53 - - default default] 10.0.0.91 "GET /v2.0/security-groups?id=75bc6e9c-7ea3-4349-9b8c-644a7e28ed93&id=b68e93e9-8369-4060-930e-6089cae5d2c3&fields=id&fields=name HTTP/1.1" status: 200 len: 403 time: 0.0526307
2026-05-27 11:10:59.017 10 INFO neutron.api.wsgi [req-2926a59a-f945-4bef-8a62-a4364611def7 req-f2b600ca-6002-4d08-90a6-6d65ab72bd44 0b3ac9ef5e5b4a2d8d59c7bbd6e929c3 89153f75e4d54710a17953dc75f6dd53 - - default default] 10.0.0.91 "GET /v2.0/ports?device_id=f0151f3e-5daa-42fc-b34b-dc88b3c7456c HTTP/1.1" status: 200 len: 1210 time: 0.0383854
2026-05-27 11:10:59.060 10 INFO neutron.api.wsgi [req-2926a59a-f945-4bef-8a62-a4364611def7 req-aa5dac45-083f-4c54-a250-f3470b992294 0b3ac9ef5e5b4a2d8d59c7bbd6e929c3 89153f75e4d54710a17953dc75f6dd53 - - default default] 10.0.0.91 "GET /v2.0/security-groups?id=75bc6e9c-7ea3-4349-9b8c-644a7e28ed93&id=b68e93e9-8369-4060-930e-6089cae5d2c3&fields=id&fields=name HTTP/1.1" status: 200 len: 403 time: 0.0362606
2026-05-27 11:10:59.066 11 INFO neutron.notifiers.nova [-] Nova event matching ['req-ab1ef6f5-aa6b-4a2a-a307-94967ed4eabd'] response: {'server_uuid': 'f0151f3e-5daa-42fc-b34b-dc88b3c7456c', 'name': 'network-vif-plugged', 'status': 'completed', 'tag': 'ab66337c-bb9d-4273-ab91-d55f5c4c560b', 'code': 200}
2026-05-27 11:10:59.165 10 INFO neutron.api.wsgi [req-049efe58-ffe3-473d-b5f7-d596e6a88ae4 req-3a313ee3-a2e1-484e-afcf-8b96e408baa6 0b3ac9ef5e5b4a2d8d59c7bbd6e929c3 89153f75e4d54710a17953dc75f6dd53 - - default default] 10.0.0.91 "GET /v2.0/ports?device_id=f0151f3e-5daa-42fc-b34b-dc88b3c7456c HTTP/1.1" status: 200 len: 1210 time: 0.0476751
2026-05-27 11:10:59.732 10 INFO neutron.db.ovn_revision_numbers_db [None req-cc146846-7ce5-4bbc-8fa4-1fbbfa8d2f47 0b3ac9ef5e5b4a2d8d59c7bbd6e929c3 89153f75e4d54710a17953dc75f6dd53 - - default default] Successfully bumped revision number for resource ca20af11-2dfa-4496-8689-ee19cb18d4c3 (type: floatingips) to 1
2026-05-27 11:10:59.845 10 INFO neutron.db.ovn_revision_numbers_db [None req-cc146846-7ce5-4bbc-8fa4-1fbbfa8d2f47 0b3ac9ef5e5b4a2d8d59c7bbd6e929c3 89153f75e4d54710a17953dc75f6dd53 - - default default] Successfully bumped revision number for resource ca20af11-2dfa-4496-8689-ee19cb18d4c3 (type: floatingips) to 2
2026-05-27 11:10:59.845 10 INFO neutron.db.l3_db [None req-cc146846-7ce5-4bbc-8fa4-1fbbfa8d2f47 0b3ac9ef5e5b4a2d8d59c7bbd6e929c3 89153f75e4d54710a17953dc75f6dd53 - - default default] Floating IP ca20af11-2dfa-4496-8689-ee19cb18d4c3 associated. External IP: 10.96.250.219, port: ab66337c-bb9d-4273-ab91-d55f5c4c560b.
2026-05-27 11:10:59.880 10 INFO neutron.api.wsgi [None req-cc146846-7ce5-4bbc-8fa4-1fbbfa8d2f47 0b3ac9ef5e5b4a2d8d59c7bbd6e929c3 89153f75e4d54710a17953dc75f6dd53 - - default default] 10.0.0.9 "PUT /v2.0/floatingips/ca20af11-2dfa-4496-8689-ee19cb18d4c3 HTTP/1.1" status: 200 len: 1049 time: 0.7010562
2026-05-27 11:10:59.923 10 INFO neutron.notifiers.nova [-] Nova event matching ['req-be9b9686-de02-4e43-b3b2-3f6e6d4da85b'] response: {'name': 'network-changed', 'server_uuid': 'f0151f3e-5daa-42fc-b34b-dc88b3c7456c', 'tag': 'ab66337c-bb9d-4273-ab91-d55f5c4c560b', 'status': 'completed', 'code': 200} /var/lib/openstack/lib/python3.12/site-packages/pycadf/identifier.py:71: UserWarning: Invalid uuid: neutron. To ensure interoperability, identifiers should be a valid uuid. warnings.warn(('Invalid uuid: %s. To ensure interoperability, '
2026-05-27 11:11:00.472 11 INFO neutron.api.wsgi [req-6ec66091-33d5-454f-828b-6d29aca50ded req-59cf4c78-0452-4457-b662-a3f4a225d15f d5711ff9ac8a43d98f53b060c4b1362b fe2cb8ebbcda447da4f985851cf6d105 - - f5803dd769f047eca26592da6f65259a f5803dd769f047eca26592da6f65259a] 199.19.213.37 "GET /v2.0/ports?tenant_id=89153f75e4d54710a17953dc75f6dd53&device_id=f0151f3e-5daa-42fc-b34b-dc88b3c7456c HTTP/1.1" status: 200 len: 1448 time: 0.0356970
2026-05-27 11:11:00.521 11 INFO neutron.api.wsgi [req-6ec66091-33d5-454f-828b-6d29aca50ded req-5fb03724-b2da-4ed7-b78e-0d24e23c4419 d5711ff9ac8a43d98f53b060c4b1362b fe2cb8ebbcda447da4f985851cf6d105 - - f5803dd769f047eca26592da6f65259a f5803dd769f047eca26592da6f65259a] 199.19.213.37 "GET /v2.0/networks?id=a3751cee-ec83-45f2-87b6-e2312eaabc58 HTTP/1.1" status: 200 len: 971 time: 0.0423932
2026-05-27 11:11:00.571 11 INFO neutron.api.wsgi [req-6ec66091-33d5-454f-828b-6d29aca50ded req-bb7fbfce-0b4c-4b80-8752-82dc3acc231e d5711ff9ac8a43d98f53b060c4b1362b fe2cb8ebbcda447da4f985851cf6d105 - - f5803dd769f047eca26592da6f65259a f5803dd769f047eca26592da6f65259a] 199.19.213.37 "GET /v2.0/floatingips?fixed_ip_address=10.100.0.4&port_id=ab66337c-bb9d-4273-ab91-d55f5c4c560b HTTP/1.1" status: 200 len: 1059 time: 0.0438159
2026-05-27 11:11:00.606 11 INFO neutron.api.wsgi [req-6ec66091-33d5-454f-828b-6d29aca50ded req-c8a87019-093e-45e0-8219-840c2ca2f044 d5711ff9ac8a43d98f53b060c4b1362b fe2cb8ebbcda447da4f985851cf6d105 - - f5803dd769f047eca26592da6f65259a f5803dd769f047eca26592da6f65259a] 199.19.213.37 "GET /v2.0/subnets?id=2460de61-00a7-4640-90e6-411b49c6ce91 HTTP/1.1" status: 200 len: 890 time: 0.0300317
2026-05-27 11:11:00.630 11 INFO neutron.api.wsgi [req-6ec66091-33d5-454f-828b-6d29aca50ded req-f9d96bbf-39fa-47ed-807e-88c3e5b115f2 d5711ff9ac8a43d98f53b060c4b1362b fe2cb8ebbcda447da4f985851cf6d105 - - f5803dd769f047eca26592da6f65259a f5803dd769f047eca26592da6f65259a] 199.19.213.37 "GET /v2.0/ports?network_id=a3751cee-ec83-45f2-87b6-e2312eaabc58&device_owner=network%3Adhcp HTTP/1.1" status: 200 len: 210 time: 0.0171204
2026-05-27 11:11:00.678 11 INFO neutron.api.wsgi [req-6ec66091-33d5-454f-828b-6d29aca50ded req-55d78999-b047-4d5c-a66f-7bb1184ad18c d5711ff9ac8a43d98f53b060c4b1362b fe2cb8ebbcda447da4f985851cf6d105 - - f5803dd769f047eca26592da6f65259a f5803dd769f047eca26592da6f65259a] 199.19.213.37 "GET /v2.0/networks/a3751cee-ec83-45f2-87b6-e2312eaabc58?fields=segments HTTP/1.1" status: 200 len: 212 time: 0.0411994
2026-05-27 11:11:00.726 11 INFO neutron.api.wsgi [req-6ec66091-33d5-454f-828b-6d29aca50ded req-062ab81a-5bc7-4eee-b4e4-93e42e2ad77a d5711ff9ac8a43d98f53b060c4b1362b fe2cb8ebbcda447da4f985851cf6d105 - - f5803dd769f047eca26592da6f65259a f5803dd769f047eca26592da6f65259a] 199.19.213.37 "GET /v2.0/networks/a3751cee-ec83-45f2-87b6-e2312eaabc58?fields=provider%3Aphysical_network&fields=provider%3Anetwork_type HTTP/1.1" status: 200 len: 277 time: 0.0433099 /var/lib/openstack/lib/python3.12/site-packages/pycadf/identifier.py:71: UserWarning: Invalid uuid: neutron. To ensure interoperability, identifiers should be a valid uuid. warnings.warn(('Invalid uuid: %s. To ensure interoperability, '
2026-05-27 11:11:00.886 10 INFO neutron.db.ovn_revision_numbers_db [None req-fcb313e6-0602-47d5-9875-554d446add9c e1764593464c4aa78df777aa75f0e064 ea974855a7484f339df3e98ed07b1cd9 - - default default] Successfully bumped revision number for resource 88eaac61-6e8e-43d2-a67f-e95b9aeaabdc (type: security_groups) to 1
2026-05-27 11:11:00.899 10 INFO neutron.db.ovn_revision_numbers_db [None req-fcb313e6-0602-47d5-9875-554d446add9c e1764593464c4aa78df777aa75f0e064 ea974855a7484f339df3e98ed07b1cd9 - - default default] Successfully bumped revision number for resource 506c26b9-6304-495e-ab39-f703b34d8f1e (type: security_group_rules) to 0
2026-05-27 11:11:00.910 10 INFO neutron.db.ovn_revision_numbers_db [None req-fcb313e6-0602-47d5-9875-554d446add9c e1764593464c4aa78df777aa75f0e064 ea974855a7484f339df3e98ed07b1cd9 - - default default] Successfully bumped revision number for resource 66f0b90b-649c-4a32-b2bb-ec7c066c1f44 (type: security_group_rules) to 0
2026-05-27 11:11:00.924 10 INFO neutron.db.ovn_revision_numbers_db [None req-fcb313e6-0602-47d5-9875-554d446add9c e1764593464c4aa78df777aa75f0e064 ea974855a7484f339df3e98ed07b1cd9 - - default default] Successfully bumped revision number for resource b000d792-e776-4e57-8585-2c632fce64e6 (type: security_group_rules) to 0
2026-05-27 11:11:00.937 10 INFO neutron.db.ovn_revision_numbers_db [None req-fcb313e6-0602-47d5-9875-554d446add9c e1764593464c4aa78df777aa75f0e064 ea974855a7484f339df3e98ed07b1cd9 - - default default] Successfully bumped revision number for resource f028e4be-1f76-4665-b3a3-eb7271250827 (type: security_group_rules) to 0
2026-05-27 11:11:00.978 10 INFO neutron.api.wsgi [None req-fcb313e6-0602-47d5-9875-554d446add9c e1764593464c4aa78df777aa75f0e064 ea974855a7484f339df3e98ed07b1cd9 - - default default] 10.0.0.9 "GET /v2.0/security-groups?tenant_id=2700c05aab9a4aaaa5a0d3bfa7e6c3a6&name=default HTTP/1.1" status: 200 len: 3120 time: 0.3903320
2026-05-27 11:11:01.244 11 INFO neutron.api.wsgi [None req-7b075673-8d28-432d-bffa-5c40881d78e1 e1764593464c4aa78df777aa75f0e064 ea974855a7484f339df3e98ed07b1cd9 - - default default] 10.0.0.9 "DELETE /v2.0/security-groups/88eaac61-6e8e-43d2-a67f-e95b9aeaabdc HTTP/1.1" status: 204 len: 168 time: 0.2599113
2026-05-27 11:11:04.153 11 WARNING neutron_lib.context [None req-e10327e5-8f63-4759-81eb-68e9210a4f93 84d321ed82a54c85b78a9b6a8963eada 047a0787b92a4bb1a4828de75b3d9544 - - default default] Method 'is_advsvc' is deprecated since 2023.2 release (neutron-lib 3.8.0) and will be removed once support for the old RBAC API policies will be removed from Neutron. Please use method 'is_service_role' instead.
2026-05-27 11:11:04.275 11 INFO neutron.db.ovn_revision_numbers_db [None req-e10327e5-8f63-4759-81eb-68e9210a4f93 84d321ed82a54c85b78a9b6a8963eada 047a0787b92a4bb1a4828de75b3d9544 - - default default] Successfully bumped revision number for resource 1f25ea12-9254-4b2d-a20d-6c805bf0001b (type: security_groups) to 1
2026-05-27 11:11:04.293 11 INFO neutron.db.ovn_revision_numbers_db [None req-e10327e5-8f63-4759-81eb-68e9210a4f93 84d321ed82a54c85b78a9b6a8963eada 047a0787b92a4bb1a4828de75b3d9544 - - default default] Successfully bumped revision number for resource 0d1021d7-86fd-48c1-a246-67f829bfbed7 (type: security_group_rules) to 0
2026-05-27 11:11:04.306 11 INFO neutron.db.ovn_revision_numbers_db [None req-e10327e5-8f63-4759-81eb-68e9210a4f93 84d321ed82a54c85b78a9b6a8963eada 047a0787b92a4bb1a4828de75b3d9544 - - default default] Successfully bumped revision number for resource 4ca5641a-f57d-46ea-a888-8b9700ba60ea (type: security_group_rules) to 0
2026-05-27 11:11:04.319 11 INFO neutron.db.ovn_revision_numbers_db [None req-e10327e5-8f63-4759-81eb-68e9210a4f93 84d321ed82a54c85b78a9b6a8963eada 047a0787b92a4bb1a4828de75b3d9544 - - default default] Successfully bumped revision number for resource 94147875-9a7f-4504-8b04-e6347f717399 (type: security_group_rules) to 0
2026-05-27 11:11:04.330 11 INFO neutron.db.ovn_revision_numbers_db [None req-e10327e5-8f63-4759-81eb-68e9210a4f93 84d321ed82a54c85b78a9b6a8963eada 047a0787b92a4bb1a4828de75b3d9544 - - default default] Successfully bumped revision number for resource f378eab8-faa5-4845-b01e-b0f64c41a6af (type: security_group_rules) to 0
2026-05-27 11:11:04.404 11 INFO neutron.db.segments_db [None req-e10327e5-8f63-4759-81eb-68e9210a4f93 84d321ed82a54c85b78a9b6a8963eada 047a0787b92a4bb1a4828de75b3d9544 - - default default] Added segment 2aa72f5a-2663-444c-9417-e400a3165079 of type geneve for network fb7188f2-e27e-4438-bea3-0986650f944c
2026-05-27 11:11:04.510 11 INFO neutron.db.ovn_revision_numbers_db [None req-e10327e5-8f63-4759-81eb-68e9210a4f93 84d321ed82a54c85b78a9b6a8963eada 047a0787b92a4bb1a4828de75b3d9544 - - default default] Successfully bumped revision number for resource fb7188f2-e27e-4438-bea3-0986650f944c (type: networks) to 1
2026-05-27 11:11:04.683 11 WARNING neutron.scheduler.dhcp_agent_scheduler [None req-e10327e5-8f63-4759-81eb-68e9210a4f93 84d321ed82a54c85b78a9b6a8963eada 047a0787b92a4bb1a4828de75b3d9544 - - default default] No more DHCP agents
2026-05-27 11:11:04.684 11 WARNING neutron.api.rpc.agentnotifiers.dhcp_rpc_agent_api [None req-e10327e5-8f63-4759-81eb-68e9210a4f93 84d321ed82a54c85b78a9b6a8963eada 047a0787b92a4bb1a4828de75b3d9544 - - default default] Unable to schedule network fb7188f2-e27e-4438-bea3-0986650f944c: no agents available; will retry on subsequent port and subnet creation events.
2026-05-27 11:11:04.740 11 INFO neutron.db.ovn_revision_numbers_db [None req-e10327e5-8f63-4759-81eb-68e9210a4f93 84d321ed82a54c85b78a9b6a8963eada 047a0787b92a4bb1a4828de75b3d9544 - - default default] Successfully bumped revision number for resource 43b5a946-7dc4-4a2c-b8e6-91703c4eb648 (type: ports) to 1
2026-05-27 11:11:04.762 11 INFO neutron.api.wsgi [None req-e10327e5-8f63-4759-81eb-68e9210a4f93 84d321ed82a54c85b78a9b6a8963eada 047a0787b92a4bb1a4828de75b3d9544 - - default default] 10.0.0.9 "POST /v2.0/networks HTTP/1.1" status: 201 len: 831 time: 0.8389709
2026-05-27 11:11:04.772 11 WARNING neutron_lib.context [None req-eb011c3e-6423-4618-b340-9251a76c9091 84d321ed82a54c85b78a9b6a8963eada 047a0787b92a4bb1a4828de75b3d9544 - - default default] Method 'is_advsvc' is deprecated since 2023.2 release (neutron-lib 3.8.0) and will be removed once support for the old RBAC API policies will be removed from Neutron. Please use method 'is_service_role' instead.
2026-05-27 11:11:05.409 11 WARNING neutron.scheduler.dhcp_agent_scheduler [None req-eb011c3e-6423-4618-b340-9251a76c9091 84d321ed82a54c85b78a9b6a8963eada 047a0787b92a4bb1a4828de75b3d9544 - - default default] No more DHCP agents
2026-05-27 11:11:05.410 11 WARNING neutron.api.rpc.agentnotifiers.dhcp_rpc_agent_api [None req-eb011c3e-6423-4618-b340-9251a76c9091 84d321ed82a54c85b78a9b6a8963eada 047a0787b92a4bb1a4828de75b3d9544 - - default default] Unable to schedule network 1644c29e-3c19-456c-a085-53701fa5b8c7: no agents available; will retry on subsequent port and subnet creation events.
2026-05-27 11:11:05.533 11 INFO neutron.db.ovn_revision_numbers_db [None req-eb011c3e-6423-4618-b340-9251a76c9091 84d321ed82a54c85b78a9b6a8963eada 047a0787b92a4bb1a4828de75b3d9544 - - default default] Successfully bumped revision number for resource af1fe93c-ff99-458f-8ddf-b6747db229fa (type: ports) to 1
2026-05-27 11:11:06.156 11 INFO neutron.plugins.ml2.drivers.ovn.mech_driver.ovsdb.commands [None req-c2ec3906-9192-4a1e-9c52-2400586d43dd - - - - - -] Schedule LRP lrp-af1fe93c-ff99-458f-8ddf-b6747db229fa on gateway 63d46362-dc81-4dfd-a5f8-36b1c107d5ed with priority 1
2026-05-27 11:11:06.166 10 INFO neutron.plugins.ml2.drivers.ovn.mech_driver.mech_driver [None req-e5681d42-f5c3-41bb-b9fb-31e1b68f45ce - - - - - -] OVN reports status up for port: af1fe93c-ff99-458f-8ddf-b6747db229fa
2026-05-27 11:11:06.176 10 INFO neutron.plugins.ml2.plugin [None req-e5681d42-f5c3-41bb-b9fb-31e1b68f45ce - - - - - -] Attempt 1 to provision port af1fe93c-ff99-458f-8ddf-b6747db229fa
2026-05-27 11:11:06.186 10 INFO neutron.plugins.ml2.drivers.ovn.mech_driver.ovsdb.ovsdb_monitor [None req-450fc446-fa75-4e82-8952-3b1124aa4d7a - - - - - -] Router b24d0827-af28-4c6e-ab69-d30a654760a6 is bound to host instance
2026-05-27 11:11:06.206 11 INFO neutron.db.ovn_revision_numbers_db [None req-eb011c3e-6423-4618-b340-9251a76c9091 84d321ed82a54c85b78a9b6a8963eada 047a0787b92a4bb1a4828de75b3d9544 - - default default] Successfully bumped revision number for resource af1fe93c-ff99-458f-8ddf-b6747db229fa (type: router_ports) to 1
2026-05-27 11:11:06.259 11 INFO neutron.db.ovn_revision_numbers_db [None req-eb011c3e-6423-4618-b340-9251a76c9091 84d321ed82a54c85b78a9b6a8963eada 047a0787b92a4bb1a4828de75b3d9544 - - default default] Successfully bumped revision number for resource b24d0827-af28-4c6e-ab69-d30a654760a6 (type: routers) to 2
2026-05-27 11:11:06.274 11 INFO neutron.api.wsgi [None req-eb011c3e-6423-4618-b340-9251a76c9091 84d321ed82a54c85b78a9b6a8963eada 047a0787b92a4bb1a4828de75b3d9544 - - default default] 10.0.0.9 "POST /v2.0/routers HTTP/1.1" status: 201 len: 1154 time: 1.5056987
2026-05-27 11:11:06.342 11 INFO neutron.api.wsgi [None req-c0be9156-2c2d-46f9-ab58-5707bf914a12 897e731cc9924e5586fa5128cb65dd64 e2b5d3208b9c47e9b1908fc7f85095b4 - - default default] 10.0.0.9 "GET /v2.0/subnets?project_id=047a0787b92a4bb1a4828de75b3d9544&cidr=10.100.0.0%2F28 HTTP/1.1" status: 200 len: 207 time: 0.0619009
2026-05-27 11:11:06.399 11 INFO neutron.api.wsgi [None req-86815a9c-3719-4f81-9559-f994d723698e 897e731cc9924e5586fa5128cb65dd64 e2b5d3208b9c47e9b1908fc7f85095b4 - - default default] 10.0.0.9 "GET /v2.0/networks?router%3Aexternal=True HTTP/1.1" status: 200 len: 947 time: 0.0505767
2026-05-27 11:11:06.422 11 INFO neutron.api.wsgi [None req-c68f9ac8-4daf-4e45-9f5a-f00bdb164338 897e731cc9924e5586fa5128cb65dd64 e2b5d3208b9c47e9b1908fc7f85095b4 - - default default] 10.0.0.9 "GET /v2.0/subnets?network_id=1644c29e-3c19-456c-a085-53701fa5b8c7&cidr=10.100.0.0%2F28 HTTP/1.1" status: 200 len: 207 time: 0.0180442
2026-05-27 11:11:06.429 11 WARNING neutron_lib.context [None req-299ff402-9710-4555-80fb-d6de0ab399c4 84d321ed82a54c85b78a9b6a8963eada 047a0787b92a4bb1a4828de75b3d9544 - - default default] Method 'is_advsvc' is deprecated since 2023.2 release (neutron-lib 3.8.0) and will be removed once support for the old RBAC API policies will be removed from Neutron. Please use method 'is_service_role' instead.
2026-05-27 11:11:06.588 11 WARNING neutron.scheduler.dhcp_agent_scheduler [None req-299ff402-9710-4555-80fb-d6de0ab399c4 84d321ed82a54c85b78a9b6a8963eada 047a0787b92a4bb1a4828de75b3d9544 - - default default] No more DHCP agents
2026-05-27 11:11:06.589 11 WARNING neutron.api.rpc.agentnotifiers.dhcp_rpc_agent_api [None req-299ff402-9710-4555-80fb-d6de0ab399c4 84d321ed82a54c85b78a9b6a8963eada 047a0787b92a4bb1a4828de75b3d9544 - - default default] Unable to schedule network fb7188f2-e27e-4438-bea3-0986650f944c: no agents available; will retry on subsequent port and subnet creation events.
2026-05-27 11:11:06.594 10 INFO neutron.db.ovn_revision_numbers_db [None req-d16db3af-fd5a-438a-8438-6987f5575723 - - - - - -] Successfully bumped revision number for resource af1fe93c-ff99-458f-8ddf-b6747db229fa (type: ports) to 1
2026-05-27 11:11:06.865 10 INFO neutron.db.ovn_revision_numbers_db [None req-d16db3af-fd5a-438a-8438-6987f5575723 - - - - - -] Successfully bumped revision number for resource af1fe93c-ff99-458f-8ddf-b6747db229fa (type: ports) to 4
2026-05-27 11:11:07.047 11 INFO neutron.db.ovn_revision_numbers_db [None req-c1fa5a15-6541-47fd-9159-a558667cfdab - - - - - -] Successfully bumped revision number for resource 43b5a946-7dc4-4a2c-b8e6-91703c4eb648 (type: ports) to 2
2026-05-27 11:11:07.075 11 INFO neutron.db.ovn_revision_numbers_db [None req-c1fa5a15-6541-47fd-9159-a558667cfdab - - - - - -] Successfully bumped revision number for resource fb72abd9-ba03-41a7-aac2-0b7544fe6971 (type: subnets) to 0
2026-05-27 11:11:07.089 11 INFO neutron.api.wsgi [None req-299ff402-9710-4555-80fb-d6de0ab399c4 84d321ed82a54c85b78a9b6a8963eada 047a0787b92a4bb1a4828de75b3d9544 - - default default] 10.0.0.9 "POST /v2.0/subnets HTTP/1.1" status: 201 len: 855 time: 0.6628432
2026-05-27 11:11:07.106 10 INFO neutron.api.wsgi [-] 10.0.0.184 "GET / HTTP/1.1" status: 200 len: 247 time: 0.0013893
2026-05-27 11:11:07.107 10 INFO neutron.api.wsgi [-] 10.0.0.184 "GET / HTTP/1.1" status: 200 len: 247 time: 0.0009303
2026-05-27 11:11:07.146 10 INFO neutron.db.ovn_revision_numbers_db [None req-d16db3af-fd5a-438a-8438-6987f5575723 - - - - - -] Successfully bumped revision number for resource af1fe93c-ff99-458f-8ddf-b6747db229fa (type: ports) to 5
2026-05-27 11:11:07.620 10 WARNING neutron.scheduler.dhcp_agent_scheduler [None req-311332c5-022e-44e4-9f5a-171eb1bac421 84d321ed82a54c85b78a9b6a8963eada 047a0787b92a4bb1a4828de75b3d9544 - - default default] No more DHCP agents
2026-05-27 11:11:07.622 10 WARNING neutron.api.rpc.agentnotifiers.dhcp_rpc_agent_api [None req-311332c5-022e-44e4-9f5a-171eb1bac421 84d321ed82a54c85b78a9b6a8963eada 047a0787b92a4bb1a4828de75b3d9544 - - default default] Unable to schedule network fb7188f2-e27e-4438-bea3-0986650f944c: no agents available; will retry on subsequent port and subnet creation events.
2026-05-27 11:11:07.756 10 INFO neutron.db.ovn_revision_numbers_db [None req-311332c5-022e-44e4-9f5a-171eb1bac421 84d321ed82a54c85b78a9b6a8963eada 047a0787b92a4bb1a4828de75b3d9544 - - default default] Successfully bumped revision number for resource d90013ad-43b0-44fd-81ac-908689a86135 (type: ports) to 1
2026-05-27 11:11:08.365 11 INFO neutron.plugins.ml2.drivers.ovn.mech_driver.mech_driver [None req-a319af5b-be77-4c7e-8618-1a168d4090ba - - - - - -] OVN reports status up for port: d90013ad-43b0-44fd-81ac-908689a86135
2026-05-27 11:11:08.378 11 INFO neutron.plugins.ml2.plugin [None req-a319af5b-be77-4c7e-8618-1a168d4090ba - - - - - -] Attempt 1 to provision port d90013ad-43b0-44fd-81ac-908689a86135
2026-05-27 11:11:08.399 10 INFO neutron.db.ovn_revision_numbers_db [None req-311332c5-022e-44e4-9f5a-171eb1bac421 84d321ed82a54c85b78a9b6a8963eada 047a0787b92a4bb1a4828de75b3d9544 - - default default] Successfully bumped revision number for resource d90013ad-43b0-44fd-81ac-908689a86135 (type: ports) to 1
2026-05-27 11:11:08.463 10 WARNING neutron.scheduler.dhcp_agent_scheduler [None req-311332c5-022e-44e4-9f5a-171eb1bac421 84d321ed82a54c85b78a9b6a8963eada 047a0787b92a4bb1a4828de75b3d9544 - - default default] No more DHCP agents
2026-05-27 11:11:08.466 10 WARNING neutron.api.rpc.agentnotifiers.dhcp_rpc_agent_api [None req-311332c5-022e-44e4-9f5a-171eb1bac421 84d321ed82a54c85b78a9b6a8963eada 047a0787b92a4bb1a4828de75b3d9544 - - default default] Unable to schedule network fb7188f2-e27e-4438-bea3-0986650f944c: no agents available; will retry on subsequent port and subnet creation events.
2026-05-27 11:11:08.711 11 INFO neutron.db.ovn_revision_numbers_db [None req-a319af5b-be77-4c7e-8618-1a168d4090ba - - - - - -] Successfully bumped revision number for resource d90013ad-43b0-44fd-81ac-908689a86135 (type: ports) to 2
2026-05-27 11:11:08.834 10 INFO neutron.db.ovn_revision_numbers_db [None req-311332c5-022e-44e4-9f5a-171eb1bac421 84d321ed82a54c85b78a9b6a8963eada 047a0787b92a4bb1a4828de75b3d9544 - - default default] Successfully bumped revision number for resource d90013ad-43b0-44fd-81ac-908689a86135 (type: router_ports) to 1
2026-05-27 11:11:08.841 10 INFO neutron.api.wsgi [None req-311332c5-022e-44e4-9f5a-171eb1bac421 84d321ed82a54c85b78a9b6a8963eada 047a0787b92a4bb1a4828de75b3d9544 - - default default] 10.0.0.9 "PUT /v2.0/routers/b24d0827-af28-4c6e-ab69-d30a654760a6/add_router_interface HTTP/1.1" status: 200 len: 503 time: 1.7404110
2026-05-27 11:11:09.155 10 INFO neutron.api.wsgi [None req-0b1e5057-69e2-4d8e-85be-55a8ff35daff 897e731cc9924e5586fa5128cb65dd64 e2b5d3208b9c47e9b1908fc7f85095b4 - - default default] 10.0.0.9 "GET /v2.0/networks HTTP/1.1" status: 200 len: 4628 time: 0.3105600
2026-05-27 11:11:09.196 10 INFO neutron.api.wsgi [None req-a77e023a-cd07-468e-a86a-c579cfec9828 897e731cc9924e5586fa5128cb65dd64 e2b5d3208b9c47e9b1908fc7f85095b4 - - default default] 10.0.0.9 "GET /v2.0/subnets HTTP/1.1" status: 200 len: 3523 time: 0.0344224
2026-05-27 11:11:09.293 10 INFO neutron.api.wsgi [None req-9b61862d-afd3-4c97-b3f0-630cb4a5ad3e 897e731cc9924e5586fa5128cb65dd64 e2b5d3208b9c47e9b1908fc7f85095b4 - - default default] 10.0.0.9 "GET /v2.0/routers HTTP/1.1" status: 200 len: 3095 time: 0.0773377
2026-05-27 11:11:09.360 10 WARNING neutron_lib.context [None req-49d66af5-66a3-49ac-a9a5-b8edfbeb98ca 84d321ed82a54c85b78a9b6a8963eada 047a0787b92a4bb1a4828de75b3d9544 - - default default] Method 'is_advsvc' is deprecated since 2023.2 release (neutron-lib 3.8.0) and will be removed once support for the old RBAC API policies will be removed from Neutron. Please use method 'is_service_role' instead.
2026-05-27 11:11:09.465 10 INFO neutron.db.ovn_revision_numbers_db [None req-49d66af5-66a3-49ac-a9a5-b8edfbeb98ca 84d321ed82a54c85b78a9b6a8963eada 047a0787b92a4bb1a4828de75b3d9544 - - default default] Successfully bumped revision number for resource 658c895c-9838-4e58-aaac-bd2493e3276e (type: security_groups) to 1
2026-05-27 11:11:09.477 10 INFO neutron.db.ovn_revision_numbers_db [None req-49d66af5-66a3-49ac-a9a5-b8edfbeb98ca 84d321ed82a54c85b78a9b6a8963eada 047a0787b92a4bb1a4828de75b3d9544 - - default default] Successfully bumped revision number for resource 78883a4b-e6a6-4e66-b2e0-8a7716638161 (type: security_group_rules) to 0
2026-05-27 11:11:09.489 10 INFO neutron.db.ovn_revision_numbers_db [None req-49d66af5-66a3-49ac-a9a5-b8edfbeb98ca 84d321ed82a54c85b78a9b6a8963eada 047a0787b92a4bb1a4828de75b3d9544 - - default default] Successfully bumped revision number for resource efe86402-5922-46ca-8cec-c2067bcb5055 (type: security_group_rules) to 0
2026-05-27 11:11:09.521 10 INFO neutron.api.wsgi [None req-49d66af5-66a3-49ac-a9a5-b8edfbeb98ca 84d321ed82a54c85b78a9b6a8963eada 047a0787b92a4bb1a4828de75b3d9544 - - default default] 10.0.0.9 "POST /v2.0/security-groups HTTP/1.1" status: 201 len: 1875 time: 0.1677439
2026-05-27 11:11:09.532 10 WARNING neutron_lib.context [None req-95c2156e-15da-4e44-9fec-99e71c1132b5 84d321ed82a54c85b78a9b6a8963eada 047a0787b92a4bb1a4828de75b3d9544 - - default default] Method 'is_advsvc' is deprecated since 2023.2 release (neutron-lib 3.8.0) and will be removed once support for the old RBAC API policies will be removed from Neutron. Please use method 'is_service_role' instead.
2026-05-27 11:11:09.644 10 INFO neutron.db.ovn_revision_numbers_db [None req-95c2156e-15da-4e44-9fec-99e71c1132b5 84d321ed82a54c85b78a9b6a8963eada 047a0787b92a4bb1a4828de75b3d9544 - - default default] Successfully bumped revision number for resource 45bf8b45-7c97-44be-b6ac-dbfe42e25209 (type: security_group_rules) to 0
2026-05-27 11:11:09.676 10 INFO neutron.api.wsgi [None req-95c2156e-15da-4e44-9fec-99e71c1132b5 84d321ed82a54c85b78a9b6a8963eada 047a0787b92a4bb1a4828de75b3d9544 - - default default] 10.0.0.9 "POST /v2.0/security-group-rules HTTP/1.1" status: 201 len: 796 time: 0.1478190
2026-05-27 11:11:09.686 10 WARNING neutron_lib.context [None req-8c9ea024-43b4-462c-958f-388203abed65 84d321ed82a54c85b78a9b6a8963eada 047a0787b92a4bb1a4828de75b3d9544 - - default default] Method 'is_advsvc' is deprecated since 2023.2 release (neutron-lib 3.8.0) and will be removed once support for the old RBAC API policies will be removed from Neutron. Please use method 'is_service_role' instead.
2026-05-27 11:11:09.796 10 INFO neutron.db.ovn_revision_numbers_db [None req-8c9ea024-43b4-462c-958f-388203abed65 84d321ed82a54c85b78a9b6a8963eada 047a0787b92a4bb1a4828de75b3d9544 - - default default] Successfully bumped revision number for resource decb9001-269d-429c-9093-7d66226cbbc0 (type: security_group_rules) to 0
2026-05-27 11:11:09.836 10 INFO neutron.api.wsgi [None req-8c9ea024-43b4-462c-958f-388203abed65 84d321ed82a54c85b78a9b6a8963eada 047a0787b92a4bb1a4828de75b3d9544 - - default default] 10.0.0.9 "POST /v2.0/security-group-rules HTTP/1.1" status: 201 len: 795 time: 0.1539795
2026-05-27 11:11:09.847 10 WARNING neutron_lib.context [None req-0a024554-4413-484f-aab4-ed0113a3051a 84d321ed82a54c85b78a9b6a8963eada 047a0787b92a4bb1a4828de75b3d9544 - - default default] Method 'is_advsvc' is deprecated since 2023.2 release (neutron-lib 3.8.0) and will be removed once support for the old RBAC API policies will be removed from Neutron. Please use method 'is_service_role' instead.
2026-05-27 11:11:09.969 10 INFO neutron.db.ovn_revision_numbers_db [None req-0a024554-4413-484f-aab4-ed0113a3051a 84d321ed82a54c85b78a9b6a8963eada 047a0787b92a4bb1a4828de75b3d9544 - - default default] Successfully bumped revision number for resource e4f4e330-6f07-43df-8663-a447aea4bc25 (type: security_group_rules) to 0
2026-05-27 11:11:09.999 10 INFO neutron.api.wsgi [None req-0a024554-4413-484f-aab4-ed0113a3051a 84d321ed82a54c85b78a9b6a8963eada 047a0787b92a4bb1a4828de75b3d9544 - - default default] 10.0.0.9 "POST /v2.0/security-group-rules HTTP/1.1" status: 201 len: 801 time: 0.1576686
2026-05-27 11:11:10.008 10 WARNING neutron_lib.context [None req-afb8b27c-5210-42cb-95e6-be94ff32661a 84d321ed82a54c85b78a9b6a8963eada 047a0787b92a4bb1a4828de75b3d9544 - - default default] Method 'is_advsvc' is deprecated since 2023.2 release (neutron-lib 3.8.0) and will be removed once support for the old RBAC API policies will be removed from Neutron. Please use method 'is_service_role' instead.
2026-05-27 11:11:10.165 10 INFO neutron.db.ovn_revision_numbers_db [None req-afb8b27c-5210-42cb-95e6-be94ff32661a 84d321ed82a54c85b78a9b6a8963eada 047a0787b92a4bb1a4828de75b3d9544 - - default default] Successfully bumped revision number for resource 30a67e3a-7090-4d1f-b4db-6905236459d7 (type: security_group_rules) to 0
2026-05-27 11:11:10.209 10 INFO neutron.api.wsgi [None req-afb8b27c-5210-42cb-95e6-be94ff32661a 84d321ed82a54c85b78a9b6a8963eada 047a0787b92a4bb1a4828de75b3d9544 - - default default] 10.0.0.9 "POST /v2.0/security-group-rules HTTP/1.1" status: 201 len: 800 time: 0.2045627
2026-05-27 11:11:10.221 10 WARNING neutron_lib.context [None req-cbf29a91-b36f-438b-babc-33ae59995b48 84d321ed82a54c85b78a9b6a8963eada 047a0787b92a4bb1a4828de75b3d9544 - - default default] Method 'is_advsvc' is deprecated since 2023.2 release (neutron-lib 3.8.0) and will be removed once support for the old RBAC API policies will be removed from Neutron. Please use method 'is_service_role' instead.
2026-05-27 11:11:10.254 10 INFO neutron.db.securitygroups_db [None req-cbf29a91-b36f-438b-babc-33ae59995b48 84d321ed82a54c85b78a9b6a8963eada 047a0787b92a4bb1a4828de75b3d9544 - - default default] Project 047a0787b92a4bb1a4828de75b3d9544 added a security group rule with legacy IPv6 ICMP protocol name icmp, ipv6-icmp should be used instead. It was automatically converted.
2026-05-27 11:11:10.361 10 INFO neutron.db.ovn_revision_numbers_db [None req-cbf29a91-b36f-438b-babc-33ae59995b48 84d321ed82a54c85b78a9b6a8963eada 047a0787b92a4bb1a4828de75b3d9544 - - default default] Successfully bumped revision number for resource b83fe5bc-a47d-488e-842e-b146c8ad0957 (type: security_group_rules) to 0
2026-05-27 11:11:10.397 10 INFO neutron.api.wsgi [None req-cbf29a91-b36f-438b-babc-33ae59995b48 84d321ed82a54c85b78a9b6a8963eada 047a0787b92a4bb1a4828de75b3d9544 - - default default] 10.0.0.9 "POST /v2.0/security-group-rules HTTP/1.1" status: 201 len: 806 time: 0.1797559
2026-05-27 11:11:10.411 10 WARNING neutron_lib.context [None req-47189086-87ba-4d87-b73a-c62eacbb5a9f 84d321ed82a54c85b78a9b6a8963eada 047a0787b92a4bb1a4828de75b3d9544 - - default default] Method 'is_advsvc' is deprecated since 2023.2 release (neutron-lib 3.8.0) and will be removed once support for the old RBAC API policies will be removed from Neutron. Please use method 'is_service_role' instead.
2026-05-27 11:11:10.451 10 INFO neutron.db.securitygroups_db [None req-47189086-87ba-4d87-b73a-c62eacbb5a9f 84d321ed82a54c85b78a9b6a8963eada 047a0787b92a4bb1a4828de75b3d9544 - - default default] Project 047a0787b92a4bb1a4828de75b3d9544 added a security group rule with legacy IPv6 ICMP protocol name icmp, ipv6-icmp should be used instead. It was automatically converted.
2026-05-27 11:11:10.561 10 INFO neutron.db.ovn_revision_numbers_db [None req-47189086-87ba-4d87-b73a-c62eacbb5a9f 84d321ed82a54c85b78a9b6a8963eada 047a0787b92a4bb1a4828de75b3d9544 - - default default] Successfully bumped revision number for resource e38f7d8a-e529-4a9a-bccc-13a39399ae06 (type: security_group_rules) to 0
2026-05-27 11:11:10.600 10 INFO neutron.api.wsgi [None req-47189086-87ba-4d87-b73a-c62eacbb5a9f 84d321ed82a54c85b78a9b6a8963eada 047a0787b92a4bb1a4828de75b3d9544 - - default default] 10.0.0.9 "POST /v2.0/security-group-rules HTTP/1.1" status: 201 len: 805 time: 0.1958663
2026-05-27 11:11:11.008 10 INFO neutron.api.wsgi [None req-01cdfc9b-a433-4efa-aa6f-043ab7909914 84d321ed82a54c85b78a9b6a8963eada 047a0787b92a4bb1a4828de75b3d9544 - - default default] 10.0.0.9 "GET /v2.0/networks HTTP/1.1" status: 200 len: 1492 time: 0.0926185
2026-05-27 11:11:11.113 10 INFO neutron.api.wsgi [req-06fbdc45-0fea-4922-a9a6-2858edc0d27c req-ec9c3ae8-4961-4e49-b46b-31048a6c4845 84d321ed82a54c85b78a9b6a8963eada 047a0787b92a4bb1a4828de75b3d9544 - - default default] 10.0.0.91 "GET /v2.0/security-groups?name=tempest-secgroup-smoke-1029463829&fields=id&tenant_id=047a0787b92a4bb1a4828de75b3d9544 HTTP/1.1" status: 200 len: 267 time: 0.0360448
2026-05-27 11:11:11.174 10 INFO neutron.api.wsgi [req-06fbdc45-0fea-4922-a9a6-2858edc0d27c req-35a9be11-f3c7-4d25-accf-4ab5aaa71351 84d321ed82a54c85b78a9b6a8963eada 047a0787b92a4bb1a4828de75b3d9544 - - default default] 10.0.0.91 "GET /v2.0/networks?id=fb7188f2-e27e-4438-bea3-0986650f944c HTTP/1.1" status: 200 len: 859 time: 0.0504184
2026-05-27 11:11:11.190 10 INFO neutron.api.wsgi [req-06fbdc45-0fea-4922-a9a6-2858edc0d27c req-90577c88-3422-44b2-960a-ff211c920766 84d321ed82a54c85b78a9b6a8963eada 047a0787b92a4bb1a4828de75b3d9544 - - default default] 10.0.0.91 "GET /v2.0/quotas/047a0787b92a4bb1a4828de75b3d9544 HTTP/1.1" status: 200 len: 491 time: 0.0085390
2026-05-27 11:11:11.259 10 INFO neutron.api.wsgi [req-06fbdc45-0fea-4922-a9a6-2858edc0d27c req-786b64eb-1bdd-4952-b6ec-469ebc8cd9d4 84d321ed82a54c85b78a9b6a8963eada 047a0787b92a4bb1a4828de75b3d9544 - - default default] 10.0.0.91 "GET /v2.0/ports?tenant_id=047a0787b92a4bb1a4828de75b3d9544&fields=id HTTP/1.1" status: 200 len: 302 time: 0.0629103
2026-05-27 11:11:11.312 10 INFO neutron.api.wsgi [req-06fbdc45-0fea-4922-a9a6-2858edc0d27c req-f8455a91-a81c-4ec4-a91a-9539439097ec d5711ff9ac8a43d98f53b060c4b1362b fe2cb8ebbcda447da4f985851cf6d105 - - f5803dd769f047eca26592da6f65259a f5803dd769f047eca26592da6f65259a] 10.0.0.91 "GET /v2.0/networks/fb7188f2-e27e-4438-bea3-0986650f944c?fields=segments HTTP/1.1" status: 200 len: 212 time: 0.0406811
2026-05-27 11:11:11.368 10 INFO neutron.api.wsgi [req-06fbdc45-0fea-4922-a9a6-2858edc0d27c req-763c6094-e979-45c4-afeb-d71712a56f90 d5711ff9ac8a43d98f53b060c4b1362b fe2cb8ebbcda447da4f985851cf6d105 - - f5803dd769f047eca26592da6f65259a f5803dd769f047eca26592da6f65259a] 10.0.0.91 "GET /v2.0/networks/fb7188f2-e27e-4438-bea3-0986650f944c?fields=provider%3Aphysical_network&fields=provider%3Anetwork_type HTTP/1.1" status: 200 len: 277 time: 0.0479949
2026-05-27 11:11:11.516 10 INFO neutron.api.wsgi [req-c22593c2-c468-49c8-aab6-f7e36658a4cd req-425e1218-61a6-4bc9-a334-1e43f2e04c99 84d321ed82a54c85b78a9b6a8963eada 047a0787b92a4bb1a4828de75b3d9544 - - default default] 10.0.0.91 "GET /v2.0/ports?device_id=c7712989-5ac3-413f-b3d7-3234f7d430b9 HTTP/1.1" status: 200 len: 210 time: 0.0219741
2026-05-27 11:11:12.599 10 INFO neutron.api.wsgi [req-b5cc7e11-4beb-4ad9-98a0-4fef5dffef85 req-8ad03a67-4f16-4e79-a34b-d4afaa989a67 84d321ed82a54c85b78a9b6a8963eada 047a0787b92a4bb1a4828de75b3d9544 - - default default] 10.0.0.91 "GET /v2.0/ports?device_id=c7712989-5ac3-413f-b3d7-3234f7d430b9 HTTP/1.1" status: 200 len: 210 time: 0.0209839
2026-05-27 11:11:13.688 10 INFO neutron.api.wsgi [req-6d615298-b8ee-4d5a-8d17-b0c51d28e943 req-4b10b1a2-7aba-4c3e-97cf-663b496d7712 84d321ed82a54c85b78a9b6a8963eada 047a0787b92a4bb1a4828de75b3d9544 - - default default] 10.0.0.91 "GET /v2.0/ports?device_id=c7712989-5ac3-413f-b3d7-3234f7d430b9 HTTP/1.1" status: 200 len: 210 time: 0.0181384
2026-05-27 11:11:13.961 11 WARNING neutron.plugins.ml2.drivers.ovn.mech_driver.ovsdb.ovn_client [None req-f3e5d366-14fa-49b7-818a-0767b1325b9b - - - - - -] No hosting information found for port d90013ad-43b0-44fd-81ac-908689a86135: RuntimeError: No hosting information found for port d90013ad-43b0-44fd-81ac-908689a86135
2026-05-27 11:11:14.032 11 INFO neutron.db.ovn_revision_numbers_db [None req-f3e5d366-14fa-49b7-818a-0767b1325b9b - - - - - -] Successfully bumped revision number for resource d90013ad-43b0-44fd-81ac-908689a86135 (type: router_ports) to 2
2026-05-27 11:11:14.767 10 INFO neutron.api.wsgi [req-0d7e813a-c0bf-43b5-9c63-762312a87e1a req-8b9f94b3-2a3f-4006-995b-c23c9e1c9af8 84d321ed82a54c85b78a9b6a8963eada 047a0787b92a4bb1a4828de75b3d9544 - - default default] 10.0.0.91 "GET /v2.0/ports?device_id=c7712989-5ac3-413f-b3d7-3234f7d430b9 HTTP/1.1" status: 200 len: 210 time: 0.0179410
