2026-05-27 11:05:27.991 10 INFO neutron.api.wsgi [None req-794d5804-b9cb-4f2c-808c-6b74791a5da4 e1764593464c4aa78df777aa75f0e064 ea974855a7484f339df3e98ed07b1cd9 - - default default] 199.19.213.37,10.0.0.184 "GET /v2.0/security-groups/d450030b-6916-4968-9340-eaf27d1ff97d HTTP/1.1" status: 200 len: 4251 time: 0.0314412
2026-05-27 11:05:28.010 10 INFO neutron.api.wsgi [None req-43b0572c-b7aa-4ef2-9aa2-2c279eeb4d29 e1764593464c4aa78df777aa75f0e064 ea974855a7484f339df3e98ed07b1cd9 - - default default] 199.19.213.37,10.0.0.184 "GET /v2.0/security-group-rules/e32208a8-a463-4eff-b833-0c0f347263bd HTTP/1.1" status: 200 len: 772 time: 0.0133028
2026-05-27 11:05:29.054 10 INFO neutron.api.wsgi [None req-83eb0faf-3690-470c-b74f-f5f9c5ae7a81 e1764593464c4aa78df777aa75f0e064 ea974855a7484f339df3e98ed07b1cd9 - - default default] 199.19.213.37,10.0.0.184 "GET /v2.0/security-groups/d450030b-6916-4968-9340-eaf27d1ff97d?project_id=fe2cb8ebbcda447da4f985851cf6d105 HTTP/1.1" status: 200 len: 4251 time: 0.0586696
2026-05-27 11:05:29.096 10 INFO neutron.api.wsgi [None req-a8e14740-9383-4dc5-8ec7-419432183422 e1764593464c4aa78df777aa75f0e064 ea974855a7484f339df3e98ed07b1cd9 - - default default] 199.19.213.37,10.0.0.184 "GET /v2.0/security-groups/d450030b-6916-4968-9340-eaf27d1ff97d HTTP/1.1" status: 200 len: 4251 time: 0.0360420
2026-05-27 11:05:29.116 10 INFO neutron.api.wsgi [None req-797d9b80-f082-4a43-94c5-5b0a9c5907a8 e1764593464c4aa78df777aa75f0e064 ea974855a7484f339df3e98ed07b1cd9 - - default default] 199.19.213.37,10.0.0.184 "GET /v2.0/security-group-rules/7797e495-753b-4f5d-bbcc-aa98ee3d7603 HTTP/1.1" status: 200 len: 774 time: 0.0143883
2026-05-27 11:05:30.066 10 INFO neutron.api.wsgi [None req-a261c95f-a8f8-4dcc-964a-4979407a51d6 e1764593464c4aa78df777aa75f0e064 ea974855a7484f339df3e98ed07b1cd9 - - default default] 199.19.213.37,10.0.0.184 "GET /v2.0/security-groups/d450030b-6916-4968-9340-eaf27d1ff97d?project_id=fe2cb8ebbcda447da4f985851cf6d105 HTTP/1.1" status: 200 len: 4251 time: 0.0450730
2026-05-27 11:05:30.102 10 INFO neutron.api.wsgi [None req-c54a3c01-a359-4234-b552-472ea6b85b89 e1764593464c4aa78df777aa75f0e064 ea974855a7484f339df3e98ed07b1cd9 - - default default] 199.19.213.37,10.0.0.184 "GET /v2.0/security-groups/d450030b-6916-4968-9340-eaf27d1ff97d HTTP/1.1" status: 200 len: 4251 time: 0.0289958
2026-05-27 11:05:30.127 10 INFO neutron.api.wsgi [None req-56e3af5f-0921-473d-8605-2560102fe640 e1764593464c4aa78df777aa75f0e064 ea974855a7484f339df3e98ed07b1cd9 - - default default] 199.19.213.37,10.0.0.184 "GET /v2.0/security-group-rules/6088434f-cc9b-4a1f-a8b9-67eddc2039bc HTTP/1.1" status: 200 len: 776 time: 0.0181839
2026-05-27 11:05:31.175 10 INFO neutron.api.wsgi [None req-0c4d0ba4-4afd-4b62-bb73-39e1b3fa1b5d e1764593464c4aa78df777aa75f0e064 ea974855a7484f339df3e98ed07b1cd9 - - default default] 199.19.213.37,10.0.0.184 "GET /v2.0/security-groups/d450030b-6916-4968-9340-eaf27d1ff97d?project_id=fe2cb8ebbcda447da4f985851cf6d105 HTTP/1.1" status: 200 len: 4251 time: 0.0667143
2026-05-27 11:05:31.218 10 INFO neutron.api.wsgi [None req-3580c189-87e3-40ff-838d-4e7ad8b1bfbf e1764593464c4aa78df777aa75f0e064 ea974855a7484f339df3e98ed07b1cd9 - - default default] 199.19.213.37,10.0.0.184 "GET /v2.0/security-groups/d450030b-6916-4968-9340-eaf27d1ff97d HTTP/1.1" status: 200 len: 4251 time: 0.0345788
2026-05-27 11:05:31.242 10 INFO neutron.api.wsgi [None req-682ccb12-afe4-4c84-8e7c-8866a197d85a e1764593464c4aa78df777aa75f0e064 ea974855a7484f339df3e98ed07b1cd9 - - default default] 199.19.213.37,10.0.0.184 "GET /v2.0/security-group-rules/dda2809d-2926-49e3-b3d3-96edbf31254c HTTP/1.1" status: 200 len: 777 time: 0.0166633
2026-05-27 11:05:37.109 11 INFO neutron.api.wsgi [-] 10.0.0.184 "GET / HTTP/1.1" status: 200 len: 247 time: 0.0031979
2026-05-27 11:05:37.112 11 INFO neutron.api.wsgi [-] 10.0.0.184 "GET / HTTP/1.1" status: 200 len: 247 time: 0.0020089
2026-05-27 11:05:38.525 10 INFO neutron.api.wsgi [None req-14e05cb3-0e60-4799-9c44-0ff247eb636e e1764593464c4aa78df777aa75f0e064 ea974855a7484f339df3e98ed07b1cd9 - - default default] 199.19.213.37,10.0.0.184 "GET /v2.0/quotas/fe2cb8ebbcda447da4f985851cf6d105 HTTP/1.1" status: 200 len: 466 time: 0.0111980
2026-05-27 11:05:52.107 11 INFO neutron.api.wsgi [-] 10.0.0.184 "GET / HTTP/1.1" status: 200 len: 247 time: 0.0020897
2026-05-27 11:05:52.108 10 INFO neutron.api.wsgi [-] 10.0.0.184 "GET / HTTP/1.1" status: 200 len: 247 time: 0.0026851
2026-05-27 11:06:07.108 11 INFO neutron.api.wsgi [-] 10.0.0.184 "GET / HTTP/1.1" status: 200 len: 247 time: 0.0023816
2026-05-27 11:06:07.110 11 INFO neutron.api.wsgi [-] 10.0.0.184 "GET / HTTP/1.1" status: 200 len: 247 time: 0.0014374
2026-05-27 11:06:22.107 11 INFO neutron.api.wsgi [-] 10.0.0.184 "GET / HTTP/1.1" status: 200 len: 247 time: 0.0024173
2026-05-27 11:06:22.108 10 INFO neutron.api.wsgi [-] 10.0.0.184 "GET / HTTP/1.1" status: 200 len: 247 time: 0.0024738
2026-05-27 11:06:26.933 11 INFO neutron.api.wsgi [None req-d1fffee5-8d7d-4cde-bc94-104b84850a81 e1764593464c4aa78df777aa75f0e064 ea974855a7484f339df3e98ed07b1cd9 - - default default] 10.0.0.68 "GET /v2.0/networks HTTP/1.1" status: 200 len: 2348 time: 0.1068592
2026-05-27 11:06:26.961 11 INFO neutron.api.wsgi [None req-d73d6ae1-a3f5-47fc-837e-8a9235e55679 e1764593464c4aa78df777aa75f0e064 ea974855a7484f339df3e98ed07b1cd9 - - default default] 10.0.0.68 "GET /v2.0/subnets HTTP/1.1" status: 200 len: 1484 time: 0.0241804
2026-05-27 11:06:26.991 11 INFO neutron.api.wsgi [None req-fc703f9b-784f-41c5-95d1-b3f54d524d91 e1764593464c4aa78df777aa75f0e064 ea974855a7484f339df3e98ed07b1cd9 - - default default] 10.0.0.68 "GET /v2.0/security-groups HTTP/1.1" status: 200 len: 17578 time: 0.0289791
2026-05-27 11:06:27.021 11 INFO neutron.api.wsgi [None req-734613b0-f84e-4fd3-aa84-fc10c93abe37 e1764593464c4aa78df777aa75f0e064 ea974855a7484f339df3e98ed07b1cd9 - - default default] 10.0.0.68 "GET /v2.0/agents HTTP/1.1" status: 200 len: 1390 time: 0.0248725
2026-05-27 11:06:27.062 11 INFO neutron.api.wsgi [None req-fbaf03e2-26fb-40d3-9d4d-42ccef361d4b e1764593464c4aa78df777aa75f0e064 ea974855a7484f339df3e98ed07b1cd9 - - default default] 10.0.0.68 "GET /v2.0/ports HTTP/1.1" status: 200 len: 5351 time: 0.0398276
2026-05-27 11:06:27.082 11 INFO neutron.api.wsgi [None req-37730c89-9148-44c6-9219-a4a8840506d8 e1764593464c4aa78df777aa75f0e064 ea974855a7484f339df3e98ed07b1cd9 - - default default] 10.0.0.68 "GET /v2.0/routers HTTP/1.1" status: 200 len: 189 time: 0.0148182
2026-05-27 11:06:27.091 11 INFO neutron.api.wsgi [None req-ada2dede-41c6-49a1-81da-70aa3f9027e2 e1764593464c4aa78df777aa75f0e064 ea974855a7484f339df3e98ed07b1cd9 - - default default] 10.0.0.68 "GET /v2.0/agents?binary=ovn-controller HTTP/1.1" status: 200 len: 591 time: 0.0084021
2026-05-27 11:06:27.103 11 INFO neutron.api.wsgi [None req-a9fd7978-8378-4559-9bda-fd1c5a0e9d27 e1764593464c4aa78df777aa75f0e064 ea974855a7484f339df3e98ed07b1cd9 - - default default] 10.0.0.68 "GET /v2.0/network-ip-availabilities HTTP/1.1" status: 200 len: 1280 time: 0.0107689
2026-05-27 11:06:27.120 11 INFO neutron.api.wsgi [None req-e339c989-cc2a-4ae1-bf35-4a4dc48915eb e1764593464c4aa78df777aa75f0e064 ea974855a7484f339df3e98ed07b1cd9 - - default default] 10.0.0.68 "GET /v2.0/floatingips HTTP/1.1" status: 200 len: 193 time: 0.0144403
2026-05-27 11:06:27.142 11 INFO neutron.api.wsgi [None req-02e40310-398e-434a-a1a4-3036d573c4b1 e1764593464c4aa78df777aa75f0e064 ea974855a7484f339df3e98ed07b1cd9 - - default default] 10.0.0.68 "GET /v2.0/subnets HTTP/1.1" status: 200 len: 1484 time: 0.0218518
2026-05-27 11:06:27.151 11 INFO neutron.api.wsgi [None req-55c2d713-6dc4-4b46-b023-21128cdfdafb e1764593464c4aa78df777aa75f0e064 ea974855a7484f339df3e98ed07b1cd9 - - default default] 10.0.0.68 "GET /v2.0/subnetpools HTTP/1.1" status: 200 len: 193 time: 0.0067556
2026-05-27 11:06:32.145 10 INFO neutron.api.wsgi [None req-e9418a0c-cf65-4593-bcd5-546c1bdd05bf e1764593464c4aa78df777aa75f0e064 ea974855a7484f339df3e98ed07b1cd9 - - default default] 199.19.213.37,10.0.0.184 "GET /v2.0/networks?name=public HTTP/1.1" status: 200 len: 928 time: 0.0822992
2026-05-27 11:06:37.106 11 INFO neutron.api.wsgi [-] 10.0.0.184 "GET / HTTP/1.1" status: 200 len: 247 time: 0.0020213
2026-05-27 11:06:37.108 10 INFO neutron.api.wsgi [-] 10.0.0.184 "GET / HTTP/1.1" status: 200 len: 247 time: 0.0029736
2026-05-27 11:06:52.107 11 INFO neutron.api.wsgi [-] 10.0.0.184 "GET / HTTP/1.1" status: 200 len: 247 time: 0.0031767
2026-05-27 11:06:52.108 10 INFO neutron.api.wsgi [-] 10.0.0.184 "GET / HTTP/1.1" status: 200 len: 247 time: 0.0030756
2026-05-27 11:07:07.108 10 INFO neutron.api.wsgi [-] 10.0.0.184 "GET / HTTP/1.1" status: 200 len: 247 time: 0.0034733
2026-05-27 11:07:07.109 11 INFO neutron.api.wsgi [-] 10.0.0.184 "GET / HTTP/1.1" status: 200 len: 247 time: 0.0040050
2026-05-27 11:07:11.631 11 INFO neutron.api.wsgi [None req-d96ca577-482a-4a5c-8bbb-f7bb4b90edc3 e1764593464c4aa78df777aa75f0e064 ea974855a7484f339df3e98ed07b1cd9 - - default default] 10.0.0.9 "GET /v2.0/networks HTTP/1.1" status: 200 len: 2367 time: 0.2064373
2026-05-27 11:07:12.721 11 INFO neutron.api.wsgi [None req-017b12d2-4de6-45bf-becb-0bcfbde7bc74 e1764593464c4aa78df777aa75f0e064 ea974855a7484f339df3e98ed07b1cd9 - - default default] 10.0.0.9 "GET /v2.0/floatingips HTTP/1.1" status: 200 len: 212 time: 0.0193019
2026-05-27 11:07:12.741 11 INFO neutron.api.wsgi [None req-e70f2149-1509-4af6-ac4e-0f24f54af893 e1764593464c4aa78df777aa75f0e064 ea974855a7484f339df3e98ed07b1cd9 - - default default] 10.0.0.9 "GET /v2.0/routers HTTP/1.1" status: 200 len: 208 time: 0.0136588
2026-05-27 11:07:12.790 11 INFO neutron.api.wsgi [None req-bb2d656a-4e4e-4e8f-b065-f8fa109a19d0 e1764593464c4aa78df777aa75f0e064 ea974855a7484f339df3e98ed07b1cd9 - - default default] 10.0.0.9 "GET /v2.0/ports HTTP/1.1" status: 200 len: 5370 time: 0.0433624
2026-05-27 11:07:12.821 11 INFO neutron.api.wsgi [None req-99428e39-727e-4488-aa53-400ef5bab1cc e1764593464c4aa78df777aa75f0e064 ea974855a7484f339df3e98ed07b1cd9 - - default default] 10.0.0.9 "GET /v2.0/subnets HTTP/1.1" status: 200 len: 1503 time: 0.0241032
2026-05-27 11:07:12.875 11 INFO neutron.api.wsgi [None req-265e28ed-7e97-4f5b-9965-f8bd3ce361db e1764593464c4aa78df777aa75f0e064 ea974855a7484f339df3e98ed07b1cd9 - - default default] 10.0.0.9 "GET /v2.0/networks HTTP/1.1" status: 200 len: 2367 time: 0.0476799
2026-05-27 11:07:12.916 11 INFO neutron.api.wsgi [None req-b5be1be2-755c-4fba-a557-cc856c15667a e1764593464c4aa78df777aa75f0e064 ea974855a7484f339df3e98ed07b1cd9 - - default default] 10.0.0.9 "GET /v2.0/security-groups HTTP/1.1" status: 200 len: 17597 time: 0.0355470
2026-05-27 11:07:12.928 11 INFO neutron.api.wsgi [None req-9730d981-7fbf-4f52-a394-4bd8b8fd1abf e1764593464c4aa78df777aa75f0e064 ea974855a7484f339df3e98ed07b1cd9 - - default default] 10.0.0.9 "GET /v2.0/subnetpools HTTP/1.1" status: 200 len: 212 time: 0.0062928
2026-05-27 11:07:22.106 11 INFO neutron.api.wsgi [-] 10.0.0.184 "GET / HTTP/1.1" status: 200 len: 247 time: 0.0017173
2026-05-27 11:07:22.108 10 INFO neutron.api.wsgi [-] 10.0.0.184 "GET / HTTP/1.1" status: 200 len: 247 time: 0.0020766 /var/lib/openstack/lib/python3.12/site-packages/pycadf/identifier.py:71: UserWarning: Invalid uuid: neutron. To ensure interoperability, identifiers should be a valid uuid. warnings.warn(('Invalid uuid: %s. To ensure interoperability, '
2026-05-27 11:07:24.055 11 INFO neutron.db.ovn_revision_numbers_db [None req-7595b7c1-b55f-4233-b35c-50725ba1ef53 e1764593464c4aa78df777aa75f0e064 ea974855a7484f339df3e98ed07b1cd9 - - default default] Successfully bumped revision number for resource 1851c715-b864-41e6-8040-89dc5b4b1bbe (type: security_groups) to 1
2026-05-27 11:07:24.068 11 INFO neutron.db.ovn_revision_numbers_db [None req-7595b7c1-b55f-4233-b35c-50725ba1ef53 e1764593464c4aa78df777aa75f0e064 ea974855a7484f339df3e98ed07b1cd9 - - default default] Successfully bumped revision number for resource 189c1391-237d-4eea-9e5a-18cdb8430bce (type: security_group_rules) to 0
2026-05-27 11:07:24.079 11 INFO neutron.db.ovn_revision_numbers_db [None req-7595b7c1-b55f-4233-b35c-50725ba1ef53 e1764593464c4aa78df777aa75f0e064 ea974855a7484f339df3e98ed07b1cd9 - - default default] Successfully bumped revision number for resource 2cf24ec6-1d39-4c41-99ad-37c2159f4b12 (type: security_group_rules) to 0
2026-05-27 11:07:24.095 11 INFO neutron.db.ovn_revision_numbers_db [None req-7595b7c1-b55f-4233-b35c-50725ba1ef53 e1764593464c4aa78df777aa75f0e064 ea974855a7484f339df3e98ed07b1cd9 - - default default] Successfully bumped revision number for resource 684487c9-1f10-4758-8067-151303181ece (type: security_group_rules) to 0
2026-05-27 11:07:24.107 11 INFO neutron.db.ovn_revision_numbers_db [None req-7595b7c1-b55f-4233-b35c-50725ba1ef53 e1764593464c4aa78df777aa75f0e064 ea974855a7484f339df3e98ed07b1cd9 - - default default] Successfully bumped revision number for resource df6539d6-785f-4db8-8779-74b6a8c2b852 (type: security_group_rules) to 0
2026-05-27 11:07:24.169 10 INFO neutron.db.ovn_revision_numbers_db [None req-9dcf0e12-ae24-42b6-863b-10bc7e9d8550 e1764593464c4aa78df777aa75f0e064 ea974855a7484f339df3e98ed07b1cd9 - - default default] Successfully bumped revision number for resource df7b3f36-9960-45fd-adc6-02aa04559c03 (type: security_groups) to 1
2026-05-27 11:07:24.186 10 INFO neutron.db.ovn_revision_numbers_db [None req-9dcf0e12-ae24-42b6-863b-10bc7e9d8550 e1764593464c4aa78df777aa75f0e064 ea974855a7484f339df3e98ed07b1cd9 - - default default] Successfully bumped revision number for resource 2be32c90-ba91-4df0-bacb-6325db6d5577 (type: security_group_rules) to 0
2026-05-27 11:07:24.200 10 INFO neutron.db.ovn_revision_numbers_db [None req-9dcf0e12-ae24-42b6-863b-10bc7e9d8550 e1764593464c4aa78df777aa75f0e064 ea974855a7484f339df3e98ed07b1cd9 - - default default] Successfully bumped revision number for resource 6bb3f66a-5f54-4761-b56b-f54f9440ae4b (type: security_group_rules) to 0
2026-05-27 11:07:24.214 11 INFO neutron.db.segments_db [None req-7595b7c1-b55f-4233-b35c-50725ba1ef53 e1764593464c4aa78df777aa75f0e064 ea974855a7484f339df3e98ed07b1cd9 - - default default] Added segment f937ad84-44d1-4227-8ed2-8423315b682b of type geneve for network d15cbdbe-2a28-41fb-aca4-9ba5ce1655cf
2026-05-27 11:07:24.218 10 INFO neutron.db.ovn_revision_numbers_db [None req-9dcf0e12-ae24-42b6-863b-10bc7e9d8550 e1764593464c4aa78df777aa75f0e064 ea974855a7484f339df3e98ed07b1cd9 - - default default] Successfully bumped revision number for resource 9bf3c1b4-09b1-4402-a5ac-d6a6c744b9d1 (type: security_group_rules) to 0
2026-05-27 11:07:24.231 10 INFO neutron.db.ovn_revision_numbers_db [None req-9dcf0e12-ae24-42b6-863b-10bc7e9d8550 e1764593464c4aa78df777aa75f0e064 ea974855a7484f339df3e98ed07b1cd9 - - default default] Successfully bumped revision number for resource a7a9d4f3-789e-4104-ad8f-3c3d50c3134e (type: security_group_rules) to 0
2026-05-27 11:07:24.342 11 INFO neutron.db.ovn_revision_numbers_db [None req-7595b7c1-b55f-4233-b35c-50725ba1ef53 e1764593464c4aa78df777aa75f0e064 ea974855a7484f339df3e98ed07b1cd9 - - default default] Successfully bumped revision number for resource d15cbdbe-2a28-41fb-aca4-9ba5ce1655cf (type: networks) to 1
2026-05-27 11:07:24.343 10 INFO neutron.db.segments_db [None req-9dcf0e12-ae24-42b6-863b-10bc7e9d8550 e1764593464c4aa78df777aa75f0e064 ea974855a7484f339df3e98ed07b1cd9 - - default default] Added segment 9c39238b-788b-43b1-b49f-fe4a2cb03e64 of type geneve for network 7d0e6fab-8b11-4e31-a48c-7ecb54e29d34
2026-05-27 11:07:24.460 10 INFO neutron.db.ovn_revision_numbers_db [None req-9dcf0e12-ae24-42b6-863b-10bc7e9d8550 e1764593464c4aa78df777aa75f0e064 ea974855a7484f339df3e98ed07b1cd9 - - default default] Successfully bumped revision number for resource 7d0e6fab-8b11-4e31-a48c-7ecb54e29d34 (type: networks) to 1
2026-05-27 11:07:24.574 11 WARNING neutron.scheduler.dhcp_agent_scheduler [None req-7595b7c1-b55f-4233-b35c-50725ba1ef53 e1764593464c4aa78df777aa75f0e064 ea974855a7484f339df3e98ed07b1cd9 - - default default] No more DHCP agents
2026-05-27 11:07:24.575 11 WARNING neutron.api.rpc.agentnotifiers.dhcp_rpc_agent_api [None req-7595b7c1-b55f-4233-b35c-50725ba1ef53 e1764593464c4aa78df777aa75f0e064 ea974855a7484f339df3e98ed07b1cd9 - - default default] Unable to schedule network d15cbdbe-2a28-41fb-aca4-9ba5ce1655cf: no agents available; will retry on subsequent port and subnet creation events.
2026-05-27 11:07:24.639 10 WARNING neutron.scheduler.dhcp_agent_scheduler [None req-9dcf0e12-ae24-42b6-863b-10bc7e9d8550 e1764593464c4aa78df777aa75f0e064 ea974855a7484f339df3e98ed07b1cd9 - - default default] No more DHCP agents
2026-05-27 11:07:24.640 10 WARNING neutron.api.rpc.agentnotifiers.dhcp_rpc_agent_api [None req-9dcf0e12-ae24-42b6-863b-10bc7e9d8550 e1764593464c4aa78df777aa75f0e064 ea974855a7484f339df3e98ed07b1cd9 - - default default] Unable to schedule network 7d0e6fab-8b11-4e31-a48c-7ecb54e29d34: no agents available; will retry on subsequent port and subnet creation events.
2026-05-27 11:07:24.640 11 INFO neutron.db.ovn_revision_numbers_db [None req-7595b7c1-b55f-4233-b35c-50725ba1ef53 e1764593464c4aa78df777aa75f0e064 ea974855a7484f339df3e98ed07b1cd9 - - default default] Successfully bumped revision number for resource 8236694e-31b2-4042-b796-0bdabd81a6bc (type: ports) to 1
2026-05-27 11:07:24.665 11 INFO neutron.api.wsgi [None req-7595b7c1-b55f-4233-b35c-50725ba1ef53 e1764593464c4aa78df777aa75f0e064 ea974855a7484f339df3e98ed07b1cd9 - - default default] 10.0.0.9 "POST /v2.0/networks HTTP/1.1" status: 201 len: 940 time: 0.8538699
2026-05-27 11:07:24.703 10 INFO neutron.db.ovn_revision_numbers_db [None req-9dcf0e12-ae24-42b6-863b-10bc7e9d8550 e1764593464c4aa78df777aa75f0e064 ea974855a7484f339df3e98ed07b1cd9 - - default default] Successfully bumped revision number for resource 891da452-bee9-42c2-9a4c-6e0b999c0f45 (type: ports) to 1
2026-05-27 11:07:24.725 10 INFO neutron.api.wsgi [None req-9dcf0e12-ae24-42b6-863b-10bc7e9d8550 e1764593464c4aa78df777aa75f0e064 ea974855a7484f339df3e98ed07b1cd9 - - default default] 10.0.0.9 "POST /v2.0/networks HTTP/1.1" status: 201 len: 949 time: 0.7810969
2026-05-27 11:07:24.802 11 INFO neutron.db.ovn_revision_numbers_db [None req-7da424d7-c12c-4622-a8a6-de37908f635f e1764593464c4aa78df777aa75f0e064 ea974855a7484f339df3e98ed07b1cd9 - - default default] Successfully bumped revision number for resource 315b9243-69bf-4852-bc42-715013c3ac2a (type: security_groups) to 1
2026-05-27 11:07:24.816 11 INFO neutron.db.ovn_revision_numbers_db [None req-7da424d7-c12c-4622-a8a6-de37908f635f e1764593464c4aa78df777aa75f0e064 ea974855a7484f339df3e98ed07b1cd9 - - default default] Successfully bumped revision number for resource 1a15a1ae-b9fb-4f23-87e2-bf1ecba397c6 (type: security_group_rules) to 0
2026-05-27 11:07:24.833 11 INFO neutron.db.ovn_revision_numbers_db [None req-7da424d7-c12c-4622-a8a6-de37908f635f e1764593464c4aa78df777aa75f0e064 ea974855a7484f339df3e98ed07b1cd9 - - default default] Successfully bumped revision number for resource 6b978960-27bb-4020-bd83-55aa04c5bb81 (type: security_group_rules) to 0
2026-05-27 11:07:24.853 11 INFO neutron.db.ovn_revision_numbers_db [None req-7da424d7-c12c-4622-a8a6-de37908f635f e1764593464c4aa78df777aa75f0e064 ea974855a7484f339df3e98ed07b1cd9 - - default default] Successfully bumped revision number for resource 6c669ddc-36a5-40ad-958d-dbe3e9061cb6 (type: security_group_rules) to 0
2026-05-27 11:07:24.866 11 INFO neutron.db.ovn_revision_numbers_db [None req-7da424d7-c12c-4622-a8a6-de37908f635f e1764593464c4aa78df777aa75f0e064 ea974855a7484f339df3e98ed07b1cd9 - - default default] Successfully bumped revision number for resource 810ff610-f6d1-4759-b09d-596358838716 (type: security_group_rules) to 0
2026-05-27 11:07:24.866 10 WARNING neutron.scheduler.dhcp_agent_scheduler [None req-84e23b18-d4a1-4d7f-a2dd-6191880e560d e1764593464c4aa78df777aa75f0e064 ea974855a7484f339df3e98ed07b1cd9 - - default default] No more DHCP agents
2026-05-27 11:07:24.867 11 WARNING neutron.scheduler.dhcp_agent_scheduler [None req-652d5b1a-8bbf-475e-bf10-6ae368e7485c e1764593464c4aa78df777aa75f0e064 ea974855a7484f339df3e98ed07b1cd9 - - default default] No more DHCP agents
2026-05-27 11:07:24.868 10 WARNING neutron.api.rpc.agentnotifiers.dhcp_rpc_agent_api [None req-84e23b18-d4a1-4d7f-a2dd-6191880e560d e1764593464c4aa78df777aa75f0e064 ea974855a7484f339df3e98ed07b1cd9 - - default default] Unable to schedule network 7d0e6fab-8b11-4e31-a48c-7ecb54e29d34: no agents available; will retry on subsequent port and subnet creation events.
2026-05-27 11:07:24.869 11 WARNING neutron.api.rpc.agentnotifiers.dhcp_rpc_agent_api [None req-652d5b1a-8bbf-475e-bf10-6ae368e7485c e1764593464c4aa78df777aa75f0e064 ea974855a7484f339df3e98ed07b1cd9 - - default default] Unable to schedule network d15cbdbe-2a28-41fb-aca4-9ba5ce1655cf: no agents available; will retry on subsequent port and subnet creation events.
2026-05-27 11:07:24.921 11 INFO neutron.api.wsgi [None req-7da424d7-c12c-4622-a8a6-de37908f635f e1764593464c4aa78df777aa75f0e064 ea974855a7484f339df3e98ed07b1cd9 - - default default] 10.0.0.9 "GET /v2.0/security-groups?tenant_id=b68baae5ede64ccdbe70a4a119e7e975&name=default HTTP/1.1" status: 200 len: 3116 time: 0.5057073
2026-05-27 11:07:25.002 10 INFO neutron.db.ovn_revision_numbers_db [None req-b941cdce-a74c-49c1-88b1-d7c6413d9495 e1764593464c4aa78df777aa75f0e064 ea974855a7484f339df3e98ed07b1cd9 - - default default] Successfully bumped revision number for resource cf8145c2-fd4c-4ea8-9e25-e3f83dbdd0f9 (type: security_groups) to 1
2026-05-27 11:07:25.020 10 INFO neutron.db.ovn_revision_numbers_db [None req-b941cdce-a74c-49c1-88b1-d7c6413d9495 e1764593464c4aa78df777aa75f0e064 ea974855a7484f339df3e98ed07b1cd9 - - default default] Successfully bumped revision number for resource 0fd81c17-a0ae-4a1e-b476-60472e4e1130 (type: security_group_rules) to 0
2026-05-27 11:07:25.040 10 INFO neutron.db.ovn_revision_numbers_db [None req-b941cdce-a74c-49c1-88b1-d7c6413d9495 e1764593464c4aa78df777aa75f0e064 ea974855a7484f339df3e98ed07b1cd9 - - default default] Successfully bumped revision number for resource 65cd29d7-a501-464a-8e64-8955618015df (type: security_group_rules) to 0
2026-05-27 11:07:25.056 10 INFO neutron.db.ovn_revision_numbers_db [None req-b941cdce-a74c-49c1-88b1-d7c6413d9495 e1764593464c4aa78df777aa75f0e064 ea974855a7484f339df3e98ed07b1cd9 - - default default] Successfully bumped revision number for resource 952ce8d9-0d63-4b01-a62d-e1a5cb592623 (type: security_group_rules) to 0
2026-05-27 11:07:25.069 10 INFO neutron.db.ovn_revision_numbers_db [None req-b941cdce-a74c-49c1-88b1-d7c6413d9495 e1764593464c4aa78df777aa75f0e064 ea974855a7484f339df3e98ed07b1cd9 - - default default] Successfully bumped revision number for resource ddf48611-998a-4832-aede-8f0d4fbaf4cd (type: security_group_rules) to 0
2026-05-27 11:07:25.109 10 INFO neutron.api.wsgi [None req-b941cdce-a74c-49c1-88b1-d7c6413d9495 e1764593464c4aa78df777aa75f0e064 ea974855a7484f339df3e98ed07b1cd9 - - default default] 10.0.0.9 "GET /v2.0/security-groups?tenant_id=0b94c45f68e44cfaaabcb9b6333decbf&name=default HTTP/1.1" status: 200 len: 3116 time: 0.3118658
2026-05-27 11:07:25.275 10 INFO neutron.db.ovn_revision_numbers_db [None req-6cf32e12-ff5b-4915-b95e-89ea65d6a507 - - - - - -] Successfully bumped revision number for resource 891da452-bee9-42c2-9a4c-6e0b999c0f45 (type: ports) to 2
2026-05-27 11:07:25.300 10 INFO neutron.db.ovn_revision_numbers_db [None req-6cf32e12-ff5b-4915-b95e-89ea65d6a507 - - - - - -] Successfully bumped revision number for resource 6fef57ec-f4f0-45ce-9b36-c8bc0b5f61c3 (type: subnets) to 0
2026-05-27 11:07:25.302 11 INFO neutron.api.wsgi [None req-afa798fc-a8b8-4ee3-94e0-c75b4010a33d e1764593464c4aa78df777aa75f0e064 ea974855a7484f339df3e98ed07b1cd9 - - default default] 10.0.0.9 "DELETE /v2.0/security-groups/315b9243-69bf-4852-bc42-715013c3ac2a HTTP/1.1" status: 204 len: 168 time: 0.3756936
2026-05-27 11:07:25.313 10 INFO neutron.api.wsgi [None req-84e23b18-d4a1-4d7f-a2dd-6191880e560d e1764593464c4aa78df777aa75f0e064 ea974855a7484f339df3e98ed07b1cd9 - - default default] 10.0.0.9 "POST /v2.0/subnets HTTP/1.1" status: 201 len: 894 time: 0.5834820
2026-05-27 11:07:25.430 11 INFO neutron.api.wsgi [None req-4f37b267-2943-47f2-8a73-602716c5a4c9 e1764593464c4aa78df777aa75f0e064 ea974855a7484f339df3e98ed07b1cd9 - - default default] 10.0.0.9 "DELETE /v2.0/security-groups/cf8145c2-fd4c-4ea8-9e25-e3f83dbdd0f9 HTTP/1.1" status: 204 len: 168 time: 0.3156486
2026-05-27 11:07:25.553 11 INFO neutron.db.ovn_revision_numbers_db [None req-3c2d11d8-3b47-4201-aafe-a4a9b3d9ce72 - - - - - -] Successfully bumped revision number for resource 8236694e-31b2-4042-b796-0bdabd81a6bc (type: ports) to 2
2026-05-27 11:07:25.621 11 INFO neutron.db.ovn_revision_numbers_db [None req-3c2d11d8-3b47-4201-aafe-a4a9b3d9ce72 - - - - - -] Successfully bumped revision number for resource 49603f1d-43b2-4d1d-995f-47bb83931085 (type: subnets) to 0
2026-05-27 11:07:25.644 11 INFO neutron.api.wsgi [None req-652d5b1a-8bbf-475e-bf10-6ae368e7485c e1764593464c4aa78df777aa75f0e064 ea974855a7484f339df3e98ed07b1cd9 - - default default] 10.0.0.9 "POST /v2.0/subnets HTTP/1.1" status: 201 len: 884 time: 0.9692385
2026-05-27 11:07:25.879 11 WARNING neutron.scheduler.dhcp_agent_scheduler [None req-a2970881-90bc-4ac6-a0d9-2d6f0c021722 e1764593464c4aa78df777aa75f0e064 ea974855a7484f339df3e98ed07b1cd9 - - default default] No more DHCP agents
2026-05-27 11:07:25.881 11 WARNING neutron.api.rpc.agentnotifiers.dhcp_rpc_agent_api [None req-a2970881-90bc-4ac6-a0d9-2d6f0c021722 e1764593464c4aa78df777aa75f0e064 ea974855a7484f339df3e98ed07b1cd9 - - default default] Unable to schedule network 1644c29e-3c19-456c-a085-53701fa5b8c7: no agents available; will retry on subsequent port and subnet creation events.
2026-05-27 11:07:25.980 11 INFO neutron.db.ovn_revision_numbers_db [None req-a2970881-90bc-4ac6-a0d9-2d6f0c021722 e1764593464c4aa78df777aa75f0e064 ea974855a7484f339df3e98ed07b1cd9 - - default default] Successfully bumped revision number for resource 7c365881-1108-4d8b-bb38-c6d2072e4ca1 (type: ports) to 1
2026-05-27 11:07:26.178 10 WARNING neutron.scheduler.dhcp_agent_scheduler [None req-85964b77-d122-4306-85ba-b8e01989861e e1764593464c4aa78df777aa75f0e064 ea974855a7484f339df3e98ed07b1cd9 - - default default] No more DHCP agents
2026-05-27 11:07:26.180 10 WARNING neutron.api.rpc.agentnotifiers.dhcp_rpc_agent_api [None req-85964b77-d122-4306-85ba-b8e01989861e e1764593464c4aa78df777aa75f0e064 ea974855a7484f339df3e98ed07b1cd9 - - default default] Unable to schedule network 1644c29e-3c19-456c-a085-53701fa5b8c7: no agents available; will retry on subsequent port and subnet creation events.
2026-05-27 11:07:26.300 10 INFO neutron.db.ovn_revision_numbers_db [None req-85964b77-d122-4306-85ba-b8e01989861e e1764593464c4aa78df777aa75f0e064 ea974855a7484f339df3e98ed07b1cd9 - - default default] Successfully bumped revision number for resource 57e3be1b-d1db-4c37-8f5f-476a78aab73a (type: ports) to 1
2026-05-27 11:07:26.524 11 INFO neutron.plugins.ml2.drivers.ovn.mech_driver.ovsdb.extensions.qos [None req-a2970881-90bc-4ac6-a0d9-2d6f0c021722 e1764593464c4aa78df777aa75f0e064 ea974855a7484f339df3e98ed07b1cd9 - - default default] Starting OVNClientQosExtension
2026-05-27 11:07:26.576 10 INFO neutron.plugins.ml2.drivers.ovn.mech_driver.ovsdb.extensions.qos [None req-85964b77-d122-4306-85ba-b8e01989861e e1764593464c4aa78df777aa75f0e064 ea974855a7484f339df3e98ed07b1cd9 - - default default] Starting OVNClientQosExtension
2026-05-27 11:07:26.839 11 INFO neutron.plugins.ml2.drivers.ovn.mech_driver.ovsdb.commands [None req-c2ec3906-9192-4a1e-9c52-2400586d43dd - - - - - -] Schedule LRP lrp-7c365881-1108-4d8b-bb38-c6d2072e4ca1 on gateway 63d46362-dc81-4dfd-a5f8-36b1c107d5ed with priority 1
2026-05-27 11:07:26.848 11 INFO neutron.plugins.ml2.drivers.ovn.mech_driver.mech_driver [None req-0e4bee1b-7460-4953-9639-7ebf1df467f9 - - - - - -] OVN reports status up for port: 7c365881-1108-4d8b-bb38-c6d2072e4ca1
2026-05-27 11:07:26.861 11 INFO neutron.plugins.ml2.drivers.ovn.mech_driver.ovsdb.ovsdb_monitor [-] Router 0a9a8a85-79fd-4e4f-bef2-cde0c78875f8 is bound to host instance
2026-05-27 11:07:26.871 10 INFO neutron.plugins.ml2.drivers.ovn.mech_driver.ovsdb.commands [None req-75721562-f0b3-4c0a-b445-da1206aed6ad - - - - - -] Schedule LRP lrp-57e3be1b-d1db-4c37-8f5f-476a78aab73a on gateway 63d46362-dc81-4dfd-a5f8-36b1c107d5ed with priority 1
2026-05-27 11:07:26.889 11 INFO neutron.plugins.ml2.plugin [None req-0e4bee1b-7460-4953-9639-7ebf1df467f9 - - - - - -] Attempt 1 to provision port 7c365881-1108-4d8b-bb38-c6d2072e4ca1
2026-05-27 11:07:26.896 10 INFO neutron.plugins.ml2.drivers.ovn.mech_driver.ovsdb.ovsdb_monitor [-] Router a2b6b0d1-2dc8-4aab-b936-34fd5f0712a2 is bound to host instance
2026-05-27 11:07:26.917 11 INFO neutron.db.ovn_revision_numbers_db [None req-a2970881-90bc-4ac6-a0d9-2d6f0c021722 e1764593464c4aa78df777aa75f0e064 ea974855a7484f339df3e98ed07b1cd9 - - default default] Successfully bumped revision number for resource 7c365881-1108-4d8b-bb38-c6d2072e4ca1 (type: router_ports) to 1
2026-05-27 11:07:26.933 10 INFO neutron.db.ovn_revision_numbers_db [None req-85964b77-d122-4306-85ba-b8e01989861e e1764593464c4aa78df777aa75f0e064 ea974855a7484f339df3e98ed07b1cd9 - - default default] Successfully bumped revision number for resource 57e3be1b-d1db-4c37-8f5f-476a78aab73a (type: router_ports) to 1
2026-05-27 11:07:27.007 11 INFO neutron.db.ovn_revision_numbers_db [None req-a2970881-90bc-4ac6-a0d9-2d6f0c021722 e1764593464c4aa78df777aa75f0e064 ea974855a7484f339df3e98ed07b1cd9 - - default default] Successfully bumped revision number for resource 0a9a8a85-79fd-4e4f-bef2-cde0c78875f8 (type: routers) to 2
2026-05-27 11:07:27.014 10 INFO neutron.db.ovn_revision_numbers_db [None req-85964b77-d122-4306-85ba-b8e01989861e e1764593464c4aa78df777aa75f0e064 ea974855a7484f339df3e98ed07b1cd9 - - default default] Successfully bumped revision number for resource a2b6b0d1-2dc8-4aab-b936-34fd5f0712a2 (type: routers) to 2
2026-05-27 11:07:27.032 11 INFO neutron.api.wsgi [None req-db5d1a74-3bf6-4c81-9e6a-5bc02e3f1746 e1764593464c4aa78df777aa75f0e064 ea974855a7484f339df3e98ed07b1cd9 - - default default] 10.0.0.68 "GET /v2.0/network-ip-availabilities HTTP/1.1" status: 200 len: 2232 time: 0.2063375
2026-05-27 11:07:27.036 11 INFO neutron.api.wsgi [None req-a2970881-90bc-4ac6-a0d9-2d6f0c021722 e1764593464c4aa78df777aa75f0e064 ea974855a7484f339df3e98ed07b1cd9 - - default default] 10.0.0.9 "POST /v2.0/routers HTTP/1.1" status: 201 len: 1172 time: 1.7164872
2026-05-27 11:07:27.038 10 INFO neutron.api.wsgi [None req-85964b77-d122-4306-85ba-b8e01989861e e1764593464c4aa78df777aa75f0e064 ea974855a7484f339df3e98ed07b1cd9 - - default default] 10.0.0.9 "POST /v2.0/routers HTTP/1.1" status: 201 len: 1162 time: 1.3902614
2026-05-27 11:07:27.127 11 INFO neutron.api.wsgi [None req-a58aa0f7-1f41-4026-b8af-b7e5b070ac1b e1764593464c4aa78df777aa75f0e064 ea974855a7484f339df3e98ed07b1cd9 - - default default] 10.0.0.68 "GET /v2.0/networks HTTP/1.1" status: 200 len: 3867 time: 0.0938928
2026-05-27 11:07:27.201 11 INFO neutron.api.wsgi [None req-319771b6-16dc-453f-a9ef-711a8ade28e8 e1764593464c4aa78df777aa75f0e064 ea974855a7484f339df3e98ed07b1cd9 - - default default] 10.0.0.68 "GET /v2.0/security-groups HTTP/1.1" status: 200 len: 23378 time: 0.0696087
2026-05-27 11:07:27.267 11 INFO neutron.api.wsgi [None req-6dbed566-bd74-4607-a037-ff147a68f972 e1764593464c4aa78df777aa75f0e064 ea974855a7484f339df3e98ed07b1cd9 - - default default] 10.0.0.68 "GET /v2.0/ports HTTP/1.1" status: 200 len: 9451 time: 0.0585084
2026-05-27 11:07:27.308 11 INFO neutron.api.wsgi [None req-87bb5cf5-7f2a-4141-8530-ddd0eb11937f e1764593464c4aa78df777aa75f0e064 ea974855a7484f339df3e98ed07b1cd9 - - default default] 10.0.0.68 "GET /v2.0/subnets HTTP/1.1" status: 200 len: 2844 time: 0.0316699
2026-05-27 11:07:27.323 11 INFO neutron.api.wsgi [None req-75fe7f51-625c-489b-8290-59bd0773e62c e1764593464c4aa78df777aa75f0e064 ea974855a7484f339df3e98ed07b1cd9 - - default default] 10.0.0.68 "GET /v2.0/subnetpools HTTP/1.1" status: 200 len: 193 time: 0.0129251
2026-05-27 11:07:27.339 11 INFO neutron.api.wsgi [None req-0d25851d-372d-4e50-b9ac-f679ac5e88ee e1764593464c4aa78df777aa75f0e064 ea974855a7484f339df3e98ed07b1cd9 - - default default] 10.0.0.68 "GET /v2.0/agents HTTP/1.1" status: 200 len: 1390 time: 0.0144072
2026-05-27 11:07:27.360 11 INFO neutron.api.wsgi [None req-b2b1c5e7-6606-49a6-840f-d99d85bac349 e1764593464c4aa78df777aa75f0e064 ea974855a7484f339df3e98ed07b1cd9 - - default default] 10.0.0.68 "GET /v2.0/floatingips HTTP/1.1" status: 200 len: 193 time: 0.0183055
2026-05-27 11:07:27.398 10 INFO neutron.db.ovn_revision_numbers_db [None req-21018b4f-2bb0-44e1-a97c-aee5f325b0a0 e1764593464c4aa78df777aa75f0e064 ea974855a7484f339df3e98ed07b1cd9 - - default default] Successfully bumped revision number for resource c92c439b-3bcd-4f9d-9019-d6fb6bf54c58 (type: security_groups) to 1
2026-05-27 11:07:27.403 11 INFO neutron.api.wsgi [None req-355c3ca2-74e8-44b2-af05-711dcb3254b4 e1764593464c4aa78df777aa75f0e064 ea974855a7484f339df3e98ed07b1cd9 - - default default] 10.0.0.68 "GET /v2.0/subnets HTTP/1.1" status: 200 len: 2844 time: 0.0399253
2026-05-27 11:07:27.422 10 INFO neutron.db.ovn_revision_numbers_db [None req-21018b4f-2bb0-44e1-a97c-aee5f325b0a0 e1764593464c4aa78df777aa75f0e064 ea974855a7484f339df3e98ed07b1cd9 - - default default] Successfully bumped revision number for resource 4bb8a58a-8dd4-4366-bf6a-1849a76776b7 (type: security_group_rules) to 0
2026-05-27 11:07:27.445 10 INFO neutron.db.ovn_revision_numbers_db [None req-21018b4f-2bb0-44e1-a97c-aee5f325b0a0 e1764593464c4aa78df777aa75f0e064 ea974855a7484f339df3e98ed07b1cd9 - - default default] Successfully bumped revision number for resource 723f888a-45c9-40f3-8bfa-6e230a021a65 (type: security_group_rules) to 0
2026-05-27 11:07:27.468 10 INFO neutron.db.ovn_revision_numbers_db [None req-21018b4f-2bb0-44e1-a97c-aee5f325b0a0 e1764593464c4aa78df777aa75f0e064 ea974855a7484f339df3e98ed07b1cd9 - - default default] Successfully bumped revision number for resource 876a5a23-69af-4309-b347-b7a3b64dfdff (type: security_group_rules) to 0
2026-05-27 11:07:27.492 10 INFO neutron.db.ovn_revision_numbers_db [None req-21018b4f-2bb0-44e1-a97c-aee5f325b0a0 e1764593464c4aa78df777aa75f0e064 ea974855a7484f339df3e98ed07b1cd9 - - default default] Successfully bumped revision number for resource a58d150e-2bac-42cf-871e-8128818f0d5d (type: security_group_rules) to 0
2026-05-27 11:07:27.500 11 INFO neutron.api.wsgi [None req-8470e3ca-abf1-473c-a5c8-267729802e3c e1764593464c4aa78df777aa75f0e064 ea974855a7484f339df3e98ed07b1cd9 - - default default] 10.0.0.68 "GET /v2.0/routers HTTP/1.1" status: 200 len: 2117 time: 0.0929873
2026-05-27 11:07:27.522 11 INFO neutron.api.wsgi [None req-918478b9-39fe-4e16-a54d-95f38c4b25fc e1764593464c4aa78df777aa75f0e064 ea974855a7484f339df3e98ed07b1cd9 - - default default] 10.0.0.68 "GET /v2.0/agents?binary=ovn-controller HTTP/1.1" status: 200 len: 591 time: 0.0194905
2026-05-27 11:07:27.599 10 INFO neutron.db.ovn_revision_numbers_db [None req-42783af5-f4cc-4e36-b60d-39fbb34a7541 - - - - - -] Successfully bumped revision number for resource 57e3be1b-d1db-4c37-8f5f-476a78aab73a (type: ports) to 1
2026-05-27 11:07:27.613 10 INFO neutron.db.segments_db [None req-21018b4f-2bb0-44e1-a97c-aee5f325b0a0 e1764593464c4aa78df777aa75f0e064 ea974855a7484f339df3e98ed07b1cd9 - - default default] Added segment f7b88ac0-39d5-4d6a-bbab-7f4bf550eba6 of type geneve for network 05920bc3-85a3-416e-ab4b-78611afe192c
2026-05-27 11:07:27.617 11 INFO neutron.db.ovn_revision_numbers_db [None req-1028442c-1938-4aa5-841d-986055e5f3de - - - - - -] Successfully bumped revision number for resource 7c365881-1108-4d8b-bb38-c6d2072e4ca1 (type: ports) to 1
2026-05-27 11:07:27.774 10 WARNING neutron.scheduler.dhcp_agent_scheduler [None req-9d44e14c-b48a-4301-8de3-d9890032c0ca e1764593464c4aa78df777aa75f0e064 ea974855a7484f339df3e98ed07b1cd9 - - default default] No more DHCP agents
2026-05-27 11:07:27.781 10 WARNING neutron.api.rpc.agentnotifiers.dhcp_rpc_agent_api [None req-9d44e14c-b48a-4301-8de3-d9890032c0ca e1764593464c4aa78df777aa75f0e064 ea974855a7484f339df3e98ed07b1cd9 - - default default] Unable to schedule network 7d0e6fab-8b11-4e31-a48c-7ecb54e29d34: no agents available; will retry on subsequent port and subnet creation events.
2026-05-27 11:07:27.807 10 INFO neutron.db.ovn_revision_numbers_db [None req-21018b4f-2bb0-44e1-a97c-aee5f325b0a0 e1764593464c4aa78df777aa75f0e064 ea974855a7484f339df3e98ed07b1cd9 - - default default] Successfully bumped revision number for resource 05920bc3-85a3-416e-ab4b-78611afe192c (type: networks) to 1
2026-05-27 11:07:27.872 11 WARNING neutron.scheduler.dhcp_agent_scheduler [None req-81f76e69-fa58-4a60-b5bd-90b5022ca002 e1764593464c4aa78df777aa75f0e064 ea974855a7484f339df3e98ed07b1cd9 - - default default] No more DHCP agents
2026-05-27 11:07:27.875 11 WARNING neutron.api.rpc.agentnotifiers.dhcp_rpc_agent_api [None req-81f76e69-fa58-4a60-b5bd-90b5022ca002 e1764593464c4aa78df777aa75f0e064 ea974855a7484f339df3e98ed07b1cd9 - - default default] Unable to schedule network d15cbdbe-2a28-41fb-aca4-9ba5ce1655cf: no agents available; will retry on subsequent port and subnet creation events.
2026-05-27 11:07:27.954 10 INFO neutron.db.ovn_revision_numbers_db [None req-9d44e14c-b48a-4301-8de3-d9890032c0ca e1764593464c4aa78df777aa75f0e064 ea974855a7484f339df3e98ed07b1cd9 - - default default] Successfully bumped revision number for resource 39d25a02-a87c-42c6-bcc8-be707265b4cc (type: ports) to 1
2026-05-27 11:07:28.003 11 INFO neutron.db.ovn_revision_numbers_db [None req-81f76e69-fa58-4a60-b5bd-90b5022ca002 e1764593464c4aa78df777aa75f0e064 ea974855a7484f339df3e98ed07b1cd9 - - default default] Successfully bumped revision number for resource 7cc1ba50-65c8-4255-a07d-4c16f6318c9b (type: ports) to 1
2026-05-27 11:07:28.078 10 WARNING neutron.scheduler.dhcp_agent_scheduler [None req-21018b4f-2bb0-44e1-a97c-aee5f325b0a0 e1764593464c4aa78df777aa75f0e064 ea974855a7484f339df3e98ed07b1cd9 - - default default] No more DHCP agents
2026-05-27 11:07:28.082 10 WARNING neutron.api.rpc.agentnotifiers.dhcp_rpc_agent_api [None req-21018b4f-2bb0-44e1-a97c-aee5f325b0a0 e1764593464c4aa78df777aa75f0e064 ea974855a7484f339df3e98ed07b1cd9 - - default default] Unable to schedule network 05920bc3-85a3-416e-ab4b-78611afe192c: no agents available; will retry on subsequent port and subnet creation events.
2026-05-27 11:07:28.162 10 INFO neutron.db.ovn_revision_numbers_db [None req-42783af5-f4cc-4e36-b60d-39fbb34a7541 - - - - - -] Successfully bumped revision number for resource 57e3be1b-d1db-4c37-8f5f-476a78aab73a (type: ports) to 4
2026-05-27 11:07:28.164 11 INFO neutron.db.ovn_revision_numbers_db [None req-1028442c-1938-4aa5-841d-986055e5f3de - - - - - -] Successfully bumped revision number for resource 7c365881-1108-4d8b-bb38-c6d2072e4ca1 (type: ports) to 4
2026-05-27 11:07:28.191 10 INFO neutron.db.ovn_revision_numbers_db [None req-21018b4f-2bb0-44e1-a97c-aee5f325b0a0 e1764593464c4aa78df777aa75f0e064 ea974855a7484f339df3e98ed07b1cd9 - - default default] Successfully bumped revision number for resource 1fdc936c-4044-4cae-bd91-6a291cfbc273 (type: ports) to 1
2026-05-27 11:07:28.220 10 INFO neutron.api.wsgi [None req-21018b4f-2bb0-44e1-a97c-aee5f325b0a0 e1764593464c4aa78df777aa75f0e064 ea974855a7484f339df3e98ed07b1cd9 - - default default] 10.0.0.9 "POST /v2.0/networks HTTP/1.1" status: 201 len: 946 time: 1.2404201
2026-05-27 11:07:28.512 10 WARNING neutron.scheduler.dhcp_agent_scheduler [None req-cb8bfa76-eda5-4163-b042-ae1f761ea514 e1764593464c4aa78df777aa75f0e064 ea974855a7484f339df3e98ed07b1cd9 - - default default] No more DHCP agents
2026-05-27 11:07:28.519 10 WARNING neutron.api.rpc.agentnotifiers.dhcp_rpc_agent_api [None req-cb8bfa76-eda5-4163-b042-ae1f761ea514 e1764593464c4aa78df777aa75f0e064 ea974855a7484f339df3e98ed07b1cd9 - - default default] Unable to schedule network 05920bc3-85a3-416e-ab4b-78611afe192c: no agents available; will retry on subsequent port and subnet creation events.
2026-05-27 11:07:28.549 11 INFO neutron.db.ovn_revision_numbers_db [None req-1028442c-1938-4aa5-841d-986055e5f3de - - - - - -] Successfully bumped revision number for resource 7c365881-1108-4d8b-bb38-c6d2072e4ca1 (type: ports) to 5
2026-05-27 11:07:28.699 11 INFO neutron.db.ovn_revision_numbers_db [None req-81f76e69-fa58-4a60-b5bd-90b5022ca002 e1764593464c4aa78df777aa75f0e064 ea974855a7484f339df3e98ed07b1cd9 - - default default] Successfully bumped revision number for resource 7cc1ba50-65c8-4255-a07d-4c16f6318c9b (type: ports) to 1
2026-05-27 11:07:28.748 11 WARNING neutron.scheduler.dhcp_agent_scheduler [None req-81f76e69-fa58-4a60-b5bd-90b5022ca002 e1764593464c4aa78df777aa75f0e064 ea974855a7484f339df3e98ed07b1cd9 - - default default] No more DHCP agents
2026-05-27 11:07:28.749 11 WARNING neutron.api.rpc.agentnotifiers.dhcp_rpc_agent_api [None req-81f76e69-fa58-4a60-b5bd-90b5022ca002 e1764593464c4aa78df777aa75f0e064 ea974855a7484f339df3e98ed07b1cd9 - - default default] Unable to schedule network d15cbdbe-2a28-41fb-aca4-9ba5ce1655cf: no agents available; will retry on subsequent port and subnet creation events.
2026-05-27 11:07:28.815 10 INFO neutron.db.ovn_revision_numbers_db [None req-42783af5-f4cc-4e36-b60d-39fbb34a7541 - - - - - -] Successfully bumped revision number for resource 57e3be1b-d1db-4c37-8f5f-476a78aab73a (type: ports) to 5
2026-05-27 11:07:28.952 10 INFO neutron.db.ovn_revision_numbers_db [None req-9d44e14c-b48a-4301-8de3-d9890032c0ca e1764593464c4aa78df777aa75f0e064 ea974855a7484f339df3e98ed07b1cd9 - - default default] Successfully bumped revision number for resource 39d25a02-a87c-42c6-bcc8-be707265b4cc (type: ports) to 1
2026-05-27 11:07:29.012 10 WARNING neutron.scheduler.dhcp_agent_scheduler [None req-9d44e14c-b48a-4301-8de3-d9890032c0ca e1764593464c4aa78df777aa75f0e064 ea974855a7484f339df3e98ed07b1cd9 - - default default] No more DHCP agents
2026-05-27 11:07:29.013 10 WARNING neutron.api.rpc.agentnotifiers.dhcp_rpc_agent_api [None req-9d44e14c-b48a-4301-8de3-d9890032c0ca e1764593464c4aa78df777aa75f0e064 ea974855a7484f339df3e98ed07b1cd9 - - default default] Unable to schedule network 7d0e6fab-8b11-4e31-a48c-7ecb54e29d34: no agents available; will retry on subsequent port and subnet creation events.
2026-05-27 11:07:29.191 10 INFO neutron.db.ovn_revision_numbers_db [None req-9806d66c-181c-4075-b839-5b75aee41e8e - - - - - -] Successfully bumped revision number for resource 1fdc936c-4044-4cae-bd91-6a291cfbc273 (type: ports) to 2
2026-05-27 11:07:29.227 10 INFO neutron.db.ovn_revision_numbers_db [None req-9806d66c-181c-4075-b839-5b75aee41e8e - - - - - -] Successfully bumped revision number for resource 04c3ae78-5d4d-4550-8f49-0b86068d537b (type: subnets) to 0
2026-05-27 11:07:29.261 10 INFO neutron.api.wsgi [None req-cb8bfa76-eda5-4163-b042-ae1f761ea514 e1764593464c4aa78df777aa75f0e064 ea974855a7484f339df3e98ed07b1cd9 - - default default] 10.0.0.9 "POST /v2.0/subnets HTTP/1.1" status: 201 len: 890 time: 1.0354526
2026-05-27 11:07:29.441 11 INFO neutron.db.ovn_revision_numbers_db [None req-81f76e69-fa58-4a60-b5bd-90b5022ca002 e1764593464c4aa78df777aa75f0e064 ea974855a7484f339df3e98ed07b1cd9 - - default default] Successfully bumped revision number for resource 7cc1ba50-65c8-4255-a07d-4c16f6318c9b (type: router_ports) to 1
2026-05-27 11:07:29.445 11 INFO neutron.api.wsgi [None req-81f76e69-fa58-4a60-b5bd-90b5022ca002 e1764593464c4aa78df777aa75f0e064 ea974855a7484f339df3e98ed07b1cd9 - - default default] 10.0.0.9 "PUT /v2.0/routers/a2b6b0d1-2dc8-4aab-b936-34fd5f0712a2/add_router_interface HTTP/1.1" status: 200 len: 503 time: 2.4027312
2026-05-27 11:07:29.630 10 INFO neutron.db.ovn_revision_numbers_db [None req-9d44e14c-b48a-4301-8de3-d9890032c0ca e1764593464c4aa78df777aa75f0e064 ea974855a7484f339df3e98ed07b1cd9 - - default default] Successfully bumped revision number for resource 39d25a02-a87c-42c6-bcc8-be707265b4cc (type: router_ports) to 1
2026-05-27 11:07:29.634 10 INFO neutron.api.wsgi [None req-9d44e14c-b48a-4301-8de3-d9890032c0ca e1764593464c4aa78df777aa75f0e064 ea974855a7484f339df3e98ed07b1cd9 - - default default] 10.0.0.9 "PUT /v2.0/routers/0a9a8a85-79fd-4e4f-bef2-cde0c78875f8/add_router_interface HTTP/1.1" status: 200 len: 503 time: 2.5919816
2026-05-27 11:07:29.687 10 WARNING neutron.scheduler.dhcp_agent_scheduler [None req-b64216cd-556d-426a-b35c-e5c16a8c329f e1764593464c4aa78df777aa75f0e064 ea974855a7484f339df3e98ed07b1cd9 - - default default] No more DHCP agents
2026-05-27 11:07:29.688 10 WARNING neutron.api.rpc.agentnotifiers.dhcp_rpc_agent_api [None req-b64216cd-556d-426a-b35c-e5c16a8c329f e1764593464c4aa78df777aa75f0e064 ea974855a7484f339df3e98ed07b1cd9 - - default default] Unable to schedule network 1644c29e-3c19-456c-a085-53701fa5b8c7: no agents available; will retry on subsequent port and subnet creation events.
2026-05-27 11:07:29.737 11 INFO neutron.plugins.ml2.drivers.ovn.mech_driver.mech_driver [None req-0e4bee1b-7460-4953-9639-7ebf1df467f9 - - - - - -] OVN reports status up for port: 57e3be1b-d1db-4c37-8f5f-476a78aab73a
2026-05-27 11:07:29.752 11 INFO neutron.plugins.ml2.plugin [None req-0e4bee1b-7460-4953-9639-7ebf1df467f9 - - - - - -] Attempt 1 to provision port 57e3be1b-d1db-4c37-8f5f-476a78aab73a
2026-05-27 11:07:29.777 10 INFO neutron.db.ovn_revision_numbers_db [None req-b64216cd-556d-426a-b35c-e5c16a8c329f e1764593464c4aa78df777aa75f0e064 ea974855a7484f339df3e98ed07b1cd9 - - default default] Successfully bumped revision number for resource 06779223-04b1-4465-b573-e1aea6b7f6d8 (type: ports) to 1
2026-05-27 11:07:29.841 11 INFO neutron.plugins.ml2.drivers.ovn.mech_driver.mech_driver [None req-0e4bee1b-7460-4953-9639-7ebf1df467f9 - - - - - -] OVN reports status up for port: 7cc1ba50-65c8-4255-a07d-4c16f6318c9b
2026-05-27 11:07:29.850 11 INFO neutron.plugins.ml2.plugin [None req-0e4bee1b-7460-4953-9639-7ebf1df467f9 - - - - - -] Attempt 1 to provision port 7cc1ba50-65c8-4255-a07d-4c16f6318c9b
2026-05-27 11:07:29.864 11 INFO neutron.db.ovn_revision_numbers_db [None req-99d64a32-8258-4311-9b3a-9324bd73831f e1764593464c4aa78df777aa75f0e064 ea974855a7484f339df3e98ed07b1cd9 - - default default] Successfully bumped revision number for resource 870fdfe1-2cc1-4c6d-8243-78bbee86317d (type: security_groups) to 1
2026-05-27 11:07:29.887 11 INFO neutron.db.ovn_revision_numbers_db [None req-99d64a32-8258-4311-9b3a-9324bd73831f e1764593464c4aa78df777aa75f0e064 ea974855a7484f339df3e98ed07b1cd9 - - default default] Successfully bumped revision number for resource 3063acfd-4014-49d4-81a5-f3f60405e291 (type: security_group_rules) to 0
2026-05-27 11:07:29.900 11 INFO neutron.db.ovn_revision_numbers_db [None req-99d64a32-8258-4311-9b3a-9324bd73831f e1764593464c4aa78df777aa75f0e064 ea974855a7484f339df3e98ed07b1cd9 - - default default] Successfully bumped revision number for resource 7894ae13-2aae-441f-93bf-7c263520d1ae (type: security_group_rules) to 0
2026-05-27 11:07:29.919 11 INFO neutron.db.ovn_revision_numbers_db [None req-99d64a32-8258-4311-9b3a-9324bd73831f e1764593464c4aa78df777aa75f0e064 ea974855a7484f339df3e98ed07b1cd9 - - default default] Successfully bumped revision number for resource cf4b7526-8cf0-4688-97bd-a3f20df3477e (type: security_group_rules) to 0
2026-05-27 11:07:29.931 11 INFO neutron.db.ovn_revision_numbers_db [None req-99d64a32-8258-4311-9b3a-9324bd73831f e1764593464c4aa78df777aa75f0e064 ea974855a7484f339df3e98ed07b1cd9 - - default default] Successfully bumped revision number for resource d3133169-3549-44ab-8a11-a0b676551608 (type: security_group_rules) to 0
2026-05-27 11:07:29.981 11 INFO neutron.api.wsgi [None req-99d64a32-8258-4311-9b3a-9324bd73831f e1764593464c4aa78df777aa75f0e064 ea974855a7484f339df3e98ed07b1cd9 - - default default] 10.0.0.9 "GET /v2.0/security-groups?tenant_id=d69f3577292b4cf59ac4e41ecaef41d9&name=default HTTP/1.1" status: 200 len: 3116 time: 0.4100523
2026-05-27 11:07:30.008 10 WARNING neutron_lib.context [None req-7aebafd8-dab6-427b-8948-be628bdeb74b 4357ec62cc014561b8f2f31f6f53727b 2bef533d0e9c45268e33ab59609716e7 - - default default] Method 'is_advsvc' is deprecated since 2023.2 release (neutron-lib 3.8.0) and will be removed once support for the old RBAC API policies will be removed from Neutron. Please use method 'is_service_role' instead.
2026-05-27 11:07:30.145 10 INFO neutron.db.ovn_revision_numbers_db [None req-7aebafd8-dab6-427b-8948-be628bdeb74b 4357ec62cc014561b8f2f31f6f53727b 2bef533d0e9c45268e33ab59609716e7 - - default default] Successfully bumped revision number for resource 57c25dd5-b269-4320-965a-53ad2cab8a04 (type: security_groups) to 1
2026-05-27 11:07:30.162 10 INFO neutron.db.ovn_revision_numbers_db [None req-7aebafd8-dab6-427b-8948-be628bdeb74b 4357ec62cc014561b8f2f31f6f53727b 2bef533d0e9c45268e33ab59609716e7 - - default default] Successfully bumped revision number for resource 1c15460a-3d21-44e7-ac9c-532df71d8219 (type: security_group_rules) to 0
2026-05-27 11:07:30.177 10 INFO neutron.db.ovn_revision_numbers_db [None req-7aebafd8-dab6-427b-8948-be628bdeb74b 4357ec62cc014561b8f2f31f6f53727b 2bef533d0e9c45268e33ab59609716e7 - - default default] Successfully bumped revision number for resource 84339a49-c639-4998-a3c7-15c657a4b007 (type: security_group_rules) to 0
2026-05-27 11:07:30.215 10 INFO neutron.api.wsgi [None req-7aebafd8-dab6-427b-8948-be628bdeb74b 4357ec62cc014561b8f2f31f6f53727b 2bef533d0e9c45268e33ab59609716e7 - - default default] 10.0.0.9 "POST /v2.0/security-groups HTTP/1.1" status: 201 len: 1859 time: 0.2127476
