2026-05-27 11:09:23.043 10 INFO neutron.services.segments.plugin [-] Segment ae2b02e1-64c5-49ae-88bb-5eaf80e11999 resource provider not found; error: Placement Client Error (4xx): {"errors": [{"status": 404, "title": "Not Found", "detail": "The resource could not be found.\n\n No resource provider with uuid ae2b02e1-64c5-49ae-88bb-5eaf80e11999 found for delete ", "request_id": "req-266b8618-1be7-492d-8d01-947e85d99cec"}]}
2026-05-27 11:09:23.067 10 INFO neutron.api.wsgi [None req-e73a3f8f-6ff9-477b-b38b-dba8a91a4449 d5239c2ad7a9455bb4e7d693858edd25 181ab690c7d847c498ef571f38c8c6d5 - - default default] 10.0.0.9 "DELETE /v2.0/networks/858f1ba7-ade4-4140-a086-9b32937007d2 HTTP/1.1" status: 204 len: 168 time: 0.3556149
2026-05-27 11:09:23.081 11 WARNING neutron_lib.context [None req-33a2bf15-c0d2-4854-abba-47d40bf44dd8 d5239c2ad7a9455bb4e7d693858edd25 181ab690c7d847c498ef571f38c8c6d5 - - default default] Method 'is_advsvc' is deprecated since 2023.2 release (neutron-lib 3.8.0) and will be removed once support for the old RBAC API policies will be removed from Neutron. Please use method 'is_service_role' instead.
2026-05-27 11:09:23.332 10 WARNING neutron.scheduler.dhcp_agent_scheduler [None req-7ecfcfd6-9c3e-4fe3-86a6-4639c7339b58 e1764593464c4aa78df777aa75f0e064 ea974855a7484f339df3e98ed07b1cd9 - - default default] No more DHCP agents
2026-05-27 11:09:23.334 10 WARNING neutron.api.rpc.agentnotifiers.dhcp_rpc_agent_api [None req-7ecfcfd6-9c3e-4fe3-86a6-4639c7339b58 e1764593464c4aa78df777aa75f0e064 ea974855a7484f339df3e98ed07b1cd9 - - default default] Unable to schedule network 1644c29e-3c19-456c-a085-53701fa5b8c7: no agents available; will retry on subsequent port and subnet creation events.
2026-05-27 11:09:23.504 10 INFO neutron.db.ovn_revision_numbers_db [None req-7ecfcfd6-9c3e-4fe3-86a6-4639c7339b58 e1764593464c4aa78df777aa75f0e064 ea974855a7484f339df3e98ed07b1cd9 - - default default] Successfully bumped revision number for resource 843b6008-d4a8-4ed2-ae3a-96468407f869 (type: ports) to 1
2026-05-27 11:09:23.538 11 WARNING neutron.scheduler.dhcp_agent_scheduler [None req-33a2bf15-c0d2-4854-abba-47d40bf44dd8 d5239c2ad7a9455bb4e7d693858edd25 181ab690c7d847c498ef571f38c8c6d5 - - default default] No more DHCP agents
2026-05-27 11:09:23.540 11 WARNING neutron.api.rpc.agentnotifiers.dhcp_rpc_agent_api [None req-33a2bf15-c0d2-4854-abba-47d40bf44dd8 d5239c2ad7a9455bb4e7d693858edd25 181ab690c7d847c498ef571f38c8c6d5 - - default default] Unable to schedule network 1644c29e-3c19-456c-a085-53701fa5b8c7: no agents available; will retry on subsequent port and subnet creation events.
2026-05-27 11:09:23.652 11 INFO neutron.db.ovn_revision_numbers_db [None req-33a2bf15-c0d2-4854-abba-47d40bf44dd8 d5239c2ad7a9455bb4e7d693858edd25 181ab690c7d847c498ef571f38c8c6d5 - - default default] Successfully bumped revision number for resource 7d103040-0ca9-413c-b4a1-595e82098357 (type: ports) to 1
2026-05-27 11:09:24.082 10 INFO neutron.plugins.ml2.drivers.ovn.mech_driver.ovsdb.commands [None req-75721562-f0b3-4c0a-b445-da1206aed6ad - - - - - -] Schedule LRP lrp-843b6008-d4a8-4ed2-ae3a-96468407f869 on gateway 63d46362-dc81-4dfd-a5f8-36b1c107d5ed with priority 1
2026-05-27 11:09:24.102 11 INFO neutron.plugins.ml2.drivers.ovn.mech_driver.ovsdb.ovsdb_monitor [None req-a02bbbf2-c046-4596-a9a0-918df00fc6d8 - - - - - -] Router e6673444-7393-4664-b89b-a154b80bd24a is bound to host instance
2026-05-27 11:09:24.125 10 INFO neutron.db.ovn_revision_numbers_db [None req-7ecfcfd6-9c3e-4fe3-86a6-4639c7339b58 e1764593464c4aa78df777aa75f0e064 ea974855a7484f339df3e98ed07b1cd9 - - default default] Successfully bumped revision number for resource 843b6008-d4a8-4ed2-ae3a-96468407f869 (type: router_ports) to 1
2026-05-27 11:09:24.197 10 INFO neutron.db.ovn_revision_numbers_db [None req-7ecfcfd6-9c3e-4fe3-86a6-4639c7339b58 e1764593464c4aa78df777aa75f0e064 ea974855a7484f339df3e98ed07b1cd9 - - default default] Successfully bumped revision number for resource e6673444-7393-4664-b89b-a154b80bd24a (type: routers) to 2
2026-05-27 11:09:24.211 10 INFO neutron.api.wsgi [None req-7ecfcfd6-9c3e-4fe3-86a6-4639c7339b58 e1764593464c4aa78df777aa75f0e064 ea974855a7484f339df3e98ed07b1cd9 - - default default] 10.0.0.9 "POST /v2.0/routers HTTP/1.1" status: 201 len: 1168 time: 1.3040900
2026-05-27 11:09:24.291 11 INFO neutron.plugins.ml2.drivers.ovn.mech_driver.ovsdb.commands [None req-c2ec3906-9192-4a1e-9c52-2400586d43dd - - - - - -] Schedule LRP lrp-7d103040-0ca9-413c-b4a1-595e82098357 on gateway 63d46362-dc81-4dfd-a5f8-36b1c107d5ed with priority 1
2026-05-27 11:09:24.314 11 INFO neutron.plugins.ml2.drivers.ovn.mech_driver.mech_driver [None req-eb94fd95-6e5d-4ccb-9243-02c1f151cb9a - - - - - -] OVN reports status up for port: 7d103040-0ca9-413c-b4a1-595e82098357
2026-05-27 11:09:24.349 11 INFO neutron.plugins.ml2.plugin [None req-eb94fd95-6e5d-4ccb-9243-02c1f151cb9a - - - - - -] Attempt 1 to provision port 7d103040-0ca9-413c-b4a1-595e82098357
2026-05-27 11:09:24.371 11 INFO neutron.db.ovn_revision_numbers_db [None req-33a2bf15-c0d2-4854-abba-47d40bf44dd8 d5239c2ad7a9455bb4e7d693858edd25 181ab690c7d847c498ef571f38c8c6d5 - - default default] Successfully bumped revision number for resource 7d103040-0ca9-413c-b4a1-595e82098357 (type: router_ports) to 1
2026-05-27 11:09:24.490 11 INFO neutron.db.ovn_revision_numbers_db [None req-33a2bf15-c0d2-4854-abba-47d40bf44dd8 d5239c2ad7a9455bb4e7d693858edd25 181ab690c7d847c498ef571f38c8c6d5 - - default default] Successfully bumped revision number for resource c1935259-c4c4-4734-a173-3c61b34ce0e4 (type: routers) to 2
2026-05-27 11:09:24.509 11 INFO neutron.api.wsgi [None req-33a2bf15-c0d2-4854-abba-47d40bf44dd8 d5239c2ad7a9455bb4e7d693858edd25 181ab690c7d847c498ef571f38c8c6d5 - - default default] 10.0.0.9 "POST /v2.0/routers HTTP/1.1" status: 201 len: 1151 time: 1.4358616
2026-05-27 11:09:24.625 11 INFO neutron.api.wsgi [None req-bb59cb05-cdb9-481a-9f3b-3cb47b4fea1c d5239c2ad7a9455bb4e7d693858edd25 181ab690c7d847c498ef571f38c8c6d5 - - default default] 10.0.0.9 "GET /v2.0/routers/c1935259-c4c4-4734-a173-3c61b34ce0e4 HTTP/1.1" status: 200 len: 1152 time: 0.1098170
2026-05-27 11:09:24.711 11 INFO neutron.db.ovn_revision_numbers_db [None req-207c392c-6d5a-441d-baa5-75cdf8bc9001 e1764593464c4aa78df777aa75f0e064 ea974855a7484f339df3e98ed07b1cd9 - - default default] Successfully bumped revision number for resource 024d94d4-1f24-4a46-9f4c-bc2f18b44f7d (type: security_groups) to 1
2026-05-27 11:09:24.719 10 INFO neutron.api.wsgi [None req-dfbbafcb-c6f5-4655-94ab-36b8f6323d25 d5239c2ad7a9455bb4e7d693858edd25 181ab690c7d847c498ef571f38c8c6d5 - - default default] 10.0.0.9 "GET /v2.0/routers HTTP/1.1" status: 200 len: 1155 time: 0.0883784
2026-05-27 11:09:24.722 11 INFO neutron.db.ovn_revision_numbers_db [None req-68b5e9fd-ceb8-4d51-b5d0-dc03662ba29f - - - - - -] Successfully bumped revision number for resource 843b6008-d4a8-4ed2-ae3a-96468407f869 (type: ports) to 1
2026-05-27 11:09:24.727 11 INFO neutron.db.ovn_revision_numbers_db [None req-207c392c-6d5a-441d-baa5-75cdf8bc9001 e1764593464c4aa78df777aa75f0e064 ea974855a7484f339df3e98ed07b1cd9 - - default default] Successfully bumped revision number for resource 02213044-67fe-4018-bdf0-fea40b57f09e (type: security_group_rules) to 0
2026-05-27 11:09:24.741 11 INFO neutron.db.ovn_revision_numbers_db [None req-207c392c-6d5a-441d-baa5-75cdf8bc9001 e1764593464c4aa78df777aa75f0e064 ea974855a7484f339df3e98ed07b1cd9 - - default default] Successfully bumped revision number for resource 0ebd4b01-6d00-46bf-b832-545d477c9970 (type: security_group_rules) to 0
2026-05-27 11:09:24.756 11 INFO neutron.db.ovn_revision_numbers_db [None req-207c392c-6d5a-441d-baa5-75cdf8bc9001 e1764593464c4aa78df777aa75f0e064 ea974855a7484f339df3e98ed07b1cd9 - - default default] Successfully bumped revision number for resource 31b57316-9dd4-4dda-9907-e654e2d6aa32 (type: security_group_rules) to 0
2026-05-27 11:09:24.772 11 INFO neutron.db.ovn_revision_numbers_db [None req-207c392c-6d5a-441d-baa5-75cdf8bc9001 e1764593464c4aa78df777aa75f0e064 ea974855a7484f339df3e98ed07b1cd9 - - default default] Successfully bumped revision number for resource 5d7b9ea8-4508-4030-8da8-ad6a18fd1335 (type: security_group_rules) to 0
2026-05-27 11:09:24.818 11 INFO neutron.api.wsgi [None req-207c392c-6d5a-441d-baa5-75cdf8bc9001 e1764593464c4aa78df777aa75f0e064 ea974855a7484f339df3e98ed07b1cd9 - - default default] 10.0.0.9 "GET /v2.0/security-groups?tenant_id=c083c76d6b2c4efaafdff4736089cf9c&name=default HTTP/1.1" status: 200 len: 3120 time: 0.4305789
2026-05-27 11:09:24.957 10 WARNING neutron.scheduler.dhcp_agent_scheduler [None req-331a989d-723a-4426-9925-96d4fd3b43fb e1764593464c4aa78df777aa75f0e064 ea974855a7484f339df3e98ed07b1cd9 - - default default] No more DHCP agents
2026-05-27 11:09:24.958 10 WARNING neutron.api.rpc.agentnotifiers.dhcp_rpc_agent_api [None req-331a989d-723a-4426-9925-96d4fd3b43fb e1764593464c4aa78df777aa75f0e064 ea974855a7484f339df3e98ed07b1cd9 - - default default] Unable to schedule network 10225fd7-abd4-4568-b2eb-0928e92de7ae: no agents available; will retry on subsequent port and subnet creation events.
2026-05-27 11:09:25.054 11 INFO neutron.api.wsgi [None req-bd93c2f8-7c4e-44e1-93ec-d1887a180c36 e1764593464c4aa78df777aa75f0e064 ea974855a7484f339df3e98ed07b1cd9 - - default default] 10.0.0.9 "DELETE /v2.0/security-groups/024d94d4-1f24-4a46-9f4c-bc2f18b44f7d HTTP/1.1" status: 204 len: 168 time: 0.2284694
2026-05-27 11:09:25.055 11 INFO neutron.db.ovn_revision_numbers_db [None req-68b5e9fd-ceb8-4d51-b5d0-dc03662ba29f - - - - - -] Successfully bumped revision number for resource 843b6008-d4a8-4ed2-ae3a-96468407f869 (type: ports) to 4
2026-05-27 11:09:25.126 10 INFO neutron.db.ovn_revision_numbers_db [None req-331a989d-723a-4426-9925-96d4fd3b43fb e1764593464c4aa78df777aa75f0e064 ea974855a7484f339df3e98ed07b1cd9 - - default default] Successfully bumped revision number for resource 0f90bfc9-9a74-458f-91e2-020d1e2d9520 (type: ports) to 1
2026-05-27 11:09:25.158 10 INFO neutron.db.ovn_revision_numbers_db [None req-c9ed63f6-2a60-4c3a-8cad-39a28c2b3759 d5239c2ad7a9455bb4e7d693858edd25 181ab690c7d847c498ef571f38c8c6d5 - - default default] Successfully bumped revision number for resource c1935259-c4c4-4734-a173-3c61b34ce0e4 (type: routers) to 3
2026-05-27 11:09:25.163 10 INFO neutron.api.wsgi [None req-c9ed63f6-2a60-4c3a-8cad-39a28c2b3759 d5239c2ad7a9455bb4e7d693858edd25 181ab690c7d847c498ef571f38c8c6d5 - - default default] 10.0.0.9 "PUT /v2.0/routers/c1935259-c4c4-4734-a173-3c61b34ce0e4 HTTP/1.1" status: 200 len: 1159 time: 0.4389293
2026-05-27 11:09:25.263 10 INFO neutron.api.wsgi [None req-e28cace7-8f51-4509-8702-51abf0512657 d5239c2ad7a9455bb4e7d693858edd25 181ab690c7d847c498ef571f38c8c6d5 - - default default] 10.0.0.9 "GET /v2.0/routers/c1935259-c4c4-4734-a173-3c61b34ce0e4 HTTP/1.1" status: 200 len: 1159 time: 0.0943480
2026-05-27 11:09:25.293 10 INFO neutron.api.wsgi [None req-01108b35-7ee3-4714-86ff-10ce063b9083 d5239c2ad7a9455bb4e7d693858edd25 181ab690c7d847c498ef571f38c8c6d5 - - default default] 10.0.0.9 "GET /v2.0/ports?device_id=c1935259-c4c4-4734-a173-3c61b34ce0e4 HTTP/1.1" status: 200 len: 205 time: 0.0237324
2026-05-27 11:09:25.358 10 INFO neutron.db.ovn_revision_numbers_db [None req-80c90cd5-9d37-43c4-bad3-8b174aca102f e1764593464c4aa78df777aa75f0e064 ea974855a7484f339df3e98ed07b1cd9 - - default default] Successfully bumped revision number for resource 19bb04b6-af49-452b-8d40-890bf08c0d69 (type: security_groups) to 1
2026-05-27 11:09:25.361 11 INFO neutron.db.ovn_revision_numbers_db [None req-68b5e9fd-ceb8-4d51-b5d0-dc03662ba29f - - - - - -] Successfully bumped revision number for resource 843b6008-d4a8-4ed2-ae3a-96468407f869 (type: ports) to 5
2026-05-27 11:09:25.378 10 INFO neutron.db.ovn_revision_numbers_db [None req-80c90cd5-9d37-43c4-bad3-8b174aca102f e1764593464c4aa78df777aa75f0e064 ea974855a7484f339df3e98ed07b1cd9 - - default default] Successfully bumped revision number for resource 9c387868-c3cc-4ca9-b933-3a2a2e0703b5 (type: security_group_rules) to 0
2026-05-27 11:09:25.403 10 INFO neutron.db.ovn_revision_numbers_db [None req-80c90cd5-9d37-43c4-bad3-8b174aca102f e1764593464c4aa78df777aa75f0e064 ea974855a7484f339df3e98ed07b1cd9 - - default default] Successfully bumped revision number for resource a907ef1b-3e98-418f-a3a9-159cd7455919 (type: security_group_rules) to 0
2026-05-27 11:09:25.433 10 INFO neutron.db.ovn_revision_numbers_db [None req-80c90cd5-9d37-43c4-bad3-8b174aca102f e1764593464c4aa78df777aa75f0e064 ea974855a7484f339df3e98ed07b1cd9 - - default default] Successfully bumped revision number for resource ba581b42-a4ce-40d4-afe3-2203ec219ed0 (type: security_group_rules) to 0
2026-05-27 11:09:25.451 10 INFO neutron.db.ovn_revision_numbers_db [None req-80c90cd5-9d37-43c4-bad3-8b174aca102f e1764593464c4aa78df777aa75f0e064 ea974855a7484f339df3e98ed07b1cd9 - - default default] Successfully bumped revision number for resource da517933-4ea5-4e07-b03b-8feeb8b8988b (type: security_group_rules) to 0
2026-05-27 11:09:25.508 10 INFO neutron.api.wsgi [None req-80c90cd5-9d37-43c4-bad3-8b174aca102f e1764593464c4aa78df777aa75f0e064 ea974855a7484f339df3e98ed07b1cd9 - - default default] 10.0.0.9 "GET /v2.0/security-groups?tenant_id=9141be1f482f4d7eab720ad65242cd66&name=default HTTP/1.1" status: 200 len: 3120 time: 0.3666425
2026-05-27 11:09:25.792 11 INFO neutron.api.wsgi [None req-949d60a3-75e8-4f46-9674-67fd8178a93c e1764593464c4aa78df777aa75f0e064 ea974855a7484f339df3e98ed07b1cd9 - - default default] 10.0.0.9 "DELETE /v2.0/security-groups/19bb04b6-af49-452b-8d40-890bf08c0d69 HTTP/1.1" status: 204 len: 168 time: 0.2740560
2026-05-27 11:09:25.887 10 WARNING neutron.plugins.ml2.drivers.ovn.mech_driver.ovsdb.ovn_client [None req-ecdb498c-9f30-4aa1-8230-2e33f76d8352 - - - - - -] No port found with ID 0c47f42b-fb5f-496c-b57c-4a60999048bd: RuntimeError: No port found with ID 0c47f42b-fb5f-496c-b57c-4a60999048bd
2026-05-27 11:09:25.899 10 INFO neutron.db.ovn_revision_numbers_db [None req-331a989d-723a-4426-9925-96d4fd3b43fb e1764593464c4aa78df777aa75f0e064 ea974855a7484f339df3e98ed07b1cd9 - - default default] Successfully bumped revision number for resource 0f90bfc9-9a74-458f-91e2-020d1e2d9520 (type: ports) to 1
2026-05-27 11:09:25.906 10 INFO neutron.plugins.ml2.drivers.ovn.mech_driver.mech_driver [None req-ecdb498c-9f30-4aa1-8230-2e33f76d8352 - - - - - -] OVN reports status up for port: 843b6008-d4a8-4ed2-ae3a-96468407f869
2026-05-27 11:09:25.921 10 INFO neutron.plugins.ml2.plugin [None req-ecdb498c-9f30-4aa1-8230-2e33f76d8352 - - - - - -] Attempt 1 to provision port 843b6008-d4a8-4ed2-ae3a-96468407f869
2026-05-27 11:09:25.995 10 WARNING neutron.scheduler.dhcp_agent_scheduler [None req-331a989d-723a-4426-9925-96d4fd3b43fb e1764593464c4aa78df777aa75f0e064 ea974855a7484f339df3e98ed07b1cd9 - - default default] No more DHCP agents
2026-05-27 11:09:25.997 10 WARNING neutron.api.rpc.agentnotifiers.dhcp_rpc_agent_api [None req-331a989d-723a-4426-9925-96d4fd3b43fb e1764593464c4aa78df777aa75f0e064 ea974855a7484f339df3e98ed07b1cd9 - - default default] Unable to schedule network 10225fd7-abd4-4568-b2eb-0928e92de7ae: no agents available; will retry on subsequent port and subnet creation events.
2026-05-27 11:09:26.069 10 INFO neutron.plugins.ml2.drivers.ovn.mech_driver.mech_driver [None req-ecdb498c-9f30-4aa1-8230-2e33f76d8352 - - - - - -] OVN reports status up for port: 0f90bfc9-9a74-458f-91e2-020d1e2d9520
2026-05-27 11:09:26.087 10 INFO neutron.plugins.ml2.plugin [None req-ecdb498c-9f30-4aa1-8230-2e33f76d8352 - - - - - -] Attempt 1 to provision port 0f90bfc9-9a74-458f-91e2-020d1e2d9520
2026-05-27 11:09:26.134 10 INFO neutron.api.wsgi [None req-cd2bd708-53ea-40c0-86eb-7dec0150ab7a d5239c2ad7a9455bb4e7d693858edd25 181ab690c7d847c498ef571f38c8c6d5 - - default default] 10.0.0.9 "DELETE /v2.0/routers/c1935259-c4c4-4734-a173-3c61b34ce0e4 HTTP/1.1" status: 204 len: 168 time: 0.8366623
2026-05-27 11:09:26.160 11 INFO neutron.api.wsgi [None req-e88ce0b9-9ec5-49b2-a9ef-4cdd94e35744 d5239c2ad7a9455bb4e7d693858edd25 181ab690c7d847c498ef571f38c8c6d5 - - default default] 10.0.0.9 "GET /v2.0/ports?device_id=c1935259-c4c4-4734-a173-3c61b34ce0e4 HTTP/1.1" status: 200 len: 205 time: 0.0193951
2026-05-27 11:09:26.178 11 INFO neutron.api.v2.resource [None req-4acbbbec-26c5-4958-bef1-3cb8f8a3258d d5239c2ad7a9455bb4e7d693858edd25 181ab690c7d847c498ef571f38c8c6d5 - - default default] delete failed (client error): The resource could not be found.
2026-05-27 11:09:26.179 11 INFO neutron.api.wsgi [None req-4acbbbec-26c5-4958-bef1-3cb8f8a3258d d5239c2ad7a9455bb4e7d693858edd25 181ab690c7d847c498ef571f38c8c6d5 - - default default] 10.0.0.9 "DELETE /v2.0/routers/c1935259-c4c4-4734-a173-3c61b34ce0e4 HTTP/1.1" status: 404 len: 336 time: 0.0136175
2026-05-27 11:09:26.203 11 INFO neutron.api.wsgi [None req-e7d83dca-84a1-47e7-87f9-fc808d6055fa d5239c2ad7a9455bb4e7d693858edd25 181ab690c7d847c498ef571f38c8c6d5 - - default default] 10.0.0.9 "GET /v2.0/ports?device_id=fcf2426d-b171-4fc9-ab29-d84164db732e HTTP/1.1" status: 200 len: 205 time: 0.0163190
2026-05-27 11:09:26.221 11 INFO neutron.api.v2.resource [None req-3672deef-8869-45e6-87a7-c2509606afe3 d5239c2ad7a9455bb4e7d693858edd25 181ab690c7d847c498ef571f38c8c6d5 - - default default] delete failed (client error): The resource could not be found.
2026-05-27 11:09:26.222 11 INFO neutron.api.wsgi [None req-3672deef-8869-45e6-87a7-c2509606afe3 d5239c2ad7a9455bb4e7d693858edd25 181ab690c7d847c498ef571f38c8c6d5 - - default default] 10.0.0.9 "DELETE /v2.0/routers/fcf2426d-b171-4fc9-ab29-d84164db732e HTTP/1.1" status: 404 len: 336 time: 0.0147822
2026-05-27 11:09:26.236 11 INFO neutron.pecan_wsgi.hooks.translation [None req-e84e66e7-961d-4cc2-889c-675733e65172 d5239c2ad7a9455bb4e7d693858edd25 181ab690c7d847c498ef571f38c8c6d5 - - default default] DELETE failed (client error): The resource could not be found.
2026-05-27 11:09:26.239 11 INFO neutron.api.wsgi [None req-e84e66e7-961d-4cc2-889c-675733e65172 d5239c2ad7a9455bb4e7d693858edd25 181ab690c7d847c498ef571f38c8c6d5 - - default default] 10.0.0.9 "DELETE /v2.0/subnets/dfd11b2e-a4d6-4378-8add-7d67fe5e3317 HTTP/1.1" status: 404 len: 337 time: 0.0122385
2026-05-27 11:09:26.260 11 INFO neutron.api.wsgi [None req-9fac8f76-b33e-45a0-a83c-94e623933b75 d5239c2ad7a9455bb4e7d693858edd25 181ab690c7d847c498ef571f38c8c6d5 - - default default] 10.0.0.9 "GET /v2.0/ports?device_id=9556bbc7-6f09-49fa-b238-22c211d57fbb HTTP/1.1" status: 200 len: 205 time: 0.0168600
2026-05-27 11:09:26.278 11 INFO neutron.api.v2.resource [None req-4df0a212-4942-447a-93b6-a49c7104844a d5239c2ad7a9455bb4e7d693858edd25 181ab690c7d847c498ef571f38c8c6d5 - - default default] delete failed (client error): The resource could not be found.
2026-05-27 11:09:26.279 11 INFO neutron.api.wsgi [None req-4df0a212-4942-447a-93b6-a49c7104844a d5239c2ad7a9455bb4e7d693858edd25 181ab690c7d847c498ef571f38c8c6d5 - - default default] 10.0.0.9 "DELETE /v2.0/routers/9556bbc7-6f09-49fa-b238-22c211d57fbb HTTP/1.1" status: 404 len: 336 time: 0.0153334
2026-05-27 11:09:26.293 11 INFO neutron.pecan_wsgi.hooks.translation [None req-d99f4bc0-37a3-41ef-9e47-8e50d346c823 d5239c2ad7a9455bb4e7d693858edd25 181ab690c7d847c498ef571f38c8c6d5 - - default default] DELETE failed (client error): The resource could not be found.
2026-05-27 11:09:26.296 11 INFO neutron.api.wsgi [None req-d99f4bc0-37a3-41ef-9e47-8e50d346c823 d5239c2ad7a9455bb4e7d693858edd25 181ab690c7d847c498ef571f38c8c6d5 - - default default] 10.0.0.9 "DELETE /v2.0/subnets/3b129369-7737-4750-8a46-5da1c9496929 HTTP/1.1" status: 404 len: 337 time: 0.0122795
2026-05-27 11:09:26.312 11 INFO neutron.api.wsgi [None req-6e11038e-528b-4254-89a4-e6a418a1b7fc d5239c2ad7a9455bb4e7d693858edd25 181ab690c7d847c498ef571f38c8c6d5 - - default default] 10.0.0.9 "GET /v2.0/ports?device_id=232fc24e-d54f-40c3-b0bb-61bb6248ee2b HTTP/1.1" status: 200 len: 205 time: 0.0134845
2026-05-27 11:09:26.334 11 INFO neutron.api.v2.resource [None req-d065767a-2f21-4829-a62c-efee2ecd9264 d5239c2ad7a9455bb4e7d693858edd25 181ab690c7d847c498ef571f38c8c6d5 - - default default] delete failed (client error): The resource could not be found.
2026-05-27 11:09:26.335 11 INFO neutron.api.wsgi [None req-d065767a-2f21-4829-a62c-efee2ecd9264 d5239c2ad7a9455bb4e7d693858edd25 181ab690c7d847c498ef571f38c8c6d5 - - default default] 10.0.0.9 "DELETE /v2.0/routers/232fc24e-d54f-40c3-b0bb-61bb6248ee2b HTTP/1.1" status: 404 len: 336 time: 0.0198190
2026-05-27 11:09:26.349 11 INFO neutron.pecan_wsgi.hooks.translation [None req-43d20ca1-78d5-4f91-9a88-0257a768f997 d5239c2ad7a9455bb4e7d693858edd25 181ab690c7d847c498ef571f38c8c6d5 - - default default] DELETE failed (client error): The resource could not be found.
2026-05-27 11:09:26.351 11 INFO neutron.api.wsgi [None req-43d20ca1-78d5-4f91-9a88-0257a768f997 d5239c2ad7a9455bb4e7d693858edd25 181ab690c7d847c498ef571f38c8c6d5 - - default default] 10.0.0.9 "DELETE /v2.0/subnets/e3e4e3a9-8c65-41b2-9c2a-e1338ba02426 HTTP/1.1" status: 404 len: 337 time: 0.0115123
2026-05-27 11:09:26.365 11 INFO neutron.pecan_wsgi.hooks.translation [None req-99c7828a-d6b6-4d49-94a0-99d0d1a7dde7 d5239c2ad7a9455bb4e7d693858edd25 181ab690c7d847c498ef571f38c8c6d5 - - default default] DELETE failed (client error): The resource could not be found.
2026-05-27 11:09:26.367 11 INFO neutron.api.wsgi [None req-99c7828a-d6b6-4d49-94a0-99d0d1a7dde7 d5239c2ad7a9455bb4e7d693858edd25 181ab690c7d847c498ef571f38c8c6d5 - - default default] 10.0.0.9 "DELETE /v2.0/subnets/d7501563-026f-4b11-a881-3eb4c75abf88 HTTP/1.1" status: 404 len: 337 time: 0.0117536
2026-05-27 11:09:26.472 10 INFO neutron.db.ovn_revision_numbers_db [None req-ecdb498c-9f30-4aa1-8230-2e33f76d8352 - - - - - -] Successfully bumped revision number for resource 0f90bfc9-9a74-458f-91e2-020d1e2d9520 (type: ports) to 2
2026-05-27 11:09:26.574 10 INFO neutron.db.ovn_revision_numbers_db [None req-331a989d-723a-4426-9925-96d4fd3b43fb e1764593464c4aa78df777aa75f0e064 ea974855a7484f339df3e98ed07b1cd9 - - default default] Successfully bumped revision number for resource 0f90bfc9-9a74-458f-91e2-020d1e2d9520 (type: router_ports) to 1
2026-05-27 11:09:26.580 10 INFO neutron.api.wsgi [None req-331a989d-723a-4426-9925-96d4fd3b43fb e1764593464c4aa78df777aa75f0e064 ea974855a7484f339df3e98ed07b1cd9 - - default default] 10.0.0.9 "PUT /v2.0/routers/e6673444-7393-4664-b89b-a154b80bd24a/add_router_interface HTTP/1.1" status: 200 len: 503 time: 2.3633249
2026-05-27 11:09:26.965 11 INFO neutron.api.wsgi [None req-0ec8f585-ad33-4711-9668-24cbbe5bcee2 e1764593464c4aa78df777aa75f0e064 ea974855a7484f339df3e98ed07b1cd9 - - default default] 10.0.0.9 "GET /v2.0/security-groups?tenant_id=181ab690c7d847c498ef571f38c8c6d5&name=default HTTP/1.1" status: 200 len: 3120 time: 0.1423755
2026-05-27 11:09:26.997 11 INFO neutron.api.wsgi [None req-d08fec3a-9c9a-4b4f-9933-97434ca4e1b4 e1764593464c4aa78df777aa75f0e064 ea974855a7484f339df3e98ed07b1cd9 - - default default] 10.0.0.68 "GET /v2.0/ports HTTP/1.1" status: 200 len: 8576 time: 0.0831783
2026-05-27 11:09:27.020 11 INFO neutron.api.wsgi [None req-68a595a8-1b29-4f3b-b6d2-d898ae561f7f e1764593464c4aa78df777aa75f0e064 ea974855a7484f339df3e98ed07b1cd9 - - default default] 10.0.0.68 "GET /v2.0/network-ip-availabilities HTTP/1.1" status: 200 len: 1758 time: 0.0167332
2026-05-27 11:09:27.041 11 INFO neutron.api.wsgi [None req-b505bf22-e911-4390-a91b-2361c53fad66 e1764593464c4aa78df777aa75f0e064 ea974855a7484f339df3e98ed07b1cd9 - - default default] 10.0.0.68 "GET /v2.0/floatingips HTTP/1.1" status: 200 len: 193 time: 0.0178895
2026-05-27 11:09:27.104 11 INFO neutron.api.wsgi [None req-d9aaf9e2-b34b-420b-ab2b-c82ba7c527ac e1764593464c4aa78df777aa75f0e064 ea974855a7484f339df3e98ed07b1cd9 - - default default] 10.0.0.68 "GET /v2.0/security-groups HTTP/1.1" status: 200 len: 23386 time: 0.0617669
2026-05-27 11:09:27.189 11 INFO neutron.api.wsgi [None req-cb2e1098-56a9-45b3-b80d-430e0be94fbc e1764593464c4aa78df777aa75f0e064 ea974855a7484f339df3e98ed07b1cd9 - - default default] 10.0.0.68 "GET /v2.0/routers HTTP/1.1" status: 200 len: 1153 time: 0.0739894
2026-05-27 11:09:27.204 11 INFO neutron.api.wsgi [None req-e6d67e6b-9696-4097-bbfb-8b0ab4ae7e0c e1764593464c4aa78df777aa75f0e064 ea974855a7484f339df3e98ed07b1cd9 - - default default] 10.0.0.68 "GET /v2.0/agents?binary=ovn-controller HTTP/1.1" status: 200 len: 591 time: 0.0127981
2026-05-27 11:09:27.217 11 INFO neutron.api.wsgi [None req-9a2ad295-741a-4ecf-a305-b8f3bed03f5a e1764593464c4aa78df777aa75f0e064 ea974855a7484f339df3e98ed07b1cd9 - - default default] 10.0.0.68 "GET /v2.0/agents HTTP/1.1" status: 200 len: 1390 time: 0.0112345
2026-05-27 11:09:27.273 11 INFO neutron.api.wsgi [None req-193b7af1-6365-47fb-911d-2776f9d75b91 e1764593464c4aa78df777aa75f0e064 ea974855a7484f339df3e98ed07b1cd9 - - default default] 10.0.0.68 "GET /v2.0/networks HTTP/1.1" status: 200 len: 3109 time: 0.0540960
2026-05-27 11:09:27.301 11 INFO neutron.api.wsgi [None req-c64413a7-3673-42af-9ab2-7faa50ad5045 e1764593464c4aa78df777aa75f0e064 ea974855a7484f339df3e98ed07b1cd9 - - default default] 10.0.0.68 "GET /v2.0/subnets HTTP/1.1" status: 200 len: 2165 time: 0.0250599
2026-05-27 11:09:27.305 11 INFO neutron.api.wsgi [None req-15b5f3c3-1379-4a04-88b3-e0cad9d01bfa e1764593464c4aa78df777aa75f0e064 ea974855a7484f339df3e98ed07b1cd9 - - default default] 10.0.0.9 "DELETE /v2.0/security-groups/67d46cb2-c435-477c-b20b-483ee869f114 HTTP/1.1" status: 204 len: 168 time: 0.3340046
2026-05-27 11:09:27.329 11 INFO neutron.api.wsgi [None req-9bae9bb8-99b6-42b4-9537-09bd46933a8e e1764593464c4aa78df777aa75f0e064 ea974855a7484f339df3e98ed07b1cd9 - - default default] 10.0.0.68 "GET /v2.0/subnets HTTP/1.1" status: 200 len: 2165 time: 0.0261827
2026-05-27 11:09:27.340 11 INFO neutron.api.wsgi [None req-39bac849-3060-425e-8cea-57a637519a75 e1764593464c4aa78df777aa75f0e064 ea974855a7484f339df3e98ed07b1cd9 - - default default] 10.0.0.68 "GET /v2.0/subnetpools HTTP/1.1" status: 200 len: 193 time: 0.0092478
2026-05-27 11:09:27.620 10 WARNING neutron_lib.context [None req-0e8b7d54-fc6a-4752-a760-05071dd78d28 cca1562b944b4feeadb89e953547bdb5 0b41435456d84fe4a2804bd89e0b6ce6 - - default default] Method 'is_advsvc' is deprecated since 2023.2 release (neutron-lib 3.8.0) and will be removed once support for the old RBAC API policies will be removed from Neutron. Please use method 'is_service_role' instead.
2026-05-27 11:09:27.695 10 INFO neutron.api.wsgi [req-6513f51b-480f-4a81-8a86-8c65fa1e8817 req-53ab1f21-d38a-4f85-8eb4-1db348aa7eb7 e50abb8ee1ff420197e4caa1f7d4908b 1ae29fbaa4b440d1ba05202a0c955e79 - - default default] 10.0.0.91 "GET /v2.0/networks?id=10225fd7-abd4-4568-b2eb-0928e92de7ae HTTP/1.1" status: 200 len: 875 time: 0.0568085
2026-05-27 11:09:27.715 10 INFO neutron.api.wsgi [req-6513f51b-480f-4a81-8a86-8c65fa1e8817 req-3d9a4585-307e-44c4-adb0-d9e913221c45 e50abb8ee1ff420197e4caa1f7d4908b 1ae29fbaa4b440d1ba05202a0c955e79 - - default default] 10.0.0.91 "GET /v2.0/quotas/1ae29fbaa4b440d1ba05202a0c955e79 HTTP/1.1" status: 200 len: 491 time: 0.0126412
2026-05-27 11:09:27.793 10 INFO neutron.db.ovn_revision_numbers_db [None req-0e8b7d54-fc6a-4752-a760-05071dd78d28 cca1562b944b4feeadb89e953547bdb5 0b41435456d84fe4a2804bd89e0b6ce6 - - default default] Successfully bumped revision number for resource b277c207-e1a6-4e42-89e5-9829812a8141 (type: security_groups) to 1
2026-05-27 11:09:27.800 10 INFO neutron.api.wsgi [req-6513f51b-480f-4a81-8a86-8c65fa1e8817 req-dc39b454-3322-4282-960c-2a761d3d9039 e50abb8ee1ff420197e4caa1f7d4908b 1ae29fbaa4b440d1ba05202a0c955e79 - - default default] 10.0.0.91 "GET /v2.0/ports?tenant_id=1ae29fbaa4b440d1ba05202a0c955e79&fields=id HTTP/1.1" status: 200 len: 302 time: 0.0778129
2026-05-27 11:09:27.805 10 INFO neutron.db.ovn_revision_numbers_db [None req-0e8b7d54-fc6a-4752-a760-05071dd78d28 cca1562b944b4feeadb89e953547bdb5 0b41435456d84fe4a2804bd89e0b6ce6 - - default default] Successfully bumped revision number for resource 47493d63-aa18-4c29-884b-4fb9976164a9 (type: security_group_rules) to 0
2026-05-27 11:09:27.825 10 INFO neutron.db.ovn_revision_numbers_db [None req-0e8b7d54-fc6a-4752-a760-05071dd78d28 cca1562b944b4feeadb89e953547bdb5 0b41435456d84fe4a2804bd89e0b6ce6 - - default default] Successfully bumped revision number for resource 66728b8f-2bd2-4973-a012-fe26b5b59274 (type: security_group_rules) to 0
2026-05-27 11:09:27.837 10 INFO neutron.db.ovn_revision_numbers_db [None req-0e8b7d54-fc6a-4752-a760-05071dd78d28 cca1562b944b4feeadb89e953547bdb5 0b41435456d84fe4a2804bd89e0b6ce6 - - default default] Successfully bumped revision number for resource 79fbbbdb-34a9-4aaf-a2d1-76f8379543cf (type: security_group_rules) to 0
2026-05-27 11:09:27.850 10 INFO neutron.api.wsgi [req-6513f51b-480f-4a81-8a86-8c65fa1e8817 req-30ffee5c-0e2d-4194-852a-e02cfbb7a33e d5711ff9ac8a43d98f53b060c4b1362b fe2cb8ebbcda447da4f985851cf6d105 - - f5803dd769f047eca26592da6f65259a f5803dd769f047eca26592da6f65259a] 10.0.0.91 "GET /v2.0/networks/10225fd7-abd4-4568-b2eb-0928e92de7ae?fields=segments HTTP/1.1" status: 200 len: 212 time: 0.0416224
2026-05-27 11:09:27.854 10 INFO neutron.db.ovn_revision_numbers_db [None req-0e8b7d54-fc6a-4752-a760-05071dd78d28 cca1562b944b4feeadb89e953547bdb5 0b41435456d84fe4a2804bd89e0b6ce6 - - default default] Successfully bumped revision number for resource f0ab4eb7-79b5-41cb-93c6-13724c4d7a9a (type: security_group_rules) to 0
2026-05-27 11:09:27.918 10 INFO neutron.api.wsgi [req-6513f51b-480f-4a81-8a86-8c65fa1e8817 req-11f303d9-c45a-47f5-996d-1b094e7dafb8 d5711ff9ac8a43d98f53b060c4b1362b fe2cb8ebbcda447da4f985851cf6d105 - - f5803dd769f047eca26592da6f65259a f5803dd769f047eca26592da6f65259a] 10.0.0.91 "GET /v2.0/networks/10225fd7-abd4-4568-b2eb-0928e92de7ae?fields=provider%3Aphysical_network&fields=provider%3Anetwork_type HTTP/1.1" status: 200 len: 277 time: 0.0610869
2026-05-27 11:09:27.945 10 INFO neutron.db.segments_db [None req-0e8b7d54-fc6a-4752-a760-05071dd78d28 cca1562b944b4feeadb89e953547bdb5 0b41435456d84fe4a2804bd89e0b6ce6 - - default default] Added segment 45efd90e-543b-45f4-8126-2055fbf7e73b of type geneve for network cdcd987c-b3e9-43f7-b612-98ebbe288f5a
2026-05-27 11:09:28.047 10 INFO neutron.api.wsgi [req-40b999fd-61d1-4b64-8bfa-cfe3652ede04 req-41e4428d-30c9-43e0-93a1-9493eaa1cba4 e50abb8ee1ff420197e4caa1f7d4908b 1ae29fbaa4b440d1ba05202a0c955e79 - - default default] 10.0.0.91 "GET /v2.0/ports?device_id=afbdd7aa-3c97-4679-b4d1-c8a1de4a6bc1 HTTP/1.1" status: 200 len: 210 time: 0.0246682
2026-05-27 11:09:28.101 10 INFO neutron.db.ovn_revision_numbers_db [None req-0e8b7d54-fc6a-4752-a760-05071dd78d28 cca1562b944b4feeadb89e953547bdb5 0b41435456d84fe4a2804bd89e0b6ce6 - - default default] Successfully bumped revision number for resource cdcd987c-b3e9-43f7-b612-98ebbe288f5a (type: networks) to 1
2026-05-27 11:09:28.288 10 WARNING neutron.scheduler.dhcp_agent_scheduler [None req-0e8b7d54-fc6a-4752-a760-05071dd78d28 cca1562b944b4feeadb89e953547bdb5 0b41435456d84fe4a2804bd89e0b6ce6 - - default default] No more DHCP agents
2026-05-27 11:09:28.289 10 WARNING neutron.api.rpc.agentnotifiers.dhcp_rpc_agent_api [None req-0e8b7d54-fc6a-4752-a760-05071dd78d28 cca1562b944b4feeadb89e953547bdb5 0b41435456d84fe4a2804bd89e0b6ce6 - - default default] Unable to schedule network cdcd987c-b3e9-43f7-b612-98ebbe288f5a: no agents available; will retry on subsequent port and subnet creation events.
2026-05-27 11:09:28.351 10 INFO neutron.db.ovn_revision_numbers_db [None req-0e8b7d54-fc6a-4752-a760-05071dd78d28 cca1562b944b4feeadb89e953547bdb5 0b41435456d84fe4a2804bd89e0b6ce6 - - default default] Successfully bumped revision number for resource eac328b3-aad8-4980-9efe-c021c843e663 (type: ports) to 1
2026-05-27 11:09:28.373 10 INFO neutron.api.wsgi [None req-0e8b7d54-fc6a-4752-a760-05071dd78d28 cca1562b944b4feeadb89e953547bdb5 0b41435456d84fe4a2804bd89e0b6ce6 - - default default] 10.0.0.9 "POST /v2.0/networks HTTP/1.1" status: 201 len: 847 time: 0.8639584
2026-05-27 11:09:28.862 10 WARNING neutron_lib.context [None req-11a55042-c298-4b00-a62d-f6d1486e758a cca1562b944b4feeadb89e953547bdb5 0b41435456d84fe4a2804bd89e0b6ce6 - - default default] Method 'is_advsvc' is deprecated since 2023.2 release (neutron-lib 3.8.0) and will be removed once support for the old RBAC API policies will be removed from Neutron. Please use method 'is_service_role' instead.
2026-05-27 11:09:29.036 10 WARNING neutron.scheduler.dhcp_agent_scheduler [None req-11a55042-c298-4b00-a62d-f6d1486e758a cca1562b944b4feeadb89e953547bdb5 0b41435456d84fe4a2804bd89e0b6ce6 - - default default] No more DHCP agents
2026-05-27 11:09:29.037 10 WARNING neutron.api.rpc.agentnotifiers.dhcp_rpc_agent_api [None req-11a55042-c298-4b00-a62d-f6d1486e758a cca1562b944b4feeadb89e953547bdb5 0b41435456d84fe4a2804bd89e0b6ce6 - - default default] Unable to schedule network cdcd987c-b3e9-43f7-b612-98ebbe288f5a: no agents available; will retry on subsequent port and subnet creation events.
2026-05-27 11:09:29.064 10 INFO neutron.db.ovn_revision_numbers_db [None req-11a55042-c298-4b00-a62d-f6d1486e758a cca1562b944b4feeadb89e953547bdb5 0b41435456d84fe4a2804bd89e0b6ce6 - - default default] Successfully bumped revision number for resource 60a487f2-be9e-4435-b324-336daf26471a (type: subnets) to 0
2026-05-27 11:09:29.080 10 INFO neutron.api.wsgi [None req-11a55042-c298-4b00-a62d-f6d1486e758a cca1562b944b4feeadb89e953547bdb5 0b41435456d84fe4a2804bd89e0b6ce6 - - default default] 10.0.0.9 "POST /v2.0/subnets HTTP/1.1" status: 201 len: 872 time: 0.2241135
2026-05-27 11:09:29.089 10 WARNING neutron_lib.context [None req-bc315e57-798e-41d5-bf39-b0eb79c83c47 cca1562b944b4feeadb89e953547bdb5 0b41435456d84fe4a2804bd89e0b6ce6 - - default default] Method 'is_advsvc' is deprecated since 2023.2 release (neutron-lib 3.8.0) and will be removed once support for the old RBAC API policies will be removed from Neutron. Please use method 'is_service_role' instead.
2026-05-27 11:09:29.129 10 INFO neutron.api.wsgi [req-d643fdd2-09fd-4c50-b0b0-c0b0a1592d64 req-ca5ff3f1-c5ed-4711-99ec-26d7877686e6 e50abb8ee1ff420197e4caa1f7d4908b 1ae29fbaa4b440d1ba05202a0c955e79 - - default default] 10.0.0.91 "GET /v2.0/ports?device_id=afbdd7aa-3c97-4679-b4d1-c8a1de4a6bc1 HTTP/1.1" status: 200 len: 210 time: 0.0186009
2026-05-27 11:09:29.131 11 WARNING neutron_lib.context [None req-537cc6dc-22d4-49fa-95fb-99bc993a17f6 48f48e0f4d904089a0621140bae25aa4 3e664f16cdbb46bdb4b4a12f0c9477c5 - - default default] Method 'is_advsvc' is deprecated since 2023.2 release (neutron-lib 3.8.0) and will be removed once support for the old RBAC API policies will be removed from Neutron. Please use method 'is_service_role' instead.
2026-05-27 11:09:29.165 10 INFO neutron.db.segments_db [None req-bc315e57-798e-41d5-bf39-b0eb79c83c47 cca1562b944b4feeadb89e953547bdb5 0b41435456d84fe4a2804bd89e0b6ce6 - - default default] Added segment 6d81bbf1-737d-4ce4-801b-b3d99786cd91 of type geneve for network 28247f28-8d49-4d5c-939f-51b103cac3c8
2026-05-27 11:09:29.247 11 INFO neutron.db.ovn_revision_numbers_db [None req-537cc6dc-22d4-49fa-95fb-99bc993a17f6 48f48e0f4d904089a0621140bae25aa4 3e664f16cdbb46bdb4b4a12f0c9477c5 - - default default] Successfully bumped revision number for resource f89bb918-cd76-4e05-a1a4-a536ea2bd9b0 (type: security_groups) to 1
2026-05-27 11:09:29.260 11 INFO neutron.db.ovn_revision_numbers_db [None req-537cc6dc-22d4-49fa-95fb-99bc993a17f6 48f48e0f4d904089a0621140bae25aa4 3e664f16cdbb46bdb4b4a12f0c9477c5 - - default default] Successfully bumped revision number for resource 0272d8fa-99af-4d6c-a50a-7cbe93089f63 (type: security_group_rules) to 0
2026-05-27 11:09:29.265 10 INFO neutron.db.ovn_revision_numbers_db [None req-bc315e57-798e-41d5-bf39-b0eb79c83c47 cca1562b944b4feeadb89e953547bdb5 0b41435456d84fe4a2804bd89e0b6ce6 - - default default] Successfully bumped revision number for resource 28247f28-8d49-4d5c-939f-51b103cac3c8 (type: networks) to 1
2026-05-27 11:09:29.273 11 INFO neutron.db.ovn_revision_numbers_db [None req-537cc6dc-22d4-49fa-95fb-99bc993a17f6 48f48e0f4d904089a0621140bae25aa4 3e664f16cdbb46bdb4b4a12f0c9477c5 - - default default] Successfully bumped revision number for resource 7dafd3eb-2242-4ef9-b571-14911998201c (type: security_group_rules) to 0
2026-05-27 11:09:29.285 11 INFO neutron.db.ovn_revision_numbers_db [None req-537cc6dc-22d4-49fa-95fb-99bc993a17f6 48f48e0f4d904089a0621140bae25aa4 3e664f16cdbb46bdb4b4a12f0c9477c5 - - default default] Successfully bumped revision number for resource c3ab5e72-08e5-4ada-b643-d05aa2a43bbe (type: security_group_rules) to 0
2026-05-27 11:09:29.297 11 INFO neutron.db.ovn_revision_numbers_db [None req-537cc6dc-22d4-49fa-95fb-99bc993a17f6 48f48e0f4d904089a0621140bae25aa4 3e664f16cdbb46bdb4b4a12f0c9477c5 - - default default] Successfully bumped revision number for resource e99740e2-6dcb-4773-a946-a4c6518b1fe3 (type: security_group_rules) to 0
2026-05-27 11:09:29.393 11 INFO neutron.db.ovn_revision_numbers_db [None req-537cc6dc-22d4-49fa-95fb-99bc993a17f6 48f48e0f4d904089a0621140bae25aa4 3e664f16cdbb46bdb4b4a12f0c9477c5 - - default default] Successfully bumped revision number for resource 49664b01-1871-49f5-8baa-3c0abbd7f563 (type: security_groups) to 1
2026-05-27 11:09:29.405 11 INFO neutron.db.ovn_revision_numbers_db [None req-537cc6dc-22d4-49fa-95fb-99bc993a17f6 48f48e0f4d904089a0621140bae25aa4 3e664f16cdbb46bdb4b4a12f0c9477c5 - - default default] Successfully bumped revision number for resource 7427fc03-2087-4169-be83-310c025402bf (type: security_group_rules) to 0
2026-05-27 11:09:29.417 11 INFO neutron.db.ovn_revision_numbers_db [None req-537cc6dc-22d4-49fa-95fb-99bc993a17f6 48f48e0f4d904089a0621140bae25aa4 3e664f16cdbb46bdb4b4a12f0c9477c5 - - default default] Successfully bumped revision number for resource 8fee3056-67fd-4149-ac8b-b9568afc51b3 (type: security_group_rules) to 0
2026-05-27 11:09:29.426 10 WARNING neutron.scheduler.dhcp_agent_scheduler [None req-bc315e57-798e-41d5-bf39-b0eb79c83c47 cca1562b944b4feeadb89e953547bdb5 0b41435456d84fe4a2804bd89e0b6ce6 - - default default] No more DHCP agents
2026-05-27 11:09:29.428 10 WARNING neutron.api.rpc.agentnotifiers.dhcp_rpc_agent_api [None req-bc315e57-798e-41d5-bf39-b0eb79c83c47 cca1562b944b4feeadb89e953547bdb5 0b41435456d84fe4a2804bd89e0b6ce6 - - default default] Unable to schedule network 28247f28-8d49-4d5c-939f-51b103cac3c8: no agents available; will retry on subsequent port and subnet creation events.
2026-05-27 11:09:29.448 11 INFO neutron.api.wsgi [None req-537cc6dc-22d4-49fa-95fb-99bc993a17f6 48f48e0f4d904089a0621140bae25aa4 3e664f16cdbb46bdb4b4a12f0c9477c5 - - default default] 10.0.0.9 "POST /v2.0/security-groups HTTP/1.1" status: 201 len: 1825 time: 0.4868529
2026-05-27 11:09:29.489 10 INFO neutron.db.ovn_revision_numbers_db [None req-bc315e57-798e-41d5-bf39-b0eb79c83c47 cca1562b944b4feeadb89e953547bdb5 0b41435456d84fe4a2804bd89e0b6ce6 - - default default] Successfully bumped revision number for resource 4b707b1e-9d08-429f-a67b-18224fc34f99 (type: ports) to 1
2026-05-27 11:09:29.498 11 INFO neutron.api.wsgi [None req-a62c4dd1-4dce-4e9f-bf3c-a05fb49f308d 48f48e0f4d904089a0621140bae25aa4 3e664f16cdbb46bdb4b4a12f0c9477c5 - - default default] 10.0.0.9 "GET /v2.0/security-groups HTTP/1.1" status: 200 len: 4725 time: 0.0442154
2026-05-27 11:09:29.509 10 INFO neutron.api.wsgi [None req-bc315e57-798e-41d5-bf39-b0eb79c83c47 cca1562b944b4feeadb89e953547bdb5 0b41435456d84fe4a2804bd89e0b6ce6 - - default default] 10.0.0.9 "POST /v2.0/networks HTTP/1.1" status: 201 len: 846 time: 0.4244554
2026-05-27 11:09:29.573 11 INFO neutron.db.ovn_revision_numbers_db [None req-8c13b37d-f354-4099-860d-9d64ed5c6f61 48f48e0f4d904089a0621140bae25aa4 3e664f16cdbb46bdb4b4a12f0c9477c5 - - default default] Successfully bumped revision number for resource 49664b01-1871-49f5-8baa-3c0abbd7f563 (type: security_groups) to 2
2026-05-27 11:09:29.593 11 INFO neutron.api.wsgi [None req-8c13b37d-f354-4099-860d-9d64ed5c6f61 48f48e0f4d904089a0621140bae25aa4 3e664f16cdbb46bdb4b4a12f0c9477c5 - - default default] 10.0.0.9 "PUT /v2.0/security-groups/49664b01-1871-49f5-8baa-3c0abbd7f563 HTTP/1.1" status: 200 len: 1857 time: 0.0899339
2026-05-27 11:09:29.619 11 INFO neutron.api.wsgi [None req-bbea0435-8e4a-4c02-86e7-5ed5c9a20895 48f48e0f4d904089a0621140bae25aa4 3e664f16cdbb46bdb4b4a12f0c9477c5 - - default default] 10.0.0.9 "GET /v2.0/security-groups/49664b01-1871-49f5-8baa-3c0abbd7f563 HTTP/1.1" status: 200 len: 1857 time: 0.0204589
2026-05-27 11:09:29.648 10 INFO neutron.db.ovn_revision_numbers_db [None req-55cf971f-8f25-477e-b8ed-5bb16bef316d cca1562b944b4feeadb89e953547bdb5 0b41435456d84fe4a2804bd89e0b6ce6 - - default default] Successfully bumped revision number for resource 28247f28-8d49-4d5c-939f-51b103cac3c8 (type: networks) to 2
2026-05-27 11:09:29.652 10 INFO neutron.api.wsgi [None req-55cf971f-8f25-477e-b8ed-5bb16bef316d cca1562b944b4feeadb89e953547bdb5 0b41435456d84fe4a2804bd89e0b6ce6 - - default default] 10.0.0.9 "PUT /v2.0/networks/28247f28-8d49-4d5c-939f-51b103cac3c8 HTTP/1.1" status: 200 len: 792 time: 0.1374552
2026-05-27 11:09:29.661 10 WARNING neutron_lib.context [None req-330c9fe6-b0f3-4654-96d7-2cb5b388695f cca1562b944b4feeadb89e953547bdb5 0b41435456d84fe4a2804bd89e0b6ce6 - - default default] Method 'is_advsvc' is deprecated since 2023.2 release (neutron-lib 3.8.0) and will be removed once support for the old RBAC API policies will be removed from Neutron. Please use method 'is_service_role' instead.
2026-05-27 11:09:29.716 11 INFO neutron.api.wsgi [None req-5ab0ba3e-7275-48ad-aa2c-af7a9fc6dcaa 48f48e0f4d904089a0621140bae25aa4 3e664f16cdbb46bdb4b4a12f0c9477c5 - - default default] 10.0.0.9 "DELETE /v2.0/security-groups/49664b01-1871-49f5-8baa-3c0abbd7f563 HTTP/1.1" status: 204 len: 168 time: 0.0926220
2026-05-27 11:09:29.748 11 INFO neutron.api.wsgi [None req-546024ca-3c1d-4e0a-810b-0727faa1ffda 48f48e0f4d904089a0621140bae25aa4 3e664f16cdbb46bdb4b4a12f0c9477c5 - - default default] 10.0.0.9 "GET /v2.0/security-groups HTTP/1.1" status: 200 len: 3120 time: 0.0273032
2026-05-27 11:09:29.765 11 INFO neutron.api.v2.resource [None req-a62a095d-1145-4f7f-b0ec-997d0beea19d 48f48e0f4d904089a0621140bae25aa4 3e664f16cdbb46bdb4b4a12f0c9477c5 - - default default] delete failed (client error): The resource could not be found.
2026-05-27 11:09:29.767 11 INFO neutron.api.wsgi [None req-a62a095d-1145-4f7f-b0ec-997d0beea19d 48f48e0f4d904089a0621140bae25aa4 3e664f16cdbb46bdb4b4a12f0c9477c5 - - default default] 10.0.0.9 "DELETE /v2.0/security-groups/49664b01-1871-49f5-8baa-3c0abbd7f563 HTTP/1.1" status: 404 len: 347 time: 0.0118852
2026-05-27 11:09:29.779 11 WARNING neutron_lib.context [None req-4d4bf1a2-e02e-495f-805c-a3176683243b 48f48e0f4d904089a0621140bae25aa4 3e664f16cdbb46bdb4b4a12f0c9477c5 - - default default] Method 'is_advsvc' is deprecated since 2023.2 release (neutron-lib 3.8.0) and will be removed once support for the old RBAC API policies will be removed from Neutron. Please use method 'is_service_role' instead.
2026-05-27 11:09:29.835 10 WARNING neutron.scheduler.dhcp_agent_scheduler [None req-330c9fe6-b0f3-4654-96d7-2cb5b388695f cca1562b944b4feeadb89e953547bdb5 0b41435456d84fe4a2804bd89e0b6ce6 - - default default] No more DHCP agents
2026-05-27 11:09:29.836 10 WARNING neutron.api.rpc.agentnotifiers.dhcp_rpc_agent_api [None req-330c9fe6-b0f3-4654-96d7-2cb5b388695f cca1562b944b4feeadb89e953547bdb5 0b41435456d84fe4a2804bd89e0b6ce6 - - default default] Unable to schedule network 28247f28-8d49-4d5c-939f-51b103cac3c8: no agents available; will retry on subsequent port and subnet creation events.
2026-05-27 11:09:29.858 10 INFO neutron.db.ovn_revision_numbers_db [None req-330c9fe6-b0f3-4654-96d7-2cb5b388695f cca1562b944b4feeadb89e953547bdb5 0b41435456d84fe4a2804bd89e0b6ce6 - - default default] Successfully bumped revision number for resource f34f5754-2198-44cc-9305-dc0ed43bfbdc (type: subnets) to 0
2026-05-27 11:09:29.871 11 WARNING neutron.plugins.ml2.drivers.ovn.mech_driver.ovsdb.ovn_client [None req-eb94fd95-6e5d-4ccb-9243-02c1f151cb9a - - - - - -] No port found with ID 7d103040-0ca9-413c-b4a1-595e82098357: RuntimeError: No port found with ID 7d103040-0ca9-413c-b4a1-595e82098357
2026-05-27 11:09:29.871 10 INFO neutron.api.wsgi [None req-330c9fe6-b0f3-4654-96d7-2cb5b388695f cca1562b944b4feeadb89e953547bdb5 0b41435456d84fe4a2804bd89e0b6ce6 - - default default] 10.0.0.9 "POST /v2.0/subnets HTTP/1.1" status: 201 len: 845 time: 0.2137036
2026-05-27 11:09:29.891 11 INFO neutron.db.ovn_revision_numbers_db [None req-4d4bf1a2-e02e-495f-805c-a3176683243b 48f48e0f4d904089a0621140bae25aa4 3e664f16cdbb46bdb4b4a12f0c9477c5 - - default default] Successfully bumped revision number for resource 64306526-0e4e-4381-b22a-16160cfde208 (type: security_groups) to 1
2026-05-27 11:09:29.901 11 INFO neutron.db.ovn_revision_numbers_db [None req-4d4bf1a2-e02e-495f-805c-a3176683243b 48f48e0f4d904089a0621140bae25aa4 3e664f16cdbb46bdb4b4a12f0c9477c5 - - default default] Successfully bumped revision number for resource 4a69b488-6c55-4501-b236-a2ee40ebabee (type: security_group_rules) to 0
2026-05-27 11:09:29.918 11 INFO neutron.db.ovn_revision_numbers_db [None req-4d4bf1a2-e02e-495f-805c-a3176683243b 48f48e0f4d904089a0621140bae25aa4 3e664f16cdbb46bdb4b4a12f0c9477c5 - - default default] Successfully bumped revision number for resource a521e757-6ba3-48c6-9b52-dd07ef5dd002 (type: security_group_rules) to 0
2026-05-27 11:09:29.950 11 INFO neutron.api.wsgi [None req-4d4bf1a2-e02e-495f-805c-a3176683243b 48f48e0f4d904089a0621140bae25aa4 3e664f16cdbb46bdb4b4a12f0c9477c5 - - default default] 10.0.0.9 "POST /v2.0/security-groups HTTP/1.1" status: 201 len: 1825 time: 0.1764741
2026-05-27 11:09:29.960 11 WARNING neutron_lib.context [None req-86a7c7f6-0de0-4668-8a56-b6ed1a5681f9 48f48e0f4d904089a0621140bae25aa4 3e664f16cdbb46bdb4b4a12f0c9477c5 - - default default] Method 'is_advsvc' is deprecated since 2023.2 release (neutron-lib 3.8.0) and will be removed once support for the old RBAC API policies will be removed from Neutron. Please use method 'is_service_role' instead.
2026-05-27 11:09:30.068 11 INFO neutron.db.ovn_revision_numbers_db [None req-86a7c7f6-0de0-4668-8a56-b6ed1a5681f9 48f48e0f4d904089a0621140bae25aa4 3e664f16cdbb46bdb4b4a12f0c9477c5 - - default default] Successfully bumped revision number for resource e8653f83-cf6e-4d0d-9951-571e57944bde (type: security_group_rules) to 0
2026-05-27 11:09:30.096 11 INFO neutron.api.wsgi [None req-86a7c7f6-0de0-4668-8a56-b6ed1a5681f9 48f48e0f4d904089a0621140bae25aa4 3e664f16cdbb46bdb4b4a12f0c9477c5 - - default default] 10.0.0.9 "POST /v2.0/security-group-rules HTTP/1.1" status: 201 len: 800 time: 0.1402478
2026-05-27 11:09:30.114 11 INFO neutron.api.wsgi [None req-fa1d67c3-305a-4da3-b19d-beca20966749 48f48e0f4d904089a0621140bae25aa4 3e664f16cdbb46bdb4b4a12f0c9477c5 - - default default] 10.0.0.9 "GET /v2.0/security-group-rules/e8653f83-cf6e-4d0d-9951-571e57944bde HTTP/1.1" status: 200 len: 795 time: 0.0126119
2026-05-27 11:09:30.183 11 INFO neutron.api.wsgi [None req-e4e612d7-5378-4686-8f3e-c5e1f00fc416 48f48e0f4d904089a0621140bae25aa4 3e664f16cdbb46bdb4b4a12f0c9477c5 - - default default] 10.0.0.9 "GET /v2.0/security-group-rules HTTP/1.1" status: 200 len: 4333 time: 0.0638289
2026-05-27 11:09:30.208 10 INFO neutron.api.wsgi [req-6eb2f0f0-019a-407a-9469-7de6b1c3504a req-cda4c9ba-4301-4cfc-b7fa-d7e63389c2c4 e50abb8ee1ff420197e4caa1f7d4908b 1ae29fbaa4b440d1ba05202a0c955e79 - - default default] 10.0.0.91 "GET /v2.0/ports?device_id=afbdd7aa-3c97-4679-b4d1-c8a1de4a6bc1 HTTP/1.1" status: 200 len: 210 time: 0.0170538
2026-05-27 11:09:30.310 11 INFO neutron.api.wsgi [None req-ebc7e727-afb3-4158-9cf7-4c8d2b11df1d 48f48e0f4d904089a0621140bae25aa4 3e664f16cdbb46bdb4b4a12f0c9477c5 - - default default] 10.0.0.9 "DELETE /v2.0/security-group-rules/e8653f83-cf6e-4d0d-9951-571e57944bde HTTP/1.1" status: 204 len: 168 time: 0.1211421
2026-05-27 11:09:30.360 11 INFO neutron.api.wsgi [None req-2e2cea19-9332-40e1-a5fb-94a58d0c30d4 48f48e0f4d904089a0621140bae25aa4 3e664f16cdbb46bdb4b4a12f0c9477c5 - - default default] 10.0.0.9 "GET /v2.0/security-group-rules HTTP/1.1" status: 200 len: 3755 time: 0.0463040
2026-05-27 11:09:30.374 11 WARNING neutron_lib.context [None req-bb4a9263-2610-4aa2-b63b-4bbb75fb548f 48f48e0f4d904089a0621140bae25aa4 3e664f16cdbb46bdb4b4a12f0c9477c5 - - default default] Method 'is_advsvc' is deprecated since 2023.2 release (neutron-lib 3.8.0) and will be removed once support for the old RBAC API policies will be removed from Neutron. Please use method 'is_service_role' instead.
2026-05-27 11:09:30.378 10 INFO neutron.db.ovn_revision_numbers_db [None req-83beb351-d63e-4a3f-94d5-ddb5a7aa7aff - - - - - -] Successfully bumped revision number for resource 4b707b1e-9d08-429f-a67b-18224fc34f99 (type: ports) to 2
2026-05-27 11:09:30.409 10 INFO neutron.db.ovn_revision_numbers_db [None req-83beb351-d63e-4a3f-94d5-ddb5a7aa7aff - - - - - -] Successfully bumped revision number for resource f34f5754-2198-44cc-9305-dc0ed43bfbdc (type: subnets) to 1
2026-05-27 11:09:30.412 10 INFO neutron.api.wsgi [None req-175aee06-6f4c-4c85-91f4-f2903bcfa359 cca1562b944b4feeadb89e953547bdb5 0b41435456d84fe4a2804bd89e0b6ce6 - - default default] 10.0.0.9 "PUT /v2.0/subnets/f34f5754-2198-44cc-9305-dc0ed43bfbdc HTTP/1.1" status: 200 len: 850 time: 0.5355737
2026-05-27 11:09:30.465 11 INFO neutron.db.ovn_revision_numbers_db [None req-bb4a9263-2610-4aa2-b63b-4bbb75fb548f 48f48e0f4d904089a0621140bae25aa4 3e664f16cdbb46bdb4b4a12f0c9477c5 - - default default] Successfully bumped revision number for resource ba632199-6731-4e67-981a-7aac83e09e89 (type: security_group_rules) to 0
2026-05-27 11:09:30.497 11 INFO neutron.api.wsgi [None req-bb4a9263-2610-4aa2-b63b-4bbb75fb548f 48f48e0f4d904089a0621140bae25aa4 3e664f16cdbb46bdb4b4a12f0c9477c5 - - default default] 10.0.0.9 "POST /v2.0/security-group-rules HTTP/1.1" status: 201 len: 800 time: 0.1263731
