2026-05-27 11:11:57.229 11 INFO neutron.api.wsgi [None req-14fe4378-9f05-41c5-abc6-602f0216c437 e1764593464c4aa78df777aa75f0e064 ea974855a7484f339df3e98ed07b1cd9 - - default default] 10.0.0.9 "GET /v2.0/security-groups?tenant_id=e42739dde46c4a719b7319345da87432&name=default HTTP/1.1" status: 200 len: 3120 time: 0.2367027
2026-05-27 11:11:57.432 11 INFO neutron.api.wsgi [None req-a463a087-7590-4026-91d6-d06079f484ee e1764593464c4aa78df777aa75f0e064 ea974855a7484f339df3e98ed07b1cd9 - - default default] 10.0.0.9 "DELETE /v2.0/security-groups/664dc3cd-f9d3-4565-ad84-3ace7314b570 HTTP/1.1" status: 204 len: 168 time: 0.1986914
2026-05-27 11:11:57.617 11 INFO neutron.api.wsgi [None req-b1ccf47d-d08c-4422-8535-3bf27aafe16f e1764593464c4aa78df777aa75f0e064 ea974855a7484f339df3e98ed07b1cd9 - - default default] 10.0.0.9 "GET /v2.0/security-groups?tenant_id=faea17adbe6940009084917ff7a39d97&name=default HTTP/1.1" status: 200 len: 3120 time: 0.0290446
2026-05-27 11:11:57.815 11 INFO neutron.api.wsgi [None req-a08c4b71-ed2e-4740-829a-37ebb1e8c452 e1764593464c4aa78df777aa75f0e064 ea974855a7484f339df3e98ed07b1cd9 - - default default] 10.0.0.9 "DELETE /v2.0/security-groups/91fcc4c5-7ef9-4328-bbbb-fd28336c9fb0 HTTP/1.1" status: 204 len: 168 time: 0.1923819
2026-05-27 11:12:01.075 10 WARNING neutron_lib.context [None req-eae9707e-056e-48b4-a277-c249d4caccf4 7a79c7f31905483c880653ac2cbcfed6 862a05dfb54d437d9e003e6b4ea536ac - - default default] Method 'is_advsvc' is deprecated since 2023.2 release (neutron-lib 3.8.0) and will be removed once support for the old RBAC API policies will be removed from Neutron. Please use method 'is_service_role' instead.
2026-05-27 11:12:01.240 10 INFO neutron.db.ovn_revision_numbers_db [None req-eae9707e-056e-48b4-a277-c249d4caccf4 7a79c7f31905483c880653ac2cbcfed6 862a05dfb54d437d9e003e6b4ea536ac - - default default] Successfully bumped revision number for resource 1c24fbfa-f415-45b0-9fc0-3206efde843f (type: security_groups) to 1
2026-05-27 11:12:01.254 10 INFO neutron.db.ovn_revision_numbers_db [None req-eae9707e-056e-48b4-a277-c249d4caccf4 7a79c7f31905483c880653ac2cbcfed6 862a05dfb54d437d9e003e6b4ea536ac - - default default] Successfully bumped revision number for resource 1a5a0ea7-f668-4a23-a265-836e4c3d0df5 (type: security_group_rules) to 0
2026-05-27 11:12:01.269 10 INFO neutron.db.ovn_revision_numbers_db [None req-eae9707e-056e-48b4-a277-c249d4caccf4 7a79c7f31905483c880653ac2cbcfed6 862a05dfb54d437d9e003e6b4ea536ac - - default default] Successfully bumped revision number for resource ade0cfbe-3352-4902-bc24-aea904e782df (type: security_group_rules) to 0
2026-05-27 11:12:01.284 10 INFO neutron.db.ovn_revision_numbers_db [None req-eae9707e-056e-48b4-a277-c249d4caccf4 7a79c7f31905483c880653ac2cbcfed6 862a05dfb54d437d9e003e6b4ea536ac - - default default] Successfully bumped revision number for resource f44814db-c7e2-405d-bdf9-1c1817b40e36 (type: security_group_rules) to 0
2026-05-27 11:12:01.300 10 INFO neutron.db.ovn_revision_numbers_db [None req-eae9707e-056e-48b4-a277-c249d4caccf4 7a79c7f31905483c880653ac2cbcfed6 862a05dfb54d437d9e003e6b4ea536ac - - default default] Successfully bumped revision number for resource fdf46239-2a51-480e-8cb8-53b5ba8d0374 (type: security_group_rules) to 0
2026-05-27 11:12:01.381 10 INFO neutron.db.segments_db [None req-eae9707e-056e-48b4-a277-c249d4caccf4 7a79c7f31905483c880653ac2cbcfed6 862a05dfb54d437d9e003e6b4ea536ac - - default default] Added segment 94c8100e-3fc8-473f-8fc9-23467e61927a of type geneve for network e08b3964-31f0-4d79-8c52-9c3da1020fd2
2026-05-27 11:12:01.495 10 INFO neutron.db.ovn_revision_numbers_db [None req-eae9707e-056e-48b4-a277-c249d4caccf4 7a79c7f31905483c880653ac2cbcfed6 862a05dfb54d437d9e003e6b4ea536ac - - default default] Successfully bumped revision number for resource e08b3964-31f0-4d79-8c52-9c3da1020fd2 (type: networks) to 1
2026-05-27 11:12:01.647 10 WARNING neutron.scheduler.dhcp_agent_scheduler [None req-eae9707e-056e-48b4-a277-c249d4caccf4 7a79c7f31905483c880653ac2cbcfed6 862a05dfb54d437d9e003e6b4ea536ac - - default default] No more DHCP agents
2026-05-27 11:12:01.648 10 WARNING neutron.api.rpc.agentnotifiers.dhcp_rpc_agent_api [None req-eae9707e-056e-48b4-a277-c249d4caccf4 7a79c7f31905483c880653ac2cbcfed6 862a05dfb54d437d9e003e6b4ea536ac - - default default] Unable to schedule network e08b3964-31f0-4d79-8c52-9c3da1020fd2: no agents available; will retry on subsequent port and subnet creation events.
2026-05-27 11:12:01.720 10 INFO neutron.db.ovn_revision_numbers_db [None req-eae9707e-056e-48b4-a277-c249d4caccf4 7a79c7f31905483c880653ac2cbcfed6 862a05dfb54d437d9e003e6b4ea536ac - - default default] Successfully bumped revision number for resource 306137b4-27c5-4cca-b872-47690d7b7a1c (type: ports) to 1
2026-05-27 11:12:01.741 10 INFO neutron.api.wsgi [None req-eae9707e-056e-48b4-a277-c249d4caccf4 7a79c7f31905483c880653ac2cbcfed6 862a05dfb54d437d9e003e6b4ea536ac - - default default] 10.0.0.9 "POST /v2.0/networks HTTP/1.1" status: 201 len: 830 time: 0.8409381
2026-05-27 11:12:01.754 10 WARNING neutron_lib.context [None req-bd6b9255-cf4a-4c2a-87f3-b5c45904d82c 7a79c7f31905483c880653ac2cbcfed6 862a05dfb54d437d9e003e6b4ea536ac - - default default] Method 'is_advsvc' is deprecated since 2023.2 release (neutron-lib 3.8.0) and will be removed once support for the old RBAC API policies will be removed from Neutron. Please use method 'is_service_role' instead.
2026-05-27 11:12:02.007 10 WARNING neutron.scheduler.dhcp_agent_scheduler [None req-bd6b9255-cf4a-4c2a-87f3-b5c45904d82c 7a79c7f31905483c880653ac2cbcfed6 862a05dfb54d437d9e003e6b4ea536ac - - default default] No more DHCP agents
2026-05-27 11:12:02.008 10 WARNING neutron.api.rpc.agentnotifiers.dhcp_rpc_agent_api [None req-bd6b9255-cf4a-4c2a-87f3-b5c45904d82c 7a79c7f31905483c880653ac2cbcfed6 862a05dfb54d437d9e003e6b4ea536ac - - default default] Unable to schedule network e08b3964-31f0-4d79-8c52-9c3da1020fd2: no agents available; will retry on subsequent port and subnet creation events.
2026-05-27 11:12:02.078 10 INFO neutron.db.ovn_revision_numbers_db [None req-bd6b9255-cf4a-4c2a-87f3-b5c45904d82c 7a79c7f31905483c880653ac2cbcfed6 862a05dfb54d437d9e003e6b4ea536ac - - default default] Successfully bumped revision number for resource 48c2cd31-f3e3-411b-91e0-fc124b599bd6 (type: ports) to 1
2026-05-27 11:12:02.083 11 INFO neutron.api.wsgi [req-732f9590-8ed1-4c7f-8c28-78414d9a78f3 req-3fe333c0-51b2-4555-9888-db0edbd53250 d5711ff9ac8a43d98f53b060c4b1362b fe2cb8ebbcda447da4f985851cf6d105 - - f5803dd769f047eca26592da6f65259a f5803dd769f047eca26592da6f65259a] 10.0.0.120 "GET /v2.0/ports?device_id=25393422-3adb-4b05-8aad-03cb8661e335 HTTP/1.1" status: 200 len: 1413 time: 0.1088850
2026-05-27 11:12:02.101 10 INFO neutron.api.wsgi [None req-bd6b9255-cf4a-4c2a-87f3-b5c45904d82c 7a79c7f31905483c880653ac2cbcfed6 862a05dfb54d437d9e003e6b4ea536ac - - default default] 10.0.0.9 "POST /v2.0/ports HTTP/1.1" status: 201 len: 942 time: 0.3545663
2026-05-27 11:12:02.128 11 INFO neutron.api.wsgi [req-732f9590-8ed1-4c7f-8c28-78414d9a78f3 req-4b435154-125a-4e7e-a689-6308b84d6bc9 d5711ff9ac8a43d98f53b060c4b1362b fe2cb8ebbcda447da4f985851cf6d105 - - f5803dd769f047eca26592da6f65259a f5803dd769f047eca26592da6f65259a] 10.0.0.120 "GET /v2.0/security-groups?id=ffeb7bf7-8020-40c2-890b-7b06a29d8b86&fields=id&fields=name HTTP/1.1" status: 200 len: 312 time: 0.0380399
2026-05-27 11:12:02.145 11 INFO neutron.api.wsgi [None req-797800c9-d5b4-4fa7-a7bd-4fe8a757dec0 7a79c7f31905483c880653ac2cbcfed6 862a05dfb54d437d9e003e6b4ea536ac - - default default] 10.0.0.9 "PUT /v2.0/ports/48c2cd31-f3e3-411b-91e0-fc124b599bd6/tags HTTP/1.1" status: 200 len: 218 time: 0.0380876
2026-05-27 11:12:02.187 11 INFO neutron.api.wsgi [None req-0bf85c2f-6a4a-4a19-9b3c-946c4b7730b8 7a79c7f31905483c880653ac2cbcfed6 862a05dfb54d437d9e003e6b4ea536ac - - default default] 10.0.0.9 "GET /v2.0/ports/48c2cd31-f3e3-411b-91e0-fc124b599bd6/tags HTTP/1.1" status: 200 len: 218 time: 0.0364423
2026-05-27 11:12:02.238 11 INFO neutron.api.wsgi [None req-5462ee5d-9104-4b2f-9a37-8cc6e0c9a8a9 7a79c7f31905483c880653ac2cbcfed6 862a05dfb54d437d9e003e6b4ea536ac - - default default] 10.0.0.9 "PUT /v2.0/ports/48c2cd31-f3e3-411b-91e0-fc124b599bd6/tags/green HTTP/1.1" status: 201 len: 201 time: 0.0459292
2026-05-27 11:12:02.278 11 INFO neutron.api.wsgi [None req-141f4083-b2c9-4a72-bf0c-9d750bb1476b 7a79c7f31905483c880653ac2cbcfed6 862a05dfb54d437d9e003e6b4ea536ac - - default default] 10.0.0.9 "GET /v2.0/ports/48c2cd31-f3e3-411b-91e0-fc124b599bd6/tags HTTP/1.1" status: 200 len: 227 time: 0.0351620
2026-05-27 11:12:02.605 11 INFO neutron.api.wsgi [None req-15f364dc-e2a9-49a1-bfb6-6ade53833016 7a79c7f31905483c880653ac2cbcfed6 862a05dfb54d437d9e003e6b4ea536ac - - default default] 10.0.0.9 "PUT /v2.0/ports/48c2cd31-f3e3-411b-91e0-fc124b599bd6/tags/red HTTP/1.1" status: 201 len: 201 time: 0.3208194
2026-05-27 11:12:02.639 11 INFO neutron.api.wsgi [None req-e96fc58c-b3ef-45c6-951e-6c7d8c359dec 7a79c7f31905483c880653ac2cbcfed6 862a05dfb54d437d9e003e6b4ea536ac - - default default] 10.0.0.9 "GET /v2.0/ports/48c2cd31-f3e3-411b-91e0-fc124b599bd6/tags HTTP/1.1" status: 200 len: 227 time: 0.0284288
2026-05-27 11:12:02.682 11 INFO neutron.api.wsgi [None req-5e1fbddf-cd80-45b7-a5d6-89315229445a 7a79c7f31905483c880653ac2cbcfed6 862a05dfb54d437d9e003e6b4ea536ac - - default default] 10.0.0.9 "PUT /v2.0/ports/48c2cd31-f3e3-411b-91e0-fc124b599bd6/tags/black.or.white HTTP/1.1" status: 201 len: 201 time: 0.0373673
2026-05-27 11:12:02.709 11 INFO neutron.api.wsgi [None req-6d35d542-8363-4d7c-94a1-63dc55266b23 7a79c7f31905483c880653ac2cbcfed6 862a05dfb54d437d9e003e6b4ea536ac - - default default] 10.0.0.9 "GET /v2.0/ports/48c2cd31-f3e3-411b-91e0-fc124b599bd6/tags HTTP/1.1" status: 200 len: 245 time: 0.0227840
2026-05-27 11:12:02.750 11 INFO neutron.api.wsgi [None req-bc2abb34-9710-42cb-bb12-c9df3af7fb91 7a79c7f31905483c880653ac2cbcfed6 862a05dfb54d437d9e003e6b4ea536ac - - default default] 10.0.0.9 "PUT /v2.0/ports/48c2cd31-f3e3-411b-91e0-fc124b599bd6/tags HTTP/1.1" status: 200 len: 230 time: 0.0364566
2026-05-27 11:12:02.779 11 INFO neutron.api.wsgi [None req-cc84f921-c38a-4451-8d27-1278d5121889 7a79c7f31905483c880653ac2cbcfed6 862a05dfb54d437d9e003e6b4ea536ac - - default default] 10.0.0.9 "GET /v2.0/ports/48c2cd31-f3e3-411b-91e0-fc124b599bd6/tags HTTP/1.1" status: 200 len: 230 time: 0.0238221
2026-05-27 11:12:02.807 11 INFO neutron.api.wsgi [None req-b31f81e4-460c-487b-a70c-25f55ea22df1 7a79c7f31905483c880653ac2cbcfed6 862a05dfb54d437d9e003e6b4ea536ac - - default default] 10.0.0.9 "GET /v2.0/ports/48c2cd31-f3e3-411b-91e0-fc124b599bd6/tags/red HTTP/1.1" status: 204 len: 168 time: 0.0241411
2026-05-27 11:12:02.835 11 INFO neutron.api.v2.resource [None req-02513ecc-8f5b-4903-b861-e473c533803e 7a79c7f31905483c880653ac2cbcfed6 862a05dfb54d437d9e003e6b4ea536ac - - default default] show failed (client error): The resource could not be found.
2026-05-27 11:12:02.836 11 INFO neutron.api.wsgi [None req-02513ecc-8f5b-4903-b861-e473c533803e 7a79c7f31905483c880653ac2cbcfed6 862a05dfb54d437d9e003e6b4ea536ac - - default default] 10.0.0.9 "GET /v2.0/ports/48c2cd31-f3e3-411b-91e0-fc124b599bd6/tags/green HTTP/1.1" status: 404 len: 299 time: 0.0253181
2026-05-27 11:12:02.874 11 INFO neutron.api.wsgi [None req-40c69d82-0a38-41c1-b04f-1801ef83d9e4 7a79c7f31905483c880653ac2cbcfed6 862a05dfb54d437d9e003e6b4ea536ac - - default default] 10.0.0.9 "DELETE /v2.0/ports/48c2cd31-f3e3-411b-91e0-fc124b599bd6/tags/red HTTP/1.1" status: 204 len: 168 time: 0.0324373
2026-05-27 11:12:02.921 11 INFO neutron.api.wsgi [None req-b9f47d71-be33-4f08-b08c-1b30d635aab0 7a79c7f31905483c880653ac2cbcfed6 862a05dfb54d437d9e003e6b4ea536ac - - default default] 10.0.0.9 "GET /v2.0/ports/48c2cd31-f3e3-411b-91e0-fc124b599bd6/tags HTTP/1.1" status: 200 len: 223 time: 0.0428987
2026-05-27 11:12:02.956 11 INFO neutron.api.v2.resource [None req-605c8b21-c9dd-4abf-97d4-cea04055b201 7a79c7f31905483c880653ac2cbcfed6 862a05dfb54d437d9e003e6b4ea536ac - - default default] delete failed (client error): The resource could not be found.
2026-05-27 11:12:02.957 11 INFO neutron.api.wsgi [None req-605c8b21-c9dd-4abf-97d4-cea04055b201 7a79c7f31905483c880653ac2cbcfed6 862a05dfb54d437d9e003e6b4ea536ac - - default default] 10.0.0.9 "DELETE /v2.0/ports/48c2cd31-f3e3-411b-91e0-fc124b599bd6/tags/green HTTP/1.1" status: 404 len: 299 time: 0.0301778
2026-05-27 11:12:03.007 11 INFO neutron.api.wsgi [None req-1ec9d272-e851-493e-ab12-7a5045a1d8b2 7a79c7f31905483c880653ac2cbcfed6 862a05dfb54d437d9e003e6b4ea536ac - - default default] 10.0.0.9 "DELETE /v2.0/ports/48c2cd31-f3e3-411b-91e0-fc124b599bd6/tags HTTP/1.1" status: 204 len: 168 time: 0.0435886
2026-05-27 11:12:03.041 11 INFO neutron.api.wsgi [None req-4d731623-7e92-403b-b03f-d2c306ec4bab 7a79c7f31905483c880653ac2cbcfed6 862a05dfb54d437d9e003e6b4ea536ac - - default default] 10.0.0.9 "GET /v2.0/ports/48c2cd31-f3e3-411b-91e0-fc124b599bd6/tags HTTP/1.1" status: 200 len: 205 time: 0.0297859
2026-05-27 11:12:03.285 11 INFO neutron.api.wsgi [None req-806dff07-9aaa-490d-985c-8b0d02126107 7a79c7f31905483c880653ac2cbcfed6 862a05dfb54d437d9e003e6b4ea536ac - - default default] 10.0.0.9 "DELETE /v2.0/ports/48c2cd31-f3e3-411b-91e0-fc124b599bd6 HTTP/1.1" status: 204 len: 168 time: 0.2359803
2026-05-27 11:12:03.568 11 INFO neutron.services.segments.plugin [-] Segment 94c8100e-3fc8-473f-8fc9-23467e61927a resource provider aggregate not found
2026-05-27 11:12:03.572 11 INFO neutron.services.segments.plugin [-] Segment 94c8100e-3fc8-473f-8fc9-23467e61927a resource provider aggregate not found
2026-05-27 11:12:03.577 11 INFO neutron.services.segments.plugin [-] Segment 94c8100e-3fc8-473f-8fc9-23467e61927a resource provider not found; error: Placement Client Error (4xx): {"errors": [{"status": 404, "title": "Not Found", "detail": "The resource could not be found.\n\n No resource provider with uuid 94c8100e-3fc8-473f-8fc9-23467e61927a found for delete ", "request_id": "req-145a7d06-6e1e-472b-81c9-59c15e1d15f3"}]}
2026-05-27 11:12:03.591 11 INFO neutron.services.segments.plugin [-] Segment 94c8100e-3fc8-473f-8fc9-23467e61927a resource provider not found; error: Placement Client Error (4xx): {"errors": [{"status": 404, "title": "Not Found", "detail": "The resource could not be found.\n\n No resource provider with uuid 94c8100e-3fc8-473f-8fc9-23467e61927a found for delete ", "request_id": "req-d3660c9a-4275-468e-8e7f-a81460a6ef6b"}]}
2026-05-27 11:12:03.604 11 INFO neutron.api.wsgi [None req-4c36c267-232a-4f98-95e4-ddc6de581f69 7a79c7f31905483c880653ac2cbcfed6 862a05dfb54d437d9e003e6b4ea536ac - - default default] 10.0.0.9 "DELETE /v2.0/networks/e08b3964-31f0-4d79-8c52-9c3da1020fd2 HTTP/1.1" status: 204 len: 168 time: 0.3152647 /var/lib/openstack/lib/python3.12/site-packages/pycadf/identifier.py:71: UserWarning: Invalid uuid: neutron. To ensure interoperability, identifiers should be a valid uuid. warnings.warn(('Invalid uuid: %s. To ensure interoperability, '
2026-05-27 11:12:04.343 10 INFO neutron.api.wsgi [None req-8af23214-848b-4731-8c97-21f60a665a7a e1764593464c4aa78df777aa75f0e064 ea974855a7484f339df3e98ed07b1cd9 - - default default] 10.0.0.9 "GET /v2.0/security-groups?tenant_id=862a05dfb54d437d9e003e6b4ea536ac&name=default HTTP/1.1" status: 200 len: 3120 time: 0.1102316
2026-05-27 11:12:04.543 10 INFO neutron.api.wsgi [None req-cbff646d-adfa-44c6-9f86-c79ecedc4f24 e1764593464c4aa78df777aa75f0e064 ea974855a7484f339df3e98ed07b1cd9 - - default default] 10.0.0.9 "DELETE /v2.0/security-groups/1c24fbfa-f415-45b0-9fc0-3206efde843f HTTP/1.1" status: 204 len: 168 time: 0.1942925
2026-05-27 11:12:04.763 11 INFO neutron.db.ovn_revision_numbers_db [None req-b9dcdb77-6132-4ccb-94bf-4f8af600108d e1764593464c4aa78df777aa75f0e064 ea974855a7484f339df3e98ed07b1cd9 - - default default] Successfully bumped revision number for resource 4e069b7b-adf6-4c3e-8f3a-6db9f15a2738 (type: security_groups) to 1
2026-05-27 11:12:04.775 11 INFO neutron.db.ovn_revision_numbers_db [None req-b9dcdb77-6132-4ccb-94bf-4f8af600108d e1764593464c4aa78df777aa75f0e064 ea974855a7484f339df3e98ed07b1cd9 - - default default] Successfully bumped revision number for resource 2d4beaeb-01dd-415d-842a-26c8d816df86 (type: security_group_rules) to 0
2026-05-27 11:12:04.789 11 INFO neutron.db.ovn_revision_numbers_db [None req-b9dcdb77-6132-4ccb-94bf-4f8af600108d e1764593464c4aa78df777aa75f0e064 ea974855a7484f339df3e98ed07b1cd9 - - default default] Successfully bumped revision number for resource 3346ba1d-6531-46d0-9852-e65edb5acc52 (type: security_group_rules) to 0
2026-05-27 11:12:04.805 11 INFO neutron.db.ovn_revision_numbers_db [None req-b9dcdb77-6132-4ccb-94bf-4f8af600108d e1764593464c4aa78df777aa75f0e064 ea974855a7484f339df3e98ed07b1cd9 - - default default] Successfully bumped revision number for resource e3560288-4594-44b9-bb52-ebc7d0fb1a9f (type: security_group_rules) to 0
2026-05-27 11:12:04.819 11 INFO neutron.db.ovn_revision_numbers_db [None req-b9dcdb77-6132-4ccb-94bf-4f8af600108d e1764593464c4aa78df777aa75f0e064 ea974855a7484f339df3e98ed07b1cd9 - - default default] Successfully bumped revision number for resource f0b4783a-5587-4330-b6d9-558cd0eeded2 (type: security_group_rules) to 0
2026-05-27 11:12:04.859 11 INFO neutron.api.wsgi [None req-b9dcdb77-6132-4ccb-94bf-4f8af600108d e1764593464c4aa78df777aa75f0e064 ea974855a7484f339df3e98ed07b1cd9 - - default default] 10.0.0.9 "GET /v2.0/security-groups?tenant_id=ee5f0f3275f8403f86166e2d504f8fc8&name=default HTTP/1.1" status: 200 len: 3120 time: 0.2163467
2026-05-27 11:12:05.069 11 INFO neutron.api.wsgi [None req-363d3d55-93ec-4645-a7e4-2a58accfa7c5 e1764593464c4aa78df777aa75f0e064 ea974855a7484f339df3e98ed07b1cd9 - - default default] 10.0.0.9 "DELETE /v2.0/security-groups/4e069b7b-adf6-4c3e-8f3a-6db9f15a2738 HTTP/1.1" status: 204 len: 168 time: 0.2029002
2026-05-27 11:12:06.532 10 INFO neutron.api.wsgi [req-76f02aff-fe87-48b8-be6d-758bcab859cd req-92bb82bc-1ab3-486e-8158-f973de9e7f2e 84d321ed82a54c85b78a9b6a8963eada 047a0787b92a4bb1a4828de75b3d9544 - - default default] 10.0.0.91 "GET /v2.0/ports?device_id=25393422-3adb-4b05-8aad-03cb8661e335 HTTP/1.1" status: 200 len: 1174 time: 0.0821214
2026-05-27 11:12:06.571 10 INFO neutron.api.wsgi [req-76f02aff-fe87-48b8-be6d-758bcab859cd req-de3437ea-58b4-49ef-b191-d0f84faecd8c 84d321ed82a54c85b78a9b6a8963eada 047a0787b92a4bb1a4828de75b3d9544 - - default default] 10.0.0.91 "GET /v2.0/security-groups?id=ffeb7bf7-8020-40c2-890b-7b06a29d8b86&fields=id&fields=name HTTP/1.1" status: 200 len: 312 time: 0.0337052
2026-05-27 11:12:07.017 10 INFO neutron.plugins.ml2.drivers.ovn.mech_driver.mech_driver [None req-3dd61b16-dc3b-4bdb-b55d-87f99bb5de14 - - - - - -] OVN reports status down for port: 6a5e0988-9c97-409d-bc37-7f1d332aa395
2026-05-27 11:12:07.108 11 INFO neutron.api.wsgi [-] 10.0.0.184 "GET / HTTP/1.1" status: 200 len: 247 time: 0.0027335
2026-05-27 11:12:07.111 11 INFO neutron.api.wsgi [-] 10.0.0.184 "GET / HTTP/1.1" status: 200 len: 247 time: 0.0020716
2026-05-27 11:12:07.169 10 INFO neutron.notifiers.nova [-] Nova event matching ['req-b0abf3a5-ef0b-4a41-841c-e504d1be2ec6'] response: {'server_uuid': '25393422-3adb-4b05-8aad-03cb8661e335', 'name': 'network-vif-unplugged', 'status': 'completed', 'tag': '6a5e0988-9c97-409d-bc37-7f1d332aa395', 'code': 200}
2026-05-27 11:12:07.257 10 INFO neutron.db.ovn_revision_numbers_db [None req-3dd61b16-dc3b-4bdb-b55d-87f99bb5de14 - - - - - -] Successfully bumped revision number for resource 6a5e0988-9c97-409d-bc37-7f1d332aa395 (type: ports) to 6 /var/lib/openstack/lib/python3.12/site-packages/pycadf/identifier.py:71: UserWarning: Invalid uuid: neutron. To ensure interoperability, identifiers should be a valid uuid. warnings.warn(('Invalid uuid: %s. To ensure interoperability, '
2026-05-27 11:12:07.678 10 INFO neutron.api.wsgi [req-881c0bf2-df51-4bd9-9917-863cc268d76a req-eca5b800-d9c4-4c00-909d-25ed8d542645 84d321ed82a54c85b78a9b6a8963eada 047a0787b92a4bb1a4828de75b3d9544 - - default default] 10.0.0.91 "GET /v2.0/ports?device_id=25393422-3adb-4b05-8aad-03cb8661e335 HTTP/1.1" status: 200 len: 1172 time: 0.0440569
2026-05-27 11:12:07.725 10 INFO neutron.api.wsgi [req-881c0bf2-df51-4bd9-9917-863cc268d76a req-907a4edc-3ebc-4df5-967b-a44a0df7a7cb 84d321ed82a54c85b78a9b6a8963eada 047a0787b92a4bb1a4828de75b3d9544 - - default default] 10.0.0.91 "GET /v2.0/security-groups?id=ffeb7bf7-8020-40c2-890b-7b06a29d8b86&fields=id&fields=name HTTP/1.1" status: 200 len: 312 time: 0.0398121
2026-05-27 11:12:08.299 11 INFO neutron.api.wsgi [req-35b23b95-3d4a-44c8-a9f7-7cfd17bf6d42 req-6fba5c5b-ee9b-49e8-85f1-acf96b1e9ec0 84d321ed82a54c85b78a9b6a8963eada 047a0787b92a4bb1a4828de75b3d9544 - - default default] 199.19.213.37 "GET /v2.0/ports?device_id=25393422-3adb-4b05-8aad-03cb8661e335 HTTP/1.1" status: 200 len: 1172 time: 0.0936406
2026-05-27 11:12:08.347 11 WARNING neutron_lib.context [None req-d8503bbb-0679-4c66-90b7-cd8cfce9eefe 81e5d87b9a1643a89b5938bd0d68cc85 f26b29653e4b40f484d194ef83a83e8c - - default default] Method 'is_advsvc' is deprecated since 2023.2 release (neutron-lib 3.8.0) and will be removed once support for the old RBAC API policies will be removed from Neutron. Please use method 'is_service_role' instead.
2026-05-27 11:12:08.508 11 INFO neutron.db.ovn_revision_numbers_db [None req-d8503bbb-0679-4c66-90b7-cd8cfce9eefe 81e5d87b9a1643a89b5938bd0d68cc85 f26b29653e4b40f484d194ef83a83e8c - - default default] Successfully bumped revision number for resource 69ebc193-2e9d-4f6b-8cfb-b69643d549be (type: security_groups) to 1
2026-05-27 11:12:08.533 11 INFO neutron.db.ovn_revision_numbers_db [None req-d8503bbb-0679-4c66-90b7-cd8cfce9eefe 81e5d87b9a1643a89b5938bd0d68cc85 f26b29653e4b40f484d194ef83a83e8c - - default default] Successfully bumped revision number for resource 34895156-cf2c-4d8f-a0f4-65005ebbb725 (type: security_group_rules) to 0
2026-05-27 11:12:08.557 11 INFO neutron.db.ovn_revision_numbers_db [None req-d8503bbb-0679-4c66-90b7-cd8cfce9eefe 81e5d87b9a1643a89b5938bd0d68cc85 f26b29653e4b40f484d194ef83a83e8c - - default default] Successfully bumped revision number for resource 8b59c0b4-c277-4762-8b00-5cbba164df6d (type: security_group_rules) to 0
2026-05-27 11:12:08.577 11 INFO neutron.db.ovn_revision_numbers_db [None req-d8503bbb-0679-4c66-90b7-cd8cfce9eefe 81e5d87b9a1643a89b5938bd0d68cc85 f26b29653e4b40f484d194ef83a83e8c - - default default] Successfully bumped revision number for resource 96418dea-c112-40e8-a646-0f54feab7105 (type: security_group_rules) to 0
2026-05-27 11:12:08.593 11 INFO neutron.db.ovn_revision_numbers_db [None req-d8503bbb-0679-4c66-90b7-cd8cfce9eefe 81e5d87b9a1643a89b5938bd0d68cc85 f26b29653e4b40f484d194ef83a83e8c - - default default] Successfully bumped revision number for resource b59f0117-04d3-4aae-9521-61845b27a17c (type: security_group_rules) to 0
2026-05-27 11:12:08.682 11 INFO neutron.db.l3_db [req-35b23b95-3d4a-44c8-a9f7-7cfd17bf6d42 req-78ac9a10-4193-432c-88b5-aa52eaa14bf7 84d321ed82a54c85b78a9b6a8963eada 047a0787b92a4bb1a4828de75b3d9544 - - default default] Floating IP 6b65eb99-5547-4783-b4e3-954d5da1dad8 disassociated. External IP: 10.96.250.201, port: 6a5e0988-9c97-409d-bc37-7f1d332aa395.
2026-05-27 11:12:08.716 11 INFO neutron.db.segments_db [None req-d8503bbb-0679-4c66-90b7-cd8cfce9eefe 81e5d87b9a1643a89b5938bd0d68cc85 f26b29653e4b40f484d194ef83a83e8c - - default default] Added segment b29a06f9-e2e2-4574-a4fd-a345ab63a375 of type geneve for network d75e12ab-f22a-4872-abf3-d22908f804ce
2026-05-27 11:12:08.815 10 INFO neutron.api.wsgi [req-951b36ec-a9b5-4c3f-97b1-04b16c301238 req-3fc25b00-9689-4246-8520-e4dcc8216dc2 84d321ed82a54c85b78a9b6a8963eada 047a0787b92a4bb1a4828de75b3d9544 - - default default] 10.0.0.91 "GET /v2.0/ports?device_id=25393422-3adb-4b05-8aad-03cb8661e335 HTTP/1.1" status: 200 len: 210 time: 0.0183184
2026-05-27 11:12:08.836 11 INFO neutron.api.wsgi [req-35b23b95-3d4a-44c8-a9f7-7cfd17bf6d42 req-78ac9a10-4193-432c-88b5-aa52eaa14bf7 84d321ed82a54c85b78a9b6a8963eada 047a0787b92a4bb1a4828de75b3d9544 - - default default] 199.19.213.37 "DELETE /v2.0/ports/6a5e0988-9c97-409d-bc37-7f1d332aa395 HTTP/1.1" status: 204 len: 173 time: 0.5334225
2026-05-27 11:12:08.871 11 INFO neutron.db.ovn_revision_numbers_db [None req-d8503bbb-0679-4c66-90b7-cd8cfce9eefe 81e5d87b9a1643a89b5938bd0d68cc85 f26b29653e4b40f484d194ef83a83e8c - - default default] Successfully bumped revision number for resource d75e12ab-f22a-4872-abf3-d22908f804ce (type: networks) to 1
2026-05-27 11:12:08.884 11 INFO neutron.notifiers.nova [-] Nova event matching ['req-3838806a-d7bf-432b-b5ce-a8787cc015f8'] response: {'server_uuid': '25393422-3adb-4b05-8aad-03cb8661e335', 'name': 'network-vif-deleted', 'tag': '6a5e0988-9c97-409d-bc37-7f1d332aa395', 'status': 'completed', 'code': 200}
2026-05-27 11:12:09.033 11 WARNING neutron.scheduler.dhcp_agent_scheduler [None req-d8503bbb-0679-4c66-90b7-cd8cfce9eefe 81e5d87b9a1643a89b5938bd0d68cc85 f26b29653e4b40f484d194ef83a83e8c - - default default] No more DHCP agents
2026-05-27 11:12:09.035 11 WARNING neutron.api.rpc.agentnotifiers.dhcp_rpc_agent_api [None req-d8503bbb-0679-4c66-90b7-cd8cfce9eefe 81e5d87b9a1643a89b5938bd0d68cc85 f26b29653e4b40f484d194ef83a83e8c - - default default] Unable to schedule network d75e12ab-f22a-4872-abf3-d22908f804ce: no agents available; will retry on subsequent port and subnet creation events.
2026-05-27 11:12:09.099 11 INFO neutron.db.ovn_revision_numbers_db [None req-d8503bbb-0679-4c66-90b7-cd8cfce9eefe 81e5d87b9a1643a89b5938bd0d68cc85 f26b29653e4b40f484d194ef83a83e8c - - default default] Successfully bumped revision number for resource 55b82b44-6ed7-4e44-a5fd-23294e6f7756 (type: ports) to 1
2026-05-27 11:12:09.124 11 INFO neutron.api.wsgi [None req-d8503bbb-0679-4c66-90b7-cd8cfce9eefe 81e5d87b9a1643a89b5938bd0d68cc85 f26b29653e4b40f484d194ef83a83e8c - - default default] 10.0.0.9 "POST /v2.0/networks HTTP/1.1" status: 201 len: 831 time: 0.9755645
2026-05-27 11:12:09.134 10 WARNING neutron_lib.context [None req-6ea5ff06-6c2f-46dd-854b-3d88a661f295 81e5d87b9a1643a89b5938bd0d68cc85 f26b29653e4b40f484d194ef83a83e8c - - default default] Method 'is_advsvc' is deprecated since 2023.2 release (neutron-lib 3.8.0) and will be removed once support for the old RBAC API policies will be removed from Neutron. Please use method 'is_service_role' instead.
2026-05-27 11:12:09.210 10 INFO neutron.notifiers.nova [-] Nova event matching ['req-86ef97b9-22d3-40c9-8e87-4e857e8bffcd'] response: {'server_uuid': '25393422-3adb-4b05-8aad-03cb8661e335', 'name': 'network-vif-unplugged', 'status': 'completed', 'tag': '6a5e0988-9c97-409d-bc37-7f1d332aa395', 'code': 200}
2026-05-27 11:12:09.366 10 WARNING neutron.scheduler.dhcp_agent_scheduler [None req-6ea5ff06-6c2f-46dd-854b-3d88a661f295 81e5d87b9a1643a89b5938bd0d68cc85 f26b29653e4b40f484d194ef83a83e8c - - default default] No more DHCP agents
2026-05-27 11:12:09.368 10 WARNING neutron.api.rpc.agentnotifiers.dhcp_rpc_agent_api [None req-6ea5ff06-6c2f-46dd-854b-3d88a661f295 81e5d87b9a1643a89b5938bd0d68cc85 f26b29653e4b40f484d194ef83a83e8c - - default default] Unable to schedule network d75e12ab-f22a-4872-abf3-d22908f804ce: no agents available; will retry on subsequent port and subnet creation events.
2026-05-27 11:12:09.444 10 INFO neutron.db.ovn_revision_numbers_db [None req-6ea5ff06-6c2f-46dd-854b-3d88a661f295 81e5d87b9a1643a89b5938bd0d68cc85 f26b29653e4b40f484d194ef83a83e8c - - default default] Successfully bumped revision number for resource 48c434ff-d7e7-4513-bee2-4eb4bf9f312f (type: ports) to 1
2026-05-27 11:12:09.473 10 INFO neutron.api.wsgi [None req-6ea5ff06-6c2f-46dd-854b-3d88a661f295 81e5d87b9a1643a89b5938bd0d68cc85 f26b29653e4b40f484d194ef83a83e8c - - default default] 10.0.0.9 "POST /v2.0/ports HTTP/1.1" status: 201 len: 942 time: 0.3426516 /var/lib/openstack/lib/python3.12/site-packages/pycadf/identifier.py:71: UserWarning: Invalid uuid: neutron. To ensure interoperability, identifiers should be a valid uuid. warnings.warn(('Invalid uuid: %s. To ensure interoperability, '
2026-05-27 11:12:09.485 10 WARNING neutron_lib.context [None req-ca583b65-90bd-4eac-80b5-36805fa7582d 81e5d87b9a1643a89b5938bd0d68cc85 f26b29653e4b40f484d194ef83a83e8c - - default default] Method 'is_advsvc' is deprecated since 2023.2 release (neutron-lib 3.8.0) and will be removed once support for the old RBAC API policies will be removed from Neutron. Please use method 'is_service_role' instead.
2026-05-27 11:12:09.660 10 INFO neutron.api.wsgi [None req-ca583b65-90bd-4eac-80b5-36805fa7582d 81e5d87b9a1643a89b5938bd0d68cc85 f26b29653e4b40f484d194ef83a83e8c - - default default] 10.0.0.9 "POST /v2.0/trunks HTTP/1.1" status: 201 len: 608 time: 0.1814790
2026-05-27 11:12:09.693 10 INFO neutron.api.wsgi [None req-001c89db-73de-4c39-aba2-2a77b7f71bd9 81e5d87b9a1643a89b5938bd0d68cc85 f26b29653e4b40f484d194ef83a83e8c - - default default] 10.0.0.9 "PUT /v2.0/trunks/10c7fe75-d2b9-4459-b0a0-fdbd82eeec87/tags HTTP/1.1" status: 200 len: 218 time: 0.0280957
2026-05-27 11:12:09.713 10 INFO neutron.api.wsgi [None req-baa0c3e6-e48c-4aec-a972-68736e174cdf 81e5d87b9a1643a89b5938bd0d68cc85 f26b29653e4b40f484d194ef83a83e8c - - default default] 10.0.0.9 "GET /v2.0/trunks/10c7fe75-d2b9-4459-b0a0-fdbd82eeec87/tags HTTP/1.1" status: 200 len: 218 time: 0.0152507
2026-05-27 11:12:09.743 10 INFO neutron.api.wsgi [None req-7f9b89c3-8954-4a9d-b721-bcb4964fe114 81e5d87b9a1643a89b5938bd0d68cc85 f26b29653e4b40f484d194ef83a83e8c - - default default] 10.0.0.9 "PUT /v2.0/trunks/10c7fe75-d2b9-4459-b0a0-fdbd82eeec87/tags/green HTTP/1.1" status: 201 len: 201 time: 0.0246985
2026-05-27 11:12:09.759 10 INFO neutron.api.wsgi [None req-b2f95893-0dee-4d2d-b552-d116be00dd0f 81e5d87b9a1643a89b5938bd0d68cc85 f26b29653e4b40f484d194ef83a83e8c - - default default] 10.0.0.9 "GET /v2.0/trunks/10c7fe75-d2b9-4459-b0a0-fdbd82eeec87/tags HTTP/1.1" status: 200 len: 227 time: 0.0128150
2026-05-27 11:12:09.782 10 INFO neutron.api.wsgi [None req-ba9ece79-de2b-4136-be43-26e3ebedc2a9 81e5d87b9a1643a89b5938bd0d68cc85 f26b29653e4b40f484d194ef83a83e8c - - default default] 10.0.0.9 "PUT /v2.0/trunks/10c7fe75-d2b9-4459-b0a0-fdbd82eeec87/tags/red HTTP/1.1" status: 201 len: 201 time: 0.0188122 /var/lib/openstack/lib/python3.12/site-packages/pycadf/identifier.py:71: UserWarning: Invalid uuid: neutron. To ensure interoperability, identifiers should be a valid uuid. warnings.warn(('Invalid uuid: %s. To ensure interoperability, '
2026-05-27 11:12:09.807 11 INFO neutron.api.wsgi [None req-e79e5580-8b2e-43bb-aade-1bb46cbcaa0a 81e5d87b9a1643a89b5938bd0d68cc85 f26b29653e4b40f484d194ef83a83e8c - - default default] 10.0.0.9 "GET /v2.0/trunks/10c7fe75-d2b9-4459-b0a0-fdbd82eeec87/tags HTTP/1.1" status: 200 len: 227 time: 0.0205386
2026-05-27 11:12:09.845 11 INFO neutron.api.wsgi [None req-a7c3e83a-036d-4736-9fcc-ec9cd6bb21e3 81e5d87b9a1643a89b5938bd0d68cc85 f26b29653e4b40f484d194ef83a83e8c - - default default] 10.0.0.9 "PUT /v2.0/trunks/10c7fe75-d2b9-4459-b0a0-fdbd82eeec87/tags/black.or.white HTTP/1.1" status: 201 len: 201 time: 0.0331163
2026-05-27 11:12:09.867 11 INFO neutron.api.wsgi [None req-36598ba7-91e8-4671-8b42-27c4f48fbfb9 81e5d87b9a1643a89b5938bd0d68cc85 f26b29653e4b40f484d194ef83a83e8c - - default default] 10.0.0.9 "GET /v2.0/trunks/10c7fe75-d2b9-4459-b0a0-fdbd82eeec87/tags HTTP/1.1" status: 200 len: 245 time: 0.0176377
2026-05-27 11:12:09.897 10 INFO neutron.api.wsgi [req-15115cc9-d842-46f8-a537-f2756d0d0a1a req-8d9d270b-5700-4624-95e2-91e5a4bab17e 84d321ed82a54c85b78a9b6a8963eada 047a0787b92a4bb1a4828de75b3d9544 - - default default] 10.0.0.91 "GET /v2.0/ports?device_id=25393422-3adb-4b05-8aad-03cb8661e335 HTTP/1.1" status: 200 len: 210 time: 0.0196104
2026-05-27 11:12:09.900 11 INFO neutron.api.wsgi [None req-da266849-5940-4f1e-970b-729a1280283c 81e5d87b9a1643a89b5938bd0d68cc85 f26b29653e4b40f484d194ef83a83e8c - - default default] 10.0.0.9 "PUT /v2.0/trunks/10c7fe75-d2b9-4459-b0a0-fdbd82eeec87/tags HTTP/1.1" status: 200 len: 230 time: 0.0292902
2026-05-27 11:12:09.925 10 INFO neutron.api.wsgi [None req-a9637227-607a-4b0b-81c5-140a0b7b09c8 81e5d87b9a1643a89b5938bd0d68cc85 f26b29653e4b40f484d194ef83a83e8c - - default default] 10.0.0.9 "GET /v2.0/trunks/10c7fe75-d2b9-4459-b0a0-fdbd82eeec87/tags HTTP/1.1" status: 200 len: 230 time: 0.0198424
2026-05-27 11:12:09.957 11 INFO neutron.api.wsgi [None req-0d179160-f07e-47f3-ab09-a8c7ee5c81f7 81e5d87b9a1643a89b5938bd0d68cc85 f26b29653e4b40f484d194ef83a83e8c - - default default] 10.0.0.9 "GET /v2.0/trunks/10c7fe75-d2b9-4459-b0a0-fdbd82eeec87/tags/red HTTP/1.1" status: 204 len: 168 time: 0.0270104
2026-05-27 11:12:09.988 11 INFO neutron.api.v2.resource [None req-b1028baa-3490-4e95-986a-813540a70dcd 81e5d87b9a1643a89b5938bd0d68cc85 f26b29653e4b40f484d194ef83a83e8c - - default default] show failed (client error): The resource could not be found.
2026-05-27 11:12:09.989 11 INFO neutron.api.wsgi [None req-b1028baa-3490-4e95-986a-813540a70dcd 81e5d87b9a1643a89b5938bd0d68cc85 f26b29653e4b40f484d194ef83a83e8c - - default default] 10.0.0.9 "GET /v2.0/trunks/10c7fe75-d2b9-4459-b0a0-fdbd82eeec87/tags/green HTTP/1.1" status: 404 len: 299 time: 0.0267689
2026-05-27 11:12:10.021 11 INFO neutron.api.wsgi [None req-49833224-a3db-4ac2-be6d-a8a00af9234e 81e5d87b9a1643a89b5938bd0d68cc85 f26b29653e4b40f484d194ef83a83e8c - - default default] 10.0.0.9 "DELETE /v2.0/trunks/10c7fe75-d2b9-4459-b0a0-fdbd82eeec87/tags/red HTTP/1.1" status: 204 len: 168 time: 0.0272090
2026-05-27 11:12:10.047 11 INFO neutron.api.wsgi [None req-5a1e9d6f-fd05-4c89-aa76-b20872ee6042 81e5d87b9a1643a89b5938bd0d68cc85 f26b29653e4b40f484d194ef83a83e8c - - default default] 10.0.0.9 "GET /v2.0/trunks/10c7fe75-d2b9-4459-b0a0-fdbd82eeec87/tags HTTP/1.1" status: 200 len: 223 time: 0.0210807
2026-05-27 11:12:10.067 11 INFO neutron.api.v2.resource [None req-4ed158d5-f76e-4f81-8b06-b2e96943709b 81e5d87b9a1643a89b5938bd0d68cc85 f26b29653e4b40f484d194ef83a83e8c - - default default] delete failed (client error): The resource could not be found.
2026-05-27 11:12:10.068 11 INFO neutron.api.wsgi [None req-4ed158d5-f76e-4f81-8b06-b2e96943709b 81e5d87b9a1643a89b5938bd0d68cc85 f26b29653e4b40f484d194ef83a83e8c - - default default] 10.0.0.9 "DELETE /v2.0/trunks/10c7fe75-d2b9-4459-b0a0-fdbd82eeec87/tags/green HTTP/1.1" status: 404 len: 299 time: 0.0177951
2026-05-27 11:12:10.104 11 INFO neutron.api.wsgi [None req-d42d6903-9639-4541-92c5-27a6cb0417a9 81e5d87b9a1643a89b5938bd0d68cc85 f26b29653e4b40f484d194ef83a83e8c - - default default] 10.0.0.9 "DELETE /v2.0/trunks/10c7fe75-d2b9-4459-b0a0-fdbd82eeec87/tags HTTP/1.1" status: 204 len: 168 time: 0.0311589
2026-05-27 11:12:10.125 11 INFO neutron.api.wsgi [None req-076c4b39-4812-45ab-86fb-11af395b8831 81e5d87b9a1643a89b5938bd0d68cc85 f26b29653e4b40f484d194ef83a83e8c - - default default] 10.0.0.9 "GET /v2.0/trunks/10c7fe75-d2b9-4459-b0a0-fdbd82eeec87/tags HTTP/1.1" status: 200 len: 205 time: 0.0162773
2026-05-27 11:12:10.148 11 INFO neutron.api.wsgi [None req-c4736fb6-0aaf-4716-a628-7987ba012ecf 81e5d87b9a1643a89b5938bd0d68cc85 f26b29653e4b40f484d194ef83a83e8c - - default default] 10.0.0.9 "GET /v2.0/trunks/10c7fe75-d2b9-4459-b0a0-fdbd82eeec87 HTTP/1.1" status: 200 len: 603 time: 0.0119851
2026-05-27 11:12:10.223 11 INFO neutron.api.wsgi [None req-e6c6aa57-c329-4a9a-98cc-6f3c93afab7d 81e5d87b9a1643a89b5938bd0d68cc85 f26b29653e4b40f484d194ef83a83e8c - - default default] 10.0.0.9 "GET /v2.0/ports/48c434ff-d7e7-4513-bee2-4eb4bf9f312f HTTP/1.1" status: 200 len: 1020 time: 0.0710735
2026-05-27 11:12:10.301 11 INFO neutron.api.wsgi [None req-5d6af6ad-d37a-4809-ab45-37d05a6dcee1 81e5d87b9a1643a89b5938bd0d68cc85 f26b29653e4b40f484d194ef83a83e8c - - default default] 10.0.0.9 "DELETE /v2.0/trunks/10c7fe75-d2b9-4459-b0a0-fdbd82eeec87 HTTP/1.1" status: 204 len: 168 time: 0.0740223
2026-05-27 11:12:10.510 11 INFO neutron.api.wsgi [None req-7dd5c3c3-30be-4149-bb42-48f739c4ddf4 81e5d87b9a1643a89b5938bd0d68cc85 f26b29653e4b40f484d194ef83a83e8c - - default default] 10.0.0.9 "DELETE /v2.0/ports/48c434ff-d7e7-4513-bee2-4eb4bf9f312f HTTP/1.1" status: 204 len: 168 time: 0.2041895
2026-05-27 11:12:10.803 10 INFO neutron.services.segments.plugin [-] Segment b29a06f9-e2e2-4574-a4fd-a345ab63a375 resource provider aggregate not found
2026-05-27 11:12:10.808 10 INFO neutron.services.segments.plugin [-] Segment b29a06f9-e2e2-4574-a4fd-a345ab63a375 resource provider aggregate not found
2026-05-27 11:12:10.815 10 INFO neutron.services.segments.plugin [-] Segment b29a06f9-e2e2-4574-a4fd-a345ab63a375 resource provider not found; error: Placement Client Error (4xx): {"errors": [{"status": 404, "title": "Not Found", "detail": "The resource could not be found.\n\n No resource provider with uuid b29a06f9-e2e2-4574-a4fd-a345ab63a375 found for delete ", "request_id": "req-65024bd7-dca5-496f-aea9-146ef865d5f1"}]}
2026-05-27 11:12:10.823 10 INFO neutron.services.segments.plugin [-] Segment b29a06f9-e2e2-4574-a4fd-a345ab63a375 resource provider not found; error: Placement Client Error (4xx): {"errors": [{"status": 404, "title": "Not Found", "detail": "The resource could not be found.\n\n No resource provider with uuid b29a06f9-e2e2-4574-a4fd-a345ab63a375 found for delete ", "request_id": "req-e54d6b0d-7f68-46e8-800a-5f204ac7c3dc"}]}
2026-05-27 11:12:10.830 10 INFO neutron.api.wsgi [None req-0f8e9d8f-3b0c-4a94-bff8-190e87bfe63b 81e5d87b9a1643a89b5938bd0d68cc85 f26b29653e4b40f484d194ef83a83e8c - - default default] 10.0.0.9 "DELETE /v2.0/networks/d75e12ab-f22a-4872-abf3-d22908f804ce HTTP/1.1" status: 204 len: 168 time: 0.3150191
2026-05-27 11:12:10.977 10 INFO neutron.api.wsgi [req-d3f24bb2-f70f-4f5f-bfaa-8e790a5c7754 req-d8326c2f-2cee-4558-8da8-cce812ea29b3 84d321ed82a54c85b78a9b6a8963eada 047a0787b92a4bb1a4828de75b3d9544 - - default default] 10.0.0.91 "GET /v2.0/ports?device_id=25393422-3adb-4b05-8aad-03cb8661e335 HTTP/1.1" status: 200 len: 210 time: 0.0182490
2026-05-27 11:12:11.602 10 INFO neutron.api.wsgi [None req-270d215d-66a8-4e92-9762-a18e7062d1e6 e1764593464c4aa78df777aa75f0e064 ea974855a7484f339df3e98ed07b1cd9 - - default default] 10.0.0.9 "GET /v2.0/security-groups?tenant_id=f26b29653e4b40f484d194ef83a83e8c&name=default HTTP/1.1" status: 200 len: 3120 time: 0.1569326
2026-05-27 11:12:11.806 10 INFO neutron.api.wsgi [None req-6c21cf1c-5b7b-42df-b389-f64e30d262ce e1764593464c4aa78df777aa75f0e064 ea974855a7484f339df3e98ed07b1cd9 - - default default] 10.0.0.9 "DELETE /v2.0/security-groups/69ebc193-2e9d-4f6b-8cfb-b69643d549be HTTP/1.1" status: 204 len: 168 time: 0.1981831
2026-05-27 11:12:12.031 11 INFO neutron.db.ovn_revision_numbers_db [None req-111580a6-f293-414b-b9f9-8af9a8471ed0 e1764593464c4aa78df777aa75f0e064 ea974855a7484f339df3e98ed07b1cd9 - - default default] Successfully bumped revision number for resource 3f5d5b49-410c-49c1-b294-c5f85c975239 (type: security_groups) to 1
2026-05-27 11:12:12.047 11 INFO neutron.db.ovn_revision_numbers_db [None req-111580a6-f293-414b-b9f9-8af9a8471ed0 e1764593464c4aa78df777aa75f0e064 ea974855a7484f339df3e98ed07b1cd9 - - default default] Successfully bumped revision number for resource 17ee7905-0ed2-42b1-9084-2705271c6224 (type: security_group_rules) to 0
2026-05-27 11:12:12.061 11 INFO neutron.db.ovn_revision_numbers_db [None req-111580a6-f293-414b-b9f9-8af9a8471ed0 e1764593464c4aa78df777aa75f0e064 ea974855a7484f339df3e98ed07b1cd9 - - default default] Successfully bumped revision number for resource 444208e5-f412-44b7-9055-35822f68b0fb (type: security_group_rules) to 0
2026-05-27 11:12:12.075 11 INFO neutron.db.ovn_revision_numbers_db [None req-111580a6-f293-414b-b9f9-8af9a8471ed0 e1764593464c4aa78df777aa75f0e064 ea974855a7484f339df3e98ed07b1cd9 - - default default] Successfully bumped revision number for resource 5608e727-2fd4-44d1-b49c-69d562fae2c8 (type: security_group_rules) to 0
2026-05-27 11:12:12.082 10 INFO neutron.api.wsgi [req-a0ee0410-ad5d-45f5-933f-c6e77b0ead4d req-97b69908-d500-4e69-8d65-64126924184c 84d321ed82a54c85b78a9b6a8963eada 047a0787b92a4bb1a4828de75b3d9544 - - default default] 10.0.0.91 "GET /v2.0/ports?device_id=25393422-3adb-4b05-8aad-03cb8661e335 HTTP/1.1" status: 200 len: 210 time: 0.0250819
2026-05-27 11:12:12.091 11 INFO neutron.db.ovn_revision_numbers_db [None req-111580a6-f293-414b-b9f9-8af9a8471ed0 e1764593464c4aa78df777aa75f0e064 ea974855a7484f339df3e98ed07b1cd9 - - default default] Successfully bumped revision number for resource 83094deb-052d-43f4-b79c-ccc69881d2e1 (type: security_group_rules) to 0
2026-05-27 11:12:12.138 11 INFO neutron.api.wsgi [None req-111580a6-f293-414b-b9f9-8af9a8471ed0 e1764593464c4aa78df777aa75f0e064 ea974855a7484f339df3e98ed07b1cd9 - - default default] 10.0.0.9 "GET /v2.0/security-groups?tenant_id=71e3063eafb7451cbd735ad7e18915a7&name=default HTTP/1.1" status: 200 len: 3120 time: 0.2432871
2026-05-27 11:12:12.348 11 INFO neutron.api.wsgi [None req-f7846558-079a-4b5c-961f-a3cd9f24a180 e1764593464c4aa78df777aa75f0e064 ea974855a7484f339df3e98ed07b1cd9 - - default default] 10.0.0.9 "DELETE /v2.0/security-groups/3f5d5b49-410c-49c1-b294-c5f85c975239 HTTP/1.1" status: 204 len: 168 time: 0.2037563
2026-05-27 11:12:13.291 10 INFO neutron.api.wsgi [None req-90b61005-2170-4aed-928e-4a2bd76e8e34 84d321ed82a54c85b78a9b6a8963eada 047a0787b92a4bb1a4828de75b3d9544 - - default default] 10.0.0.9 "DELETE /v2.0/security-groups/ffeb7bf7-8020-40c2-890b-7b06a29d8b86 HTTP/1.1" status: 204 len: 168 time: 0.1525729
2026-05-27 11:12:13.584 10 INFO neutron.api.wsgi [None req-caf74566-aa58-48b4-b23f-7a028b7cd5c1 84d321ed82a54c85b78a9b6a8963eada 047a0787b92a4bb1a4828de75b3d9544 - - default default] 10.0.0.9 "DELETE /v2.0/floatingips/6b65eb99-5547-4783-b4e3-954d5da1dad8 HTTP/1.1" status: 204 len: 168 time: 0.2621152
2026-05-27 11:12:13.783 10 INFO neutron.api.wsgi [req-8aca80dc-ecad-41a4-9655-695a4286e585 req-27304b54-bcfb-4420-986c-2c1d41f2d588 84d321ed82a54c85b78a9b6a8963eada 047a0787b92a4bb1a4828de75b3d9544 - - default default] 10.0.0.91 "GET /v2.0/ports?device_id=c7712989-5ac3-413f-b3d7-3234f7d430b9 HTTP/1.1" status: 200 len: 1170 time: 0.0669107
2026-05-27 11:12:13.823 10 INFO neutron.api.wsgi [req-8aca80dc-ecad-41a4-9655-695a4286e585 req-f79b23a4-90db-4465-a1d1-3bf203612915 84d321ed82a54c85b78a9b6a8963eada 047a0787b92a4bb1a4828de75b3d9544 - - default default] 10.0.0.91 "GET /v2.0/security-groups?id=658c895c-9838-4e58-aaac-bd2493e3276e&fields=id&fields=name HTTP/1.1" status: 200 len: 313 time: 0.0323253
2026-05-27 11:12:14.285 10 INFO neutron.plugins.ml2.drivers.ovn.mech_driver.mech_driver [None req-6e47c439-6599-4522-95f0-71c29761d296 - - - - - -] OVN reports status down for port: a95df3d5-971a-4373-ae2f-42286c4879e0
2026-05-27 11:12:14.405 10 INFO neutron.notifiers.nova [-] Nova event matching ['req-f99e1675-443c-4a7b-8115-2e30ed6756af'] response: {'server_uuid': 'c7712989-5ac3-413f-b3d7-3234f7d430b9', 'name': 'network-vif-unplugged', 'status': 'completed', 'tag': 'a95df3d5-971a-4373-ae2f-42286c4879e0', 'code': 200}
2026-05-27 11:12:14.514 10 INFO neutron.db.ovn_revision_numbers_db [None req-6e47c439-6599-4522-95f0-71c29761d296 - - - - - -] Successfully bumped revision number for resource a95df3d5-971a-4373-ae2f-42286c4879e0 (type: ports) to 6 /var/lib/openstack/lib/python3.12/site-packages/pycadf/identifier.py:71: UserWarning: Invalid uuid: neutron. To ensure interoperability, identifiers should be a valid uuid. warnings.warn(('Invalid uuid: %s. To ensure interoperability, '
2026-05-27 11:12:14.907 10 INFO neutron.api.wsgi [req-8eb00910-017a-4dcf-950d-4565a8f090ee req-c2958da4-7567-44d5-8427-cb4cf85de4d4 84d321ed82a54c85b78a9b6a8963eada 047a0787b92a4bb1a4828de75b3d9544 - - default default] 10.0.0.91 "GET /v2.0/ports?device_id=c7712989-5ac3-413f-b3d7-3234f7d430b9 HTTP/1.1" status: 200 len: 1168 time: 0.0317965
2026-05-27 11:12:14.943 10 INFO neutron.api.wsgi [req-8eb00910-017a-4dcf-950d-4565a8f090ee req-11064deb-d0a6-49a2-8a9b-e03ca32fd227 84d321ed82a54c85b78a9b6a8963eada 047a0787b92a4bb1a4828de75b3d9544 - - default default] 10.0.0.91 "GET /v2.0/security-groups?id=658c895c-9838-4e58-aaac-bd2493e3276e&fields=id&fields=name HTTP/1.1" status: 200 len: 313 time: 0.0304890
2026-05-27 11:12:15.507 11 WARNING neutron_lib.context [None req-ea4ca0de-4604-47ee-a698-39c5ab7ef079 a4141619d9a44d41bbc7d58d938efcdf 0341588e2268492eb17f9dc33ad54504 - - default default] Method 'is_advsvc' is deprecated since 2023.2 release (neutron-lib 3.8.0) and will be removed once support for the old RBAC API policies will be removed from Neutron. Please use method 'is_service_role' instead.
2026-05-27 11:12:15.544 11 INFO neutron.api.wsgi [req-a387bcea-6609-4c70-9a4e-575aea2fc622 req-76438fab-892d-4874-939f-e17180fbf935 84d321ed82a54c85b78a9b6a8963eada 047a0787b92a4bb1a4828de75b3d9544 - - default default] 199.19.213.37 "GET /v2.0/ports?device_id=c7712989-5ac3-413f-b3d7-3234f7d430b9 HTTP/1.1" status: 200 len: 1168 time: 0.0902483
2026-05-27 11:12:15.696 11 INFO neutron.db.ovn_revision_numbers_db [None req-ea4ca0de-4604-47ee-a698-39c5ab7ef079 a4141619d9a44d41bbc7d58d938efcdf 0341588e2268492eb17f9dc33ad54504 - - default default] Successfully bumped revision number for resource 9efdefdf-b1e6-4168-9e35-6f346e9cdaf3 (type: security_groups) to 1
2026-05-27 11:12:15.712 11 INFO neutron.db.ovn_revision_numbers_db [None req-ea4ca0de-4604-47ee-a698-39c5ab7ef079 a4141619d9a44d41bbc7d58d938efcdf 0341588e2268492eb17f9dc33ad54504 - - default default] Successfully bumped revision number for resource 3f4f78d6-8463-4b49-892c-1b57b0b01437 (type: security_group_rules) to 0
2026-05-27 11:12:15.727 11 INFO neutron.db.ovn_revision_numbers_db [None req-ea4ca0de-4604-47ee-a698-39c5ab7ef079 a4141619d9a44d41bbc7d58d938efcdf 0341588e2268492eb17f9dc33ad54504 - - default default] Successfully bumped revision number for resource 7c49bbf5-c21f-477b-8d9b-1c6f81a5670c (type: security_group_rules) to 0
2026-05-27 11:12:15.746 11 INFO neutron.db.ovn_revision_numbers_db [None req-ea4ca0de-4604-47ee-a698-39c5ab7ef079 a4141619d9a44d41bbc7d58d938efcdf 0341588e2268492eb17f9dc33ad54504 - - default default] Successfully bumped revision number for resource 8abd655e-0400-4fdd-8d04-f6972dc39958 (type: security_group_rules) to 0
2026-05-27 11:12:15.761 11 INFO neutron.db.ovn_revision_numbers_db [None req-ea4ca0de-4604-47ee-a698-39c5ab7ef079 a4141619d9a44d41bbc7d58d938efcdf 0341588e2268492eb17f9dc33ad54504 - - default default] Successfully bumped revision number for resource a43e0d94-9601-4de2-8589-40e8ee7ae75b (type: security_group_rules) to 0
2026-05-27 11:12:15.840 11 INFO neutron.db.segments_db [None req-ea4ca0de-4604-47ee-a698-39c5ab7ef079 a4141619d9a44d41bbc7d58d938efcdf 0341588e2268492eb17f9dc33ad54504 - - default default] Added segment b9257e6d-e1d5-4664-9ed9-4958e5de8937 of type geneve for network c4a98fc4-079b-4241-9572-55831c7dd368
2026-05-27 11:12:15.851 11 INFO neutron.api.wsgi [req-a387bcea-6609-4c70-9a4e-575aea2fc622 req-c536728f-1729-4555-a88c-23e67ca32965 84d321ed82a54c85b78a9b6a8963eada 047a0787b92a4bb1a4828de75b3d9544 - - default default] 199.19.213.37 "DELETE /v2.0/ports/a95df3d5-971a-4373-ae2f-42286c4879e0 HTTP/1.1" status: 204 len: 173 time: 0.3018777
2026-05-27 11:12:15.894 11 INFO neutron.notifiers.nova [-] Nova event matching ['req-d1ece0e1-1707-4d80-b310-15d176c0a530'] response: {'server_uuid': 'c7712989-5ac3-413f-b3d7-3234f7d430b9', 'name': 'network-vif-deleted', 'tag': 'a95df3d5-971a-4373-ae2f-42286c4879e0', 'status': 'completed', 'code': 200}
2026-05-27 11:12:15.974 11 INFO neutron.db.ovn_revision_numbers_db [None req-ea4ca0de-4604-47ee-a698-39c5ab7ef079 a4141619d9a44d41bbc7d58d938efcdf 0341588e2268492eb17f9dc33ad54504 - - default default] Successfully bumped revision number for resource c4a98fc4-079b-4241-9572-55831c7dd368 (type: networks) to 1
2026-05-27 11:12:16.024 10 INFO neutron.api.wsgi [req-90b41b28-30f0-4359-9848-ec86b3472d93 req-62c68058-8cbc-49ef-8484-8c280c280a5a 84d321ed82a54c85b78a9b6a8963eada 047a0787b92a4bb1a4828de75b3d9544 - - default default] 10.0.0.91 "GET /v2.0/ports?device_id=c7712989-5ac3-413f-b3d7-3234f7d430b9 HTTP/1.1" status: 200 len: 210 time: 0.0169697
2026-05-27 11:12:16.126 11 WARNING neutron.scheduler.dhcp_agent_scheduler [None req-ea4ca0de-4604-47ee-a698-39c5ab7ef079 a4141619d9a44d41bbc7d58d938efcdf 0341588e2268492eb17f9dc33ad54504 - - default default] No more DHCP agents
2026-05-27 11:12:16.127 11 WARNING neutron.api.rpc.agentnotifiers.dhcp_rpc_agent_api [None req-ea4ca0de-4604-47ee-a698-39c5ab7ef079 a4141619d9a44d41bbc7d58d938efcdf 0341588e2268492eb17f9dc33ad54504 - - default default] Unable to schedule network c4a98fc4-079b-4241-9572-55831c7dd368: no agents available; will retry on subsequent port and subnet creation events.
2026-05-27 11:12:16.180 11 INFO neutron.db.ovn_revision_numbers_db [None req-ea4ca0de-4604-47ee-a698-39c5ab7ef079 a4141619d9a44d41bbc7d58d938efcdf 0341588e2268492eb17f9dc33ad54504 - - default default] Successfully bumped revision number for resource 4d218956-0d2c-4221-832d-36ac66c26b58 (type: ports) to 1
2026-05-27 11:12:16.202 11 INFO neutron.api.wsgi [None req-ea4ca0de-4604-47ee-a698-39c5ab7ef079 a4141619d9a44d41bbc7d58d938efcdf 0341588e2268492eb17f9dc33ad54504 - - default default] 10.0.0.9 "POST /v2.0/networks HTTP/1.1" status: 201 len: 825 time: 0.8797653
2026-05-27 11:12:16.211 11 WARNING neutron_lib.context [None req-0d5912a5-c4c2-47c3-926a-2fbee47baa38 a4141619d9a44d41bbc7d58d938efcdf 0341588e2268492eb17f9dc33ad54504 - - default default] Method 'is_advsvc' is deprecated since 2023.2 release (neutron-lib 3.8.0) and will be removed once support for the old RBAC API policies will be removed from Neutron. Please use method 'is_service_role' instead.
2026-05-27 11:12:16.371 11 WARNING neutron.scheduler.dhcp_agent_scheduler [None req-0d5912a5-c4c2-47c3-926a-2fbee47baa38 a4141619d9a44d41bbc7d58d938efcdf 0341588e2268492eb17f9dc33ad54504 - - default default] No more DHCP agents
