2026-05-27 11:10:09.473 11 INFO neutron.api.wsgi [None req-0128e9d7-39a2-424d-9495-e1d8a1bb9123 0fb97644fae54df2a9b8c4c2dccb7bee b15bd7ca64c94d8fb2009d88a4bbced4 - - default default] 10.0.0.9 "GET /v2.0/security-group-rules/d134e2f8-e55e-4fbf-811c-0cbcb8c8bb29 HTTP/1.1" status: 200 len: 795 time: 0.0145230
2026-05-27 11:10:09.551 11 INFO neutron.api.wsgi [None req-90428fe1-705c-4230-ba18-d7f7d95a7452 0fb97644fae54df2a9b8c4c2dccb7bee b15bd7ca64c94d8fb2009d88a4bbced4 - - default default] 10.0.0.9 "GET /v2.0/security-group-rules HTTP/1.1" status: 200 len: 4333 time: 0.0732338
2026-05-27 11:10:09.673 10 INFO neutron.db.ovn_revision_numbers_db [None req-ff4cfddc-c514-4cce-9e8a-85daa3ebdb72 e1764593464c4aa78df777aa75f0e064 ea974855a7484f339df3e98ed07b1cd9 - - default default] Successfully bumped revision number for resource d8d133a1-ab8b-450e-a346-05e311dba7c4 (type: security_groups) to 1
2026-05-27 11:10:09.674 11 INFO neutron.api.wsgi [None req-047a4036-51ba-4917-ab0c-41b8a835fc65 0fb97644fae54df2a9b8c4c2dccb7bee b15bd7ca64c94d8fb2009d88a4bbced4 - - default default] 10.0.0.9 "DELETE /v2.0/security-group-rules/d134e2f8-e55e-4fbf-811c-0cbcb8c8bb29 HTTP/1.1" status: 204 len: 168 time: 0.1189420
2026-05-27 11:10:09.688 10 INFO neutron.db.ovn_revision_numbers_db [None req-ff4cfddc-c514-4cce-9e8a-85daa3ebdb72 e1764593464c4aa78df777aa75f0e064 ea974855a7484f339df3e98ed07b1cd9 - - default default] Successfully bumped revision number for resource 693012ff-b88e-4c98-9e5c-10a00f39737f (type: security_group_rules) to 0
2026-05-27 11:10:09.702 10 INFO neutron.db.ovn_revision_numbers_db [None req-ff4cfddc-c514-4cce-9e8a-85daa3ebdb72 e1764593464c4aa78df777aa75f0e064 ea974855a7484f339df3e98ed07b1cd9 - - default default] Successfully bumped revision number for resource ba0d5c24-7767-4909-93a4-19aa73c65d5a (type: security_group_rules) to 0
2026-05-27 11:10:09.713 10 INFO neutron.db.ovn_revision_numbers_db [None req-ff4cfddc-c514-4cce-9e8a-85daa3ebdb72 e1764593464c4aa78df777aa75f0e064 ea974855a7484f339df3e98ed07b1cd9 - - default default] Successfully bumped revision number for resource f56d4119-b105-4e54-8532-fbdf44094bd2 (type: security_group_rules) to 0
2026-05-27 11:10:09.726 11 INFO neutron.api.wsgi [None req-da25c754-0615-45a3-add3-43968066dad7 0fb97644fae54df2a9b8c4c2dccb7bee b15bd7ca64c94d8fb2009d88a4bbced4 - - default default] 10.0.0.9 "GET /v2.0/security-group-rules HTTP/1.1" status: 200 len: 3755 time: 0.0471156
2026-05-27 11:10:09.726 10 INFO neutron.db.ovn_revision_numbers_db [None req-ff4cfddc-c514-4cce-9e8a-85daa3ebdb72 e1764593464c4aa78df777aa75f0e064 ea974855a7484f339df3e98ed07b1cd9 - - default default] Successfully bumped revision number for resource f66ec922-1704-4b1f-92cd-29df23f1db91 (type: security_group_rules) to 0
2026-05-27 11:10:09.734 11 WARNING neutron_lib.context [None req-0b39d527-4b03-44cb-8530-ef029afcca56 0fb97644fae54df2a9b8c4c2dccb7bee b15bd7ca64c94d8fb2009d88a4bbced4 - - default default] Method 'is_advsvc' is deprecated since 2023.2 release (neutron-lib 3.8.0) and will be removed once support for the old RBAC API policies will be removed from Neutron. Please use method 'is_service_role' instead.
2026-05-27 11:10:09.761 10 INFO neutron.api.wsgi [None req-ff4cfddc-c514-4cce-9e8a-85daa3ebdb72 e1764593464c4aa78df777aa75f0e064 ea974855a7484f339df3e98ed07b1cd9 - - default default] 10.0.0.9 "GET /v2.0/security-groups?tenant_id=5e9771d7836b4f59aaba7b67195bfa9a&name=default HTTP/1.1" status: 200 len: 3120 time: 0.2315955
2026-05-27 11:10:09.869 11 INFO neutron.db.ovn_revision_numbers_db [None req-0b39d527-4b03-44cb-8530-ef029afcca56 0fb97644fae54df2a9b8c4c2dccb7bee b15bd7ca64c94d8fb2009d88a4bbced4 - - default default] Successfully bumped revision number for resource 69ec3e83-ccc6-49de-8199-6dddd4348c8f (type: security_group_rules) to 0
2026-05-27 11:10:09.901 11 INFO neutron.api.wsgi [None req-0b39d527-4b03-44cb-8530-ef029afcca56 0fb97644fae54df2a9b8c4c2dccb7bee b15bd7ca64c94d8fb2009d88a4bbced4 - - default default] 10.0.0.9 "POST /v2.0/security-group-rules HTTP/1.1" status: 201 len: 800 time: 0.1699231
2026-05-27 11:10:09.937 10 INFO neutron.api.wsgi [None req-039dcff8-c95d-4882-88fd-30b923529a8f 0fb97644fae54df2a9b8c4c2dccb7bee b15bd7ca64c94d8fb2009d88a4bbced4 - - default default] 10.0.0.9 "GET /v2.0/security-group-rules/69ec3e83-ccc6-49de-8199-6dddd4348c8f HTTP/1.1" status: 200 len: 795 time: 0.0302036
2026-05-27 11:10:10.024 11 INFO neutron.api.wsgi [None req-8fb7e59d-30bf-4b0f-a539-d946dea92879 e1764593464c4aa78df777aa75f0e064 ea974855a7484f339df3e98ed07b1cd9 - - default default] 10.0.0.9 "DELETE /v2.0/security-groups/d8d133a1-ab8b-450e-a346-05e311dba7c4 HTTP/1.1" status: 204 len: 168 time: 0.2586274
2026-05-27 11:10:10.046 10 INFO neutron.api.wsgi [None req-39a7954b-147f-49c6-8e1d-2f619d06c7f2 0fb97644fae54df2a9b8c4c2dccb7bee b15bd7ca64c94d8fb2009d88a4bbced4 - - default default] 10.0.0.9 "GET /v2.0/security-group-rules HTTP/1.1" status: 200 len: 4333 time: 0.1025748
2026-05-27 11:10:10.172 10 INFO neutron.api.wsgi [None req-dafe0b58-8718-45f6-ac43-c9a6ec7c300a 0fb97644fae54df2a9b8c4c2dccb7bee b15bd7ca64c94d8fb2009d88a4bbced4 - - default default] 10.0.0.9 "DELETE /v2.0/security-group-rules/69ec3e83-ccc6-49de-8199-6dddd4348c8f HTTP/1.1" status: 204 len: 168 time: 0.1227384
2026-05-27 11:10:10.228 10 INFO neutron.api.wsgi [None req-7c1fc481-512c-4ab2-a2c5-cb6464ad694d 0fb97644fae54df2a9b8c4c2dccb7bee b15bd7ca64c94d8fb2009d88a4bbced4 - - default default] 10.0.0.9 "GET /v2.0/security-group-rules HTTP/1.1" status: 200 len: 3755 time: 0.0510390
2026-05-27 11:10:10.236 10 WARNING neutron_lib.context [None req-a9a64c81-f445-4f72-b2c7-b6dbfc50a7a6 0fb97644fae54df2a9b8c4c2dccb7bee b15bd7ca64c94d8fb2009d88a4bbced4 - - default default] Method 'is_advsvc' is deprecated since 2023.2 release (neutron-lib 3.8.0) and will be removed once support for the old RBAC API policies will be removed from Neutron. Please use method 'is_service_role' instead.
2026-05-27 11:10:10.325 11 INFO neutron.db.ovn_revision_numbers_db [None req-4c9f8a2b-6092-4e58-961f-0f579f66439b e1764593464c4aa78df777aa75f0e064 ea974855a7484f339df3e98ed07b1cd9 - - default default] Successfully bumped revision number for resource 160691c5-34a7-4bef-9b28-6358fce14d2a (type: security_groups) to 1
2026-05-27 11:10:10.337 11 INFO neutron.db.ovn_revision_numbers_db [None req-4c9f8a2b-6092-4e58-961f-0f579f66439b e1764593464c4aa78df777aa75f0e064 ea974855a7484f339df3e98ed07b1cd9 - - default default] Successfully bumped revision number for resource 88292fbc-37b0-4d2e-a830-6bca4ffd7eed (type: security_group_rules) to 0
2026-05-27 11:10:10.346 10 INFO neutron.db.ovn_revision_numbers_db [None req-a9a64c81-f445-4f72-b2c7-b6dbfc50a7a6 0fb97644fae54df2a9b8c4c2dccb7bee b15bd7ca64c94d8fb2009d88a4bbced4 - - default default] Successfully bumped revision number for resource 01546958-3dee-4460-8b18-3f2f2d1268b5 (type: security_group_rules) to 0
2026-05-27 11:10:10.357 11 INFO neutron.db.ovn_revision_numbers_db [None req-4c9f8a2b-6092-4e58-961f-0f579f66439b e1764593464c4aa78df777aa75f0e064 ea974855a7484f339df3e98ed07b1cd9 - - default default] Successfully bumped revision number for resource 92f22664-99d1-45b3-89a2-e10a6d6de190 (type: security_group_rules) to 0
2026-05-27 11:10:10.371 11 INFO neutron.db.ovn_revision_numbers_db [None req-4c9f8a2b-6092-4e58-961f-0f579f66439b e1764593464c4aa78df777aa75f0e064 ea974855a7484f339df3e98ed07b1cd9 - - default default] Successfully bumped revision number for resource 99dc256f-ac19-4ab2-a570-38fedd72da4e (type: security_group_rules) to 0
2026-05-27 11:10:10.383 10 INFO neutron.api.wsgi [None req-a9a64c81-f445-4f72-b2c7-b6dbfc50a7a6 0fb97644fae54df2a9b8c4c2dccb7bee b15bd7ca64c94d8fb2009d88a4bbced4 - - default default] 10.0.0.9 "POST /v2.0/security-group-rules HTTP/1.1" status: 201 len: 801 time: 0.1504729
2026-05-27 11:10:10.386 11 INFO neutron.db.ovn_revision_numbers_db [None req-4c9f8a2b-6092-4e58-961f-0f579f66439b e1764593464c4aa78df777aa75f0e064 ea974855a7484f339df3e98ed07b1cd9 - - default default] Successfully bumped revision number for resource fe6a9606-216f-4547-8936-7bc2f602a7e8 (type: security_group_rules) to 0
2026-05-27 11:10:10.401 10 INFO neutron.api.wsgi [None req-7b728e97-36a9-4fdc-86d2-e904478bfb1c 0fb97644fae54df2a9b8c4c2dccb7bee b15bd7ca64c94d8fb2009d88a4bbced4 - - default default] 10.0.0.9 "GET /v2.0/security-group-rules/01546958-3dee-4460-8b18-3f2f2d1268b5 HTTP/1.1" status: 200 len: 796 time: 0.0137830
2026-05-27 11:10:10.418 11 INFO neutron.api.wsgi [None req-4c9f8a2b-6092-4e58-961f-0f579f66439b e1764593464c4aa78df777aa75f0e064 ea974855a7484f339df3e98ed07b1cd9 - - default default] 10.0.0.9 "GET /v2.0/security-groups?tenant_id=af7ed982d1cd4a30b25157c4c7390c54&name=default HTTP/1.1" status: 200 len: 3120 time: 0.2223864
2026-05-27 11:10:10.457 10 INFO neutron.api.wsgi [None req-195a1158-cd81-4c5c-9334-d00b09b753bf 0fb97644fae54df2a9b8c4c2dccb7bee b15bd7ca64c94d8fb2009d88a4bbced4 - - default default] 10.0.0.9 "GET /v2.0/security-group-rules HTTP/1.1" status: 200 len: 4334 time: 0.0518792
2026-05-27 11:10:10.579 10 INFO neutron.api.wsgi [None req-eda9a0e7-5114-4afd-80fd-073131273dd1 0fb97644fae54df2a9b8c4c2dccb7bee b15bd7ca64c94d8fb2009d88a4bbced4 - - default default] 10.0.0.9 "DELETE /v2.0/security-group-rules/01546958-3dee-4460-8b18-3f2f2d1268b5 HTTP/1.1" status: 204 len: 168 time: 0.1149752
2026-05-27 11:10:10.631 11 INFO neutron.api.wsgi [None req-37740951-96ab-434c-ba7d-bd04a9c72faf e1764593464c4aa78df777aa75f0e064 ea974855a7484f339df3e98ed07b1cd9 - - default default] 10.0.0.9 "DELETE /v2.0/security-groups/160691c5-34a7-4bef-9b28-6358fce14d2a HTTP/1.1" status: 204 len: 168 time: 0.2078242
2026-05-27 11:10:10.637 11 INFO neutron.api.wsgi [None req-e3b983e4-49bb-497b-8d07-553d10988db9 0fb97644fae54df2a9b8c4c2dccb7bee b15bd7ca64c94d8fb2009d88a4bbced4 - - default default] 10.0.0.9 "GET /v2.0/security-group-rules HTTP/1.1" status: 200 len: 3755 time: 0.0527639
2026-05-27 11:10:10.742 11 INFO neutron.api.wsgi [None req-98bf4180-976d-4559-96e0-96377ebba545 0fb97644fae54df2a9b8c4c2dccb7bee b15bd7ca64c94d8fb2009d88a4bbced4 - - default default] 10.0.0.9 "DELETE /v2.0/security-groups/cc4c120b-85cd-4cf4-aea7-184b1f40cd08 HTTP/1.1" status: 204 len: 168 time: 0.1011269
2026-05-27 11:10:10.777 11 INFO neutron.api.wsgi [None req-59943a82-7e59-46aa-8b92-dbc48a8ba06c 0fb97644fae54df2a9b8c4c2dccb7bee b15bd7ca64c94d8fb2009d88a4bbced4 - - default default] 10.0.0.9 "GET /v2.0/security-groups HTTP/1.1" status: 200 len: 3120 time: 0.0291190
2026-05-27 11:10:10.814 11 INFO neutron.api.wsgi [None req-d92e75b5-8a33-46ba-b6c2-e1dffef68f7e 0fb97644fae54df2a9b8c4c2dccb7bee b15bd7ca64c94d8fb2009d88a4bbced4 - - default default] 10.0.0.9 "GET /v2.0/security-groups HTTP/1.1" status: 200 len: 3120 time: 0.0301735
2026-05-27 11:10:11.490 11 INFO neutron.api.wsgi [None req-848bde4e-71d5-46cc-bd07-f1bde2736aa8 e1764593464c4aa78df777aa75f0e064 ea974855a7484f339df3e98ed07b1cd9 - - default default] 10.0.0.9 "GET /v2.0/security-groups?tenant_id=b15bd7ca64c94d8fb2009d88a4bbced4&name=default HTTP/1.1" status: 200 len: 3120 time: 0.1154349
2026-05-27 11:10:11.706 11 INFO neutron.api.wsgi [None req-16aa0d99-31a9-4721-835d-9e999796868f e1764593464c4aa78df777aa75f0e064 ea974855a7484f339df3e98ed07b1cd9 - - default default] 10.0.0.9 "DELETE /v2.0/security-groups/01e2eca7-7538-4a48-90c5-257e160648d9 HTTP/1.1" status: 204 len: 168 time: 0.2102726
2026-05-27 11:10:14.011 11 WARNING neutron_lib.context [None req-a32987b8-d1af-4d0f-a165-137af3680037 feae097214d841de91daabe649cd3eba c1a752afbfeb4c798a29e6e4f849f6a7 - - default default] Method 'is_advsvc' is deprecated since 2023.2 release (neutron-lib 3.8.0) and will be removed once support for the old RBAC API policies will be removed from Neutron. Please use method 'is_service_role' instead.
2026-05-27 11:10:14.243 11 WARNING neutron.scheduler.dhcp_agent_scheduler [None req-a32987b8-d1af-4d0f-a165-137af3680037 feae097214d841de91daabe649cd3eba c1a752afbfeb4c798a29e6e4f849f6a7 - - default default] No more DHCP agents
2026-05-27 11:10:14.245 11 WARNING neutron.api.rpc.agentnotifiers.dhcp_rpc_agent_api [None req-a32987b8-d1af-4d0f-a165-137af3680037 feae097214d841de91daabe649cd3eba c1a752afbfeb4c798a29e6e4f849f6a7 - - default default] Unable to schedule network 1644c29e-3c19-456c-a085-53701fa5b8c7: no agents available; will retry on subsequent port and subnet creation events.
2026-05-27 11:10:14.529 11 INFO neutron.api.wsgi [None req-a32987b8-d1af-4d0f-a165-137af3680037 feae097214d841de91daabe649cd3eba c1a752afbfeb4c798a29e6e4f849f6a7 - - default default] 10.0.0.9 "POST /v2.0/floatingips HTTP/1.1" status: 201 len: 751 time: 0.6231499
2026-05-27 11:10:14.569 11 INFO neutron.api.wsgi [None req-c7493e21-4cdf-46b6-a03f-82e506f45b27 feae097214d841de91daabe649cd3eba c1a752afbfeb4c798a29e6e4f849f6a7 - - default default] 10.0.0.9 "PUT /v2.0/floatingips/7cf5e665-a0dd-4482-bf31-de1ee7bea6d2/tags HTTP/1.1" status: 200 len: 218 time: 0.0342655
2026-05-27 11:10:14.606 10 INFO neutron.api.wsgi [None req-4dd0d6a0-984a-48b4-bcd1-a95bcc028062 feae097214d841de91daabe649cd3eba c1a752afbfeb4c798a29e6e4f849f6a7 - - default default] 10.0.0.9 "GET /v2.0/floatingips/7cf5e665-a0dd-4482-bf31-de1ee7bea6d2/tags HTTP/1.1" status: 200 len: 218 time: 0.0300951
2026-05-27 11:10:14.661 10 INFO neutron.api.wsgi [None req-7403e5d2-e6b8-44b0-bb8d-00263d0869b5 feae097214d841de91daabe649cd3eba c1a752afbfeb4c798a29e6e4f849f6a7 - - default default] 10.0.0.9 "PUT /v2.0/floatingips/7cf5e665-a0dd-4482-bf31-de1ee7bea6d2/tags/green HTTP/1.1" status: 201 len: 201 time: 0.0490313
2026-05-27 11:10:14.695 10 INFO neutron.api.wsgi [None req-79774e03-7244-4366-b51d-203ee5f0d580 feae097214d841de91daabe649cd3eba c1a752afbfeb4c798a29e6e4f849f6a7 - - default default] 10.0.0.9 "GET /v2.0/floatingips/7cf5e665-a0dd-4482-bf31-de1ee7bea6d2/tags HTTP/1.1" status: 200 len: 227 time: 0.0292101
2026-05-27 11:10:14.726 10 INFO neutron.api.wsgi [None req-fa38945a-9989-4314-8566-0600ecd37d06 feae097214d841de91daabe649cd3eba c1a752afbfeb4c798a29e6e4f849f6a7 - - default default] 10.0.0.9 "PUT /v2.0/floatingips/7cf5e665-a0dd-4482-bf31-de1ee7bea6d2/tags/red HTTP/1.1" status: 201 len: 201 time: 0.0266962
2026-05-27 11:10:14.751 11 INFO neutron.api.wsgi [None req-1cc13bd9-82f1-4429-99b8-26e9765dc0c7 feae097214d841de91daabe649cd3eba c1a752afbfeb4c798a29e6e4f849f6a7 - - default default] 10.0.0.9 "GET /v2.0/floatingips/7cf5e665-a0dd-4482-bf31-de1ee7bea6d2/tags HTTP/1.1" status: 200 len: 227 time: 0.0220618
2026-05-27 11:10:14.789 11 INFO neutron.api.wsgi [None req-ce65792d-b791-4b94-92f2-eeaa09ce858d feae097214d841de91daabe649cd3eba c1a752afbfeb4c798a29e6e4f849f6a7 - - default default] 10.0.0.9 "PUT /v2.0/floatingips/7cf5e665-a0dd-4482-bf31-de1ee7bea6d2/tags/black.or.white HTTP/1.1" status: 201 len: 201 time: 0.0329096
2026-05-27 11:10:14.831 11 INFO neutron.api.wsgi [None req-42d60102-8732-4fcb-85cf-38fe4fa18cf6 feae097214d841de91daabe649cd3eba c1a752afbfeb4c798a29e6e4f849f6a7 - - default default] 10.0.0.9 "GET /v2.0/floatingips/7cf5e665-a0dd-4482-bf31-de1ee7bea6d2/tags HTTP/1.1" status: 200 len: 245 time: 0.0358527
2026-05-27 11:10:14.888 10 INFO neutron.api.wsgi [None req-0e6a7af0-5b7f-4c32-8585-73fcea3a8f56 feae097214d841de91daabe649cd3eba c1a752afbfeb4c798a29e6e4f849f6a7 - - default default] 10.0.0.9 "PUT /v2.0/floatingips/7cf5e665-a0dd-4482-bf31-de1ee7bea6d2/tags HTTP/1.1" status: 200 len: 230 time: 0.0512877
2026-05-27 11:10:14.922 10 INFO neutron.api.wsgi [None req-cfce0c0e-d0d2-46a5-a76b-c25eb6c80ea5 feae097214d841de91daabe649cd3eba c1a752afbfeb4c798a29e6e4f849f6a7 - - default default] 10.0.0.9 "GET /v2.0/floatingips/7cf5e665-a0dd-4482-bf31-de1ee7bea6d2/tags HTTP/1.1" status: 200 len: 230 time: 0.0274849
2026-05-27 11:10:14.925 11 INFO neutron.db.ovn_revision_numbers_db [None req-21c0ef6c-805c-4631-a6b1-1c83d47bba0e e1764593464c4aa78df777aa75f0e064 ea974855a7484f339df3e98ed07b1cd9 - - default default] Successfully bumped revision number for resource fb10e9e9-4614-4c87-9534-e9c7fa9f31d9 (type: security_groups) to 1
2026-05-27 11:10:14.940 11 INFO neutron.db.ovn_revision_numbers_db [None req-21c0ef6c-805c-4631-a6b1-1c83d47bba0e e1764593464c4aa78df777aa75f0e064 ea974855a7484f339df3e98ed07b1cd9 - - default default] Successfully bumped revision number for resource 06d17ea4-f278-44b4-a0f2-e5a16d4174ee (type: security_group_rules) to 0
2026-05-27 11:10:14.953 11 INFO neutron.db.ovn_revision_numbers_db [None req-21c0ef6c-805c-4631-a6b1-1c83d47bba0e e1764593464c4aa78df777aa75f0e064 ea974855a7484f339df3e98ed07b1cd9 - - default default] Successfully bumped revision number for resource d15a26db-ef4b-4564-bfa9-c8305cfbd934 (type: security_group_rules) to 0
2026-05-27 11:10:14.957 10 INFO neutron.api.wsgi [None req-cee38a04-e4b3-4701-9cba-d09f19680f74 feae097214d841de91daabe649cd3eba c1a752afbfeb4c798a29e6e4f849f6a7 - - default default] 10.0.0.9 "GET /v2.0/floatingips/7cf5e665-a0dd-4482-bf31-de1ee7bea6d2/tags/red HTTP/1.1" status: 204 len: 168 time: 0.0292652
2026-05-27 11:10:14.972 11 INFO neutron.db.ovn_revision_numbers_db [None req-21c0ef6c-805c-4631-a6b1-1c83d47bba0e e1764593464c4aa78df777aa75f0e064 ea974855a7484f339df3e98ed07b1cd9 - - default default] Successfully bumped revision number for resource d45ce538-fa85-4590-addd-2fafde4128b9 (type: security_group_rules) to 0
2026-05-27 11:10:14.989 11 INFO neutron.api.v2.resource [None req-6c9d08a4-2025-4d88-9dcf-a096361ac241 feae097214d841de91daabe649cd3eba c1a752afbfeb4c798a29e6e4f849f6a7 - - default default] show failed (client error): The resource could not be found.
2026-05-27 11:10:14.990 11 INFO neutron.api.wsgi [None req-6c9d08a4-2025-4d88-9dcf-a096361ac241 feae097214d841de91daabe649cd3eba c1a752afbfeb4c798a29e6e4f849f6a7 - - default default] 10.0.0.9 "GET /v2.0/floatingips/7cf5e665-a0dd-4482-bf31-de1ee7bea6d2/tags/green HTTP/1.1" status: 404 len: 299 time: 0.0269108
2026-05-27 11:10:15.000 11 INFO neutron.db.ovn_revision_numbers_db [None req-21c0ef6c-805c-4631-a6b1-1c83d47bba0e e1764593464c4aa78df777aa75f0e064 ea974855a7484f339df3e98ed07b1cd9 - - default default] Successfully bumped revision number for resource eb49bd9e-1cad-4165-b838-5017bfdbb06a (type: security_group_rules) to 0
2026-05-27 11:10:15.044 11 INFO neutron.api.wsgi [None req-21c0ef6c-805c-4631-a6b1-1c83d47bba0e e1764593464c4aa78df777aa75f0e064 ea974855a7484f339df3e98ed07b1cd9 - - default default] 10.0.0.9 "GET /v2.0/security-groups?tenant_id=71ba56dfccd04fb88803d7de4876b56e&name=default HTTP/1.1" status: 200 len: 3120 time: 0.3241432
2026-05-27 11:10:15.056 11 INFO neutron.api.wsgi [None req-dc90038f-512a-43cd-a178-c173211985e4 feae097214d841de91daabe649cd3eba c1a752afbfeb4c798a29e6e4f849f6a7 - - default default] 10.0.0.9 "DELETE /v2.0/floatingips/7cf5e665-a0dd-4482-bf31-de1ee7bea6d2/tags/red HTTP/1.1" status: 204 len: 168 time: 0.0610383
2026-05-27 11:10:15.092 10 INFO neutron.api.wsgi [None req-4388d290-41b3-493e-bf24-66d7419c5d62 feae097214d841de91daabe649cd3eba c1a752afbfeb4c798a29e6e4f849f6a7 - - default default] 10.0.0.9 "GET /v2.0/floatingips/7cf5e665-a0dd-4482-bf31-de1ee7bea6d2/tags HTTP/1.1" status: 200 len: 223 time: 0.0320432
2026-05-27 11:10:15.127 10 INFO neutron.api.v2.resource [None req-595cb86c-01cb-4f4a-8288-591f21213db0 feae097214d841de91daabe649cd3eba c1a752afbfeb4c798a29e6e4f849f6a7 - - default default] delete failed (client error): The resource could not be found.
2026-05-27 11:10:15.128 10 INFO neutron.api.wsgi [None req-595cb86c-01cb-4f4a-8288-591f21213db0 feae097214d841de91daabe649cd3eba c1a752afbfeb4c798a29e6e4f849f6a7 - - default default] 10.0.0.9 "DELETE /v2.0/floatingips/7cf5e665-a0dd-4482-bf31-de1ee7bea6d2/tags/green HTTP/1.1" status: 404 len: 299 time: 0.0313551
2026-05-27 11:10:15.182 11 INFO neutron.api.wsgi [None req-268e2118-6c48-42c3-b3a3-bc7bc8a61f74 feae097214d841de91daabe649cd3eba c1a752afbfeb4c798a29e6e4f849f6a7 - - default default] 10.0.0.9 "DELETE /v2.0/floatingips/7cf5e665-a0dd-4482-bf31-de1ee7bea6d2/tags HTTP/1.1" status: 204 len: 168 time: 0.0460606
2026-05-27 11:10:15.212 11 INFO neutron.api.wsgi [None req-eb316c80-7da6-4795-b0b6-8a507b63ce2b feae097214d841de91daabe649cd3eba c1a752afbfeb4c798a29e6e4f849f6a7 - - default default] 10.0.0.9 "GET /v2.0/floatingips/7cf5e665-a0dd-4482-bf31-de1ee7bea6d2/tags HTTP/1.1" status: 200 len: 205 time: 0.0239422
2026-05-27 11:10:15.260 10 INFO neutron.api.wsgi [None req-1d7a9c0e-aab4-40da-bd47-7c5b1235111d e1764593464c4aa78df777aa75f0e064 ea974855a7484f339df3e98ed07b1cd9 - - default default] 10.0.0.9 "DELETE /v2.0/security-groups/fb10e9e9-4614-4c87-9534-e9c7fa9f31d9 HTTP/1.1" status: 204 len: 168 time: 0.2102530
2026-05-27 11:10:15.501 11 INFO neutron.api.wsgi [None req-21fa1c73-970f-419a-b72e-b68143a73587 feae097214d841de91daabe649cd3eba c1a752afbfeb4c798a29e6e4f849f6a7 - - default default] 10.0.0.9 "DELETE /v2.0/floatingips/7cf5e665-a0dd-4482-bf31-de1ee7bea6d2 HTTP/1.1" status: 204 len: 168 time: 0.2800760
2026-05-27 11:10:16.412 11 INFO neutron.db.ovn_revision_numbers_db [None req-c069f7ce-cb99-46d3-87c5-d308ca6f6909 e1764593464c4aa78df777aa75f0e064 ea974855a7484f339df3e98ed07b1cd9 - - default default] Successfully bumped revision number for resource 58506f57-f3e6-4a1f-9615-a87b87fa6d21 (type: security_groups) to 1
2026-05-27 11:10:16.426 11 INFO neutron.db.ovn_revision_numbers_db [None req-c069f7ce-cb99-46d3-87c5-d308ca6f6909 e1764593464c4aa78df777aa75f0e064 ea974855a7484f339df3e98ed07b1cd9 - - default default] Successfully bumped revision number for resource 68f1f086-d01a-451b-811b-f80aa8ed1996 (type: security_group_rules) to 0
2026-05-27 11:10:16.446 11 INFO neutron.db.ovn_revision_numbers_db [None req-c069f7ce-cb99-46d3-87c5-d308ca6f6909 e1764593464c4aa78df777aa75f0e064 ea974855a7484f339df3e98ed07b1cd9 - - default default] Successfully bumped revision number for resource b780b562-064b-453b-9826-4daed6efb7de (type: security_group_rules) to 0
2026-05-27 11:10:16.464 11 INFO neutron.db.ovn_revision_numbers_db [None req-c069f7ce-cb99-46d3-87c5-d308ca6f6909 e1764593464c4aa78df777aa75f0e064 ea974855a7484f339df3e98ed07b1cd9 - - default default] Successfully bumped revision number for resource c76940eb-0fcf-4766-92ef-85acf15272a8 (type: security_group_rules) to 0
2026-05-27 11:10:16.474 11 INFO neutron.db.ovn_revision_numbers_db [None req-c069f7ce-cb99-46d3-87c5-d308ca6f6909 e1764593464c4aa78df777aa75f0e064 ea974855a7484f339df3e98ed07b1cd9 - - default default] Successfully bumped revision number for resource f2b503e2-ced4-430f-ab3f-f64523b780b1 (type: security_group_rules) to 0
2026-05-27 11:10:16.522 11 INFO neutron.api.wsgi [None req-c069f7ce-cb99-46d3-87c5-d308ca6f6909 e1764593464c4aa78df777aa75f0e064 ea974855a7484f339df3e98ed07b1cd9 - - default default] 10.0.0.9 "GET /v2.0/security-groups?tenant_id=d9bf53f9eb83468f98aedec6eb78f6ca&name=default HTTP/1.1" status: 200 len: 3120 time: 0.4150026
2026-05-27 11:10:16.763 11 INFO neutron.api.wsgi [None req-2a7a6f3d-a043-47ef-b6f7-23504b856317 e1764593464c4aa78df777aa75f0e064 ea974855a7484f339df3e98ed07b1cd9 - - default default] 10.0.0.9 "DELETE /v2.0/security-groups/58506f57-f3e6-4a1f-9615-a87b87fa6d21 HTTP/1.1" status: 204 len: 168 time: 0.2351620
2026-05-27 11:10:17.038 10 INFO neutron.db.ovn_revision_numbers_db [None req-b9c68fb1-57dc-4002-91e0-73405b0ce88b e1764593464c4aa78df777aa75f0e064 ea974855a7484f339df3e98ed07b1cd9 - - default default] Successfully bumped revision number for resource b78d601d-3811-4388-b876-aff110902ae3 (type: security_groups) to 1
2026-05-27 11:10:17.052 10 INFO neutron.db.ovn_revision_numbers_db [None req-b9c68fb1-57dc-4002-91e0-73405b0ce88b e1764593464c4aa78df777aa75f0e064 ea974855a7484f339df3e98ed07b1cd9 - - default default] Successfully bumped revision number for resource 2131653f-5b9a-418c-893b-5bfe605a33a8 (type: security_group_rules) to 0
2026-05-27 11:10:17.064 10 INFO neutron.db.ovn_revision_numbers_db [None req-b9c68fb1-57dc-4002-91e0-73405b0ce88b e1764593464c4aa78df777aa75f0e064 ea974855a7484f339df3e98ed07b1cd9 - - default default] Successfully bumped revision number for resource 4c911021-c66b-4900-85eb-a5c62ed91bde (type: security_group_rules) to 0
2026-05-27 11:10:17.077 10 INFO neutron.db.ovn_revision_numbers_db [None req-b9c68fb1-57dc-4002-91e0-73405b0ce88b e1764593464c4aa78df777aa75f0e064 ea974855a7484f339df3e98ed07b1cd9 - - default default] Successfully bumped revision number for resource 5dd30f12-173b-4622-8533-f2c09f1a7d34 (type: security_group_rules) to 0
2026-05-27 11:10:17.088 10 INFO neutron.db.ovn_revision_numbers_db [None req-b9c68fb1-57dc-4002-91e0-73405b0ce88b e1764593464c4aa78df777aa75f0e064 ea974855a7484f339df3e98ed07b1cd9 - - default default] Successfully bumped revision number for resource 84432229-8e23-4964-ac77-a6b4754dc754 (type: security_group_rules) to 0
2026-05-27 11:10:17.127 10 INFO neutron.api.wsgi [None req-b9c68fb1-57dc-4002-91e0-73405b0ce88b e1764593464c4aa78df777aa75f0e064 ea974855a7484f339df3e98ed07b1cd9 - - default default] 10.0.0.9 "GET /v2.0/security-groups?tenant_id=c1a752afbfeb4c798a29e6e4f849f6a7&name=default HTTP/1.1" status: 200 len: 3120 time: 0.2047510
2026-05-27 11:10:17.339 10 INFO neutron.api.wsgi [None req-5743460c-952c-4d0c-a4ef-881748d0e7f0 e1764593464c4aa78df777aa75f0e064 ea974855a7484f339df3e98ed07b1cd9 - - default default] 10.0.0.9 "DELETE /v2.0/security-groups/b78d601d-3811-4388-b876-aff110902ae3 HTTP/1.1" status: 204 len: 168 time: 0.2045276
2026-05-27 11:10:17.776 11 INFO neutron.db.ovn_revision_numbers_db [None req-a02d2a0d-2f43-4b77-83ae-676d24e2ec18 e1764593464c4aa78df777aa75f0e064 ea974855a7484f339df3e98ed07b1cd9 - - default default] Successfully bumped revision number for resource 39f1d167-1e03-4a73-9462-454abcad5c57 (type: security_groups) to 1
2026-05-27 11:10:17.790 11 INFO neutron.db.ovn_revision_numbers_db [None req-a02d2a0d-2f43-4b77-83ae-676d24e2ec18 e1764593464c4aa78df777aa75f0e064 ea974855a7484f339df3e98ed07b1cd9 - - default default] Successfully bumped revision number for resource 6cc057ea-fb19-418d-b38b-66166e2c6857 (type: security_group_rules) to 0
2026-05-27 11:10:17.804 11 INFO neutron.db.ovn_revision_numbers_db [None req-a02d2a0d-2f43-4b77-83ae-676d24e2ec18 e1764593464c4aa78df777aa75f0e064 ea974855a7484f339df3e98ed07b1cd9 - - default default] Successfully bumped revision number for resource be71dec4-2576-4119-8534-2035194ad9aa (type: security_group_rules) to 0
2026-05-27 11:10:17.818 11 INFO neutron.db.ovn_revision_numbers_db [None req-a02d2a0d-2f43-4b77-83ae-676d24e2ec18 e1764593464c4aa78df777aa75f0e064 ea974855a7484f339df3e98ed07b1cd9 - - default default] Successfully bumped revision number for resource d9c53a00-8a8e-404e-9d7c-3971986aa0a7 (type: security_group_rules) to 0
2026-05-27 11:10:17.832 11 INFO neutron.db.ovn_revision_numbers_db [None req-a02d2a0d-2f43-4b77-83ae-676d24e2ec18 e1764593464c4aa78df777aa75f0e064 ea974855a7484f339df3e98ed07b1cd9 - - default default] Successfully bumped revision number for resource da160208-8b8f-456e-8cc4-14f258ca9a49 (type: security_group_rules) to 0
2026-05-27 11:10:17.872 11 INFO neutron.api.wsgi [None req-a02d2a0d-2f43-4b77-83ae-676d24e2ec18 e1764593464c4aa78df777aa75f0e064 ea974855a7484f339df3e98ed07b1cd9 - - default default] 10.0.0.9 "GET /v2.0/security-groups?tenant_id=d4f50d11eafe4a90b6dff747ed71372f&name=default HTTP/1.1" status: 200 len: 3120 time: 0.4316864
2026-05-27 11:10:18.110 11 INFO neutron.api.wsgi [None req-54452d65-31a0-48ab-9d69-3cedbd370862 e1764593464c4aa78df777aa75f0e064 ea974855a7484f339df3e98ed07b1cd9 - - default default] 10.0.0.9 "DELETE /v2.0/security-groups/39f1d167-1e03-4a73-9462-454abcad5c57 HTTP/1.1" status: 204 len: 168 time: 0.2186422
2026-05-27 11:10:20.132 11 INFO neutron.db.ovn_revision_numbers_db [None req-da5f9c3f-27b5-4bf9-9a80-b3ebaebbc820 e1764593464c4aa78df777aa75f0e064 ea974855a7484f339df3e98ed07b1cd9 - - default default] Successfully bumped revision number for resource f299a668-465c-4490-b664-b3d198aaab23 (type: security_groups) to 1
2026-05-27 11:10:20.144 11 INFO neutron.db.ovn_revision_numbers_db [None req-da5f9c3f-27b5-4bf9-9a80-b3ebaebbc820 e1764593464c4aa78df777aa75f0e064 ea974855a7484f339df3e98ed07b1cd9 - - default default] Successfully bumped revision number for resource 3367aae3-b52e-4772-a1d2-42d5df6710e7 (type: security_group_rules) to 0
2026-05-27 11:10:20.157 11 INFO neutron.db.ovn_revision_numbers_db [None req-da5f9c3f-27b5-4bf9-9a80-b3ebaebbc820 e1764593464c4aa78df777aa75f0e064 ea974855a7484f339df3e98ed07b1cd9 - - default default] Successfully bumped revision number for resource 33e36605-183f-4557-aef7-eb846685eb06 (type: security_group_rules) to 0
2026-05-27 11:10:20.169 11 INFO neutron.db.ovn_revision_numbers_db [None req-da5f9c3f-27b5-4bf9-9a80-b3ebaebbc820 e1764593464c4aa78df777aa75f0e064 ea974855a7484f339df3e98ed07b1cd9 - - default default] Successfully bumped revision number for resource 8e851c90-165a-4d13-bb17-23ae089c2b92 (type: security_group_rules) to 0
2026-05-27 11:10:20.184 11 INFO neutron.db.ovn_revision_numbers_db [None req-da5f9c3f-27b5-4bf9-9a80-b3ebaebbc820 e1764593464c4aa78df777aa75f0e064 ea974855a7484f339df3e98ed07b1cd9 - - default default] Successfully bumped revision number for resource 9bee5e00-9a35-432c-b9e1-ead62a3e4834 (type: security_group_rules) to 0
2026-05-27 11:10:20.248 11 INFO neutron.db.segments_db [None req-da5f9c3f-27b5-4bf9-9a80-b3ebaebbc820 e1764593464c4aa78df777aa75f0e064 ea974855a7484f339df3e98ed07b1cd9 - - default default] Added segment 7632a543-5ac7-4273-acc6-e4dd352590f0 of type geneve for network a1ee495f-5330-472b-9c35-02a67788e3f7
2026-05-27 11:10:20.372 11 INFO neutron.db.ovn_revision_numbers_db [None req-da5f9c3f-27b5-4bf9-9a80-b3ebaebbc820 e1764593464c4aa78df777aa75f0e064 ea974855a7484f339df3e98ed07b1cd9 - - default default] Successfully bumped revision number for resource a1ee495f-5330-472b-9c35-02a67788e3f7 (type: networks) to 1
2026-05-27 11:10:20.564 10 INFO neutron.api.wsgi [None req-ef9f447e-af41-4d37-ae6a-c684e1b96afa d62847ca53d348548dc08aa307ef8c08 ee6e89a0c29245708f545f6e940fbe8f - - default default] 10.0.0.9 "POST /v2.0/qos/policies HTTP/1.1" status: 201 len: 558 time: 0.1189239
2026-05-27 11:10:20.571 11 WARNING neutron.scheduler.dhcp_agent_scheduler [None req-da5f9c3f-27b5-4bf9-9a80-b3ebaebbc820 e1764593464c4aa78df777aa75f0e064 ea974855a7484f339df3e98ed07b1cd9 - - default default] No more DHCP agents
2026-05-27 11:10:20.572 11 WARNING neutron.api.rpc.agentnotifiers.dhcp_rpc_agent_api [None req-da5f9c3f-27b5-4bf9-9a80-b3ebaebbc820 e1764593464c4aa78df777aa75f0e064 ea974855a7484f339df3e98ed07b1cd9 - - default default] Unable to schedule network a1ee495f-5330-472b-9c35-02a67788e3f7: no agents available; will retry on subsequent port and subnet creation events.
2026-05-27 11:10:20.592 10 INFO neutron.api.wsgi [None req-1df83b0d-ca88-4bf6-b994-cd0ed02ed5c6 d62847ca53d348548dc08aa307ef8c08 ee6e89a0c29245708f545f6e940fbe8f - - default default] 10.0.0.9 "PUT /v2.0/policies/70127024-df3e-4cbc-94e2-c859b04f7a41/tags HTTP/1.1" status: 200 len: 218 time: 0.0231667
2026-05-27 11:10:20.614 10 INFO neutron.api.wsgi [None req-ae7b5cd7-8cfd-4f55-91c9-3a5323af8fdf d62847ca53d348548dc08aa307ef8c08 ee6e89a0c29245708f545f6e940fbe8f - - default default] 10.0.0.9 "GET /v2.0/policies/70127024-df3e-4cbc-94e2-c859b04f7a41/tags HTTP/1.1" status: 200 len: 218 time: 0.0160713
2026-05-27 11:10:20.637 11 INFO neutron.db.ovn_revision_numbers_db [None req-da5f9c3f-27b5-4bf9-9a80-b3ebaebbc820 e1764593464c4aa78df777aa75f0e064 ea974855a7484f339df3e98ed07b1cd9 - - default default] Successfully bumped revision number for resource 548e0457-0b05-4737-869b-f8ff3a6e6d2d (type: ports) to 1
2026-05-27 11:10:20.640 10 INFO neutron.api.wsgi [None req-851bb764-88fb-49a3-923e-b3c6b898a980 d62847ca53d348548dc08aa307ef8c08 ee6e89a0c29245708f545f6e940fbe8f - - default default] 10.0.0.9 "PUT /v2.0/policies/70127024-df3e-4cbc-94e2-c859b04f7a41/tags/green HTTP/1.1" status: 201 len: 201 time: 0.0221429
2026-05-27 11:10:20.657 11 INFO neutron.api.wsgi [None req-da5f9c3f-27b5-4bf9-9a80-b3ebaebbc820 e1764593464c4aa78df777aa75f0e064 ea974855a7484f339df3e98ed07b1cd9 - - default default] 10.0.0.9 "POST /v2.0/networks HTTP/1.1" status: 201 len: 943 time: 0.8966980
2026-05-27 11:10:20.660 10 INFO neutron.api.wsgi [None req-d340de28-c398-4486-b8da-49c31554b1b5 d62847ca53d348548dc08aa307ef8c08 ee6e89a0c29245708f545f6e940fbe8f - - default default] 10.0.0.9 "GET /v2.0/policies/70127024-df3e-4cbc-94e2-c859b04f7a41/tags HTTP/1.1" status: 200 len: 227 time: 0.0167854
2026-05-27 11:10:20.687 10 INFO neutron.api.wsgi [None req-c10919ef-fb7b-4ea2-967e-4e114b176381 d62847ca53d348548dc08aa307ef8c08 ee6e89a0c29245708f545f6e940fbe8f - - default default] 10.0.0.9 "PUT /v2.0/policies/70127024-df3e-4cbc-94e2-c859b04f7a41/tags/red HTTP/1.1" status: 201 len: 201 time: 0.0230162
2026-05-27 11:10:20.712 10 INFO neutron.api.wsgi [None req-9c85ea3d-2721-4387-8959-682f61d214ca d62847ca53d348548dc08aa307ef8c08 ee6e89a0c29245708f545f6e940fbe8f - - default default] 10.0.0.9 "GET /v2.0/policies/70127024-df3e-4cbc-94e2-c859b04f7a41/tags HTTP/1.1" status: 200 len: 227 time: 0.0194910
2026-05-27 11:10:20.750 10 INFO neutron.api.wsgi [None req-5b2ae1dd-e0e6-4051-b66e-d2324fe6b560 d62847ca53d348548dc08aa307ef8c08 ee6e89a0c29245708f545f6e940fbe8f - - default default] 10.0.0.9 "PUT /v2.0/policies/70127024-df3e-4cbc-94e2-c859b04f7a41/tags/black.or.white HTTP/1.1" status: 201 len: 201 time: 0.0334842
2026-05-27 11:10:20.769 10 INFO neutron.api.wsgi [None req-3abf6c7c-a08b-4239-b118-6c1f399fc301 d62847ca53d348548dc08aa307ef8c08 ee6e89a0c29245708f545f6e940fbe8f - - default default] 10.0.0.9 "GET /v2.0/policies/70127024-df3e-4cbc-94e2-c859b04f7a41/tags HTTP/1.1" status: 200 len: 245 time: 0.0135410
2026-05-27 11:10:20.793 11 WARNING neutron.scheduler.dhcp_agent_scheduler [None req-d9839276-b54e-45fc-b798-0835407175df e1764593464c4aa78df777aa75f0e064 ea974855a7484f339df3e98ed07b1cd9 - - default default] No more DHCP agents
2026-05-27 11:10:20.795 11 WARNING neutron.api.rpc.agentnotifiers.dhcp_rpc_agent_api [None req-d9839276-b54e-45fc-b798-0835407175df e1764593464c4aa78df777aa75f0e064 ea974855a7484f339df3e98ed07b1cd9 - - default default] Unable to schedule network a1ee495f-5330-472b-9c35-02a67788e3f7: no agents available; will retry on subsequent port and subnet creation events.
2026-05-27 11:10:20.814 11 INFO neutron.api.wsgi [None req-6cff5134-548c-4e02-8fe6-8b3f7d78803d d62847ca53d348548dc08aa307ef8c08 ee6e89a0c29245708f545f6e940fbe8f - - default default] 10.0.0.9 "PUT /v2.0/policies/70127024-df3e-4cbc-94e2-c859b04f7a41/tags HTTP/1.1" status: 200 len: 230 time: 0.0399303
2026-05-27 11:10:20.838 11 INFO neutron.api.wsgi [None req-696cef30-4550-4806-9427-842eb972415a d62847ca53d348548dc08aa307ef8c08 ee6e89a0c29245708f545f6e940fbe8f - - default default] 10.0.0.9 "GET /v2.0/policies/70127024-df3e-4cbc-94e2-c859b04f7a41/tags HTTP/1.1" status: 200 len: 230 time: 0.0172997
2026-05-27 11:10:20.863 11 INFO neutron.api.wsgi [None req-9a370566-e7c3-4c29-813a-3d551e06ca67 d62847ca53d348548dc08aa307ef8c08 ee6e89a0c29245708f545f6e940fbe8f - - default default] 10.0.0.9 "GET /v2.0/policies/70127024-df3e-4cbc-94e2-c859b04f7a41/tags/red HTTP/1.1" status: 204 len: 168 time: 0.0182467
2026-05-27 11:10:20.890 11 INFO neutron.api.v2.resource [None req-a19f4dc6-eece-4e29-8fa9-dc9b0c2f85d3 d62847ca53d348548dc08aa307ef8c08 ee6e89a0c29245708f545f6e940fbe8f - - default default] show failed (client error): The resource could not be found.
2026-05-27 11:10:20.891 11 INFO neutron.api.wsgi [None req-a19f4dc6-eece-4e29-8fa9-dc9b0c2f85d3 d62847ca53d348548dc08aa307ef8c08 ee6e89a0c29245708f545f6e940fbe8f - - default default] 10.0.0.9 "GET /v2.0/policies/70127024-df3e-4cbc-94e2-c859b04f7a41/tags/green HTTP/1.1" status: 404 len: 299 time: 0.0233164
2026-05-27 11:10:20.924 10 INFO neutron.api.wsgi [None req-10f503f8-5f9b-4dfa-b2fc-0f54e18b27ac d62847ca53d348548dc08aa307ef8c08 ee6e89a0c29245708f545f6e940fbe8f - - default default] 10.0.0.9 "DELETE /v2.0/policies/70127024-df3e-4cbc-94e2-c859b04f7a41/tags/red HTTP/1.1" status: 204 len: 168 time: 0.0275898
2026-05-27 11:10:20.950 11 INFO neutron.api.wsgi [None req-4c26a997-7969-4d24-9c39-05d6e85c06ce d62847ca53d348548dc08aa307ef8c08 ee6e89a0c29245708f545f6e940fbe8f - - default default] 10.0.0.9 "GET /v2.0/policies/70127024-df3e-4cbc-94e2-c859b04f7a41/tags HTTP/1.1" status: 200 len: 223 time: 0.0214846
2026-05-27 11:10:20.970 10 INFO neutron.api.v2.resource [None req-e0b209a1-1dd4-4a4e-bc80-6f8811aef3e3 d62847ca53d348548dc08aa307ef8c08 ee6e89a0c29245708f545f6e940fbe8f - - default default] delete failed (client error): The resource could not be found.
2026-05-27 11:10:20.971 10 INFO neutron.api.wsgi [None req-e0b209a1-1dd4-4a4e-bc80-6f8811aef3e3 d62847ca53d348548dc08aa307ef8c08 ee6e89a0c29245708f545f6e940fbe8f - - default default] 10.0.0.9 "DELETE /v2.0/policies/70127024-df3e-4cbc-94e2-c859b04f7a41/tags/green HTTP/1.1" status: 404 len: 299 time: 0.0165288
2026-05-27 11:10:21.015 11 INFO neutron.api.wsgi [None req-146d2628-ba49-4d89-a40f-bdb6b968d8d3 d62847ca53d348548dc08aa307ef8c08 ee6e89a0c29245708f545f6e940fbe8f - - default default] 10.0.0.9 "DELETE /v2.0/policies/70127024-df3e-4cbc-94e2-c859b04f7a41/tags HTTP/1.1" status: 204 len: 168 time: 0.0388689
2026-05-27 11:10:21.041 11 INFO neutron.api.wsgi [None req-832df0bc-5029-4ae4-a261-e87bad2a89d4 d62847ca53d348548dc08aa307ef8c08 ee6e89a0c29245708f545f6e940fbe8f - - default default] 10.0.0.9 "GET /v2.0/policies/70127024-df3e-4cbc-94e2-c859b04f7a41/tags HTTP/1.1" status: 200 len: 205 time: 0.0214603
2026-05-27 11:10:21.090 10 INFO neutron.api.wsgi [None req-86655b33-b1ea-45c2-8fa3-01728561fa9b d62847ca53d348548dc08aa307ef8c08 ee6e89a0c29245708f545f6e940fbe8f - - default default] 10.0.0.9 "DELETE /v2.0/qos/policies/70127024-df3e-4cbc-94e2-c859b04f7a41 HTTP/1.1" status: 204 len: 168 time: 0.0425673
2026-05-27 11:10:21.278 11 INFO neutron.db.ovn_revision_numbers_db [None req-3e77a95e-3007-4d9a-837e-0a444b6cf190 - - - - - -] Successfully bumped revision number for resource 548e0457-0b05-4737-869b-f8ff3a6e6d2d (type: ports) to 2
2026-05-27 11:10:21.314 11 INFO neutron.db.ovn_revision_numbers_db [None req-3e77a95e-3007-4d9a-837e-0a444b6cf190 - - - - - -] Successfully bumped revision number for resource a44006a3-117d-4039-88fc-fee4658bc793 (type: subnets) to 0
2026-05-27 11:10:21.332 11 INFO neutron.api.wsgi [None req-d9839276-b54e-45fc-b798-0835407175df e1764593464c4aa78df777aa75f0e064 ea974855a7484f339df3e98ed07b1cd9 - - default default] 10.0.0.9 "POST /v2.0/subnets HTTP/1.1" status: 201 len: 887 time: 0.6683371
2026-05-27 11:10:21.709 11 WARNING neutron.scheduler.dhcp_agent_scheduler [None req-1eff0018-66b7-4963-a5dd-1722029c84af e1764593464c4aa78df777aa75f0e064 ea974855a7484f339df3e98ed07b1cd9 - - default default] No more DHCP agents
2026-05-27 11:10:21.711 11 WARNING neutron.api.rpc.agentnotifiers.dhcp_rpc_agent_api [None req-1eff0018-66b7-4963-a5dd-1722029c84af e1764593464c4aa78df777aa75f0e064 ea974855a7484f339df3e98ed07b1cd9 - - default default] Unable to schedule network 1644c29e-3c19-456c-a085-53701fa5b8c7: no agents available; will retry on subsequent port and subnet creation events.
2026-05-27 11:10:21.821 11 INFO neutron.db.ovn_revision_numbers_db [None req-1eff0018-66b7-4963-a5dd-1722029c84af e1764593464c4aa78df777aa75f0e064 ea974855a7484f339df3e98ed07b1cd9 - - default default] Successfully bumped revision number for resource 18f4eafd-da2d-47a8-93d0-17992bce89d7 (type: ports) to 1
2026-05-27 11:10:21.931 10 INFO neutron.db.ovn_revision_numbers_db [None req-3ba28e44-a5b0-4887-8563-be671fe15957 e1764593464c4aa78df777aa75f0e064 ea974855a7484f339df3e98ed07b1cd9 - - default default] Successfully bumped revision number for resource 3e55e5af-d072-4b01-95d6-557ad73c3aab (type: security_groups) to 1
2026-05-27 11:10:21.937 11 INFO neutron.db.ovn_revision_numbers_db [None req-4e1b0156-6a65-4327-ac7b-623f3ad11215 e1764593464c4aa78df777aa75f0e064 ea974855a7484f339df3e98ed07b1cd9 - - default default] Successfully bumped revision number for resource 7efdcfff-06fc-4aa9-bd50-78f6ec65b834 (type: security_groups) to 1
2026-05-27 11:10:21.944 10 INFO neutron.db.ovn_revision_numbers_db [None req-3ba28e44-a5b0-4887-8563-be671fe15957 e1764593464c4aa78df777aa75f0e064 ea974855a7484f339df3e98ed07b1cd9 - - default default] Successfully bumped revision number for resource 3b569091-25dd-464a-9c5b-6d988a78abe7 (type: security_group_rules) to 0
2026-05-27 11:10:21.949 11 INFO neutron.db.ovn_revision_numbers_db [None req-4e1b0156-6a65-4327-ac7b-623f3ad11215 e1764593464c4aa78df777aa75f0e064 ea974855a7484f339df3e98ed07b1cd9 - - default default] Successfully bumped revision number for resource 0708b149-9f75-4ecc-8e87-220acc286868 (type: security_group_rules) to 0
2026-05-27 11:10:21.956 10 INFO neutron.db.ovn_revision_numbers_db [None req-3ba28e44-a5b0-4887-8563-be671fe15957 e1764593464c4aa78df777aa75f0e064 ea974855a7484f339df3e98ed07b1cd9 - - default default] Successfully bumped revision number for resource 98721285-12cf-44e1-aae2-f74a88f8d390 (type: security_group_rules) to 0
2026-05-27 11:10:21.967 11 INFO neutron.db.ovn_revision_numbers_db [None req-4e1b0156-6a65-4327-ac7b-623f3ad11215 e1764593464c4aa78df777aa75f0e064 ea974855a7484f339df3e98ed07b1cd9 - - default default] Successfully bumped revision number for resource 0e762d8b-4ec3-44f1-8e87-976de4b84a79 (type: security_group_rules) to 0
2026-05-27 11:10:21.971 10 INFO neutron.db.ovn_revision_numbers_db [None req-3ba28e44-a5b0-4887-8563-be671fe15957 e1764593464c4aa78df777aa75f0e064 ea974855a7484f339df3e98ed07b1cd9 - - default default] Successfully bumped revision number for resource dde2b50d-e1f4-4801-a9c7-47a1f6fa3947 (type: security_group_rules) to 0
2026-05-27 11:10:21.983 10 INFO neutron.db.ovn_revision_numbers_db [None req-3ba28e44-a5b0-4887-8563-be671fe15957 e1764593464c4aa78df777aa75f0e064 ea974855a7484f339df3e98ed07b1cd9 - - default default] Successfully bumped revision number for resource e45819dc-7df2-4c65-a8d6-0281fb5aa00f (type: security_group_rules) to 0
2026-05-27 11:10:21.990 11 INFO neutron.db.ovn_revision_numbers_db [None req-4e1b0156-6a65-4327-ac7b-623f3ad11215 e1764593464c4aa78df777aa75f0e064 ea974855a7484f339df3e98ed07b1cd9 - - default default] Successfully bumped revision number for resource 4d56583c-dcf5-423e-a9da-678e29598f39 (type: security_group_rules) to 0
2026-05-27 11:10:22.005 11 INFO neutron.db.ovn_revision_numbers_db [None req-4e1b0156-6a65-4327-ac7b-623f3ad11215 e1764593464c4aa78df777aa75f0e064 ea974855a7484f339df3e98ed07b1cd9 - - default default] Successfully bumped revision number for resource 5f42a1a0-f0f1-4daf-b91e-102eca62a1bc (type: security_group_rules) to 0
2026-05-27 11:10:22.019 10 INFO neutron.api.wsgi [None req-3ba28e44-a5b0-4887-8563-be671fe15957 e1764593464c4aa78df777aa75f0e064 ea974855a7484f339df3e98ed07b1cd9 - - default default] 10.0.0.9 "GET /v2.0/security-groups?tenant_id=271e3f1d0346449b971fa0b7c3aba601&name=default HTTP/1.1" status: 200 len: 3120 time: 0.2915463
2026-05-27 11:10:22.050 11 INFO neutron.api.wsgi [None req-4e1b0156-6a65-4327-ac7b-623f3ad11215 e1764593464c4aa78df777aa75f0e064 ea974855a7484f339df3e98ed07b1cd9 - - default default] 10.0.0.9 "GET /v2.0/security-groups?tenant_id=ee6e89a0c29245708f545f6e940fbe8f&name=default HTTP/1.1" status: 200 len: 3120 time: 0.3792017
2026-05-27 11:10:22.106 11 INFO neutron.api.wsgi [-] 10.0.0.184 "GET / HTTP/1.1" status: 200 len: 247 time: 0.0019219
2026-05-27 11:10:22.108 11 INFO neutron.api.wsgi [-] 10.0.0.184 "GET / HTTP/1.1" status: 200 len: 247 time: 0.0012672
2026-05-27 11:10:22.260 10 INFO neutron.api.wsgi [None req-88741e21-b55a-4c52-9830-6b1df5e0f426 e1764593464c4aa78df777aa75f0e064 ea974855a7484f339df3e98ed07b1cd9 - - default default] 10.0.0.9 "DELETE /v2.0/security-groups/3e55e5af-d072-4b01-95d6-557ad73c3aab HTTP/1.1" status: 204 len: 168 time: 0.2354372
2026-05-27 11:10:22.284 10 INFO neutron.api.wsgi [None req-7e21851c-335f-4d04-b065-b033c1ee355b e1764593464c4aa78df777aa75f0e064 ea974855a7484f339df3e98ed07b1cd9 - - default default] 10.0.0.9 "DELETE /v2.0/security-groups/7efdcfff-06fc-4aa9-bd50-78f6ec65b834 HTTP/1.1" status: 204 len: 168 time: 0.2254648
2026-05-27 11:10:22.383 11 INFO neutron.plugins.ml2.drivers.ovn.mech_driver.ovsdb.commands [None req-c2ec3906-9192-4a1e-9c52-2400586d43dd - - - - - -] Schedule LRP lrp-18f4eafd-da2d-47a8-93d0-17992bce89d7 on gateway 63d46362-dc81-4dfd-a5f8-36b1c107d5ed with priority 1
2026-05-27 11:10:22.399 10 INFO neutron.plugins.ml2.drivers.ovn.mech_driver.mech_driver [None req-633e6c87-1486-4084-b458-5beba726e533 - - - - - -] OVN reports status up for port: 18f4eafd-da2d-47a8-93d0-17992bce89d7
2026-05-27 11:10:22.409 10 INFO neutron.plugins.ml2.drivers.ovn.mech_driver.ovsdb.ovsdb_monitor [None req-02cf3916-a072-41b4-9ca0-8208d3b6d53c - - - - - -] Router f87d5e59-5841-4431-825c-1e8067c0f24f is bound to host instance
2026-05-27 11:10:22.411 10 INFO neutron.plugins.ml2.plugin [None req-633e6c87-1486-4084-b458-5beba726e533 - - - - - -] Attempt 1 to provision port 18f4eafd-da2d-47a8-93d0-17992bce89d7
2026-05-27 11:10:22.434 11 INFO neutron.db.ovn_revision_numbers_db [None req-1eff0018-66b7-4963-a5dd-1722029c84af e1764593464c4aa78df777aa75f0e064 ea974855a7484f339df3e98ed07b1cd9 - - default default] Successfully bumped revision number for resource 18f4eafd-da2d-47a8-93d0-17992bce89d7 (type: router_ports) to 1
2026-05-27 11:10:22.515 11 INFO neutron.db.ovn_revision_numbers_db [None req-1eff0018-66b7-4963-a5dd-1722029c84af e1764593464c4aa78df777aa75f0e064 ea974855a7484f339df3e98ed07b1cd9 - - default default] Successfully bumped revision number for resource f87d5e59-5841-4431-825c-1e8067c0f24f (type: routers) to 2
2026-05-27 11:10:22.538 11 INFO neutron.api.wsgi [None req-1eff0018-66b7-4963-a5dd-1722029c84af e1764593464c4aa78df777aa75f0e064 ea974855a7484f339df3e98ed07b1cd9 - - default default] 10.0.0.9 "POST /v2.0/routers HTTP/1.1" status: 201 len: 1165 time: 1.2009382
2026-05-27 11:10:22.544 10 INFO neutron.db.ovn_revision_numbers_db [None req-809287a9-f4b5-4d43-ae20-5d2c6b79576a e1764593464c4aa78df777aa75f0e064 ea974855a7484f339df3e98ed07b1cd9 - - default default] Successfully bumped revision number for resource 500af61b-e674-45a7-b19c-28630d245660 (type: security_groups) to 1
2026-05-27 11:10:22.560 10 INFO neutron.db.ovn_revision_numbers_db [None req-809287a9-f4b5-4d43-ae20-5d2c6b79576a e1764593464c4aa78df777aa75f0e064 ea974855a7484f339df3e98ed07b1cd9 - - default default] Successfully bumped revision number for resource 5798a350-1d89-461e-bc66-cfc934208723 (type: security_group_rules) to 0
2026-05-27 11:10:22.572 10 INFO neutron.db.ovn_revision_numbers_db [None req-809287a9-f4b5-4d43-ae20-5d2c6b79576a e1764593464c4aa78df777aa75f0e064 ea974855a7484f339df3e98ed07b1cd9 - - default default] Successfully bumped revision number for resource 607bc5cc-3692-4a2b-adac-0588e95ab776 (type: security_group_rules) to 0
2026-05-27 11:10:22.587 10 INFO neutron.db.ovn_revision_numbers_db [None req-809287a9-f4b5-4d43-ae20-5d2c6b79576a e1764593464c4aa78df777aa75f0e064 ea974855a7484f339df3e98ed07b1cd9 - - default default] Successfully bumped revision number for resource b3ff6db0-b383-424f-a454-3015f95d5462 (type: security_group_rules) to 0
2026-05-27 11:10:22.604 10 INFO neutron.db.ovn_revision_numbers_db [None req-809287a9-f4b5-4d43-ae20-5d2c6b79576a e1764593464c4aa78df777aa75f0e064 ea974855a7484f339df3e98ed07b1cd9 - - default default] Successfully bumped revision number for resource e9d2896e-b16e-4dd6-8327-eb39cc83fe83 (type: security_group_rules) to 0
2026-05-27 11:10:22.646 10 INFO neutron.api.wsgi [None req-809287a9-f4b5-4d43-ae20-5d2c6b79576a e1764593464c4aa78df777aa75f0e064 ea974855a7484f339df3e98ed07b1cd9 - - default default] 10.0.0.9 "GET /v2.0/security-groups?tenant_id=ff8724f912184153a6653b941c27254b&name=default HTTP/1.1" status: 200 len: 3120 time: 0.2585454
2026-05-27 11:10:22.873 10 INFO neutron.api.wsgi [None req-227c31bf-2958-4fca-a1c3-4249d535b2d0 e1764593464c4aa78df777aa75f0e064 ea974855a7484f339df3e98ed07b1cd9 - - default default] 10.0.0.9 "DELETE /v2.0/security-groups/500af61b-e674-45a7-b19c-28630d245660 HTTP/1.1" status: 204 len: 168 time: 0.2215667
2026-05-27 11:10:22.874 10 INFO neutron.db.ovn_revision_numbers_db [None req-ea0ddf9e-1cb4-4806-ab77-c0a83bffd7d8 - - - - - -] Successfully bumped revision number for resource 18f4eafd-da2d-47a8-93d0-17992bce89d7 (type: ports) to 1
2026-05-27 11:10:23.018 11 WARNING neutron.scheduler.dhcp_agent_scheduler [None req-55f57d6a-e3ce-4f67-ab2f-4d58ab709526 e1764593464c4aa78df777aa75f0e064 ea974855a7484f339df3e98ed07b1cd9 - - default default] No more DHCP agents
2026-05-27 11:10:23.019 11 WARNING neutron.api.rpc.agentnotifiers.dhcp_rpc_agent_api [None req-55f57d6a-e3ce-4f67-ab2f-4d58ab709526 e1764593464c4aa78df777aa75f0e064 ea974855a7484f339df3e98ed07b1cd9 - - default default] Unable to schedule network a1ee495f-5330-472b-9c35-02a67788e3f7: no agents available; will retry on subsequent port and subnet creation events.
2026-05-27 11:10:23.149 11 INFO neutron.db.ovn_revision_numbers_db [None req-55f57d6a-e3ce-4f67-ab2f-4d58ab709526 e1764593464c4aa78df777aa75f0e064 ea974855a7484f339df3e98ed07b1cd9 - - default default] Successfully bumped revision number for resource aa16d470-99ba-4fd5-8c92-8e833c3c0210 (type: ports) to 1
2026-05-27 11:10:23.150 10 INFO neutron.db.ovn_revision_numbers_db [None req-ea0ddf9e-1cb4-4806-ab77-c0a83bffd7d8 - - - - - -] Successfully bumped revision number for resource 18f4eafd-da2d-47a8-93d0-17992bce89d7 (type: ports) to 4
2026-05-27 11:10:23.424 10 INFO neutron.db.ovn_revision_numbers_db [None req-ea0ddf9e-1cb4-4806-ab77-c0a83bffd7d8 - - - - - -] Successfully bumped revision number for resource 18f4eafd-da2d-47a8-93d0-17992bce89d7 (type: ports) to 5
2026-05-27 11:10:23.783 11 INFO neutron.plugins.ml2.drivers.ovn.mech_driver.mech_driver [None req-ea9b129b-b6e5-4f1e-b088-3af56d808947 - - - - - -] OVN reports status up for port: aa16d470-99ba-4fd5-8c92-8e833c3c0210
