2026-05-27 11:08:42.217 11 INFO neutron.api.wsgi [None req-687ca29c-3bd9-4ddb-a2d9-edccdaf4326a f688e00d19bd41ae8dddb9631ad12b55 27a3692f1ab94d7ca7f11ee42d1fb063 - - default default] 10.0.0.9 "DELETE /v2.0/routers/8a22bc6f-5bb7-432f-a2a4-9db15f9c8f0e HTTP/1.1" status: 204 len: 168 time: 0.8123906
2026-05-27 11:08:42.344 10 INFO neutron.db.ovn_revision_numbers_db [None req-31584261-be5e-4d15-aa35-d8b33e0a4072 e1764593464c4aa78df777aa75f0e064 ea974855a7484f339df3e98ed07b1cd9 - - default default] Successfully bumped revision number for resource 97933952-261e-46cf-bf22-840c36d5de65 (type: security_groups) to 1
2026-05-27 11:08:42.367 10 INFO neutron.db.ovn_revision_numbers_db [None req-31584261-be5e-4d15-aa35-d8b33e0a4072 e1764593464c4aa78df777aa75f0e064 ea974855a7484f339df3e98ed07b1cd9 - - default default] Successfully bumped revision number for resource 220db94e-d91c-4ce2-9859-0a2ff60011a5 (type: security_group_rules) to 0
2026-05-27 11:08:42.386 10 INFO neutron.db.ovn_revision_numbers_db [None req-31584261-be5e-4d15-aa35-d8b33e0a4072 e1764593464c4aa78df777aa75f0e064 ea974855a7484f339df3e98ed07b1cd9 - - default default] Successfully bumped revision number for resource 5db7dab4-3b3e-4092-a4de-f7fcd3e515af (type: security_group_rules) to 0
2026-05-27 11:08:42.401 10 INFO neutron.api.wsgi [None req-2a2d2346-1dd9-47d7-813c-f69150c7095d f688e00d19bd41ae8dddb9631ad12b55 27a3692f1ab94d7ca7f11ee42d1fb063 - - default default] 10.0.0.9 "DELETE /v2.0/subnets/60386b55-a73f-4eab-bb7d-baef6e0b3e2e HTTP/1.1" status: 204 len: 168 time: 0.1782753
2026-05-27 11:08:42.407 10 INFO neutron.db.ovn_revision_numbers_db [None req-31584261-be5e-4d15-aa35-d8b33e0a4072 e1764593464c4aa78df777aa75f0e064 ea974855a7484f339df3e98ed07b1cd9 - - default default] Successfully bumped revision number for resource 7f800ea0-b8c6-4df7-9ac7-17ee23bd5c06 (type: security_group_rules) to 0
2026-05-27 11:08:42.432 10 INFO neutron.db.ovn_revision_numbers_db [None req-31584261-be5e-4d15-aa35-d8b33e0a4072 e1764593464c4aa78df777aa75f0e064 ea974855a7484f339df3e98ed07b1cd9 - - default default] Successfully bumped revision number for resource e1b91f43-8954-4478-bc10-5f04880fed3d (type: security_group_rules) to 0
2026-05-27 11:08:42.487 10 INFO neutron.api.wsgi [None req-31584261-be5e-4d15-aa35-d8b33e0a4072 e1764593464c4aa78df777aa75f0e064 ea974855a7484f339df3e98ed07b1cd9 - - default default] 10.0.0.9 "GET /v2.0/security-groups?tenant_id=c1c5bdad1913446fa330a8f92a5fa938&name=default HTTP/1.1" status: 200 len: 3120 time: 0.4089963
2026-05-27 11:08:42.747 10 INFO neutron.api.wsgi [None req-0dbd1cd4-50cf-4134-8222-029569a4ae35 e1764593464c4aa78df777aa75f0e064 ea974855a7484f339df3e98ed07b1cd9 - - default default] 10.0.0.9 "DELETE /v2.0/security-groups/97933952-261e-46cf-bf22-840c36d5de65 HTTP/1.1" status: 204 len: 168 time: 0.2529418
2026-05-27 11:08:42.800 10 INFO neutron.services.segments.plugin [-] Segment 33e962e8-746f-4484-8188-fe8264ed4fec resource provider aggregate not found
2026-05-27 11:08:42.805 10 INFO neutron.services.segments.plugin [-] Segment 33e962e8-746f-4484-8188-fe8264ed4fec resource provider aggregate not found
2026-05-27 11:08:42.818 10 INFO neutron.services.segments.plugin [-] Segment 33e962e8-746f-4484-8188-fe8264ed4fec resource provider not found; error: Placement Client Error (4xx): {"errors": [{"status": 404, "title": "Not Found", "detail": "The resource could not be found.\n\n No resource provider with uuid 33e962e8-746f-4484-8188-fe8264ed4fec found for delete ", "request_id": "req-83dea266-5bf6-4ecb-90a2-89c3a2f120d8"}]}
2026-05-27 11:08:42.823 10 INFO neutron.services.segments.plugin [-] Segment 33e962e8-746f-4484-8188-fe8264ed4fec resource provider not found; error: Placement Client Error (4xx): {"errors": [{"status": 404, "title": "Not Found", "detail": "The resource could not be found.\n\n No resource provider with uuid 33e962e8-746f-4484-8188-fe8264ed4fec found for delete ", "request_id": "req-54c66c2f-5946-4df7-9669-0f1701371cd4"}]}
2026-05-27 11:08:42.832 10 INFO neutron.api.wsgi [None req-63fc8306-d475-4289-8954-75198ff6b6c3 f688e00d19bd41ae8dddb9631ad12b55 27a3692f1ab94d7ca7f11ee42d1fb063 - - default default] 10.0.0.9 "DELETE /v2.0/networks/793d496c-40e9-4dba-af38-0d8378f41222 HTTP/1.1" status: 204 len: 168 time: 0.4232368
2026-05-27 11:08:42.962 10 INFO neutron.db.ovn_revision_numbers_db [None req-c977cea3-dfb2-4d90-9d7b-d64f708ee6a7 e1764593464c4aa78df777aa75f0e064 ea974855a7484f339df3e98ed07b1cd9 - - default default] Successfully bumped revision number for resource 6a048561-bdd9-4eff-a04f-4dc287db6ffe (type: security_groups) to 1
2026-05-27 11:08:42.978 10 INFO neutron.db.ovn_revision_numbers_db [None req-c977cea3-dfb2-4d90-9d7b-d64f708ee6a7 e1764593464c4aa78df777aa75f0e064 ea974855a7484f339df3e98ed07b1cd9 - - default default] Successfully bumped revision number for resource 2c84a739-147a-4e25-b708-474410d9e639 (type: security_group_rules) to 0
2026-05-27 11:08:42.990 10 INFO neutron.db.ovn_revision_numbers_db [None req-c977cea3-dfb2-4d90-9d7b-d64f708ee6a7 e1764593464c4aa78df777aa75f0e064 ea974855a7484f339df3e98ed07b1cd9 - - default default] Successfully bumped revision number for resource 658b7593-c4df-44ff-aa23-238518c61fda (type: security_group_rules) to 0
2026-05-27 11:08:43.005 10 INFO neutron.db.ovn_revision_numbers_db [None req-c977cea3-dfb2-4d90-9d7b-d64f708ee6a7 e1764593464c4aa78df777aa75f0e064 ea974855a7484f339df3e98ed07b1cd9 - - default default] Successfully bumped revision number for resource 7c05f1c2-077a-47b0-af70-4dccd30d2160 (type: security_group_rules) to 0
2026-05-27 11:08:43.018 10 INFO neutron.db.ovn_revision_numbers_db [None req-c977cea3-dfb2-4d90-9d7b-d64f708ee6a7 e1764593464c4aa78df777aa75f0e064 ea974855a7484f339df3e98ed07b1cd9 - - default default] Successfully bumped revision number for resource ce680870-993a-480a-b3ce-2f966768e932 (type: security_group_rules) to 0
2026-05-27 11:08:43.052 10 INFO neutron.api.wsgi [None req-c977cea3-dfb2-4d90-9d7b-d64f708ee6a7 e1764593464c4aa78df777aa75f0e064 ea974855a7484f339df3e98ed07b1cd9 - - default default] 10.0.0.9 "GET /v2.0/security-groups?tenant_id=be1cf17224ce4e81bbecd1c46f2a6fb7&name=default HTTP/1.1" status: 200 len: 3120 time: 0.2055860
2026-05-27 11:08:43.251 10 INFO neutron.api.wsgi [None req-7ec5a379-20ea-4938-a45e-93ab18cec2c2 e1764593464c4aa78df777aa75f0e064 ea974855a7484f339df3e98ed07b1cd9 - - default default] 10.0.0.9 "DELETE /v2.0/security-groups/6a048561-bdd9-4eff-a04f-4dc287db6ffe HTTP/1.1" status: 204 len: 168 time: 0.1926248
2026-05-27 11:08:43.523 11 WARNING neutron.plugins.ml2.drivers.ovn.mech_driver.ovsdb.ovn_client [None req-e6a91508-9dd1-4b40-a39d-7fc0d554e2b9 - - - - - -] No port found with ID 490eaac0-acc2-4125-82aa-21f84457ab02: RuntimeError: No port found with ID 490eaac0-acc2-4125-82aa-21f84457ab02
2026-05-27 11:08:43.560 11 INFO neutron.plugins.ml2.drivers.ovn.mech_driver.mech_driver [None req-e6a91508-9dd1-4b40-a39d-7fc0d554e2b9 - - - - - -] OVN reports status up for port: 644fa620-56d8-4a0d-978b-0f72237dbdbd
2026-05-27 11:08:43.570 11 INFO neutron.plugins.ml2.plugin [None req-e6a91508-9dd1-4b40-a39d-7fc0d554e2b9 - - - - - -] Attempt 1 to provision port 644fa620-56d8-4a0d-978b-0f72237dbdbd
2026-05-27 11:08:43.640 10 INFO neutron.api.wsgi [None req-20aea6da-c098-4e9a-9ac5-e640ab4a0aaf e1764593464c4aa78df777aa75f0e064 ea974855a7484f339df3e98ed07b1cd9 - - default default] 10.0.0.9 "GET /v2.0/security-groups?tenant_id=27a3692f1ab94d7ca7f11ee42d1fb063&name=default HTTP/1.1" status: 200 len: 3120 time: 0.2802770
2026-05-27 11:08:43.879 10 INFO neutron.api.wsgi [None req-2daeec2b-be25-4708-a537-f22c62804160 e1764593464c4aa78df777aa75f0e064 ea974855a7484f339df3e98ed07b1cd9 - - default default] 10.0.0.9 "DELETE /v2.0/security-groups/c45c6ff3-e272-4962-9244-2a3d69d81534 HTTP/1.1" status: 204 len: 168 time: 0.2318964
2026-05-27 11:08:44.016 11 INFO neutron.db.ovn_revision_numbers_db [None req-e6a91508-9dd1-4b40-a39d-7fc0d554e2b9 - - - - - -] Successfully bumped revision number for resource 644fa620-56d8-4a0d-978b-0f72237dbdbd (type: ports) to 2
2026-05-27 11:08:45.675 10 WARNING neutron_lib.context [None req-78fb72fc-be5e-40fa-ae2f-e99c7e119464 7faf79047db84e0aa185ae7367405276 bb3a613000d841cf91907c699f420685 - - default default] Method 'is_advsvc' is deprecated since 2023.2 release (neutron-lib 3.8.0) and will be removed once support for the old RBAC API policies will be removed from Neutron. Please use method 'is_service_role' instead.
2026-05-27 11:08:45.676 10 WARNING neutron_lib.context [None req-78fb72fc-be5e-40fa-ae2f-e99c7e119464 7faf79047db84e0aa185ae7367405276 bb3a613000d841cf91907c699f420685 - - default default] Method 'is_advsvc' is deprecated since 2023.2 release (neutron-lib 3.8.0) and will be removed once support for the old RBAC API policies will be removed from Neutron. Please use method 'is_service_role' instead.
2026-05-27 11:08:45.827 10 INFO neutron.db.ovn_revision_numbers_db [None req-78fb72fc-be5e-40fa-ae2f-e99c7e119464 7faf79047db84e0aa185ae7367405276 bb3a613000d841cf91907c699f420685 - - default default] Successfully bumped revision number for resource 13c8120d-323c-44ab-88ca-63be2b4dad7d (type: security_groups) to 1
2026-05-27 11:08:45.841 10 INFO neutron.db.ovn_revision_numbers_db [None req-78fb72fc-be5e-40fa-ae2f-e99c7e119464 7faf79047db84e0aa185ae7367405276 bb3a613000d841cf91907c699f420685 - - default default] Successfully bumped revision number for resource 8e8dfec0-8268-4cc2-a8c1-6822a00694b4 (type: security_group_rules) to 0
2026-05-27 11:08:45.854 10 INFO neutron.db.ovn_revision_numbers_db [None req-78fb72fc-be5e-40fa-ae2f-e99c7e119464 7faf79047db84e0aa185ae7367405276 bb3a613000d841cf91907c699f420685 - - default default] Successfully bumped revision number for resource 98bc566f-7993-42c6-9ee9-a3dedde22c7e (type: security_group_rules) to 0
2026-05-27 11:08:45.870 10 INFO neutron.db.ovn_revision_numbers_db [None req-78fb72fc-be5e-40fa-ae2f-e99c7e119464 7faf79047db84e0aa185ae7367405276 bb3a613000d841cf91907c699f420685 - - default default] Successfully bumped revision number for resource aecad438-7fe3-4bc0-8dbc-bc06e9dc34bc (type: security_group_rules) to 0
2026-05-27 11:08:45.886 10 INFO neutron.db.ovn_revision_numbers_db [None req-78fb72fc-be5e-40fa-ae2f-e99c7e119464 7faf79047db84e0aa185ae7367405276 bb3a613000d841cf91907c699f420685 - - default default] Successfully bumped revision number for resource cdfc6594-bcac-4697-98ad-a77b31a399c6 (type: security_group_rules) to 0
2026-05-27 11:08:45.985 10 INFO neutron.api.wsgi [req-bd541083-37fe-410d-8350-e49bab7143a7 req-b4e0166e-b132-46a0-b658-2b12772ef128 129967d495a74ed881973382a042f46b da8ab9ac67514c9ea320db9d1f38503a - - default default] 10.0.0.91 "GET /v2.0/ports?device_id=325c2cc0-e7c3-467f-940d-358ea99b963e HTTP/1.1" status: 200 len: 1170 time: 0.0729184
2026-05-27 11:08:46.008 10 INFO neutron.db.segments_db [None req-78fb72fc-be5e-40fa-ae2f-e99c7e119464 7faf79047db84e0aa185ae7367405276 bb3a613000d841cf91907c699f420685 - - default default] Added segment 2427b7e0-34c9-4b77-bfe4-d7fbe97c7a25 of type geneve for network e444d7d1-c696-44ba-b3cd-2f2dc5d4b00e
2026-05-27 11:08:46.033 10 INFO neutron.api.wsgi [req-bd541083-37fe-410d-8350-e49bab7143a7 req-8169df8a-651b-4f41-9b24-6ebaf3ab2b3b 129967d495a74ed881973382a042f46b da8ab9ac67514c9ea320db9d1f38503a - - default default] 10.0.0.91 "GET /v2.0/security-groups?id=7845cc2e-a678-427b-ba1b-1ed51188e351&fields=id&fields=name HTTP/1.1" status: 200 len: 312 time: 0.0436983
2026-05-27 11:08:46.118 10 INFO neutron.db.segments_db [None req-78fb72fc-be5e-40fa-ae2f-e99c7e119464 7faf79047db84e0aa185ae7367405276 bb3a613000d841cf91907c699f420685 - - default default] Added segment a55c7f21-4c28-492c-b666-8036aaf58988 of type geneve for network cec152a3-87ec-4ec7-94e8-395cbd99c041
2026-05-27 11:08:46.139 10 INFO neutron.api.wsgi [req-5742c28f-48f4-445c-ba7c-774d63ba8e89 req-9057046e-c9f7-4523-be78-00d2ad8b7106 129967d495a74ed881973382a042f46b da8ab9ac67514c9ea320db9d1f38503a - - default default] 10.0.0.91 "GET /v2.0/ports?device_id=325c2cc0-e7c3-467f-940d-358ea99b963e HTTP/1.1" status: 200 len: 1170 time: 0.0479333
2026-05-27 11:08:46.189 10 INFO neutron.api.wsgi [req-5742c28f-48f4-445c-ba7c-774d63ba8e89 req-d11b8bbe-8ad5-4612-8a27-4aea7af5dde9 129967d495a74ed881973382a042f46b da8ab9ac67514c9ea320db9d1f38503a - - default default] 10.0.0.91 "GET /v2.0/security-groups?id=7845cc2e-a678-427b-ba1b-1ed51188e351&fields=id&fields=name HTTP/1.1" status: 200 len: 312 time: 0.0417593
2026-05-27 11:08:46.260 10 INFO neutron.db.ovn_revision_numbers_db [None req-78fb72fc-be5e-40fa-ae2f-e99c7e119464 7faf79047db84e0aa185ae7367405276 bb3a613000d841cf91907c699f420685 - - default default] Successfully bumped revision number for resource e444d7d1-c696-44ba-b3cd-2f2dc5d4b00e (type: networks) to 1
2026-05-27 11:08:46.425 10 INFO neutron.api.wsgi [req-ac5f8623-1132-4c5c-84a3-0997cd4e6cdd req-8bc4f8c5-1a38-446e-a46b-cef07ec7bf77 636542bf9c244871be7da67191878161 27cebbca587240ea9794a2e6ffa559b2 - - default default] 10.0.0.91 "GET /v2.0/security-groups?name=tempest-securitygroup--704075329&fields=id&tenant_id=27cebbca587240ea9794a2e6ffa559b2 HTTP/1.1" status: 200 len: 267 time: 0.0464644
2026-05-27 11:08:46.473 10 WARNING neutron.scheduler.dhcp_agent_scheduler [None req-78fb72fc-be5e-40fa-ae2f-e99c7e119464 7faf79047db84e0aa185ae7367405276 bb3a613000d841cf91907c699f420685 - - default default] No more DHCP agents
2026-05-27 11:08:46.475 10 WARNING neutron.api.rpc.agentnotifiers.dhcp_rpc_agent_api [None req-78fb72fc-be5e-40fa-ae2f-e99c7e119464 7faf79047db84e0aa185ae7367405276 bb3a613000d841cf91907c699f420685 - - default default] Unable to schedule network e444d7d1-c696-44ba-b3cd-2f2dc5d4b00e: no agents available; will retry on subsequent port and subnet creation events.
2026-05-27 11:08:46.479 10 INFO neutron.api.wsgi [req-ac5f8623-1132-4c5c-84a3-0997cd4e6cdd req-0b31db2c-6eb1-4521-b878-2f6cecbf767e 636542bf9c244871be7da67191878161 27cebbca587240ea9794a2e6ffa559b2 - - default default] 10.0.0.91 "GET /v2.0/networks?id=869b8782-c67a-48d5-9c86-1998c9795438 HTTP/1.1" status: 200 len: 877 time: 0.0459168
2026-05-27 11:08:46.500 10 INFO neutron.api.wsgi [req-ac5f8623-1132-4c5c-84a3-0997cd4e6cdd req-47729aa4-ac3d-40d3-a9d6-e9b84ff90019 636542bf9c244871be7da67191878161 27cebbca587240ea9794a2e6ffa559b2 - - default default] 10.0.0.91 "GET /v2.0/quotas/27cebbca587240ea9794a2e6ffa559b2 HTTP/1.1" status: 200 len: 491 time: 0.0128334
2026-05-27 11:08:46.584 10 INFO neutron.api.wsgi [req-f55d9ff9-7b42-45a9-91db-292eeed20baf req-8f58cec1-a416-4f19-a30d-ebbf276955fb 129967d495a74ed881973382a042f46b da8ab9ac67514c9ea320db9d1f38503a - - default default] 10.0.0.91 "GET /v2.0/ports?device_id=325c2cc0-e7c3-467f-940d-358ea99b963e HTTP/1.1" status: 200 len: 1170 time: 0.0631962
2026-05-27 11:08:46.607 10 INFO neutron.db.ovn_revision_numbers_db [None req-78fb72fc-be5e-40fa-ae2f-e99c7e119464 7faf79047db84e0aa185ae7367405276 bb3a613000d841cf91907c699f420685 - - default default] Successfully bumped revision number for resource 14f8a6ad-c539-48b4-bf39-a22cb1bcc674 (type: ports) to 1
2026-05-27 11:08:46.634 10 INFO neutron.api.wsgi [req-ac5f8623-1132-4c5c-84a3-0997cd4e6cdd req-94c1467d-8ac0-4b74-ab4a-46d8825fc820 636542bf9c244871be7da67191878161 27cebbca587240ea9794a2e6ffa559b2 - - default default] 10.0.0.91 "GET /v2.0/ports?tenant_id=27cebbca587240ea9794a2e6ffa559b2&fields=id HTTP/1.1" status: 200 len: 302 time: 0.1271360
2026-05-27 11:08:46.649 10 INFO neutron.api.wsgi [req-f55d9ff9-7b42-45a9-91db-292eeed20baf req-ccb394f8-942d-423b-ac29-723aac1e6701 129967d495a74ed881973382a042f46b da8ab9ac67514c9ea320db9d1f38503a - - default default] 10.0.0.91 "GET /v2.0/security-groups?id=7845cc2e-a678-427b-ba1b-1ed51188e351&fields=id&fields=name HTTP/1.1" status: 200 len: 312 time: 0.0575356
2026-05-27 11:08:46.689 10 INFO neutron.db.ovn_revision_numbers_db [None req-78fb72fc-be5e-40fa-ae2f-e99c7e119464 7faf79047db84e0aa185ae7367405276 bb3a613000d841cf91907c699f420685 - - default default] Successfully bumped revision number for resource cec152a3-87ec-4ec7-94e8-395cbd99c041 (type: networks) to 1
2026-05-27 11:08:46.697 10 INFO neutron.api.wsgi [req-ac5f8623-1132-4c5c-84a3-0997cd4e6cdd req-eb4370f6-3f84-456b-9a61-e551598af291 d5711ff9ac8a43d98f53b060c4b1362b fe2cb8ebbcda447da4f985851cf6d105 - - f5803dd769f047eca26592da6f65259a f5803dd769f047eca26592da6f65259a] 10.0.0.91 "GET /v2.0/networks/869b8782-c67a-48d5-9c86-1998c9795438?fields=segments HTTP/1.1" status: 200 len: 212 time: 0.0517342
2026-05-27 11:08:46.769 10 INFO neutron.api.wsgi [req-ac5f8623-1132-4c5c-84a3-0997cd4e6cdd req-99b71e15-d43e-4837-9fa5-281980bf77d8 d5711ff9ac8a43d98f53b060c4b1362b fe2cb8ebbcda447da4f985851cf6d105 - - f5803dd769f047eca26592da6f65259a f5803dd769f047eca26592da6f65259a] 10.0.0.91 "GET /v2.0/networks/869b8782-c67a-48d5-9c86-1998c9795438?fields=provider%3Aphysical_network&fields=provider%3Anetwork_type HTTP/1.1" status: 200 len: 277 time: 0.0642288
2026-05-27 11:08:46.877 10 WARNING neutron.scheduler.dhcp_agent_scheduler [None req-78fb72fc-be5e-40fa-ae2f-e99c7e119464 7faf79047db84e0aa185ae7367405276 bb3a613000d841cf91907c699f420685 - - default default] No more DHCP agents
2026-05-27 11:08:46.878 10 WARNING neutron.api.rpc.agentnotifiers.dhcp_rpc_agent_api [None req-78fb72fc-be5e-40fa-ae2f-e99c7e119464 7faf79047db84e0aa185ae7367405276 bb3a613000d841cf91907c699f420685 - - default default] Unable to schedule network cec152a3-87ec-4ec7-94e8-395cbd99c041: no agents available; will retry on subsequent port and subnet creation events.
2026-05-27 11:08:46.935 10 INFO neutron.db.ovn_revision_numbers_db [None req-78fb72fc-be5e-40fa-ae2f-e99c7e119464 7faf79047db84e0aa185ae7367405276 bb3a613000d841cf91907c699f420685 - - default default] Successfully bumped revision number for resource e6779660-a76e-4bd5-b493-a4298ee85eb0 (type: ports) to 1
2026-05-27 11:08:46.960 10 INFO neutron.api.wsgi [None req-78fb72fc-be5e-40fa-ae2f-e99c7e119464 7faf79047db84e0aa185ae7367405276 bb3a613000d841cf91907c699f420685 - - default default] 10.0.0.9 "POST /v2.0/networks HTTP/1.1" status: 201 len: 1445 time: 1.4074957
2026-05-27 11:08:47.025 10 INFO neutron.api.wsgi [None req-e6a013fc-f7db-422b-a073-89f95a35cf4d 7faf79047db84e0aa185ae7367405276 bb3a613000d841cf91907c699f420685 - - default default] 10.0.0.9 "GET /v2.0/networks HTTP/1.1" status: 200 len: 2051 time: 0.0606327 /var/lib/openstack/lib/python3.12/site-packages/pycadf/identifier.py:71: UserWarning: Invalid uuid: neutron. To ensure interoperability, identifiers should be a valid uuid. warnings.warn(('Invalid uuid: %s. To ensure interoperability, '
2026-05-27 11:08:47.044 10 INFO neutron.api.wsgi [req-38b9be86-f177-46fa-b255-882f6e1e16c6 req-eb2da92b-e683-41cd-9fcc-8914f22d8f24 636542bf9c244871be7da67191878161 27cebbca587240ea9794a2e6ffa559b2 - - default default] 10.0.0.91 "GET /v2.0/ports?device_id=b9587a2c-fdb6-48b0-83dc-8bf143ead0e0 HTTP/1.1" status: 200 len: 210 time: 0.0181048
2026-05-27 11:08:47.151 11 INFO neutron.db.ovn_revision_numbers_db [None req-b7e60f62-aacf-4532-b593-ea871b5b6f89 e1764593464c4aa78df777aa75f0e064 ea974855a7484f339df3e98ed07b1cd9 - - default default] Successfully bumped revision number for resource 94402290-8954-484e-a3da-213cfb7bf2f8 (type: security_groups) to 1
2026-05-27 11:08:47.163 11 INFO neutron.db.ovn_revision_numbers_db [None req-b7e60f62-aacf-4532-b593-ea871b5b6f89 e1764593464c4aa78df777aa75f0e064 ea974855a7484f339df3e98ed07b1cd9 - - default default] Successfully bumped revision number for resource 2259d7f2-2d1d-4683-b015-bd2a2dc08463 (type: security_group_rules) to 0
2026-05-27 11:08:47.181 11 INFO neutron.db.ovn_revision_numbers_db [None req-b7e60f62-aacf-4532-b593-ea871b5b6f89 e1764593464c4aa78df777aa75f0e064 ea974855a7484f339df3e98ed07b1cd9 - - default default] Successfully bumped revision number for resource 4bb75e05-3afc-4232-b25c-15595085c62a (type: security_group_rules) to 0
2026-05-27 11:08:47.193 11 INFO neutron.db.ovn_revision_numbers_db [None req-b7e60f62-aacf-4532-b593-ea871b5b6f89 e1764593464c4aa78df777aa75f0e064 ea974855a7484f339df3e98ed07b1cd9 - - default default] Successfully bumped revision number for resource bd8ba51e-3f8e-46f7-9351-1a07af182f2c (type: security_group_rules) to 0
2026-05-27 11:08:47.207 11 INFO neutron.db.ovn_revision_numbers_db [None req-b7e60f62-aacf-4532-b593-ea871b5b6f89 e1764593464c4aa78df777aa75f0e064 ea974855a7484f339df3e98ed07b1cd9 - - default default] Successfully bumped revision number for resource d8b3baaa-3215-49b5-9878-75704aa57852 (type: security_group_rules) to 0
2026-05-27 11:08:47.245 11 INFO neutron.api.wsgi [None req-b7e60f62-aacf-4532-b593-ea871b5b6f89 e1764593464c4aa78df777aa75f0e064 ea974855a7484f339df3e98ed07b1cd9 - - default default] 10.0.0.9 "GET /v2.0/security-groups?tenant_id=f2f8f5f68b13444ba196a5dc3f7639b9&name=default HTTP/1.1" status: 200 len: 3120 time: 0.3506012
2026-05-27 11:08:47.313 10 INFO neutron.services.segments.plugin [-] Segment 2427b7e0-34c9-4b77-bfe4-d7fbe97c7a25 resource provider aggregate not found
2026-05-27 11:08:47.321 10 INFO neutron.services.segments.plugin [-] Segment 2427b7e0-34c9-4b77-bfe4-d7fbe97c7a25 resource provider aggregate not found
2026-05-27 11:08:47.326 10 INFO neutron.services.segments.plugin [-] Segment 2427b7e0-34c9-4b77-bfe4-d7fbe97c7a25 resource provider not found; error: Placement Client Error (4xx): {"errors": [{"status": 404, "title": "Not Found", "detail": "The resource could not be found.\n\n No resource provider with uuid 2427b7e0-34c9-4b77-bfe4-d7fbe97c7a25 found for delete ", "request_id": "req-ae491276-9fdb-4547-9552-eb100340c692"}]}
2026-05-27 11:08:47.336 10 INFO neutron.services.segments.plugin [-] Segment 2427b7e0-34c9-4b77-bfe4-d7fbe97c7a25 resource provider not found; error: Placement Client Error (4xx): {"errors": [{"status": 404, "title": "Not Found", "detail": "The resource could not be found.\n\n No resource provider with uuid 2427b7e0-34c9-4b77-bfe4-d7fbe97c7a25 found for delete ", "request_id": "req-2fde82c2-4b6d-4273-a10a-f5de480b3805"}]}
2026-05-27 11:08:47.361 10 INFO neutron.api.wsgi [None req-244eeaad-d192-47b8-a83b-72c2b794dba9 7faf79047db84e0aa185ae7367405276 bb3a613000d841cf91907c699f420685 - - default default] 10.0.0.9 "DELETE /v2.0/networks/e444d7d1-c696-44ba-b3cd-2f2dc5d4b00e HTTP/1.1" status: 204 len: 168 time: 0.3289535
2026-05-27 11:08:47.471 11 INFO neutron.api.wsgi [None req-1af85192-6796-4642-9757-f1e412dc9554 e1764593464c4aa78df777aa75f0e064 ea974855a7484f339df3e98ed07b1cd9 - - default default] 10.0.0.9 "DELETE /v2.0/security-groups/94402290-8954-484e-a3da-213cfb7bf2f8 HTTP/1.1" status: 204 len: 168 time: 0.2206209
2026-05-27 11:08:47.673 11 INFO neutron.services.segments.plugin [-] Segment a55c7f21-4c28-492c-b666-8036aaf58988 resource provider aggregate not found
2026-05-27 11:08:47.683 11 INFO neutron.services.segments.plugin [-] Segment a55c7f21-4c28-492c-b666-8036aaf58988 resource provider aggregate not found
2026-05-27 11:08:47.697 11 INFO neutron.services.segments.plugin [-] Segment a55c7f21-4c28-492c-b666-8036aaf58988 resource provider not found; error: Placement Client Error (4xx): {"errors": [{"status": 404, "title": "Not Found", "detail": "The resource could not be found.\n\n No resource provider with uuid a55c7f21-4c28-492c-b666-8036aaf58988 found for delete ", "request_id": "req-70c26f5f-a687-48e7-9a85-887ab583ce74"}]}
2026-05-27 11:08:47.699 11 INFO neutron.services.segments.plugin [-] Segment a55c7f21-4c28-492c-b666-8036aaf58988 resource provider not found; error: Placement Client Error (4xx): {"errors": [{"status": 404, "title": "Not Found", "detail": "The resource could not be found.\n\n No resource provider with uuid a55c7f21-4c28-492c-b666-8036aaf58988 found for delete ", "request_id": "req-b2b86396-bcc3-4b0a-afec-be5a57992aa5"}]}
2026-05-27 11:08:47.707 11 INFO neutron.api.wsgi [None req-ca7cc17a-e149-4c9c-8be2-3225e56511e9 7faf79047db84e0aa185ae7367405276 bb3a613000d841cf91907c699f420685 - - default default] 10.0.0.9 "DELETE /v2.0/networks/cec152a3-87ec-4ec7-94e8-395cbd99c041 HTTP/1.1" status: 204 len: 168 time: 0.3398967
2026-05-27 11:08:47.749 11 INFO neutron.api.wsgi [None req-92a11819-bddb-42ec-b763-175f804936f5 7faf79047db84e0aa185ae7367405276 bb3a613000d841cf91907c699f420685 - - default default] 10.0.0.9 "GET /v2.0/networks HTTP/1.1" status: 200 len: 845 time: 0.0365777
2026-05-27 11:08:47.759 11 WARNING neutron_lib.context [None req-38905f22-fc0f-42c1-8a08-972867dee1a1 7faf79047db84e0aa185ae7367405276 bb3a613000d841cf91907c699f420685 - - default default] Method 'is_advsvc' is deprecated since 2023.2 release (neutron-lib 3.8.0) and will be removed once support for the old RBAC API policies will be removed from Neutron. Please use method 'is_service_role' instead.
2026-05-27 11:08:47.767 10 INFO neutron.api.wsgi [req-dd3366d6-5738-445b-94f7-e5ae71cd882b req-9286823b-6fc9-45df-adda-95aabca3a81c 129967d495a74ed881973382a042f46b da8ab9ac67514c9ea320db9d1f38503a - - default default] 10.0.0.91 "GET /v2.0/ports?device_id=325c2cc0-e7c3-467f-940d-358ea99b963e HTTP/1.1" status: 200 len: 1170 time: 0.0472596
2026-05-27 11:08:47.811 10 INFO neutron.api.wsgi [req-dd3366d6-5738-445b-94f7-e5ae71cd882b req-77fc5333-e353-4d4f-aa45-fe5ff9a3ce12 129967d495a74ed881973382a042f46b da8ab9ac67514c9ea320db9d1f38503a - - default default] 10.0.0.91 "GET /v2.0/security-groups?id=7845cc2e-a678-427b-ba1b-1ed51188e351&fields=id&fields=name HTTP/1.1" status: 200 len: 312 time: 0.0367897
2026-05-27 11:08:47.841 11 INFO neutron.db.segments_db [None req-38905f22-fc0f-42c1-8a08-972867dee1a1 7faf79047db84e0aa185ae7367405276 bb3a613000d841cf91907c699f420685 - - default default] Added segment 76446b98-7b55-4183-9a22-5a535ec88842 of type geneve for network 034a5944-f911-4f8a-a65e-4d7252bc3849
2026-05-27 11:08:47.943 11 INFO neutron.db.ovn_revision_numbers_db [None req-38905f22-fc0f-42c1-8a08-972867dee1a1 7faf79047db84e0aa185ae7367405276 bb3a613000d841cf91907c699f420685 - - default default] Successfully bumped revision number for resource 034a5944-f911-4f8a-a65e-4d7252bc3849 (type: networks) to 1
2026-05-27 11:08:48.093 11 WARNING neutron.scheduler.dhcp_agent_scheduler [None req-38905f22-fc0f-42c1-8a08-972867dee1a1 7faf79047db84e0aa185ae7367405276 bb3a613000d841cf91907c699f420685 - - default default] No more DHCP agents
2026-05-27 11:08:48.097 11 INFO neutron.api.wsgi [req-bbb54701-e21e-49cd-a980-38bb5029f6f6 req-75cea32c-80c9-4905-9b6a-38c27c0b590e d5711ff9ac8a43d98f53b060c4b1362b fe2cb8ebbcda447da4f985851cf6d105 - - f5803dd769f047eca26592da6f65259a f5803dd769f047eca26592da6f65259a] 199.19.213.37 "GET /v2.0/ports?tenant_id=da8ab9ac67514c9ea320db9d1f38503a&device_id=325c2cc0-e7c3-467f-940d-358ea99b963e HTTP/1.1" status: 200 len: 1409 time: 0.0277066
2026-05-27 11:08:48.097 11 WARNING neutron.api.rpc.agentnotifiers.dhcp_rpc_agent_api [None req-38905f22-fc0f-42c1-8a08-972867dee1a1 7faf79047db84e0aa185ae7367405276 bb3a613000d841cf91907c699f420685 - - default default] Unable to schedule network 034a5944-f911-4f8a-a65e-4d7252bc3849: no agents available; will retry on subsequent port and subnet creation events.
2026-05-27 11:08:48.129 10 INFO neutron.api.wsgi [req-a99aa4d6-5a48-4450-89f6-d20e42c38099 req-4b3efe60-c5ff-4ddd-a919-4c0aa8baf0ee 636542bf9c244871be7da67191878161 27cebbca587240ea9794a2e6ffa559b2 - - default default] 10.0.0.91 "GET /v2.0/ports?device_id=b9587a2c-fdb6-48b0-83dc-8bf143ead0e0 HTTP/1.1" status: 200 len: 210 time: 0.0201802
2026-05-27 11:08:48.151 11 INFO neutron.api.wsgi [req-bbb54701-e21e-49cd-a980-38bb5029f6f6 req-5676b794-757e-4b94-ada3-0100120fe32b d5711ff9ac8a43d98f53b060c4b1362b fe2cb8ebbcda447da4f985851cf6d105 - - f5803dd769f047eca26592da6f65259a f5803dd769f047eca26592da6f65259a] 199.19.213.37 "GET /v2.0/networks?id=b77b89fb-dda0-41a8-bb92-0aa2d4e854c4 HTTP/1.1" status: 200 len: 972 time: 0.0486772
2026-05-27 11:08:48.167 11 INFO neutron.db.ovn_revision_numbers_db [None req-38905f22-fc0f-42c1-8a08-972867dee1a1 7faf79047db84e0aa185ae7367405276 bb3a613000d841cf91907c699f420685 - - default default] Successfully bumped revision number for resource 59e0ae72-d748-4d1f-a46e-ab4b73eabb4c (type: ports) to 1
2026-05-27 11:08:48.198 11 INFO neutron.api.wsgi [None req-38905f22-fc0f-42c1-8a08-972867dee1a1 7faf79047db84e0aa185ae7367405276 bb3a613000d841cf91907c699f420685 - - default default] 10.0.0.9 "POST /v2.0/networks HTTP/1.1" status: 201 len: 852 time: 0.4430830
2026-05-27 11:08:48.205 11 INFO neutron.api.wsgi [req-bbb54701-e21e-49cd-a980-38bb5029f6f6 req-a1baae28-c138-44ec-9c44-f0d8632173b0 d5711ff9ac8a43d98f53b060c4b1362b fe2cb8ebbcda447da4f985851cf6d105 - - f5803dd769f047eca26592da6f65259a f5803dd769f047eca26592da6f65259a] 199.19.213.37 "GET /v2.0/floatingips?fixed_ip_address=10.100.0.5&port_id=a721582c-5c09-4a7b-8a7c-9cbeb0fc847e HTTP/1.1" status: 200 len: 1059 time: 0.0489039
2026-05-27 11:08:48.209 11 WARNING neutron_lib.context [None req-d6cdb8d5-5918-4b14-ad7d-cca799dae389 7faf79047db84e0aa185ae7367405276 bb3a613000d841cf91907c699f420685 - - default default] Method 'is_advsvc' is deprecated since 2023.2 release (neutron-lib 3.8.0) and will be removed once support for the old RBAC API policies will be removed from Neutron. Please use method 'is_service_role' instead.
2026-05-27 11:08:48.233 11 INFO neutron.api.wsgi [req-bbb54701-e21e-49cd-a980-38bb5029f6f6 req-565f5ec8-c847-47c6-a835-88511761c92a d5711ff9ac8a43d98f53b060c4b1362b fe2cb8ebbcda447da4f985851cf6d105 - - f5803dd769f047eca26592da6f65259a f5803dd769f047eca26592da6f65259a] 199.19.213.37 "GET /v2.0/subnets?id=4955f057-8373-42dd-9924-24cf1ba783e9 HTTP/1.1" status: 200 len: 893 time: 0.0212560
2026-05-27 11:08:48.260 11 INFO neutron.api.wsgi [req-bbb54701-e21e-49cd-a980-38bb5029f6f6 req-441a57fc-6eaf-4d37-aa68-722986f318a4 d5711ff9ac8a43d98f53b060c4b1362b fe2cb8ebbcda447da4f985851cf6d105 - - f5803dd769f047eca26592da6f65259a f5803dd769f047eca26592da6f65259a] 199.19.213.37 "GET /v2.0/ports?network_id=b77b89fb-dda0-41a8-bb92-0aa2d4e854c4&device_owner=network%3Adhcp HTTP/1.1" status: 200 len: 210 time: 0.0231125
2026-05-27 11:08:48.305 11 INFO neutron.db.segments_db [None req-d6cdb8d5-5918-4b14-ad7d-cca799dae389 7faf79047db84e0aa185ae7367405276 bb3a613000d841cf91907c699f420685 - - default default] Added segment 4accf35c-4759-4cfe-bee8-97c53e0f2771 of type geneve for network a87ab485-81ea-4422-bc4d-9274b452f865
2026-05-27 11:08:48.311 11 INFO neutron.api.wsgi [req-bbb54701-e21e-49cd-a980-38bb5029f6f6 req-58dfc492-ea62-4962-be86-c695816247e6 d5711ff9ac8a43d98f53b060c4b1362b fe2cb8ebbcda447da4f985851cf6d105 - - f5803dd769f047eca26592da6f65259a f5803dd769f047eca26592da6f65259a] 199.19.213.37 "GET /v2.0/networks/b77b89fb-dda0-41a8-bb92-0aa2d4e854c4?fields=segments HTTP/1.1" status: 200 len: 212 time: 0.0454469
2026-05-27 11:08:48.371 11 INFO neutron.api.wsgi [req-bbb54701-e21e-49cd-a980-38bb5029f6f6 req-b00c81c8-f58d-4375-a0a0-da3a2ef47856 d5711ff9ac8a43d98f53b060c4b1362b fe2cb8ebbcda447da4f985851cf6d105 - - f5803dd769f047eca26592da6f65259a f5803dd769f047eca26592da6f65259a] 199.19.213.37 "GET /v2.0/networks/b77b89fb-dda0-41a8-bb92-0aa2d4e854c4?fields=provider%3Aphysical_network&fields=provider%3Anetwork_type HTTP/1.1" status: 200 len: 277 time: 0.0544150
2026-05-27 11:08:48.437 11 INFO neutron.db.ovn_revision_numbers_db [None req-d6cdb8d5-5918-4b14-ad7d-cca799dae389 7faf79047db84e0aa185ae7367405276 bb3a613000d841cf91907c699f420685 - - default default] Successfully bumped revision number for resource a87ab485-81ea-4422-bc4d-9274b452f865 (type: networks) to 1
2026-05-27 11:08:48.630 11 WARNING neutron.scheduler.dhcp_agent_scheduler [None req-d6cdb8d5-5918-4b14-ad7d-cca799dae389 7faf79047db84e0aa185ae7367405276 bb3a613000d841cf91907c699f420685 - - default default] No more DHCP agents
2026-05-27 11:08:48.632 11 WARNING neutron.api.rpc.agentnotifiers.dhcp_rpc_agent_api [None req-d6cdb8d5-5918-4b14-ad7d-cca799dae389 7faf79047db84e0aa185ae7367405276 bb3a613000d841cf91907c699f420685 - - default default] Unable to schedule network a87ab485-81ea-4422-bc4d-9274b452f865: no agents available; will retry on subsequent port and subnet creation events.
2026-05-27 11:08:48.705 11 INFO neutron.db.ovn_revision_numbers_db [None req-d6cdb8d5-5918-4b14-ad7d-cca799dae389 7faf79047db84e0aa185ae7367405276 bb3a613000d841cf91907c699f420685 - - default default] Successfully bumped revision number for resource d5967879-f9ec-472e-9ee6-b4ebd08ccb61 (type: ports) to 1
2026-05-27 11:08:48.737 11 INFO neutron.api.wsgi [None req-d6cdb8d5-5918-4b14-ad7d-cca799dae389 7faf79047db84e0aa185ae7367405276 bb3a613000d841cf91907c699f420685 - - default default] 10.0.0.9 "POST /v2.0/networks HTTP/1.1" status: 201 len: 853 time: 0.5310135
2026-05-27 11:08:48.749 11 WARNING neutron_lib.context [None req-ed65c93a-a677-4d96-9ac9-2c303d3ec1a4 7faf79047db84e0aa185ae7367405276 bb3a613000d841cf91907c699f420685 - - default default] Method 'is_advsvc' is deprecated since 2023.2 release (neutron-lib 3.8.0) and will be removed once support for the old RBAC API policies will be removed from Neutron. Please use method 'is_service_role' instead.
2026-05-27 11:08:48.769 11 WARNING neutron_lib.context [None req-ed65c93a-a677-4d96-9ac9-2c303d3ec1a4 7faf79047db84e0aa185ae7367405276 bb3a613000d841cf91907c699f420685 - - default default] Method 'is_advsvc' is deprecated since 2023.2 release (neutron-lib 3.8.0) and will be removed once support for the old RBAC API policies will be removed from Neutron. Please use method 'is_service_role' instead.
2026-05-27 11:08:48.913 10 INFO neutron.api.wsgi [req-519385bf-0287-4333-893f-702178d13181 req-c81bc3a5-3553-461d-9bf8-b05844837f9c 129967d495a74ed881973382a042f46b da8ab9ac67514c9ea320db9d1f38503a - - default default] 10.0.0.91 "GET /v2.0/ports?device_id=325c2cc0-e7c3-467f-940d-358ea99b963e HTTP/1.1" status: 200 len: 1170 time: 0.0395119
2026-05-27 11:08:48.956 10 INFO neutron.api.wsgi [req-519385bf-0287-4333-893f-702178d13181 req-820eaa6a-676e-4cff-bc76-06d8eb979ee8 129967d495a74ed881973382a042f46b da8ab9ac67514c9ea320db9d1f38503a - - default default] 10.0.0.91 "GET /v2.0/security-groups?id=7845cc2e-a678-427b-ba1b-1ed51188e351&fields=id&fields=name HTTP/1.1" status: 200 len: 312 time: 0.0388520
2026-05-27 11:08:49.177 11 WARNING neutron.scheduler.dhcp_agent_scheduler [None req-ed65c93a-a677-4d96-9ac9-2c303d3ec1a4 7faf79047db84e0aa185ae7367405276 bb3a613000d841cf91907c699f420685 - - default default] No more DHCP agents
2026-05-27 11:08:49.179 11 WARNING neutron.api.rpc.agentnotifiers.dhcp_rpc_agent_api [None req-ed65c93a-a677-4d96-9ac9-2c303d3ec1a4 7faf79047db84e0aa185ae7367405276 bb3a613000d841cf91907c699f420685 - - default default] Unable to schedule network 034a5944-f911-4f8a-a65e-4d7252bc3849: no agents available; will retry on subsequent port and subnet creation events.
2026-05-27 11:08:49.244 11 INFO neutron.db.ovn_revision_numbers_db [None req-ed65c93a-a677-4d96-9ac9-2c303d3ec1a4 7faf79047db84e0aa185ae7367405276 bb3a613000d841cf91907c699f420685 - - default default] Successfully bumped revision number for resource a586a2e5-5e74-440d-935a-314aaf164ce6 (type: ports) to 1
2026-05-27 11:08:49.252 10 INFO neutron.api.wsgi [req-6f8ee48d-2a22-4332-be87-07815259cbb3 req-40b5d149-5657-4815-883c-a2680a466f00 636542bf9c244871be7da67191878161 27cebbca587240ea9794a2e6ffa559b2 - - default default] 10.0.0.91 "GET /v2.0/ports?device_id=b9587a2c-fdb6-48b0-83dc-8bf143ead0e0 HTTP/1.1" status: 200 len: 210 time: 0.0288470
2026-05-27 11:08:49.286 11 WARNING neutron.scheduler.dhcp_agent_scheduler [None req-ed65c93a-a677-4d96-9ac9-2c303d3ec1a4 7faf79047db84e0aa185ae7367405276 bb3a613000d841cf91907c699f420685 - - default default] No more DHCP agents
2026-05-27 11:08:49.287 11 WARNING neutron.api.rpc.agentnotifiers.dhcp_rpc_agent_api [None req-ed65c93a-a677-4d96-9ac9-2c303d3ec1a4 7faf79047db84e0aa185ae7367405276 bb3a613000d841cf91907c699f420685 - - default default] Unable to schedule network a87ab485-81ea-4422-bc4d-9274b452f865: no agents available; will retry on subsequent port and subnet creation events.
2026-05-27 11:08:49.345 11 INFO neutron.db.ovn_revision_numbers_db [None req-ed65c93a-a677-4d96-9ac9-2c303d3ec1a4 7faf79047db84e0aa185ae7367405276 bb3a613000d841cf91907c699f420685 - - default default] Successfully bumped revision number for resource 707cda25-e8b9-40ab-a774-76042169ae5e (type: ports) to 1
2026-05-27 11:08:49.370 11 INFO neutron.api.wsgi [None req-ed65c93a-a677-4d96-9ac9-2c303d3ec1a4 7faf79047db84e0aa185ae7367405276 bb3a613000d841cf91907c699f420685 - - default default] 10.0.0.9 "POST /v2.0/ports HTTP/1.1" status: 201 len: 1704 time: 0.6246383 /var/lib/openstack/lib/python3.12/site-packages/pycadf/identifier.py:71: UserWarning: Invalid uuid: neutron. To ensure interoperability, identifiers should be a valid uuid. warnings.warn(('Invalid uuid: %s. To ensure interoperability, '
2026-05-27 11:08:49.456 11 INFO neutron.api.wsgi [None req-65fc0f3c-7b8d-4586-b6c7-cf2779ff90c4 7faf79047db84e0aa185ae7367405276 bb3a613000d841cf91907c699f420685 - - default default] 10.0.0.9 "GET /v2.0/ports HTTP/1.1" status: 200 len: 3211 time: 0.0811224
2026-05-27 11:08:49.660 11 INFO neutron.api.wsgi [None req-79cccfe3-2070-487a-b967-06167e25b089 7faf79047db84e0aa185ae7367405276 bb3a613000d841cf91907c699f420685 - - default default] 10.0.0.9 "DELETE /v2.0/ports/a586a2e5-5e74-440d-935a-314aaf164ce6 HTTP/1.1" status: 204 len: 168 time: 0.1978273
2026-05-27 11:08:49.740 11 WARNING neutron.plugins.ml2.drivers.ovn.mech_driver.ovsdb.ovn_client [None req-04f1a28a-e1c9-4c66-b72d-b1fc0ed99196 - - - - - -] No hosting information found for port 644fa620-56d8-4a0d-978b-0f72237dbdbd: RuntimeError: No hosting information found for port 644fa620-56d8-4a0d-978b-0f72237dbdbd
2026-05-27 11:08:49.858 11 INFO neutron.db.ovn_revision_numbers_db [None req-04f1a28a-e1c9-4c66-b72d-b1fc0ed99196 - - - - - -] Successfully bumped revision number for resource 644fa620-56d8-4a0d-978b-0f72237dbdbd (type: router_ports) to 2
2026-05-27 11:08:49.920 11 INFO neutron.api.wsgi [None req-342b189b-a2c2-489e-b4df-11accd77ccff 7faf79047db84e0aa185ae7367405276 bb3a613000d841cf91907c699f420685 - - default default] 10.0.0.9 "DELETE /v2.0/ports/707cda25-e8b9-40ab-a774-76042169ae5e HTTP/1.1" status: 204 len: 168 time: 0.2546113 /var/lib/openstack/lib/python3.12/site-packages/pycadf/identifier.py:71: UserWarning: Invalid uuid: neutron. To ensure interoperability, identifiers should be a valid uuid. warnings.warn(('Invalid uuid: %s. To ensure interoperability, '
2026-05-27 11:08:49.961 11 INFO neutron.api.wsgi [None req-f585d28a-b7aa-4b1b-857d-0427bb0d83ae 7faf79047db84e0aa185ae7367405276 bb3a613000d841cf91907c699f420685 - - default default] 10.0.0.9 "GET /v2.0/ports HTTP/1.1" status: 200 len: 1718 time: 0.0344839
2026-05-27 11:08:49.972 11 WARNING neutron_lib.context [None req-147fe197-c848-40b9-b552-899dbdce8546 7faf79047db84e0aa185ae7367405276 bb3a613000d841cf91907c699f420685 - - default default] Method 'is_advsvc' is deprecated since 2023.2 release (neutron-lib 3.8.0) and will be removed once support for the old RBAC API policies will be removed from Neutron. Please use method 'is_service_role' instead.
2026-05-27 11:08:50.053 11 INFO neutron.plugins.ml2.drivers.ovn.mech_driver.mech_driver [None req-04f1a28a-e1c9-4c66-b72d-b1fc0ed99196 - - - - - -] OVN reports status down for port: a721582c-5c09-4a7b-8a7c-9cbeb0fc847e
2026-05-27 11:08:50.093 10 INFO neutron.api.wsgi [req-464adbbc-2db2-4cba-a613-f1cf57257fd8 req-e53bc80d-15ae-4ae1-b4b3-af07b1dca1be 129967d495a74ed881973382a042f46b da8ab9ac67514c9ea320db9d1f38503a - - default default] 10.0.0.91 "GET /v2.0/ports?device_id=325c2cc0-e7c3-467f-940d-358ea99b963e HTTP/1.1" status: 200 len: 1170 time: 0.0617545
2026-05-27 11:08:50.124 11 INFO neutron.db.segments_db [None req-147fe197-c848-40b9-b552-899dbdce8546 7faf79047db84e0aa185ae7367405276 bb3a613000d841cf91907c699f420685 - - default default] Added segment e37a2a6d-1246-44db-82cf-ad0c0afa8f2d of type geneve for network 8400652d-c198-4dc1-b9c8-69c3f148c820
2026-05-27 11:08:50.163 10 INFO neutron.api.wsgi [req-464adbbc-2db2-4cba-a613-f1cf57257fd8 req-c700fca3-04b0-4c4b-bfa5-c9908480664e 129967d495a74ed881973382a042f46b da8ab9ac67514c9ea320db9d1f38503a - - default default] 10.0.0.91 "GET /v2.0/security-groups?id=7845cc2e-a678-427b-ba1b-1ed51188e351&fields=id&fields=name HTTP/1.1" status: 200 len: 312 time: 0.0633905
2026-05-27 11:08:50.208 11 INFO neutron.notifiers.nova [-] Nova event matching ['req-4545f1fc-2b13-4db2-a8cc-475ef063208b'] response: {'server_uuid': '325c2cc0-e7c3-467f-940d-358ea99b963e', 'name': 'network-vif-unplugged', 'status': 'completed', 'tag': 'a721582c-5c09-4a7b-8a7c-9cbeb0fc847e', 'code': 200}
2026-05-27 11:08:50.286 11 INFO neutron.db.ovn_revision_numbers_db [None req-147fe197-c848-40b9-b552-899dbdce8546 7faf79047db84e0aa185ae7367405276 bb3a613000d841cf91907c699f420685 - - default default] Successfully bumped revision number for resource 8400652d-c198-4dc1-b9c8-69c3f148c820 (type: networks) to 1
2026-05-27 11:08:50.338 10 INFO neutron.api.wsgi [req-5e2d819f-a690-4a71-b787-1413529c18cc req-b7812c57-b50a-48bb-b20b-598b2c16fc12 636542bf9c244871be7da67191878161 27cebbca587240ea9794a2e6ffa559b2 - - default default] 10.0.0.91 "GET /v2.0/ports?device_id=b9587a2c-fdb6-48b0-83dc-8bf143ead0e0 HTTP/1.1" status: 200 len: 210 time: 0.0215805
2026-05-27 11:08:50.368 11 INFO neutron.db.ovn_revision_numbers_db [None req-04f1a28a-e1c9-4c66-b72d-b1fc0ed99196 - - - - - -] Successfully bumped revision number for resource a721582c-5c09-4a7b-8a7c-9cbeb0fc847e (type: ports) to 6
2026-05-27 11:08:50.477 11 WARNING neutron.scheduler.dhcp_agent_scheduler [None req-147fe197-c848-40b9-b552-899dbdce8546 7faf79047db84e0aa185ae7367405276 bb3a613000d841cf91907c699f420685 - - default default] No more DHCP agents
2026-05-27 11:08:50.478 11 WARNING neutron.api.rpc.agentnotifiers.dhcp_rpc_agent_api [None req-147fe197-c848-40b9-b552-899dbdce8546 7faf79047db84e0aa185ae7367405276 bb3a613000d841cf91907c699f420685 - - default default] Unable to schedule network 8400652d-c198-4dc1-b9c8-69c3f148c820: no agents available; will retry on subsequent port and subnet creation events.
2026-05-27 11:08:50.537 11 INFO neutron.db.ovn_revision_numbers_db [None req-147fe197-c848-40b9-b552-899dbdce8546 7faf79047db84e0aa185ae7367405276 bb3a613000d841cf91907c699f420685 - - default default] Successfully bumped revision number for resource f02bff1c-19f2-4b54-a80c-e3adf527d7ec (type: ports) to 1
2026-05-27 11:08:50.555 11 INFO neutron.api.wsgi [None req-147fe197-c848-40b9-b552-899dbdce8546 7faf79047db84e0aa185ae7367405276 bb3a613000d841cf91907c699f420685 - - default default] 10.0.0.9 "POST /v2.0/networks HTTP/1.1" status: 201 len: 852 time: 0.5875595 /var/lib/openstack/lib/python3.12/site-packages/pycadf/identifier.py:71: UserWarning: Invalid uuid: neutron. To ensure interoperability, identifiers should be a valid uuid. warnings.warn(('Invalid uuid: %s. To ensure interoperability, '
2026-05-27 11:08:50.566 11 WARNING neutron_lib.context [None req-d8445db7-a241-420d-a468-f13241b17a5a 7faf79047db84e0aa185ae7367405276 bb3a613000d841cf91907c699f420685 - - default default] Method 'is_advsvc' is deprecated since 2023.2 release (neutron-lib 3.8.0) and will be removed once support for the old RBAC API policies will be removed from Neutron. Please use method 'is_service_role' instead.
2026-05-27 11:08:50.649 11 INFO neutron.db.segments_db [None req-d8445db7-a241-420d-a468-f13241b17a5a 7faf79047db84e0aa185ae7367405276 bb3a613000d841cf91907c699f420685 - - default default] Added segment a707a3df-ddfa-459e-8470-8cee4ec70082 of type geneve for network 87fe0da7-ebce-400f-80ef-ad96a3ba63c7
2026-05-27 11:08:50.762 11 INFO neutron.db.ovn_revision_numbers_db [None req-d8445db7-a241-420d-a468-f13241b17a5a 7faf79047db84e0aa185ae7367405276 bb3a613000d841cf91907c699f420685 - - default default] Successfully bumped revision number for resource 87fe0da7-ebce-400f-80ef-ad96a3ba63c7 (type: networks) to 1
2026-05-27 11:08:50.932 11 WARNING neutron.scheduler.dhcp_agent_scheduler [None req-d8445db7-a241-420d-a468-f13241b17a5a 7faf79047db84e0aa185ae7367405276 bb3a613000d841cf91907c699f420685 - - default default] No more DHCP agents
2026-05-27 11:08:50.934 11 WARNING neutron.api.rpc.agentnotifiers.dhcp_rpc_agent_api [None req-d8445db7-a241-420d-a468-f13241b17a5a 7faf79047db84e0aa185ae7367405276 bb3a613000d841cf91907c699f420685 - - default default] Unable to schedule network 87fe0da7-ebce-400f-80ef-ad96a3ba63c7: no agents available; will retry on subsequent port and subnet creation events.
2026-05-27 11:08:51.008 11 INFO neutron.db.ovn_revision_numbers_db [None req-d8445db7-a241-420d-a468-f13241b17a5a 7faf79047db84e0aa185ae7367405276 bb3a613000d841cf91907c699f420685 - - default default] Successfully bumped revision number for resource d65f0d1d-75fb-4a12-8435-53ea0ce0f322 (type: ports) to 1
2026-05-27 11:08:51.031 11 INFO neutron.api.wsgi [None req-d8445db7-a241-420d-a468-f13241b17a5a 7faf79047db84e0aa185ae7367405276 bb3a613000d841cf91907c699f420685 - - default default] 10.0.0.9 "POST /v2.0/networks HTTP/1.1" status: 201 len: 853 time: 0.4703443
2026-05-27 11:08:51.304 10 INFO neutron.api.wsgi [req-980d7c7d-4d29-451f-8b4d-677229efee5e req-d4e53c94-cc3c-4eae-a019-ce14aafd4b05 129967d495a74ed881973382a042f46b da8ab9ac67514c9ea320db9d1f38503a - - default default] 10.0.0.91 "GET /v2.0/ports?device_id=325c2cc0-e7c3-467f-940d-358ea99b963e HTTP/1.1" status: 200 len: 1168 time: 0.0816455
2026-05-27 11:08:51.336 11 INFO neutron.api.wsgi [req-ac5f8623-1132-4c5c-84a3-0997cd4e6cdd req-71ccde0c-7997-4102-9cc0-9bfdc522fd54 636542bf9c244871be7da67191878161 27cebbca587240ea9794a2e6ffa559b2 - - default default] 199.19.213.37 "GET /v2.0/networks?id=869b8782-c67a-48d5-9c86-1998c9795438 HTTP/1.1" status: 200 len: 877 time: 0.0532122
2026-05-27 11:08:51.345 10 INFO neutron.api.wsgi [req-980d7c7d-4d29-451f-8b4d-677229efee5e req-2474e5b4-720e-4229-a5c7-b5c66e34d6b9 129967d495a74ed881973382a042f46b da8ab9ac67514c9ea320db9d1f38503a - - default default] 10.0.0.91 "GET /v2.0/security-groups?id=7845cc2e-a678-427b-ba1b-1ed51188e351&fields=id&fields=name HTTP/1.1" status: 200 len: 312 time: 0.0378063
2026-05-27 11:08:51.383 11 INFO neutron.api.wsgi [req-ac5f8623-1132-4c5c-84a3-0997cd4e6cdd req-806e5b1f-88a6-4b68-b90f-a72c85e651dc 636542bf9c244871be7da67191878161 27cebbca587240ea9794a2e6ffa559b2 - - default default] 199.19.213.37 "GET /v2.0/security-groups?fields=id&fields=name&tenant_id=27cebbca587240ea9794a2e6ffa559b2 HTTP/1.1" status: 200 len: 379 time: 0.0426128
2026-05-27 11:08:51.396 11 WARNING neutron_lib.context [req-ac5f8623-1132-4c5c-84a3-0997cd4e6cdd req-a03a0b19-d352-4f3c-831d-8b379f11e68a 636542bf9c244871be7da67191878161 27cebbca587240ea9794a2e6ffa559b2 - - default default] Method 'is_advsvc' is deprecated since 2023.2 release (neutron-lib 3.8.0) and will be removed once support for the old RBAC API policies will be removed from Neutron. Please use method 'is_service_role' instead.
2026-05-27 11:08:51.417 10 INFO neutron.api.wsgi [req-3b1071d3-aded-4fa0-b421-7d9eedae1b3c req-48df08a5-0b2f-4b83-a4cf-38604700bcd0 636542bf9c244871be7da67191878161 27cebbca587240ea9794a2e6ffa559b2 - - default default] 10.0.0.91 "GET /v2.0/ports?device_id=b9587a2c-fdb6-48b0-83dc-8bf143ead0e0 HTTP/1.1" status: 200 len: 210 time: 0.0178468
2026-05-27 11:08:51.502 10 WARNING neutron_lib.context [None req-8cb3d369-e1bb-41cc-ad59-07cdedb1b725 7faf79047db84e0aa185ae7367405276 bb3a613000d841cf91907c699f420685 - - default default] Method 'is_advsvc' is deprecated since 2023.2 release (neutron-lib 3.8.0) and will be removed once support for the old RBAC API policies will be removed from Neutron. Please use method 'is_service_role' instead.
2026-05-27 11:08:51.525 10 WARNING neutron_lib.context [None req-8cb3d369-e1bb-41cc-ad59-07cdedb1b725 7faf79047db84e0aa185ae7367405276 bb3a613000d841cf91907c699f420685 - - default default] Method 'is_advsvc' is deprecated since 2023.2 release (neutron-lib 3.8.0) and will be removed once support for the old RBAC API policies will be removed from Neutron. Please use method 'is_service_role' instead.
2026-05-27 11:08:51.704 11 WARNING neutron.scheduler.dhcp_agent_scheduler [req-ac5f8623-1132-4c5c-84a3-0997cd4e6cdd req-a03a0b19-d352-4f3c-831d-8b379f11e68a 636542bf9c244871be7da67191878161 27cebbca587240ea9794a2e6ffa559b2 - - default default] No more DHCP agents
2026-05-27 11:08:51.705 11 WARNING neutron.api.rpc.agentnotifiers.dhcp_rpc_agent_api [req-ac5f8623-1132-4c5c-84a3-0997cd4e6cdd req-a03a0b19-d352-4f3c-831d-8b379f11e68a 636542bf9c244871be7da67191878161 27cebbca587240ea9794a2e6ffa559b2 - - default default] Unable to schedule network 869b8782-c67a-48d5-9c86-1998c9795438: no agents available; will retry on subsequent port and subnet creation events.
2026-05-27 11:08:51.830 10 WARNING neutron.scheduler.dhcp_agent_scheduler [None req-8cb3d369-e1bb-41cc-ad59-07cdedb1b725 7faf79047db84e0aa185ae7367405276 bb3a613000d841cf91907c699f420685 - - default default] No more DHCP agents
2026-05-27 11:08:51.831 10 WARNING neutron.api.rpc.agentnotifiers.dhcp_rpc_agent_api [None req-8cb3d369-e1bb-41cc-ad59-07cdedb1b725 7faf79047db84e0aa185ae7367405276 bb3a613000d841cf91907c699f420685 - - default default] Unable to schedule network 8400652d-c198-4dc1-b9c8-69c3f148c820: no agents available; will retry on subsequent port and subnet creation events. /var/lib/openstack/lib/python3.12/site-packages/pycadf/identifier.py:71: UserWarning: Invalid uuid: neutron. To ensure interoperability, identifiers should be a valid uuid. warnings.warn(('Invalid uuid: %s. To ensure interoperability, '
2026-05-27 11:08:51.836 11 WARNING neutron_lib.context [None req-ebbdacb5-411c-49bf-b9ed-953e761f6aca 7fbfdc9194e84a368fbc8722fea7a506 ab3d5a1f36ba43b481c0662bc93e4f77 - - default default] Method 'is_advsvc' is deprecated since 2023.2 release (neutron-lib 3.8.0) and will be removed once support for the old RBAC API policies will be removed from Neutron. Please use method 'is_service_role' instead.
