2026-05-27 10:34:03.791 16 INFO neutron.plugins.ml2.drivers.ovn.mech_driver.ovsdb.maintenance [None req-277a58f0-b1c2-4438-b3a3-ce9f92af9535 - - - - - -] OVN maintenance task set_network_type finished in 0.004 seconds
2026-05-27 10:34:03.792 16 INFO neutron.plugins.ml2.drivers.ovn.mech_driver.ovsdb.maintenance [None req-277a58f0-b1c2-4438-b3a3-ce9f92af9535 - - - - - -] OVN maintenance task update_mac_aging_settings finished in 0.000 seconds
2026-05-27 10:34:03.797 16 INFO neutron.plugins.ml2.drivers.ovn.mech_driver.ovsdb.maintenance [None req-277a58f0-b1c2-4438-b3a3-ce9f92af9535 - - - - - -] OVN maintenance task update_router_distributed_flag finished in 0.005 seconds
2026-05-27 10:34:03.798 16 INFO neutron.plugins.ml2.drivers.ovn.mech_driver.ovsdb.maintenance [None req-277a58f0-b1c2-4438-b3a3-ce9f92af9535 - - - - - -] OVN maintenance task update_router_static_routes finished in 0.000 seconds
2026-05-27 10:34:03.811 16 INFO neutron.plugins.ml2.drivers.ovn.mech_driver.ovsdb.maintenance [None req-277a58f0-b1c2-4438-b3a3-ce9f92af9535 - - - - - -] OVN maintenance task update_security_group_with_address_group finished in 0.013 seconds
2026-05-27 10:34:07.112 11 INFO neutron.api.wsgi [-] 10.0.0.184 "GET / HTTP/1.1" status: 200 len: 247 time: 0.0062797 /var/lib/openstack/lib/python3.12/site-packages/pycadf/identifier.py:71: UserWarning: Invalid uuid: unknown. To ensure interoperability, identifiers should be a valid uuid. warnings.warn(('Invalid uuid: %s. To ensure interoperability, '
2026-05-27 10:34:13.341 10 INFO neutron.pecan_wsgi.hooks.translation [None req-6afeddeb-b572-4e03-b4fc-4507f0376ee6 e1764593464c4aa78df777aa75f0e064 ea974855a7484f339df3e98ed07b1cd9 - - default default] GET failed (client error): The resource could not be found.
2026-05-27 10:34:13.347 10 INFO neutron.api.wsgi [None req-6afeddeb-b572-4e03-b4fc-4507f0376ee6 e1764593464c4aa78df777aa75f0e064 ea974855a7484f339df3e98ed07b1cd9 - - default default] 199.19.213.37,10.0.0.184 "GET /v2.0/networks/public HTTP/1.1" status: 404 len: 290 time: 0.7472830
2026-05-27 10:34:13.377 10 INFO neutron.api.wsgi [None req-a9515555-806f-4d1a-a6a4-7326862e81a6 e1764593464c4aa78df777aa75f0e064 ea974855a7484f339df3e98ed07b1cd9 - - default default] 199.19.213.37,10.0.0.184 "GET /v2.0/networks?name=public HTTP/1.1" status: 200 len: 189 time: 0.0256536
2026-05-27 10:34:13.562 16 WARNING neutron.plugins.ml2.drivers.ovn.mech_driver.ovsdb.ovn_db_sync [None req-4f1613f2-0921-4a8f-91a5-a183ec30a568 - - - - - -] New host instance found in OVN SB DB, but not in Neutron. Add its SegmentHostMapping in Neutron
2026-05-27 10:34:13.614 16 WARNING neutron.plugins.ml2.drivers.ovn.mech_driver.ovsdb.ovn_db_sync [None req-e5407deb-8e35-438e-953f-dd0e7516fcf8 - - - - - -] ACLs to be added: 2 ACLs to be removed: 2
2026-05-27 10:34:13.687 16 INFO neutron.plugins.ml2.drivers.ovn.mech_driver.ovsdb.extensions.qos [None req-e5407deb-8e35-438e-953f-dd0e7516fcf8 - - - - - -] Starting OVNClientQosExtension
2026-05-27 10:34:13.698 16 INFO neutron.plugins.ml2.drivers.ovn.mech_driver.ovsdb.extensions.qos [None req-e5407deb-8e35-438e-953f-dd0e7516fcf8 - - - - - -] Starting OVNClientQosExtension
2026-05-27 10:34:13.724 10 INFO neutron.plugins.ml2.drivers.ovn.mech_driver.ovsdb.extensions.qos [None req-d2b88a2e-d6ab-426d-be01-45ca222a6eda e1764593464c4aa78df777aa75f0e064 ea974855a7484f339df3e98ed07b1cd9 - - default default] Starting OVNClientQosExtension
2026-05-27 10:34:13.725 10 INFO neutron.plugins.ml2.drivers.ovn.mech_driver.ovsdb.extensions.placement [None req-d2b88a2e-d6ab-426d-be01-45ca222a6eda e1764593464c4aa78df777aa75f0e064 ea974855a7484f339df3e98ed07b1cd9 - - default default] Starting OVNClientPlacementExtension
2026-05-27 10:34:13.757 10 INFO neutron.db.ovn_revision_numbers_db [None req-d2b88a2e-d6ab-426d-be01-45ca222a6eda e1764593464c4aa78df777aa75f0e064 ea974855a7484f339df3e98ed07b1cd9 - - default default] Successfully bumped revision number for resource cdd31c7d-8b03-4d84-8ba1-671907526e74 (type: security_groups) to 1
2026-05-27 10:34:13.794 10 INFO neutron.db.ovn_revision_numbers_db [None req-d2b88a2e-d6ab-426d-be01-45ca222a6eda e1764593464c4aa78df777aa75f0e064 ea974855a7484f339df3e98ed07b1cd9 - - default default] Successfully bumped revision number for resource 3c2d29a8-8095-449d-8f6a-0e1fc58fdb70 (type: security_group_rules) to 0
2026-05-27 10:34:13.821 10 INFO neutron.db.ovn_revision_numbers_db [None req-d2b88a2e-d6ab-426d-be01-45ca222a6eda e1764593464c4aa78df777aa75f0e064 ea974855a7484f339df3e98ed07b1cd9 - - default default] Successfully bumped revision number for resource cbfdf3e8-ce86-4f2e-9a3d-f36b527856f2 (type: security_group_rules) to 0
2026-05-27 10:34:13.839 10 INFO neutron.db.ovn_revision_numbers_db [None req-d2b88a2e-d6ab-426d-be01-45ca222a6eda e1764593464c4aa78df777aa75f0e064 ea974855a7484f339df3e98ed07b1cd9 - - default default] Successfully bumped revision number for resource d3f606ac-cc58-472a-8e6e-1100331908a1 (type: security_group_rules) to 0
2026-05-27 10:34:13.851 10 INFO neutron.db.ovn_revision_numbers_db [None req-d2b88a2e-d6ab-426d-be01-45ca222a6eda e1764593464c4aa78df777aa75f0e064 ea974855a7484f339df3e98ed07b1cd9 - - default default] Successfully bumped revision number for resource d3fa6ead-a49c-412c-84a2-f33a6513c08a (type: security_group_rules) to 0
2026-05-27 10:34:13.962 10 WARNING neutron.services.revisions.revision_plugin [None req-d2b88a2e-d6ab-426d-be01-45ca222a6eda e1764593464c4aa78df777aa75f0e064 ea974855a7484f339df3e98ed07b1cd9 - - default default] Could not find related network for resource to bump revision.
2026-05-27 10:34:13.993 10 INFO neutron.db.segments_db [None req-d2b88a2e-d6ab-426d-be01-45ca222a6eda e1764593464c4aa78df777aa75f0e064 ea974855a7484f339df3e98ed07b1cd9 - - default default] Added segment 1bd62b24-be1d-401a-a518-3da85bc5f445 of type flat for network 1644c29e-3c19-456c-a085-53701fa5b8c7
2026-05-27 10:34:14.173 10 INFO neutron.db.ovn_revision_numbers_db [None req-d2b88a2e-d6ab-426d-be01-45ca222a6eda e1764593464c4aa78df777aa75f0e064 ea974855a7484f339df3e98ed07b1cd9 - - default default] Successfully bumped revision number for resource 1644c29e-3c19-456c-a085-53701fa5b8c7 (type: networks) to 1
2026-05-27 10:34:14.446 10 WARNING neutron.scheduler.dhcp_agent_scheduler [None req-d2b88a2e-d6ab-426d-be01-45ca222a6eda e1764593464c4aa78df777aa75f0e064 ea974855a7484f339df3e98ed07b1cd9 - - default default] No more DHCP agents
2026-05-27 10:34:14.447 10 WARNING neutron.api.rpc.agentnotifiers.dhcp_rpc_agent_api [None req-d2b88a2e-d6ab-426d-be01-45ca222a6eda e1764593464c4aa78df777aa75f0e064 ea974855a7484f339df3e98ed07b1cd9 - - default default] Unable to schedule network 1644c29e-3c19-456c-a085-53701fa5b8c7: no agents available; will retry on subsequent port and subnet creation events.
2026-05-27 10:34:14.562 10 INFO neutron.db.ovn_revision_numbers_db [None req-d2b88a2e-d6ab-426d-be01-45ca222a6eda e1764593464c4aa78df777aa75f0e064 ea974855a7484f339df3e98ed07b1cd9 - - default default] Successfully bumped revision number for resource 295fbfe2-dc64-4fe3-94ab-81b71975ded9 (type: ports) to 1
2026-05-27 10:34:14.587 10 INFO neutron.api.wsgi [None req-d2b88a2e-d6ab-426d-be01-45ca222a6eda e1764593464c4aa78df777aa75f0e064 ea974855a7484f339df3e98ed07b1cd9 - - default default] 199.19.213.37,10.0.0.184 "POST /v2.0/networks HTTP/1.1" status: 201 len: 886 time: 1.2046075
2026-05-27 10:34:15.973 10 INFO neutron.pecan_wsgi.hooks.translation [None req-9ee76fdc-cc9f-450f-b11a-3f80f6a80169 e1764593464c4aa78df777aa75f0e064 ea974855a7484f339df3e98ed07b1cd9 - - default default] GET failed (client error): The resource could not be found.
2026-05-27 10:34:15.974 10 INFO neutron.api.wsgi [None req-9ee76fdc-cc9f-450f-b11a-3f80f6a80169 e1764593464c4aa78df777aa75f0e064 ea974855a7484f339df3e98ed07b1cd9 - - default default] 199.19.213.37,10.0.0.184 "GET /v2.0/networks/public HTTP/1.1" status: 404 len: 290 time: 0.0508223
2026-05-27 10:34:16.005 10 INFO neutron.api.wsgi [None req-540bbb99-32c5-4833-b2c2-9cae9c38c9e9 e1764593464c4aa78df777aa75f0e064 ea974855a7484f339df3e98ed07b1cd9 - - default default] 199.19.213.37,10.0.0.184 "GET /v2.0/networks?name=public HTTP/1.1" status: 200 len: 890 time: 0.0269194
2026-05-27 10:34:16.036 10 INFO neutron.pecan_wsgi.hooks.translation [None req-db931888-bff5-4710-9142-de01ec308fea e1764593464c4aa78df777aa75f0e064 ea974855a7484f339df3e98ed07b1cd9 - - default default] GET failed (client error): The resource could not be found.
2026-05-27 10:34:16.038 10 INFO neutron.api.wsgi [None req-db931888-bff5-4710-9142-de01ec308fea e1764593464c4aa78df777aa75f0e064 ea974855a7484f339df3e98ed07b1cd9 - - default default] 199.19.213.37,10.0.0.184 "GET /v2.0/subnets/public-subnet?network_id=1644c29e-3c19-456c-a085-53701fa5b8c7 HTTP/1.1" status: 404 len: 295 time: 0.0217903
2026-05-27 10:34:16.057 10 INFO neutron.api.wsgi [None req-bf2b19b5-59f5-4e7f-9583-9545e77ae07b e1764593464c4aa78df777aa75f0e064 ea974855a7484f339df3e98ed07b1cd9 - - default default] 199.19.213.37,10.0.0.184 "GET /v2.0/subnets?name=public-subnet&network_id=1644c29e-3c19-456c-a085-53701fa5b8c7 HTTP/1.1" status: 200 len: 188 time: 0.0156062
2026-05-27 10:34:16.291 10 WARNING neutron.scheduler.dhcp_agent_scheduler [None req-4f6da1b0-40fd-4e5b-b859-c947e6fc2d60 e1764593464c4aa78df777aa75f0e064 ea974855a7484f339df3e98ed07b1cd9 - - default default] No more DHCP agents
2026-05-27 10:34:16.292 10 WARNING neutron.api.rpc.agentnotifiers.dhcp_rpc_agent_api [None req-4f6da1b0-40fd-4e5b-b859-c947e6fc2d60 e1764593464c4aa78df777aa75f0e064 ea974855a7484f339df3e98ed07b1cd9 - - default default] Unable to schedule network 1644c29e-3c19-456c-a085-53701fa5b8c7: no agents available; will retry on subsequent port and subnet creation events.
2026-05-27 10:34:16.786 10 INFO neutron.db.ovn_revision_numbers_db [None req-70f63a4d-5b4b-464f-825a-24a73fd5b587 - - - - - -] Successfully bumped revision number for resource 295fbfe2-dc64-4fe3-94ab-81b71975ded9 (type: ports) to 2
2026-05-27 10:34:16.826 10 INFO neutron.db.ovn_revision_numbers_db [None req-70f63a4d-5b4b-464f-825a-24a73fd5b587 - - - - - -] Successfully bumped revision number for resource 5389bec1-06b8-40d4-a0eb-c47c6a384dc3 (type: subnets) to 0
2026-05-27 10:34:16.841 10 INFO neutron.api.wsgi [None req-4f6da1b0-40fd-4e5b-b859-c947e6fc2d60 e1764593464c4aa78df777aa75f0e064 ea974855a7484f339df3e98ed07b1cd9 - - default default] 199.19.213.37,10.0.0.184 "POST /v2.0/subnets HTTP/1.1" status: 201 len: 844 time: 0.7773864
2026-05-27 10:34:22.108 11 INFO neutron.api.wsgi [-] 10.0.0.184 "GET / HTTP/1.1" status: 200 len: 247 time: 0.0023797
2026-05-27 10:34:37.109 11 INFO neutron.api.wsgi [-] 10.0.0.184 "GET / HTTP/1.1" status: 200 len: 247 time: 0.0038431
2026-05-27 10:34:52.108 10 INFO neutron.api.wsgi [-] 10.0.0.184 "GET / HTTP/1.1" status: 200 len: 247 time: 0.0029140
2026-05-27 10:35:07.108 11 INFO neutron.api.wsgi [-] 10.0.0.184 "GET / HTTP/1.1" status: 200 len: 247 time: 0.0023484
2026-05-27 10:35:07.109 10 INFO neutron.api.wsgi [-] 10.0.0.184 "GET / HTTP/1.1" status: 200 len: 247 time: 0.0029476
2026-05-27 10:35:22.107 10 INFO neutron.api.wsgi [-] 10.0.0.184 "GET / HTTP/1.1" status: 200 len: 247 time: 0.0019362
2026-05-27 10:35:22.109 11 INFO neutron.api.wsgi [-] 10.0.0.184 "GET / HTTP/1.1" status: 200 len: 247 time: 0.0037291
2026-05-27 10:35:37.107 10 INFO neutron.api.wsgi [-] 10.0.0.184 "GET / HTTP/1.1" status: 200 len: 247 time: 0.0027380
2026-05-27 10:35:37.108 11 INFO neutron.api.wsgi [-] 10.0.0.184 "GET / HTTP/1.1" status: 200 len: 247 time: 0.0035002
2026-05-27 10:35:52.108 11 INFO neutron.api.wsgi [-] 10.0.0.184 "GET / HTTP/1.1" status: 200 len: 247 time: 0.0027611
2026-05-27 10:35:52.108 10 INFO neutron.api.wsgi [-] 10.0.0.184 "GET / HTTP/1.1" status: 200 len: 247 time: 0.0028543
2026-05-27 10:36:07.107 10 INFO neutron.api.wsgi [-] 10.0.0.184 "GET / HTTP/1.1" status: 200 len: 247 time: 0.0026941
2026-05-27 10:36:07.108 11 INFO neutron.api.wsgi [-] 10.0.0.184 "GET / HTTP/1.1" status: 200 len: 247 time: 0.0031028
2026-05-27 10:36:22.111 11 INFO neutron.api.wsgi [-] 10.0.0.184 "GET / HTTP/1.1" status: 200 len: 247 time: 0.0056679
2026-05-27 10:36:22.114 10 INFO neutron.api.wsgi [-] 10.0.0.184 "GET / HTTP/1.1" status: 200 len: 247 time: 0.0079889
2026-05-27 10:36:37.109 11 INFO neutron.api.wsgi [-] 10.0.0.184 "GET / HTTP/1.1" status: 200 len: 247 time: 0.0023301
2026-05-27 10:36:37.109 10 INFO neutron.api.wsgi [-] 10.0.0.184 "GET / HTTP/1.1" status: 200 len: 247 time: 0.0026791
2026-05-27 10:36:52.107 10 INFO neutron.api.wsgi [-] 10.0.0.184 "GET / HTTP/1.1" status: 200 len: 247 time: 0.0025060
2026-05-27 10:36:52.109 10 INFO neutron.api.wsgi [-] 10.0.0.184 "GET / HTTP/1.1" status: 200 len: 247 time: 0.0017333
2026-05-27 10:37:07.107 10 INFO neutron.api.wsgi [-] 10.0.0.184 "GET / HTTP/1.1" status: 200 len: 247 time: 0.0018525
2026-05-27 10:37:07.108 11 INFO neutron.api.wsgi [-] 10.0.0.184 "GET / HTTP/1.1" status: 200 len: 247 time: 0.0020132
2026-05-27 10:37:22.108 11 INFO neutron.api.wsgi [-] 10.0.0.184 "GET / HTTP/1.1" status: 200 len: 247 time: 0.0031939
2026-05-27 10:37:22.112 11 INFO neutron.api.wsgi [-] 10.0.0.184 "GET / HTTP/1.1" status: 200 len: 247 time: 0.0020480
2026-05-27 10:37:37.108 11 INFO neutron.api.wsgi [-] 10.0.0.184 "GET / HTTP/1.1" status: 200 len: 247 time: 0.0032005
2026-05-27 10:37:37.110 10 INFO neutron.api.wsgi [-] 10.0.0.184 "GET / HTTP/1.1" status: 200 len: 247 time: 0.0044460
2026-05-27 10:37:52.107 11 INFO neutron.api.wsgi [-] 10.0.0.184 "GET / HTTP/1.1" status: 200 len: 247 time: 0.0024149
2026-05-27 10:37:52.108 10 INFO neutron.api.wsgi [-] 10.0.0.184 "GET / HTTP/1.1" status: 200 len: 247 time: 0.0034401
2026-05-27 10:38:07.108 10 INFO neutron.api.wsgi [-] 10.0.0.184 "GET / HTTP/1.1" status: 200 len: 247 time: 0.0028417
2026-05-27 10:38:07.109 11 INFO neutron.api.wsgi [-] 10.0.0.184 "GET / HTTP/1.1" status: 200 len: 247 time: 0.0037284
2026-05-27 10:38:22.107 10 INFO neutron.api.wsgi [-] 10.0.0.184 "GET / HTTP/1.1" status: 200 len: 247 time: 0.0026176
2026-05-27 10:38:22.108 11 INFO neutron.api.wsgi [-] 10.0.0.184 "GET / HTTP/1.1" status: 200 len: 247 time: 0.0031796
2026-05-27 10:38:37.108 10 INFO neutron.api.wsgi [-] 10.0.0.184 "GET / HTTP/1.1" status: 200 len: 247 time: 0.0027633
2026-05-27 10:38:37.107 11 INFO neutron.api.wsgi [-] 10.0.0.184 "GET / HTTP/1.1" status: 200 len: 247 time: 0.0020223
2026-05-27 10:38:52.107 11 INFO neutron.api.wsgi [-] 10.0.0.184 "GET / HTTP/1.1" status: 200 len: 247 time: 0.0024357
2026-05-27 10:38:52.108 10 INFO neutron.api.wsgi [-] 10.0.0.184 "GET / HTTP/1.1" status: 200 len: 247 time: 0.0027356 /var/lib/openstack/lib/python3.12/site-packages/pycadf/identifier.py:71: UserWarning: Invalid uuid: unknown. To ensure interoperability, identifiers should be a valid uuid. warnings.warn(('Invalid uuid: %s. To ensure interoperability, '
2026-05-27 10:39:03.280 11 INFO neutron.pecan_wsgi.hooks.translation [None req-70f25d46-cc20-48d2-85d8-e21f7aa42993 e1764593464c4aa78df777aa75f0e064 ea974855a7484f339df3e98ed07b1cd9 - - default default] GET failed (client error): The resource could not be found.
2026-05-27 10:39:03.282 11 INFO neutron.api.wsgi [None req-70f25d46-cc20-48d2-85d8-e21f7aa42993 e1764593464c4aa78df777aa75f0e064 ea974855a7484f339df3e98ed07b1cd9 - - default default] 199.19.213.37,10.0.0.184 "GET /v2.0/networks/lb-mgmt-net HTTP/1.1" status: 404 len: 295 time: 0.5948009
2026-05-27 10:39:03.305 11 INFO neutron.api.wsgi [None req-caa43916-efd3-4529-9b7b-9b742de79e71 e1764593464c4aa78df777aa75f0e064 ea974855a7484f339df3e98ed07b1cd9 - - default default] 199.19.213.37,10.0.0.184 "GET /v2.0/networks?name=lb-mgmt-net HTTP/1.1" status: 200 len: 189 time: 0.0177236
2026-05-27 10:39:03.529 11 INFO neutron.db.segments_db [None req-79fd1787-8e3f-4aa3-b689-737b71841861 e1764593464c4aa78df777aa75f0e064 ea974855a7484f339df3e98ed07b1cd9 - - default default] Added segment 9251e5bd-d589-4bd9-81ba-c0f604c1ad31 of type geneve for network 67b40d25-4bac-42c0-bbb1-965648c8ebe5
2026-05-27 10:39:03.702 11 INFO neutron.plugins.ml2.drivers.ovn.mech_driver.ovsdb.extensions.qos [None req-79fd1787-8e3f-4aa3-b689-737b71841861 e1764593464c4aa78df777aa75f0e064 ea974855a7484f339df3e98ed07b1cd9 - - default default] Starting OVNClientQosExtension
2026-05-27 10:39:03.703 11 INFO neutron.plugins.ml2.drivers.ovn.mech_driver.ovsdb.extensions.placement [None req-79fd1787-8e3f-4aa3-b689-737b71841861 e1764593464c4aa78df777aa75f0e064 ea974855a7484f339df3e98ed07b1cd9 - - default default] Starting OVNClientPlacementExtension
2026-05-27 10:39:03.744 11 INFO neutron.db.ovn_revision_numbers_db [None req-79fd1787-8e3f-4aa3-b689-737b71841861 e1764593464c4aa78df777aa75f0e064 ea974855a7484f339df3e98ed07b1cd9 - - default default] Successfully bumped revision number for resource 67b40d25-4bac-42c0-bbb1-965648c8ebe5 (type: networks) to 1
2026-05-27 10:39:03.787 16 INFO neutron.db.ovn_revision_numbers_db [None req-277a58f0-b1c2-4438-b3a3-ce9f92af9535 - - - - - -] Successfully bumped revision number for resource 1644c29e-3c19-456c-a085-53701fa5b8c7 (type: networks) to 2
2026-05-27 10:39:03.787 16 INFO neutron.plugins.ml2.drivers.ovn.mech_driver.ovsdb.maintenance [None req-277a58f0-b1c2-4438-b3a3-ce9f92af9535 - - - - - -] OVN maintenance task check_for_inconsistencies finished in 0.111 seconds
2026-05-27 10:39:03.983 11 WARNING neutron.scheduler.dhcp_agent_scheduler [None req-79fd1787-8e3f-4aa3-b689-737b71841861 e1764593464c4aa78df777aa75f0e064 ea974855a7484f339df3e98ed07b1cd9 - - default default] No more DHCP agents
2026-05-27 10:39:03.985 11 WARNING neutron.api.rpc.agentnotifiers.dhcp_rpc_agent_api [None req-79fd1787-8e3f-4aa3-b689-737b71841861 e1764593464c4aa78df777aa75f0e064 ea974855a7484f339df3e98ed07b1cd9 - - default default] Unable to schedule network 67b40d25-4bac-42c0-bbb1-965648c8ebe5: no agents available; will retry on subsequent port and subnet creation events.
2026-05-27 10:39:04.069 11 INFO neutron.db.ovn_revision_numbers_db [None req-79fd1787-8e3f-4aa3-b689-737b71841861 e1764593464c4aa78df777aa75f0e064 ea974855a7484f339df3e98ed07b1cd9 - - default default] Successfully bumped revision number for resource 995f8c68-d6a1-423f-b7ee-9115cfbfdaf5 (type: ports) to 1
2026-05-27 10:39:04.092 11 INFO neutron.api.wsgi [None req-79fd1787-8e3f-4aa3-b689-737b71841861 e1764593464c4aa78df777aa75f0e064 ea974855a7484f339df3e98ed07b1cd9 - - default default] 199.19.213.37,10.0.0.184 "POST /v2.0/networks HTTP/1.1" status: 201 len: 889 time: 0.7822709
2026-05-27 10:39:05.073 10 INFO neutron.pecan_wsgi.hooks.translation [None req-3da291fd-081c-42a3-85fc-5f4f190aab86 e1764593464c4aa78df777aa75f0e064 ea974855a7484f339df3e98ed07b1cd9 - - default default] GET failed (client error): The resource could not be found.
2026-05-27 10:39:05.074 10 INFO neutron.api.wsgi [None req-3da291fd-081c-42a3-85fc-5f4f190aab86 e1764593464c4aa78df777aa75f0e064 ea974855a7484f339df3e98ed07b1cd9 - - default default] 199.19.213.37,10.0.0.184 "GET /v2.0/networks/lb-mgmt-net HTTP/1.1" status: 404 len: 295 time: 0.0729284
2026-05-27 10:39:05.113 10 INFO neutron.api.wsgi [None req-6a8f557c-2867-4eee-a3ba-736e1690f576 e1764593464c4aa78df777aa75f0e064 ea974855a7484f339df3e98ed07b1cd9 - - default default] 199.19.213.37,10.0.0.184 "GET /v2.0/networks?name=lb-mgmt-net HTTP/1.1" status: 200 len: 874 time: 0.0343020
2026-05-27 10:39:05.132 10 INFO neutron.pecan_wsgi.hooks.translation [None req-eda847e9-9d98-494d-9f28-2bb8d2ed0f59 e1764593464c4aa78df777aa75f0e064 ea974855a7484f339df3e98ed07b1cd9 - - default default] GET failed (client error): The resource could not be found.
2026-05-27 10:39:05.134 10 INFO neutron.api.wsgi [None req-eda847e9-9d98-494d-9f28-2bb8d2ed0f59 e1764593464c4aa78df777aa75f0e064 ea974855a7484f339df3e98ed07b1cd9 - - default default] 199.19.213.37,10.0.0.184 "GET /v2.0/subnets/lb-mgmt-subnet?network_id=67b40d25-4bac-42c0-bbb1-965648c8ebe5 HTTP/1.1" status: 404 len: 296 time: 0.0117114
2026-05-27 10:39:05.148 10 INFO neutron.api.wsgi [None req-4e9d65f9-def6-486e-81d1-592e456b6956 e1764593464c4aa78df777aa75f0e064 ea974855a7484f339df3e98ed07b1cd9 - - default default] 199.19.213.37,10.0.0.184 "GET /v2.0/subnets?name=lb-mgmt-subnet&network_id=67b40d25-4bac-42c0-bbb1-965648c8ebe5 HTTP/1.1" status: 200 len: 188 time: 0.0112333
2026-05-27 10:39:05.305 10 WARNING neutron.scheduler.dhcp_agent_scheduler [None req-d2f252bb-9750-4978-a0cf-5794b394e9e2 e1764593464c4aa78df777aa75f0e064 ea974855a7484f339df3e98ed07b1cd9 - - default default] No more DHCP agents
2026-05-27 10:39:05.306 10 WARNING neutron.api.rpc.agentnotifiers.dhcp_rpc_agent_api [None req-d2f252bb-9750-4978-a0cf-5794b394e9e2 e1764593464c4aa78df777aa75f0e064 ea974855a7484f339df3e98ed07b1cd9 - - default default] Unable to schedule network 67b40d25-4bac-42c0-bbb1-965648c8ebe5: no agents available; will retry on subsequent port and subnet creation events.
2026-05-27 10:39:05.694 10 INFO neutron.db.ovn_revision_numbers_db [None req-ac91f333-9214-4be6-abc5-af4effa617dd - - - - - -] Successfully bumped revision number for resource 995f8c68-d6a1-423f-b7ee-9115cfbfdaf5 (type: ports) to 2
2026-05-27 10:39:05.720 10 INFO neutron.db.ovn_revision_numbers_db [None req-ac91f333-9214-4be6-abc5-af4effa617dd - - - - - -] Successfully bumped revision number for resource 61316e74-7b89-4bd8-906f-d389c0d11c17 (type: subnets) to 0
2026-05-27 10:39:05.735 10 INFO neutron.api.wsgi [None req-d2f252bb-9750-4978-a0cf-5794b394e9e2 e1764593464c4aa78df777aa75f0e064 ea974855a7484f339df3e98ed07b1cd9 - - default default] 199.19.213.37,10.0.0.184 "POST /v2.0/subnets HTTP/1.1" status: 201 len: 831 time: 0.5800166
2026-05-27 10:39:06.800 11 INFO neutron.api.v2.resource [None req-ed516c20-1b8d-4f44-a29a-f50b4f5ea255 e1764593464c4aa78df777aa75f0e064 ea974855a7484f339df3e98ed07b1cd9 - - default default] show failed (client error): The resource could not be found.
2026-05-27 10:39:06.801 11 INFO neutron.api.wsgi [None req-ed516c20-1b8d-4f44-a29a-f50b4f5ea255 e1764593464c4aa78df777aa75f0e064 ea974855a7484f339df3e98ed07b1cd9 - - default default] 199.19.213.37,10.0.0.184 "GET /v2.0/security-groups/lb-health-mgr-sec-grp HTTP/1.1" status: 404 len: 313 time: 0.0485530
2026-05-27 10:39:06.837 11 INFO neutron.api.wsgi [None req-9bd50db4-20bf-42ed-b188-7186fd88f674 e1764593464c4aa78df777aa75f0e064 ea974855a7484f339df3e98ed07b1cd9 - - default default] 199.19.213.37,10.0.0.184 "GET /v2.0/security-groups?name=lb-health-mgr-sec-grp HTTP/1.1" status: 200 len: 197 time: 0.0322776
2026-05-27 10:39:06.985 11 INFO neutron.db.ovn_revision_numbers_db [None req-43b74b34-f3cc-497a-ae7e-5652f0129e2b e1764593464c4aa78df777aa75f0e064 ea974855a7484f339df3e98ed07b1cd9 - - default default] Successfully bumped revision number for resource 5bc2c323-fdde-4078-89e5-1955217aa85a (type: security_groups) to 1
2026-05-27 10:39:07.001 11 INFO neutron.db.ovn_revision_numbers_db [None req-43b74b34-f3cc-497a-ae7e-5652f0129e2b e1764593464c4aa78df777aa75f0e064 ea974855a7484f339df3e98ed07b1cd9 - - default default] Successfully bumped revision number for resource 41245ad3-b181-4aec-ab91-36f5a72edfce (type: security_group_rules) to 0
2026-05-27 10:39:07.014 11 INFO neutron.db.ovn_revision_numbers_db [None req-43b74b34-f3cc-497a-ae7e-5652f0129e2b e1764593464c4aa78df777aa75f0e064 ea974855a7484f339df3e98ed07b1cd9 - - default default] Successfully bumped revision number for resource 6ee60158-3937-4e99-8192-feccbbb4ee89 (type: security_group_rules) to 0
2026-05-27 10:39:07.046 11 INFO neutron.api.wsgi [None req-43b74b34-f3cc-497a-ae7e-5652f0129e2b e1764593464c4aa78df777aa75f0e064 ea974855a7484f339df3e98ed07b1cd9 - - default default] 199.19.213.37,10.0.0.184 "POST /v2.0/security-groups HTTP/1.1" status: 201 len: 1797 time: 0.2025914
2026-05-27 10:39:07.107 11 INFO neutron.api.wsgi [-] 10.0.0.184 "GET / HTTP/1.1" status: 200 len: 247 time: 0.0025444
2026-05-27 10:39:07.109 10 INFO neutron.api.wsgi [-] 10.0.0.184 "GET / HTTP/1.1" status: 200 len: 247 time: 0.0033245
2026-05-27 10:39:08.115 11 INFO neutron.api.wsgi [None req-fb4b73f0-4a2a-48a0-b107-91b684988ae0 e1764593464c4aa78df777aa75f0e064 ea974855a7484f339df3e98ed07b1cd9 - - default default] 199.19.213.37,10.0.0.184 "GET /v2.0/security-groups/5bc2c323-fdde-4078-89e5-1955217aa85a HTTP/1.1" status: 200 len: 1792 time: 0.0500712
2026-05-27 10:39:08.144 11 INFO neutron.api.wsgi [None req-f13f71b5-a92c-4a63-a064-9fd0a9a03307 e1764593464c4aa78df777aa75f0e064 ea974855a7484f339df3e98ed07b1cd9 - - default default] 199.19.213.37,10.0.0.184 "GET /v2.0/security-groups/5bc2c323-fdde-4078-89e5-1955217aa85a HTTP/1.1" status: 200 len: 1792 time: 0.0222318
2026-05-27 10:39:08.174 11 INFO neutron.api.wsgi [None req-4a603fcf-02ef-41b3-8e71-db1c8ea45e42 e1764593464c4aa78df777aa75f0e064 ea974855a7484f339df3e98ed07b1cd9 - - default default] 199.19.213.37,10.0.0.184 "GET /v2.0/security-groups/5bc2c323-fdde-4078-89e5-1955217aa85a HTTP/1.1" status: 200 len: 1792 time: 0.0226841
2026-05-27 10:39:08.290 11 INFO neutron.db.ovn_revision_numbers_db [None req-b1bbb05b-2d04-4dfd-89f6-0b3963e08dd2 e1764593464c4aa78df777aa75f0e064 ea974855a7484f339df3e98ed07b1cd9 - - default default] Successfully bumped revision number for resource 9b0fca37-593b-42e0-83b2-33727e84bc07 (type: security_group_rules) to 0
2026-05-27 10:39:08.326 11 INFO neutron.api.wsgi [None req-b1bbb05b-2d04-4dfd-89f6-0b3963e08dd2 e1764593464c4aa78df777aa75f0e064 ea974855a7484f339df3e98ed07b1cd9 - - default default] 199.19.213.37,10.0.0.184 "POST /v2.0/security-group-rules HTTP/1.1" status: 201 len: 781 time: 0.1434317
2026-05-27 10:39:09.213 10 INFO neutron.api.wsgi [None req-c1e47306-9e91-48ed-9412-b0b4d7a9ab1d e1764593464c4aa78df777aa75f0e064 ea974855a7484f339df3e98ed07b1cd9 - - default default] 199.19.213.37,10.0.0.184 "GET /v2.0/security-groups/5bc2c323-fdde-4078-89e5-1955217aa85a HTTP/1.1" status: 200 len: 2406 time: 0.0493777
2026-05-27 10:39:09.248 10 INFO neutron.api.wsgi [None req-ab762ffb-7e18-4115-a354-1c47dd65dfc5 e1764593464c4aa78df777aa75f0e064 ea974855a7484f339df3e98ed07b1cd9 - - default default] 199.19.213.37,10.0.0.184 "GET /v2.0/security-groups/5bc2c323-fdde-4078-89e5-1955217aa85a HTTP/1.1" status: 200 len: 2406 time: 0.0267987
2026-05-27 10:39:09.283 10 INFO neutron.api.wsgi [None req-c62f18ef-db37-4f2a-b216-197772a243f9 e1764593464c4aa78df777aa75f0e064 ea974855a7484f339df3e98ed07b1cd9 - - default default] 199.19.213.37,10.0.0.184 "GET /v2.0/security-groups/5bc2c323-fdde-4078-89e5-1955217aa85a HTTP/1.1" status: 200 len: 2406 time: 0.0251131
2026-05-27 10:39:09.410 10 INFO neutron.db.ovn_revision_numbers_db [None req-2ed8cc84-adf3-49e0-9964-a9d0a7545991 e1764593464c4aa78df777aa75f0e064 ea974855a7484f339df3e98ed07b1cd9 - - default default] Successfully bumped revision number for resource 919fe7b7-bfce-4015-9731-037a065939d8 (type: security_group_rules) to 0
2026-05-27 10:39:09.443 10 INFO neutron.api.wsgi [None req-2ed8cc84-adf3-49e0-9964-a9d0a7545991 e1764593464c4aa78df777aa75f0e064 ea974855a7484f339df3e98ed07b1cd9 - - default default] 199.19.213.37,10.0.0.184 "POST /v2.0/security-group-rules HTTP/1.1" status: 201 len: 783 time: 0.1513884
2026-05-27 10:39:10.388 10 INFO neutron.api.wsgi [None req-7374d8e4-6586-47a4-9ab2-b04b22b9c34e e1764593464c4aa78df777aa75f0e064 ea974855a7484f339df3e98ed07b1cd9 - - default default] 199.19.213.37,10.0.0.184 "GET /v2.0/security-groups/5bc2c323-fdde-4078-89e5-1955217aa85a HTTP/1.1" status: 200 len: 3022 time: 0.0530493
2026-05-27 10:39:10.422 10 INFO neutron.api.wsgi [None req-425d6c92-98c6-4649-bc73-a35333e7bea3 e1764593464c4aa78df777aa75f0e064 ea974855a7484f339df3e98ed07b1cd9 - - default default] 199.19.213.37,10.0.0.184 "GET /v2.0/security-groups/5bc2c323-fdde-4078-89e5-1955217aa85a HTTP/1.1" status: 200 len: 3022 time: 0.0282929
2026-05-27 10:39:10.454 10 INFO neutron.api.wsgi [None req-9b83d23d-93a4-429f-80e6-4b60858905b9 e1764593464c4aa78df777aa75f0e064 ea974855a7484f339df3e98ed07b1cd9 - - default default] 199.19.213.37,10.0.0.184 "GET /v2.0/security-groups/5bc2c323-fdde-4078-89e5-1955217aa85a HTTP/1.1" status: 200 len: 3022 time: 0.0249364
2026-05-27 10:39:10.578 10 INFO neutron.db.ovn_revision_numbers_db [None req-bdc7daaa-e454-44f3-aa62-11fa1bdadd5d e1764593464c4aa78df777aa75f0e064 ea974855a7484f339df3e98ed07b1cd9 - - default default] Successfully bumped revision number for resource 3bfd346d-c1a8-4e7d-80f6-a54add87780f (type: security_group_rules) to 0
2026-05-27 10:39:10.605 10 INFO neutron.api.wsgi [None req-bdc7daaa-e454-44f3-aa62-11fa1bdadd5d e1764593464c4aa78df777aa75f0e064 ea974855a7484f339df3e98ed07b1cd9 - - default default] 199.19.213.37,10.0.0.184 "POST /v2.0/security-group-rules HTTP/1.1" status: 201 len: 783 time: 0.1448858
2026-05-27 10:39:11.564 11 INFO neutron.api.wsgi [None req-16fce276-5613-45fe-9303-72d7fd264121 e1764593464c4aa78df777aa75f0e064 ea974855a7484f339df3e98ed07b1cd9 - - default default] 199.19.213.37,10.0.0.184 "GET /v2.0/security-groups/5bc2c323-fdde-4078-89e5-1955217aa85a HTTP/1.1" status: 200 len: 3638 time: 0.0583003
2026-05-27 10:39:11.601 11 INFO neutron.api.wsgi [None req-71252c56-20fc-4db9-9c87-f1f7ed02211e e1764593464c4aa78df777aa75f0e064 ea974855a7484f339df3e98ed07b1cd9 - - default default] 199.19.213.37,10.0.0.184 "GET /v2.0/security-groups/5bc2c323-fdde-4078-89e5-1955217aa85a HTTP/1.1" status: 200 len: 3638 time: 0.0263407
2026-05-27 10:39:11.638 11 INFO neutron.api.wsgi [None req-eb6da199-0854-4a50-be88-45ea4e6c91af e1764593464c4aa78df777aa75f0e064 ea974855a7484f339df3e98ed07b1cd9 - - default default] 199.19.213.37,10.0.0.184 "GET /v2.0/security-groups/5bc2c323-fdde-4078-89e5-1955217aa85a HTTP/1.1" status: 200 len: 3638 time: 0.0296381
2026-05-27 10:39:11.766 11 INFO neutron.db.ovn_revision_numbers_db [None req-50255ef0-5981-4d65-b98c-ec7d7dd18e26 e1764593464c4aa78df777aa75f0e064 ea974855a7484f339df3e98ed07b1cd9 - - default default] Successfully bumped revision number for resource a3249edb-b247-43a7-880e-c77bda91be48 (type: security_group_rules) to 0
2026-05-27 10:39:11.803 11 INFO neutron.api.wsgi [None req-50255ef0-5981-4d65-b98c-ec7d7dd18e26 e1764593464c4aa78df777aa75f0e064 ea974855a7484f339df3e98ed07b1cd9 - - default default] 199.19.213.37,10.0.0.184 "POST /v2.0/security-group-rules HTTP/1.1" status: 201 len: 783 time: 0.1538072
2026-05-27 10:39:12.681 10 INFO neutron.api.wsgi [None req-a2a2a0c3-0cd2-4750-b8f0-ccf2e7a7798c e1764593464c4aa78df777aa75f0e064 ea974855a7484f339df3e98ed07b1cd9 - - default default] 199.19.213.37,10.0.0.184 "GET /v2.0/security-groups/5bc2c323-fdde-4078-89e5-1955217aa85a HTTP/1.1" status: 200 len: 4254 time: 0.0580704
2026-05-27 10:39:12.719 10 INFO neutron.api.wsgi [None req-371fe823-1832-4cab-b709-377b76d86333 e1764593464c4aa78df777aa75f0e064 ea974855a7484f339df3e98ed07b1cd9 - - default default] 199.19.213.37,10.0.0.184 "GET /v2.0/security-groups/5bc2c323-fdde-4078-89e5-1955217aa85a HTTP/1.1" status: 200 len: 4254 time: 0.0297139
2026-05-27 10:39:12.752 10 INFO neutron.api.wsgi [None req-7d93714e-e7df-43b0-a318-5b474e79663b e1764593464c4aa78df777aa75f0e064 ea974855a7484f339df3e98ed07b1cd9 - - default default] 199.19.213.37,10.0.0.184 "GET /v2.0/security-groups/5bc2c323-fdde-4078-89e5-1955217aa85a HTTP/1.1" status: 200 len: 4254 time: 0.0274005
2026-05-27 10:39:12.898 10 INFO neutron.db.ovn_revision_numbers_db [None req-7a1b4480-4ef4-496a-a2b3-cd7d467abe96 e1764593464c4aa78df777aa75f0e064 ea974855a7484f339df3e98ed07b1cd9 - - default default] Successfully bumped revision number for resource 3fdc0efb-e593-4cc1-917a-c70c19846df6 (type: security_group_rules) to 0
2026-05-27 10:39:12.927 10 INFO neutron.api.wsgi [None req-7a1b4480-4ef4-496a-a2b3-cd7d467abe96 e1764593464c4aa78df777aa75f0e064 ea974855a7484f339df3e98ed07b1cd9 - - default default] 199.19.213.37,10.0.0.184 "POST /v2.0/security-group-rules HTTP/1.1" status: 201 len: 783 time: 0.1686039
2026-05-27 10:39:14.016 10 INFO neutron.api.wsgi [None req-66299c56-869e-498a-a3a1-95ef35808d46 e1764593464c4aa78df777aa75f0e064 ea974855a7484f339df3e98ed07b1cd9 - - default default] 199.19.213.37,10.0.0.184 "GET /v2.0/networks/67b40d25-4bac-42c0-bbb1-965648c8ebe5 HTTP/1.1" status: 200 len: 909 time: 0.0675716
2026-05-27 10:39:14.040 10 INFO neutron.pecan_wsgi.hooks.translation [None req-062ba057-6137-443c-a217-5e94b608fd09 e1764593464c4aa78df777aa75f0e064 ea974855a7484f339df3e98ed07b1cd9 - - default default] GET failed (client error): The resource could not be found.
2026-05-27 10:39:14.042 10 INFO neutron.api.wsgi [None req-062ba057-6137-443c-a217-5e94b608fd09 e1764593464c4aa78df777aa75f0e064 ea974855a7484f339df3e98ed07b1cd9 - - default default] 199.19.213.37,10.0.0.184 "GET /v2.0/ports/octavia-health-manager-port-instance?network_id=67b40d25-4bac-42c0-bbb1-965648c8ebe5 HTTP/1.1" status: 404 len: 314 time: 0.0177090
2026-05-27 10:39:14.075 10 INFO neutron.api.wsgi [None req-a4a8af03-34b1-439a-a1d8-1d6ad7f23ee7 e1764593464c4aa78df777aa75f0e064 ea974855a7484f339df3e98ed07b1cd9 - - default default] 199.19.213.37,10.0.0.184 "GET /v2.0/ports?name=octavia-health-manager-port-instance&network_id=67b40d25-4bac-42c0-bbb1-965648c8ebe5 HTTP/1.1" status: 200 len: 186 time: 0.0287735
2026-05-27 10:39:14.116 10 INFO neutron.api.wsgi [None req-2763346c-58e7-447c-8581-115d5ef6dd6a e1764593464c4aa78df777aa75f0e064 ea974855a7484f339df3e98ed07b1cd9 - - default default] 199.19.213.37,10.0.0.184 "GET /v2.0/security-groups/5bc2c323-fdde-4078-89e5-1955217aa85a HTTP/1.1" status: 200 len: 4870 time: 0.0342119
2026-05-27 10:39:14.378 10 WARNING neutron.scheduler.dhcp_agent_scheduler [None req-7064ef8e-4b77-4adc-a35c-6389000f722e e1764593464c4aa78df777aa75f0e064 ea974855a7484f339df3e98ed07b1cd9 - - default default] No more DHCP agents
2026-05-27 10:39:14.379 10 WARNING neutron.api.rpc.agentnotifiers.dhcp_rpc_agent_api [None req-7064ef8e-4b77-4adc-a35c-6389000f722e e1764593464c4aa78df777aa75f0e064 ea974855a7484f339df3e98ed07b1cd9 - - default default] Unable to schedule network 67b40d25-4bac-42c0-bbb1-965648c8ebe5: no agents available; will retry on subsequent port and subnet creation events.
2026-05-27 10:39:14.475 10 INFO neutron.db.ovn_revision_numbers_db [None req-7064ef8e-4b77-4adc-a35c-6389000f722e e1764593464c4aa78df777aa75f0e064 ea974855a7484f339df3e98ed07b1cd9 - - default default] Successfully bumped revision number for resource 60371b22-bb09-4c39-be81-3bfb47575bd0 (type: ports) to 1
2026-05-27 10:39:14.500 10 INFO neutron.api.wsgi [None req-7064ef8e-4b77-4adc-a35c-6389000f722e e1764593464c4aa78df777aa75f0e064 ea974855a7484f339df3e98ed07b1cd9 - - default default] 199.19.213.37,10.0.0.184 "POST /v2.0/ports HTTP/1.1" status: 201 len: 1281 time: 0.3732510
2026-05-27 10:39:20.615 11 INFO neutron.pecan_wsgi.hooks.translation [None req-8cb92e5b-0813-48c0-9a64-27c87b805794 e1764593464c4aa78df777aa75f0e064 ea974855a7484f339df3e98ed07b1cd9 - - default default] GET failed (client error): The resource could not be found.
2026-05-27 10:39:20.616 11 INFO neutron.api.wsgi [None req-8cb92e5b-0813-48c0-9a64-27c87b805794 e1764593464c4aa78df777aa75f0e064 ea974855a7484f339df3e98ed07b1cd9 - - default default] 199.19.213.37,10.0.0.184 "GET /v2.0/ports/octavia-health-manager-port-instance HTTP/1.1" status: 404 len: 314 time: 0.0630460
2026-05-27 10:39:20.670 11 INFO neutron.api.wsgi [None req-096ab119-6883-4f8e-bdff-e8b66b826caf e1764593464c4aa78df777aa75f0e064 ea974855a7484f339df3e98ed07b1cd9 - - default default] 199.19.213.37,10.0.0.184 "GET /v2.0/ports?name=octavia-health-manager-port-instance HTTP/1.1" status: 200 len: 1279 time: 0.0493808
2026-05-27 10:39:21.091 11 INFO neutron.db.ovn_revision_numbers_db [None req-a8647b76-62d6-4ffa-a22c-0e2c8b5b96da e1764593464c4aa78df777aa75f0e064 ea974855a7484f339df3e98ed07b1cd9 - - default default] Successfully bumped revision number for resource 60371b22-bb09-4c39-be81-3bfb47575bd0 (type: ports) to 1
2026-05-27 10:39:21.369 11 INFO neutron.db.ovn_revision_numbers_db [None req-a8647b76-62d6-4ffa-a22c-0e2c8b5b96da e1764593464c4aa78df777aa75f0e064 ea974855a7484f339df3e98ed07b1cd9 - - default default] Successfully bumped revision number for resource 60371b22-bb09-4c39-be81-3bfb47575bd0 (type: ports) to 4
2026-05-27 10:39:21.386 11 INFO neutron.api.wsgi [None req-a8647b76-62d6-4ffa-a22c-0e2c8b5b96da e1764593464c4aa78df777aa75f0e064 ea974855a7484f339df3e98ed07b1cd9 - - default default] 199.19.213.37,10.0.0.184 "PUT /v2.0/ports/60371b22-bb09-4c39-be81-3bfb47575bd0 HTTP/1.1" status: 200 len: 1394 time: 0.7078831
2026-05-27 10:39:22.108 10 INFO neutron.api.wsgi [-] 10.0.0.184 "GET / HTTP/1.1" status: 200 len: 247 time: 0.0026186
2026-05-27 10:39:22.109 11 INFO neutron.api.wsgi [-] 10.0.0.184 "GET / HTTP/1.1" status: 200 len: 247 time: 0.0030453 /var/lib/openstack/lib/python3.12/site-packages/pycadf/identifier.py:71: UserWarning: Invalid uuid: unknown. To ensure interoperability, identifiers should be a valid uuid. warnings.warn(('Invalid uuid: %s. To ensure interoperability, '
2026-05-27 10:39:22.963 10 INFO neutron.api.wsgi [None req-93211419-b0fd-47db-bbff-3116cf00a4df e1764593464c4aa78df777aa75f0e064 ea974855a7484f339df3e98ed07b1cd9 - - default default] 199.19.213.37,10.0.0.184 "GET /v2.0/ports HTTP/1.1" status: 200 len: 3511 time: 0.0842743 /var/lib/openstack/lib/python3.12/site-packages/pycadf/identifier.py:71: UserWarning: Invalid uuid: unknown. To ensure interoperability, identifiers should be a valid uuid. warnings.warn(('Invalid uuid: %s. To ensure interoperability, '
2026-05-27 10:39:24.019 11 INFO neutron.api.v2.resource [None req-43dc33f0-9e2d-4164-8a1f-b680806462aa e1764593464c4aa78df777aa75f0e064 ea974855a7484f339df3e98ed07b1cd9 - - default default] show failed (client error): The resource could not be found.
2026-05-27 10:39:24.020 11 INFO neutron.api.wsgi [None req-43dc33f0-9e2d-4164-8a1f-b680806462aa e1764593464c4aa78df777aa75f0e064 ea974855a7484f339df3e98ed07b1cd9 - - default default] 199.19.213.37,10.0.0.184 "GET /v2.0/security-groups/lb-mgmt-sec-grp HTTP/1.1" status: 404 len: 307 time: 0.0470753
2026-05-27 10:39:24.048 11 INFO neutron.api.wsgi [None req-13a88ed1-3b4e-4657-aa61-56716386893c e1764593464c4aa78df777aa75f0e064 ea974855a7484f339df3e98ed07b1cd9 - - default default] 199.19.213.37,10.0.0.184 "GET /v2.0/security-groups?name=lb-mgmt-sec-grp HTTP/1.1" status: 200 len: 197 time: 0.0236382
2026-05-27 10:39:24.177 11 INFO neutron.db.ovn_revision_numbers_db [None req-c9d9570d-c98b-4013-a5e1-772ccf6d61f5 e1764593464c4aa78df777aa75f0e064 ea974855a7484f339df3e98ed07b1cd9 - - default default] Successfully bumped revision number for resource 276f69c1-849b-4f15-af86-f134b4293bc9 (type: security_groups) to 1
2026-05-27 10:39:24.191 11 INFO neutron.db.ovn_revision_numbers_db [None req-c9d9570d-c98b-4013-a5e1-772ccf6d61f5 e1764593464c4aa78df777aa75f0e064 ea974855a7484f339df3e98ed07b1cd9 - - default default] Successfully bumped revision number for resource 0815d7cc-567b-40cc-95cc-9c39a33c4c64 (type: security_group_rules) to 0
2026-05-27 10:39:24.209 11 INFO neutron.db.ovn_revision_numbers_db [None req-c9d9570d-c98b-4013-a5e1-772ccf6d61f5 e1764593464c4aa78df777aa75f0e064 ea974855a7484f339df3e98ed07b1cd9 - - default default] Successfully bumped revision number for resource 6c83a6e4-8e2f-47d5-aede-06c204852939 (type: security_group_rules) to 0
2026-05-27 10:39:24.244 11 INFO neutron.api.wsgi [None req-c9d9570d-c98b-4013-a5e1-772ccf6d61f5 e1764593464c4aa78df777aa75f0e064 ea974855a7484f339df3e98ed07b1cd9 - - default default] 199.19.213.37,10.0.0.184 "POST /v2.0/security-groups HTTP/1.1" status: 201 len: 1791 time: 0.1872115
2026-05-27 10:39:25.250 10 INFO neutron.api.wsgi [None req-71b37adc-64f7-49d7-80d4-50fce1daf62a e1764593464c4aa78df777aa75f0e064 ea974855a7484f339df3e98ed07b1cd9 - - default default] 199.19.213.37,10.0.0.184 "GET /v2.0/security-groups/276f69c1-849b-4f15-af86-f134b4293bc9 HTTP/1.1" status: 200 len: 1786 time: 0.0556045
2026-05-27 10:39:25.280 10 INFO neutron.api.wsgi [None req-992a5119-8119-4672-964a-fdb9b17aac47 e1764593464c4aa78df777aa75f0e064 ea974855a7484f339df3e98ed07b1cd9 - - default default] 199.19.213.37,10.0.0.184 "GET /v2.0/security-groups/276f69c1-849b-4f15-af86-f134b4293bc9 HTTP/1.1" status: 200 len: 1786 time: 0.0216861
2026-05-27 10:39:25.309 10 INFO neutron.api.wsgi [None req-81c639f9-8261-45e0-90b0-10c5dbd2d0a6 e1764593464c4aa78df777aa75f0e064 ea974855a7484f339df3e98ed07b1cd9 - - default default] 199.19.213.37,10.0.0.184 "GET /v2.0/security-groups/276f69c1-849b-4f15-af86-f134b4293bc9 HTTP/1.1" status: 200 len: 1786 time: 0.0221643
2026-05-27 10:39:25.418 10 INFO neutron.db.ovn_revision_numbers_db [None req-ccb0b48f-bf01-422b-97d7-0fe50ad46127 e1764593464c4aa78df777aa75f0e064 ea974855a7484f339df3e98ed07b1cd9 - - default default] Successfully bumped revision number for resource 36202128-3cf1-4ff1-9dd9-8282ea0c0767 (type: security_group_rules) to 0
2026-05-27 10:39:25.453 10 INFO neutron.api.wsgi [None req-ccb0b48f-bf01-422b-97d7-0fe50ad46127 e1764593464c4aa78df777aa75f0e064 ea974855a7484f339df3e98ed07b1cd9 - - default default] 199.19.213.37,10.0.0.184 "POST /v2.0/security-group-rules HTTP/1.1" status: 201 len: 803 time: 0.1364169
2026-05-27 10:39:26.371 10 INFO neutron.api.wsgi [None req-30401ff2-71a4-4abc-9ee4-b92e88f9648a e1764593464c4aa78df777aa75f0e064 ea974855a7484f339df3e98ed07b1cd9 - - default default] 199.19.213.37,10.0.0.184 "GET /v2.0/security-groups/276f69c1-849b-4f15-af86-f134b4293bc9 HTTP/1.1" status: 200 len: 2422 time: 0.0610147
2026-05-27 10:39:26.405 10 INFO neutron.api.wsgi [None req-0689b285-5054-4597-a0a5-2d8dcb1b51c6 e1764593464c4aa78df777aa75f0e064 ea974855a7484f339df3e98ed07b1cd9 - - default default] 199.19.213.37,10.0.0.184 "GET /v2.0/security-groups/276f69c1-849b-4f15-af86-f134b4293bc9 HTTP/1.1" status: 200 len: 2422 time: 0.0272377
2026-05-27 10:39:26.432 10 INFO neutron.api.wsgi [None req-982a1ac9-1005-4435-9e7e-be9665137f8c e1764593464c4aa78df777aa75f0e064 ea974855a7484f339df3e98ed07b1cd9 - - default default] 199.19.213.37,10.0.0.184 "GET /v2.0/security-groups/276f69c1-849b-4f15-af86-f134b4293bc9 HTTP/1.1" status: 200 len: 2422 time: 0.0220203
2026-05-27 10:39:26.560 10 INFO neutron.db.ovn_revision_numbers_db [None req-08351232-c7e2-4a07-80a8-40b8238f23cc e1764593464c4aa78df777aa75f0e064 ea974855a7484f339df3e98ed07b1cd9 - - default default] Successfully bumped revision number for resource ec7431ef-5bca-4f3a-a3f2-a2161239398c (type: security_group_rules) to 0
2026-05-27 10:39:26.590 10 INFO neutron.api.wsgi [None req-08351232-c7e2-4a07-80a8-40b8238f23cc e1764593464c4aa78df777aa75f0e064 ea974855a7484f339df3e98ed07b1cd9 - - default default] 199.19.213.37,10.0.0.184 "POST /v2.0/security-group-rules HTTP/1.1" status: 201 len: 807 time: 0.1506314
2026-05-27 10:39:37.106 10 INFO neutron.api.wsgi [-] 10.0.0.184 "GET / HTTP/1.1" status: 200 len: 247 time: 0.0022168
2026-05-27 10:39:37.106 11 INFO neutron.api.wsgi [-] 10.0.0.184 "GET / HTTP/1.1" status: 200 len: 247 time: 0.0021956
2026-05-27 10:39:52.107 10 INFO neutron.api.wsgi [-] 10.0.0.184 "GET / HTTP/1.1" status: 200 len: 247 time: 0.0025930
2026-05-27 10:39:52.108 11 INFO neutron.api.wsgi [-] 10.0.0.184 "GET / HTTP/1.1" status: 200 len: 247 time: 0.0035267
2026-05-27 10:40:07.109 11 INFO neutron.api.wsgi [-] 10.0.0.184 "GET / HTTP/1.1" status: 200 len: 247 time: 0.0040562
2026-05-27 10:40:07.132 10 INFO neutron.api.wsgi [-] 10.0.0.184 "GET / HTTP/1.1" status: 200 len: 247 time: 0.0135372
2026-05-27 10:40:22.108 11 INFO neutron.api.wsgi [-] 10.0.0.184 "GET / HTTP/1.1" status: 200 len: 247 time: 0.0027018
2026-05-27 10:40:22.108 10 INFO neutron.api.wsgi [-] 10.0.0.184 "GET / HTTP/1.1" status: 200 len: 247 time: 0.0027683
2026-05-27 10:40:31.084 10 INFO neutron.api.wsgi [None req-019f2847-985a-4059-bb7d-8ce795f058b4 e1764593464c4aa78df777aa75f0e064 ea974855a7484f339df3e98ed07b1cd9 - - default default] 199.19.213.37,10.0.0.184 "GET /v2.0/quotas/ea974855a7484f339df3e98ed07b1cd9 HTTP/1.1" status: 200 len: 467 time: 0.0149033 /var/lib/openstack/lib/python3.12/site-packages/neutron/extensions/quotasv2.py:139: UserWarning: Neutron quota engine will require "--force" parameter to set a quota limit without checking the resource usage. warnings.warn('Neutron quota engine will require "--force" '
2026-05-27 10:40:31.469 10 INFO neutron.api.wsgi [None req-e38a9659-4023-4cfe-8c2d-2c4426b4d73d e1764593464c4aa78df777aa75f0e064 ea974855a7484f339df3e98ed07b1cd9 - - default default] 199.19.213.37,10.0.0.184 "PUT /v2.0/quotas/ea974855a7484f339df3e98ed07b1cd9 HTTP/1.1" status: 200 len: 466 time: 0.0293620
2026-05-27 10:40:37.106 11 INFO neutron.api.wsgi [-] 10.0.0.184 "GET / HTTP/1.1" status: 200 len: 247 time: 0.0017879
2026-05-27 10:40:37.107 10 INFO neutron.api.wsgi [-] 10.0.0.184 "GET / HTTP/1.1" status: 200 len: 247 time: 0.0025706
2026-05-27 10:40:52.107 11 INFO neutron.api.wsgi [-] 10.0.0.184 "GET / HTTP/1.1" status: 200 len: 247 time: 0.0026484
2026-05-27 10:40:52.108 10 INFO neutron.api.wsgi [-] 10.0.0.184 "GET / HTTP/1.1" status: 200 len: 247 time: 0.0030112
2026-05-27 10:41:07.108 11 INFO neutron.api.wsgi [-] 10.0.0.184 "GET / HTTP/1.1" status: 200 len: 247 time: 0.0023031
2026-05-27 10:41:07.108 10 INFO neutron.api.wsgi [-] 10.0.0.184 "GET / HTTP/1.1" status: 200 len: 247 time: 0.0028584
2026-05-27 10:41:22.107 11 INFO neutron.api.wsgi [-] 10.0.0.184 "GET / HTTP/1.1" status: 200 len: 247 time: 0.0024087
2026-05-27 10:41:22.107 10 INFO neutron.api.wsgi [-] 10.0.0.184 "GET / HTTP/1.1" status: 200 len: 247 time: 0.0024116
2026-05-27 10:41:37.109 11 INFO neutron.api.wsgi [-] 10.0.0.184 "GET / HTTP/1.1" status: 200 len: 247 time: 0.0036366
2026-05-27 10:41:37.112 11 INFO neutron.api.wsgi [-] 10.0.0.184 "GET / HTTP/1.1" status: 200 len: 247 time: 0.0022626
2026-05-27 10:41:52.106 11 INFO neutron.api.wsgi [-] 10.0.0.184 "GET / HTTP/1.1" status: 200 len: 247 time: 0.0019872
2026-05-27 10:41:52.108 11 INFO neutron.api.wsgi [-] 10.0.0.184 "GET / HTTP/1.1" status: 200 len: 247 time: 0.0013547
2026-05-27 10:42:07.107 10 INFO neutron.api.wsgi [-] 10.0.0.184 "GET / HTTP/1.1" status: 200 len: 247 time: 0.0016272
2026-05-27 10:42:07.107 11 INFO neutron.api.wsgi [-] 10.0.0.184 "GET / HTTP/1.1" status: 200 len: 247 time: 0.0022614
2026-05-27 10:42:22.106 10 INFO neutron.api.wsgi [-] 10.0.0.184 "GET / HTTP/1.1" status: 200 len: 247 time: 0.0016284
2026-05-27 10:42:22.107 11 INFO neutron.api.wsgi [-] 10.0.0.184 "GET / HTTP/1.1" status: 200 len: 247 time: 0.0023162
2026-05-27 10:42:37.108 11 INFO neutron.api.wsgi [-] 10.0.0.184 "GET / HTTP/1.1" status: 200 len: 247 time: 0.0026212
2026-05-27 10:42:37.110 10 INFO neutron.api.wsgi [-] 10.0.0.184 "GET / HTTP/1.1" status: 200 len: 247 time: 0.0039308 /var/lib/openstack/lib/python3.12/site-packages/pycadf/identifier.py:71: UserWarning: Invalid uuid: neutron. To ensure interoperability, identifiers should be a valid uuid. warnings.warn(('Invalid uuid: %s. To ensure interoperability, '
2026-05-27 10:42:41.757 10 INFO neutron.pecan_wsgi.hooks.translation [None req-be89674c-eaf6-46e0-b192-ff8eeb5d15ee e1764593464c4aa78df777aa75f0e064 ea974855a7484f339df3e98ed07b1cd9 - - default default] GET failed (client error): The resource could not be found.
2026-05-27 10:42:41.758 10 INFO neutron.api.wsgi [None req-be89674c-eaf6-46e0-b192-ff8eeb5d15ee e1764593464c4aa78df777aa75f0e064 ea974855a7484f339df3e98ed07b1cd9 - - default default] 199.19.213.37 "GET /v2.0/ports/octavia-health-manager-port-instance HTTP/1.1" status: 404 len: 338 time: 0.1400299
2026-05-27 10:42:41.833 10 INFO neutron.api.wsgi [None req-66fae0bd-6488-4ff6-a7d0-58216cbda688 e1764593464c4aa78df777aa75f0e064 ea974855a7484f339df3e98ed07b1cd9 - - default default] 199.19.213.37 "GET /v2.0/ports?name=octavia-health-manager-port-instance HTTP/1.1" status: 200 len: 1421 time: 0.0697713 /var/lib/openstack/lib/python3.12/site-packages/pycadf/identifier.py:71: UserWarning: Invalid uuid: neutron. To ensure interoperability, identifiers should be a valid uuid. warnings.warn(('Invalid uuid: %s. To ensure interoperability, '
2026-05-27 10:42:43.568 11 INFO neutron.pecan_wsgi.hooks.translation [None req-b16e9b05-0f73-4464-885a-847152ca34b6 e1764593464c4aa78df777aa75f0e064 ea974855a7484f339df3e98ed07b1cd9 - - default default] GET failed (client error): The resource could not be found.
2026-05-27 10:42:43.571 11 INFO neutron.api.wsgi [None req-b16e9b05-0f73-4464-885a-847152ca34b6 e1764593464c4aa78df777aa75f0e064 ea974855a7484f339df3e98ed07b1cd9 - - default default] 199.19.213.37 "GET /v2.0/ports/octavia-health-manager-port-instance HTTP/1.1" status: 404 len: 338 time: 0.0723193
2026-05-27 10:42:43.610 11 INFO neutron.api.wsgi [None req-0481aa9c-60f6-42bd-af09-c294dcee104e e1764593464c4aa78df777aa75f0e064 ea974855a7484f339df3e98ed07b1cd9 - - default default] 199.19.213.37 "GET /v2.0/ports?name=octavia-health-manager-port-instance HTTP/1.1" status: 200 len: 1421 time: 0.0326631
2026-05-27 10:42:45.122 10 INFO neutron.plugins.ml2.drivers.ovn.mech_driver.mech_driver [-] OVN reports status up for port: 60371b22-bb09-4c39-be81-3bfb47575bd0
2026-05-27 10:42:45.136 10 INFO neutron.plugins.ml2.plugin [None req-82c98eb8-43e9-448c-9291-01b9b087c469 - - - - - -] Attempt 1 to provision port 60371b22-bb09-4c39-be81-3bfb47575bd0
2026-05-27 10:42:45.380 10 INFO neutron.db.ovn_revision_numbers_db [None req-82c98eb8-43e9-448c-9291-01b9b087c469 - - - - - -] Successfully bumped revision number for resource 60371b22-bb09-4c39-be81-3bfb47575bd0 (type: ports) to 5
2026-05-27 10:42:52.108 11 INFO neutron.api.wsgi [-] 10.0.0.184 "GET / HTTP/1.1" status: 200 len: 247 time: 0.0024812
2026-05-27 10:42:52.110 11 INFO neutron.api.wsgi [-] 10.0.0.184 "GET / HTTP/1.1" status: 200 len: 247 time: 0.0013955
2026-05-27 10:43:07.106 11 INFO neutron.api.wsgi [-] 10.0.0.184 "GET / HTTP/1.1" status: 200 len: 247 time: 0.0022302
2026-05-27 10:43:07.107 10 INFO neutron.api.wsgi [-] 10.0.0.184 "GET / HTTP/1.1" status: 200 len: 247 time: 0.0022361
2026-05-27 10:43:22.107 11 INFO neutron.api.wsgi [-] 10.0.0.184 "GET / HTTP/1.1" status: 200 len: 247 time: 0.0019443
