2026-05-27 11:08:58.905 10 INFO neutron.api.wsgi [None req-25b3292a-ace4-4f9d-bc33-514d0eb139a3 e1764593464c4aa78df777aa75f0e064 ea974855a7484f339df3e98ed07b1cd9 - - default default] 10.0.0.9 "GET /v2.0/security-groups?tenant_id=ab3d5a1f36ba43b481c0662bc93e4f77&name=default HTTP/1.1" status: 200 len: 3120 time: 0.1878138
2026-05-27 11:08:58.956 11 INFO neutron.db.ovn_revision_numbers_db [None req-c485cbea-9927-4915-937b-3273ac218779 c83a80949a27480ba51625d489bc9ee2 ec939d8c5a2847f9b159586d326ed3e7 - - default default] Successfully bumped revision number for resource 8bbc4afe-499d-4659-85a8-aa5447d43d76 (type: ports) to 1
2026-05-27 11:08:58.991 11 INFO neutron.api.wsgi [None req-c485cbea-9927-4915-937b-3273ac218779 c83a80949a27480ba51625d489bc9ee2 ec939d8c5a2847f9b159586d326ed3e7 - - default default] 10.0.0.9 "POST /v2.0/networks HTTP/1.1" status: 201 len: 843 time: 0.5357108
2026-05-27 11:08:59.126 10 INFO neutron.api.wsgi [None req-ec229f06-2b45-4f1b-99c0-a6cc02fa259e e1764593464c4aa78df777aa75f0e064 ea974855a7484f339df3e98ed07b1cd9 - - default default] 10.0.0.9 "DELETE /v2.0/security-groups/8f19d628-1037-4282-a3c9-86b96febc4af HTTP/1.1" status: 204 len: 168 time: 0.2153120
2026-05-27 11:08:59.389 10 INFO neutron.db.ovn_revision_numbers_db [None req-ae600df8-0265-4173-801f-4970cf957b28 e1764593464c4aa78df777aa75f0e064 ea974855a7484f339df3e98ed07b1cd9 - - default default] Successfully bumped revision number for resource 3248b7b1-80d4-4291-8de7-79f5fd87b600 (type: security_groups) to 1
2026-05-27 11:08:59.421 10 INFO neutron.db.ovn_revision_numbers_db [None req-ae600df8-0265-4173-801f-4970cf957b28 e1764593464c4aa78df777aa75f0e064 ea974855a7484f339df3e98ed07b1cd9 - - default default] Successfully bumped revision number for resource b56797b3-2815-4599-8e98-e0555b44c084 (type: security_group_rules) to 0
2026-05-27 11:08:59.435 10 INFO neutron.db.ovn_revision_numbers_db [None req-ae600df8-0265-4173-801f-4970cf957b28 e1764593464c4aa78df777aa75f0e064 ea974855a7484f339df3e98ed07b1cd9 - - default default] Successfully bumped revision number for resource c9bcfb87-2f12-4ceb-8f0a-f3e38e60dd49 (type: security_group_rules) to 0
2026-05-27 11:08:59.448 10 INFO neutron.db.ovn_revision_numbers_db [None req-ae600df8-0265-4173-801f-4970cf957b28 e1764593464c4aa78df777aa75f0e064 ea974855a7484f339df3e98ed07b1cd9 - - default default] Successfully bumped revision number for resource e8105445-89a8-4729-87e0-9259ae17e154 (type: security_group_rules) to 0
2026-05-27 11:08:59.468 10 INFO neutron.db.ovn_revision_numbers_db [None req-ae600df8-0265-4173-801f-4970cf957b28 e1764593464c4aa78df777aa75f0e064 ea974855a7484f339df3e98ed07b1cd9 - - default default] Successfully bumped revision number for resource ed302fdb-4823-479e-a314-bc607787b3d5 (type: security_group_rules) to 0
2026-05-27 11:08:59.528 11 INFO neutron.plugins.ml2.drivers.ovn.mech_driver.mech_driver [None req-6e41c2d9-6a49-4ebc-9f72-9be1618c518a - - - - - -] OVN reports status up for port: b5f0cc38-c250-41f9-a0cb-e4386b1344e8
2026-05-27 11:08:59.528 10 INFO neutron.api.wsgi [None req-ae600df8-0265-4173-801f-4970cf957b28 e1764593464c4aa78df777aa75f0e064 ea974855a7484f339df3e98ed07b1cd9 - - default default] 10.0.0.9 "GET /v2.0/security-groups?tenant_id=15a2cb704e4245e39e693d177d54fe9e&name=default HTTP/1.1" status: 200 len: 3120 time: 0.2726235
2026-05-27 11:08:59.543 11 INFO neutron.plugins.ml2.plugin [None req-6e41c2d9-6a49-4ebc-9f72-9be1618c518a - - - - - -] Attempt 1 to provision port b5f0cc38-c250-41f9-a0cb-e4386b1344e8
2026-05-27 11:08:59.613 11 INFO neutron.db.ovn_revision_numbers_db [None req-07cbca63-dfbf-435c-b198-3b010ac32677 c83a80949a27480ba51625d489bc9ee2 ec939d8c5a2847f9b159586d326ed3e7 - - default default] Successfully bumped revision number for resource 4d95f788-e75d-4d73-a280-d7e0de8d34b3 (type: networks) to 2
2026-05-27 11:08:59.617 11 INFO neutron.api.wsgi [None req-07cbca63-dfbf-435c-b198-3b010ac32677 c83a80949a27480ba51625d489bc9ee2 ec939d8c5a2847f9b159586d326ed3e7 - - default default] 10.0.0.9 "PUT /v2.0/networks/4d95f788-e75d-4d73-a280-d7e0de8d34b3 HTTP/1.1" status: 200 len: 792 time: 0.6204865
2026-05-27 11:08:59.630 11 WARNING neutron_lib.context [None req-d7004ed3-9102-4960-b8f5-0c13ae579246 c83a80949a27480ba51625d489bc9ee2 ec939d8c5a2847f9b159586d326ed3e7 - - default default] Method 'is_advsvc' is deprecated since 2023.2 release (neutron-lib 3.8.0) and will be removed once support for the old RBAC API policies will be removed from Neutron. Please use method 'is_service_role' instead.
2026-05-27 11:08:59.643 10 INFO neutron.api.wsgi [req-82a17bd7-9961-4e6e-9a2c-dd23caa1f0ff req-36050bdc-5920-4c80-8e16-77a27c2e32a9 636542bf9c244871be7da67191878161 27cebbca587240ea9794a2e6ffa559b2 - - default default] 10.0.0.91 "GET /v2.0/ports?device_id=b9587a2c-fdb6-48b0-83dc-8bf143ead0e0 HTTP/1.1" status: 200 len: 1168 time: 0.0585361
2026-05-27 11:08:59.686 11 INFO neutron.notifiers.nova [-] Nova event matching ['req-1522dc58-9085-488e-a4a5-300aa70e970f'] response: {'server_uuid': 'b9587a2c-fdb6-48b0-83dc-8bf143ead0e0', 'name': 'network-vif-plugged', 'status': 'completed', 'tag': 'b5f0cc38-c250-41f9-a0cb-e4386b1344e8', 'code': 200}
2026-05-27 11:08:59.693 10 INFO neutron.api.wsgi [req-82a17bd7-9961-4e6e-9a2c-dd23caa1f0ff req-0ddc54ca-d0f1-4684-864d-dc6c15faeeec 636542bf9c244871be7da67191878161 27cebbca587240ea9794a2e6ffa559b2 - - default default] 10.0.0.91 "GET /v2.0/security-groups?id=5f1653a3-2497-44d5-b51c-997700676e71&fields=id&fields=name HTTP/1.1" status: 200 len: 312 time: 0.0446186
2026-05-27 11:08:59.823 10 INFO neutron.api.wsgi [None req-fcedacd7-6055-454e-9c1e-23c889e574b6 e1764593464c4aa78df777aa75f0e064 ea974855a7484f339df3e98ed07b1cd9 - - default default] 10.0.0.9 "DELETE /v2.0/security-groups/3248b7b1-80d4-4291-8de7-79f5fd87b600 HTTP/1.1" status: 204 len: 168 time: 0.2884636
2026-05-27 11:08:59.847 11 INFO neutron.db.ovn_revision_numbers_db [None req-6e41c2d9-6a49-4ebc-9f72-9be1618c518a - - - - - -] Successfully bumped revision number for resource b5f0cc38-c250-41f9-a0cb-e4386b1344e8 (type: ports) to 5
2026-05-27 11:08:59.883 11 WARNING neutron.scheduler.dhcp_agent_scheduler [None req-d7004ed3-9102-4960-b8f5-0c13ae579246 c83a80949a27480ba51625d489bc9ee2 ec939d8c5a2847f9b159586d326ed3e7 - - default default] No more DHCP agents
2026-05-27 11:08:59.884 11 WARNING neutron.api.rpc.agentnotifiers.dhcp_rpc_agent_api [None req-d7004ed3-9102-4960-b8f5-0c13ae579246 c83a80949a27480ba51625d489bc9ee2 ec939d8c5a2847f9b159586d326ed3e7 - - default default] Unable to schedule network 4d95f788-e75d-4d73-a280-d7e0de8d34b3: no agents available; will retry on subsequent port and subnet creation events.
2026-05-27 11:09:00.320 11 INFO neutron.db.ovn_revision_numbers_db [None req-98dc815b-47fd-4567-94fe-512f5e04cfa4 - - - - - -] Successfully bumped revision number for resource 8bbc4afe-499d-4659-85a8-aa5447d43d76 (type: ports) to 2
2026-05-27 11:09:00.347 11 INFO neutron.db.ovn_revision_numbers_db [None req-98dc815b-47fd-4567-94fe-512f5e04cfa4 - - - - - -] Successfully bumped revision number for resource 8f3ed950-f156-4140-b561-ecd35fd5aa8f (type: subnets) to 0
2026-05-27 11:09:00.361 11 INFO neutron.api.wsgi [None req-d7004ed3-9102-4960-b8f5-0c13ae579246 c83a80949a27480ba51625d489bc9ee2 ec939d8c5a2847f9b159586d326ed3e7 - - default default] 10.0.0.9 "POST /v2.0/subnets HTTP/1.1" status: 201 len: 825 time: 0.7379107 /var/lib/openstack/lib/python3.12/site-packages/pycadf/identifier.py:71: UserWarning: Invalid uuid: neutron. To ensure interoperability, identifiers should be a valid uuid. warnings.warn(('Invalid uuid: %s. To ensure interoperability, '
2026-05-27 11:09:00.609 11 INFO neutron.db.ovn_revision_numbers_db [None req-23bb0657-e954-47a3-9e22-f5591621ce12 c83a80949a27480ba51625d489bc9ee2 ec939d8c5a2847f9b159586d326ed3e7 - - default default] Successfully bumped revision number for resource 8f3ed950-f156-4140-b561-ecd35fd5aa8f (type: subnets) to 1
2026-05-27 11:09:00.615 11 INFO neutron.api.wsgi [None req-23bb0657-e954-47a3-9e22-f5591621ce12 c83a80949a27480ba51625d489bc9ee2 ec939d8c5a2847f9b159586d326ed3e7 - - default default] 10.0.0.9 "PUT /v2.0/subnets/8f3ed950-f156-4140-b561-ecd35fd5aa8f HTTP/1.1" status: 200 len: 830 time: 0.2499011
2026-05-27 11:09:00.808 10 INFO neutron.api.wsgi [req-c7e3f7cf-cdaf-4606-9122-82ecfb794bbf req-adb56595-56b4-4374-af55-39df0c404669 636542bf9c244871be7da67191878161 27cebbca587240ea9794a2e6ffa559b2 - - default default] 10.0.0.91 "GET /v2.0/ports?device_id=b9587a2c-fdb6-48b0-83dc-8bf143ead0e0 HTTP/1.1" status: 200 len: 1170 time: 0.0441833
2026-05-27 11:09:00.852 10 INFO neutron.api.wsgi [req-c7e3f7cf-cdaf-4606-9122-82ecfb794bbf req-a712fe36-70fe-467c-9764-47fefd9142a0 636542bf9c244871be7da67191878161 27cebbca587240ea9794a2e6ffa559b2 - - default default] 10.0.0.91 "GET /v2.0/security-groups?id=5f1653a3-2497-44d5-b51c-997700676e71&fields=id&fields=name HTTP/1.1" status: 200 len: 312 time: 0.0360773
2026-05-27 11:09:01.060 11 INFO neutron.services.segments.plugin [-] Segment a263624f-c1d8-44a3-b51e-cedfd6cb1e84 resource provider aggregate not found
2026-05-27 11:09:01.064 11 INFO neutron.services.segments.plugin [-] Segment a263624f-c1d8-44a3-b51e-cedfd6cb1e84 resource provider aggregate not found
2026-05-27 11:09:01.080 11 INFO neutron.services.segments.plugin [-] Segment a263624f-c1d8-44a3-b51e-cedfd6cb1e84 resource provider not found; error: Placement Client Error (4xx): {"errors": [{"status": 404, "title": "Not Found", "detail": "The resource could not be found.\n\n No resource provider with uuid a263624f-c1d8-44a3-b51e-cedfd6cb1e84 found for delete ", "request_id": "req-9da5b9e0-5966-42c1-a554-6e39c624ce03"}]}
2026-05-27 11:09:01.082 11 INFO neutron.services.segments.plugin [-] Segment a263624f-c1d8-44a3-b51e-cedfd6cb1e84 resource provider not found; error: Placement Client Error (4xx): {"errors": [{"status": 404, "title": "Not Found", "detail": "The resource could not be found.\n\n No resource provider with uuid a263624f-c1d8-44a3-b51e-cedfd6cb1e84 found for delete ", "request_id": "req-27911c75-91d2-41d9-a206-d7e5a8941198"}]}
2026-05-27 11:09:01.115 11 INFO neutron.api.wsgi [None req-4654e90d-9663-4348-9736-9d1c49b82196 c83a80949a27480ba51625d489bc9ee2 ec939d8c5a2847f9b159586d326ed3e7 - - default default] 10.0.0.9 "DELETE /v2.0/networks/4d95f788-e75d-4d73-a280-d7e0de8d34b3 HTTP/1.1" status: 204 len: 168 time: 0.4947097
2026-05-27 11:09:01.133 11 INFO neutron.pecan_wsgi.hooks.translation [None req-c4df2a56-6361-4112-bea3-4c7a582a9649 c83a80949a27480ba51625d489bc9ee2 ec939d8c5a2847f9b159586d326ed3e7 - - default default] DELETE failed (client error): The resource could not be found.
2026-05-27 11:09:01.136 11 INFO neutron.api.wsgi [None req-c4df2a56-6361-4112-bea3-4c7a582a9649 c83a80949a27480ba51625d489bc9ee2 ec939d8c5a2847f9b159586d326ed3e7 - - default default] 10.0.0.9 "DELETE /v2.0/networks/4d95f788-e75d-4d73-a280-d7e0de8d34b3 HTTP/1.1" status: 404 len: 339 time: 0.0137095
2026-05-27 11:09:01.218 10 INFO neutron.api.wsgi [None req-f4a3bd9b-19c0-42c8-bbf9-edb4ea250977 c83a80949a27480ba51625d489bc9ee2 ec939d8c5a2847f9b159586d326ed3e7 - - default default] 10.0.0.9 "GET /v2.0/networks?router%3Aexternal=True HTTP/1.1" status: 200 len: 845 time: 0.0756192
2026-05-27 11:09:01.266 10 INFO neutron.api.wsgi [None req-c75ea288-c44b-44d8-9361-333fbf696aa2 c83a80949a27480ba51625d489bc9ee2 ec939d8c5a2847f9b159586d326ed3e7 - - default default] 10.0.0.9 "GET /v2.0/subnets?network_id=1644c29e-3c19-456c-a085-53701fa5b8c7 HTTP/1.1" status: 200 len: 843 time: 0.0422397
2026-05-27 11:09:01.279 10 INFO neutron.api.wsgi [None req-ee726a14-f348-4e5f-952c-6df21fe913c0 c83a80949a27480ba51625d489bc9ee2 ec939d8c5a2847f9b159586d326ed3e7 - - default default] 10.0.0.9 "GET /v2.0/extensions HTTP/1.1" status: 200 len: 19293 time: 0.0071740
2026-05-27 11:09:01.344 10 INFO neutron.api.wsgi [None req-50181ec4-bac7-4d1e-8b4b-c7d3a5eabfc4 c83a80949a27480ba51625d489bc9ee2 ec939d8c5a2847f9b159586d326ed3e7 - - default default] 10.0.0.9 "GET /v2.0/networks HTTP/1.1" status: 200 len: 1504 time: 0.0567472
2026-05-27 11:09:01.386 10 INFO neutron.api.wsgi [None req-cc47c7d9-ea01-4426-a963-1db54dd95033 c83a80949a27480ba51625d489bc9ee2 ec939d8c5a2847f9b159586d326ed3e7 - - default default] 10.0.0.9 "GET /v2.0/subnets HTTP/1.1" status: 200 len: 1475 time: 0.0343547
2026-05-27 11:09:01.442 10 INFO neutron.api.wsgi [None req-da00be5c-1123-47ab-9475-ee8498330795 c83a80949a27480ba51625d489bc9ee2 ec939d8c5a2847f9b159586d326ed3e7 - - default default] 10.0.0.9 "GET /v2.0/networks/d051ce86-770d-431c-a2be-17b41cb96528 HTTP/1.1" status: 200 len: 863 time: 0.0496428
2026-05-27 11:09:01.472 10 INFO neutron.api.wsgi [None req-bab9a25c-8e9f-4553-8cc1-81dd1f5b099c c83a80949a27480ba51625d489bc9ee2 ec939d8c5a2847f9b159586d326ed3e7 - - default default] 10.0.0.9 "GET /v2.0/subnets/e7a48608-00f3-464b-9abd-1551c9e34bcf HTTP/1.1" status: 200 len: 835 time: 0.0240841
2026-05-27 11:09:01.491 10 INFO neutron.pecan_wsgi.hooks.translation [None req-d56bfef5-7d1a-4dc0-934d-075f7037b26d c83a80949a27480ba51625d489bc9ee2 ec939d8c5a2847f9b159586d326ed3e7 - - default default] DELETE failed (client error): The resource could not be found.
2026-05-27 11:09:01.495 10 INFO neutron.api.wsgi [None req-d56bfef5-7d1a-4dc0-934d-075f7037b26d c83a80949a27480ba51625d489bc9ee2 ec939d8c5a2847f9b159586d326ed3e7 - - default default] 10.0.0.9 "DELETE /v2.0/subnets/8f3ed950-f156-4140-b561-ecd35fd5aa8f HTTP/1.1" status: 404 len: 337 time: 0.0150604
2026-05-27 11:09:01.510 10 INFO neutron.pecan_wsgi.hooks.translation [None req-95a7879f-de65-4fb0-9dd6-0650c8b4573b c83a80949a27480ba51625d489bc9ee2 ec939d8c5a2847f9b159586d326ed3e7 - - default default] DELETE failed (client error): The resource could not be found.
2026-05-27 11:09:01.513 10 INFO neutron.api.wsgi [None req-95a7879f-de65-4fb0-9dd6-0650c8b4573b c83a80949a27480ba51625d489bc9ee2 ec939d8c5a2847f9b159586d326ed3e7 - - default default] 10.0.0.9 "DELETE /v2.0/networks/4d95f788-e75d-4d73-a280-d7e0de8d34b3 HTTP/1.1" status: 404 len: 339 time: 0.0129197
2026-05-27 11:09:01.684 10 INFO neutron.api.wsgi [None req-5d921669-210e-4310-b83a-305a08078997 c83a80949a27480ba51625d489bc9ee2 ec939d8c5a2847f9b159586d326ed3e7 - - default default] 10.0.0.9 "DELETE /v2.0/subnets/e7a48608-00f3-464b-9abd-1551c9e34bcf HTTP/1.1" status: 204 len: 168 time: 0.1675441
2026-05-27 11:09:01.724 11 INFO neutron.notifiers.nova [-] Nova event matching ['req-4ca0fb44-547b-465c-b886-233375fe3b2c'] response: {'server_uuid': 'b9587a2c-fdb6-48b0-83dc-8bf143ead0e0', 'name': 'network-vif-plugged', 'status': 'completed', 'tag': 'b5f0cc38-c250-41f9-a0cb-e4386b1344e8', 'code': 200}
2026-05-27 11:09:01.966 10 INFO neutron.api.wsgi [req-b2b59c4c-a694-49d3-aa42-2514f55c54d2 req-1f5cfd54-d008-4a76-9d10-d255c5ce7521 636542bf9c244871be7da67191878161 27cebbca587240ea9794a2e6ffa559b2 - - default default] 10.0.0.91 "GET /v2.0/ports?device_id=b9587a2c-fdb6-48b0-83dc-8bf143ead0e0 HTTP/1.1" status: 200 len: 1170 time: 0.0350401
2026-05-27 11:09:02.006 10 INFO neutron.api.wsgi [req-b2b59c4c-a694-49d3-aa42-2514f55c54d2 req-69142802-05b4-4b79-bd8a-4e4a795e1328 636542bf9c244871be7da67191878161 27cebbca587240ea9794a2e6ffa559b2 - - default default] 10.0.0.91 "GET /v2.0/security-groups?id=5f1653a3-2497-44d5-b51c-997700676e71&fields=id&fields=name HTTP/1.1" status: 200 len: 312 time: 0.0331252
2026-05-27 11:09:02.009 10 INFO neutron.services.segments.plugin [-] Segment ae5e7abf-923d-40d7-9eeb-5189a98c7799 resource provider aggregate not found
2026-05-27 11:09:02.011 10 INFO neutron.services.segments.plugin [-] Segment ae5e7abf-923d-40d7-9eeb-5189a98c7799 resource provider aggregate not found
2026-05-27 11:09:02.024 10 INFO neutron.services.segments.plugin [-] Segment ae5e7abf-923d-40d7-9eeb-5189a98c7799 resource provider not found; error: Placement Client Error (4xx): {"errors": [{"status": 404, "title": "Not Found", "detail": "The resource could not be found.\n\n No resource provider with uuid ae5e7abf-923d-40d7-9eeb-5189a98c7799 found for delete ", "request_id": "req-3f4165f0-c012-4776-8b1a-13240ac97ee6"}]}
2026-05-27 11:09:02.028 10 INFO neutron.services.segments.plugin [-] Segment ae5e7abf-923d-40d7-9eeb-5189a98c7799 resource provider not found; error: Placement Client Error (4xx): {"errors": [{"status": 404, "title": "Not Found", "detail": "The resource could not be found.\n\n No resource provider with uuid ae5e7abf-923d-40d7-9eeb-5189a98c7799 found for delete ", "request_id": "req-3098ab30-fdaa-4455-8e9f-cdf4d2163685"}]}
2026-05-27 11:09:02.050 10 INFO neutron.api.wsgi [None req-686d5cb5-bd9a-4c36-a5e1-81d1a2eec288 c83a80949a27480ba51625d489bc9ee2 ec939d8c5a2847f9b159586d326ed3e7 - - default default] 10.0.0.9 "DELETE /v2.0/networks/d051ce86-770d-431c-a2be-17b41cb96528 HTTP/1.1" status: 204 len: 168 time: 0.3557310
2026-05-27 11:09:02.097 10 INFO neutron.api.wsgi [req-e6d76aee-006d-46e6-8a75-d717158ee9b3 req-1a576756-411b-4c52-95bb-50f1be7e9636 636542bf9c244871be7da67191878161 27cebbca587240ea9794a2e6ffa559b2 - - default default] 10.0.0.91 "GET /v2.0/ports?device_id=b9587a2c-fdb6-48b0-83dc-8bf143ead0e0 HTTP/1.1" status: 200 len: 1170 time: 0.0247152
2026-05-27 11:09:02.769 11 INFO neutron.api.wsgi [None req-cabbaa10-b02e-4cc3-8867-01a3b8e5c805 e1764593464c4aa78df777aa75f0e064 ea974855a7484f339df3e98ed07b1cd9 - - default default] 10.0.0.9 "GET /v2.0/security-groups?tenant_id=ec939d8c5a2847f9b159586d326ed3e7&name=default HTTP/1.1" status: 200 len: 3120 time: 0.1929204
2026-05-27 11:09:02.977 10 INFO neutron.db.ovn_revision_numbers_db [None req-23326a61-8396-40d4-8d5c-97f44dd89ae5 636542bf9c244871be7da67191878161 27cebbca587240ea9794a2e6ffa559b2 - - default default] Successfully bumped revision number for resource 50a9ca88-6566-43a7-a046-ae1e5f763012 (type: floatingips) to 1
2026-05-27 11:09:03.022 11 INFO neutron.api.wsgi [None req-fb2b40e7-1336-44dd-8e6b-ba862b098500 e1764593464c4aa78df777aa75f0e064 ea974855a7484f339df3e98ed07b1cd9 - - default default] 10.0.0.9 "DELETE /v2.0/security-groups/09549700-e194-44f9-a0e1-8cd713e01149 HTTP/1.1" status: 204 len: 168 time: 0.2472172 /var/lib/openstack/lib/python3.12/site-packages/pycadf/identifier.py:71: UserWarning: Invalid uuid: neutron. To ensure interoperability, identifiers should be a valid uuid. warnings.warn(('Invalid uuid: %s. To ensure interoperability, '
2026-05-27 11:09:03.060 10 WARNING neutron_lib.context [None req-b322a298-7c85-4c81-8fb8-f9ae4a390afc 659139d15fbe43ae92bc6f7fe3095b5e 63805f93dfc54d87999df2dec15996bb - - default default] Method 'is_advsvc' is deprecated since 2023.2 release (neutron-lib 3.8.0) and will be removed once support for the old RBAC API policies will be removed from Neutron. Please use method 'is_service_role' instead.
2026-05-27 11:09:03.128 10 INFO neutron.db.ovn_revision_numbers_db [None req-23326a61-8396-40d4-8d5c-97f44dd89ae5 636542bf9c244871be7da67191878161 27cebbca587240ea9794a2e6ffa559b2 - - default default] Successfully bumped revision number for resource 50a9ca88-6566-43a7-a046-ae1e5f763012 (type: floatingips) to 2
2026-05-27 11:09:03.128 10 INFO neutron.db.l3_db [None req-23326a61-8396-40d4-8d5c-97f44dd89ae5 636542bf9c244871be7da67191878161 27cebbca587240ea9794a2e6ffa559b2 - - default default] Floating IP 50a9ca88-6566-43a7-a046-ae1e5f763012 associated. External IP: 10.96.250.209, port: b5f0cc38-c250-41f9-a0cb-e4386b1344e8.
2026-05-27 11:09:03.165 10 INFO neutron.api.wsgi [None req-23326a61-8396-40d4-8d5c-97f44dd89ae5 636542bf9c244871be7da67191878161 27cebbca587240ea9794a2e6ffa559b2 - - default default] 10.0.0.9 "PUT /v2.0/floatingips/50a9ca88-6566-43a7-a046-ae1e5f763012 HTTP/1.1" status: 200 len: 1049 time: 1.0557089
2026-05-27 11:09:03.202 10 INFO neutron.notifiers.nova [-] Nova event matching ['req-ef807fb3-30b1-49fd-885a-34b0130753a9'] response: {'name': 'network-changed', 'server_uuid': 'b9587a2c-fdb6-48b0-83dc-8bf143ead0e0', 'tag': 'b5f0cc38-c250-41f9-a0cb-e4386b1344e8', 'status': 'completed', 'code': 200}
2026-05-27 11:09:03.255 10 INFO neutron.api.wsgi [req-cee884ea-9c4d-427b-8f35-4374340bda7f req-1a478bcb-284e-4df7-84fa-11f9df622316 636542bf9c244871be7da67191878161 27cebbca587240ea9794a2e6ffa559b2 - - default default] 10.0.0.91 "GET /v2.0/ports?device_id=b9587a2c-fdb6-48b0-83dc-8bf143ead0e0 HTTP/1.1" status: 200 len: 1170 time: 0.0407312
2026-05-27 11:09:03.281 10 INFO neutron.db.ovn_revision_numbers_db [None req-b322a298-7c85-4c81-8fb8-f9ae4a390afc 659139d15fbe43ae92bc6f7fe3095b5e 63805f93dfc54d87999df2dec15996bb - - default default] Successfully bumped revision number for resource b01ba3ac-50cd-4fe5-b10c-366af1232eb9 (type: security_groups) to 1
2026-05-27 11:09:03.291 10 INFO neutron.api.wsgi [req-cee884ea-9c4d-427b-8f35-4374340bda7f req-81539286-56a9-4b36-aa81-f13c9509c763 636542bf9c244871be7da67191878161 27cebbca587240ea9794a2e6ffa559b2 - - default default] 10.0.0.91 "GET /v2.0/security-groups?id=5f1653a3-2497-44d5-b51c-997700676e71&fields=id&fields=name HTTP/1.1" status: 200 len: 312 time: 0.0310516
2026-05-27 11:09:03.297 10 INFO neutron.db.ovn_revision_numbers_db [None req-b322a298-7c85-4c81-8fb8-f9ae4a390afc 659139d15fbe43ae92bc6f7fe3095b5e 63805f93dfc54d87999df2dec15996bb - - default default] Successfully bumped revision number for resource 03efd8b1-71b1-478a-aa58-3555463074dd (type: security_group_rules) to 0
2026-05-27 11:09:03.312 10 INFO neutron.db.ovn_revision_numbers_db [None req-b322a298-7c85-4c81-8fb8-f9ae4a390afc 659139d15fbe43ae92bc6f7fe3095b5e 63805f93dfc54d87999df2dec15996bb - - default default] Successfully bumped revision number for resource 3ede2894-b4e4-44b7-beba-30c538d46321 (type: security_group_rules) to 0
2026-05-27 11:09:03.324 10 INFO neutron.db.ovn_revision_numbers_db [None req-b322a298-7c85-4c81-8fb8-f9ae4a390afc 659139d15fbe43ae92bc6f7fe3095b5e 63805f93dfc54d87999df2dec15996bb - - default default] Successfully bumped revision number for resource 779f3c72-9500-4559-b701-b25221a398e4 (type: security_group_rules) to 0
2026-05-27 11:09:03.342 10 INFO neutron.db.ovn_revision_numbers_db [None req-b322a298-7c85-4c81-8fb8-f9ae4a390afc 659139d15fbe43ae92bc6f7fe3095b5e 63805f93dfc54d87999df2dec15996bb - - default default] Successfully bumped revision number for resource a6c92393-1ac7-4bd2-9a00-44bf09703a09 (type: security_group_rules) to 0
2026-05-27 11:09:03.453 10 INFO neutron.db.ovn_revision_numbers_db [None req-b322a298-7c85-4c81-8fb8-f9ae4a390afc 659139d15fbe43ae92bc6f7fe3095b5e 63805f93dfc54d87999df2dec15996bb - - default default] Successfully bumped revision number for resource 7f4a6357-90e6-4a8d-9de5-6352f5d61c3e (type: security_groups) to 1
2026-05-27 11:09:03.464 10 INFO neutron.db.ovn_revision_numbers_db [None req-b322a298-7c85-4c81-8fb8-f9ae4a390afc 659139d15fbe43ae92bc6f7fe3095b5e 63805f93dfc54d87999df2dec15996bb - - default default] Successfully bumped revision number for resource a08aceed-848c-406d-86cd-bacdd8050d46 (type: security_group_rules) to 0
2026-05-27 11:09:03.487 10 INFO neutron.db.ovn_revision_numbers_db [None req-b322a298-7c85-4c81-8fb8-f9ae4a390afc 659139d15fbe43ae92bc6f7fe3095b5e 63805f93dfc54d87999df2dec15996bb - - default default] Successfully bumped revision number for resource c9cd2e77-8b19-49e3-b8f3-b195c706a1c7 (type: security_group_rules) to 0
2026-05-27 11:09:03.547 10 INFO neutron.api.wsgi [None req-b322a298-7c85-4c81-8fb8-f9ae4a390afc 659139d15fbe43ae92bc6f7fe3095b5e 63805f93dfc54d87999df2dec15996bb - - default default] 10.0.0.9 "POST /v2.0/security-groups HTTP/1.1" status: 201 len: 1801 time: 0.5338595
2026-05-27 11:09:03.603 10 INFO neutron.api.wsgi [req-eea131ad-ca69-4139-9dd4-827ba04977b7 req-c02f1b74-f049-4471-9d35-1bd2481e9c4f 636542bf9c244871be7da67191878161 27cebbca587240ea9794a2e6ffa559b2 - - default default] 10.0.0.91 "GET /v2.0/ports?device_id=b9587a2c-fdb6-48b0-83dc-8bf143ead0e0 HTTP/1.1" status: 200 len: 1170 time: 0.0799971
2026-05-27 11:09:03.613 11 INFO neutron.api.wsgi [None req-10bd281f-b066-4bc2-b61a-7d82c2877874 659139d15fbe43ae92bc6f7fe3095b5e 63805f93dfc54d87999df2dec15996bb - - default default] 10.0.0.9 "PUT /v2.0/security-groups/7f4a6357-90e6-4a8d-9de5-6352f5d61c3e/tags HTTP/1.1" status: 200 len: 218 time: 0.0591590
2026-05-27 11:09:03.636 11 INFO neutron.api.wsgi [None req-ec4cbc13-db46-463b-a46a-bbdace57c118 659139d15fbe43ae92bc6f7fe3095b5e 63805f93dfc54d87999df2dec15996bb - - default default] 10.0.0.9 "GET /v2.0/security-groups/7f4a6357-90e6-4a8d-9de5-6352f5d61c3e/tags HTTP/1.1" status: 200 len: 218 time: 0.0187070
2026-05-27 11:09:03.643 10 INFO neutron.api.wsgi [req-eea131ad-ca69-4139-9dd4-827ba04977b7 req-a9b277ba-6efe-430c-8fd3-f5e28c0d46e3 636542bf9c244871be7da67191878161 27cebbca587240ea9794a2e6ffa559b2 - - default default] 10.0.0.91 "GET /v2.0/security-groups?id=5f1653a3-2497-44d5-b51c-997700676e71&fields=id&fields=name HTTP/1.1" status: 200 len: 312 time: 0.0331397
2026-05-27 11:09:03.675 11 INFO neutron.api.wsgi [None req-28c5e18b-1247-45a4-90c5-eb9784575e19 659139d15fbe43ae92bc6f7fe3095b5e 63805f93dfc54d87999df2dec15996bb - - default default] 10.0.0.9 "PUT /v2.0/security-groups/7f4a6357-90e6-4a8d-9de5-6352f5d61c3e/tags/green HTTP/1.1" status: 201 len: 201 time: 0.0338545
2026-05-27 11:09:03.704 11 INFO neutron.api.wsgi [None req-c84257b4-c2b2-479e-bed9-e3ff0122ffc7 659139d15fbe43ae92bc6f7fe3095b5e 63805f93dfc54d87999df2dec15996bb - - default default] 10.0.0.9 "GET /v2.0/security-groups/7f4a6357-90e6-4a8d-9de5-6352f5d61c3e/tags HTTP/1.1" status: 200 len: 227 time: 0.0204854
2026-05-27 11:09:03.741 10 INFO neutron.api.wsgi [None req-25c05563-01f5-4b38-937f-dd4e04ca4f45 659139d15fbe43ae92bc6f7fe3095b5e 63805f93dfc54d87999df2dec15996bb - - default default] 10.0.0.9 "PUT /v2.0/security-groups/7f4a6357-90e6-4a8d-9de5-6352f5d61c3e/tags/red HTTP/1.1" status: 201 len: 201 time: 0.0296581
2026-05-27 11:09:03.746 11 INFO neutron.api.wsgi [req-4d11a164-6d3d-47d2-855d-a9e946f029e0 req-54710c3f-472c-4c2f-8d17-84544044ab12 d5711ff9ac8a43d98f53b060c4b1362b fe2cb8ebbcda447da4f985851cf6d105 - - f5803dd769f047eca26592da6f65259a f5803dd769f047eca26592da6f65259a] 199.19.213.37 "GET /v2.0/ports?tenant_id=27cebbca587240ea9794a2e6ffa559b2&device_id=b9587a2c-fdb6-48b0-83dc-8bf143ead0e0 HTTP/1.1" status: 200 len: 1409 time: 0.0371406
2026-05-27 11:09:03.771 10 INFO neutron.api.wsgi [None req-e76548e8-fa55-49c2-ae1c-013b2bfb0547 659139d15fbe43ae92bc6f7fe3095b5e 63805f93dfc54d87999df2dec15996bb - - default default] 10.0.0.9 "GET /v2.0/security-groups/7f4a6357-90e6-4a8d-9de5-6352f5d61c3e/tags HTTP/1.1" status: 200 len: 227 time: 0.0232995
2026-05-27 11:09:03.790 11 INFO neutron.api.wsgi [req-4d11a164-6d3d-47d2-855d-a9e946f029e0 req-06f903e3-93f9-4319-8ae8-133118a1e876 d5711ff9ac8a43d98f53b060c4b1362b fe2cb8ebbcda447da4f985851cf6d105 - - f5803dd769f047eca26592da6f65259a f5803dd769f047eca26592da6f65259a] 199.19.213.37 "GET /v2.0/networks?id=869b8782-c67a-48d5-9c86-1998c9795438 HTTP/1.1" status: 200 len: 976 time: 0.0375245
2026-05-27 11:09:03.807 10 INFO neutron.api.wsgi [None req-36576d41-1c16-4344-840c-381045c5f7ae 659139d15fbe43ae92bc6f7fe3095b5e 63805f93dfc54d87999df2dec15996bb - - default default] 10.0.0.9 "PUT /v2.0/security-groups/7f4a6357-90e6-4a8d-9de5-6352f5d61c3e/tags/black.or.white HTTP/1.1" status: 201 len: 201 time: 0.0302672
2026-05-27 11:09:03.829 11 INFO neutron.api.wsgi [req-4d11a164-6d3d-47d2-855d-a9e946f029e0 req-cc138f6f-19f5-437f-af07-5dd26f996427 d5711ff9ac8a43d98f53b060c4b1362b fe2cb8ebbcda447da4f985851cf6d105 - - f5803dd769f047eca26592da6f65259a f5803dd769f047eca26592da6f65259a] 199.19.213.37 "GET /v2.0/floatingips?fixed_ip_address=10.100.0.8&port_id=b5f0cc38-c250-41f9-a0cb-e4386b1344e8 HTTP/1.1" status: 200 len: 1059 time: 0.0335290
2026-05-27 11:09:03.829 10 INFO neutron.api.wsgi [None req-49c02a49-a4e9-402f-8503-da325fe43c33 659139d15fbe43ae92bc6f7fe3095b5e 63805f93dfc54d87999df2dec15996bb - - default default] 10.0.0.9 "GET /v2.0/security-groups/7f4a6357-90e6-4a8d-9de5-6352f5d61c3e/tags HTTP/1.1" status: 200 len: 245 time: 0.0152624
2026-05-27 11:09:03.862 11 INFO neutron.api.wsgi [req-4d11a164-6d3d-47d2-855d-a9e946f029e0 req-d3a279a1-e4fd-4142-8d83-42c95517631f d5711ff9ac8a43d98f53b060c4b1362b fe2cb8ebbcda447da4f985851cf6d105 - - f5803dd769f047eca26592da6f65259a f5803dd769f047eca26592da6f65259a] 199.19.213.37 "GET /v2.0/subnets?id=eb93d9b0-6413-43a5-80cd-891e76ba8f00 HTTP/1.1" status: 200 len: 895 time: 0.0260036
2026-05-27 11:09:03.866 10 INFO neutron.api.wsgi [None req-8860bb0f-90aa-4589-826d-444325f1beba 659139d15fbe43ae92bc6f7fe3095b5e 63805f93dfc54d87999df2dec15996bb - - default default] 10.0.0.9 "PUT /v2.0/security-groups/7f4a6357-90e6-4a8d-9de5-6352f5d61c3e/tags HTTP/1.1" status: 200 len: 230 time: 0.0322845
2026-05-27 11:09:03.883 11 INFO neutron.api.wsgi [req-4d11a164-6d3d-47d2-855d-a9e946f029e0 req-a5990f23-c8fa-4a89-8093-19ce1053f828 d5711ff9ac8a43d98f53b060c4b1362b fe2cb8ebbcda447da4f985851cf6d105 - - f5803dd769f047eca26592da6f65259a f5803dd769f047eca26592da6f65259a] 199.19.213.37 "GET /v2.0/ports?network_id=869b8782-c67a-48d5-9c86-1998c9795438&device_owner=network%3Adhcp HTTP/1.1" status: 200 len: 210 time: 0.0174761
2026-05-27 11:09:03.894 10 INFO neutron.api.wsgi [None req-ae92651a-388f-41b3-a7fa-40420a70c7a7 659139d15fbe43ae92bc6f7fe3095b5e 63805f93dfc54d87999df2dec15996bb - - default default] 10.0.0.9 "GET /v2.0/security-groups/7f4a6357-90e6-4a8d-9de5-6352f5d61c3e/tags HTTP/1.1" status: 200 len: 230 time: 0.0202215
2026-05-27 11:09:03.917 10 INFO neutron.api.wsgi [None req-0bcc9b27-dc92-461c-b915-82bba5429715 659139d15fbe43ae92bc6f7fe3095b5e 63805f93dfc54d87999df2dec15996bb - - default default] 10.0.0.9 "GET /v2.0/security-groups/7f4a6357-90e6-4a8d-9de5-6352f5d61c3e/tags/red HTTP/1.1" status: 204 len: 168 time: 0.0174170
2026-05-27 11:09:03.936 11 INFO neutron.api.wsgi [req-4d11a164-6d3d-47d2-855d-a9e946f029e0 req-0ec44d58-6be0-40b6-a51b-90869852bac5 d5711ff9ac8a43d98f53b060c4b1362b fe2cb8ebbcda447da4f985851cf6d105 - - f5803dd769f047eca26592da6f65259a f5803dd769f047eca26592da6f65259a] 199.19.213.37 "GET /v2.0/networks/869b8782-c67a-48d5-9c86-1998c9795438?fields=segments HTTP/1.1" status: 200 len: 212 time: 0.0472858
2026-05-27 11:09:03.942 10 INFO neutron.api.v2.resource [None req-5a96594d-c6ed-4cea-bba1-f7969402f08b 659139d15fbe43ae92bc6f7fe3095b5e 63805f93dfc54d87999df2dec15996bb - - default default] show failed (client error): The resource could not be found.
2026-05-27 11:09:03.943 10 INFO neutron.api.wsgi [None req-5a96594d-c6ed-4cea-bba1-f7969402f08b 659139d15fbe43ae92bc6f7fe3095b5e 63805f93dfc54d87999df2dec15996bb - - default default] 10.0.0.9 "GET /v2.0/security-groups/7f4a6357-90e6-4a8d-9de5-6352f5d61c3e/tags/green HTTP/1.1" status: 404 len: 299 time: 0.0167537
2026-05-27 11:09:03.987 11 INFO neutron.api.wsgi [req-4d11a164-6d3d-47d2-855d-a9e946f029e0 req-10ee3b16-1615-4a29-939c-55688aa016a7 d5711ff9ac8a43d98f53b060c4b1362b fe2cb8ebbcda447da4f985851cf6d105 - - f5803dd769f047eca26592da6f65259a f5803dd769f047eca26592da6f65259a] 199.19.213.37 "GET /v2.0/networks/869b8782-c67a-48d5-9c86-1998c9795438?fields=provider%3Aphysical_network&fields=provider%3Anetwork_type HTTP/1.1" status: 200 len: 277 time: 0.0463059
2026-05-27 11:09:03.989 10 INFO neutron.api.wsgi [None req-f34e3762-a231-4c72-8597-490ab5715b39 659139d15fbe43ae92bc6f7fe3095b5e 63805f93dfc54d87999df2dec15996bb - - default default] 10.0.0.9 "DELETE /v2.0/security-groups/7f4a6357-90e6-4a8d-9de5-6352f5d61c3e/tags/red HTTP/1.1" status: 204 len: 168 time: 0.0404575
2026-05-27 11:09:04.012 10 INFO neutron.api.wsgi [None req-41184345-4bf1-4e5f-a9e5-79435ce6a7dd 659139d15fbe43ae92bc6f7fe3095b5e 63805f93dfc54d87999df2dec15996bb - - default default] 10.0.0.9 "GET /v2.0/security-groups/7f4a6357-90e6-4a8d-9de5-6352f5d61c3e/tags HTTP/1.1" status: 200 len: 223 time: 0.0166135
2026-05-27 11:09:04.041 10 INFO neutron.api.v2.resource [None req-d12a2330-50a9-47c7-bd3b-51e93c36e039 659139d15fbe43ae92bc6f7fe3095b5e 63805f93dfc54d87999df2dec15996bb - - default default] delete failed (client error): The resource could not be found.
2026-05-27 11:09:04.042 10 INFO neutron.api.wsgi [None req-d12a2330-50a9-47c7-bd3b-51e93c36e039 659139d15fbe43ae92bc6f7fe3095b5e 63805f93dfc54d87999df2dec15996bb - - default default] 10.0.0.9 "DELETE /v2.0/security-groups/7f4a6357-90e6-4a8d-9de5-6352f5d61c3e/tags/green HTTP/1.1" status: 404 len: 299 time: 0.0248272
2026-05-27 11:09:04.070 11 INFO neutron.plugins.ml2.drivers.ovn.mech_driver.mech_driver [None req-532cdd01-6667-4538-b8ef-58974661f9ba - - - - - -] OVN reports status down for port: b5f0cc38-c250-41f9-a0cb-e4386b1344e8
2026-05-27 11:09:04.088 10 INFO neutron.api.wsgi [None req-1a0704a0-7457-4be3-aaf5-0021830fa269 659139d15fbe43ae92bc6f7fe3095b5e 63805f93dfc54d87999df2dec15996bb - - default default] 10.0.0.9 "DELETE /v2.0/security-groups/7f4a6357-90e6-4a8d-9de5-6352f5d61c3e/tags HTTP/1.1" status: 204 len: 168 time: 0.0406237
2026-05-27 11:09:04.121 10 INFO neutron.api.wsgi [None req-e3cf41f2-149e-449f-bf42-7a41dc056090 659139d15fbe43ae92bc6f7fe3095b5e 63805f93dfc54d87999df2dec15996bb - - default default] 10.0.0.9 "GET /v2.0/security-groups/7f4a6357-90e6-4a8d-9de5-6352f5d61c3e/tags HTTP/1.1" status: 200 len: 205 time: 0.0271204
2026-05-27 11:09:04.206 11 INFO neutron.notifiers.nova [-] Nova event matching ['req-dbc42678-36ea-4259-aae1-1362f273209d'] response: {'server_uuid': 'b9587a2c-fdb6-48b0-83dc-8bf143ead0e0', 'name': 'network-vif-unplugged', 'status': 'completed', 'tag': 'b5f0cc38-c250-41f9-a0cb-e4386b1344e8', 'code': 200}
2026-05-27 11:09:04.267 10 INFO neutron.api.wsgi [None req-46b785ab-e44c-40f7-a2b9-1a5554a3d837 659139d15fbe43ae92bc6f7fe3095b5e 63805f93dfc54d87999df2dec15996bb - - default default] 10.0.0.9 "DELETE /v2.0/security-groups/7f4a6357-90e6-4a8d-9de5-6352f5d61c3e HTTP/1.1" status: 204 len: 168 time: 0.1356657
2026-05-27 11:09:04.344 11 INFO neutron.db.ovn_revision_numbers_db [None req-532cdd01-6667-4538-b8ef-58974661f9ba - - - - - -] Successfully bumped revision number for resource b5f0cc38-c250-41f9-a0cb-e4386b1344e8 (type: ports) to 6
2026-05-27 11:09:04.587 16 INFO neutron.plugins.ml2.drivers.ovn.mech_driver.ovsdb.maintenance [None req-277a58f0-b1c2-4438-b3a3-ce9f92af9535 - - - - - -] OVN maintenance task check_for_inconsistencies finished in 0.816 seconds
2026-05-27 11:09:04.758 10 INFO neutron.api.wsgi [req-e9f8deff-c099-4f2f-81d4-7a2df8a53909 req-a0bcc5b8-7c9f-4b68-b187-92ba91d505fb 636542bf9c244871be7da67191878161 27cebbca587240ea9794a2e6ffa559b2 - - default default] 10.0.0.91 "GET /v2.0/ports?device_id=b9587a2c-fdb6-48b0-83dc-8bf143ead0e0 HTTP/1.1" status: 200 len: 1168 time: 0.0434732
2026-05-27 11:09:04.791 10 INFO neutron.api.wsgi [req-e9f8deff-c099-4f2f-81d4-7a2df8a53909 req-5246a275-3d64-472d-8587-ae5640246f32 636542bf9c244871be7da67191878161 27cebbca587240ea9794a2e6ffa559b2 - - default default] 10.0.0.91 "GET /v2.0/security-groups?id=5f1653a3-2497-44d5-b51c-997700676e71&fields=id&fields=name HTTP/1.1" status: 200 len: 312 time: 0.0293720 /var/lib/openstack/lib/python3.12/site-packages/pycadf/identifier.py:71: UserWarning: Invalid uuid: neutron. To ensure interoperability, identifiers should be a valid uuid. warnings.warn(('Invalid uuid: %s. To ensure interoperability, '
2026-05-27 11:09:04.967 11 WARNING neutron_lib.context [None req-6e904931-50c7-4e0e-9bac-23f465db9dd8 d5239c2ad7a9455bb4e7d693858edd25 181ab690c7d847c498ef571f38c8c6d5 - - default default] Method 'is_advsvc' is deprecated since 2023.2 release (neutron-lib 3.8.0) and will be removed once support for the old RBAC API policies will be removed from Neutron. Please use method 'is_service_role' instead.
2026-05-27 11:09:05.086 11 INFO neutron.db.ovn_revision_numbers_db [None req-ced1e774-4393-49ea-8869-0094a58e759a e1764593464c4aa78df777aa75f0e064 ea974855a7484f339df3e98ed07b1cd9 - - default default] Successfully bumped revision number for resource aeb55db4-973e-4273-9bf8-eb9bc8554570 (type: security_groups) to 1
2026-05-27 11:09:05.105 11 INFO neutron.db.ovn_revision_numbers_db [None req-ced1e774-4393-49ea-8869-0094a58e759a e1764593464c4aa78df777aa75f0e064 ea974855a7484f339df3e98ed07b1cd9 - - default default] Successfully bumped revision number for resource 2ec81aec-ead5-4f6c-bbce-d6fec12c0c73 (type: security_group_rules) to 0
2026-05-27 11:09:05.117 11 INFO neutron.db.ovn_revision_numbers_db [None req-6e904931-50c7-4e0e-9bac-23f465db9dd8 d5239c2ad7a9455bb4e7d693858edd25 181ab690c7d847c498ef571f38c8c6d5 - - default default] Successfully bumped revision number for resource 67d46cb2-c435-477c-b20b-483ee869f114 (type: security_groups) to 1
2026-05-27 11:09:05.118 11 INFO neutron.db.ovn_revision_numbers_db [None req-ced1e774-4393-49ea-8869-0094a58e759a e1764593464c4aa78df777aa75f0e064 ea974855a7484f339df3e98ed07b1cd9 - - default default] Successfully bumped revision number for resource 337e2213-038e-4919-909f-d394b1d7c8c4 (type: security_group_rules) to 0
2026-05-27 11:09:05.131 11 INFO neutron.db.ovn_revision_numbers_db [None req-ced1e774-4393-49ea-8869-0094a58e759a e1764593464c4aa78df777aa75f0e064 ea974855a7484f339df3e98ed07b1cd9 - - default default] Successfully bumped revision number for resource e57b131c-edc5-402c-bc12-fb9fe4751004 (type: security_group_rules) to 0
2026-05-27 11:09:05.132 11 INFO neutron.db.ovn_revision_numbers_db [None req-6e904931-50c7-4e0e-9bac-23f465db9dd8 d5239c2ad7a9455bb4e7d693858edd25 181ab690c7d847c498ef571f38c8c6d5 - - default default] Successfully bumped revision number for resource 093f8e71-8b1a-4995-9a2b-d41e976d5907 (type: security_group_rules) to 0
2026-05-27 11:09:05.145 11 INFO neutron.db.ovn_revision_numbers_db [None req-ced1e774-4393-49ea-8869-0094a58e759a e1764593464c4aa78df777aa75f0e064 ea974855a7484f339df3e98ed07b1cd9 - - default default] Successfully bumped revision number for resource ec3008e2-17f7-4f2c-8a1b-6ef35e37dc8b (type: security_group_rules) to 0
2026-05-27 11:09:05.147 11 INFO neutron.db.ovn_revision_numbers_db [None req-6e904931-50c7-4e0e-9bac-23f465db9dd8 d5239c2ad7a9455bb4e7d693858edd25 181ab690c7d847c498ef571f38c8c6d5 - - default default] Successfully bumped revision number for resource bfd3bf8d-4ec9-484f-86f8-602b922b5d77 (type: security_group_rules) to 0
2026-05-27 11:09:05.164 11 INFO neutron.db.ovn_revision_numbers_db [None req-6e904931-50c7-4e0e-9bac-23f465db9dd8 d5239c2ad7a9455bb4e7d693858edd25 181ab690c7d847c498ef571f38c8c6d5 - - default default] Successfully bumped revision number for resource cf963e31-d85b-4211-a903-870ec8397ebd (type: security_group_rules) to 0
2026-05-27 11:09:05.177 11 INFO neutron.api.wsgi [None req-ced1e774-4393-49ea-8869-0094a58e759a e1764593464c4aa78df777aa75f0e064 ea974855a7484f339df3e98ed07b1cd9 - - default default] 10.0.0.9 "GET /v2.0/security-groups?tenant_id=0a54070b40a8424baa66146885655a44&name=default HTTP/1.1" status: 200 len: 3120 time: 0.3089545
2026-05-27 11:09:05.182 11 INFO neutron.db.ovn_revision_numbers_db [None req-6e904931-50c7-4e0e-9bac-23f465db9dd8 d5239c2ad7a9455bb4e7d693858edd25 181ab690c7d847c498ef571f38c8c6d5 - - default default] Successfully bumped revision number for resource d0d128e6-436d-4fc2-9c00-f30daa26e50d (type: security_group_rules) to 0
2026-05-27 11:09:05.246 11 INFO neutron.db.segments_db [None req-6e904931-50c7-4e0e-9bac-23f465db9dd8 d5239c2ad7a9455bb4e7d693858edd25 181ab690c7d847c498ef571f38c8c6d5 - - default default] Added segment 962c927b-9c9a-4f1e-9d0f-2f20f7c7614e of type geneve for network e188deb4-adca-402a-83fb-7f3e73de1ee8
2026-05-27 11:09:05.353 11 INFO neutron.api.wsgi [req-4ebbf21f-8a41-4d5c-9442-ad9617056661 req-ef7266d2-d238-4752-ba68-39c02f5818ba 636542bf9c244871be7da67191878161 27cebbca587240ea9794a2e6ffa559b2 - - default default] 199.19.213.37 "GET /v2.0/ports?device_id=b9587a2c-fdb6-48b0-83dc-8bf143ead0e0 HTTP/1.1" status: 200 len: 1168 time: 0.0779381
2026-05-27 11:09:05.377 11 INFO neutron.db.ovn_revision_numbers_db [None req-6e904931-50c7-4e0e-9bac-23f465db9dd8 d5239c2ad7a9455bb4e7d693858edd25 181ab690c7d847c498ef571f38c8c6d5 - - default default] Successfully bumped revision number for resource e188deb4-adca-402a-83fb-7f3e73de1ee8 (type: networks) to 1
2026-05-27 11:09:05.395 10 INFO neutron.api.wsgi [None req-d4450b9d-d499-4eff-8c21-1f761d729da5 e1764593464c4aa78df777aa75f0e064 ea974855a7484f339df3e98ed07b1cd9 - - default default] 10.0.0.9 "DELETE /v2.0/security-groups/aeb55db4-973e-4273-9bf8-eb9bc8554570 HTTP/1.1" status: 204 len: 168 time: 0.2118371
2026-05-27 11:09:05.511 10 INFO neutron.api.wsgi [None req-0dbb52c0-a518-4fd7-a4a5-76aa64f04e6a e1764593464c4aa78df777aa75f0e064 ea974855a7484f339df3e98ed07b1cd9 - - default default] 10.0.0.9 "GET /v2.0/security-groups?tenant_id=63805f93dfc54d87999df2dec15996bb&name=default HTTP/1.1" status: 200 len: 3120 time: 0.0286784
2026-05-27 11:09:05.551 11 WARNING neutron.scheduler.dhcp_agent_scheduler [None req-6e904931-50c7-4e0e-9bac-23f465db9dd8 d5239c2ad7a9455bb4e7d693858edd25 181ab690c7d847c498ef571f38c8c6d5 - - default default] No more DHCP agents
2026-05-27 11:09:05.553 11 WARNING neutron.api.rpc.agentnotifiers.dhcp_rpc_agent_api [None req-6e904931-50c7-4e0e-9bac-23f465db9dd8 d5239c2ad7a9455bb4e7d693858edd25 181ab690c7d847c498ef571f38c8c6d5 - - default default] Unable to schedule network e188deb4-adca-402a-83fb-7f3e73de1ee8: no agents available; will retry on subsequent port and subnet creation events.
2026-05-27 11:09:05.634 11 INFO neutron.db.ovn_revision_numbers_db [None req-6e904931-50c7-4e0e-9bac-23f465db9dd8 d5239c2ad7a9455bb4e7d693858edd25 181ab690c7d847c498ef571f38c8c6d5 - - default default] Successfully bumped revision number for resource f2f47cd9-f782-40bd-9c98-afd341b8d74a (type: ports) to 1
2026-05-27 11:09:05.657 11 INFO neutron.db.l3_db [req-4ebbf21f-8a41-4d5c-9442-ad9617056661 req-a54763e1-77d7-478f-9d70-977d8f4f0c30 636542bf9c244871be7da67191878161 27cebbca587240ea9794a2e6ffa559b2 - - default default] Floating IP 50a9ca88-6566-43a7-a046-ae1e5f763012 disassociated. External IP: 10.96.250.209, port: b5f0cc38-c250-41f9-a0cb-e4386b1344e8.
2026-05-27 11:09:05.661 11 INFO neutron.api.wsgi [None req-6e904931-50c7-4e0e-9bac-23f465db9dd8 d5239c2ad7a9455bb4e7d693858edd25 181ab690c7d847c498ef571f38c8c6d5 - - default default] 10.0.0.9 "POST /v2.0/networks HTTP/1.1" status: 201 len: 833 time: 0.8192692 /var/lib/openstack/lib/python3.12/site-packages/pycadf/identifier.py:71: UserWarning: Invalid uuid: neutron. To ensure interoperability, identifiers should be a valid uuid. warnings.warn(('Invalid uuid: %s. To ensure interoperability, '
2026-05-27 11:09:05.675 10 WARNING neutron_lib.context [None req-f44ed4d4-b686-4983-9974-e361341fc60e d5239c2ad7a9455bb4e7d693858edd25 181ab690c7d847c498ef571f38c8c6d5 - - default default] Method 'is_advsvc' is deprecated since 2023.2 release (neutron-lib 3.8.0) and will be removed once support for the old RBAC API policies will be removed from Neutron. Please use method 'is_service_role' instead.
2026-05-27 11:09:05.760 11 INFO neutron.api.wsgi [req-4ebbf21f-8a41-4d5c-9442-ad9617056661 req-a54763e1-77d7-478f-9d70-977d8f4f0c30 636542bf9c244871be7da67191878161 27cebbca587240ea9794a2e6ffa559b2 - - default default] 199.19.213.37 "DELETE /v2.0/ports/b5f0cc38-c250-41f9-a0cb-e4386b1344e8 HTTP/1.1" status: 204 len: 173 time: 0.4028435
2026-05-27 11:09:05.762 10 INFO neutron.api.wsgi [None req-ae254298-a94e-4bff-8412-41ad160b7068 e1764593464c4aa78df777aa75f0e064 ea974855a7484f339df3e98ed07b1cd9 - - default default] 10.0.0.9 "DELETE /v2.0/security-groups/b01ba3ac-50cd-4fe5-b10c-366af1232eb9 HTTP/1.1" status: 204 len: 168 time: 0.2458403
2026-05-27 11:09:05.765 10 INFO neutron.db.segments_db [None req-f44ed4d4-b686-4983-9974-e361341fc60e d5239c2ad7a9455bb4e7d693858edd25 181ab690c7d847c498ef571f38c8c6d5 - - default default] Added segment 41bfb02c-1e69-4379-85e7-5c289e007a9a of type geneve for network b2cbcc4e-9965-4cf5-a0c1-f8d7cfa1122d
2026-05-27 11:09:05.799 10 INFO neutron.api.wsgi [req-f79592be-8a45-4577-a56a-2e0948ca6759 req-c18860ae-4c7d-4509-a240-f1033dc760fc d5711ff9ac8a43d98f53b060c4b1362b fe2cb8ebbcda447da4f985851cf6d105 - - f5803dd769f047eca26592da6f65259a f5803dd769f047eca26592da6f65259a] 10.0.0.120 "GET /v2.0/ports?device_id=325c2cc0-e7c3-467f-940d-358ea99b963e HTTP/1.1" status: 200 len: 1409 time: 0.0356274
2026-05-27 11:09:05.842 10 INFO neutron.api.wsgi [req-f79592be-8a45-4577-a56a-2e0948ca6759 req-55583d51-8c48-4dcc-a2f6-2bb802c4236b d5711ff9ac8a43d98f53b060c4b1362b fe2cb8ebbcda447da4f985851cf6d105 - - f5803dd769f047eca26592da6f65259a f5803dd769f047eca26592da6f65259a] 10.0.0.120 "GET /v2.0/security-groups?id=7845cc2e-a678-427b-ba1b-1ed51188e351&fields=id&fields=name HTTP/1.1" status: 200 len: 312 time: 0.0359991
2026-05-27 11:09:05.888 10 INFO neutron.api.wsgi [req-d6803831-e213-4ca1-8e22-b358e5bb244a req-6726b5ff-fa27-4796-98ea-c9e93ec724ef 636542bf9c244871be7da67191878161 27cebbca587240ea9794a2e6ffa559b2 - - default default] 10.0.0.91 "GET /v2.0/ports?device_id=b9587a2c-fdb6-48b0-83dc-8bf143ead0e0 HTTP/1.1" status: 200 len: 210 time: 0.0238600
2026-05-27 11:09:05.920 10 INFO neutron.db.ovn_revision_numbers_db [None req-f44ed4d4-b686-4983-9974-e361341fc60e d5239c2ad7a9455bb4e7d693858edd25 181ab690c7d847c498ef571f38c8c6d5 - - default default] Successfully bumped revision number for resource b2cbcc4e-9965-4cf5-a0c1-f8d7cfa1122d (type: networks) to 1
2026-05-27 11:09:06.097 10 WARNING neutron.scheduler.dhcp_agent_scheduler [None req-f44ed4d4-b686-4983-9974-e361341fc60e d5239c2ad7a9455bb4e7d693858edd25 181ab690c7d847c498ef571f38c8c6d5 - - default default] No more DHCP agents
2026-05-27 11:09:06.098 10 WARNING neutron.api.rpc.agentnotifiers.dhcp_rpc_agent_api [None req-f44ed4d4-b686-4983-9974-e361341fc60e d5239c2ad7a9455bb4e7d693858edd25 181ab690c7d847c498ef571f38c8c6d5 - - default default] Unable to schedule network b2cbcc4e-9965-4cf5-a0c1-f8d7cfa1122d: no agents available; will retry on subsequent port and subnet creation events.
2026-05-27 11:09:06.172 10 INFO neutron.db.ovn_revision_numbers_db [None req-f44ed4d4-b686-4983-9974-e361341fc60e d5239c2ad7a9455bb4e7d693858edd25 181ab690c7d847c498ef571f38c8c6d5 - - default default] Successfully bumped revision number for resource f6a6d437-b7b8-41e6-a544-5f42c8a5bdf4 (type: ports) to 1
2026-05-27 11:09:06.197 10 INFO neutron.api.wsgi [None req-f44ed4d4-b686-4983-9974-e361341fc60e d5239c2ad7a9455bb4e7d693858edd25 181ab690c7d847c498ef571f38c8c6d5 - - default default] 10.0.0.9 "POST /v2.0/networks HTTP/1.1" status: 201 len: 833 time: 0.5260165
2026-05-27 11:09:06.206 10 WARNING neutron_lib.context [None req-7e7c651d-7b7c-40dc-90c3-97e952d5f784 d5239c2ad7a9455bb4e7d693858edd25 181ab690c7d847c498ef571f38c8c6d5 - - default default] Method 'is_advsvc' is deprecated since 2023.2 release (neutron-lib 3.8.0) and will be removed once support for the old RBAC API policies will be removed from Neutron. Please use method 'is_service_role' instead.
2026-05-27 11:09:06.240 11 INFO neutron.notifiers.nova [-] Nova event matching ['req-1683cf9f-1814-4873-9d89-96d75114eb68'] response: {'server_uuid': 'b9587a2c-fdb6-48b0-83dc-8bf143ead0e0', 'name': 'network-vif-unplugged', 'status': 'completed', 'tag': 'b5f0cc38-c250-41f9-a0cb-e4386b1344e8', 'code': 200}
2026-05-27 11:09:06.240 11 INFO neutron.notifiers.nova [-] Nova event matching ['req-1683cf9f-1814-4873-9d89-96d75114eb68'] response: {'server_uuid': 'b9587a2c-fdb6-48b0-83dc-8bf143ead0e0', 'name': 'network-vif-deleted', 'tag': 'b5f0cc38-c250-41f9-a0cb-e4386b1344e8', 'status': 'completed', 'code': 200}
2026-05-27 11:09:06.395 10 WARNING neutron.scheduler.dhcp_agent_scheduler [None req-7e7c651d-7b7c-40dc-90c3-97e952d5f784 d5239c2ad7a9455bb4e7d693858edd25 181ab690c7d847c498ef571f38c8c6d5 - - default default] No more DHCP agents
2026-05-27 11:09:06.396 10 WARNING neutron.api.rpc.agentnotifiers.dhcp_rpc_agent_api [None req-7e7c651d-7b7c-40dc-90c3-97e952d5f784 d5239c2ad7a9455bb4e7d693858edd25 181ab690c7d847c498ef571f38c8c6d5 - - default default] Unable to schedule network e188deb4-adca-402a-83fb-7f3e73de1ee8: no agents available; will retry on subsequent port and subnet creation events.
2026-05-27 11:09:06.423 10 INFO neutron.db.ovn_revision_numbers_db [None req-7e7c651d-7b7c-40dc-90c3-97e952d5f784 d5239c2ad7a9455bb4e7d693858edd25 181ab690c7d847c498ef571f38c8c6d5 - - default default] Successfully bumped revision number for resource d7501563-026f-4b11-a881-3eb4c75abf88 (type: subnets) to 0
2026-05-27 11:09:06.439 10 INFO neutron.api.wsgi [None req-7e7c651d-7b7c-40dc-90c3-97e952d5f784 d5239c2ad7a9455bb4e7d693858edd25 181ab690c7d847c498ef571f38c8c6d5 - - default default] 10.0.0.9 "POST /v2.0/subnets HTTP/1.1" status: 201 len: 845 time: 0.2374194
2026-05-27 11:09:06.449 10 WARNING neutron_lib.context [None req-90659918-efa7-4bec-9642-b34ac09a60f3 d5239c2ad7a9455bb4e7d693858edd25 181ab690c7d847c498ef571f38c8c6d5 - - default default] Method 'is_advsvc' is deprecated since 2023.2 release (neutron-lib 3.8.0) and will be removed once support for the old RBAC API policies will be removed from Neutron. Please use method 'is_service_role' instead.
2026-05-27 11:09:06.663 10 WARNING neutron.scheduler.dhcp_agent_scheduler [None req-90659918-efa7-4bec-9642-b34ac09a60f3 d5239c2ad7a9455bb4e7d693858edd25 181ab690c7d847c498ef571f38c8c6d5 - - default default] No more DHCP agents
2026-05-27 11:09:06.664 10 WARNING neutron.api.rpc.agentnotifiers.dhcp_rpc_agent_api [None req-90659918-efa7-4bec-9642-b34ac09a60f3 d5239c2ad7a9455bb4e7d693858edd25 181ab690c7d847c498ef571f38c8c6d5 - - default default] Unable to schedule network b2cbcc4e-9965-4cf5-a0c1-f8d7cfa1122d: no agents available; will retry on subsequent port and subnet creation events.
2026-05-27 11:09:06.694 10 INFO neutron.db.ovn_revision_numbers_db [None req-90659918-efa7-4bec-9642-b34ac09a60f3 d5239c2ad7a9455bb4e7d693858edd25 181ab690c7d847c498ef571f38c8c6d5 - - default default] Successfully bumped revision number for resource e3e4e3a9-8c65-41b2-9c2a-e1338ba02426 (type: subnets) to 0
