2026-05-27 11:11:35.852 11 INFO neutron.api.wsgi [None req-0ad7693a-5693-4a74-b8ba-3216fc71aba7 87bd2cbc47a34733bd2d0bb90bba303a 9c891e56aa7b44939f1756bb9a8d2e8e - - default default] 10.0.0.9 "GET /v2.0/routers?tags-any=red%2Cblue HTTP/1.1" status: 200 len: 1946 time: 0.0344691
2026-05-27 11:11:35.908 11 INFO neutron.api.wsgi [None req-8cb5c606-28c7-4dfe-8cc4-728ff4e45e3b 87bd2cbc47a34733bd2d0bb90bba303a 9c891e56aa7b44939f1756bb9a8d2e8e - - default default] 10.0.0.9 "GET /v2.0/routers?not-tags=red HTTP/1.1" status: 200 len: 1347 time: 0.0492187
2026-05-27 11:11:35.968 11 INFO neutron.api.wsgi [None req-179bf8bd-7bce-493a-a73c-c3759356cedb 87bd2cbc47a34733bd2d0bb90bba303a 9c891e56aa7b44939f1756bb9a8d2e8e - - default default] 10.0.0.9 "GET /v2.0/routers?not-tags=red%2Cblue HTTP/1.1" status: 200 len: 1918 time: 0.0543842
2026-05-27 11:11:36.026 11 INFO neutron.api.wsgi [None req-25228077-f97d-4cc1-9ae7-51295052bda8 87bd2cbc47a34733bd2d0bb90bba303a 9c891e56aa7b44939f1756bb9a8d2e8e - - default default] 10.0.0.9 "GET /v2.0/routers?not-tags-any=blue HTTP/1.1" status: 200 len: 1918 time: 0.0528307
2026-05-27 11:11:36.088 10 INFO neutron.api.wsgi [None req-11bb9dfd-ae55-4f2f-a73a-21ccbb9c9279 87bd2cbc47a34733bd2d0bb90bba303a 9c891e56aa7b44939f1756bb9a8d2e8e - - default default] 10.0.0.9 "GET /v2.0/routers?not-tags-any=red%2Cblue HTTP/1.1" status: 200 len: 1347 time: 0.0546808
2026-05-27 11:11:36.141 10 INFO neutron.api.wsgi [None req-30bfa73e-b4c3-4c97-b372-7ee896b66963 87bd2cbc47a34733bd2d0bb90bba303a 9c891e56aa7b44939f1756bb9a8d2e8e - - default default] 10.0.0.9 "GET /v2.0/routers/89d3bcd4-da65-4882-bb33-e0513e5e6740 HTTP/1.1" status: 200 len: 775 time: 0.0460808
2026-05-27 11:11:36.330 11 INFO neutron.api.wsgi [req-cc610c72-0660-414d-97ac-75714666bdc0 req-3ac679e7-2f64-4407-bdd9-7a94371d61e5 d5711ff9ac8a43d98f53b060c4b1362b fe2cb8ebbcda447da4f985851cf6d105 - - f5803dd769f047eca26592da6f65259a f5803dd769f047eca26592da6f65259a] 199.19.213.37 "GET /v2.0/ports?tenant_id=047a0787b92a4bb1a4828de75b3d9544&device_id=c7712989-5ac3-413f-b3d7-3234f7d430b9 HTTP/1.1" status: 200 len: 1409 time: 0.0304286
2026-05-27 11:11:36.377 11 INFO neutron.api.wsgi [req-cc610c72-0660-414d-97ac-75714666bdc0 req-16d1fc71-479b-49d1-9a20-11b4e6c09dc7 d5711ff9ac8a43d98f53b060c4b1362b fe2cb8ebbcda447da4f985851cf6d105 - - f5803dd769f047eca26592da6f65259a f5803dd769f047eca26592da6f65259a] 199.19.213.37 "GET /v2.0/networks?id=fb7188f2-e27e-4438-bea3-0986650f944c HTTP/1.1" status: 200 len: 958 time: 0.0431137
2026-05-27 11:11:36.401 11 INFO neutron.api.wsgi [req-cc610c72-0660-414d-97ac-75714666bdc0 req-ca095427-b53e-404c-ab83-32251a3388f4 d5711ff9ac8a43d98f53b060c4b1362b fe2cb8ebbcda447da4f985851cf6d105 - - f5803dd769f047eca26592da6f65259a f5803dd769f047eca26592da6f65259a] 199.19.213.37 "GET /v2.0/floatingips?fixed_ip_address=10.100.0.7&port_id=a95df3d5-971a-4373-ae2f-42286c4879e0 HTTP/1.1" status: 200 len: 217 time: 0.0179496
2026-05-27 11:11:36.444 11 INFO neutron.api.wsgi [req-cc610c72-0660-414d-97ac-75714666bdc0 req-e0f33d82-9b9f-4539-b472-b48cfdc64ea4 d5711ff9ac8a43d98f53b060c4b1362b fe2cb8ebbcda447da4f985851cf6d105 - - f5803dd769f047eca26592da6f65259a f5803dd769f047eca26592da6f65259a] 199.19.213.37 "GET /v2.0/subnets?id=fb72abd9-ba03-41a7-aac2-0b7544fe6971 HTTP/1.1" status: 200 len: 876 time: 0.0370989
2026-05-27 11:11:36.462 10 INFO neutron.db.ovn_revision_numbers_db [None req-9e6945cd-a063-4140-a5de-7a913ec143a3 87bd2cbc47a34733bd2d0bb90bba303a 9c891e56aa7b44939f1756bb9a8d2e8e - - default default] Successfully bumped revision number for resource 89d3bcd4-da65-4882-bb33-e0513e5e6740 (type: routers) to 2
2026-05-27 11:11:36.467 11 INFO neutron.api.wsgi [req-cc610c72-0660-414d-97ac-75714666bdc0 req-44bfef4a-313f-4bc4-80f2-eff5b6db9000 d5711ff9ac8a43d98f53b060c4b1362b fe2cb8ebbcda447da4f985851cf6d105 - - f5803dd769f047eca26592da6f65259a f5803dd769f047eca26592da6f65259a] 199.19.213.37 "GET /v2.0/ports?network_id=fb7188f2-e27e-4438-bea3-0986650f944c&device_owner=network%3Adhcp HTTP/1.1" status: 200 len: 210 time: 0.0169480
2026-05-27 11:11:36.468 10 INFO neutron.api.wsgi [None req-9e6945cd-a063-4140-a5de-7a913ec143a3 87bd2cbc47a34733bd2d0bb90bba303a 9c891e56aa7b44939f1756bb9a8d2e8e - - default default] 10.0.0.9 "PUT /v2.0/routers/89d3bcd4-da65-4882-bb33-e0513e5e6740 HTTP/1.1" status: 200 len: 775 time: 0.3158231
2026-05-27 11:11:36.497 11 INFO neutron.api.wsgi [None req-cbada788-e7de-4ad3-8a3d-30d22d8370c7 87bd2cbc47a34733bd2d0bb90bba303a 9c891e56aa7b44939f1756bb9a8d2e8e - - default default] 10.0.0.9 "GET /v2.0/ports?device_id=89d3bcd4-da65-4882-bb33-e0513e5e6740 HTTP/1.1" status: 200 len: 205 time: 0.0244024
2026-05-27 11:11:36.537 11 INFO neutron.api.wsgi [req-cc610c72-0660-414d-97ac-75714666bdc0 req-cd65d5dc-530d-4774-8659-68fb489ec699 d5711ff9ac8a43d98f53b060c4b1362b fe2cb8ebbcda447da4f985851cf6d105 - - f5803dd769f047eca26592da6f65259a f5803dd769f047eca26592da6f65259a] 199.19.213.37 "GET /v2.0/networks/fb7188f2-e27e-4438-bea3-0986650f944c?fields=segments HTTP/1.1" status: 200 len: 212 time: 0.0635829
2026-05-27 11:11:36.596 11 INFO neutron.api.wsgi [req-cc610c72-0660-414d-97ac-75714666bdc0 req-94790115-bc68-4141-9572-f372009dbf07 d5711ff9ac8a43d98f53b060c4b1362b fe2cb8ebbcda447da4f985851cf6d105 - - f5803dd769f047eca26592da6f65259a f5803dd769f047eca26592da6f65259a] 199.19.213.37 "GET /v2.0/networks/fb7188f2-e27e-4438-bea3-0986650f944c?fields=provider%3Aphysical_network&fields=provider%3Anetwork_type HTTP/1.1" status: 200 len: 277 time: 0.0516503
2026-05-27 11:11:36.709 10 INFO neutron.api.wsgi [None req-3e33a322-e83f-4af3-a00e-bef25ab36168 87bd2cbc47a34733bd2d0bb90bba303a 9c891e56aa7b44939f1756bb9a8d2e8e - - default default] 10.0.0.9 "DELETE /v2.0/routers/89d3bcd4-da65-4882-bb33-e0513e5e6740 HTTP/1.1" status: 204 len: 168 time: 0.2059848
2026-05-27 11:11:36.747 10 INFO neutron.api.wsgi [None req-c4417773-3d90-4613-8000-e7982a4c9112 87bd2cbc47a34733bd2d0bb90bba303a 9c891e56aa7b44939f1756bb9a8d2e8e - - default default] 10.0.0.9 "GET /v2.0/routers/06b271f8-fde3-4cc5-9752-769557bc427b HTTP/1.1" status: 200 len: 783 time: 0.0330272
2026-05-27 11:11:36.861 11 WARNING neutron_lib.context [None req-82096306-9e4e-4b02-ab88-ad9e0d591d16 84d321ed82a54c85b78a9b6a8963eada 047a0787b92a4bb1a4828de75b3d9544 - - default default] Method 'is_advsvc' is deprecated since 2023.2 release (neutron-lib 3.8.0) and will be removed once support for the old RBAC API policies will be removed from Neutron. Please use method 'is_service_role' instead.
2026-05-27 11:11:36.974 11 INFO neutron.db.ovn_revision_numbers_db [None req-82096306-9e4e-4b02-ab88-ad9e0d591d16 84d321ed82a54c85b78a9b6a8963eada 047a0787b92a4bb1a4828de75b3d9544 - - default default] Successfully bumped revision number for resource ffeb7bf7-8020-40c2-890b-7b06a29d8b86 (type: security_groups) to 1
2026-05-27 11:11:36.989 11 INFO neutron.db.ovn_revision_numbers_db [None req-82096306-9e4e-4b02-ab88-ad9e0d591d16 84d321ed82a54c85b78a9b6a8963eada 047a0787b92a4bb1a4828de75b3d9544 - - default default] Successfully bumped revision number for resource 07c4e8bf-07d9-4d80-ba0b-3e7418718804 (type: security_group_rules) to 0
2026-05-27 11:11:37.005 11 INFO neutron.db.ovn_revision_numbers_db [None req-82096306-9e4e-4b02-ab88-ad9e0d591d16 84d321ed82a54c85b78a9b6a8963eada 047a0787b92a4bb1a4828de75b3d9544 - - default default] Successfully bumped revision number for resource bbcce341-4f2e-49b6-8f4f-bedb568c6543 (type: security_group_rules) to 0
2026-05-27 11:11:37.046 11 INFO neutron.api.wsgi [None req-82096306-9e4e-4b02-ab88-ad9e0d591d16 84d321ed82a54c85b78a9b6a8963eada 047a0787b92a4bb1a4828de75b3d9544 - - default default] 10.0.0.9 "POST /v2.0/security-groups HTTP/1.1" status: 201 len: 1873 time: 0.1914470
2026-05-27 11:11:37.055 11 WARNING neutron_lib.context [None req-3ed0abd0-bb24-45c2-b67f-bbbaa0cb34bb 84d321ed82a54c85b78a9b6a8963eada 047a0787b92a4bb1a4828de75b3d9544 - - default default] Method 'is_advsvc' is deprecated since 2023.2 release (neutron-lib 3.8.0) and will be removed once support for the old RBAC API policies will be removed from Neutron. Please use method 'is_service_role' instead.
2026-05-27 11:11:37.077 10 INFO neutron.db.ovn_revision_numbers_db [None req-b4fad4b5-b303-4f13-8854-0d77db0ddeb3 87bd2cbc47a34733bd2d0bb90bba303a 9c891e56aa7b44939f1756bb9a8d2e8e - - default default] Successfully bumped revision number for resource 06b271f8-fde3-4cc5-9752-769557bc427b (type: routers) to 2
2026-05-27 11:11:37.083 10 INFO neutron.api.wsgi [None req-b4fad4b5-b303-4f13-8854-0d77db0ddeb3 87bd2cbc47a34733bd2d0bb90bba303a 9c891e56aa7b44939f1756bb9a8d2e8e - - default default] 10.0.0.9 "PUT /v2.0/routers/06b271f8-fde3-4cc5-9752-769557bc427b HTTP/1.1" status: 200 len: 783 time: 0.3310728
2026-05-27 11:11:37.106 11 INFO neutron.api.wsgi [-] 10.0.0.184 "GET / HTTP/1.1" status: 200 len: 247 time: 0.0018470
2026-05-27 11:11:37.108 11 INFO neutron.api.wsgi [-] 10.0.0.184 "GET / HTTP/1.1" status: 200 len: 247 time: 0.0015478
2026-05-27 11:11:37.119 10 INFO neutron.api.wsgi [None req-4d4f500a-d848-44c8-aa3b-a29bdf892e6c 87bd2cbc47a34733bd2d0bb90bba303a 9c891e56aa7b44939f1756bb9a8d2e8e - - default default] 10.0.0.9 "GET /v2.0/ports?device_id=06b271f8-fde3-4cc5-9752-769557bc427b HTTP/1.1" status: 200 len: 205 time: 0.0226066
2026-05-27 11:11:37.188 11 INFO neutron.db.ovn_revision_numbers_db [None req-3ed0abd0-bb24-45c2-b67f-bbbaa0cb34bb 84d321ed82a54c85b78a9b6a8963eada 047a0787b92a4bb1a4828de75b3d9544 - - default default] Successfully bumped revision number for resource 2bfb8bda-939e-43e5-828a-2c5a3c7d25ce (type: security_group_rules) to 0
2026-05-27 11:11:37.222 11 INFO neutron.api.wsgi [None req-3ed0abd0-bb24-45c2-b67f-bbbaa0cb34bb 84d321ed82a54c85b78a9b6a8963eada 047a0787b92a4bb1a4828de75b3d9544 - - default default] 10.0.0.9 "POST /v2.0/security-group-rules HTTP/1.1" status: 201 len: 796 time: 0.1715367
2026-05-27 11:11:37.232 10 WARNING neutron_lib.context [None req-ed070a95-b489-4a61-a49b-844c2711b756 84d321ed82a54c85b78a9b6a8963eada 047a0787b92a4bb1a4828de75b3d9544 - - default default] Method 'is_advsvc' is deprecated since 2023.2 release (neutron-lib 3.8.0) and will be removed once support for the old RBAC API policies will be removed from Neutron. Please use method 'is_service_role' instead.
2026-05-27 11:11:37.313 10 INFO neutron.api.wsgi [None req-3ae82191-c7a5-4d39-a39c-6be0c3ff8b67 87bd2cbc47a34733bd2d0bb90bba303a 9c891e56aa7b44939f1756bb9a8d2e8e - - default default] 10.0.0.9 "DELETE /v2.0/routers/06b271f8-fde3-4cc5-9752-769557bc427b HTTP/1.1" status: 204 len: 168 time: 0.1886935
2026-05-27 11:11:37.354 10 INFO neutron.api.wsgi [None req-cfc8ab85-2418-4f63-a382-70b5748863df 87bd2cbc47a34733bd2d0bb90bba303a 9c891e56aa7b44939f1756bb9a8d2e8e - - default default] 10.0.0.9 "GET /v2.0/routers/a81d435c-476c-44d8-9638-f49af9de8c3d HTTP/1.1" status: 200 len: 792 time: 0.0334005
2026-05-27 11:11:37.388 10 INFO neutron.db.ovn_revision_numbers_db [None req-ed070a95-b489-4a61-a49b-844c2711b756 84d321ed82a54c85b78a9b6a8963eada 047a0787b92a4bb1a4828de75b3d9544 - - default default] Successfully bumped revision number for resource 160c91ec-e8d4-4865-bbc6-70be6e78271b (type: security_group_rules) to 0
2026-05-27 11:11:37.415 10 INFO neutron.api.wsgi [None req-ed070a95-b489-4a61-a49b-844c2711b756 84d321ed82a54c85b78a9b6a8963eada 047a0787b92a4bb1a4828de75b3d9544 - - default default] 10.0.0.9 "POST /v2.0/security-group-rules HTTP/1.1" status: 201 len: 795 time: 0.1875775
2026-05-27 11:11:37.425 10 WARNING neutron_lib.context [None req-db2bcf8b-3113-41f6-b581-6a474d8cec1f 84d321ed82a54c85b78a9b6a8963eada 047a0787b92a4bb1a4828de75b3d9544 - - default default] Method 'is_advsvc' is deprecated since 2023.2 release (neutron-lib 3.8.0) and will be removed once support for the old RBAC API policies will be removed from Neutron. Please use method 'is_service_role' instead.
2026-05-27 11:11:37.530 10 INFO neutron.db.ovn_revision_numbers_db [None req-db2bcf8b-3113-41f6-b581-6a474d8cec1f 84d321ed82a54c85b78a9b6a8963eada 047a0787b92a4bb1a4828de75b3d9544 - - default default] Successfully bumped revision number for resource d96784ef-c71f-45ab-bdbe-4572c047ccda (type: security_group_rules) to 0
2026-05-27 11:11:37.557 10 INFO neutron.api.wsgi [None req-db2bcf8b-3113-41f6-b581-6a474d8cec1f 84d321ed82a54c85b78a9b6a8963eada 047a0787b92a4bb1a4828de75b3d9544 - - default default] 10.0.0.9 "POST /v2.0/security-group-rules HTTP/1.1" status: 201 len: 801 time: 0.1376204
2026-05-27 11:11:37.566 10 WARNING neutron_lib.context [None req-f860fdcf-f492-4267-9d87-e69d2c6110b7 84d321ed82a54c85b78a9b6a8963eada 047a0787b92a4bb1a4828de75b3d9544 - - default default] Method 'is_advsvc' is deprecated since 2023.2 release (neutron-lib 3.8.0) and will be removed once support for the old RBAC API policies will be removed from Neutron. Please use method 'is_service_role' instead.
2026-05-27 11:11:37.689 11 INFO neutron.db.ovn_revision_numbers_db [None req-a31f36d3-888b-4558-bb99-47905ced2165 87bd2cbc47a34733bd2d0bb90bba303a 9c891e56aa7b44939f1756bb9a8d2e8e - - default default] Successfully bumped revision number for resource a81d435c-476c-44d8-9638-f49af9de8c3d (type: routers) to 2
2026-05-27 11:11:37.691 10 INFO neutron.db.ovn_revision_numbers_db [None req-f860fdcf-f492-4267-9d87-e69d2c6110b7 84d321ed82a54c85b78a9b6a8963eada 047a0787b92a4bb1a4828de75b3d9544 - - default default] Successfully bumped revision number for resource 2cdfc881-fcf3-45ef-9450-f500d8f7eeea (type: security_group_rules) to 0
2026-05-27 11:11:37.694 11 INFO neutron.api.wsgi [None req-a31f36d3-888b-4558-bb99-47905ced2165 87bd2cbc47a34733bd2d0bb90bba303a 9c891e56aa7b44939f1756bb9a8d2e8e - - default default] 10.0.0.9 "PUT /v2.0/routers/a81d435c-476c-44d8-9638-f49af9de8c3d HTTP/1.1" status: 200 len: 792 time: 0.3343470
2026-05-27 11:11:37.718 11 INFO neutron.api.wsgi [None req-0b3f4431-4a2e-4c20-aeb1-d1dddcfb4d18 87bd2cbc47a34733bd2d0bb90bba303a 9c891e56aa7b44939f1756bb9a8d2e8e - - default default] 10.0.0.9 "GET /v2.0/ports?device_id=a81d435c-476c-44d8-9638-f49af9de8c3d HTTP/1.1" status: 200 len: 205 time: 0.0192499
2026-05-27 11:11:37.719 10 INFO neutron.api.wsgi [None req-f860fdcf-f492-4267-9d87-e69d2c6110b7 84d321ed82a54c85b78a9b6a8963eada 047a0787b92a4bb1a4828de75b3d9544 - - default default] 10.0.0.9 "POST /v2.0/security-group-rules HTTP/1.1" status: 201 len: 800 time: 0.1565647
2026-05-27 11:11:37.732 11 WARNING neutron_lib.context [None req-3d8be516-6d75-488a-8899-3110e19ccd9f 84d321ed82a54c85b78a9b6a8963eada 047a0787b92a4bb1a4828de75b3d9544 - - default default] Method 'is_advsvc' is deprecated since 2023.2 release (neutron-lib 3.8.0) and will be removed once support for the old RBAC API policies will be removed from Neutron. Please use method 'is_service_role' instead.
2026-05-27 11:11:37.771 11 INFO neutron.db.securitygroups_db [None req-3d8be516-6d75-488a-8899-3110e19ccd9f 84d321ed82a54c85b78a9b6a8963eada 047a0787b92a4bb1a4828de75b3d9544 - - default default] Project 047a0787b92a4bb1a4828de75b3d9544 added a security group rule with legacy IPv6 ICMP protocol name icmp, ipv6-icmp should be used instead. It was automatically converted.
2026-05-27 11:11:37.874 11 INFO neutron.db.ovn_revision_numbers_db [None req-3d8be516-6d75-488a-8899-3110e19ccd9f 84d321ed82a54c85b78a9b6a8963eada 047a0787b92a4bb1a4828de75b3d9544 - - default default] Successfully bumped revision number for resource 4c36d5fd-30eb-4a58-bd4e-6785b0ec855d (type: security_group_rules) to 0
2026-05-27 11:11:37.902 10 INFO neutron.api.wsgi [None req-e46a10f3-bf97-41ee-a934-cd3d2d35aa66 87bd2cbc47a34733bd2d0bb90bba303a 9c891e56aa7b44939f1756bb9a8d2e8e - - default default] 10.0.0.9 "DELETE /v2.0/routers/a81d435c-476c-44d8-9638-f49af9de8c3d HTTP/1.1" status: 204 len: 168 time: 0.1779959
2026-05-27 11:11:37.903 11 INFO neutron.api.wsgi [None req-3d8be516-6d75-488a-8899-3110e19ccd9f 84d321ed82a54c85b78a9b6a8963eada 047a0787b92a4bb1a4828de75b3d9544 - - default default] 10.0.0.9 "POST /v2.0/security-group-rules HTTP/1.1" status: 201 len: 806 time: 0.1761889
2026-05-27 11:11:37.913 10 WARNING neutron_lib.context [None req-7702fd6b-7c54-420b-a62a-73a557e77383 84d321ed82a54c85b78a9b6a8963eada 047a0787b92a4bb1a4828de75b3d9544 - - default default] Method 'is_advsvc' is deprecated since 2023.2 release (neutron-lib 3.8.0) and will be removed once support for the old RBAC API policies will be removed from Neutron. Please use method 'is_service_role' instead.
2026-05-27 11:11:37.955 11 INFO neutron.api.wsgi [None req-3919fda1-f1a6-4b1b-b25a-1c2f5a1707ae 87bd2cbc47a34733bd2d0bb90bba303a 9c891e56aa7b44939f1756bb9a8d2e8e - - default default] 10.0.0.9 "GET /v2.0/routers/badc3226-3ba7-446f-9f62-50e9a8536a68 HTTP/1.1" status: 200 len: 777 time: 0.0480070
2026-05-27 11:11:37.956 10 INFO neutron.db.securitygroups_db [None req-7702fd6b-7c54-420b-a62a-73a557e77383 84d321ed82a54c85b78a9b6a8963eada 047a0787b92a4bb1a4828de75b3d9544 - - default default] Project 047a0787b92a4bb1a4828de75b3d9544 added a security group rule with legacy IPv6 ICMP protocol name icmp, ipv6-icmp should be used instead. It was automatically converted.
2026-05-27 11:11:38.050 10 INFO neutron.db.ovn_revision_numbers_db [None req-7702fd6b-7c54-420b-a62a-73a557e77383 84d321ed82a54c85b78a9b6a8963eada 047a0787b92a4bb1a4828de75b3d9544 - - default default] Successfully bumped revision number for resource 898bf84d-a135-4fd7-a627-0e6e1673fbb6 (type: security_group_rules) to 0
2026-05-27 11:11:38.084 10 INFO neutron.api.wsgi [None req-7702fd6b-7c54-420b-a62a-73a557e77383 84d321ed82a54c85b78a9b6a8963eada 047a0787b92a4bb1a4828de75b3d9544 - - default default] 10.0.0.9 "POST /v2.0/security-group-rules HTTP/1.1" status: 201 len: 805 time: 0.1761351
2026-05-27 11:11:38.309 11 INFO neutron.db.ovn_revision_numbers_db [None req-20c05278-d103-4c54-afca-78d804b94921 87bd2cbc47a34733bd2d0bb90bba303a 9c891e56aa7b44939f1756bb9a8d2e8e - - default default] Successfully bumped revision number for resource badc3226-3ba7-446f-9f62-50e9a8536a68 (type: routers) to 2
2026-05-27 11:11:38.316 11 INFO neutron.api.wsgi [None req-20c05278-d103-4c54-afca-78d804b94921 87bd2cbc47a34733bd2d0bb90bba303a 9c891e56aa7b44939f1756bb9a8d2e8e - - default default] 10.0.0.9 "PUT /v2.0/routers/badc3226-3ba7-446f-9f62-50e9a8536a68 HTTP/1.1" status: 200 len: 777 time: 0.3549585
2026-05-27 11:11:38.341 11 INFO neutron.api.wsgi [None req-eae131b6-b387-4853-9616-b018d54bf57a 87bd2cbc47a34733bd2d0bb90bba303a 9c891e56aa7b44939f1756bb9a8d2e8e - - default default] 10.0.0.9 "GET /v2.0/ports?device_id=badc3226-3ba7-446f-9f62-50e9a8536a68 HTTP/1.1" status: 200 len: 205 time: 0.0196581
2026-05-27 11:11:38.515 10 INFO neutron.api.wsgi [None req-e583131d-ae4e-4e75-940c-0928b16654ec 84d321ed82a54c85b78a9b6a8963eada 047a0787b92a4bb1a4828de75b3d9544 - - default default] 10.0.0.9 "GET /v2.0/networks HTTP/1.1" status: 200 len: 1492 time: 0.0819333
2026-05-27 11:11:38.552 11 INFO neutron.api.wsgi [None req-96032dd0-65b4-444c-b7f1-724474723cfa 87bd2cbc47a34733bd2d0bb90bba303a 9c891e56aa7b44939f1756bb9a8d2e8e - - default default] 10.0.0.9 "DELETE /v2.0/routers/badc3226-3ba7-446f-9f62-50e9a8536a68 HTTP/1.1" status: 204 len: 168 time: 0.2073646
2026-05-27 11:11:38.599 11 INFO neutron.api.wsgi [None req-32db3205-8bec-4412-b07e-3867447c171a 87bd2cbc47a34733bd2d0bb90bba303a 9c891e56aa7b44939f1756bb9a8d2e8e - - default default] 10.0.0.9 "GET /v2.0/routers/a00ac3c3-203a-4956-b76e-bb7412b5938b HTTP/1.1" status: 200 len: 770 time: 0.0419528
2026-05-27 11:11:38.630 10 INFO neutron.api.wsgi [req-07f42e51-fe4d-44e1-9638-83d20b19eef0 req-ee2a0ed8-74d9-422c-9215-a414001992b2 84d321ed82a54c85b78a9b6a8963eada 047a0787b92a4bb1a4828de75b3d9544 - - default default] 10.0.0.91 "GET /v2.0/security-groups?name=tempest-secgroup-smoke-521198628&fields=id&tenant_id=047a0787b92a4bb1a4828de75b3d9544 HTTP/1.1" status: 200 len: 267 time: 0.0304627
2026-05-27 11:11:38.694 10 INFO neutron.api.wsgi [req-07f42e51-fe4d-44e1-9638-83d20b19eef0 req-f0d7c419-8211-496c-aa92-c27218422aa7 84d321ed82a54c85b78a9b6a8963eada 047a0787b92a4bb1a4828de75b3d9544 - - default default] 10.0.0.91 "GET /v2.0/networks?id=fb7188f2-e27e-4438-bea3-0986650f944c HTTP/1.1" status: 200 len: 859 time: 0.0578525
2026-05-27 11:11:38.711 10 INFO neutron.api.wsgi [req-07f42e51-fe4d-44e1-9638-83d20b19eef0 req-e15c601a-1cdb-44f5-98c8-6be74e58e7b1 84d321ed82a54c85b78a9b6a8963eada 047a0787b92a4bb1a4828de75b3d9544 - - default default] 10.0.0.91 "GET /v2.0/quotas/047a0787b92a4bb1a4828de75b3d9544 HTTP/1.1" status: 200 len: 491 time: 0.0103564
2026-05-27 11:11:38.809 10 INFO neutron.api.wsgi [req-07f42e51-fe4d-44e1-9638-83d20b19eef0 req-5a0c5b1f-c7fa-4ab9-bcab-72e501ceef0e 84d321ed82a54c85b78a9b6a8963eada 047a0787b92a4bb1a4828de75b3d9544 - - default default] 10.0.0.91 "GET /v2.0/ports?tenant_id=047a0787b92a4bb1a4828de75b3d9544&fields=id HTTP/1.1" status: 200 len: 348 time: 0.0921252
2026-05-27 11:11:38.865 10 INFO neutron.api.wsgi [req-07f42e51-fe4d-44e1-9638-83d20b19eef0 req-2415fb7d-8c72-4eb5-adbb-6e6894779bd9 d5711ff9ac8a43d98f53b060c4b1362b fe2cb8ebbcda447da4f985851cf6d105 - - f5803dd769f047eca26592da6f65259a f5803dd769f047eca26592da6f65259a] 10.0.0.91 "GET /v2.0/networks/fb7188f2-e27e-4438-bea3-0986650f944c?fields=segments HTTP/1.1" status: 200 len: 212 time: 0.0459042
2026-05-27 11:11:38.868 11 INFO neutron.api.wsgi [None req-dd8a9524-9b2e-4ace-9721-411190ca9408 87bd2cbc47a34733bd2d0bb90bba303a 9c891e56aa7b44939f1756bb9a8d2e8e - - default default] 10.0.0.9 "PUT /v2.0/routers/a00ac3c3-203a-4956-b76e-bb7412b5938b HTTP/1.1" status: 200 len: 770 time: 0.2621226
2026-05-27 11:11:38.891 11 INFO neutron.api.wsgi [None req-e0367abc-aab4-4add-b4c5-ffc80f3b640f 87bd2cbc47a34733bd2d0bb90bba303a 9c891e56aa7b44939f1756bb9a8d2e8e - - default default] 10.0.0.9 "GET /v2.0/ports?device_id=a00ac3c3-203a-4956-b76e-bb7412b5938b HTTP/1.1" status: 200 len: 205 time: 0.0162315
2026-05-27 11:11:38.918 10 INFO neutron.api.wsgi [req-07f42e51-fe4d-44e1-9638-83d20b19eef0 req-7569f384-7063-46ac-9de5-2b6c3e0b3940 d5711ff9ac8a43d98f53b060c4b1362b fe2cb8ebbcda447da4f985851cf6d105 - - f5803dd769f047eca26592da6f65259a f5803dd769f047eca26592da6f65259a] 10.0.0.91 "GET /v2.0/networks/fb7188f2-e27e-4438-bea3-0986650f944c?fields=provider%3Aphysical_network&fields=provider%3Anetwork_type HTTP/1.1" status: 200 len: 277 time: 0.0473132
2026-05-27 11:11:39.045 10 INFO neutron.api.wsgi [req-de45711f-6438-4d16-85aa-4b60d85634f4 req-7ac45684-9e57-423e-97c5-4e0404aec66a 84d321ed82a54c85b78a9b6a8963eada 047a0787b92a4bb1a4828de75b3d9544 - - default default] 10.0.0.91 "GET /v2.0/ports?device_id=25393422-3adb-4b05-8aad-03cb8661e335 HTTP/1.1" status: 200 len: 210 time: 0.0172412
2026-05-27 11:11:39.076 11 INFO neutron.api.wsgi [None req-dff48e68-3623-4eec-b2cc-565311973d1d 87bd2cbc47a34733bd2d0bb90bba303a 9c891e56aa7b44939f1756bb9a8d2e8e - - default default] 10.0.0.9 "DELETE /v2.0/routers/a00ac3c3-203a-4956-b76e-bb7412b5938b HTTP/1.1" status: 204 len: 168 time: 0.1795900
2026-05-27 11:11:40.114 10 INFO neutron.db.ovn_revision_numbers_db [None req-ea77cf38-1b98-4fd1-8b8e-f60b924840d8 e1764593464c4aa78df777aa75f0e064 ea974855a7484f339df3e98ed07b1cd9 - - default default] Successfully bumped revision number for resource 72bb27b0-0ecb-41d5-bea6-ab91501fb88f (type: security_groups) to 1
2026-05-27 11:11:40.132 10 INFO neutron.db.ovn_revision_numbers_db [None req-ea77cf38-1b98-4fd1-8b8e-f60b924840d8 e1764593464c4aa78df777aa75f0e064 ea974855a7484f339df3e98ed07b1cd9 - - default default] Successfully bumped revision number for resource 3f6a0a77-103d-4ca5-959d-8846a90df576 (type: security_group_rules) to 0
2026-05-27 11:11:40.139 10 INFO neutron.api.wsgi [req-4bfa7240-49fe-4421-938d-af64c6ff8a6e req-7a2d8b6d-961c-40d9-bece-b4066d5a5fee 84d321ed82a54c85b78a9b6a8963eada 047a0787b92a4bb1a4828de75b3d9544 - - default default] 10.0.0.91 "GET /v2.0/ports?device_id=25393422-3adb-4b05-8aad-03cb8661e335 HTTP/1.1" status: 200 len: 210 time: 0.0156641
2026-05-27 11:11:40.148 10 INFO neutron.db.ovn_revision_numbers_db [None req-ea77cf38-1b98-4fd1-8b8e-f60b924840d8 e1764593464c4aa78df777aa75f0e064 ea974855a7484f339df3e98ed07b1cd9 - - default default] Successfully bumped revision number for resource 5cf92ae5-6260-47b9-b96a-2b202e311fb1 (type: security_group_rules) to 0
2026-05-27 11:11:40.162 10 INFO neutron.db.ovn_revision_numbers_db [None req-ea77cf38-1b98-4fd1-8b8e-f60b924840d8 e1764593464c4aa78df777aa75f0e064 ea974855a7484f339df3e98ed07b1cd9 - - default default] Successfully bumped revision number for resource 5dd08a7f-9db9-4959-9c93-d53bcab7279d (type: security_group_rules) to 0
2026-05-27 11:11:40.179 10 INFO neutron.db.ovn_revision_numbers_db [None req-ea77cf38-1b98-4fd1-8b8e-f60b924840d8 e1764593464c4aa78df777aa75f0e064 ea974855a7484f339df3e98ed07b1cd9 - - default default] Successfully bumped revision number for resource ef51a95f-4114-4815-8270-f07df2a480b3 (type: security_group_rules) to 0
2026-05-27 11:11:40.218 10 INFO neutron.api.wsgi [None req-ea77cf38-1b98-4fd1-8b8e-f60b924840d8 e1764593464c4aa78df777aa75f0e064 ea974855a7484f339df3e98ed07b1cd9 - - default default] 10.0.0.9 "GET /v2.0/security-groups?tenant_id=dfc7339268274deb8f74ea9a5f4cf840&name=default HTTP/1.1" status: 200 len: 3120 time: 0.4025459
2026-05-27 11:11:40.429 10 INFO neutron.api.wsgi [None req-bc872cf6-c02b-40c0-a0a0-ac498a2de665 e1764593464c4aa78df777aa75f0e064 ea974855a7484f339df3e98ed07b1cd9 - - default default] 10.0.0.9 "DELETE /v2.0/security-groups/72bb27b0-0ecb-41d5-bea6-ab91501fb88f HTTP/1.1" status: 204 len: 168 time: 0.2057333
2026-05-27 11:11:40.630 11 INFO neutron.db.ovn_revision_numbers_db [None req-d62fe595-2b78-4409-8a84-4ca7c6f33023 e1764593464c4aa78df777aa75f0e064 ea974855a7484f339df3e98ed07b1cd9 - - default default] Successfully bumped revision number for resource d8c51f22-b9b6-44f8-8bd4-ccd55e5337ae (type: security_groups) to 1
2026-05-27 11:11:40.645 11 INFO neutron.db.ovn_revision_numbers_db [None req-d62fe595-2b78-4409-8a84-4ca7c6f33023 e1764593464c4aa78df777aa75f0e064 ea974855a7484f339df3e98ed07b1cd9 - - default default] Successfully bumped revision number for resource 349e8950-653e-4777-8097-96e5af96bb2b (type: security_group_rules) to 0
2026-05-27 11:11:40.662 11 INFO neutron.db.ovn_revision_numbers_db [None req-d62fe595-2b78-4409-8a84-4ca7c6f33023 e1764593464c4aa78df777aa75f0e064 ea974855a7484f339df3e98ed07b1cd9 - - default default] Successfully bumped revision number for resource b38291ef-48eb-43e8-b0a9-526dd4db7504 (type: security_group_rules) to 0
2026-05-27 11:11:40.677 11 INFO neutron.db.ovn_revision_numbers_db [None req-d62fe595-2b78-4409-8a84-4ca7c6f33023 e1764593464c4aa78df777aa75f0e064 ea974855a7484f339df3e98ed07b1cd9 - - default default] Successfully bumped revision number for resource c8414bd2-107b-48bc-9113-92c457b07c8c (type: security_group_rules) to 0
2026-05-27 11:11:40.691 11 INFO neutron.db.ovn_revision_numbers_db [None req-d62fe595-2b78-4409-8a84-4ca7c6f33023 e1764593464c4aa78df777aa75f0e064 ea974855a7484f339df3e98ed07b1cd9 - - default default] Successfully bumped revision number for resource ffc858c5-448d-4f32-8169-f1dece6653ac (type: security_group_rules) to 0
2026-05-27 11:11:40.722 11 INFO neutron.api.wsgi [None req-d62fe595-2b78-4409-8a84-4ca7c6f33023 e1764593464c4aa78df777aa75f0e064 ea974855a7484f339df3e98ed07b1cd9 - - default default] 10.0.0.9 "GET /v2.0/security-groups?tenant_id=9c891e56aa7b44939f1756bb9a8d2e8e&name=default HTTP/1.1" status: 200 len: 3120 time: 0.2095420
2026-05-27 11:11:40.991 11 INFO neutron.api.wsgi [None req-0b4ca88f-df73-4356-a9ca-96a0e874fa2e e1764593464c4aa78df777aa75f0e064 ea974855a7484f339df3e98ed07b1cd9 - - default default] 10.0.0.9 "DELETE /v2.0/security-groups/d8c51f22-b9b6-44f8-8bd4-ccd55e5337ae HTTP/1.1" status: 204 len: 168 time: 0.2630847
2026-05-27 11:11:41.205 11 INFO neutron.db.ovn_revision_numbers_db [None req-a1cb82c8-412d-480f-86dd-08c28aa541ac e1764593464c4aa78df777aa75f0e064 ea974855a7484f339df3e98ed07b1cd9 - - default default] Successfully bumped revision number for resource 10a21505-46b2-4e41-b5a4-c639980cb55e (type: security_groups) to 1
2026-05-27 11:11:41.216 11 INFO neutron.db.ovn_revision_numbers_db [None req-a1cb82c8-412d-480f-86dd-08c28aa541ac e1764593464c4aa78df777aa75f0e064 ea974855a7484f339df3e98ed07b1cd9 - - default default] Successfully bumped revision number for resource 21ee6ce1-59cb-41aa-99ce-5d90d187aa16 (type: security_group_rules) to 0
2026-05-27 11:11:41.229 11 INFO neutron.db.ovn_revision_numbers_db [None req-a1cb82c8-412d-480f-86dd-08c28aa541ac e1764593464c4aa78df777aa75f0e064 ea974855a7484f339df3e98ed07b1cd9 - - default default] Successfully bumped revision number for resource 42cbdc2b-3a32-4415-afee-354523e78223 (type: security_group_rules) to 0
2026-05-27 11:11:41.230 10 INFO neutron.api.wsgi [req-b9ae62f0-f1cf-4099-bd8f-0f6861ca1431 req-253c0d1e-c78e-4950-9516-429ec692eeaf 84d321ed82a54c85b78a9b6a8963eada 047a0787b92a4bb1a4828de75b3d9544 - - default default] 10.0.0.91 "GET /v2.0/ports?device_id=25393422-3adb-4b05-8aad-03cb8661e335 HTTP/1.1" status: 200 len: 210 time: 0.0218260
2026-05-27 11:11:41.240 11 INFO neutron.db.ovn_revision_numbers_db [None req-a1cb82c8-412d-480f-86dd-08c28aa541ac e1764593464c4aa78df777aa75f0e064 ea974855a7484f339df3e98ed07b1cd9 - - default default] Successfully bumped revision number for resource 86fbb094-fbd2-40f6-89e5-3120e2cd13fd (type: security_group_rules) to 0
2026-05-27 11:11:41.251 11 INFO neutron.db.ovn_revision_numbers_db [None req-a1cb82c8-412d-480f-86dd-08c28aa541ac e1764593464c4aa78df777aa75f0e064 ea974855a7484f339df3e98ed07b1cd9 - - default default] Successfully bumped revision number for resource adfa5e9b-b3b0-4159-922f-b1ecbfb35fb8 (type: security_group_rules) to 0
2026-05-27 11:11:41.283 11 INFO neutron.api.wsgi [None req-a1cb82c8-412d-480f-86dd-08c28aa541ac e1764593464c4aa78df777aa75f0e064 ea974855a7484f339df3e98ed07b1cd9 - - default default] 10.0.0.9 "GET /v2.0/security-groups?tenant_id=72d365ac2e3241d89cbcbe4ae6846963&name=default HTTP/1.1" status: 200 len: 3120 time: 0.1778624
2026-05-27 11:11:41.478 11 INFO neutron.api.wsgi [None req-89c68708-c7e1-4db8-b5f0-0c64e5d9e6c0 e1764593464c4aa78df777aa75f0e064 ea974855a7484f339df3e98ed07b1cd9 - - default default] 10.0.0.9 "DELETE /v2.0/security-groups/10a21505-46b2-4e41-b5a4-c639980cb55e HTTP/1.1" status: 204 len: 168 time: 0.1884878
2026-05-27 11:11:42.327 10 INFO neutron.api.wsgi [req-c8fe4837-1cd5-4887-8575-63568f0e508c req-28635865-6b4c-4981-b975-777c9360479b 84d321ed82a54c85b78a9b6a8963eada 047a0787b92a4bb1a4828de75b3d9544 - - default default] 10.0.0.91 "GET /v2.0/ports?device_id=25393422-3adb-4b05-8aad-03cb8661e335 HTTP/1.1" status: 200 len: 210 time: 0.0250776
2026-05-27 11:11:43.358 11 INFO neutron.api.wsgi [req-07f42e51-fe4d-44e1-9638-83d20b19eef0 req-b53e9d42-0bce-484f-8379-6d98e6fbe989 84d321ed82a54c85b78a9b6a8963eada 047a0787b92a4bb1a4828de75b3d9544 - - default default] 199.19.213.37 "GET /v2.0/networks?id=fb7188f2-e27e-4438-bea3-0986650f944c HTTP/1.1" status: 200 len: 859 time: 0.0574675
2026-05-27 11:11:43.404 10 INFO neutron.api.wsgi [req-20ecf329-c577-499a-bace-cdf7a615eb82 req-20a9cc98-efef-4f7c-9fcb-8d2e09df596c 84d321ed82a54c85b78a9b6a8963eada 047a0787b92a4bb1a4828de75b3d9544 - - default default] 10.0.0.91 "GET /v2.0/ports?device_id=25393422-3adb-4b05-8aad-03cb8661e335 HTTP/1.1" status: 200 len: 210 time: 0.0182536
2026-05-27 11:11:43.406 11 INFO neutron.api.wsgi [req-07f42e51-fe4d-44e1-9638-83d20b19eef0 req-ef11a68f-8a34-41f4-a5dc-647c670f3134 84d321ed82a54c85b78a9b6a8963eada 047a0787b92a4bb1a4828de75b3d9544 - - default default] 199.19.213.37 "GET /v2.0/security-groups?fields=id&fields=name&tenant_id=047a0787b92a4bb1a4828de75b3d9544 HTTP/1.1" status: 200 len: 472 time: 0.0432637
2026-05-27 11:11:43.414 11 WARNING neutron_lib.context [req-07f42e51-fe4d-44e1-9638-83d20b19eef0 req-27140968-1065-4ab0-9001-a38ffeb6346d 84d321ed82a54c85b78a9b6a8963eada 047a0787b92a4bb1a4828de75b3d9544 - - default default] Method 'is_advsvc' is deprecated since 2023.2 release (neutron-lib 3.8.0) and will be removed once support for the old RBAC API policies will be removed from Neutron. Please use method 'is_service_role' instead.
2026-05-27 11:11:43.709 11 WARNING neutron.scheduler.dhcp_agent_scheduler [req-07f42e51-fe4d-44e1-9638-83d20b19eef0 req-27140968-1065-4ab0-9001-a38ffeb6346d 84d321ed82a54c85b78a9b6a8963eada 047a0787b92a4bb1a4828de75b3d9544 - - default default] No more DHCP agents
2026-05-27 11:11:43.711 11 WARNING neutron.api.rpc.agentnotifiers.dhcp_rpc_agent_api [req-07f42e51-fe4d-44e1-9638-83d20b19eef0 req-27140968-1065-4ab0-9001-a38ffeb6346d 84d321ed82a54c85b78a9b6a8963eada 047a0787b92a4bb1a4828de75b3d9544 - - default default] Unable to schedule network fb7188f2-e27e-4438-bea3-0986650f944c: no agents available; will retry on subsequent port and subnet creation events.
2026-05-27 11:11:43.825 11 INFO neutron.db.ovn_revision_numbers_db [req-07f42e51-fe4d-44e1-9638-83d20b19eef0 req-27140968-1065-4ab0-9001-a38ffeb6346d 84d321ed82a54c85b78a9b6a8963eada 047a0787b92a4bb1a4828de75b3d9544 - - default default] Successfully bumped revision number for resource 6a5e0988-9c97-409d-bc37-7f1d332aa395 (type: ports) to 1
2026-05-27 11:11:43.844 11 INFO neutron.api.wsgi [req-07f42e51-fe4d-44e1-9638-83d20b19eef0 req-27140968-1065-4ab0-9001-a38ffeb6346d 84d321ed82a54c85b78a9b6a8963eada 047a0787b92a4bb1a4828de75b3d9544 - - default default] 199.19.213.37 "POST /v2.0/ports HTTP/1.1" status: 201 len: 1162 time: 0.4340782 /var/lib/openstack/lib/python3.12/site-packages/pycadf/identifier.py:71: UserWarning: Invalid uuid: neutron. To ensure interoperability, identifiers should be a valid uuid. warnings.warn(('Invalid uuid: %s. To ensure interoperability, '
2026-05-27 11:11:44.167 11 INFO neutron.db.ovn_revision_numbers_db [req-07f42e51-fe4d-44e1-9638-83d20b19eef0 req-1b922707-043b-4bcf-8d6f-040f4a0b3d78 d5711ff9ac8a43d98f53b060c4b1362b fe2cb8ebbcda447da4f985851cf6d105 - - f5803dd769f047eca26592da6f65259a f5803dd769f047eca26592da6f65259a] Successfully bumped revision number for resource 6a5e0988-9c97-409d-bc37-7f1d332aa395 (type: ports) to 2
2026-05-27 11:11:44.364 11 INFO neutron.db.ovn_revision_numbers_db [req-07f42e51-fe4d-44e1-9638-83d20b19eef0 req-1b922707-043b-4bcf-8d6f-040f4a0b3d78 d5711ff9ac8a43d98f53b060c4b1362b fe2cb8ebbcda447da4f985851cf6d105 - - f5803dd769f047eca26592da6f65259a f5803dd769f047eca26592da6f65259a] Successfully bumped revision number for resource 6a5e0988-9c97-409d-bc37-7f1d332aa395 (type: ports) to 4
2026-05-27 11:11:44.380 11 INFO neutron.api.wsgi [req-07f42e51-fe4d-44e1-9638-83d20b19eef0 req-1b922707-043b-4bcf-8d6f-040f4a0b3d78 d5711ff9ac8a43d98f53b060c4b1362b fe2cb8ebbcda447da4f985851cf6d105 - - f5803dd769f047eca26592da6f65259a f5803dd769f047eca26592da6f65259a] 199.19.213.37 "PUT /v2.0/ports/6a5e0988-9c97-409d-bc37-7f1d332aa395 HTTP/1.1" status: 200 len: 1408 time: 0.5295858
2026-05-27 11:11:44.420 11 INFO neutron.notifiers.nova [-] Nova event matching ['req-1952219b-37b7-49b4-8d68-571230c3c243'] response: {'name': 'network-changed', 'server_uuid': '25393422-3adb-4b05-8aad-03cb8661e335', 'tag': '6a5e0988-9c97-409d-bc37-7f1d332aa395', 'status': 'completed', 'code': 200}
2026-05-27 11:11:44.529 10 INFO neutron.api.wsgi [req-b22688a4-d4b7-461e-b8c3-1aa33634e36b req-d3fdb794-b194-4789-9d0e-77e7c79e655c 84d321ed82a54c85b78a9b6a8963eada 047a0787b92a4bb1a4828de75b3d9544 - - default default] 10.0.0.91 "GET /v2.0/ports?device_id=25393422-3adb-4b05-8aad-03cb8661e335 HTTP/1.1" status: 200 len: 1172 time: 0.0691199
2026-05-27 11:11:44.572 10 INFO neutron.api.wsgi [req-b22688a4-d4b7-461e-b8c3-1aa33634e36b req-08b7520f-5024-4e99-a70e-f91d1bef8461 84d321ed82a54c85b78a9b6a8963eada 047a0787b92a4bb1a4828de75b3d9544 - - default default] 10.0.0.91 "GET /v2.0/security-groups?id=ffeb7bf7-8020-40c2-890b-7b06a29d8b86&fields=id&fields=name HTTP/1.1" status: 200 len: 312 time: 0.0371983 /var/lib/openstack/lib/python3.12/site-packages/pycadf/identifier.py:71: UserWarning: Invalid uuid: neutron. To ensure interoperability, identifiers should be a valid uuid. warnings.warn(('Invalid uuid: %s. To ensure interoperability, '
2026-05-27 11:11:44.965 11 INFO neutron.api.wsgi [req-db3bc7bc-6a4b-4baa-9e43-28790d349e2b req-f1072dc9-7c9c-4fa4-9589-154a467e7b7b d5711ff9ac8a43d98f53b060c4b1362b fe2cb8ebbcda447da4f985851cf6d105 - - f5803dd769f047eca26592da6f65259a f5803dd769f047eca26592da6f65259a] 199.19.213.37 "GET /v2.0/ports?tenant_id=047a0787b92a4bb1a4828de75b3d9544&device_id=25393422-3adb-4b05-8aad-03cb8661e335 HTTP/1.1" status: 200 len: 1411 time: 0.0363114
2026-05-27 11:11:45.028 11 INFO neutron.api.wsgi [req-db3bc7bc-6a4b-4baa-9e43-28790d349e2b req-fbb44794-e6a2-4101-aef9-8bbf9eef4511 d5711ff9ac8a43d98f53b060c4b1362b fe2cb8ebbcda447da4f985851cf6d105 - - f5803dd769f047eca26592da6f65259a f5803dd769f047eca26592da6f65259a] 199.19.213.37 "GET /v2.0/networks?tenant_id=047a0787b92a4bb1a4828de75b3d9544&shared=False HTTP/1.1" status: 200 len: 958 time: 0.0587738
2026-05-27 11:11:45.076 11 INFO neutron.api.wsgi [req-db3bc7bc-6a4b-4baa-9e43-28790d349e2b req-12a5de85-b2f0-4c79-afc2-e39b01c1534b d5711ff9ac8a43d98f53b060c4b1362b fe2cb8ebbcda447da4f985851cf6d105 - - f5803dd769f047eca26592da6f65259a f5803dd769f047eca26592da6f65259a] 199.19.213.37 "GET /v2.0/networks?shared=True HTTP/1.1" status: 200 len: 952 time: 0.0436594
2026-05-27 11:11:45.596 10 WARNING neutron_lib.context [None req-8bf57297-f6bb-4bca-b4d4-e8583fab76f3 3294e852194a4f4aad7f54a26e6ed5dd faea17adbe6940009084917ff7a39d97 - - default default] Method 'is_advsvc' is deprecated since 2023.2 release (neutron-lib 3.8.0) and will be removed once support for the old RBAC API policies will be removed from Neutron. Please use method 'is_service_role' instead.
2026-05-27 11:11:45.675 10 INFO neutron.api.wsgi [req-9b84c1f6-b1ff-40d3-a681-f5fda6056076 req-d8d7b3ae-4225-4373-ad9f-8f8633ca6315 84d321ed82a54c85b78a9b6a8963eada 047a0787b92a4bb1a4828de75b3d9544 - - default default] 10.0.0.91 "GET /v2.0/ports?device_id=25393422-3adb-4b05-8aad-03cb8661e335 HTTP/1.1" status: 200 len: 1172 time: 0.0396202
2026-05-27 11:11:45.721 10 INFO neutron.api.wsgi [req-9b84c1f6-b1ff-40d3-a681-f5fda6056076 req-47593161-e78f-4cb9-ba95-a5d6ce942bb1 84d321ed82a54c85b78a9b6a8963eada 047a0787b92a4bb1a4828de75b3d9544 - - default default] 10.0.0.91 "GET /v2.0/security-groups?id=ffeb7bf7-8020-40c2-890b-7b06a29d8b86&fields=id&fields=name HTTP/1.1" status: 200 len: 312 time: 0.0395389
2026-05-27 11:11:45.754 10 INFO neutron.db.ovn_revision_numbers_db [None req-8bf57297-f6bb-4bca-b4d4-e8583fab76f3 3294e852194a4f4aad7f54a26e6ed5dd faea17adbe6940009084917ff7a39d97 - - default default] Successfully bumped revision number for resource 91fcc4c5-7ef9-4328-bbbb-fd28336c9fb0 (type: security_groups) to 1
2026-05-27 11:11:45.765 10 INFO neutron.db.ovn_revision_numbers_db [None req-8bf57297-f6bb-4bca-b4d4-e8583fab76f3 3294e852194a4f4aad7f54a26e6ed5dd faea17adbe6940009084917ff7a39d97 - - default default] Successfully bumped revision number for resource 25e5f19b-8091-4423-acfa-10f8547b7c3c (type: security_group_rules) to 0
2026-05-27 11:11:45.778 10 INFO neutron.db.ovn_revision_numbers_db [None req-8bf57297-f6bb-4bca-b4d4-e8583fab76f3 3294e852194a4f4aad7f54a26e6ed5dd faea17adbe6940009084917ff7a39d97 - - default default] Successfully bumped revision number for resource 2a1a63c0-9fc8-4bda-988d-e800b1a4f144 (type: security_group_rules) to 0
2026-05-27 11:11:45.792 10 INFO neutron.db.ovn_revision_numbers_db [None req-8bf57297-f6bb-4bca-b4d4-e8583fab76f3 3294e852194a4f4aad7f54a26e6ed5dd faea17adbe6940009084917ff7a39d97 - - default default] Successfully bumped revision number for resource b3578c43-d762-43fc-b716-9788c207bfef (type: security_group_rules) to 0
2026-05-27 11:11:45.804 10 INFO neutron.db.ovn_revision_numbers_db [None req-8bf57297-f6bb-4bca-b4d4-e8583fab76f3 3294e852194a4f4aad7f54a26e6ed5dd faea17adbe6940009084917ff7a39d97 - - default default] Successfully bumped revision number for resource eb7dc631-70be-4e5f-8017-a52b982e418e (type: security_group_rules) to 0
2026-05-27 11:11:45.877 10 INFO neutron.db.segments_db [None req-8bf57297-f6bb-4bca-b4d4-e8583fab76f3 3294e852194a4f4aad7f54a26e6ed5dd faea17adbe6940009084917ff7a39d97 - - default default] Added segment c7ca85fb-ec7b-4be2-b11c-cef5d70e3b02 of type geneve for network ee97e5ff-dcff-4c4b-b18d-f984364b1ad1
2026-05-27 11:11:45.979 10 INFO neutron.db.ovn_revision_numbers_db [None req-8bf57297-f6bb-4bca-b4d4-e8583fab76f3 3294e852194a4f4aad7f54a26e6ed5dd faea17adbe6940009084917ff7a39d97 - - default default] Successfully bumped revision number for resource ee97e5ff-dcff-4c4b-b18d-f984364b1ad1 (type: networks) to 1
2026-05-27 11:11:46.124 11 INFO neutron.api.wsgi [req-07f42e51-fe4d-44e1-9638-83d20b19eef0 req-1a3634cd-74fc-43e8-9b4a-3f2c51e7c6ab d5711ff9ac8a43d98f53b060c4b1362b fe2cb8ebbcda447da4f985851cf6d105 - - f5803dd769f047eca26592da6f65259a f5803dd769f047eca26592da6f65259a] 199.19.213.37 "GET /v2.0/ports?tenant_id=047a0787b92a4bb1a4828de75b3d9544&device_id=25393422-3adb-4b05-8aad-03cb8661e335 HTTP/1.1" status: 200 len: 1411 time: 0.0319133
2026-05-27 11:11:46.137 10 WARNING neutron.scheduler.dhcp_agent_scheduler [None req-8bf57297-f6bb-4bca-b4d4-e8583fab76f3 3294e852194a4f4aad7f54a26e6ed5dd faea17adbe6940009084917ff7a39d97 - - default default] No more DHCP agents
2026-05-27 11:11:46.139 10 WARNING neutron.api.rpc.agentnotifiers.dhcp_rpc_agent_api [None req-8bf57297-f6bb-4bca-b4d4-e8583fab76f3 3294e852194a4f4aad7f54a26e6ed5dd faea17adbe6940009084917ff7a39d97 - - default default] Unable to schedule network ee97e5ff-dcff-4c4b-b18d-f984364b1ad1: no agents available; will retry on subsequent port and subnet creation events.
2026-05-27 11:11:46.146 11 INFO neutron.api.wsgi [req-07f42e51-fe4d-44e1-9638-83d20b19eef0 req-0834d6a0-0576-4585-98ce-239a57e24761 d5711ff9ac8a43d98f53b060c4b1362b fe2cb8ebbcda447da4f985851cf6d105 - - f5803dd769f047eca26592da6f65259a f5803dd769f047eca26592da6f65259a] 199.19.213.37 "GET /v2.0/floatingips?fixed_ip_address=10.100.0.11&port_id=6a5e0988-9c97-409d-bc37-7f1d332aa395 HTTP/1.1" status: 200 len: 217 time: 0.0160201
2026-05-27 11:11:46.188 11 INFO neutron.api.wsgi [req-07f42e51-fe4d-44e1-9638-83d20b19eef0 req-2a3b4616-459b-4a3f-888e-73e939112c6b d5711ff9ac8a43d98f53b060c4b1362b fe2cb8ebbcda447da4f985851cf6d105 - - f5803dd769f047eca26592da6f65259a f5803dd769f047eca26592da6f65259a] 199.19.213.37 "GET /v2.0/subnets?id=fb72abd9-ba03-41a7-aac2-0b7544fe6971 HTTP/1.1" status: 200 len: 876 time: 0.0354536
2026-05-27 11:11:46.211 11 INFO neutron.api.wsgi [req-07f42e51-fe4d-44e1-9638-83d20b19eef0 req-33988326-948e-4351-9867-3b09c2cd8033 d5711ff9ac8a43d98f53b060c4b1362b fe2cb8ebbcda447da4f985851cf6d105 - - f5803dd769f047eca26592da6f65259a f5803dd769f047eca26592da6f65259a] 199.19.213.37 "GET /v2.0/ports?network_id=fb7188f2-e27e-4438-bea3-0986650f944c&device_owner=network%3Adhcp HTTP/1.1" status: 200 len: 210 time: 0.0190294
2026-05-27 11:11:46.212 10 INFO neutron.db.ovn_revision_numbers_db [None req-8bf57297-f6bb-4bca-b4d4-e8583fab76f3 3294e852194a4f4aad7f54a26e6ed5dd faea17adbe6940009084917ff7a39d97 - - default default] Successfully bumped revision number for resource c25d0772-b89d-4ec3-8a90-b607a1c5a6d5 (type: ports) to 1
2026-05-27 11:11:46.235 10 INFO neutron.api.wsgi [None req-8bf57297-f6bb-4bca-b4d4-e8583fab76f3 3294e852194a4f4aad7f54a26e6ed5dd faea17adbe6940009084917ff7a39d97 - - default default] 10.0.0.9 "POST /v2.0/networks HTTP/1.1" status: 201 len: 830 time: 0.8490093
2026-05-27 11:11:46.245 10 WARNING neutron_lib.context [None req-81346f9d-9814-410b-b89f-af1c3989ecff 3294e852194a4f4aad7f54a26e6ed5dd faea17adbe6940009084917ff7a39d97 - - default default] Method 'is_advsvc' is deprecated since 2023.2 release (neutron-lib 3.8.0) and will be removed once support for the old RBAC API policies will be removed from Neutron. Please use method 'is_service_role' instead.
2026-05-27 11:11:46.264 11 INFO neutron.api.wsgi [req-07f42e51-fe4d-44e1-9638-83d20b19eef0 req-d6c182b0-25fc-4c35-898f-c13d1492bda0 d5711ff9ac8a43d98f53b060c4b1362b fe2cb8ebbcda447da4f985851cf6d105 - - f5803dd769f047eca26592da6f65259a f5803dd769f047eca26592da6f65259a] 199.19.213.37 "GET /v2.0/networks/fb7188f2-e27e-4438-bea3-0986650f944c?fields=segments HTTP/1.1" status: 200 len: 212 time: 0.0458722
2026-05-27 11:11:46.308 11 INFO neutron.api.wsgi [req-07f42e51-fe4d-44e1-9638-83d20b19eef0 req-4e84896c-e25e-4f8d-b36b-33c982955681 d5711ff9ac8a43d98f53b060c4b1362b fe2cb8ebbcda447da4f985851cf6d105 - - f5803dd769f047eca26592da6f65259a f5803dd769f047eca26592da6f65259a] 199.19.213.37 "GET /v2.0/networks/fb7188f2-e27e-4438-bea3-0986650f944c?fields=provider%3Aphysical_network&fields=provider%3Anetwork_type HTTP/1.1" status: 200 len: 277 time: 0.0405920
2026-05-27 11:11:46.459 10 WARNING neutron.scheduler.dhcp_agent_scheduler [None req-81346f9d-9814-410b-b89f-af1c3989ecff 3294e852194a4f4aad7f54a26e6ed5dd faea17adbe6940009084917ff7a39d97 - - default default] No more DHCP agents
2026-05-27 11:11:46.461 10 WARNING neutron.api.rpc.agentnotifiers.dhcp_rpc_agent_api [None req-81346f9d-9814-410b-b89f-af1c3989ecff 3294e852194a4f4aad7f54a26e6ed5dd faea17adbe6940009084917ff7a39d97 - - default default] Unable to schedule network ee97e5ff-dcff-4c4b-b18d-f984364b1ad1: no agents available; will retry on subsequent port and subnet creation events.
2026-05-27 11:11:46.527 10 INFO neutron.db.ovn_revision_numbers_db [None req-81346f9d-9814-410b-b89f-af1c3989ecff 3294e852194a4f4aad7f54a26e6ed5dd faea17adbe6940009084917ff7a39d97 - - default default] Successfully bumped revision number for resource f36b5d5d-0092-45b7-a237-2363c9917680 (type: ports) to 1
2026-05-27 11:11:46.553 10 INFO neutron.api.wsgi [None req-81346f9d-9814-410b-b89f-af1c3989ecff 3294e852194a4f4aad7f54a26e6ed5dd faea17adbe6940009084917ff7a39d97 - - default default] 10.0.0.9 "POST /v2.0/ports HTTP/1.1" status: 201 len: 942 time: 0.3120975 /var/lib/openstack/lib/python3.12/site-packages/pycadf/identifier.py:71: UserWarning: Invalid uuid: neutron. To ensure interoperability, identifiers should be a valid uuid. warnings.warn(('Invalid uuid: %s. To ensure interoperability, '
2026-05-27 11:11:46.565 10 WARNING neutron_lib.context [None req-6791780c-cb64-470a-ba0d-54abb6556fe9 3294e852194a4f4aad7f54a26e6ed5dd faea17adbe6940009084917ff7a39d97 - - default default] Method 'is_advsvc' is deprecated since 2023.2 release (neutron-lib 3.8.0) and will be removed once support for the old RBAC API policies will be removed from Neutron. Please use method 'is_service_role' instead.
2026-05-27 11:11:47.187 10 INFO neutron.api.wsgi [req-40844726-7995-420c-8f0a-84a74641ba94 req-61a3bae8-0b16-4d1f-94f5-6c6f6af7fb1b 84d321ed82a54c85b78a9b6a8963eada 047a0787b92a4bb1a4828de75b3d9544 - - default default] 10.0.0.91 "GET /v2.0/ports?device_id=25393422-3adb-4b05-8aad-03cb8661e335 HTTP/1.1" status: 200 len: 1172 time: 0.0486145
2026-05-27 11:11:47.255 10 INFO neutron.api.wsgi [req-40844726-7995-420c-8f0a-84a74641ba94 req-9351ca55-60a6-4458-885b-e3fe75040ea5 84d321ed82a54c85b78a9b6a8963eada 047a0787b92a4bb1a4828de75b3d9544 - - default default] 10.0.0.91 "GET /v2.0/security-groups?id=ffeb7bf7-8020-40c2-890b-7b06a29d8b86&fields=id&fields=name HTTP/1.1" status: 200 len: 312 time: 0.0615664
2026-05-27 11:11:47.291 10 INFO neutron.api.wsgi [None req-6791780c-cb64-470a-ba0d-54abb6556fe9 3294e852194a4f4aad7f54a26e6ed5dd faea17adbe6940009084917ff7a39d97 - - default default] 10.0.0.9 "POST /v2.0/trunks HTTP/1.1" status: 201 len: 608 time: 0.7301748
2026-05-27 11:11:47.302 10 WARNING neutron_lib.context [None req-896014f8-7ccc-4139-985b-e8d7839363b6 3294e852194a4f4aad7f54a26e6ed5dd faea17adbe6940009084917ff7a39d97 - - default default] Method 'is_advsvc' is deprecated since 2023.2 release (neutron-lib 3.8.0) and will be removed once support for the old RBAC API policies will be removed from Neutron. Please use method 'is_service_role' instead.
2026-05-27 11:11:47.386 10 INFO neutron.db.segments_db [None req-896014f8-7ccc-4139-985b-e8d7839363b6 3294e852194a4f4aad7f54a26e6ed5dd faea17adbe6940009084917ff7a39d97 - - default default] Added segment 8bb88df7-48c4-487a-b864-46a69118cc37 of type geneve for network 1e131daa-5d4e-47ff-9429-20f77e0108bb
2026-05-27 11:11:47.498 10 INFO neutron.db.ovn_revision_numbers_db [None req-896014f8-7ccc-4139-985b-e8d7839363b6 3294e852194a4f4aad7f54a26e6ed5dd faea17adbe6940009084917ff7a39d97 - - default default] Successfully bumped revision number for resource 1e131daa-5d4e-47ff-9429-20f77e0108bb (type: networks) to 1
2026-05-27 11:11:47.653 10 WARNING neutron.scheduler.dhcp_agent_scheduler [None req-896014f8-7ccc-4139-985b-e8d7839363b6 3294e852194a4f4aad7f54a26e6ed5dd faea17adbe6940009084917ff7a39d97 - - default default] No more DHCP agents
2026-05-27 11:11:47.654 10 WARNING neutron.api.rpc.agentnotifiers.dhcp_rpc_agent_api [None req-896014f8-7ccc-4139-985b-e8d7839363b6 3294e852194a4f4aad7f54a26e6ed5dd faea17adbe6940009084917ff7a39d97 - - default default] Unable to schedule network 1e131daa-5d4e-47ff-9429-20f77e0108bb: no agents available; will retry on subsequent port and subnet creation events.
2026-05-27 11:11:47.712 10 INFO neutron.db.ovn_revision_numbers_db [None req-896014f8-7ccc-4139-985b-e8d7839363b6 3294e852194a4f4aad7f54a26e6ed5dd faea17adbe6940009084917ff7a39d97 - - default default] Successfully bumped revision number for resource 0bd35156-5f1e-4338-9674-28f64b4224ae (type: ports) to 1
2026-05-27 11:11:47.732 10 INFO neutron.api.wsgi [None req-896014f8-7ccc-4139-985b-e8d7839363b6 3294e852194a4f4aad7f54a26e6ed5dd faea17adbe6940009084917ff7a39d97 - - default default] 10.0.0.9 "POST /v2.0/networks HTTP/1.1" status: 201 len: 831 time: 0.4351411
