2026-05-27 11:10:23.797 11 INFO neutron.plugins.ml2.plugin [None req-ea9b129b-b6e5-4f1e-b088-3af56d808947 - - - - - -] Attempt 1 to provision port aa16d470-99ba-4fd5-8c92-8e833c3c0210
2026-05-27 11:10:23.820 11 INFO neutron.db.ovn_revision_numbers_db [None req-55f57d6a-e3ce-4f67-ab2f-4d58ab709526 e1764593464c4aa78df777aa75f0e064 ea974855a7484f339df3e98ed07b1cd9 - - default default] Successfully bumped revision number for resource aa16d470-99ba-4fd5-8c92-8e833c3c0210 (type: ports) to 1
2026-05-27 11:10:23.873 11 WARNING neutron.scheduler.dhcp_agent_scheduler [None req-55f57d6a-e3ce-4f67-ab2f-4d58ab709526 e1764593464c4aa78df777aa75f0e064 ea974855a7484f339df3e98ed07b1cd9 - - default default] No more DHCP agents
2026-05-27 11:10:23.874 11 WARNING neutron.api.rpc.agentnotifiers.dhcp_rpc_agent_api [None req-55f57d6a-e3ce-4f67-ab2f-4d58ab709526 e1764593464c4aa78df777aa75f0e064 ea974855a7484f339df3e98ed07b1cd9 - - default default] Unable to schedule network a1ee495f-5330-472b-9c35-02a67788e3f7: no agents available; will retry on subsequent port and subnet creation events.
2026-05-27 11:10:24.240 11 INFO neutron.db.ovn_revision_numbers_db [None req-ea9b129b-b6e5-4f1e-b088-3af56d808947 - - - - - -] Successfully bumped revision number for resource aa16d470-99ba-4fd5-8c92-8e833c3c0210 (type: ports) to 2
2026-05-27 11:10:24.453 11 INFO neutron.db.ovn_revision_numbers_db [None req-55f57d6a-e3ce-4f67-ab2f-4d58ab709526 e1764593464c4aa78df777aa75f0e064 ea974855a7484f339df3e98ed07b1cd9 - - default default] Successfully bumped revision number for resource aa16d470-99ba-4fd5-8c92-8e833c3c0210 (type: router_ports) to 1
2026-05-27 11:10:24.459 11 INFO neutron.api.wsgi [None req-55f57d6a-e3ce-4f67-ab2f-4d58ab709526 e1764593464c4aa78df777aa75f0e064 ea974855a7484f339df3e98ed07b1cd9 - - default default] 10.0.0.9 "PUT /v2.0/routers/f87d5e59-5841-4431-825c-1e8067c0f24f/add_router_interface HTTP/1.1" status: 200 len: 503 time: 1.9150715
2026-05-27 11:10:25.726 11 INFO neutron.api.wsgi [None req-b008859b-c56a-4bed-a306-a479b4b52867 6ba41066d9384799a7840aba39e3ec46 951e928019174fe5a3698eb554f61e4e - - default default] 10.0.0.115 "GET /v2.0/extensions HTTP/1.1" status: 200 len: 19298 time: 0.1070182
2026-05-27 11:10:25.825 11 INFO neutron.api.wsgi [None req-b7d5132c-90e4-43ee-8e84-8d6f99bf9ca4 6ba41066d9384799a7840aba39e3ec46 951e928019174fe5a3698eb554f61e4e - - default default] 10.0.0.115 "GET /v2.0/quotas/951e928019174fe5a3698eb554f61e4e/details HTTP/1.1" status: 200 len: 1046 time: 0.0859942
2026-05-27 11:10:26.093 10 WARNING neutron_lib.context [None req-94a2f1a3-f8bd-4c4d-bc26-780c54a5952e bf676dbf4ea643ffb6a289684dea95f9 9e21fdee21554713b6d2b7ffd8a3e622 - - default default] Method 'is_advsvc' is deprecated since 2023.2 release (neutron-lib 3.8.0) and will be removed once support for the old RBAC API policies will be removed from Neutron. Please use method 'is_service_role' instead.
2026-05-27 11:10:26.221 10 INFO neutron.db.ovn_revision_numbers_db [None req-94a2f1a3-f8bd-4c4d-bc26-780c54a5952e bf676dbf4ea643ffb6a289684dea95f9 9e21fdee21554713b6d2b7ffd8a3e622 - - default default] Successfully bumped revision number for resource d24eee1c-b87a-4064-9ccd-a3ba90c51b44 (type: routers) to 1
2026-05-27 11:10:26.236 10 INFO neutron.api.wsgi [None req-94a2f1a3-f8bd-4c4d-bc26-780c54a5952e bf676dbf4ea643ffb6a289684dea95f9 9e21fdee21554713b6d2b7ffd8a3e622 - - default default] 10.0.0.9 "POST /v2.0/routers HTTP/1.1" status: 201 len: 769 time: 0.1854379
2026-05-27 11:10:26.309 10 INFO neutron.api.wsgi [None req-1784eeed-6520-4295-ac78-930b54601630 bf676dbf4ea643ffb6a289684dea95f9 9e21fdee21554713b6d2b7ffd8a3e622 - - default default] 10.0.0.9 "PUT /v2.0/routers/d24eee1c-b87a-4064-9ccd-a3ba90c51b44/tags HTTP/1.1" status: 200 len: 218 time: 0.0657227
2026-05-27 11:10:26.380 10 INFO neutron.api.wsgi [None req-93812700-31b3-4ec4-8735-1d01e53261b7 bf676dbf4ea643ffb6a289684dea95f9 9e21fdee21554713b6d2b7ffd8a3e622 - - default default] 10.0.0.9 "GET /v2.0/routers/d24eee1c-b87a-4064-9ccd-a3ba90c51b44/tags HTTP/1.1" status: 200 len: 218 time: 0.0638216
2026-05-27 11:10:26.429 10 INFO neutron.api.wsgi [None req-5d2ef52e-97f2-4782-bc1b-df835b4794b8 bf676dbf4ea643ffb6a289684dea95f9 9e21fdee21554713b6d2b7ffd8a3e622 - - default default] 10.0.0.9 "PUT /v2.0/routers/d24eee1c-b87a-4064-9ccd-a3ba90c51b44/tags/green HTTP/1.1" status: 201 len: 201 time: 0.0447764
2026-05-27 11:10:26.469 10 INFO neutron.api.wsgi [None req-7617a74e-12a7-4d4a-8df8-c5ca42d0413b bf676dbf4ea643ffb6a289684dea95f9 9e21fdee21554713b6d2b7ffd8a3e622 - - default default] 10.0.0.9 "GET /v2.0/routers/d24eee1c-b87a-4064-9ccd-a3ba90c51b44/tags HTTP/1.1" status: 200 len: 227 time: 0.0342660
2026-05-27 11:10:26.507 10 INFO neutron.api.wsgi [None req-d7fb0c0f-b033-49e8-80f4-bfdada5eda46 bf676dbf4ea643ffb6a289684dea95f9 9e21fdee21554713b6d2b7ffd8a3e622 - - default default] 10.0.0.9 "PUT /v2.0/routers/d24eee1c-b87a-4064-9ccd-a3ba90c51b44/tags/red HTTP/1.1" status: 201 len: 201 time: 0.0323040
2026-05-27 11:10:26.551 10 INFO neutron.api.wsgi [None req-137ae200-6abd-4a6d-b873-18e116c992bb bf676dbf4ea643ffb6a289684dea95f9 9e21fdee21554713b6d2b7ffd8a3e622 - - default default] 10.0.0.9 "GET /v2.0/routers/d24eee1c-b87a-4064-9ccd-a3ba90c51b44/tags HTTP/1.1" status: 200 len: 227 time: 0.0378788
2026-05-27 11:10:26.603 10 INFO neutron.api.wsgi [None req-b2a03091-d664-4220-b648-6f83df555891 bf676dbf4ea643ffb6a289684dea95f9 9e21fdee21554713b6d2b7ffd8a3e622 - - default default] 10.0.0.9 "PUT /v2.0/routers/d24eee1c-b87a-4064-9ccd-a3ba90c51b44/tags/black.or.white HTTP/1.1" status: 201 len: 201 time: 0.0479302
2026-05-27 11:10:26.642 10 INFO neutron.api.wsgi [None req-dce34947-7994-4f92-9eae-892abfe596e0 bf676dbf4ea643ffb6a289684dea95f9 9e21fdee21554713b6d2b7ffd8a3e622 - - default default] 10.0.0.9 "GET /v2.0/routers/d24eee1c-b87a-4064-9ccd-a3ba90c51b44/tags HTTP/1.1" status: 200 len: 245 time: 0.0335000
2026-05-27 11:10:26.704 10 INFO neutron.api.wsgi [None req-14afb4be-c524-4ab4-9147-7ec9a98a7b5f bf676dbf4ea643ffb6a289684dea95f9 9e21fdee21554713b6d2b7ffd8a3e622 - - default default] 10.0.0.9 "PUT /v2.0/routers/d24eee1c-b87a-4064-9ccd-a3ba90c51b44/tags HTTP/1.1" status: 200 len: 230 time: 0.0557575
2026-05-27 11:10:26.722 10 INFO neutron.api.wsgi [req-c362be6e-659f-4d99-a4a6-4d350fb2f0d3 req-19494bfb-d94b-4456-bfb4-eed8037d84ba 91ec121a8cfc44fea00b182ddfd13cf8 4a3a60d377fe46debc1cce609f03dc44 - - default default] 10.0.0.91 "GET /v2.0/networks?id=a1ee495f-5330-472b-9c35-02a67788e3f7 HTTP/1.1" status: 200 len: 872 time: 0.0423403
2026-05-27 11:10:26.744 10 INFO neutron.api.wsgi [req-c362be6e-659f-4d99-a4a6-4d350fb2f0d3 req-5655da39-a8a6-4a58-a2a6-02d8b345e31f 91ec121a8cfc44fea00b182ddfd13cf8 4a3a60d377fe46debc1cce609f03dc44 - - default default] 10.0.0.91 "GET /v2.0/quotas/4a3a60d377fe46debc1cce609f03dc44 HTTP/1.1" status: 200 len: 491 time: 0.0146251
2026-05-27 11:10:26.746 10 INFO neutron.api.wsgi [None req-e46dafdc-84c1-4e8c-9e3a-9d72a6c11529 bf676dbf4ea643ffb6a289684dea95f9 9e21fdee21554713b6d2b7ffd8a3e622 - - default default] 10.0.0.9 "GET /v2.0/routers/d24eee1c-b87a-4064-9ccd-a3ba90c51b44/tags HTTP/1.1" status: 200 len: 230 time: 0.0372033
2026-05-27 11:10:26.792 11 INFO neutron.api.wsgi [None req-fb7e944c-05e9-4783-b7fd-26242619a9c7 bf676dbf4ea643ffb6a289684dea95f9 9e21fdee21554713b6d2b7ffd8a3e622 - - default default] 10.0.0.9 "GET /v2.0/routers/d24eee1c-b87a-4064-9ccd-a3ba90c51b44/tags/red HTTP/1.1" status: 204 len: 168 time: 0.0399549
2026-05-27 11:10:26.809 10 INFO neutron.api.wsgi [req-c362be6e-659f-4d99-a4a6-4d350fb2f0d3 req-c33d2aba-2fa2-47c7-9d33-0df02661076a 91ec121a8cfc44fea00b182ddfd13cf8 4a3a60d377fe46debc1cce609f03dc44 - - default default] 10.0.0.91 "GET /v2.0/ports?tenant_id=4a3a60d377fe46debc1cce609f03dc44&fields=id HTTP/1.1" status: 200 len: 302 time: 0.0595384
2026-05-27 11:10:26.827 11 INFO neutron.api.v2.resource [None req-38fd58d6-1d4d-43e4-bf58-a0e4aaa8a733 bf676dbf4ea643ffb6a289684dea95f9 9e21fdee21554713b6d2b7ffd8a3e622 - - default default] show failed (client error): The resource could not be found.
2026-05-27 11:10:26.828 11 INFO neutron.api.wsgi [None req-38fd58d6-1d4d-43e4-bf58-a0e4aaa8a733 bf676dbf4ea643ffb6a289684dea95f9 9e21fdee21554713b6d2b7ffd8a3e622 - - default default] 10.0.0.9 "GET /v2.0/routers/d24eee1c-b87a-4064-9ccd-a3ba90c51b44/tags/green HTTP/1.1" status: 404 len: 299 time: 0.0314591
2026-05-27 11:10:26.857 10 INFO neutron.api.wsgi [req-c362be6e-659f-4d99-a4a6-4d350fb2f0d3 req-3b5cf1dd-91ca-41da-a2d6-41ba717ee981 d5711ff9ac8a43d98f53b060c4b1362b fe2cb8ebbcda447da4f985851cf6d105 - - f5803dd769f047eca26592da6f65259a f5803dd769f047eca26592da6f65259a] 10.0.0.91 "GET /v2.0/networks/a1ee495f-5330-472b-9c35-02a67788e3f7?fields=segments HTTP/1.1" status: 200 len: 212 time: 0.0401773
2026-05-27 11:10:26.880 11 INFO neutron.api.wsgi [None req-cd4d1035-f031-4ab9-a813-8a78bfad57cd bf676dbf4ea643ffb6a289684dea95f9 9e21fdee21554713b6d2b7ffd8a3e622 - - default default] 10.0.0.9 "DELETE /v2.0/routers/d24eee1c-b87a-4064-9ccd-a3ba90c51b44/tags/red HTTP/1.1" status: 204 len: 168 time: 0.0467689
2026-05-27 11:10:26.928 10 INFO neutron.api.wsgi [None req-3ab4ced4-47d8-4965-be7d-5db40fd4a2b7 bf676dbf4ea643ffb6a289684dea95f9 9e21fdee21554713b6d2b7ffd8a3e622 - - default default] 10.0.0.9 "GET /v2.0/routers/d24eee1c-b87a-4064-9ccd-a3ba90c51b44/tags HTTP/1.1" status: 200 len: 223 time: 0.0411673
2026-05-27 11:10:26.934 10 INFO neutron.api.wsgi [req-c362be6e-659f-4d99-a4a6-4d350fb2f0d3 req-1083e921-9ecc-4605-96e5-dce43734e4af d5711ff9ac8a43d98f53b060c4b1362b fe2cb8ebbcda447da4f985851cf6d105 - - f5803dd769f047eca26592da6f65259a f5803dd769f047eca26592da6f65259a] 10.0.0.91 "GET /v2.0/networks/a1ee495f-5330-472b-9c35-02a67788e3f7?fields=provider%3Aphysical_network&fields=provider%3Anetwork_type HTTP/1.1" status: 200 len: 277 time: 0.0690274
2026-05-27 11:10:26.975 11 INFO neutron.api.v2.resource [None req-9b587e03-ab4d-445f-83ef-1b46c6fa83bb bf676dbf4ea643ffb6a289684dea95f9 9e21fdee21554713b6d2b7ffd8a3e622 - - default default] delete failed (client error): The resource could not be found.
2026-05-27 11:10:26.977 11 INFO neutron.api.wsgi [None req-9b587e03-ab4d-445f-83ef-1b46c6fa83bb bf676dbf4ea643ffb6a289684dea95f9 9e21fdee21554713b6d2b7ffd8a3e622 - - default default] 10.0.0.9 "DELETE /v2.0/routers/d24eee1c-b87a-4064-9ccd-a3ba90c51b44/tags/green HTTP/1.1" status: 404 len: 299 time: 0.0424802
2026-05-27 11:10:27.046 10 INFO neutron.api.wsgi [req-bfb8d643-f04e-498c-b631-8ae46bdc7661 req-7c309f4a-e6e1-48ea-a7cb-8e0ef0e5629c 91ec121a8cfc44fea00b182ddfd13cf8 4a3a60d377fe46debc1cce609f03dc44 - - default default] 10.0.0.91 "GET /v2.0/ports?device_id=9824d033-0cae-4518-ad52-4ff85b9bc752 HTTP/1.1" status: 200 len: 210 time: 0.0155644
2026-05-27 11:10:27.049 11 INFO neutron.api.wsgi [None req-e14f4082-1231-455f-b67d-933a975cb212 e1764593464c4aa78df777aa75f0e064 ea974855a7484f339df3e98ed07b1cd9 - - default default] 10.0.0.68 "GET /v2.0/ports HTTP/1.1" status: 200 len: 8576 time: 0.0987234
2026-05-27 11:10:27.064 11 INFO neutron.api.wsgi [None req-42f50c73-3b76-4049-8f58-8d28eec51c69 bf676dbf4ea643ffb6a289684dea95f9 9e21fdee21554713b6d2b7ffd8a3e622 - - default default] 10.0.0.9 "DELETE /v2.0/routers/d24eee1c-b87a-4064-9ccd-a3ba90c51b44/tags HTTP/1.1" status: 204 len: 168 time: 0.0821395
2026-05-27 11:10:27.074 11 INFO neutron.api.wsgi [None req-97587cd5-95f6-4bfd-b0ec-0dd3fa485310 e1764593464c4aa78df777aa75f0e064 ea974855a7484f339df3e98ed07b1cd9 - - default default] 10.0.0.68 "GET /v2.0/network-ip-availabilities HTTP/1.1" status: 200 len: 1752 time: 0.0160091
2026-05-27 11:10:27.112 11 INFO neutron.api.wsgi [None req-07f3f9ad-a25b-4895-9e30-61c56cbc3039 bf676dbf4ea643ffb6a289684dea95f9 9e21fdee21554713b6d2b7ffd8a3e622 - - default default] 10.0.0.9 "GET /v2.0/routers/d24eee1c-b87a-4064-9ccd-a3ba90c51b44/tags HTTP/1.1" status: 200 len: 205 time: 0.0419536
2026-05-27 11:10:27.116 11 INFO neutron.api.wsgi [None req-b652a765-d7bc-4fb8-9832-e02a5d37e258 e1764593464c4aa78df777aa75f0e064 ea974855a7484f339df3e98ed07b1cd9 - - default default] 10.0.0.68 "GET /v2.0/subnets HTTP/1.1" status: 200 len: 2162 time: 0.0387321
2026-05-27 11:10:27.128 11 INFO neutron.api.wsgi [None req-7977d540-f3e1-4b44-860a-e02fa0029aa4 e1764593464c4aa78df777aa75f0e064 ea974855a7484f339df3e98ed07b1cd9 - - default default] 10.0.0.68 "GET /v2.0/subnetpools HTTP/1.1" status: 200 len: 193 time: 0.0092378
2026-05-27 11:10:27.144 11 INFO neutron.api.wsgi [None req-32c9ac5f-92e9-4d75-ba6b-bd68a01ad8d0 e1764593464c4aa78df777aa75f0e064 ea974855a7484f339df3e98ed07b1cd9 - - default default] 10.0.0.68 "GET /v2.0/floatingips HTTP/1.1" status: 200 len: 193 time: 0.0151660
2026-05-27 11:10:27.162 10 INFO neutron.api.wsgi [None req-311c1b94-4abc-407e-b1c3-199307f3368f bf676dbf4ea643ffb6a289684dea95f9 9e21fdee21554713b6d2b7ffd8a3e622 - - default default] 10.0.0.9 "GET /v2.0/routers/d24eee1c-b87a-4064-9ccd-a3ba90c51b44 HTTP/1.1" status: 200 len: 770 time: 0.0398238
2026-05-27 11:10:27.196 11 INFO neutron.api.wsgi [None req-488f332a-6169-42dd-a17d-19f66eec1590 e1764593464c4aa78df777aa75f0e064 ea974855a7484f339df3e98ed07b1cd9 - - default default] 10.0.0.68 "GET /v2.0/networks HTTP/1.1" status: 200 len: 3106 time: 0.0515246
2026-05-27 11:10:27.220 11 INFO neutron.api.wsgi [None req-8c7fce95-4fd7-40d0-b777-3596b9a1a223 e1764593464c4aa78df777aa75f0e064 ea974855a7484f339df3e98ed07b1cd9 - - default default] 10.0.0.68 "GET /v2.0/agents HTTP/1.1" status: 200 len: 1390 time: 0.0205605
2026-05-27 11:10:27.264 11 INFO neutron.api.wsgi [None req-813a432b-2658-4bf3-a499-95a2c42d53d7 e1764593464c4aa78df777aa75f0e064 ea974855a7484f339df3e98ed07b1cd9 - - default default] 10.0.0.68 "GET /v2.0/security-groups HTTP/1.1" status: 200 len: 20482 time: 0.0424886
2026-05-27 11:10:27.331 11 INFO neutron.api.wsgi [None req-a54b8826-1b67-4821-a685-0dfdaace2313 e1764593464c4aa78df777aa75f0e064 ea974855a7484f339df3e98ed07b1cd9 - - default default] 10.0.0.68 "GET /v2.0/routers HTTP/1.1" status: 200 len: 1729 time: 0.0608211
2026-05-27 11:10:27.341 11 INFO neutron.api.wsgi [None req-5211a0b8-97fa-47ab-b03a-1dfe23e1dc02 e1764593464c4aa78df777aa75f0e064 ea974855a7484f339df3e98ed07b1cd9 - - default default] 10.0.0.68 "GET /v2.0/agents?binary=ovn-controller HTTP/1.1" status: 200 len: 591 time: 0.0086341
2026-05-27 11:10:27.369 11 INFO neutron.api.wsgi [None req-e2aa3fff-fd17-4eac-b7b7-ad4e9bbfb372 e1764593464c4aa78df777aa75f0e064 ea974855a7484f339df3e98ed07b1cd9 - - default default] 10.0.0.68 "GET /v2.0/subnets HTTP/1.1" status: 200 len: 2162 time: 0.0265443
2026-05-27 11:10:27.489 10 INFO neutron.db.ovn_revision_numbers_db [None req-10888a82-70b6-4248-a826-552b7e3d5441 bf676dbf4ea643ffb6a289684dea95f9 9e21fdee21554713b6d2b7ffd8a3e622 - - default default] Successfully bumped revision number for resource d24eee1c-b87a-4064-9ccd-a3ba90c51b44 (type: routers) to 7
2026-05-27 11:10:27.495 10 INFO neutron.api.wsgi [None req-10888a82-70b6-4248-a826-552b7e3d5441 bf676dbf4ea643ffb6a289684dea95f9 9e21fdee21554713b6d2b7ffd8a3e622 - - default default] 10.0.0.9 "PUT /v2.0/routers/d24eee1c-b87a-4064-9ccd-a3ba90c51b44 HTTP/1.1" status: 200 len: 770 time: 0.3264914
2026-05-27 11:10:27.520 10 INFO neutron.api.wsgi [None req-d5280449-3d2f-435f-bf0f-718b6c28a295 bf676dbf4ea643ffb6a289684dea95f9 9e21fdee21554713b6d2b7ffd8a3e622 - - default default] 10.0.0.9 "GET /v2.0/ports?device_id=d24eee1c-b87a-4064-9ccd-a3ba90c51b44 HTTP/1.1" status: 200 len: 205 time: 0.0198793
2026-05-27 11:10:27.770 11 INFO neutron.api.wsgi [None req-6122a851-aefd-4f0d-9d63-5b9897ad77cf 6ba41066d9384799a7840aba39e3ec46 951e928019174fe5a3698eb554f61e4e - - default default] 10.0.0.115 "GET /v2.0/extensions HTTP/1.1" status: 200 len: 19298 time: 0.0072546
2026-05-27 11:10:27.863 11 INFO neutron.api.wsgi [None req-3e01b7c7-dff1-4efc-8136-2fa9b1e8eede 6ba41066d9384799a7840aba39e3ec46 951e928019174fe5a3698eb554f61e4e - - default default] 10.0.0.115 "GET /v2.0/quotas/951e928019174fe5a3698eb554f61e4e/details HTTP/1.1" status: 200 len: 1046 time: 0.0794394
2026-05-27 11:10:28.065 10 INFO neutron.api.wsgi [None req-2c17241c-3b43-4be0-a62c-603faf22ea56 bf676dbf4ea643ffb6a289684dea95f9 9e21fdee21554713b6d2b7ffd8a3e622 - - default default] 10.0.0.9 "DELETE /v2.0/routers/d24eee1c-b87a-4064-9ccd-a3ba90c51b44 HTTP/1.1" status: 204 len: 168 time: 0.5394769
2026-05-27 11:10:28.125 10 INFO neutron.api.wsgi [req-7c762959-e9d6-48d5-9404-a02310bfc790 req-9fd818b9-dccf-45d9-9691-13f681366a28 91ec121a8cfc44fea00b182ddfd13cf8 4a3a60d377fe46debc1cce609f03dc44 - - default default] 10.0.0.91 "GET /v2.0/ports?device_id=9824d033-0cae-4518-ad52-4ff85b9bc752 HTTP/1.1" status: 200 len: 210 time: 0.0173550
2026-05-27 11:10:28.992 10 INFO neutron.db.ovn_revision_numbers_db [None req-06751a18-fa51-415b-af0a-52104da67c86 e1764593464c4aa78df777aa75f0e064 ea974855a7484f339df3e98ed07b1cd9 - - default default] Successfully bumped revision number for resource 1c988f1e-ce4a-43b1-be9d-f9b44d66d237 (type: security_groups) to 1
2026-05-27 11:10:29.014 10 INFO neutron.db.ovn_revision_numbers_db [None req-06751a18-fa51-415b-af0a-52104da67c86 e1764593464c4aa78df777aa75f0e064 ea974855a7484f339df3e98ed07b1cd9 - - default default] Successfully bumped revision number for resource 10823581-e184-4d7f-afa6-91f037a70e23 (type: security_group_rules) to 0
2026-05-27 11:10:29.028 10 INFO neutron.db.ovn_revision_numbers_db [None req-06751a18-fa51-415b-af0a-52104da67c86 e1764593464c4aa78df777aa75f0e064 ea974855a7484f339df3e98ed07b1cd9 - - default default] Successfully bumped revision number for resource 174c64cb-3516-41b5-bc33-c78e257d8b58 (type: security_group_rules) to 0
2026-05-27 11:10:29.043 10 INFO neutron.db.ovn_revision_numbers_db [None req-06751a18-fa51-415b-af0a-52104da67c86 e1764593464c4aa78df777aa75f0e064 ea974855a7484f339df3e98ed07b1cd9 - - default default] Successfully bumped revision number for resource 894a4375-420e-4b26-a104-2c0b075ae9e6 (type: security_group_rules) to 0
2026-05-27 11:10:29.057 10 INFO neutron.db.ovn_revision_numbers_db [None req-06751a18-fa51-415b-af0a-52104da67c86 e1764593464c4aa78df777aa75f0e064 ea974855a7484f339df3e98ed07b1cd9 - - default default] Successfully bumped revision number for resource e9e65c9f-c6a0-440a-b8d8-f8793c1c1ce2 (type: security_group_rules) to 0
2026-05-27 11:10:29.061 11 WARNING neutron.plugins.ml2.drivers.ovn.mech_driver.ovsdb.ovn_client [None req-00efb041-a750-43d3-9a7e-bdbf23afe730 - - - - - -] No hosting information found for port aa16d470-99ba-4fd5-8c92-8e833c3c0210: RuntimeError: No hosting information found for port aa16d470-99ba-4fd5-8c92-8e833c3c0210
2026-05-27 11:10:29.107 10 INFO neutron.api.wsgi [None req-06751a18-fa51-415b-af0a-52104da67c86 e1764593464c4aa78df777aa75f0e064 ea974855a7484f339df3e98ed07b1cd9 - - default default] 10.0.0.9 "GET /v2.0/security-groups?tenant_id=ede78331d3d64fdb9f4d383069aa5468&name=default HTTP/1.1" status: 200 len: 3120 time: 0.3754673
2026-05-27 11:10:29.160 11 INFO neutron.db.ovn_revision_numbers_db [None req-00efb041-a750-43d3-9a7e-bdbf23afe730 - - - - - -] Successfully bumped revision number for resource aa16d470-99ba-4fd5-8c92-8e833c3c0210 (type: router_ports) to 2
2026-05-27 11:10:29.216 10 INFO neutron.api.wsgi [req-93527ec3-7b6b-474c-8f1b-f4ad5c27ab1c req-ba47c951-8c12-4558-bcc2-2b9305b5019f 91ec121a8cfc44fea00b182ddfd13cf8 4a3a60d377fe46debc1cce609f03dc44 - - default default] 10.0.0.91 "GET /v2.0/ports?device_id=9824d033-0cae-4518-ad52-4ff85b9bc752 HTTP/1.1" status: 200 len: 210 time: 0.0316033
2026-05-27 11:10:29.357 10 INFO neutron.api.wsgi [None req-8969808f-1be4-4214-87f4-79b55cccbef4 e1764593464c4aa78df777aa75f0e064 ea974855a7484f339df3e98ed07b1cd9 - - default default] 10.0.0.9 "DELETE /v2.0/security-groups/1c988f1e-ce4a-43b1-be9d-f9b44d66d237 HTTP/1.1" status: 204 len: 168 time: 0.2450423
2026-05-27 11:10:29.559 10 INFO neutron.db.ovn_revision_numbers_db [None req-4d51fc3e-94df-4c92-a8b7-edf7ede45ab7 e1764593464c4aa78df777aa75f0e064 ea974855a7484f339df3e98ed07b1cd9 - - default default] Successfully bumped revision number for resource a8f124c8-8b5b-4768-b989-1349313e4b1f (type: security_groups) to 1
2026-05-27 11:10:29.571 10 INFO neutron.db.ovn_revision_numbers_db [None req-4d51fc3e-94df-4c92-a8b7-edf7ede45ab7 e1764593464c4aa78df777aa75f0e064 ea974855a7484f339df3e98ed07b1cd9 - - default default] Successfully bumped revision number for resource 2144e4b1-e1ea-47cf-b638-b14454c7703f (type: security_group_rules) to 0
2026-05-27 11:10:29.583 10 INFO neutron.db.ovn_revision_numbers_db [None req-4d51fc3e-94df-4c92-a8b7-edf7ede45ab7 e1764593464c4aa78df777aa75f0e064 ea974855a7484f339df3e98ed07b1cd9 - - default default] Successfully bumped revision number for resource 2493d007-29da-4bfd-9265-3f84fbfadc0c (type: security_group_rules) to 0
2026-05-27 11:10:29.596 10 INFO neutron.db.ovn_revision_numbers_db [None req-4d51fc3e-94df-4c92-a8b7-edf7ede45ab7 e1764593464c4aa78df777aa75f0e064 ea974855a7484f339df3e98ed07b1cd9 - - default default] Successfully bumped revision number for resource 26094cab-d273-4536-a017-4c185e3e0d9e (type: security_group_rules) to 0
2026-05-27 11:10:29.609 10 INFO neutron.db.ovn_revision_numbers_db [None req-4d51fc3e-94df-4c92-a8b7-edf7ede45ab7 e1764593464c4aa78df777aa75f0e064 ea974855a7484f339df3e98ed07b1cd9 - - default default] Successfully bumped revision number for resource a6dccff4-2953-4b1c-950c-1d366c112f84 (type: security_group_rules) to 0
2026-05-27 11:10:29.640 10 INFO neutron.api.wsgi [None req-4d51fc3e-94df-4c92-a8b7-edf7ede45ab7 e1764593464c4aa78df777aa75f0e064 ea974855a7484f339df3e98ed07b1cd9 - - default default] 10.0.0.9 "GET /v2.0/security-groups?tenant_id=9e21fdee21554713b6d2b7ffd8a3e622&name=default HTTP/1.1" status: 200 len: 3120 time: 0.1894767
2026-05-27 11:10:29.849 10 INFO neutron.api.wsgi [None req-83fbc523-ae89-44cc-8410-6a6eb72ab419 e1764593464c4aa78df777aa75f0e064 ea974855a7484f339df3e98ed07b1cd9 - - default default] 10.0.0.9 "DELETE /v2.0/security-groups/a8f124c8-8b5b-4768-b989-1349313e4b1f HTTP/1.1" status: 204 len: 168 time: 0.2024820
2026-05-27 11:10:30.143 11 INFO neutron.db.ovn_revision_numbers_db [None req-5693d703-20b1-4074-acb5-d1410a249eff e1764593464c4aa78df777aa75f0e064 ea974855a7484f339df3e98ed07b1cd9 - - default default] Successfully bumped revision number for resource 50ea210d-d0ca-42a5-933f-9086b4bf6fa3 (type: security_groups) to 1
2026-05-27 11:10:30.158 11 INFO neutron.db.ovn_revision_numbers_db [None req-5693d703-20b1-4074-acb5-d1410a249eff e1764593464c4aa78df777aa75f0e064 ea974855a7484f339df3e98ed07b1cd9 - - default default] Successfully bumped revision number for resource 50c46d6d-8760-47fb-a115-bb940b805117 (type: security_group_rules) to 0
2026-05-27 11:10:30.172 11 INFO neutron.db.ovn_revision_numbers_db [None req-5693d703-20b1-4074-acb5-d1410a249eff e1764593464c4aa78df777aa75f0e064 ea974855a7484f339df3e98ed07b1cd9 - - default default] Successfully bumped revision number for resource cc84cc91-6029-4586-bd86-b7eca3cedc43 (type: security_group_rules) to 0
2026-05-27 11:10:30.186 11 INFO neutron.db.ovn_revision_numbers_db [None req-5693d703-20b1-4074-acb5-d1410a249eff e1764593464c4aa78df777aa75f0e064 ea974855a7484f339df3e98ed07b1cd9 - - default default] Successfully bumped revision number for resource e330cb57-1b92-45aa-853e-fd24ac094bec (type: security_group_rules) to 0
2026-05-27 11:10:30.198 11 INFO neutron.db.ovn_revision_numbers_db [None req-5693d703-20b1-4074-acb5-d1410a249eff e1764593464c4aa78df777aa75f0e064 ea974855a7484f339df3e98ed07b1cd9 - - default default] Successfully bumped revision number for resource ebd4aa41-41fb-402b-843e-008749824280 (type: security_group_rules) to 0
2026-05-27 11:10:30.240 11 INFO neutron.api.wsgi [None req-5693d703-20b1-4074-acb5-d1410a249eff e1764593464c4aa78df777aa75f0e064 ea974855a7484f339df3e98ed07b1cd9 - - default default] 10.0.0.9 "GET /v2.0/security-groups?tenant_id=951e928019174fe5a3698eb554f61e4e&name=default HTTP/1.1" status: 200 len: 3120 time: 0.3460495
2026-05-27 11:10:30.324 10 INFO neutron.api.wsgi [req-a152147c-90d0-4bfd-8395-f81e1ce12e97 req-596da10c-199a-489f-ab35-609273f7aff4 91ec121a8cfc44fea00b182ddfd13cf8 4a3a60d377fe46debc1cce609f03dc44 - - default default] 10.0.0.91 "GET /v2.0/ports?device_id=9824d033-0cae-4518-ad52-4ff85b9bc752 HTTP/1.1" status: 200 len: 210 time: 0.0193872
2026-05-27 11:10:30.458 11 INFO neutron.api.wsgi [None req-00e181d4-c92e-4c6b-a885-850c6dfb7379 e1764593464c4aa78df777aa75f0e064 ea974855a7484f339df3e98ed07b1cd9 - - default default] 10.0.0.9 "DELETE /v2.0/security-groups/50ea210d-d0ca-42a5-933f-9086b4bf6fa3 HTTP/1.1" status: 204 len: 168 time: 0.2035673
2026-05-27 11:10:31.338 11 INFO neutron.api.wsgi [req-c362be6e-659f-4d99-a4a6-4d350fb2f0d3 req-f00a7e41-7ae8-4736-ab2f-0004be63dfbd 91ec121a8cfc44fea00b182ddfd13cf8 4a3a60d377fe46debc1cce609f03dc44 - - default default] 199.19.213.37 "GET /v2.0/networks?id=a1ee495f-5330-472b-9c35-02a67788e3f7 HTTP/1.1" status: 200 len: 872 time: 0.0522807
2026-05-27 11:10:31.347 11 WARNING neutron_lib.context [req-c362be6e-659f-4d99-a4a6-4d350fb2f0d3 req-def2f7bf-82d7-4034-8531-96219eacbe7b 91ec121a8cfc44fea00b182ddfd13cf8 4a3a60d377fe46debc1cce609f03dc44 - - default default] Method 'is_advsvc' is deprecated since 2023.2 release (neutron-lib 3.8.0) and will be removed once support for the old RBAC API policies will be removed from Neutron. Please use method 'is_service_role' instead.
2026-05-27 11:10:31.414 10 INFO neutron.api.wsgi [req-027a000c-5562-4725-bda4-c4c19796cf58 req-5fa09d69-cae9-4a0f-b082-d8ddec62bd39 91ec121a8cfc44fea00b182ddfd13cf8 4a3a60d377fe46debc1cce609f03dc44 - - default default] 10.0.0.91 "GET /v2.0/ports?device_id=9824d033-0cae-4518-ad52-4ff85b9bc752 HTTP/1.1" status: 200 len: 210 time: 0.0227544
2026-05-27 11:10:31.663 11 WARNING neutron.scheduler.dhcp_agent_scheduler [req-c362be6e-659f-4d99-a4a6-4d350fb2f0d3 req-def2f7bf-82d7-4034-8531-96219eacbe7b 91ec121a8cfc44fea00b182ddfd13cf8 4a3a60d377fe46debc1cce609f03dc44 - - default default] No more DHCP agents
2026-05-27 11:10:31.664 11 WARNING neutron.api.rpc.agentnotifiers.dhcp_rpc_agent_api [req-c362be6e-659f-4d99-a4a6-4d350fb2f0d3 req-def2f7bf-82d7-4034-8531-96219eacbe7b 91ec121a8cfc44fea00b182ddfd13cf8 4a3a60d377fe46debc1cce609f03dc44 - - default default] Unable to schedule network a1ee495f-5330-472b-9c35-02a67788e3f7: no agents available; will retry on subsequent port and subnet creation events.
2026-05-27 11:10:31.803 11 INFO neutron.db.ovn_revision_numbers_db [req-c362be6e-659f-4d99-a4a6-4d350fb2f0d3 req-def2f7bf-82d7-4034-8531-96219eacbe7b 91ec121a8cfc44fea00b182ddfd13cf8 4a3a60d377fe46debc1cce609f03dc44 - - default default] Successfully bumped revision number for resource 67e9573f-8838-4a4c-9373-b8d57b796bf2 (type: ports) to 1
2026-05-27 11:10:31.826 11 INFO neutron.api.wsgi [req-c362be6e-659f-4d99-a4a6-4d350fb2f0d3 req-def2f7bf-82d7-4034-8531-96219eacbe7b 91ec121a8cfc44fea00b182ddfd13cf8 4a3a60d377fe46debc1cce609f03dc44 - - default default] 199.19.213.37 "POST /v2.0/ports HTTP/1.1" status: 201 len: 1162 time: 0.4838378 /var/lib/openstack/lib/python3.12/site-packages/pycadf/identifier.py:71: UserWarning: Invalid uuid: neutron. To ensure interoperability, identifiers should be a valid uuid. warnings.warn(('Invalid uuid: %s. To ensure interoperability, '
2026-05-27 11:10:32.210 11 INFO neutron.db.ovn_revision_numbers_db [req-c362be6e-659f-4d99-a4a6-4d350fb2f0d3 req-341c8e68-6951-471f-93ec-92fc8b4ff9fe d5711ff9ac8a43d98f53b060c4b1362b fe2cb8ebbcda447da4f985851cf6d105 - - f5803dd769f047eca26592da6f65259a f5803dd769f047eca26592da6f65259a] Successfully bumped revision number for resource 67e9573f-8838-4a4c-9373-b8d57b796bf2 (type: ports) to 2 /var/lib/openstack/lib/python3.12/site-packages/pycadf/identifier.py:71: UserWarning: Invalid uuid: neutron. To ensure interoperability, identifiers should be a valid uuid. warnings.warn(('Invalid uuid: %s. To ensure interoperability, '
2026-05-27 11:10:32.416 11 INFO neutron.db.ovn_revision_numbers_db [req-c362be6e-659f-4d99-a4a6-4d350fb2f0d3 req-341c8e68-6951-471f-93ec-92fc8b4ff9fe d5711ff9ac8a43d98f53b060c4b1362b fe2cb8ebbcda447da4f985851cf6d105 - - f5803dd769f047eca26592da6f65259a f5803dd769f047eca26592da6f65259a] Successfully bumped revision number for resource 67e9573f-8838-4a4c-9373-b8d57b796bf2 (type: ports) to 4
2026-05-27 11:10:32.434 11 INFO neutron.api.wsgi [req-c362be6e-659f-4d99-a4a6-4d350fb2f0d3 req-341c8e68-6951-471f-93ec-92fc8b4ff9fe d5711ff9ac8a43d98f53b060c4b1362b fe2cb8ebbcda447da4f985851cf6d105 - - f5803dd769f047eca26592da6f65259a f5803dd769f047eca26592da6f65259a] 199.19.213.37 "PUT /v2.0/ports/67e9573f-8838-4a4c-9373-b8d57b796bf2 HTTP/1.1" status: 200 len: 1408 time: 0.6020670
2026-05-27 11:10:32.473 11 INFO neutron.notifiers.nova [-] Nova event matching ['req-56187741-f031-4749-841e-a1e29d8a8443'] response: {'name': 'network-changed', 'server_uuid': '9824d033-0cae-4518-ad52-4ff85b9bc752', 'tag': '67e9573f-8838-4a4c-9373-b8d57b796bf2', 'status': 'completed', 'code': 200}
2026-05-27 11:10:32.562 11 INFO neutron.db.ovn_revision_numbers_db [None req-eda779f0-43bf-4400-8c97-797c0ecf7ff6 e1764593464c4aa78df777aa75f0e064 ea974855a7484f339df3e98ed07b1cd9 - - default default] Successfully bumped revision number for resource 16f5117f-07bb-4790-9f57-a80e85bba7e5 (type: security_groups) to 1
2026-05-27 11:10:32.574 11 INFO neutron.db.ovn_revision_numbers_db [None req-eda779f0-43bf-4400-8c97-797c0ecf7ff6 e1764593464c4aa78df777aa75f0e064 ea974855a7484f339df3e98ed07b1cd9 - - default default] Successfully bumped revision number for resource 1a3d1ce3-8543-4b6b-976f-c8d8d8ee110f (type: security_group_rules) to 0
2026-05-27 11:10:32.588 11 INFO neutron.db.ovn_revision_numbers_db [None req-eda779f0-43bf-4400-8c97-797c0ecf7ff6 e1764593464c4aa78df777aa75f0e064 ea974855a7484f339df3e98ed07b1cd9 - - default default] Successfully bumped revision number for resource 33ca1c62-3244-46a9-9fd3-cb8278a6fb4b (type: security_group_rules) to 0
2026-05-27 11:10:32.601 11 INFO neutron.db.ovn_revision_numbers_db [None req-eda779f0-43bf-4400-8c97-797c0ecf7ff6 e1764593464c4aa78df777aa75f0e064 ea974855a7484f339df3e98ed07b1cd9 - - default default] Successfully bumped revision number for resource 34b21237-6a0a-44bd-88a0-c120aa84d249 (type: security_group_rules) to 0
2026-05-27 11:10:32.613 11 INFO neutron.db.ovn_revision_numbers_db [None req-eda779f0-43bf-4400-8c97-797c0ecf7ff6 e1764593464c4aa78df777aa75f0e064 ea974855a7484f339df3e98ed07b1cd9 - - default default] Successfully bumped revision number for resource 5857c822-f864-44c4-99e4-88d998bb416c (type: security_group_rules) to 0
2026-05-27 11:10:32.680 11 INFO neutron.db.segments_db [None req-eda779f0-43bf-4400-8c97-797c0ecf7ff6 e1764593464c4aa78df777aa75f0e064 ea974855a7484f339df3e98ed07b1cd9 - - default default] Added segment 0a0d3b73-653e-4429-b59b-9e15c115c44f of type geneve for network a3751cee-ec83-45f2-87b6-e2312eaabc58
2026-05-27 11:10:32.720 10 INFO neutron.api.wsgi [req-bed2ccbc-8411-4054-a63b-8efd9282272d req-2e42a7d9-5b8d-45e7-9340-52f5ca4e08c0 91ec121a8cfc44fea00b182ddfd13cf8 4a3a60d377fe46debc1cce609f03dc44 - - default default] 10.0.0.91 "GET /v2.0/ports?device_id=9824d033-0cae-4518-ad52-4ff85b9bc752 HTTP/1.1" status: 200 len: 1172 time: 0.0856714
2026-05-27 11:10:32.763 10 INFO neutron.api.wsgi [req-bed2ccbc-8411-4054-a63b-8efd9282272d req-458b89e7-5b39-4c2c-8ae9-5fcf1f92043f 91ec121a8cfc44fea00b182ddfd13cf8 4a3a60d377fe46debc1cce609f03dc44 - - default default] 10.0.0.91 "GET /v2.0/security-groups?id=f299a668-465c-4490-b664-b3d198aaab23&fields=id&fields=name HTTP/1.1" status: 200 len: 286 time: 0.0354631
2026-05-27 11:10:32.797 11 INFO neutron.db.ovn_revision_numbers_db [None req-eda779f0-43bf-4400-8c97-797c0ecf7ff6 e1764593464c4aa78df777aa75f0e064 ea974855a7484f339df3e98ed07b1cd9 - - default default] Successfully bumped revision number for resource a3751cee-ec83-45f2-87b6-e2312eaabc58 (type: networks) to 1
2026-05-27 11:10:32.948 11 WARNING neutron.scheduler.dhcp_agent_scheduler [None req-eda779f0-43bf-4400-8c97-797c0ecf7ff6 e1764593464c4aa78df777aa75f0e064 ea974855a7484f339df3e98ed07b1cd9 - - default default] No more DHCP agents
2026-05-27 11:10:32.949 11 WARNING neutron.api.rpc.agentnotifiers.dhcp_rpc_agent_api [None req-eda779f0-43bf-4400-8c97-797c0ecf7ff6 e1764593464c4aa78df777aa75f0e064 ea974855a7484f339df3e98ed07b1cd9 - - default default] Unable to schedule network a3751cee-ec83-45f2-87b6-e2312eaabc58: no agents available; will retry on subsequent port and subnet creation events.
2026-05-27 11:10:33.016 10 WARNING neutron_lib.context [None req-26526c8a-d2c7-4a91-8922-540a7adff3ea ee36cd1e062f4518b470d8a4aa561fcd 9c86359de6e04b9dae043bf57434122d - - default default] Method 'is_advsvc' is deprecated since 2023.2 release (neutron-lib 3.8.0) and will be removed once support for the old RBAC API policies will be removed from Neutron. Please use method 'is_service_role' instead.
2026-05-27 11:10:33.017 11 INFO neutron.api.wsgi [req-32155592-4ddf-4b4f-9f6e-1da6316ae5f7 req-de118a79-9205-45c4-bb0e-19f9ea89c96d d5711ff9ac8a43d98f53b060c4b1362b fe2cb8ebbcda447da4f985851cf6d105 - - f5803dd769f047eca26592da6f65259a f5803dd769f047eca26592da6f65259a] 199.19.213.37 "GET /v2.0/ports?tenant_id=4a3a60d377fe46debc1cce609f03dc44&device_id=9824d033-0cae-4518-ad52-4ff85b9bc752 HTTP/1.1" status: 200 len: 1411 time: 0.0378699
2026-05-27 11:10:33.023 11 INFO neutron.db.ovn_revision_numbers_db [None req-eda779f0-43bf-4400-8c97-797c0ecf7ff6 e1764593464c4aa78df777aa75f0e064 ea974855a7484f339df3e98ed07b1cd9 - - default default] Successfully bumped revision number for resource ace54a55-cb2e-47d4-9861-5ddb939c39b5 (type: ports) to 1
2026-05-27 11:10:33.049 11 INFO neutron.api.wsgi [None req-eda779f0-43bf-4400-8c97-797c0ecf7ff6 e1764593464c4aa78df777aa75f0e064 ea974855a7484f339df3e98ed07b1cd9 - - default default] 10.0.0.9 "POST /v2.0/networks HTTP/1.1" status: 201 len: 943 time: 0.8434119
2026-05-27 11:10:33.067 10 INFO neutron.api.wsgi [None req-26526c8a-d2c7-4a91-8922-540a7adff3ea ee36cd1e062f4518b470d8a4aa561fcd 9c86359de6e04b9dae043bf57434122d - - default default] 10.0.0.9 "POST /v2.0/subnetpools HTTP/1.1" status: 201 len: 715 time: 0.0984941
2026-05-27 11:10:33.075 11 INFO neutron.api.wsgi [req-32155592-4ddf-4b4f-9f6e-1da6316ae5f7 req-9b7b95b6-227e-4158-a2ec-07f6bf2250ff d5711ff9ac8a43d98f53b060c4b1362b fe2cb8ebbcda447da4f985851cf6d105 - - f5803dd769f047eca26592da6f65259a f5803dd769f047eca26592da6f65259a] 199.19.213.37 "GET /v2.0/networks?tenant_id=4a3a60d377fe46debc1cce609f03dc44&shared=False HTTP/1.1" status: 200 len: 971 time: 0.0506091
2026-05-27 11:10:33.108 10 INFO neutron.api.wsgi [None req-cc06c981-419f-4178-887e-946ee7f0918a ee36cd1e062f4518b470d8a4aa561fcd 9c86359de6e04b9dae043bf57434122d - - default default] 10.0.0.9 "PUT /v2.0/subnetpools/bf5d44b9-5b27-4995-bb1e-6f10fb5a0259/tags HTTP/1.1" status: 200 len: 218 time: 0.0348895
2026-05-27 11:10:33.128 11 INFO neutron.api.wsgi [req-32155592-4ddf-4b4f-9f6e-1da6316ae5f7 req-5dd3e38f-d7e2-4cd8-a924-633b2deb8cf4 d5711ff9ac8a43d98f53b060c4b1362b fe2cb8ebbcda447da4f985851cf6d105 - - f5803dd769f047eca26592da6f65259a f5803dd769f047eca26592da6f65259a] 199.19.213.37 "GET /v2.0/networks?shared=True HTTP/1.1" status: 200 len: 952 time: 0.0478110
2026-05-27 11:10:33.133 10 INFO neutron.api.wsgi [None req-ca5df876-eafe-47aa-9369-dffe7c6d7309 ee36cd1e062f4518b470d8a4aa561fcd 9c86359de6e04b9dae043bf57434122d - - default default] 10.0.0.9 "GET /v2.0/subnetpools/bf5d44b9-5b27-4995-bb1e-6f10fb5a0259/tags HTTP/1.1" status: 200 len: 218 time: 0.0207422
2026-05-27 11:10:33.166 10 INFO neutron.api.wsgi [None req-bd825c6d-ddc5-4173-a401-9e20da661fc5 ee36cd1e062f4518b470d8a4aa561fcd 9c86359de6e04b9dae043bf57434122d - - default default] 10.0.0.9 "PUT /v2.0/subnetpools/bf5d44b9-5b27-4995-bb1e-6f10fb5a0259/tags/green HTTP/1.1" status: 201 len: 201 time: 0.0287051
2026-05-27 11:10:33.185 10 INFO neutron.api.wsgi [None req-b961e87e-b107-4039-b87e-6a3593b52d64 ee36cd1e062f4518b470d8a4aa561fcd 9c86359de6e04b9dae043bf57434122d - - default default] 10.0.0.9 "GET /v2.0/subnetpools/bf5d44b9-5b27-4995-bb1e-6f10fb5a0259/tags HTTP/1.1" status: 200 len: 227 time: 0.0154047
2026-05-27 11:10:33.196 11 WARNING neutron.scheduler.dhcp_agent_scheduler [None req-1601d047-818d-48d3-9989-cb299fb5fb63 e1764593464c4aa78df777aa75f0e064 ea974855a7484f339df3e98ed07b1cd9 - - default default] No more DHCP agents
2026-05-27 11:10:33.197 11 WARNING neutron.api.rpc.agentnotifiers.dhcp_rpc_agent_api [None req-1601d047-818d-48d3-9989-cb299fb5fb63 e1764593464c4aa78df777aa75f0e064 ea974855a7484f339df3e98ed07b1cd9 - - default default] Unable to schedule network a3751cee-ec83-45f2-87b6-e2312eaabc58: no agents available; will retry on subsequent port and subnet creation events.
2026-05-27 11:10:33.205 10 INFO neutron.api.wsgi [None req-c43f3d9d-6dad-4b52-b6da-50eb28cc92c6 ee36cd1e062f4518b470d8a4aa561fcd 9c86359de6e04b9dae043bf57434122d - - default default] 10.0.0.9 "PUT /v2.0/subnetpools/bf5d44b9-5b27-4995-bb1e-6f10fb5a0259/tags/red HTTP/1.1" status: 201 len: 201 time: 0.0169427
2026-05-27 11:10:33.234 11 INFO neutron.api.wsgi [None req-7d894b02-8536-4f92-a13e-0777cc674d02 ee36cd1e062f4518b470d8a4aa561fcd 9c86359de6e04b9dae043bf57434122d - - default default] 10.0.0.9 "GET /v2.0/subnetpools/bf5d44b9-5b27-4995-bb1e-6f10fb5a0259/tags HTTP/1.1" status: 200 len: 227 time: 0.0227826
2026-05-27 11:10:33.275 10 INFO neutron.api.wsgi [None req-33704988-b73e-47ed-8109-8e65c3613590 ee36cd1e062f4518b470d8a4aa561fcd 9c86359de6e04b9dae043bf57434122d - - default default] 10.0.0.9 "PUT /v2.0/subnetpools/bf5d44b9-5b27-4995-bb1e-6f10fb5a0259/tags/black.or.white HTTP/1.1" status: 201 len: 201 time: 0.0352249
2026-05-27 11:10:33.299 10 INFO neutron.api.wsgi [None req-51447133-81fd-4572-a96d-8d864dec0ec0 ee36cd1e062f4518b470d8a4aa561fcd 9c86359de6e04b9dae043bf57434122d - - default default] 10.0.0.9 "GET /v2.0/subnetpools/bf5d44b9-5b27-4995-bb1e-6f10fb5a0259/tags HTTP/1.1" status: 200 len: 245 time: 0.0189080
2026-05-27 11:10:33.337 10 INFO neutron.api.wsgi [None req-a07a20f2-c678-433f-96f0-bfee2720d4f8 ee36cd1e062f4518b470d8a4aa561fcd 9c86359de6e04b9dae043bf57434122d - - default default] 10.0.0.9 "PUT /v2.0/subnetpools/bf5d44b9-5b27-4995-bb1e-6f10fb5a0259/tags HTTP/1.1" status: 200 len: 230 time: 0.0341892
2026-05-27 11:10:33.360 10 INFO neutron.api.wsgi [None req-dfbdc271-94ab-4dc4-b73f-b52e39f3bede ee36cd1e062f4518b470d8a4aa561fcd 9c86359de6e04b9dae043bf57434122d - - default default] 10.0.0.9 "GET /v2.0/subnetpools/bf5d44b9-5b27-4995-bb1e-6f10fb5a0259/tags HTTP/1.1" status: 200 len: 230 time: 0.0160573
2026-05-27 11:10:33.385 10 INFO neutron.api.wsgi [None req-5f87f928-75b8-4cf7-b9f9-f13dacfb27ef ee36cd1e062f4518b470d8a4aa561fcd 9c86359de6e04b9dae043bf57434122d - - default default] 10.0.0.9 "GET /v2.0/subnetpools/bf5d44b9-5b27-4995-bb1e-6f10fb5a0259/tags/red HTTP/1.1" status: 204 len: 168 time: 0.0167015
2026-05-27 11:10:33.404 10 INFO neutron.api.v2.resource [None req-a4e9264c-b7b4-4a1c-86c7-8439d6382838 ee36cd1e062f4518b470d8a4aa561fcd 9c86359de6e04b9dae043bf57434122d - - default default] show failed (client error): The resource could not be found.
2026-05-27 11:10:33.405 10 INFO neutron.api.wsgi [None req-a4e9264c-b7b4-4a1c-86c7-8439d6382838 ee36cd1e062f4518b470d8a4aa561fcd 9c86359de6e04b9dae043bf57434122d - - default default] 10.0.0.9 "GET /v2.0/subnetpools/bf5d44b9-5b27-4995-bb1e-6f10fb5a0259/tags/green HTTP/1.1" status: 404 len: 299 time: 0.0154541
2026-05-27 11:10:33.437 10 INFO neutron.api.wsgi [None req-507747bd-8803-4741-ae75-ca22381c3658 ee36cd1e062f4518b470d8a4aa561fcd 9c86359de6e04b9dae043bf57434122d - - default default] 10.0.0.9 "DELETE /v2.0/subnetpools/bf5d44b9-5b27-4995-bb1e-6f10fb5a0259/tags/red HTTP/1.1" status: 204 len: 168 time: 0.0283899
2026-05-27 11:10:33.467 10 INFO neutron.api.wsgi [None req-02783788-1225-4747-89c9-2e738ffeb4dc ee36cd1e062f4518b470d8a4aa561fcd 9c86359de6e04b9dae043bf57434122d - - default default] 10.0.0.9 "GET /v2.0/subnetpools/bf5d44b9-5b27-4995-bb1e-6f10fb5a0259/tags HTTP/1.1" status: 200 len: 223 time: 0.0252652
2026-05-27 11:10:33.515 11 INFO neutron.api.v2.resource [None req-dd1ed2ea-9dfa-4930-88b7-5648a2587c29 ee36cd1e062f4518b470d8a4aa561fcd 9c86359de6e04b9dae043bf57434122d - - default default] delete failed (client error): The resource could not be found.
2026-05-27 11:10:33.516 11 INFO neutron.api.wsgi [None req-dd1ed2ea-9dfa-4930-88b7-5648a2587c29 ee36cd1e062f4518b470d8a4aa561fcd 9c86359de6e04b9dae043bf57434122d - - default default] 10.0.0.9 "DELETE /v2.0/subnetpools/bf5d44b9-5b27-4995-bb1e-6f10fb5a0259/tags/green HTTP/1.1" status: 404 len: 299 time: 0.0439348
2026-05-27 11:10:33.565 11 INFO neutron.api.wsgi [None req-e3e70820-b4aa-4c4e-afe3-2d40c6b0e56d ee36cd1e062f4518b470d8a4aa561fcd 9c86359de6e04b9dae043bf57434122d - - default default] 10.0.0.9 "DELETE /v2.0/subnetpools/bf5d44b9-5b27-4995-bb1e-6f10fb5a0259/tags HTTP/1.1" status: 204 len: 168 time: 0.0417628
2026-05-27 11:10:33.589 10 INFO neutron.api.wsgi [None req-b5c5cad3-d1b7-4a98-abf7-ecdd1ecc97a4 ee36cd1e062f4518b470d8a4aa561fcd 9c86359de6e04b9dae043bf57434122d - - default default] 10.0.0.9 "GET /v2.0/subnetpools/bf5d44b9-5b27-4995-bb1e-6f10fb5a0259/tags HTTP/1.1" status: 200 len: 205 time: 0.0177791
2026-05-27 11:10:33.661 10 INFO neutron.api.wsgi [None req-1dc8b7a0-ca2b-4d5e-8ece-2fdf67d01a2b ee36cd1e062f4518b470d8a4aa561fcd 9c86359de6e04b9dae043bf57434122d - - default default] 10.0.0.9 "DELETE /v2.0/subnetpools/bf5d44b9-5b27-4995-bb1e-6f10fb5a0259 HTTP/1.1" status: 204 len: 168 time: 0.0511048
2026-05-27 11:10:33.671 11 INFO neutron.db.ovn_revision_numbers_db [None req-2ccc5aa2-d546-4c2f-8d22-e872d0855b30 - - - - - -] Successfully bumped revision number for resource ace54a55-cb2e-47d4-9861-5ddb939c39b5 (type: ports) to 2
2026-05-27 11:10:33.700 11 INFO neutron.db.ovn_revision_numbers_db [None req-2ccc5aa2-d546-4c2f-8d22-e872d0855b30 - - - - - -] Successfully bumped revision number for resource 2460de61-00a7-4640-90e6-411b49c6ce91 (type: subnets) to 0
2026-05-27 11:10:33.718 11 INFO neutron.api.wsgi [None req-1601d047-818d-48d3-9989-cb299fb5fb63 e1764593464c4aa78df777aa75f0e064 ea974855a7484f339df3e98ed07b1cd9 - - default default] 10.0.0.9 "POST /v2.0/subnets HTTP/1.1" status: 201 len: 887 time: 0.6646411
2026-05-27 11:10:33.852 10 INFO neutron.api.wsgi [req-31871274-4c54-4a94-8eb0-f8d222316ecf req-c7dc2e50-ba4d-4da9-8732-b61b48ae1630 91ec121a8cfc44fea00b182ddfd13cf8 4a3a60d377fe46debc1cce609f03dc44 - - default default] 10.0.0.91 "GET /v2.0/ports?device_id=9824d033-0cae-4518-ad52-4ff85b9bc752 HTTP/1.1" status: 200 len: 1172 time: 0.0352004
2026-05-27 11:10:33.889 10 INFO neutron.api.wsgi [req-31871274-4c54-4a94-8eb0-f8d222316ecf req-fbf807e4-19ec-4eb2-9aeb-f39f1854b992 91ec121a8cfc44fea00b182ddfd13cf8 4a3a60d377fe46debc1cce609f03dc44 - - default default] 10.0.0.91 "GET /v2.0/security-groups?id=f299a668-465c-4490-b664-b3d198aaab23&fields=id&fields=name HTTP/1.1" status: 200 len: 286 time: 0.0311093
2026-05-27 11:10:34.380 11 INFO neutron.api.wsgi [req-c362be6e-659f-4d99-a4a6-4d350fb2f0d3 req-185739f6-d617-40a9-bbaa-f2c93e508e71 d5711ff9ac8a43d98f53b060c4b1362b fe2cb8ebbcda447da4f985851cf6d105 - - f5803dd769f047eca26592da6f65259a f5803dd769f047eca26592da6f65259a] 199.19.213.37 "GET /v2.0/ports?tenant_id=4a3a60d377fe46debc1cce609f03dc44&device_id=9824d033-0cae-4518-ad52-4ff85b9bc752 HTTP/1.1" status: 200 len: 1411 time: 0.0370448
2026-05-27 11:10:34.401 11 INFO neutron.api.wsgi [req-c362be6e-659f-4d99-a4a6-4d350fb2f0d3 req-b9e9e9ae-2639-47f1-9dad-4c0830c38527 d5711ff9ac8a43d98f53b060c4b1362b fe2cb8ebbcda447da4f985851cf6d105 - - f5803dd769f047eca26592da6f65259a f5803dd769f047eca26592da6f65259a] 199.19.213.37 "GET /v2.0/floatingips?fixed_ip_address=10.100.0.13&port_id=67e9573f-8838-4a4c-9373-b8d57b796bf2 HTTP/1.1" status: 200 len: 217 time: 0.0156021
2026-05-27 11:10:34.425 11 WARNING neutron.scheduler.dhcp_agent_scheduler [None req-db81d98f-f4fd-4d7b-ab50-53ac83a909a0 e1764593464c4aa78df777aa75f0e064 ea974855a7484f339df3e98ed07b1cd9 - - default default] No more DHCP agents
2026-05-27 11:10:34.427 11 WARNING neutron.api.rpc.agentnotifiers.dhcp_rpc_agent_api [None req-db81d98f-f4fd-4d7b-ab50-53ac83a909a0 e1764593464c4aa78df777aa75f0e064 ea974855a7484f339df3e98ed07b1cd9 - - default default] Unable to schedule network 1644c29e-3c19-456c-a085-53701fa5b8c7: no agents available; will retry on subsequent port and subnet creation events.
2026-05-27 11:10:34.440 11 INFO neutron.api.wsgi [req-c362be6e-659f-4d99-a4a6-4d350fb2f0d3 req-8d6edbe7-7528-4617-985a-c50ab14545ca d5711ff9ac8a43d98f53b060c4b1362b fe2cb8ebbcda447da4f985851cf6d105 - - f5803dd769f047eca26592da6f65259a f5803dd769f047eca26592da6f65259a] 199.19.213.37 "GET /v2.0/subnets?id=a44006a3-117d-4039-88fc-fee4658bc793 HTTP/1.1" status: 200 len: 890 time: 0.0327005
2026-05-27 11:10:34.454 10 INFO neutron.db.ovn_revision_numbers_db [None req-ace559a3-0e40-48df-914a-dbcfd04d4d2c e1764593464c4aa78df777aa75f0e064 ea974855a7484f339df3e98ed07b1cd9 - - default default] Successfully bumped revision number for resource 8d965c85-00ed-4d9a-b29d-7acedd529625 (type: security_groups) to 1
2026-05-27 11:10:34.459 11 INFO neutron.api.wsgi [req-c362be6e-659f-4d99-a4a6-4d350fb2f0d3 req-bb5412a9-ce74-4c76-ae50-c4911ae90a05 d5711ff9ac8a43d98f53b060c4b1362b fe2cb8ebbcda447da4f985851cf6d105 - - f5803dd769f047eca26592da6f65259a f5803dd769f047eca26592da6f65259a] 199.19.213.37 "GET /v2.0/ports?network_id=a1ee495f-5330-472b-9c35-02a67788e3f7&device_owner=network%3Adhcp HTTP/1.1" status: 200 len: 210 time: 0.0151443
2026-05-27 11:10:34.474 10 INFO neutron.db.ovn_revision_numbers_db [None req-ace559a3-0e40-48df-914a-dbcfd04d4d2c e1764593464c4aa78df777aa75f0e064 ea974855a7484f339df3e98ed07b1cd9 - - default default] Successfully bumped revision number for resource 3fca7c25-edad-4f1c-9932-daf588c6d2ef (type: security_group_rules) to 0
2026-05-27 11:10:34.488 10 INFO neutron.db.ovn_revision_numbers_db [None req-ace559a3-0e40-48df-914a-dbcfd04d4d2c e1764593464c4aa78df777aa75f0e064 ea974855a7484f339df3e98ed07b1cd9 - - default default] Successfully bumped revision number for resource 839830e6-dc4f-44a0-91cd-240cae9b256c (type: security_group_rules) to 0
2026-05-27 11:10:34.509 10 INFO neutron.db.ovn_revision_numbers_db [None req-ace559a3-0e40-48df-914a-dbcfd04d4d2c e1764593464c4aa78df777aa75f0e064 ea974855a7484f339df3e98ed07b1cd9 - - default default] Successfully bumped revision number for resource b1850a31-38fb-400b-86aa-0b0dca9083c4 (type: security_group_rules) to 0
2026-05-27 11:10:34.517 11 INFO neutron.api.wsgi [req-c362be6e-659f-4d99-a4a6-4d350fb2f0d3 req-cdd6c6d8-25aa-4438-a73e-d14c3e8cf2d2 d5711ff9ac8a43d98f53b060c4b1362b fe2cb8ebbcda447da4f985851cf6d105 - - f5803dd769f047eca26592da6f65259a f5803dd769f047eca26592da6f65259a] 199.19.213.37 "GET /v2.0/networks/a1ee495f-5330-472b-9c35-02a67788e3f7?fields=segments HTTP/1.1" status: 200 len: 212 time: 0.0505252
2026-05-27 11:10:34.530 10 INFO neutron.db.ovn_revision_numbers_db [None req-ace559a3-0e40-48df-914a-dbcfd04d4d2c e1764593464c4aa78df777aa75f0e064 ea974855a7484f339df3e98ed07b1cd9 - - default default] Successfully bumped revision number for resource d84ea93c-5813-4454-8585-ade6202f734a (type: security_group_rules) to 0
2026-05-27 11:10:34.562 11 INFO neutron.api.wsgi [req-c362be6e-659f-4d99-a4a6-4d350fb2f0d3 req-00070197-53c5-48d8-a1f0-6ad6981022e5 d5711ff9ac8a43d98f53b060c4b1362b fe2cb8ebbcda447da4f985851cf6d105 - - f5803dd769f047eca26592da6f65259a f5803dd769f047eca26592da6f65259a] 199.19.213.37 "GET /v2.0/networks/a1ee495f-5330-472b-9c35-02a67788e3f7?fields=provider%3Aphysical_network&fields=provider%3Anetwork_type HTTP/1.1" status: 200 len: 277 time: 0.0395410
2026-05-27 11:10:34.577 11 INFO neutron.db.ovn_revision_numbers_db [None req-db81d98f-f4fd-4d7b-ab50-53ac83a909a0 e1764593464c4aa78df777aa75f0e064 ea974855a7484f339df3e98ed07b1cd9 - - default default] Successfully bumped revision number for resource d245aeb0-ae74-4cb7-91f4-82f93b22a098 (type: ports) to 1
2026-05-27 11:10:34.579 10 INFO neutron.api.wsgi [None req-ace559a3-0e40-48df-914a-dbcfd04d4d2c e1764593464c4aa78df777aa75f0e064 ea974855a7484f339df3e98ed07b1cd9 - - default default] 10.0.0.9 "GET /v2.0/security-groups?tenant_id=670f684b872443ff99e7659b45c6815e&name=default HTTP/1.1" status: 200 len: 3120 time: 0.3232062
2026-05-27 11:10:34.777 10 INFO neutron.api.wsgi [None req-a95b3847-2a66-4a17-8586-4a6575591964 e1764593464c4aa78df777aa75f0e064 ea974855a7484f339df3e98ed07b1cd9 - - default default] 10.0.0.9 "DELETE /v2.0/security-groups/8d965c85-00ed-4d9a-b29d-7acedd529625 HTTP/1.1" status: 204 len: 168 time: 0.1932385
2026-05-27 11:10:34.982 10 INFO neutron.api.wsgi [req-e7d5605e-a872-47d1-a1d1-1b3663d027e0 req-6f18b016-a265-4786-a7fe-f32f8fbea540 91ec121a8cfc44fea00b182ddfd13cf8 4a3a60d377fe46debc1cce609f03dc44 - - default default] 10.0.0.91 "GET /v2.0/ports?device_id=9824d033-0cae-4518-ad52-4ff85b9bc752 HTTP/1.1" status: 200 len: 1172 time: 0.0383379
2026-05-27 11:10:35.004 10 INFO neutron.db.ovn_revision_numbers_db [None req-887f0dd7-67af-486f-b1ab-5ab08d632c0c e1764593464c4aa78df777aa75f0e064 ea974855a7484f339df3e98ed07b1cd9 - - default default] Successfully bumped revision number for resource 52259858-b1c0-4963-8482-3ded42ec9ae5 (type: security_groups) to 1
2026-05-27 11:10:35.024 10 INFO neutron.db.ovn_revision_numbers_db [None req-887f0dd7-67af-486f-b1ab-5ab08d632c0c e1764593464c4aa78df777aa75f0e064 ea974855a7484f339df3e98ed07b1cd9 - - default default] Successfully bumped revision number for resource 6637a721-18ed-4429-9ba9-195073c03b5c (type: security_group_rules) to 0
2026-05-27 11:10:35.032 10 INFO neutron.api.wsgi [req-e7d5605e-a872-47d1-a1d1-1b3663d027e0 req-d21e21d0-c34d-4c53-9f3f-679a6459c447 91ec121a8cfc44fea00b182ddfd13cf8 4a3a60d377fe46debc1cce609f03dc44 - - default default] 10.0.0.91 "GET /v2.0/security-groups?id=f299a668-465c-4490-b664-b3d198aaab23&fields=id&fields=name HTTP/1.1" status: 200 len: 286 time: 0.0411577
