2026-05-27 11:10:35.042 10 INFO neutron.db.ovn_revision_numbers_db [None req-887f0dd7-67af-486f-b1ab-5ab08d632c0c e1764593464c4aa78df777aa75f0e064 ea974855a7484f339df3e98ed07b1cd9 - - default default] Successfully bumped revision number for resource 72614f68-1669-48b8-90a8-9da81505a086 (type: security_group_rules) to 0
2026-05-27 11:10:35.066 10 INFO neutron.db.ovn_revision_numbers_db [None req-887f0dd7-67af-486f-b1ab-5ab08d632c0c e1764593464c4aa78df777aa75f0e064 ea974855a7484f339df3e98ed07b1cd9 - - default default] Successfully bumped revision number for resource 7b8e50b4-d584-4973-b141-505ecf8b7213 (type: security_group_rules) to 0
2026-05-27 11:10:35.084 10 INFO neutron.db.ovn_revision_numbers_db [None req-887f0dd7-67af-486f-b1ab-5ab08d632c0c e1764593464c4aa78df777aa75f0e064 ea974855a7484f339df3e98ed07b1cd9 - - default default] Successfully bumped revision number for resource 9f98aa61-90a1-4457-a83f-b77edb3343ca (type: security_group_rules) to 0
2026-05-27 11:10:35.137 10 INFO neutron.api.wsgi [None req-887f0dd7-67af-486f-b1ab-5ab08d632c0c e1764593464c4aa78df777aa75f0e064 ea974855a7484f339df3e98ed07b1cd9 - - default default] 10.0.0.9 "GET /v2.0/security-groups?tenant_id=9c86359de6e04b9dae043bf57434122d&name=default HTTP/1.1" status: 200 len: 3120 time: 0.2726674
2026-05-27 11:10:35.160 11 INFO neutron.plugins.ml2.drivers.ovn.mech_driver.ovsdb.commands [None req-c2ec3906-9192-4a1e-9c52-2400586d43dd - - - - - -] Schedule LRP lrp-d245aeb0-ae74-4cb7-91f4-82f93b22a098 on gateway 63d46362-dc81-4dfd-a5f8-36b1c107d5ed with priority 1
2026-05-27 11:10:35.172 11 INFO neutron.plugins.ml2.drivers.ovn.mech_driver.mech_driver [None req-00efb041-a750-43d3-9a7e-bdbf23afe730 - - - - - -] OVN reports status up for port: d245aeb0-ae74-4cb7-91f4-82f93b22a098
2026-05-27 11:10:35.195 11 INFO neutron.plugins.ml2.plugin [None req-00efb041-a750-43d3-9a7e-bdbf23afe730 - - - - - -] Attempt 1 to provision port d245aeb0-ae74-4cb7-91f4-82f93b22a098
2026-05-27 11:10:35.199 10 INFO neutron.plugins.ml2.drivers.ovn.mech_driver.ovsdb.ovsdb_monitor [None req-ea0ddf9e-1cb4-4806-ab77-c0a83bffd7d8 - - - - - -] Router e5739e88-8ece-4252-b93e-4a9d372ee4ca is bound to host instance
2026-05-27 11:10:35.212 11 INFO neutron.db.ovn_revision_numbers_db [None req-db81d98f-f4fd-4d7b-ab50-53ac83a909a0 e1764593464c4aa78df777aa75f0e064 ea974855a7484f339df3e98ed07b1cd9 - - default default] Successfully bumped revision number for resource d245aeb0-ae74-4cb7-91f4-82f93b22a098 (type: router_ports) to 1
2026-05-27 11:10:35.317 11 INFO neutron.db.ovn_revision_numbers_db [None req-db81d98f-f4fd-4d7b-ab50-53ac83a909a0 e1764593464c4aa78df777aa75f0e064 ea974855a7484f339df3e98ed07b1cd9 - - default default] Successfully bumped revision number for resource e5739e88-8ece-4252-b93e-4a9d372ee4ca (type: routers) to 2
2026-05-27 11:10:35.336 11 INFO neutron.api.wsgi [None req-db81d98f-f4fd-4d7b-ab50-53ac83a909a0 e1764593464c4aa78df777aa75f0e064 ea974855a7484f339df3e98ed07b1cd9 - - default default] 10.0.0.9 "POST /v2.0/routers HTTP/1.1" status: 201 len: 1165 time: 1.6139636
2026-05-27 11:10:35.452 11 INFO neutron.api.wsgi [None req-7fc167a5-4c4d-47d1-8d14-7f7b84a54467 e1764593464c4aa78df777aa75f0e064 ea974855a7484f339df3e98ed07b1cd9 - - default default] 10.0.0.9 "DELETE /v2.0/security-groups/52259858-b1c0-4963-8482-3ded42ec9ae5 HTTP/1.1" status: 204 len: 168 time: 0.3083155
2026-05-27 11:10:35.613 10 INFO neutron.db.ovn_revision_numbers_db [None req-450fc446-fa75-4e82-8952-3b1124aa4d7a - - - - - -] Successfully bumped revision number for resource d245aeb0-ae74-4cb7-91f4-82f93b22a098 (type: ports) to 1
2026-05-27 11:10:35.783 11 WARNING neutron.scheduler.dhcp_agent_scheduler [None req-cd499905-80a5-441c-af08-567ef5ad5eaa e1764593464c4aa78df777aa75f0e064 ea974855a7484f339df3e98ed07b1cd9 - - default default] No more DHCP agents
2026-05-27 11:10:35.785 11 WARNING neutron.api.rpc.agentnotifiers.dhcp_rpc_agent_api [None req-cd499905-80a5-441c-af08-567ef5ad5eaa e1764593464c4aa78df777aa75f0e064 ea974855a7484f339df3e98ed07b1cd9 - - default default] Unable to schedule network a3751cee-ec83-45f2-87b6-e2312eaabc58: no agents available; will retry on subsequent port and subnet creation events.
2026-05-27 11:10:35.922 11 INFO neutron.db.ovn_revision_numbers_db [None req-cd499905-80a5-441c-af08-567ef5ad5eaa e1764593464c4aa78df777aa75f0e064 ea974855a7484f339df3e98ed07b1cd9 - - default default] Successfully bumped revision number for resource 5de48262-3a69-4006-b431-78aef2c991fe (type: ports) to 1
2026-05-27 11:10:35.929 10 INFO neutron.db.ovn_revision_numbers_db [None req-450fc446-fa75-4e82-8952-3b1124aa4d7a - - - - - -] Successfully bumped revision number for resource d245aeb0-ae74-4cb7-91f4-82f93b22a098 (type: ports) to 4
2026-05-27 11:10:36.157 10 INFO neutron.api.wsgi [req-eac1ae08-dcc0-4419-9b56-7afb096f0daf req-1d2feeff-b6ed-4e06-b2cf-6717a21233d3 91ec121a8cfc44fea00b182ddfd13cf8 4a3a60d377fe46debc1cce609f03dc44 - - default default] 10.0.0.91 "GET /v2.0/ports?device_id=9824d033-0cae-4518-ad52-4ff85b9bc752 HTTP/1.1" status: 200 len: 1172 time: 0.0388172
2026-05-27 11:10:36.207 10 INFO neutron.api.wsgi [req-eac1ae08-dcc0-4419-9b56-7afb096f0daf req-0efa2515-ed1d-439a-b2a5-694ef7bf84fa 91ec121a8cfc44fea00b182ddfd13cf8 4a3a60d377fe46debc1cce609f03dc44 - - default default] 10.0.0.91 "GET /v2.0/security-groups?id=f299a668-465c-4490-b664-b3d198aaab23&fields=id&fields=name HTTP/1.1" status: 200 len: 286 time: 0.0437984
2026-05-27 11:10:36.270 10 INFO neutron.db.ovn_revision_numbers_db [None req-450fc446-fa75-4e82-8952-3b1124aa4d7a - - - - - -] Successfully bumped revision number for resource d245aeb0-ae74-4cb7-91f4-82f93b22a098 (type: ports) to 5
2026-05-27 11:10:36.508 11 INFO neutron.db.ovn_revision_numbers_db [None req-cd499905-80a5-441c-af08-567ef5ad5eaa e1764593464c4aa78df777aa75f0e064 ea974855a7484f339df3e98ed07b1cd9 - - default default] Successfully bumped revision number for resource 5de48262-3a69-4006-b431-78aef2c991fe (type: ports) to 1
2026-05-27 11:10:36.567 11 WARNING neutron.scheduler.dhcp_agent_scheduler [None req-cd499905-80a5-441c-af08-567ef5ad5eaa e1764593464c4aa78df777aa75f0e064 ea974855a7484f339df3e98ed07b1cd9 - - default default] No more DHCP agents
2026-05-27 11:10:36.568 11 WARNING neutron.api.rpc.agentnotifiers.dhcp_rpc_agent_api [None req-cd499905-80a5-441c-af08-567ef5ad5eaa e1764593464c4aa78df777aa75f0e064 ea974855a7484f339df3e98ed07b1cd9 - - default default] Unable to schedule network a3751cee-ec83-45f2-87b6-e2312eaabc58: no agents available; will retry on subsequent port and subnet creation events.
2026-05-27 11:10:36.725 10 INFO neutron.plugins.ml2.drivers.ovn.mech_driver.mech_driver [None req-633e6c87-1486-4084-b458-5beba726e533 - - - - - -] OVN reports status up for port: 67e9573f-8838-4a4c-9373-b8d57b796bf2
2026-05-27 11:10:36.738 10 INFO neutron.plugins.ml2.plugin [None req-633e6c87-1486-4084-b458-5beba726e533 - - - - - -] Attempt 1 to provision port 67e9573f-8838-4a4c-9373-b8d57b796bf2
2026-05-27 11:10:36.852 10 INFO neutron.notifiers.nova [-] Nova event matching ['req-f2cbc0ef-3b19-42a5-98b8-bed2668ad8cf'] response: {'server_uuid': '9824d033-0cae-4518-ad52-4ff85b9bc752', 'name': 'network-vif-plugged', 'status': 'completed', 'tag': '67e9573f-8838-4a4c-9373-b8d57b796bf2', 'code': 200}
2026-05-27 11:10:36.960 10 INFO neutron.db.ovn_revision_numbers_db [None req-633e6c87-1486-4084-b458-5beba726e533 - - - - - -] Successfully bumped revision number for resource 67e9573f-8838-4a4c-9373-b8d57b796bf2 (type: ports) to 5
2026-05-27 11:10:37.107 10 INFO neutron.api.wsgi [-] 10.0.0.184 "GET / HTTP/1.1" status: 200 len: 247 time: 0.0017159
2026-05-27 11:10:37.108 11 INFO neutron.api.wsgi [-] 10.0.0.184 "GET / HTTP/1.1" status: 200 len: 247 time: 0.0019484
2026-05-27 11:10:37.189 11 INFO neutron.db.ovn_revision_numbers_db [None req-cd499905-80a5-441c-af08-567ef5ad5eaa e1764593464c4aa78df777aa75f0e064 ea974855a7484f339df3e98ed07b1cd9 - - default default] Successfully bumped revision number for resource 5de48262-3a69-4006-b431-78aef2c991fe (type: router_ports) to 1
2026-05-27 11:10:37.194 11 INFO neutron.api.wsgi [None req-cd499905-80a5-441c-af08-567ef5ad5eaa e1764593464c4aa78df777aa75f0e064 ea974855a7484f339df3e98ed07b1cd9 - - default default] 10.0.0.9 "PUT /v2.0/routers/e5739e88-8ece-4252-b93e-4a9d372ee4ca/add_router_interface HTTP/1.1" status: 200 len: 503 time: 1.8546169 /var/lib/openstack/lib/python3.12/site-packages/pycadf/identifier.py:71: UserWarning: Invalid uuid: neutron. To ensure interoperability, identifiers should be a valid uuid. warnings.warn(('Invalid uuid: %s. To ensure interoperability, '
2026-05-27 11:10:37.333 10 INFO neutron.api.wsgi [req-767ca754-dbf0-4dd9-90db-17b2302b092d req-9fbb784f-5820-4191-88db-4d43c250ae48 91ec121a8cfc44fea00b182ddfd13cf8 4a3a60d377fe46debc1cce609f03dc44 - - default default] 10.0.0.91 "GET /v2.0/ports?device_id=9824d033-0cae-4518-ad52-4ff85b9bc752 HTTP/1.1" status: 200 len: 1174 time: 0.0355742
2026-05-27 11:10:37.375 10 INFO neutron.api.wsgi [req-767ca754-dbf0-4dd9-90db-17b2302b092d req-94a97378-3a6b-4443-9a99-85e96ba05d69 91ec121a8cfc44fea00b182ddfd13cf8 4a3a60d377fe46debc1cce609f03dc44 - - default default] 10.0.0.91 "GET /v2.0/security-groups?id=f299a668-465c-4490-b664-b3d198aaab23&fields=id&fields=name HTTP/1.1" status: 200 len: 286 time: 0.0370939
2026-05-27 11:10:37.405 11 INFO neutron.plugins.ml2.drivers.ovn.mech_driver.mech_driver [None req-00efb041-a750-43d3-9a7e-bdbf23afe730 - - - - - -] OVN reports status up for port: 5de48262-3a69-4006-b431-78aef2c991fe
2026-05-27 11:10:37.411 11 INFO neutron.plugins.ml2.plugin [None req-00efb041-a750-43d3-9a7e-bdbf23afe730 - - - - - -] Attempt 1 to provision port 5de48262-3a69-4006-b431-78aef2c991fe
2026-05-27 11:10:37.810 11 INFO neutron.db.ovn_revision_numbers_db [None req-00efb041-a750-43d3-9a7e-bdbf23afe730 - - - - - -] Successfully bumped revision number for resource 5de48262-3a69-4006-b431-78aef2c991fe (type: ports) to 2
2026-05-27 11:10:38.412 11 INFO neutron.db.ovn_revision_numbers_db [None req-8b076ff4-7ef8-432f-9cb8-6358f1e9d5e4 e1764593464c4aa78df777aa75f0e064 ea974855a7484f339df3e98ed07b1cd9 - - default default] Successfully bumped revision number for resource 31512392-c90a-4940-8666-c60f9350b290 (type: security_groups) to 1
2026-05-27 11:10:38.434 11 INFO neutron.db.ovn_revision_numbers_db [None req-8b076ff4-7ef8-432f-9cb8-6358f1e9d5e4 e1764593464c4aa78df777aa75f0e064 ea974855a7484f339df3e98ed07b1cd9 - - default default] Successfully bumped revision number for resource 5891b320-04ca-4781-bde5-3f4532a6175c (type: security_group_rules) to 0
2026-05-27 11:10:38.457 11 INFO neutron.db.ovn_revision_numbers_db [None req-8b076ff4-7ef8-432f-9cb8-6358f1e9d5e4 e1764593464c4aa78df777aa75f0e064 ea974855a7484f339df3e98ed07b1cd9 - - default default] Successfully bumped revision number for resource b251e279-75de-4cdc-854d-935653468eb3 (type: security_group_rules) to 0
2026-05-27 11:10:38.487 11 INFO neutron.db.ovn_revision_numbers_db [None req-8b076ff4-7ef8-432f-9cb8-6358f1e9d5e4 e1764593464c4aa78df777aa75f0e064 ea974855a7484f339df3e98ed07b1cd9 - - default default] Successfully bumped revision number for resource e82bb758-5e39-440c-9d3e-b55c6009ca9e (type: security_group_rules) to 0
2026-05-27 11:10:38.503 11 INFO neutron.db.ovn_revision_numbers_db [None req-8b076ff4-7ef8-432f-9cb8-6358f1e9d5e4 e1764593464c4aa78df777aa75f0e064 ea974855a7484f339df3e98ed07b1cd9 - - default default] Successfully bumped revision number for resource eb1e9628-0768-434d-bdd8-a5fe06195505 (type: security_group_rules) to 0
2026-05-27 11:10:38.547 10 INFO neutron.api.wsgi [req-a627fa95-6e03-4d3b-bcb4-8165824288d0 req-07304c84-e215-4d6e-9620-98fc214a32ae 91ec121a8cfc44fea00b182ddfd13cf8 4a3a60d377fe46debc1cce609f03dc44 - - default default] 10.0.0.91 "GET /v2.0/ports?device_id=9824d033-0cae-4518-ad52-4ff85b9bc752 HTTP/1.1" status: 200 len: 1174 time: 0.1107433
2026-05-27 11:10:38.573 11 INFO neutron.db.segments_db [None req-8b076ff4-7ef8-432f-9cb8-6358f1e9d5e4 e1764593464c4aa78df777aa75f0e064 ea974855a7484f339df3e98ed07b1cd9 - - default default] Added segment b194a01f-a77a-452a-b2da-a08106e07504 of type geneve for network 06705ad0-bdb3-497a-92bf-fc1b5771cbb0
2026-05-27 11:10:38.601 10 INFO neutron.api.wsgi [req-a627fa95-6e03-4d3b-bcb4-8165824288d0 req-7b103704-d6b8-4566-9de4-0e4ff194e440 91ec121a8cfc44fea00b182ddfd13cf8 4a3a60d377fe46debc1cce609f03dc44 - - default default] 10.0.0.91 "GET /v2.0/security-groups?id=f299a668-465c-4490-b664-b3d198aaab23&fields=id&fields=name HTTP/1.1" status: 200 len: 286 time: 0.0471385
2026-05-27 11:10:38.673 11 INFO neutron.db.ovn_revision_numbers_db [None req-8b076ff4-7ef8-432f-9cb8-6358f1e9d5e4 e1764593464c4aa78df777aa75f0e064 ea974855a7484f339df3e98ed07b1cd9 - - default default] Successfully bumped revision number for resource 06705ad0-bdb3-497a-92bf-fc1b5771cbb0 (type: networks) to 1
2026-05-27 11:10:38.806 11 WARNING neutron.scheduler.dhcp_agent_scheduler [None req-8b076ff4-7ef8-432f-9cb8-6358f1e9d5e4 e1764593464c4aa78df777aa75f0e064 ea974855a7484f339df3e98ed07b1cd9 - - default default] No more DHCP agents
2026-05-27 11:10:38.807 11 WARNING neutron.api.rpc.agentnotifiers.dhcp_rpc_agent_api [None req-8b076ff4-7ef8-432f-9cb8-6358f1e9d5e4 e1764593464c4aa78df777aa75f0e064 ea974855a7484f339df3e98ed07b1cd9 - - default default] Unable to schedule network 06705ad0-bdb3-497a-92bf-fc1b5771cbb0: no agents available; will retry on subsequent port and subnet creation events.
2026-05-27 11:10:38.857 11 INFO neutron.db.ovn_revision_numbers_db [None req-8b076ff4-7ef8-432f-9cb8-6358f1e9d5e4 e1764593464c4aa78df777aa75f0e064 ea974855a7484f339df3e98ed07b1cd9 - - default default] Successfully bumped revision number for resource 623e9bd2-712d-4670-a07b-b0a4a46df2e5 (type: ports) to 1
2026-05-27 11:10:38.876 11 INFO neutron.api.wsgi [None req-8b076ff4-7ef8-432f-9cb8-6358f1e9d5e4 e1764593464c4aa78df777aa75f0e064 ea974855a7484f339df3e98ed07b1cd9 - - default default] 10.0.0.9 "POST /v2.0/networks HTTP/1.1" status: 201 len: 943 time: 0.6082563
2026-05-27 11:10:38.898 10 INFO neutron.notifiers.nova [-] Nova event matching ['req-c60847ec-bf09-43c0-9043-e9819834111a'] response: {'server_uuid': '9824d033-0cae-4518-ad52-4ff85b9bc752', 'name': 'network-vif-plugged', 'status': 'completed', 'tag': '67e9573f-8838-4a4c-9373-b8d57b796bf2', 'code': 200}
2026-05-27 11:10:39.018 11 WARNING neutron.scheduler.dhcp_agent_scheduler [None req-de6092bc-fffd-47d0-b2cd-9dbefe1f5b31 e1764593464c4aa78df777aa75f0e064 ea974855a7484f339df3e98ed07b1cd9 - - default default] No more DHCP agents
2026-05-27 11:10:39.019 11 WARNING neutron.api.rpc.agentnotifiers.dhcp_rpc_agent_api [None req-de6092bc-fffd-47d0-b2cd-9dbefe1f5b31 e1764593464c4aa78df777aa75f0e064 ea974855a7484f339df3e98ed07b1cd9 - - default default] Unable to schedule network 06705ad0-bdb3-497a-92bf-fc1b5771cbb0: no agents available; will retry on subsequent port and subnet creation events.
2026-05-27 11:10:39.374 11 INFO neutron.db.ovn_revision_numbers_db [None req-e145815a-fc96-4b61-8b8a-28bcc577e76a - - - - - -] Successfully bumped revision number for resource 623e9bd2-712d-4670-a07b-b0a4a46df2e5 (type: ports) to 2
2026-05-27 11:10:39.402 11 INFO neutron.db.ovn_revision_numbers_db [None req-e145815a-fc96-4b61-8b8a-28bcc577e76a - - - - - -] Successfully bumped revision number for resource 5d0f6313-926d-4e62-8427-45f7ed3efac9 (type: subnets) to 0
2026-05-27 11:10:39.423 11 INFO neutron.api.wsgi [None req-de6092bc-fffd-47d0-b2cd-9dbefe1f5b31 e1764593464c4aa78df777aa75f0e064 ea974855a7484f339df3e98ed07b1cd9 - - default default] 10.0.0.9 "POST /v2.0/subnets HTTP/1.1" status: 201 len: 887 time: 0.5420105
2026-05-27 11:10:39.710 10 INFO neutron.api.wsgi [req-5d836442-6e0f-4f4f-af1d-9e5b62822223 req-e2fa13c1-2d02-4ca8-a3b1-73d76faaf2c3 91ec121a8cfc44fea00b182ddfd13cf8 4a3a60d377fe46debc1cce609f03dc44 - - default default] 10.0.0.91 "GET /v2.0/ports?device_id=9824d033-0cae-4518-ad52-4ff85b9bc752 HTTP/1.1" status: 200 len: 1174 time: 0.0439596
2026-05-27 11:10:39.753 10 INFO neutron.api.wsgi [req-5d836442-6e0f-4f4f-af1d-9e5b62822223 req-23a9e71f-73d7-46fa-b8bd-7b7a45e02207 91ec121a8cfc44fea00b182ddfd13cf8 4a3a60d377fe46debc1cce609f03dc44 - - default default] 10.0.0.91 "GET /v2.0/security-groups?id=f299a668-465c-4490-b664-b3d198aaab23&fields=id&fields=name HTTP/1.1" status: 200 len: 286 time: 0.0354857
2026-05-27 11:10:39.766 11 WARNING neutron.scheduler.dhcp_agent_scheduler [None req-268afd5a-8985-4202-a2e4-a1aae625e370 e1764593464c4aa78df777aa75f0e064 ea974855a7484f339df3e98ed07b1cd9 - - default default] No more DHCP agents
2026-05-27 11:10:39.767 11 WARNING neutron.api.rpc.agentnotifiers.dhcp_rpc_agent_api [None req-268afd5a-8985-4202-a2e4-a1aae625e370 e1764593464c4aa78df777aa75f0e064 ea974855a7484f339df3e98ed07b1cd9 - - default default] Unable to schedule network 1644c29e-3c19-456c-a085-53701fa5b8c7: no agents available; will retry on subsequent port and subnet creation events.
2026-05-27 11:10:39.867 11 INFO neutron.db.ovn_revision_numbers_db [None req-268afd5a-8985-4202-a2e4-a1aae625e370 e1764593464c4aa78df777aa75f0e064 ea974855a7484f339df3e98ed07b1cd9 - - default default] Successfully bumped revision number for resource 84c1b73b-013b-4c1b-b0b3-8523ffcec8aa (type: ports) to 1
2026-05-27 11:10:40.501 11 INFO neutron.plugins.ml2.drivers.ovn.mech_driver.ovsdb.commands [None req-c2ec3906-9192-4a1e-9c52-2400586d43dd - - - - - -] Schedule LRP lrp-84c1b73b-013b-4c1b-b0b3-8523ffcec8aa on gateway 63d46362-dc81-4dfd-a5f8-36b1c107d5ed with priority 1
2026-05-27 11:10:40.509 10 INFO neutron.plugins.ml2.drivers.ovn.mech_driver.mech_driver [None req-b9716ccb-e76c-4fbb-8f58-fe046010cb30 - - - - - -] OVN reports status up for port: 84c1b73b-013b-4c1b-b0b3-8523ffcec8aa
2026-05-27 11:10:40.517 10 INFO neutron.plugins.ml2.plugin [None req-b9716ccb-e76c-4fbb-8f58-fe046010cb30 - - - - - -] Attempt 1 to provision port 84c1b73b-013b-4c1b-b0b3-8523ffcec8aa
2026-05-27 11:10:40.528 11 INFO neutron.plugins.ml2.drivers.ovn.mech_driver.ovsdb.ovsdb_monitor [None req-68b5e9fd-ceb8-4d51-b5d0-dc03662ba29f - - - - - -] Router 2a6c1296-f510-4216-ae3a-83bffd08810b is bound to host instance
2026-05-27 11:10:40.570 11 INFO neutron.db.ovn_revision_numbers_db [None req-268afd5a-8985-4202-a2e4-a1aae625e370 e1764593464c4aa78df777aa75f0e064 ea974855a7484f339df3e98ed07b1cd9 - - default default] Successfully bumped revision number for resource 84c1b73b-013b-4c1b-b0b3-8523ffcec8aa (type: router_ports) to 1
2026-05-27 11:10:40.656 11 INFO neutron.db.ovn_revision_numbers_db [None req-268afd5a-8985-4202-a2e4-a1aae625e370 e1764593464c4aa78df777aa75f0e064 ea974855a7484f339df3e98ed07b1cd9 - - default default] Successfully bumped revision number for resource 2a6c1296-f510-4216-ae3a-83bffd08810b (type: routers) to 2
2026-05-27 11:10:40.685 11 INFO neutron.api.wsgi [None req-268afd5a-8985-4202-a2e4-a1aae625e370 e1764593464c4aa78df777aa75f0e064 ea974855a7484f339df3e98ed07b1cd9 - - default default] 10.0.0.9 "POST /v2.0/routers HTTP/1.1" status: 201 len: 1165 time: 1.2562428
2026-05-27 11:10:41.022 11 INFO neutron.db.ovn_revision_numbers_db [None req-88c04336-1342-42b5-8210-4a0081794c22 - - - - - -] Successfully bumped revision number for resource 84c1b73b-013b-4c1b-b0b3-8523ffcec8aa (type: ports) to 1
2026-05-27 11:10:41.175 10 INFO neutron.api.wsgi [req-63c30ad6-7acb-4c35-a9a6-2e40a38b5c6c req-3e842b41-b33b-430f-bcbb-c3532c817249 91ec121a8cfc44fea00b182ddfd13cf8 4a3a60d377fe46debc1cce609f03dc44 - - default default] 10.0.0.91 "GET /v2.0/ports?device_id=9824d033-0cae-4518-ad52-4ff85b9bc752 HTTP/1.1" status: 200 len: 1174 time: 0.0478196
2026-05-27 11:10:41.223 10 INFO neutron.api.wsgi [req-63c30ad6-7acb-4c35-a9a6-2e40a38b5c6c req-e150f1b5-7a9e-49f3-ac30-9a29f28b5a07 91ec121a8cfc44fea00b182ddfd13cf8 4a3a60d377fe46debc1cce609f03dc44 - - default default] 10.0.0.91 "GET /v2.0/security-groups?id=f299a668-465c-4490-b664-b3d198aaab23&fields=id&fields=name HTTP/1.1" status: 200 len: 286 time: 0.0421243
2026-05-27 11:10:41.248 10 WARNING neutron.scheduler.dhcp_agent_scheduler [None req-0eb08a64-b98d-4b53-8565-1cb053a35f7d e1764593464c4aa78df777aa75f0e064 ea974855a7484f339df3e98ed07b1cd9 - - default default] No more DHCP agents
2026-05-27 11:10:41.249 10 WARNING neutron.api.rpc.agentnotifiers.dhcp_rpc_agent_api [None req-0eb08a64-b98d-4b53-8565-1cb053a35f7d e1764593464c4aa78df777aa75f0e064 ea974855a7484f339df3e98ed07b1cd9 - - default default] Unable to schedule network 06705ad0-bdb3-497a-92bf-fc1b5771cbb0: no agents available; will retry on subsequent port and subnet creation events.
2026-05-27 11:10:41.331 11 INFO neutron.db.ovn_revision_numbers_db [None req-88c04336-1342-42b5-8210-4a0081794c22 - - - - - -] Successfully bumped revision number for resource 84c1b73b-013b-4c1b-b0b3-8523ffcec8aa (type: ports) to 4
2026-05-27 11:10:41.370 10 INFO neutron.db.ovn_revision_numbers_db [None req-0eb08a64-b98d-4b53-8565-1cb053a35f7d e1764593464c4aa78df777aa75f0e064 ea974855a7484f339df3e98ed07b1cd9 - - default default] Successfully bumped revision number for resource 0fcefff7-d298-4d62-b67b-741c280d3615 (type: ports) to 1
2026-05-27 11:10:41.637 11 INFO neutron.db.ovn_revision_numbers_db [None req-88c04336-1342-42b5-8210-4a0081794c22 - - - - - -] Successfully bumped revision number for resource 84c1b73b-013b-4c1b-b0b3-8523ffcec8aa (type: ports) to 5
2026-05-27 11:10:41.967 10 INFO neutron.db.ovn_revision_numbers_db [None req-0eb08a64-b98d-4b53-8565-1cb053a35f7d e1764593464c4aa78df777aa75f0e064 ea974855a7484f339df3e98ed07b1cd9 - - default default] Successfully bumped revision number for resource 0fcefff7-d298-4d62-b67b-741c280d3615 (type: ports) to 1
2026-05-27 11:10:42.014 10 WARNING neutron.scheduler.dhcp_agent_scheduler [None req-0eb08a64-b98d-4b53-8565-1cb053a35f7d e1764593464c4aa78df777aa75f0e064 ea974855a7484f339df3e98ed07b1cd9 - - default default] No more DHCP agents
2026-05-27 11:10:42.015 10 WARNING neutron.api.rpc.agentnotifiers.dhcp_rpc_agent_api [None req-0eb08a64-b98d-4b53-8565-1cb053a35f7d e1764593464c4aa78df777aa75f0e064 ea974855a7484f339df3e98ed07b1cd9 - - default default] Unable to schedule network 06705ad0-bdb3-497a-92bf-fc1b5771cbb0: no agents available; will retry on subsequent port and subnet creation events.
2026-05-27 11:10:42.325 10 INFO neutron.api.wsgi [req-02224f24-5441-4b34-a23a-06c3310440f6 req-3adb26f1-2d16-4c1f-9198-b26306910708 91ec121a8cfc44fea00b182ddfd13cf8 4a3a60d377fe46debc1cce609f03dc44 - - default default] 10.0.0.91 "GET /v2.0/ports?device_id=9824d033-0cae-4518-ad52-4ff85b9bc752 HTTP/1.1" status: 200 len: 1174 time: 0.0390589
2026-05-27 11:10:42.378 10 INFO neutron.api.wsgi [req-02224f24-5441-4b34-a23a-06c3310440f6 req-1dd668c8-a5e1-4a75-b18a-a32e163f1e69 91ec121a8cfc44fea00b182ddfd13cf8 4a3a60d377fe46debc1cce609f03dc44 - - default default] 10.0.0.91 "GET /v2.0/security-groups?id=f299a668-465c-4490-b664-b3d198aaab23&fields=id&fields=name HTTP/1.1" status: 200 len: 286 time: 0.0463641
2026-05-27 11:10:42.653 10 INFO neutron.db.ovn_revision_numbers_db [None req-0eb08a64-b98d-4b53-8565-1cb053a35f7d e1764593464c4aa78df777aa75f0e064 ea974855a7484f339df3e98ed07b1cd9 - - default default] Successfully bumped revision number for resource 0fcefff7-d298-4d62-b67b-741c280d3615 (type: router_ports) to 1
2026-05-27 11:10:42.660 10 INFO neutron.api.wsgi [None req-0eb08a64-b98d-4b53-8565-1cb053a35f7d e1764593464c4aa78df777aa75f0e064 ea974855a7484f339df3e98ed07b1cd9 - - default default] 10.0.0.9 "PUT /v2.0/routers/2a6c1296-f510-4216-ae3a-83bffd08810b/add_router_interface HTTP/1.1" status: 200 len: 503 time: 1.9694884
2026-05-27 11:10:42.688 10 INFO neutron.plugins.ml2.drivers.ovn.mech_driver.mech_driver [None req-b9716ccb-e76c-4fbb-8f58-fe046010cb30 - - - - - -] OVN reports status down for port: 67e9573f-8838-4a4c-9373-b8d57b796bf2
2026-05-27 11:10:42.820 10 INFO neutron.notifiers.nova [-] Nova event matching ['req-10b522b2-883c-4e49-b5b8-a08da119ee73'] response: {'server_uuid': '9824d033-0cae-4518-ad52-4ff85b9bc752', 'name': 'network-vif-unplugged', 'status': 'completed', 'tag': '67e9573f-8838-4a4c-9373-b8d57b796bf2', 'code': 200}
2026-05-27 11:10:42.910 10 INFO neutron.db.ovn_revision_numbers_db [None req-b9716ccb-e76c-4fbb-8f58-fe046010cb30 - - - - - -] Successfully bumped revision number for resource 67e9573f-8838-4a4c-9373-b8d57b796bf2 (type: ports) to 6
2026-05-27 11:10:42.975 11 INFO neutron.api.wsgi [req-69d7312e-cc52-4c2e-a9fa-ebf7f15a0b83 req-047655ff-89f2-47e4-acc9-7f3cf574197a 91ec121a8cfc44fea00b182ddfd13cf8 4a3a60d377fe46debc1cce609f03dc44 - - default default] 199.19.213.37 "GET /v2.0/ports?device_id=9824d033-0cae-4518-ad52-4ff85b9bc752 HTTP/1.1" status: 200 len: 1172 time: 0.0820475
2026-05-27 11:10:43.214 11 WARNING neutron.plugins.ml2.drivers.ovn.mech_driver.ovsdb.ovn_client [None req-054cd535-031e-4a98-99c0-76c0f7e5ebd3 - - - - - -] No hosting information found for port 5de48262-3a69-4006-b431-78aef2c991fe: RuntimeError: No hosting information found for port 5de48262-3a69-4006-b431-78aef2c991fe
2026-05-27 11:10:43.242 11 INFO neutron.api.wsgi [req-69d7312e-cc52-4c2e-a9fa-ebf7f15a0b83 req-0ac20b32-5798-4b4e-9d3e-e4ba4ad881c0 91ec121a8cfc44fea00b182ddfd13cf8 4a3a60d377fe46debc1cce609f03dc44 - - default default] 199.19.213.37 "DELETE /v2.0/ports/67e9573f-8838-4a4c-9373-b8d57b796bf2 HTTP/1.1" status: 204 len: 173 time: 0.2620513
2026-05-27 11:10:43.280 11 INFO neutron.notifiers.nova [-] Nova event matching ['req-7b61edcb-c825-4d48-abb4-dbec6eb25aa9'] response: {'server_uuid': '9824d033-0cae-4518-ad52-4ff85b9bc752', 'name': 'network-vif-deleted', 'tag': '67e9573f-8838-4a4c-9373-b8d57b796bf2', 'status': 'completed', 'code': 200}
2026-05-27 11:10:43.286 11 INFO neutron.db.ovn_revision_numbers_db [None req-054cd535-031e-4a98-99c0-76c0f7e5ebd3 - - - - - -] Successfully bumped revision number for resource 5de48262-3a69-4006-b431-78aef2c991fe (type: router_ports) to 2 /var/lib/openstack/lib/python3.12/site-packages/pycadf/identifier.py:71: UserWarning: Invalid uuid: neutron. To ensure interoperability, identifiers should be a valid uuid. warnings.warn(('Invalid uuid: %s. To ensure interoperability, '
2026-05-27 11:10:43.306 10 WARNING neutron_lib.context [None req-922a3fb4-2561-4eb6-9ec1-b0a425cdd0a2 0b3ac9ef5e5b4a2d8d59c7bbd6e929c3 89153f75e4d54710a17953dc75f6dd53 - - default default] Method 'is_advsvc' is deprecated since 2023.2 release (neutron-lib 3.8.0) and will be removed once support for the old RBAC API policies will be removed from Neutron. Please use method 'is_service_role' instead.
2026-05-27 11:10:43.327 11 INFO neutron.plugins.ml2.drivers.ovn.mech_driver.mech_driver [None req-054cd535-031e-4a98-99c0-76c0f7e5ebd3 - - - - - -] OVN reports status up for port: 0fcefff7-d298-4d62-b67b-741c280d3615
2026-05-27 11:10:43.333 11 INFO neutron.plugins.ml2.plugin [None req-054cd535-031e-4a98-99c0-76c0f7e5ebd3 - - - - - -] Attempt 1 to provision port 0fcefff7-d298-4d62-b67b-741c280d3615
2026-05-27 11:10:43.419 10 INFO neutron.db.ovn_revision_numbers_db [None req-922a3fb4-2561-4eb6-9ec1-b0a425cdd0a2 0b3ac9ef5e5b4a2d8d59c7bbd6e929c3 89153f75e4d54710a17953dc75f6dd53 - - default default] Successfully bumped revision number for resource 75bc6e9c-7ea3-4349-9b8c-644a7e28ed93 (type: security_groups) to 1
2026-05-27 11:10:43.431 10 INFO neutron.db.ovn_revision_numbers_db [None req-922a3fb4-2561-4eb6-9ec1-b0a425cdd0a2 0b3ac9ef5e5b4a2d8d59c7bbd6e929c3 89153f75e4d54710a17953dc75f6dd53 - - default default] Successfully bumped revision number for resource c21a1770-54bf-4d0d-ad86-8bbaadbef582 (type: security_group_rules) to 0
2026-05-27 11:10:43.456 10 INFO neutron.db.ovn_revision_numbers_db [None req-922a3fb4-2561-4eb6-9ec1-b0a425cdd0a2 0b3ac9ef5e5b4a2d8d59c7bbd6e929c3 89153f75e4d54710a17953dc75f6dd53 - - default default] Successfully bumped revision number for resource ed654246-4e6c-449e-af11-442bddb22128 (type: security_group_rules) to 0
2026-05-27 11:10:43.471 10 INFO neutron.api.wsgi [req-294489e4-985b-4bb7-83ff-3dbb9696abfc req-94d924d8-ba2d-4cfe-acd0-c221136551d6 91ec121a8cfc44fea00b182ddfd13cf8 4a3a60d377fe46debc1cce609f03dc44 - - default default] 10.0.0.91 "GET /v2.0/ports?device_id=9824d033-0cae-4518-ad52-4ff85b9bc752 HTTP/1.1" status: 200 len: 210 time: 0.0268130
2026-05-27 11:10:43.493 10 INFO neutron.api.wsgi [None req-922a3fb4-2561-4eb6-9ec1-b0a425cdd0a2 0b3ac9ef5e5b4a2d8d59c7bbd6e929c3 89153f75e4d54710a17953dc75f6dd53 - - default default] 10.0.0.9 "POST /v2.0/security-groups HTTP/1.1" status: 201 len: 1869 time: 0.1942139
2026-05-27 11:10:43.505 10 WARNING neutron_lib.context [None req-cf8deb1e-ce39-4534-844e-f4e120341bee 0b3ac9ef5e5b4a2d8d59c7bbd6e929c3 89153f75e4d54710a17953dc75f6dd53 - - default default] Method 'is_advsvc' is deprecated since 2023.2 release (neutron-lib 3.8.0) and will be removed once support for the old RBAC API policies will be removed from Neutron. Please use method 'is_service_role' instead.
2026-05-27 11:10:43.651 10 INFO neutron.db.ovn_revision_numbers_db [None req-cf8deb1e-ce39-4534-844e-f4e120341bee 0b3ac9ef5e5b4a2d8d59c7bbd6e929c3 89153f75e4d54710a17953dc75f6dd53 - - default default] Successfully bumped revision number for resource 3d439c3a-f2f9-40ec-ae50-cad8e6790075 (type: security_group_rules) to 0
2026-05-27 11:10:43.681 10 INFO neutron.api.wsgi [None req-cf8deb1e-ce39-4534-844e-f4e120341bee 0b3ac9ef5e5b4a2d8d59c7bbd6e929c3 89153f75e4d54710a17953dc75f6dd53 - - default default] 10.0.0.9 "POST /v2.0/security-group-rules HTTP/1.1" status: 201 len: 796 time: 0.1808217
2026-05-27 11:10:43.692 10 WARNING neutron_lib.context [None req-0fc7f14a-70c5-460a-a6c2-cca509e433a3 0b3ac9ef5e5b4a2d8d59c7bbd6e929c3 89153f75e4d54710a17953dc75f6dd53 - - default default] Method 'is_advsvc' is deprecated since 2023.2 release (neutron-lib 3.8.0) and will be removed once support for the old RBAC API policies will be removed from Neutron. Please use method 'is_service_role' instead.
2026-05-27 11:10:43.763 11 INFO neutron.db.ovn_revision_numbers_db [None req-054cd535-031e-4a98-99c0-76c0f7e5ebd3 - - - - - -] Successfully bumped revision number for resource 0fcefff7-d298-4d62-b67b-741c280d3615 (type: ports) to 2
2026-05-27 11:10:43.807 10 INFO neutron.db.ovn_revision_numbers_db [None req-0fc7f14a-70c5-460a-a6c2-cca509e433a3 0b3ac9ef5e5b4a2d8d59c7bbd6e929c3 89153f75e4d54710a17953dc75f6dd53 - - default default] Successfully bumped revision number for resource fae9ccec-fab3-49eb-9d88-cc33b4d3cce1 (type: security_group_rules) to 0
2026-05-27 11:10:43.835 10 INFO neutron.api.wsgi [None req-0fc7f14a-70c5-460a-a6c2-cca509e433a3 0b3ac9ef5e5b4a2d8d59c7bbd6e929c3 89153f75e4d54710a17953dc75f6dd53 - - default default] 10.0.0.9 "POST /v2.0/security-group-rules HTTP/1.1" status: 201 len: 795 time: 0.1477339
2026-05-27 11:10:43.844 10 WARNING neutron_lib.context [None req-8331478e-2b59-4062-873b-6763adfe02b1 0b3ac9ef5e5b4a2d8d59c7bbd6e929c3 89153f75e4d54710a17953dc75f6dd53 - - default default] Method 'is_advsvc' is deprecated since 2023.2 release (neutron-lib 3.8.0) and will be removed once support for the old RBAC API policies will be removed from Neutron. Please use method 'is_service_role' instead.
2026-05-27 11:10:43.956 10 INFO neutron.db.ovn_revision_numbers_db [None req-8331478e-2b59-4062-873b-6763adfe02b1 0b3ac9ef5e5b4a2d8d59c7bbd6e929c3 89153f75e4d54710a17953dc75f6dd53 - - default default] Successfully bumped revision number for resource 6342ab7a-b989-4f23-a18c-3d9dd28757a0 (type: security_group_rules) to 0
2026-05-27 11:10:43.990 10 INFO neutron.api.wsgi [None req-8331478e-2b59-4062-873b-6763adfe02b1 0b3ac9ef5e5b4a2d8d59c7bbd6e929c3 89153f75e4d54710a17953dc75f6dd53 - - default default] 10.0.0.9 "POST /v2.0/security-group-rules HTTP/1.1" status: 201 len: 801 time: 0.1494877
2026-05-27 11:10:44.005 11 WARNING neutron_lib.context [None req-5a2c02db-6073-4b12-b522-c4743d932c10 0b3ac9ef5e5b4a2d8d59c7bbd6e929c3 89153f75e4d54710a17953dc75f6dd53 - - default default] Method 'is_advsvc' is deprecated since 2023.2 release (neutron-lib 3.8.0) and will be removed once support for the old RBAC API policies will be removed from Neutron. Please use method 'is_service_role' instead.
2026-05-27 11:10:44.159 11 INFO neutron.db.ovn_revision_numbers_db [None req-5a2c02db-6073-4b12-b522-c4743d932c10 0b3ac9ef5e5b4a2d8d59c7bbd6e929c3 89153f75e4d54710a17953dc75f6dd53 - - default default] Successfully bumped revision number for resource 6e4637c4-9776-41ab-8a8b-758b0e947e52 (type: security_group_rules) to 0
2026-05-27 11:10:44.192 11 INFO neutron.api.wsgi [None req-5a2c02db-6073-4b12-b522-c4743d932c10 0b3ac9ef5e5b4a2d8d59c7bbd6e929c3 89153f75e4d54710a17953dc75f6dd53 - - default default] 10.0.0.9 "POST /v2.0/security-group-rules HTTP/1.1" status: 201 len: 800 time: 0.1936982
2026-05-27 11:10:44.203 11 WARNING neutron_lib.context [None req-08bd45fa-23e7-46b6-aab4-fb7e07bedcd1 0b3ac9ef5e5b4a2d8d59c7bbd6e929c3 89153f75e4d54710a17953dc75f6dd53 - - default default] Method 'is_advsvc' is deprecated since 2023.2 release (neutron-lib 3.8.0) and will be removed once support for the old RBAC API policies will be removed from Neutron. Please use method 'is_service_role' instead.
2026-05-27 11:10:44.236 11 INFO neutron.db.securitygroups_db [None req-08bd45fa-23e7-46b6-aab4-fb7e07bedcd1 0b3ac9ef5e5b4a2d8d59c7bbd6e929c3 89153f75e4d54710a17953dc75f6dd53 - - default default] Project 89153f75e4d54710a17953dc75f6dd53 added a security group rule with legacy IPv6 ICMP protocol name icmp, ipv6-icmp should be used instead. It was automatically converted.
2026-05-27 11:10:44.329 11 INFO neutron.db.ovn_revision_numbers_db [None req-08bd45fa-23e7-46b6-aab4-fb7e07bedcd1 0b3ac9ef5e5b4a2d8d59c7bbd6e929c3 89153f75e4d54710a17953dc75f6dd53 - - default default] Successfully bumped revision number for resource de667a0b-b156-4fb3-98fb-5e4a4aaef3b9 (type: security_group_rules) to 0
2026-05-27 11:10:44.361 11 INFO neutron.api.wsgi [None req-08bd45fa-23e7-46b6-aab4-fb7e07bedcd1 0b3ac9ef5e5b4a2d8d59c7bbd6e929c3 89153f75e4d54710a17953dc75f6dd53 - - default default] 10.0.0.9 "POST /v2.0/security-group-rules HTTP/1.1" status: 201 len: 806 time: 0.1634045
2026-05-27 11:10:44.371 11 WARNING neutron_lib.context [None req-1d5cb8a0-bc7e-4046-b10e-f2d02e41cfa4 0b3ac9ef5e5b4a2d8d59c7bbd6e929c3 89153f75e4d54710a17953dc75f6dd53 - - default default] Method 'is_advsvc' is deprecated since 2023.2 release (neutron-lib 3.8.0) and will be removed once support for the old RBAC API policies will be removed from Neutron. Please use method 'is_service_role' instead.
2026-05-27 11:10:44.408 11 INFO neutron.db.securitygroups_db [None req-1d5cb8a0-bc7e-4046-b10e-f2d02e41cfa4 0b3ac9ef5e5b4a2d8d59c7bbd6e929c3 89153f75e4d54710a17953dc75f6dd53 - - default default] Project 89153f75e4d54710a17953dc75f6dd53 added a security group rule with legacy IPv6 ICMP protocol name icmp, ipv6-icmp should be used instead. It was automatically converted.
2026-05-27 11:10:44.506 11 INFO neutron.db.ovn_revision_numbers_db [None req-1d5cb8a0-bc7e-4046-b10e-f2d02e41cfa4 0b3ac9ef5e5b4a2d8d59c7bbd6e929c3 89153f75e4d54710a17953dc75f6dd53 - - default default] Successfully bumped revision number for resource 4c8b4e0d-20f6-4ea3-af1a-2d8e4cb1621e (type: security_group_rules) to 0
2026-05-27 11:10:44.540 11 INFO neutron.api.wsgi [None req-1d5cb8a0-bc7e-4046-b10e-f2d02e41cfa4 0b3ac9ef5e5b4a2d8d59c7bbd6e929c3 89153f75e4d54710a17953dc75f6dd53 - - default default] 10.0.0.9 "POST /v2.0/security-group-rules HTTP/1.1" status: 201 len: 805 time: 0.1733632
2026-05-27 11:10:44.563 10 INFO neutron.api.wsgi [req-84f062dc-dca2-45e3-93e6-d9b3ffd99263 req-63a20697-4819-4d4d-9d57-e29f4f3e6b81 91ec121a8cfc44fea00b182ddfd13cf8 4a3a60d377fe46debc1cce609f03dc44 - - default default] 10.0.0.91 "GET /v2.0/ports?device_id=9824d033-0cae-4518-ad52-4ff85b9bc752 HTTP/1.1" status: 200 len: 210 time: 0.0239327
2026-05-27 11:10:44.854 10 INFO neutron.notifiers.nova [-] Nova event matching ['req-c8a1e90a-bf66-42ca-bd5c-8248d3800873'] response: {'server_uuid': '9824d033-0cae-4518-ad52-4ff85b9bc752', 'name': 'network-vif-unplugged', 'status': 'completed', 'tag': '67e9573f-8838-4a4c-9373-b8d57b796bf2', 'code': 200}
2026-05-27 11:10:44.900 11 WARNING neutron_lib.context [None req-31d30ffc-7610-4ea2-86fd-84158520e8ab 0b3ac9ef5e5b4a2d8d59c7bbd6e929c3 89153f75e4d54710a17953dc75f6dd53 - - default default] Method 'is_advsvc' is deprecated since 2023.2 release (neutron-lib 3.8.0) and will be removed once support for the old RBAC API policies will be removed from Neutron. Please use method 'is_service_role' instead.
2026-05-27 11:10:45.021 11 INFO neutron.db.ovn_revision_numbers_db [None req-31d30ffc-7610-4ea2-86fd-84158520e8ab 0b3ac9ef5e5b4a2d8d59c7bbd6e929c3 89153f75e4d54710a17953dc75f6dd53 - - default default] Successfully bumped revision number for resource b68e93e9-8369-4060-930e-6089cae5d2c3 (type: security_groups) to 1
2026-05-27 11:10:45.035 11 INFO neutron.db.ovn_revision_numbers_db [None req-31d30ffc-7610-4ea2-86fd-84158520e8ab 0b3ac9ef5e5b4a2d8d59c7bbd6e929c3 89153f75e4d54710a17953dc75f6dd53 - - default default] Successfully bumped revision number for resource 3d98969c-1c08-463c-9d9f-474655a49041 (type: security_group_rules) to 0
2026-05-27 11:10:45.047 11 INFO neutron.db.ovn_revision_numbers_db [None req-31d30ffc-7610-4ea2-86fd-84158520e8ab 0b3ac9ef5e5b4a2d8d59c7bbd6e929c3 89153f75e4d54710a17953dc75f6dd53 - - default default] Successfully bumped revision number for resource 7346bd0a-c925-4b44-9bc1-779f96994116 (type: security_group_rules) to 0
2026-05-27 11:10:45.084 11 INFO neutron.api.wsgi [None req-31d30ffc-7610-4ea2-86fd-84158520e8ab 0b3ac9ef5e5b4a2d8d59c7bbd6e929c3 89153f75e4d54710a17953dc75f6dd53 - - default default] 10.0.0.9 "POST /v2.0/security-groups HTTP/1.1" status: 201 len: 1860 time: 0.1892931
2026-05-27 11:10:45.099 11 WARNING neutron_lib.context [None req-21f91ed5-dd4c-4f92-b1ce-a99b3fa16af0 0b3ac9ef5e5b4a2d8d59c7bbd6e929c3 89153f75e4d54710a17953dc75f6dd53 - - default default] Method 'is_advsvc' is deprecated since 2023.2 release (neutron-lib 3.8.0) and will be removed once support for the old RBAC API policies will be removed from Neutron. Please use method 'is_service_role' instead.
2026-05-27 11:10:45.224 11 INFO neutron.db.ovn_revision_numbers_db [None req-21f91ed5-dd4c-4f92-b1ce-a99b3fa16af0 0b3ac9ef5e5b4a2d8d59c7bbd6e929c3 89153f75e4d54710a17953dc75f6dd53 - - default default] Successfully bumped revision number for resource deceb2eb-d6b7-4dc1-bb04-b8f24606e9fb (type: security_group_rules) to 0
2026-05-27 11:10:45.267 11 INFO neutron.api.wsgi [None req-21f91ed5-dd4c-4f92-b1ce-a99b3fa16af0 0b3ac9ef5e5b4a2d8d59c7bbd6e929c3 89153f75e4d54710a17953dc75f6dd53 - - default default] 10.0.0.9 "POST /v2.0/security-group-rules HTTP/1.1" status: 201 len: 796 time: 0.1746445
2026-05-27 11:10:45.277 11 WARNING neutron_lib.context [None req-acefd01b-e954-46d2-99d9-6f1fcad9a225 0b3ac9ef5e5b4a2d8d59c7bbd6e929c3 89153f75e4d54710a17953dc75f6dd53 - - default default] Method 'is_advsvc' is deprecated since 2023.2 release (neutron-lib 3.8.0) and will be removed once support for the old RBAC API policies will be removed from Neutron. Please use method 'is_service_role' instead.
2026-05-27 11:10:45.446 11 INFO neutron.db.ovn_revision_numbers_db [None req-acefd01b-e954-46d2-99d9-6f1fcad9a225 0b3ac9ef5e5b4a2d8d59c7bbd6e929c3 89153f75e4d54710a17953dc75f6dd53 - - default default] Successfully bumped revision number for resource 38ac3a20-fa83-435e-89da-a76d705f6132 (type: security_group_rules) to 0
2026-05-27 11:10:45.488 11 INFO neutron.api.wsgi [None req-acefd01b-e954-46d2-99d9-6f1fcad9a225 0b3ac9ef5e5b4a2d8d59c7bbd6e929c3 89153f75e4d54710a17953dc75f6dd53 - - default default] 10.0.0.9 "POST /v2.0/security-group-rules HTTP/1.1" status: 201 len: 801 time: 0.2153411
2026-05-27 11:10:45.501 10 WARNING neutron_lib.context [None req-8f85fd1a-9cc1-4414-913b-308a668ebbc9 0b3ac9ef5e5b4a2d8d59c7bbd6e929c3 89153f75e4d54710a17953dc75f6dd53 - - default default] Method 'is_advsvc' is deprecated since 2023.2 release (neutron-lib 3.8.0) and will be removed once support for the old RBAC API policies will be removed from Neutron. Please use method 'is_service_role' instead.
2026-05-27 11:10:45.671 10 INFO neutron.api.wsgi [req-42cad497-466a-4b8a-90ff-96c905005144 req-4d1839d6-92df-4a97-9ead-7ed75ee07954 91ec121a8cfc44fea00b182ddfd13cf8 4a3a60d377fe46debc1cce609f03dc44 - - default default] 10.0.0.91 "GET /v2.0/ports?device_id=9824d033-0cae-4518-ad52-4ff85b9bc752 HTTP/1.1" status: 200 len: 210 time: 0.0230699
2026-05-27 11:10:45.721 10 WARNING neutron.scheduler.dhcp_agent_scheduler [None req-8f85fd1a-9cc1-4414-913b-308a668ebbc9 0b3ac9ef5e5b4a2d8d59c7bbd6e929c3 89153f75e4d54710a17953dc75f6dd53 - - default default] No more DHCP agents
2026-05-27 11:10:45.723 10 WARNING neutron.api.rpc.agentnotifiers.dhcp_rpc_agent_api [None req-8f85fd1a-9cc1-4414-913b-308a668ebbc9 0b3ac9ef5e5b4a2d8d59c7bbd6e929c3 89153f75e4d54710a17953dc75f6dd53 - - default default] Unable to schedule network 1644c29e-3c19-456c-a085-53701fa5b8c7: no agents available; will retry on subsequent port and subnet creation events.
2026-05-27 11:10:46.009 10 INFO neutron.api.wsgi [None req-8f85fd1a-9cc1-4414-913b-308a668ebbc9 0b3ac9ef5e5b4a2d8d59c7bbd6e929c3 89153f75e4d54710a17953dc75f6dd53 - - default default] 10.0.0.9 "POST /v2.0/floatingips HTTP/1.1" status: 201 len: 751 time: 0.5161178
2026-05-27 11:10:46.123 10 INFO neutron.api.wsgi [req-382a4c11-f188-4e89-9af8-03fe18f74444 req-e12bcd5e-25cb-4787-8f44-f02a44d17c2a 0b3ac9ef5e5b4a2d8d59c7bbd6e929c3 89153f75e4d54710a17953dc75f6dd53 - - default default] 10.0.0.91 "GET /v2.0/security-groups?name=tempest-securitygroup--1879385293&fields=id&tenant_id=89153f75e4d54710a17953dc75f6dd53 HTTP/1.1" status: 200 len: 267 time: 0.0377762
2026-05-27 11:10:46.165 10 INFO neutron.api.wsgi [req-382a4c11-f188-4e89-9af8-03fe18f74444 req-e6c41eeb-2d8c-40f1-92f4-774df700616e 0b3ac9ef5e5b4a2d8d59c7bbd6e929c3 89153f75e4d54710a17953dc75f6dd53 - - default default] 10.0.0.91 "GET /v2.0/security-groups?name=tempest-secgroup-smoke-3218638&fields=id&tenant_id=89153f75e4d54710a17953dc75f6dd53 HTTP/1.1" status: 200 len: 267 time: 0.0359373
2026-05-27 11:10:46.218 10 INFO neutron.api.wsgi [req-382a4c11-f188-4e89-9af8-03fe18f74444 req-a60e7861-f98b-44e4-8441-92e5cf006601 0b3ac9ef5e5b4a2d8d59c7bbd6e929c3 89153f75e4d54710a17953dc75f6dd53 - - default default] 10.0.0.91 "GET /v2.0/networks?id=a3751cee-ec83-45f2-87b6-e2312eaabc58 HTTP/1.1" status: 200 len: 872 time: 0.0430098
2026-05-27 11:10:46.235 10 INFO neutron.api.wsgi [req-382a4c11-f188-4e89-9af8-03fe18f74444 req-9ac4e93c-e289-4ba4-882c-b817a6580b32 0b3ac9ef5e5b4a2d8d59c7bbd6e929c3 89153f75e4d54710a17953dc75f6dd53 - - default default] 10.0.0.91 "GET /v2.0/quotas/89153f75e4d54710a17953dc75f6dd53 HTTP/1.1" status: 200 len: 491 time: 0.0109816
2026-05-27 11:10:46.306 10 INFO neutron.api.wsgi [req-382a4c11-f188-4e89-9af8-03fe18f74444 req-ad1069ab-d199-4bf2-96f1-0278f4926403 0b3ac9ef5e5b4a2d8d59c7bbd6e929c3 89153f75e4d54710a17953dc75f6dd53 - - default default] 10.0.0.91 "GET /v2.0/ports?tenant_id=89153f75e4d54710a17953dc75f6dd53&fields=id HTTP/1.1" status: 200 len: 302 time: 0.0671601
2026-05-27 11:10:46.367 10 INFO neutron.api.wsgi [req-382a4c11-f188-4e89-9af8-03fe18f74444 req-04e3b8e0-85a4-4b70-b4af-3c4bef8cf909 d5711ff9ac8a43d98f53b060c4b1362b fe2cb8ebbcda447da4f985851cf6d105 - - f5803dd769f047eca26592da6f65259a f5803dd769f047eca26592da6f65259a] 10.0.0.91 "GET /v2.0/networks/a3751cee-ec83-45f2-87b6-e2312eaabc58?fields=segments HTTP/1.1" status: 200 len: 212 time: 0.0428085
2026-05-27 11:10:46.413 10 INFO neutron.api.wsgi [req-382a4c11-f188-4e89-9af8-03fe18f74444 req-60e281d0-4e9d-4236-9268-c0078d77229e d5711ff9ac8a43d98f53b060c4b1362b fe2cb8ebbcda447da4f985851cf6d105 - - f5803dd769f047eca26592da6f65259a f5803dd769f047eca26592da6f65259a] 10.0.0.91 "GET /v2.0/networks/a3751cee-ec83-45f2-87b6-e2312eaabc58?fields=provider%3Aphysical_network&fields=provider%3Anetwork_type HTTP/1.1" status: 200 len: 277 time: 0.0377152
2026-05-27 11:10:46.568 10 INFO neutron.api.wsgi [req-d9e5b7f7-0565-489c-b988-d04d10230192 req-549c3569-e563-43cb-ad78-cb25e8b6158d 0b3ac9ef5e5b4a2d8d59c7bbd6e929c3 89153f75e4d54710a17953dc75f6dd53 - - default default] 10.0.0.91 "GET /v2.0/ports?device_id=f0151f3e-5daa-42fc-b34b-dc88b3c7456c HTTP/1.1" status: 200 len: 210 time: 0.0213504
2026-05-27 11:10:47.652 10 INFO neutron.api.wsgi [req-01186e26-6993-4e4e-90ef-809098cb9f49 req-8cf1f62e-c614-4df3-b945-27d7aab3d842 0b3ac9ef5e5b4a2d8d59c7bbd6e929c3 89153f75e4d54710a17953dc75f6dd53 - - default default] 10.0.0.91 "GET /v2.0/ports?device_id=f0151f3e-5daa-42fc-b34b-dc88b3c7456c HTTP/1.1" status: 200 len: 210 time: 0.0189543
2026-05-27 11:10:48.734 10 INFO neutron.api.wsgi [req-1a8e979c-e826-4322-972e-34d22170aee7 req-73895252-1c89-40f2-a1ff-f9424d48b398 0b3ac9ef5e5b4a2d8d59c7bbd6e929c3 89153f75e4d54710a17953dc75f6dd53 - - default default] 10.0.0.91 "GET /v2.0/ports?device_id=f0151f3e-5daa-42fc-b34b-dc88b3c7456c HTTP/1.1" status: 200 len: 210 time: 0.0184507
2026-05-27 11:10:49.062 11 INFO neutron.api.wsgi [None req-93ca5ce0-d53e-48bb-b9b0-26900f9bc893 e1764593464c4aa78df777aa75f0e064 ea974855a7484f339df3e98ed07b1cd9 - - default default] 10.0.0.9 "PUT /v2.0/routers/f87d5e59-5841-4431-825c-1e8067c0f24f/remove_router_interface HTTP/1.1" status: 200 len: 503 time: 1.1659436 /var/lib/openstack/lib/python3.12/site-packages/pycadf/identifier.py:71: UserWarning: Invalid uuid: neutron. To ensure interoperability, identifiers should be a valid uuid. warnings.warn(('Invalid uuid: %s. To ensure interoperability, '
2026-05-27 11:10:49.475 11 WARNING neutron.plugins.ml2.drivers.ovn.mech_driver.ovsdb.ovn_client [None req-b1d71ef3-53c4-472c-8193-72c8a9802b14 - - - - - -] No hosting information found for port 0fcefff7-d298-4d62-b67b-741c280d3615: RuntimeError: No hosting information found for port 0fcefff7-d298-4d62-b67b-741c280d3615
2026-05-27 11:10:49.555 11 INFO neutron.db.ovn_revision_numbers_db [None req-b1d71ef3-53c4-472c-8193-72c8a9802b14 - - - - - -] Successfully bumped revision number for resource 0fcefff7-d298-4d62-b67b-741c280d3615 (type: router_ports) to 2
2026-05-27 11:10:49.782 11 INFO neutron.api.wsgi [None req-58d5eb33-fa40-4553-b395-38b63df3f7c8 e1764593464c4aa78df777aa75f0e064 ea974855a7484f339df3e98ed07b1cd9 - - default default] 10.0.0.9 "DELETE /v2.0/routers/f87d5e59-5841-4431-825c-1e8067c0f24f HTTP/1.1" status: 204 len: 168 time: 0.7145910
2026-05-27 11:10:49.820 10 INFO neutron.api.wsgi [req-3359d7ed-07bc-4e90-bc4e-14f110b1643b req-13799ee9-7a93-48e9-b860-ff3db87a7ce7 0b3ac9ef5e5b4a2d8d59c7bbd6e929c3 89153f75e4d54710a17953dc75f6dd53 - - default default] 10.0.0.91 "GET /v2.0/ports?device_id=f0151f3e-5daa-42fc-b34b-dc88b3c7456c HTTP/1.1" status: 200 len: 210 time: 0.0243080
2026-05-27 11:10:49.937 11 INFO neutron.api.wsgi [None req-4bcfcc54-e705-4a79-ad67-c5a74f010ea2 e1764593464c4aa78df777aa75f0e064 ea974855a7484f339df3e98ed07b1cd9 - - default default] 10.0.0.9 "DELETE /v2.0/subnets/a44006a3-117d-4039-88fc-fee4658bc793 HTTP/1.1" status: 204 len: 168 time: 0.1492596
2026-05-27 11:10:50.237 11 INFO neutron.services.segments.plugin [-] Segment 7632a543-5ac7-4273-acc6-e4dd352590f0 resource provider aggregate not found
2026-05-27 11:10:50.243 11 INFO neutron.services.segments.plugin [-] Segment 7632a543-5ac7-4273-acc6-e4dd352590f0 resource provider aggregate not found
2026-05-27 11:10:50.255 11 INFO neutron.services.segments.plugin [-] Segment 7632a543-5ac7-4273-acc6-e4dd352590f0 resource provider not found; error: Placement Client Error (4xx): {"errors": [{"status": 404, "title": "Not Found", "detail": "The resource could not be found.\n\n No resource provider with uuid 7632a543-5ac7-4273-acc6-e4dd352590f0 found for delete ", "request_id": "req-29d507d7-a4c6-4a6c-9d5d-4cd6f4b2fe1b"}]}
2026-05-27 11:10:50.258 11 INFO neutron.services.segments.plugin [-] Segment 7632a543-5ac7-4273-acc6-e4dd352590f0 resource provider not found; error: Placement Client Error (4xx): {"errors": [{"status": 404, "title": "Not Found", "detail": "The resource could not be found.\n\n No resource provider with uuid 7632a543-5ac7-4273-acc6-e4dd352590f0 found for delete ", "request_id": "req-f5234562-7a79-41db-b8b5-479dbf189552"}]}
2026-05-27 11:10:50.268 11 INFO neutron.api.wsgi [None req-cb02d077-8cac-4fc0-8be7-f0535fcc37a2 e1764593464c4aa78df777aa75f0e064 ea974855a7484f339df3e98ed07b1cd9 - - default default] 10.0.0.9 "DELETE /v2.0/networks/a1ee495f-5330-472b-9c35-02a67788e3f7 HTTP/1.1" status: 204 len: 168 time: 0.3240230
2026-05-27 11:10:50.459 11 INFO neutron.api.wsgi [None req-5ffb30a6-0bc4-4fd5-9361-0c3cf0a3ec98 e1764593464c4aa78df777aa75f0e064 ea974855a7484f339df3e98ed07b1cd9 - - default default] 10.0.0.9 "GET /v2.0/security-groups?tenant_id=4a3a60d377fe46debc1cce609f03dc44&name=default HTTP/1.1" status: 200 len: 3120 time: 0.0333736
2026-05-27 11:10:50.698 11 INFO neutron.api.wsgi [None req-e14b61c0-b9df-4d46-93ba-ff8dce71ab79 e1764593464c4aa78df777aa75f0e064 ea974855a7484f339df3e98ed07b1cd9 - - default default] 10.0.0.9 "DELETE /v2.0/security-groups/f299a668-465c-4490-b664-b3d198aaab23 HTTP/1.1" status: 204 len: 168 time: 0.2341089
2026-05-27 11:10:50.863 11 INFO neutron.api.wsgi [req-382a4c11-f188-4e89-9af8-03fe18f74444 req-3ed2e98e-6ec5-4d4e-9d74-fd372f520308 0b3ac9ef5e5b4a2d8d59c7bbd6e929c3 89153f75e4d54710a17953dc75f6dd53 - - default default] 199.19.213.37 "GET /v2.0/networks?id=a3751cee-ec83-45f2-87b6-e2312eaabc58 HTTP/1.1" status: 200 len: 872 time: 0.0634172
2026-05-27 11:10:50.900 10 INFO neutron.api.wsgi [req-5951fd64-94a5-4977-a081-b2cba698bdc4 req-fcb85cfe-1bec-4c14-ae2d-a1ac399b5bf6 0b3ac9ef5e5b4a2d8d59c7bbd6e929c3 89153f75e4d54710a17953dc75f6dd53 - - default default] 10.0.0.91 "GET /v2.0/ports?device_id=f0151f3e-5daa-42fc-b34b-dc88b3c7456c HTTP/1.1" status: 200 len: 210 time: 0.0199449
