2026-05-27 11:08:30.543 10 INFO neutron.db.ovn_revision_numbers_db [None req-93ce3c7a-0792-40e7-b656-ae346baecb1f e1764593464c4aa78df777aa75f0e064 ea974855a7484f339df3e98ed07b1cd9 - - default default] Successfully bumped revision number for resource 1936b5fe-e8dd-49af-81e2-4df5ac345f30 (type: security_group_rules) to 0
2026-05-27 11:08:30.559 10 INFO neutron.db.ovn_revision_numbers_db [None req-93ce3c7a-0792-40e7-b656-ae346baecb1f e1764593464c4aa78df777aa75f0e064 ea974855a7484f339df3e98ed07b1cd9 - - default default] Successfully bumped revision number for resource 562af2f5-ad22-412b-aa37-1ab8c63c2693 (type: security_group_rules) to 0
2026-05-27 11:08:30.574 10 INFO neutron.db.ovn_revision_numbers_db [None req-93ce3c7a-0792-40e7-b656-ae346baecb1f e1764593464c4aa78df777aa75f0e064 ea974855a7484f339df3e98ed07b1cd9 - - default default] Successfully bumped revision number for resource 753d7bf7-3eea-4aed-807a-f27834075a4b (type: security_group_rules) to 0
2026-05-27 11:08:30.592 10 INFO neutron.db.ovn_revision_numbers_db [None req-93ce3c7a-0792-40e7-b656-ae346baecb1f e1764593464c4aa78df777aa75f0e064 ea974855a7484f339df3e98ed07b1cd9 - - default default] Successfully bumped revision number for resource 9d1788b4-5021-46f6-ab9f-d2c7227e86ad (type: security_group_rules) to 0
2026-05-27 11:08:30.631 10 INFO neutron.api.wsgi [None req-93ce3c7a-0792-40e7-b656-ae346baecb1f e1764593464c4aa78df777aa75f0e064 ea974855a7484f339df3e98ed07b1cd9 - - default default] 10.0.0.9 "GET /v2.0/security-groups?tenant_id=a38e0e70783749beaede5086fda68779&name=default HTTP/1.1" status: 200 len: 3120 time: 0.4437852
2026-05-27 11:08:30.754 10 WARNING neutron.scheduler.dhcp_agent_scheduler [None req-4b6dc4f9-1742-4231-a1ea-2cc58c50ef2b f688e00d19bd41ae8dddb9631ad12b55 27a3692f1ab94d7ca7f11ee42d1fb063 - - default default] No more DHCP agents
2026-05-27 11:08:30.756 10 WARNING neutron.api.rpc.agentnotifiers.dhcp_rpc_agent_api [None req-4b6dc4f9-1742-4231-a1ea-2cc58c50ef2b f688e00d19bd41ae8dddb9631ad12b55 27a3692f1ab94d7ca7f11ee42d1fb063 - - default default] Unable to schedule network 1644c29e-3c19-456c-a085-53701fa5b8c7: no agents available; will retry on subsequent port and subnet creation events.
2026-05-27 11:08:30.878 10 INFO neutron.api.wsgi [None req-227f23c9-d25f-4143-85db-85d8a208ccf8 e1764593464c4aa78df777aa75f0e064 ea974855a7484f339df3e98ed07b1cd9 - - default default] 10.0.0.9 "DELETE /v2.0/security-groups/7e999bc0-af9c-4b9f-8afe-f7902e974bd3 HTTP/1.1" status: 204 len: 168 time: 0.2376919
2026-05-27 11:08:30.900 10 INFO neutron.db.ovn_revision_numbers_db [None req-4b6dc4f9-1742-4231-a1ea-2cc58c50ef2b f688e00d19bd41ae8dddb9631ad12b55 27a3692f1ab94d7ca7f11ee42d1fb063 - - default default] Successfully bumped revision number for resource f43e49b8-5e96-45d3-b8c6-c8d14b4f6350 (type: ports) to 1
2026-05-27 11:08:30.916 11 INFO neutron.api.wsgi [None req-b499f934-0957-4ec4-b6d1-88743adac07d e1764593464c4aa78df777aa75f0e064 ea974855a7484f339df3e98ed07b1cd9 - - default default] 10.0.0.9 "PUT /v2.0/routers/c9fe0fc7-21bd-45bf-bfb6-a7336ffb4881/remove_router_interface HTTP/1.1" status: 200 len: 503 time: 1.2411220 /var/lib/openstack/lib/python3.12/site-packages/pycadf/identifier.py:71: UserWarning: Invalid uuid: neutron. To ensure interoperability, identifiers should be a valid uuid. warnings.warn(('Invalid uuid: %s. To ensure interoperability, '
2026-05-27 11:08:31.011 11 INFO neutron.api.wsgi [req-5abe991d-0987-4d69-a9c2-87cfd5f41f7d req-5195ff9d-a87b-4e1d-8097-2b0f64907275 d5711ff9ac8a43d98f53b060c4b1362b fe2cb8ebbcda447da4f985851cf6d105 - - f5803dd769f047eca26592da6f65259a f5803dd769f047eca26592da6f65259a] 199.19.213.37 "GET /v2.0/ports?tenant_id=da8ab9ac67514c9ea320db9d1f38503a&device_id=325c2cc0-e7c3-467f-940d-358ea99b963e HTTP/1.1" status: 200 len: 1409 time: 0.0372624
2026-05-27 11:08:31.055 11 INFO neutron.api.wsgi [req-5abe991d-0987-4d69-a9c2-87cfd5f41f7d req-0b198d7a-ecb0-46b2-8645-e1b1f259f3f3 d5711ff9ac8a43d98f53b060c4b1362b fe2cb8ebbcda447da4f985851cf6d105 - - f5803dd769f047eca26592da6f65259a f5803dd769f047eca26592da6f65259a] 199.19.213.37 "GET /v2.0/networks?id=b77b89fb-dda0-41a8-bb92-0aa2d4e854c4 HTTP/1.1" status: 200 len: 972 time: 0.0387733
2026-05-27 11:08:31.096 11 INFO neutron.api.wsgi [req-5abe991d-0987-4d69-a9c2-87cfd5f41f7d req-03ac0519-64ed-4a18-9fd1-3894a42ed4ad d5711ff9ac8a43d98f53b060c4b1362b fe2cb8ebbcda447da4f985851cf6d105 - - f5803dd769f047eca26592da6f65259a f5803dd769f047eca26592da6f65259a] 199.19.213.37 "GET /v2.0/floatingips?fixed_ip_address=10.100.0.5&port_id=a721582c-5c09-4a7b-8a7c-9cbeb0fc847e HTTP/1.1" status: 200 len: 1059 time: 0.0353358
2026-05-27 11:08:31.127 11 INFO neutron.api.wsgi [req-5abe991d-0987-4d69-a9c2-87cfd5f41f7d req-dd1d2d04-ecf5-4b6a-852f-0a7b6dafa109 d5711ff9ac8a43d98f53b060c4b1362b fe2cb8ebbcda447da4f985851cf6d105 - - f5803dd769f047eca26592da6f65259a f5803dd769f047eca26592da6f65259a] 199.19.213.37 "GET /v2.0/subnets?id=4955f057-8373-42dd-9924-24cf1ba783e9 HTTP/1.1" status: 200 len: 893 time: 0.0248485
2026-05-27 11:08:31.145 11 INFO neutron.api.wsgi [req-5abe991d-0987-4d69-a9c2-87cfd5f41f7d req-a140af35-e215-4d27-a830-9978c7ffe887 d5711ff9ac8a43d98f53b060c4b1362b fe2cb8ebbcda447da4f985851cf6d105 - - f5803dd769f047eca26592da6f65259a f5803dd769f047eca26592da6f65259a] 199.19.213.37 "GET /v2.0/ports?network_id=b77b89fb-dda0-41a8-bb92-0aa2d4e854c4&device_owner=network%3Adhcp HTTP/1.1" status: 200 len: 210 time: 0.0142009
2026-05-27 11:08:31.188 11 INFO neutron.api.wsgi [req-5abe991d-0987-4d69-a9c2-87cfd5f41f7d req-26702fb8-0f88-4790-8a91-6bdd0c97b4f2 d5711ff9ac8a43d98f53b060c4b1362b fe2cb8ebbcda447da4f985851cf6d105 - - f5803dd769f047eca26592da6f65259a f5803dd769f047eca26592da6f65259a] 199.19.213.37 "GET /v2.0/networks/b77b89fb-dda0-41a8-bb92-0aa2d4e854c4?fields=segments HTTP/1.1" status: 200 len: 212 time: 0.0389650
2026-05-27 11:08:31.230 11 INFO neutron.api.wsgi [req-5abe991d-0987-4d69-a9c2-87cfd5f41f7d req-28562913-ef0d-431a-8d5a-fc9e1bffd7ed d5711ff9ac8a43d98f53b060c4b1362b fe2cb8ebbcda447da4f985851cf6d105 - - f5803dd769f047eca26592da6f65259a f5803dd769f047eca26592da6f65259a] 199.19.213.37 "GET /v2.0/networks/b77b89fb-dda0-41a8-bb92-0aa2d4e854c4?fields=provider%3Aphysical_network&fields=provider%3Anetwork_type HTTP/1.1" status: 200 len: 277 time: 0.0369554
2026-05-27 11:08:31.609 10 INFO neutron.plugins.ml2.drivers.ovn.mech_driver.ovsdb.commands [None req-75721562-f0b3-4c0a-b445-da1206aed6ad - - - - - -] Schedule LRP lrp-f43e49b8-5e96-45d3-b8c6-c8d14b4f6350 on gateway 63d46362-dc81-4dfd-a5f8-36b1c107d5ed with priority 1
2026-05-27 11:08:31.618 11 INFO neutron.plugins.ml2.drivers.ovn.mech_driver.mech_driver [None req-7cc78956-ea6c-46a9-82c6-9c1f15cf727e - - - - - -] OVN reports status up for port: f43e49b8-5e96-45d3-b8c6-c8d14b4f6350
2026-05-27 11:08:31.625 11 INFO neutron.plugins.ml2.plugin [None req-7cc78956-ea6c-46a9-82c6-9c1f15cf727e - - - - - -] Attempt 1 to provision port f43e49b8-5e96-45d3-b8c6-c8d14b4f6350
2026-05-27 11:08:31.663 10 INFO neutron.db.ovn_revision_numbers_db [None req-4b6dc4f9-1742-4231-a1ea-2cc58c50ef2b f688e00d19bd41ae8dddb9631ad12b55 27a3692f1ab94d7ca7f11ee42d1fb063 - - default default] Successfully bumped revision number for resource f43e49b8-5e96-45d3-b8c6-c8d14b4f6350 (type: router_ports) to 1
2026-05-27 11:08:31.713 10 INFO neutron.api.wsgi [None req-a6a13249-7707-4a59-8a1a-a96c655c4bc3 e1764593464c4aa78df777aa75f0e064 ea974855a7484f339df3e98ed07b1cd9 - - default default] 10.0.0.9 "DELETE /v2.0/routers/c9fe0fc7-21bd-45bf-bfb6-a7336ffb4881 HTTP/1.1" status: 204 len: 168 time: 0.7819920
2026-05-27 11:08:31.736 10 INFO neutron.db.ovn_revision_numbers_db [None req-4b6dc4f9-1742-4231-a1ea-2cc58c50ef2b f688e00d19bd41ae8dddb9631ad12b55 27a3692f1ab94d7ca7f11ee42d1fb063 - - default default] Successfully bumped revision number for resource 8a22bc6f-5bb7-432f-a2a4-9db15f9c8f0e (type: routers) to 2
2026-05-27 11:08:31.750 10 INFO neutron.api.wsgi [None req-4b6dc4f9-1742-4231-a1ea-2cc58c50ef2b f688e00d19bd41ae8dddb9631ad12b55 27a3692f1ab94d7ca7f11ee42d1fb063 - - default default] 10.0.0.9 "POST /v2.0/routers HTTP/1.1" status: 201 len: 1153 time: 1.5224531
2026-05-27 11:08:31.864 11 INFO neutron.api.wsgi [None req-418c7b41-14db-4302-895c-994593c54f93 e1764593464c4aa78df777aa75f0e064 ea974855a7484f339df3e98ed07b1cd9 - - default default] 10.0.0.9 "DELETE /v2.0/subnets/5648b39b-9e57-4b4d-aba8-89c316a7532a HTTP/1.1" status: 204 len: 168 time: 0.1458127
2026-05-27 11:08:32.145 11 INFO neutron.services.segments.plugin [-] Segment 8a0d54bc-19db-4dfb-9626-9ac048b45297 resource provider aggregate not found
2026-05-27 11:08:32.148 11 INFO neutron.services.segments.plugin [-] Segment 8a0d54bc-19db-4dfb-9626-9ac048b45297 resource provider aggregate not found
2026-05-27 11:08:32.162 11 INFO neutron.services.segments.plugin [-] Segment 8a0d54bc-19db-4dfb-9626-9ac048b45297 resource provider not found; error: Placement Client Error (4xx): {"errors": [{"status": 404, "title": "Not Found", "detail": "The resource could not be found.\n\n No resource provider with uuid 8a0d54bc-19db-4dfb-9626-9ac048b45297 found for delete ", "request_id": "req-73570a50-be4a-44fb-a095-5683280a1936"}]}
2026-05-27 11:08:32.171 11 INFO neutron.services.segments.plugin [-] Segment 8a0d54bc-19db-4dfb-9626-9ac048b45297 resource provider not found; error: Placement Client Error (4xx): {"errors": [{"status": 404, "title": "Not Found", "detail": "The resource could not be found.\n\n No resource provider with uuid 8a0d54bc-19db-4dfb-9626-9ac048b45297 found for delete ", "request_id": "req-eb05c850-e071-48d3-9e5d-4a70f4bf37d0"}]}
2026-05-27 11:08:32.181 11 INFO neutron.api.wsgi [None req-dccd17b6-7a2d-41e4-9f7f-ef06c6f3f63e e1764593464c4aa78df777aa75f0e064 ea974855a7484f339df3e98ed07b1cd9 - - default default] 10.0.0.9 "DELETE /v2.0/networks/5d2f49b7-088a-4204-a134-2f4f152fed67 HTTP/1.1" status: 204 len: 168 time: 0.3116717
2026-05-27 11:08:32.272 10 WARNING neutron.scheduler.dhcp_agent_scheduler [None req-2c38dd30-dd2d-424e-9cd8-f8b9701da226 f688e00d19bd41ae8dddb9631ad12b55 27a3692f1ab94d7ca7f11ee42d1fb063 - - default default] No more DHCP agents
2026-05-27 11:08:32.273 10 WARNING neutron.api.rpc.agentnotifiers.dhcp_rpc_agent_api [None req-2c38dd30-dd2d-424e-9cd8-f8b9701da226 f688e00d19bd41ae8dddb9631ad12b55 27a3692f1ab94d7ca7f11ee42d1fb063 - - default default] Unable to schedule network 793d496c-40e9-4dba-af38-0d8378f41222: no agents available; will retry on subsequent port and subnet creation events.
2026-05-27 11:08:32.368 11 INFO neutron.api.wsgi [None req-13fb7097-1d62-41a7-a995-1eff6ca61695 e1764593464c4aa78df777aa75f0e064 ea974855a7484f339df3e98ed07b1cd9 - - default default] 10.0.0.9 "GET /v2.0/security-groups?tenant_id=3fa5b38bbb964b29aacfcfc09a910686&name=default HTTP/1.1" status: 200 len: 3120 time: 0.0359824
2026-05-27 11:08:32.433 10 INFO neutron.db.ovn_revision_numbers_db [None req-2c38dd30-dd2d-424e-9cd8-f8b9701da226 f688e00d19bd41ae8dddb9631ad12b55 27a3692f1ab94d7ca7f11ee42d1fb063 - - default default] Successfully bumped revision number for resource 490eaac0-acc2-4125-82aa-21f84457ab02 (type: ports) to 1
2026-05-27 11:08:32.579 11 INFO neutron.api.wsgi [None req-8b70fb7a-8e50-41fb-b33d-3622148a13b6 e1764593464c4aa78df777aa75f0e064 ea974855a7484f339df3e98ed07b1cd9 - - default default] 10.0.0.9 "DELETE /v2.0/security-groups/6990ca14-81c8-4f44-ab3b-8565d1b4b241 HTTP/1.1" status: 204 len: 168 time: 0.2027707
2026-05-27 11:08:33.282 10 INFO neutron.db.ovn_revision_numbers_db [None req-2c38dd30-dd2d-424e-9cd8-f8b9701da226 f688e00d19bd41ae8dddb9631ad12b55 27a3692f1ab94d7ca7f11ee42d1fb063 - - default default] Successfully bumped revision number for resource 490eaac0-acc2-4125-82aa-21f84457ab02 (type: ports) to 1
2026-05-27 11:08:33.336 10 WARNING neutron.scheduler.dhcp_agent_scheduler [None req-2c38dd30-dd2d-424e-9cd8-f8b9701da226 f688e00d19bd41ae8dddb9631ad12b55 27a3692f1ab94d7ca7f11ee42d1fb063 - - default default] No more DHCP agents
2026-05-27 11:08:33.338 10 WARNING neutron.api.rpc.agentnotifiers.dhcp_rpc_agent_api [None req-2c38dd30-dd2d-424e-9cd8-f8b9701da226 f688e00d19bd41ae8dddb9631ad12b55 27a3692f1ab94d7ca7f11ee42d1fb063 - - default default] Unable to schedule network 793d496c-40e9-4dba-af38-0d8378f41222: no agents available; will retry on subsequent port and subnet creation events.
2026-05-27 11:08:33.664 10 INFO neutron.db.ovn_revision_numbers_db [None req-2c38dd30-dd2d-424e-9cd8-f8b9701da226 f688e00d19bd41ae8dddb9631ad12b55 27a3692f1ab94d7ca7f11ee42d1fb063 - - default default] Successfully bumped revision number for resource 490eaac0-acc2-4125-82aa-21f84457ab02 (type: router_ports) to 1
2026-05-27 11:08:33.669 10 INFO neutron.api.wsgi [None req-2c38dd30-dd2d-424e-9cd8-f8b9701da226 f688e00d19bd41ae8dddb9631ad12b55 27a3692f1ab94d7ca7f11ee42d1fb063 - - default default] 10.0.0.9 "PUT /v2.0/routers/8a22bc6f-5bb7-432f-a2a4-9db15f9c8f0e/add_router_interface HTTP/1.1" status: 200 len: 503 time: 1.9133215
2026-05-27 11:08:33.678 10 WARNING neutron_lib.context [None req-e3f94bb7-4896-49db-b4a5-5d191ba65fec f688e00d19bd41ae8dddb9631ad12b55 27a3692f1ab94d7ca7f11ee42d1fb063 - - default default] Method 'is_advsvc' is deprecated since 2023.2 release (neutron-lib 3.8.0) and will be removed once support for the old RBAC API policies will be removed from Neutron. Please use method 'is_service_role' instead.
2026-05-27 11:08:33.990 10 WARNING neutron.scheduler.dhcp_agent_scheduler [None req-e3f94bb7-4896-49db-b4a5-5d191ba65fec f688e00d19bd41ae8dddb9631ad12b55 27a3692f1ab94d7ca7f11ee42d1fb063 - - default default] No more DHCP agents
2026-05-27 11:08:33.991 10 WARNING neutron.api.rpc.agentnotifiers.dhcp_rpc_agent_api [None req-e3f94bb7-4896-49db-b4a5-5d191ba65fec f688e00d19bd41ae8dddb9631ad12b55 27a3692f1ab94d7ca7f11ee42d1fb063 - - default default] Unable to schedule network 793d496c-40e9-4dba-af38-0d8378f41222: no agents available; will retry on subsequent port and subnet creation events.
2026-05-27 11:08:34.127 10 INFO neutron.db.ovn_revision_numbers_db [None req-e3f94bb7-4896-49db-b4a5-5d191ba65fec f688e00d19bd41ae8dddb9631ad12b55 27a3692f1ab94d7ca7f11ee42d1fb063 - - default default] Successfully bumped revision number for resource b2787f90-825a-4f5f-b3fb-42cbfcd5c548 (type: ports) to 1
2026-05-27 11:08:34.147 10 INFO neutron.api.wsgi [None req-e3f94bb7-4896-49db-b4a5-5d191ba65fec f688e00d19bd41ae8dddb9631ad12b55 27a3692f1ab94d7ca7f11ee42d1fb063 - - default default] 10.0.0.9 "POST /v2.0/ports HTTP/1.1" status: 201 len: 1154 time: 0.4721975 /var/lib/openstack/lib/python3.12/site-packages/pycadf/identifier.py:71: UserWarning: Invalid uuid: neutron. To ensure interoperability, identifiers should be a valid uuid. warnings.warn(('Invalid uuid: %s. To ensure interoperability, '
2026-05-27 11:08:34.156 10 WARNING neutron_lib.context [None req-634a0f69-33da-4ed9-a2b6-e3297427badd f688e00d19bd41ae8dddb9631ad12b55 27a3692f1ab94d7ca7f11ee42d1fb063 - - default default] Method 'is_advsvc' is deprecated since 2023.2 release (neutron-lib 3.8.0) and will be removed once support for the old RBAC API policies will be removed from Neutron. Please use method 'is_service_role' instead.
2026-05-27 11:08:34.457 10 WARNING neutron.scheduler.dhcp_agent_scheduler [None req-634a0f69-33da-4ed9-a2b6-e3297427badd f688e00d19bd41ae8dddb9631ad12b55 27a3692f1ab94d7ca7f11ee42d1fb063 - - default default] No more DHCP agents
2026-05-27 11:08:34.459 10 WARNING neutron.api.rpc.agentnotifiers.dhcp_rpc_agent_api [None req-634a0f69-33da-4ed9-a2b6-e3297427badd f688e00d19bd41ae8dddb9631ad12b55 27a3692f1ab94d7ca7f11ee42d1fb063 - - default default] Unable to schedule network 793d496c-40e9-4dba-af38-0d8378f41222: no agents available; will retry on subsequent port and subnet creation events.
2026-05-27 11:08:34.541 10 INFO neutron.db.ovn_revision_numbers_db [None req-0fbd08b9-cb7a-46c0-85c2-4af04ebb25e4 e1764593464c4aa78df777aa75f0e064 ea974855a7484f339df3e98ed07b1cd9 - - default default] Successfully bumped revision number for resource 1473fb1c-2d7f-4ba5-9c2a-1b0b9506e6fa (type: security_groups) to 1
2026-05-27 11:08:34.557 10 INFO neutron.db.ovn_revision_numbers_db [None req-0fbd08b9-cb7a-46c0-85c2-4af04ebb25e4 e1764593464c4aa78df777aa75f0e064 ea974855a7484f339df3e98ed07b1cd9 - - default default] Successfully bumped revision number for resource 03f6adae-2b6d-457b-8ddb-24c18e52c7ba (type: security_group_rules) to 0
2026-05-27 11:08:34.570 10 INFO neutron.db.ovn_revision_numbers_db [None req-0fbd08b9-cb7a-46c0-85c2-4af04ebb25e4 e1764593464c4aa78df777aa75f0e064 ea974855a7484f339df3e98ed07b1cd9 - - default default] Successfully bumped revision number for resource 5596c347-630c-4ac5-bdf2-c6d92554daa6 (type: security_group_rules) to 0
2026-05-27 11:08:34.602 10 INFO neutron.db.ovn_revision_numbers_db [None req-0fbd08b9-cb7a-46c0-85c2-4af04ebb25e4 e1764593464c4aa78df777aa75f0e064 ea974855a7484f339df3e98ed07b1cd9 - - default default] Successfully bumped revision number for resource 74bfbe68-6182-465c-92b2-d4a7eb0c6845 (type: security_group_rules) to 0
2026-05-27 11:08:34.612 10 INFO neutron.db.ovn_revision_numbers_db [None req-634a0f69-33da-4ed9-a2b6-e3297427badd f688e00d19bd41ae8dddb9631ad12b55 27a3692f1ab94d7ca7f11ee42d1fb063 - - default default] Successfully bumped revision number for resource 03a235f2-a0a4-4c55-9790-99df28335d52 (type: ports) to 1
2026-05-27 11:08:34.616 10 INFO neutron.db.ovn_revision_numbers_db [None req-0fbd08b9-cb7a-46c0-85c2-4af04ebb25e4 e1764593464c4aa78df777aa75f0e064 ea974855a7484f339df3e98ed07b1cd9 - - default default] Successfully bumped revision number for resource a6434fc2-e013-40f4-a4d7-9f8e18d37f61 (type: security_group_rules) to 0
2026-05-27 11:08:34.637 10 INFO neutron.api.wsgi [None req-634a0f69-33da-4ed9-a2b6-e3297427badd f688e00d19bd41ae8dddb9631ad12b55 27a3692f1ab94d7ca7f11ee42d1fb063 - - default default] 10.0.0.9 "POST /v2.0/ports HTTP/1.1" status: 201 len: 1154 time: 0.4860485
2026-05-27 11:08:34.650 11 WARNING neutron_lib.context [None req-d7ae33cc-b445-4002-805a-24fe97809627 f688e00d19bd41ae8dddb9631ad12b55 27a3692f1ab94d7ca7f11ee42d1fb063 - - default default] Method 'is_advsvc' is deprecated since 2023.2 release (neutron-lib 3.8.0) and will be removed once support for the old RBAC API policies will be removed from Neutron. Please use method 'is_service_role' instead.
2026-05-27 11:08:34.685 10 INFO neutron.db.segments_db [None req-0fbd08b9-cb7a-46c0-85c2-4af04ebb25e4 e1764593464c4aa78df777aa75f0e064 ea974855a7484f339df3e98ed07b1cd9 - - default default] Added segment 3abcc1d4-5683-4ba3-abf6-9be4488f6197 of type geneve for network 869b8782-c67a-48d5-9c86-1998c9795438
2026-05-27 11:08:34.790 10 INFO neutron.db.ovn_revision_numbers_db [None req-0fbd08b9-cb7a-46c0-85c2-4af04ebb25e4 e1764593464c4aa78df777aa75f0e064 ea974855a7484f339df3e98ed07b1cd9 - - default default] Successfully bumped revision number for resource 869b8782-c67a-48d5-9c86-1998c9795438 (type: networks) to 1
2026-05-27 11:08:34.885 11 WARNING neutron.scheduler.dhcp_agent_scheduler [None req-d7ae33cc-b445-4002-805a-24fe97809627 f688e00d19bd41ae8dddb9631ad12b55 27a3692f1ab94d7ca7f11ee42d1fb063 - - default default] No more DHCP agents
2026-05-27 11:08:34.888 11 WARNING neutron.api.rpc.agentnotifiers.dhcp_rpc_agent_api [None req-d7ae33cc-b445-4002-805a-24fe97809627 f688e00d19bd41ae8dddb9631ad12b55 27a3692f1ab94d7ca7f11ee42d1fb063 - - default default] Unable to schedule network 1644c29e-3c19-456c-a085-53701fa5b8c7: no agents available; will retry on subsequent port and subnet creation events.
2026-05-27 11:08:34.948 10 WARNING neutron.scheduler.dhcp_agent_scheduler [None req-0fbd08b9-cb7a-46c0-85c2-4af04ebb25e4 e1764593464c4aa78df777aa75f0e064 ea974855a7484f339df3e98ed07b1cd9 - - default default] No more DHCP agents
2026-05-27 11:08:34.949 10 WARNING neutron.api.rpc.agentnotifiers.dhcp_rpc_agent_api [None req-0fbd08b9-cb7a-46c0-85c2-4af04ebb25e4 e1764593464c4aa78df777aa75f0e064 ea974855a7484f339df3e98ed07b1cd9 - - default default] Unable to schedule network 869b8782-c67a-48d5-9c86-1998c9795438: no agents available; will retry on subsequent port and subnet creation events.
2026-05-27 11:08:35.022 10 INFO neutron.db.ovn_revision_numbers_db [None req-0fbd08b9-cb7a-46c0-85c2-4af04ebb25e4 e1764593464c4aa78df777aa75f0e064 ea974855a7484f339df3e98ed07b1cd9 - - default default] Successfully bumped revision number for resource e53a0745-ba1c-40ab-9d9a-04cf8b482b83 (type: ports) to 1
2026-05-27 11:08:35.043 10 INFO neutron.api.wsgi [None req-0fbd08b9-cb7a-46c0-85c2-4af04ebb25e4 e1764593464c4aa78df777aa75f0e064 ea974855a7484f339df3e98ed07b1cd9 - - default default] 10.0.0.9 "POST /v2.0/networks HTTP/1.1" status: 201 len: 948 time: 0.7520523 /var/lib/openstack/lib/python3.12/site-packages/pycadf/identifier.py:71: UserWarning: Invalid uuid: neutron. To ensure interoperability, identifiers should be a valid uuid. warnings.warn(('Invalid uuid: %s. To ensure interoperability, '
2026-05-27 11:08:35.175 10 WARNING neutron.scheduler.dhcp_agent_scheduler [None req-71af5657-20e8-4489-9ed8-8c9a098ea71a e1764593464c4aa78df777aa75f0e064 ea974855a7484f339df3e98ed07b1cd9 - - default default] No more DHCP agents
2026-05-27 11:08:35.176 10 WARNING neutron.api.rpc.agentnotifiers.dhcp_rpc_agent_api [None req-71af5657-20e8-4489-9ed8-8c9a098ea71a e1764593464c4aa78df777aa75f0e064 ea974855a7484f339df3e98ed07b1cd9 - - default default] Unable to schedule network 869b8782-c67a-48d5-9c86-1998c9795438: no agents available; will retry on subsequent port and subnet creation events.
2026-05-27 11:08:35.465 11 INFO neutron.db.ovn_revision_numbers_db [None req-d7ae33cc-b445-4002-805a-24fe97809627 f688e00d19bd41ae8dddb9631ad12b55 27a3692f1ab94d7ca7f11ee42d1fb063 - - default default] Successfully bumped revision number for resource f48b03ee-ae96-4a0c-a8c2-d863d9d4242f (type: floatingips) to -1
2026-05-27 11:08:35.591 11 INFO neutron.db.ovn_revision_numbers_db [None req-d7ae33cc-b445-4002-805a-24fe97809627 f688e00d19bd41ae8dddb9631ad12b55 27a3692f1ab94d7ca7f11ee42d1fb063 - - default default] Successfully bumped revision number for resource f48b03ee-ae96-4a0c-a8c2-d863d9d4242f (type: floatingips) to 1
2026-05-27 11:08:35.592 11 INFO neutron.db.l3_db [None req-d7ae33cc-b445-4002-805a-24fe97809627 f688e00d19bd41ae8dddb9631ad12b55 27a3692f1ab94d7ca7f11ee42d1fb063 - - default default] Floating IP f48b03ee-ae96-4a0c-a8c2-d863d9d4242f associated. External IP: 10.96.250.212, port: 03a235f2-a0a4-4c55-9790-99df28335d52.
2026-05-27 11:08:35.600 10 INFO neutron.db.ovn_revision_numbers_db [None req-fedcc990-a011-4540-a841-36ddc486d679 - - - - - -] Successfully bumped revision number for resource e53a0745-ba1c-40ab-9d9a-04cf8b482b83 (type: ports) to 2
2026-05-27 11:08:35.631 11 INFO neutron.api.wsgi [None req-d7ae33cc-b445-4002-805a-24fe97809627 f688e00d19bd41ae8dddb9631ad12b55 27a3692f1ab94d7ca7f11ee42d1fb063 - - default default] 10.0.0.9 "POST /v2.0/floatingips HTTP/1.1" status: 201 len: 1041 time: 0.9871142
2026-05-27 11:08:35.632 10 INFO neutron.db.ovn_revision_numbers_db [None req-fedcc990-a011-4540-a841-36ddc486d679 - - - - - -] Successfully bumped revision number for resource eb93d9b0-6413-43a5-80cd-891e76ba8f00 (type: subnets) to 0
2026-05-27 11:08:35.648 10 INFO neutron.api.wsgi [None req-71af5657-20e8-4489-9ed8-8c9a098ea71a e1764593464c4aa78df777aa75f0e064 ea974855a7484f339df3e98ed07b1cd9 - - default default] 10.0.0.9 "POST /v2.0/subnets HTTP/1.1" status: 201 len: 892 time: 0.5988083 /var/lib/openstack/lib/python3.12/site-packages/pycadf/identifier.py:71: UserWarning: Invalid uuid: neutron. To ensure interoperability, identifiers should be a valid uuid. warnings.warn(('Invalid uuid: %s. To ensure interoperability, '
2026-05-27 11:08:35.755 11 INFO neutron.db.ovn_revision_numbers_db [None req-2c0c5f7b-5277-4345-be05-50d92d5aacbd e1764593464c4aa78df777aa75f0e064 ea974855a7484f339df3e98ed07b1cd9 - - default default] Successfully bumped revision number for resource 55a50595-dd78-4b97-8268-0786508121c2 (type: security_groups) to 1
2026-05-27 11:08:35.778 11 INFO neutron.db.ovn_revision_numbers_db [None req-2c0c5f7b-5277-4345-be05-50d92d5aacbd e1764593464c4aa78df777aa75f0e064 ea974855a7484f339df3e98ed07b1cd9 - - default default] Successfully bumped revision number for resource 6258398e-cef9-413b-ae5a-e1e6da9a33f6 (type: security_group_rules) to 0
2026-05-27 11:08:35.780 11 INFO neutron.db.ovn_revision_numbers_db [None req-db63ea58-bd56-4275-b803-9ff486b8d6a5 f688e00d19bd41ae8dddb9631ad12b55 27a3692f1ab94d7ca7f11ee42d1fb063 - - default default] Successfully bumped revision number for resource f48b03ee-ae96-4a0c-a8c2-d863d9d4242f (type: floatingips) to 2
2026-05-27 11:08:35.806 11 INFO neutron.db.ovn_revision_numbers_db [None req-2c0c5f7b-5277-4345-be05-50d92d5aacbd e1764593464c4aa78df777aa75f0e064 ea974855a7484f339df3e98ed07b1cd9 - - default default] Successfully bumped revision number for resource 97150f1c-9a5b-4211-89e1-56bcc4bebb50 (type: security_group_rules) to 0
2026-05-27 11:08:35.825 11 INFO neutron.db.ovn_revision_numbers_db [None req-2c0c5f7b-5277-4345-be05-50d92d5aacbd e1764593464c4aa78df777aa75f0e064 ea974855a7484f339df3e98ed07b1cd9 - - default default] Successfully bumped revision number for resource 9d85e770-4697-4127-91db-785fc65e3e9e (type: security_group_rules) to 0
2026-05-27 11:08:35.836 11 INFO neutron.db.l3_db [None req-db63ea58-bd56-4275-b803-9ff486b8d6a5 f688e00d19bd41ae8dddb9631ad12b55 27a3692f1ab94d7ca7f11ee42d1fb063 - - default default] Floating IP f48b03ee-ae96-4a0c-a8c2-d863d9d4242f disassociated. External IP: 10.96.250.212, port: 03a235f2-a0a4-4c55-9790-99df28335d52.
2026-05-27 11:08:35.839 11 INFO neutron.db.ovn_revision_numbers_db [None req-2c0c5f7b-5277-4345-be05-50d92d5aacbd e1764593464c4aa78df777aa75f0e064 ea974855a7484f339df3e98ed07b1cd9 - - default default] Successfully bumped revision number for resource c901ac09-b62b-4054-b159-926adec9e23a (type: security_group_rules) to 0
2026-05-27 11:08:35.867 11 INFO neutron.api.wsgi [None req-db63ea58-bd56-4275-b803-9ff486b8d6a5 f688e00d19bd41ae8dddb9631ad12b55 27a3692f1ab94d7ca7f11ee42d1fb063 - - default default] 10.0.0.9 "PUT /v2.0/floatingips/f48b03ee-ae96-4a0c-a8c2-d863d9d4242f HTTP/1.1" status: 200 len: 748 time: 0.2309992 /var/lib/openstack/lib/python3.12/site-packages/pycadf/identifier.py:71: UserWarning: Invalid uuid: neutron. To ensure interoperability, identifiers should be a valid uuid. warnings.warn(('Invalid uuid: %s. To ensure interoperability, '
2026-05-27 11:08:35.879 11 INFO neutron.api.wsgi [None req-2c0c5f7b-5277-4345-be05-50d92d5aacbd e1764593464c4aa78df777aa75f0e064 ea974855a7484f339df3e98ed07b1cd9 - - default default] 10.0.0.9 "GET /v2.0/security-groups?tenant_id=c671fcdecb9c447aa99c78a6760ace36&name=default HTTP/1.1" status: 200 len: 3120 time: 0.3387830
2026-05-27 11:08:36.073 11 INFO neutron.api.wsgi [None req-d8121d7e-5113-477c-8ee9-df315d7a8d25 e1764593464c4aa78df777aa75f0e064 ea974855a7484f339df3e98ed07b1cd9 - - default default] 10.0.0.9 "DELETE /v2.0/security-groups/55a50595-dd78-4b97-8268-0786508121c2 HTTP/1.1" status: 204 len: 168 time: 0.1901011
2026-05-27 11:08:36.126 10 WARNING neutron.scheduler.dhcp_agent_scheduler [None req-c55f9b99-2c87-4d70-9ef5-4829335fa1fb e1764593464c4aa78df777aa75f0e064 ea974855a7484f339df3e98ed07b1cd9 - - default default] No more DHCP agents
2026-05-27 11:08:36.134 10 WARNING neutron.api.rpc.agentnotifiers.dhcp_rpc_agent_api [None req-c55f9b99-2c87-4d70-9ef5-4829335fa1fb e1764593464c4aa78df777aa75f0e064 ea974855a7484f339df3e98ed07b1cd9 - - default default] Unable to schedule network 1644c29e-3c19-456c-a085-53701fa5b8c7: no agents available; will retry on subsequent port and subnet creation events.
2026-05-27 11:08:36.223 10 INFO neutron.api.wsgi [None req-ec7a13a1-36ac-41b5-a7a7-6822a58cd08e f688e00d19bd41ae8dddb9631ad12b55 27a3692f1ab94d7ca7f11ee42d1fb063 - - default default] 10.0.0.9 "DELETE /v2.0/floatingips/f48b03ee-ae96-4a0c-a8c2-d863d9d4242f HTTP/1.1" status: 204 len: 168 time: 0.3494682
2026-05-27 11:08:36.235 11 WARNING neutron_lib.context [None req-2ca712d1-2ec6-4cf3-8d35-27189b95ed03 f688e00d19bd41ae8dddb9631ad12b55 27a3692f1ab94d7ca7f11ee42d1fb063 - - default default] Method 'is_advsvc' is deprecated since 2023.2 release (neutron-lib 3.8.0) and will be removed once support for the old RBAC API policies will be removed from Neutron. Please use method 'is_service_role' instead.
2026-05-27 11:08:36.267 10 INFO neutron.db.ovn_revision_numbers_db [None req-c55f9b99-2c87-4d70-9ef5-4829335fa1fb e1764593464c4aa78df777aa75f0e064 ea974855a7484f339df3e98ed07b1cd9 - - default default] Successfully bumped revision number for resource 7553877f-c2e6-4438-ab44-2077e9daf5e0 (type: ports) to 1
2026-05-27 11:08:36.322 11 INFO neutron.db.ovn_revision_numbers_db [None req-0e859579-cd29-4e5f-83de-03ccac8435e7 e1764593464c4aa78df777aa75f0e064 ea974855a7484f339df3e98ed07b1cd9 - - default default] Successfully bumped revision number for resource 449d9d9f-e594-4d63-b011-af9c6854d55c (type: security_groups) to 1
2026-05-27 11:08:36.345 11 INFO neutron.db.ovn_revision_numbers_db [None req-0e859579-cd29-4e5f-83de-03ccac8435e7 e1764593464c4aa78df777aa75f0e064 ea974855a7484f339df3e98ed07b1cd9 - - default default] Successfully bumped revision number for resource 6bab31bb-0011-4ab2-a370-fba2e286c6c5 (type: security_group_rules) to 0
2026-05-27 11:08:36.363 11 INFO neutron.db.ovn_revision_numbers_db [None req-0e859579-cd29-4e5f-83de-03ccac8435e7 e1764593464c4aa78df777aa75f0e064 ea974855a7484f339df3e98ed07b1cd9 - - default default] Successfully bumped revision number for resource 93474807-2aee-4217-a739-15aef810b8f0 (type: security_group_rules) to 0
2026-05-27 11:08:36.381 11 INFO neutron.db.ovn_revision_numbers_db [None req-0e859579-cd29-4e5f-83de-03ccac8435e7 e1764593464c4aa78df777aa75f0e064 ea974855a7484f339df3e98ed07b1cd9 - - default default] Successfully bumped revision number for resource c833aa17-e43f-41c2-9db7-44473b37b74d (type: security_group_rules) to 0
2026-05-27 11:08:36.394 11 INFO neutron.db.ovn_revision_numbers_db [None req-0e859579-cd29-4e5f-83de-03ccac8435e7 e1764593464c4aa78df777aa75f0e064 ea974855a7484f339df3e98ed07b1cd9 - - default default] Successfully bumped revision number for resource f5ff292a-78e0-45f3-9419-0807a414e215 (type: security_group_rules) to 0
2026-05-27 11:08:36.433 11 INFO neutron.api.wsgi [None req-0e859579-cd29-4e5f-83de-03ccac8435e7 e1764593464c4aa78df777aa75f0e064 ea974855a7484f339df3e98ed07b1cd9 - - default default] 10.0.0.9 "GET /v2.0/security-groups?tenant_id=c13385d328f14b53b268cb52a8d2d1ce&name=default HTTP/1.1" status: 200 len: 3120 time: 0.2468050
2026-05-27 11:08:36.476 11 WARNING neutron.scheduler.dhcp_agent_scheduler [None req-2ca712d1-2ec6-4cf3-8d35-27189b95ed03 f688e00d19bd41ae8dddb9631ad12b55 27a3692f1ab94d7ca7f11ee42d1fb063 - - default default] No more DHCP agents
2026-05-27 11:08:36.478 11 WARNING neutron.api.rpc.agentnotifiers.dhcp_rpc_agent_api [None req-2ca712d1-2ec6-4cf3-8d35-27189b95ed03 f688e00d19bd41ae8dddb9631ad12b55 27a3692f1ab94d7ca7f11ee42d1fb063 - - default default] Unable to schedule network 1644c29e-3c19-456c-a085-53701fa5b8c7: no agents available; will retry on subsequent port and subnet creation events.
2026-05-27 11:08:36.682 11 INFO neutron.api.wsgi [None req-b2670b3d-995b-467b-b4a6-2a354157fbeb e1764593464c4aa78df777aa75f0e064 ea974855a7484f339df3e98ed07b1cd9 - - default default] 10.0.0.9 "DELETE /v2.0/security-groups/449d9d9f-e594-4d63-b011-af9c6854d55c HTTP/1.1" status: 204 len: 168 time: 0.2428493
2026-05-27 11:08:36.826 10 INFO neutron.plugins.ml2.drivers.ovn.mech_driver.ovsdb.commands [None req-75721562-f0b3-4c0a-b445-da1206aed6ad - - - - - -] Schedule LRP lrp-7553877f-c2e6-4438-ab44-2077e9daf5e0 on gateway 63d46362-dc81-4dfd-a5f8-36b1c107d5ed with priority 1
2026-05-27 11:08:36.847 10 INFO neutron.plugins.ml2.drivers.ovn.mech_driver.mech_driver [None req-d6965ec7-9c34-4bc8-9d82-f6e026cada1c - - - - - -] OVN reports status up for port: 7553877f-c2e6-4438-ab44-2077e9daf5e0
2026-05-27 11:08:36.855 11 INFO neutron.plugins.ml2.drivers.ovn.mech_driver.ovsdb.ovsdb_monitor [None req-825c7e36-04e3-4955-95f8-d877ff98cc7b - - - - - -] Router 717e1b1b-6b73-446f-b801-271c500525dd is bound to host instance
2026-05-27 11:08:36.857 10 INFO neutron.plugins.ml2.plugin [None req-d6965ec7-9c34-4bc8-9d82-f6e026cada1c - - - - - -] Attempt 1 to provision port 7553877f-c2e6-4438-ab44-2077e9daf5e0
2026-05-27 11:08:36.876 10 INFO neutron.db.ovn_revision_numbers_db [None req-c55f9b99-2c87-4d70-9ef5-4829335fa1fb e1764593464c4aa78df777aa75f0e064 ea974855a7484f339df3e98ed07b1cd9 - - default default] Successfully bumped revision number for resource 7553877f-c2e6-4438-ab44-2077e9daf5e0 (type: router_ports) to 1
2026-05-27 11:08:36.941 10 INFO neutron.db.ovn_revision_numbers_db [None req-c55f9b99-2c87-4d70-9ef5-4829335fa1fb e1764593464c4aa78df777aa75f0e064 ea974855a7484f339df3e98ed07b1cd9 - - default default] Successfully bumped revision number for resource 717e1b1b-6b73-446f-b801-271c500525dd (type: routers) to 2
2026-05-27 11:08:36.957 10 INFO neutron.api.wsgi [None req-c55f9b99-2c87-4d70-9ef5-4829335fa1fb e1764593464c4aa78df777aa75f0e064 ea974855a7484f339df3e98ed07b1cd9 - - default default] 10.0.0.9 "POST /v2.0/routers HTTP/1.1" status: 201 len: 1170 time: 1.3036163
2026-05-27 11:08:37.076 11 WARNING neutron.plugins.ml2.drivers.ovn.mech_driver.ovsdb.ovn_client [None req-7cc78956-ea6c-46a9-82c6-9c1f15cf727e - - - - - -] No hosting information found for port f43e49b8-5e96-45d3-b8c6-c8d14b4f6350: RuntimeError: No hosting information found for port f43e49b8-5e96-45d3-b8c6-c8d14b4f6350
2026-05-27 11:08:37.076 11 INFO neutron.plugins.ml2.drivers.ovn.mech_driver.mech_driver [None req-7cc78956-ea6c-46a9-82c6-9c1f15cf727e - - - - - -] OVN reports status up for port: 490eaac0-acc2-4125-82aa-21f84457ab02
2026-05-27 11:08:37.099 11 INFO neutron.plugins.ml2.plugin [None req-7cc78956-ea6c-46a9-82c6-9c1f15cf727e - - - - - -] Attempt 1 to provision port 490eaac0-acc2-4125-82aa-21f84457ab02
2026-05-27 11:08:37.110 10 INFO neutron.api.wsgi [-] 10.0.0.184 "GET / HTTP/1.1" status: 200 len: 247 time: 0.0029857
2026-05-27 11:08:37.112 10 INFO neutron.api.wsgi [-] 10.0.0.184 "GET / HTTP/1.1" status: 200 len: 247 time: 0.0014458
2026-05-27 11:08:37.248 11 INFO neutron.db.ovn_revision_numbers_db [None req-2ca712d1-2ec6-4cf3-8d35-27189b95ed03 f688e00d19bd41ae8dddb9631ad12b55 27a3692f1ab94d7ca7f11ee42d1fb063 - - default default] Successfully bumped revision number for resource c06ce1f3-673b-4c5e-a44e-826100c80920 (type: floatingips) to -1
2026-05-27 11:08:37.426 11 INFO neutron.db.ovn_revision_numbers_db [None req-2ca712d1-2ec6-4cf3-8d35-27189b95ed03 f688e00d19bd41ae8dddb9631ad12b55 27a3692f1ab94d7ca7f11ee42d1fb063 - - default default] Successfully bumped revision number for resource c06ce1f3-673b-4c5e-a44e-826100c80920 (type: floatingips) to 1
2026-05-27 11:08:37.426 11 INFO neutron.db.l3_db [None req-2ca712d1-2ec6-4cf3-8d35-27189b95ed03 f688e00d19bd41ae8dddb9631ad12b55 27a3692f1ab94d7ca7f11ee42d1fb063 - - default default] Floating IP c06ce1f3-673b-4c5e-a44e-826100c80920 associated. External IP: 10.96.250.214, port: b2787f90-825a-4f5f-b3fb-42cbfcd5c548.
2026-05-27 11:08:37.444 10 WARNING neutron.scheduler.dhcp_agent_scheduler [None req-ec455866-c4cd-4391-9b80-19ae78d76a47 e1764593464c4aa78df777aa75f0e064 ea974855a7484f339df3e98ed07b1cd9 - - default default] No more DHCP agents
2026-05-27 11:08:37.446 10 WARNING neutron.api.rpc.agentnotifiers.dhcp_rpc_agent_api [None req-ec455866-c4cd-4391-9b80-19ae78d76a47 e1764593464c4aa78df777aa75f0e064 ea974855a7484f339df3e98ed07b1cd9 - - default default] Unable to schedule network 869b8782-c67a-48d5-9c86-1998c9795438: no agents available; will retry on subsequent port and subnet creation events.
2026-05-27 11:08:37.481 11 INFO neutron.db.ovn_revision_numbers_db [None req-a02bbbf2-c046-4596-a9a0-918df00fc6d8 - - - - - -] Successfully bumped revision number for resource 7553877f-c2e6-4438-ab44-2077e9daf5e0 (type: ports) to 1
2026-05-27 11:08:37.484 11 INFO neutron.api.wsgi [None req-2ca712d1-2ec6-4cf3-8d35-27189b95ed03 f688e00d19bd41ae8dddb9631ad12b55 27a3692f1ab94d7ca7f11ee42d1fb063 - - default default] 10.0.0.9 "POST /v2.0/floatingips HTTP/1.1" status: 201 len: 1041 time: 1.2546406
2026-05-27 11:08:37.541 10 INFO neutron.api.wsgi [None req-e45621db-8ca3-49c4-9760-78725450300c f688e00d19bd41ae8dddb9631ad12b55 27a3692f1ab94d7ca7f11ee42d1fb063 - - default default] 10.0.0.9 "GET /v2.0/floatingips/c06ce1f3-673b-4c5e-a44e-826100c80920 HTTP/1.1" status: 200 len: 1038 time: 0.0513427
2026-05-27 11:08:37.632 10 INFO neutron.api.wsgi [None req-97158855-eeb6-43a9-a7e2-a3e116c058e0 f688e00d19bd41ae8dddb9631ad12b55 27a3692f1ab94d7ca7f11ee42d1fb063 - - default default] 10.0.0.9 "GET /v2.0/floatingips HTTP/1.1" status: 200 len: 1041 time: 0.0841906
2026-05-27 11:08:37.663 10 INFO neutron.db.ovn_revision_numbers_db [None req-ec455866-c4cd-4391-9b80-19ae78d76a47 e1764593464c4aa78df777aa75f0e064 ea974855a7484f339df3e98ed07b1cd9 - - default default] Successfully bumped revision number for resource 644fa620-56d8-4a0d-978b-0f72237dbdbd (type: ports) to 1
2026-05-27 11:08:37.688 11 INFO neutron.db.ovn_revision_numbers_db [None req-7cc78956-ea6c-46a9-82c6-9c1f15cf727e - - - - - -] Successfully bumped revision number for resource 490eaac0-acc2-4125-82aa-21f84457ab02 (type: ports) to 2
2026-05-27 11:08:37.871 11 INFO neutron.db.ovn_revision_numbers_db [None req-a02bbbf2-c046-4596-a9a0-918df00fc6d8 - - - - - -] Successfully bumped revision number for resource 7553877f-c2e6-4438-ab44-2077e9daf5e0 (type: ports) to 4
2026-05-27 11:08:38.243 11 INFO neutron.db.ovn_revision_numbers_db [None req-a02bbbf2-c046-4596-a9a0-918df00fc6d8 - - - - - -] Successfully bumped revision number for resource 7553877f-c2e6-4438-ab44-2077e9daf5e0 (type: ports) to 5
2026-05-27 11:08:38.296 10 INFO neutron.db.ovn_revision_numbers_db [None req-aa41127b-e12d-4c1c-9c61-11cbf8ee78e1 f688e00d19bd41ae8dddb9631ad12b55 27a3692f1ab94d7ca7f11ee42d1fb063 - - default default] Successfully bumped revision number for resource c06ce1f3-673b-4c5e-a44e-826100c80920 (type: floatingips) to 2
2026-05-27 11:08:38.426 10 INFO neutron.db.ovn_revision_numbers_db [None req-aa41127b-e12d-4c1c-9c61-11cbf8ee78e1 f688e00d19bd41ae8dddb9631ad12b55 27a3692f1ab94d7ca7f11ee42d1fb063 - - default default] Successfully bumped revision number for resource c06ce1f3-673b-4c5e-a44e-826100c80920 (type: floatingips) to 2
2026-05-27 11:08:38.426 10 INFO neutron.db.l3_db [None req-aa41127b-e12d-4c1c-9c61-11cbf8ee78e1 f688e00d19bd41ae8dddb9631ad12b55 27a3692f1ab94d7ca7f11ee42d1fb063 - - default default] Floating IP c06ce1f3-673b-4c5e-a44e-826100c80920 associated. External IP: 10.96.250.214, port: b2787f90-825a-4f5f-b3fb-42cbfcd5c548.
2026-05-27 11:08:38.439 10 INFO neutron.db.ovn_revision_numbers_db [None req-ec455866-c4cd-4391-9b80-19ae78d76a47 e1764593464c4aa78df777aa75f0e064 ea974855a7484f339df3e98ed07b1cd9 - - default default] Successfully bumped revision number for resource 644fa620-56d8-4a0d-978b-0f72237dbdbd (type: ports) to 1
2026-05-27 11:08:38.480 10 INFO neutron.api.wsgi [None req-aa41127b-e12d-4c1c-9c61-11cbf8ee78e1 f688e00d19bd41ae8dddb9631ad12b55 27a3692f1ab94d7ca7f11ee42d1fb063 - - default default] 10.0.0.9 "PUT /v2.0/floatingips/c06ce1f3-673b-4c5e-a44e-826100c80920 HTTP/1.1" status: 200 len: 1038 time: 0.8418419
2026-05-27 11:08:38.519 10 WARNING neutron.scheduler.dhcp_agent_scheduler [None req-ec455866-c4cd-4391-9b80-19ae78d76a47 e1764593464c4aa78df777aa75f0e064 ea974855a7484f339df3e98ed07b1cd9 - - default default] No more DHCP agents
2026-05-27 11:08:38.521 10 WARNING neutron.api.rpc.agentnotifiers.dhcp_rpc_agent_api [None req-ec455866-c4cd-4391-9b80-19ae78d76a47 e1764593464c4aa78df777aa75f0e064 ea974855a7484f339df3e98ed07b1cd9 - - default default] Unable to schedule network 869b8782-c67a-48d5-9c86-1998c9795438: no agents available; will retry on subsequent port and subnet creation events.
2026-05-27 11:08:38.645 11 INFO neutron.db.ovn_revision_numbers_db [None req-2253321b-ca42-440b-8954-7821ada799d4 f688e00d19bd41ae8dddb9631ad12b55 27a3692f1ab94d7ca7f11ee42d1fb063 - - default default] Successfully bumped revision number for resource c06ce1f3-673b-4c5e-a44e-826100c80920 (type: floatingips) to 3
2026-05-27 11:08:38.693 11 INFO neutron.db.l3_db [None req-2253321b-ca42-440b-8954-7821ada799d4 f688e00d19bd41ae8dddb9631ad12b55 27a3692f1ab94d7ca7f11ee42d1fb063 - - default default] Floating IP c06ce1f3-673b-4c5e-a44e-826100c80920 disassociated. External IP: 10.96.250.214, port: 03a235f2-a0a4-4c55-9790-99df28335d52.
2026-05-27 11:08:38.729 11 INFO neutron.api.wsgi [None req-2253321b-ca42-440b-8954-7821ada799d4 f688e00d19bd41ae8dddb9631ad12b55 27a3692f1ab94d7ca7f11ee42d1fb063 - - default default] 10.0.0.9 "PUT /v2.0/floatingips/c06ce1f3-673b-4c5e-a44e-826100c80920 HTTP/1.1" status: 200 len: 748 time: 0.2436140
2026-05-27 11:08:39.019 11 INFO neutron.api.wsgi [None req-1577e7fc-7fd1-4cd0-8003-b31fec854ff6 f688e00d19bd41ae8dddb9631ad12b55 27a3692f1ab94d7ca7f11ee42d1fb063 - - default default] 10.0.0.9 "DELETE /v2.0/floatingips/c06ce1f3-673b-4c5e-a44e-826100c80920 HTTP/1.1" status: 204 len: 168 time: 0.2844026
2026-05-27 11:08:39.046 11 INFO neutron.api.v2.resource [None req-aa6f9f23-764a-4fb9-a0d8-12a7de2474d6 f688e00d19bd41ae8dddb9631ad12b55 27a3692f1ab94d7ca7f11ee42d1fb063 - - default default] delete failed (client error): The resource could not be found.
2026-05-27 11:08:39.047 11 INFO neutron.api.wsgi [None req-aa6f9f23-764a-4fb9-a0d8-12a7de2474d6 f688e00d19bd41ae8dddb9631ad12b55 27a3692f1ab94d7ca7f11ee42d1fb063 - - default default] 10.0.0.9 "DELETE /v2.0/floatingips/c06ce1f3-673b-4c5e-a44e-826100c80920 HTTP/1.1" status: 404 len: 345 time: 0.0228922
2026-05-27 11:08:39.249 10 INFO neutron.db.ovn_revision_numbers_db [None req-ec455866-c4cd-4391-9b80-19ae78d76a47 e1764593464c4aa78df777aa75f0e064 ea974855a7484f339df3e98ed07b1cd9 - - default default] Successfully bumped revision number for resource 644fa620-56d8-4a0d-978b-0f72237dbdbd (type: router_ports) to 1
2026-05-27 11:08:39.254 10 INFO neutron.api.wsgi [None req-ec455866-c4cd-4391-9b80-19ae78d76a47 e1764593464c4aa78df777aa75f0e064 ea974855a7484f339df3e98ed07b1cd9 - - default default] 10.0.0.9 "PUT /v2.0/routers/717e1b1b-6b73-446f-b801-271c500525dd/add_router_interface HTTP/1.1" status: 200 len: 503 time: 2.2925148
2026-05-27 11:08:39.490 11 INFO neutron.api.wsgi [None req-c9d7a1b0-41d6-4eca-8a25-6d39e17f72f3 f688e00d19bd41ae8dddb9631ad12b55 27a3692f1ab94d7ca7f11ee42d1fb063 - - default default] 10.0.0.9 "DELETE /v2.0/ports/03a235f2-a0a4-4c55-9790-99df28335d52 HTTP/1.1" status: 204 len: 168 time: 0.4352598
2026-05-27 11:08:39.630 10 INFO neutron.api.wsgi [req-5045b9ee-1038-4199-9f1d-fdf71680cf95 req-bab5e56a-bfb5-4c11-b55d-6dc7a7384255 d5711ff9ac8a43d98f53b060c4b1362b fe2cb8ebbcda447da4f985851cf6d105 - - f5803dd769f047eca26592da6f65259a f5803dd769f047eca26592da6f65259a] 10.0.0.120 "GET /v2.0/ports?device_id=325c2cc0-e7c3-467f-940d-358ea99b963e HTTP/1.1" status: 200 len: 1409 time: 0.0554662
2026-05-27 11:08:39.667 10 INFO neutron.api.wsgi [req-5045b9ee-1038-4199-9f1d-fdf71680cf95 req-2d2aba85-405e-4773-915a-28c982a3e566 d5711ff9ac8a43d98f53b060c4b1362b fe2cb8ebbcda447da4f985851cf6d105 - - f5803dd769f047eca26592da6f65259a f5803dd769f047eca26592da6f65259a] 10.0.0.120 "GET /v2.0/security-groups?id=7845cc2e-a678-427b-ba1b-1ed51188e351&fields=id&fields=name HTTP/1.1" status: 200 len: 312 time: 0.0296676
2026-05-27 11:08:39.774 10 WARNING neutron_lib.context [None req-cc762ac8-730b-485e-9899-4c510b9e9096 636542bf9c244871be7da67191878161 27cebbca587240ea9794a2e6ffa559b2 - - default default] Method 'is_advsvc' is deprecated since 2023.2 release (neutron-lib 3.8.0) and will be removed once support for the old RBAC API policies will be removed from Neutron. Please use method 'is_service_role' instead.
2026-05-27 11:08:39.786 11 INFO neutron.api.wsgi [None req-f2a12622-669f-456b-8b11-7ef99f426cea f688e00d19bd41ae8dddb9631ad12b55 27a3692f1ab94d7ca7f11ee42d1fb063 - - default default] 10.0.0.9 "DELETE /v2.0/ports/b2787f90-825a-4f5f-b3fb-42cbfcd5c548 HTTP/1.1" status: 204 len: 168 time: 0.2917700
2026-05-27 11:08:39.827 11 INFO neutron.api.wsgi [None req-1aa3c45b-34aa-4143-814a-de708164b130 f688e00d19bd41ae8dddb9631ad12b55 27a3692f1ab94d7ca7f11ee42d1fb063 - - default default] 10.0.0.9 "GET /v2.0/ports?device_id=8a22bc6f-5bb7-432f-a2a4-9db15f9c8f0e HTTP/1.1" status: 200 len: 1140 time: 0.0348079
2026-05-27 11:08:39.903 10 INFO neutron.db.ovn_revision_numbers_db [None req-cc762ac8-730b-485e-9899-4c510b9e9096 636542bf9c244871be7da67191878161 27cebbca587240ea9794a2e6ffa559b2 - - default default] Successfully bumped revision number for resource 5f1653a3-2497-44d5-b51c-997700676e71 (type: security_groups) to 1
2026-05-27 11:08:39.995 10 INFO neutron.db.ovn_revision_numbers_db [None req-cc762ac8-730b-485e-9899-4c510b9e9096 636542bf9c244871be7da67191878161 27cebbca587240ea9794a2e6ffa559b2 - - default default] Successfully bumped revision number for resource 25bae05d-0a7f-46ae-889b-65941ecc8d99 (type: security_group_rules) to 0
2026-05-27 11:08:40.022 10 INFO neutron.db.ovn_revision_numbers_db [None req-cc762ac8-730b-485e-9899-4c510b9e9096 636542bf9c244871be7da67191878161 27cebbca587240ea9794a2e6ffa559b2 - - default default] Successfully bumped revision number for resource 599dba3f-d0cd-4b29-b46f-7e268745d840 (type: security_group_rules) to 0
2026-05-27 11:08:40.062 10 INFO neutron.api.wsgi [None req-cc762ac8-730b-485e-9899-4c510b9e9096 636542bf9c244871be7da67191878161 27cebbca587240ea9794a2e6ffa559b2 - - default default] 10.0.0.9 "POST /v2.0/security-groups HTTP/1.1" status: 201 len: 1859 time: 0.2939813
2026-05-27 11:08:40.084 11 WARNING neutron_lib.context [None req-fccd548f-770a-4c82-8a28-37a355dcf496 636542bf9c244871be7da67191878161 27cebbca587240ea9794a2e6ffa559b2 - - default default] Method 'is_advsvc' is deprecated since 2023.2 release (neutron-lib 3.8.0) and will be removed once support for the old RBAC API policies will be removed from Neutron. Please use method 'is_service_role' instead.
2026-05-27 11:08:40.246 11 INFO neutron.db.ovn_revision_numbers_db [None req-fccd548f-770a-4c82-8a28-37a355dcf496 636542bf9c244871be7da67191878161 27cebbca587240ea9794a2e6ffa559b2 - - default default] Successfully bumped revision number for resource 71095304-490d-4a4f-b3d2-7ffb928f9563 (type: security_group_rules) to 0
2026-05-27 11:08:40.285 11 INFO neutron.api.wsgi [None req-fccd548f-770a-4c82-8a28-37a355dcf496 636542bf9c244871be7da67191878161 27cebbca587240ea9794a2e6ffa559b2 - - default default] 10.0.0.9 "POST /v2.0/security-group-rules HTTP/1.1" status: 201 len: 796 time: 0.2079957 /var/lib/openstack/lib/python3.12/site-packages/pycadf/identifier.py:71: UserWarning: Invalid uuid: neutron. To ensure interoperability, identifiers should be a valid uuid. warnings.warn(('Invalid uuid: %s. To ensure interoperability, '
2026-05-27 11:08:40.295 10 WARNING neutron_lib.context [None req-fbaf9f4c-1b1f-47bc-a184-828b484ac997 636542bf9c244871be7da67191878161 27cebbca587240ea9794a2e6ffa559b2 - - default default] Method 'is_advsvc' is deprecated since 2023.2 release (neutron-lib 3.8.0) and will be removed once support for the old RBAC API policies will be removed from Neutron. Please use method 'is_service_role' instead.
2026-05-27 11:08:40.434 10 INFO neutron.db.ovn_revision_numbers_db [None req-fbaf9f4c-1b1f-47bc-a184-828b484ac997 636542bf9c244871be7da67191878161 27cebbca587240ea9794a2e6ffa559b2 - - default default] Successfully bumped revision number for resource c1f7f334-d10f-4ad0-b750-a936fae084a9 (type: security_group_rules) to 0
2026-05-27 11:08:40.481 10 INFO neutron.api.wsgi [None req-fbaf9f4c-1b1f-47bc-a184-828b484ac997 636542bf9c244871be7da67191878161 27cebbca587240ea9794a2e6ffa559b2 - - default default] 10.0.0.9 "POST /v2.0/security-group-rules HTTP/1.1" status: 201 len: 801 time: 0.1914752
2026-05-27 11:08:40.491 10 WARNING neutron_lib.context [None req-868053fa-e0d8-4209-be43-986223fc98f7 636542bf9c244871be7da67191878161 27cebbca587240ea9794a2e6ffa559b2 - - default default] Method 'is_advsvc' is deprecated since 2023.2 release (neutron-lib 3.8.0) and will be removed once support for the old RBAC API policies will be removed from Neutron. Please use method 'is_service_role' instead.
2026-05-27 11:08:41.238 10 WARNING neutron.scheduler.dhcp_agent_scheduler [None req-868053fa-e0d8-4209-be43-986223fc98f7 636542bf9c244871be7da67191878161 27cebbca587240ea9794a2e6ffa559b2 - - default default] No more DHCP agents
2026-05-27 11:08:41.240 10 WARNING neutron.api.rpc.agentnotifiers.dhcp_rpc_agent_api [None req-868053fa-e0d8-4209-be43-986223fc98f7 636542bf9c244871be7da67191878161 27cebbca587240ea9794a2e6ffa559b2 - - default default] Unable to schedule network 1644c29e-3c19-456c-a085-53701fa5b8c7: no agents available; will retry on subsequent port and subnet creation events.
2026-05-27 11:08:41.397 11 INFO neutron.api.wsgi [None req-162aa921-7370-4517-9b46-d2b8deb58f48 f688e00d19bd41ae8dddb9631ad12b55 27a3692f1ab94d7ca7f11ee42d1fb063 - - default default] 10.0.0.9 "PUT /v2.0/routers/8a22bc6f-5bb7-432f-a2a4-9db15f9c8f0e/remove_router_interface HTTP/1.1" status: 200 len: 503 time: 1.5647349 /var/lib/openstack/lib/python3.12/site-packages/pycadf/identifier.py:71: UserWarning: Invalid uuid: neutron. To ensure interoperability, identifiers should be a valid uuid. warnings.warn(('Invalid uuid: %s. To ensure interoperability, '
2026-05-27 11:08:41.529 10 INFO neutron.api.wsgi [None req-868053fa-e0d8-4209-be43-986223fc98f7 636542bf9c244871be7da67191878161 27cebbca587240ea9794a2e6ffa559b2 - - default default] 10.0.0.9 "POST /v2.0/floatingips HTTP/1.1" status: 201 len: 751 time: 1.0414460
