2026-05-27 11:07:38.103 10 INFO neutron.api.wsgi [None req-068ea166-33e8-45bf-942e-10997ff82b45 e1764593464c4aa78df777aa75f0e064 ea974855a7484f339df3e98ed07b1cd9 - - default default] 10.0.0.9 "DELETE /v2.0/security-groups/c92c439b-3bcd-4f9d-9019-d6fb6bf54c58 HTTP/1.1" status: 204 len: 168 time: 0.2361207
2026-05-27 11:07:38.109 11 INFO neutron.api.wsgi [None req-636c6289-412d-432a-bc13-294aa025bf47 e1764593464c4aa78df777aa75f0e064 ea974855a7484f339df3e98ed07b1cd9 - - default default] 10.0.0.9 "GET /v2.0/security-groups?tenant_id=63759dd94bc64342b083fab93efad61f&name=default HTTP/1.1" status: 200 len: 3120 time: 0.2700229
2026-05-27 11:07:38.141 11 INFO neutron.api.wsgi [req-79e8ab7e-a160-4a38-a262-2e969ab1d65e req-e58d3dac-d511-4451-bcb1-4116b27bdafa 4357ec62cc014561b8f2f31f6f53727b 2bef533d0e9c45268e33ab59609716e7 - - default default] 199.19.213.37 "GET /v2.0/networks?id=d15cbdbe-2a28-41fb-aca4-9ba5ce1655cf HTTP/1.1" status: 200 len: 869 time: 0.2801118
2026-05-27 11:07:38.200 11 INFO neutron.api.wsgi [req-79e8ab7e-a160-4a38-a262-2e969ab1d65e req-dd0d878d-c5b1-412a-98a5-fe582f7fbfb0 4357ec62cc014561b8f2f31f6f53727b 2bef533d0e9c45268e33ab59609716e7 - - default default] 199.19.213.37 "GET /v2.0/security-groups?fields=id&fields=name&tenant_id=2bef533d0e9c45268e33ab59609716e7 HTTP/1.1" status: 200 len: 379 time: 0.0387404
2026-05-27 11:07:38.208 11 WARNING neutron_lib.context [req-79e8ab7e-a160-4a38-a262-2e969ab1d65e req-dbaaebd7-d323-44a8-8a15-d0d132f69f75 4357ec62cc014561b8f2f31f6f53727b 2bef533d0e9c45268e33ab59609716e7 - - default default] Method 'is_advsvc' is deprecated since 2023.2 release (neutron-lib 3.8.0) and will be removed once support for the old RBAC API policies will be removed from Neutron. Please use method 'is_service_role' instead.
2026-05-27 11:07:38.347 10 INFO neutron.api.wsgi [None req-372f6e6c-3017-4550-9448-2260149dd440 e1764593464c4aa78df777aa75f0e064 ea974855a7484f339df3e98ed07b1cd9 - - default default] 10.0.0.9 "DELETE /v2.0/security-groups/8c039a8c-087a-4a14-b7d3-b08040a45c95 HTTP/1.1" status: 204 len: 168 time: 0.2321949
2026-05-27 11:07:38.423 10 INFO neutron.db.ovn_revision_numbers_db [None req-ba801f3d-bf76-4386-a92e-b69bf028b3ce e1764593464c4aa78df777aa75f0e064 ea974855a7484f339df3e98ed07b1cd9 - - default default] Successfully bumped revision number for resource 6990ca14-81c8-4f44-ab3b-8565d1b4b241 (type: security_groups) to 1
2026-05-27 11:07:38.438 10 INFO neutron.db.ovn_revision_numbers_db [None req-ba801f3d-bf76-4386-a92e-b69bf028b3ce e1764593464c4aa78df777aa75f0e064 ea974855a7484f339df3e98ed07b1cd9 - - default default] Successfully bumped revision number for resource 658dcfb7-7e2b-41c9-baec-3cd4f102e2a0 (type: security_group_rules) to 0
2026-05-27 11:07:38.454 10 INFO neutron.db.ovn_revision_numbers_db [None req-ba801f3d-bf76-4386-a92e-b69bf028b3ce e1764593464c4aa78df777aa75f0e064 ea974855a7484f339df3e98ed07b1cd9 - - default default] Successfully bumped revision number for resource 881a4d89-3349-4477-9eaa-36f5d5dbd5ac (type: security_group_rules) to 0
2026-05-27 11:07:38.467 10 INFO neutron.db.ovn_revision_numbers_db [None req-ba801f3d-bf76-4386-a92e-b69bf028b3ce e1764593464c4aa78df777aa75f0e064 ea974855a7484f339df3e98ed07b1cd9 - - default default] Successfully bumped revision number for resource a7722d2c-01ed-4374-b008-7ad1f14fe0c3 (type: security_group_rules) to 0
2026-05-27 11:07:38.494 10 INFO neutron.db.ovn_revision_numbers_db [None req-ba801f3d-bf76-4386-a92e-b69bf028b3ce e1764593464c4aa78df777aa75f0e064 ea974855a7484f339df3e98ed07b1cd9 - - default default] Successfully bumped revision number for resource aa1121d1-2242-4383-bf15-1424ae99567c (type: security_group_rules) to 0
2026-05-27 11:07:38.577 10 INFO neutron.db.segments_db [None req-ba801f3d-bf76-4386-a92e-b69bf028b3ce e1764593464c4aa78df777aa75f0e064 ea974855a7484f339df3e98ed07b1cd9 - - default default] Added segment 8a0d54bc-19db-4dfb-9626-9ac048b45297 of type geneve for network 5d2f49b7-088a-4204-a134-2f4f152fed67
2026-05-27 11:07:38.593 10 INFO neutron.api.wsgi [req-c1eefcd3-32c1-42a7-bc33-b73153dba627 req-2a81cdb2-0cd5-4877-b299-75f06423769e 4357ec62cc014561b8f2f31f6f53727b 2bef533d0e9c45268e33ab59609716e7 - - default default] 10.0.0.91 "GET /v2.0/ports?device_id=c882d480-ed81-41c8-ac02-eb0e51096cb6 HTTP/1.1" status: 200 len: 210 time: 0.0152240
2026-05-27 11:07:38.638 11 INFO neutron.services.segments.plugin [-] Segment f7b88ac0-39d5-4d6a-bbab-7f4bf550eba6 resource provider aggregate not found
2026-05-27 11:07:38.654 11 INFO neutron.services.segments.plugin [-] Segment f7b88ac0-39d5-4d6a-bbab-7f4bf550eba6 resource provider not found; error: Placement Client Error (4xx): {"errors": [{"status": 404, "title": "Not Found", "detail": "The resource could not be found.\n\n No resource provider with uuid f7b88ac0-39d5-4d6a-bbab-7f4bf550eba6 found for delete ", "request_id": "req-ee65e1a5-196b-43fe-ba55-93c530118067"}]}
2026-05-27 11:07:38.664 11 INFO neutron.services.segments.plugin [-] Segment f7b88ac0-39d5-4d6a-bbab-7f4bf550eba6 resource provider aggregate not found
2026-05-27 11:07:38.671 11 WARNING neutron.scheduler.dhcp_agent_scheduler [req-79e8ab7e-a160-4a38-a262-2e969ab1d65e req-dbaaebd7-d323-44a8-8a15-d0d132f69f75 4357ec62cc014561b8f2f31f6f53727b 2bef533d0e9c45268e33ab59609716e7 - - default default] No more DHCP agents
2026-05-27 11:07:38.673 11 WARNING neutron.api.rpc.agentnotifiers.dhcp_rpc_agent_api [req-79e8ab7e-a160-4a38-a262-2e969ab1d65e req-dbaaebd7-d323-44a8-8a15-d0d132f69f75 4357ec62cc014561b8f2f31f6f53727b 2bef533d0e9c45268e33ab59609716e7 - - default default] Unable to schedule network d15cbdbe-2a28-41fb-aca4-9ba5ce1655cf: no agents available; will retry on subsequent port and subnet creation events.
2026-05-27 11:07:38.679 11 INFO neutron.services.segments.plugin [-] Segment f7b88ac0-39d5-4d6a-bbab-7f4bf550eba6 resource provider not found; error: Placement Client Error (4xx): {"errors": [{"status": 404, "title": "Not Found", "detail": "The resource could not be found.\n\n No resource provider with uuid f7b88ac0-39d5-4d6a-bbab-7f4bf550eba6 found for delete ", "request_id": "req-f10984e5-c97c-4d8a-8602-6bf0b47b3c6d"}]}
2026-05-27 11:07:38.719 10 INFO neutron.db.ovn_revision_numbers_db [None req-ba801f3d-bf76-4386-a92e-b69bf028b3ce e1764593464c4aa78df777aa75f0e064 ea974855a7484f339df3e98ed07b1cd9 - - default default] Successfully bumped revision number for resource 5d2f49b7-088a-4204-a134-2f4f152fed67 (type: networks) to 1
2026-05-27 11:07:38.803 11 INFO neutron.db.ovn_revision_numbers_db [req-79e8ab7e-a160-4a38-a262-2e969ab1d65e req-dbaaebd7-d323-44a8-8a15-d0d132f69f75 4357ec62cc014561b8f2f31f6f53727b 2bef533d0e9c45268e33ab59609716e7 - - default default] Successfully bumped revision number for resource 35c41949-1bf0-48a6-a4bc-cc6ccf92b683 (type: ports) to 1
2026-05-27 11:07:38.829 11 INFO neutron.api.wsgi [req-79e8ab7e-a160-4a38-a262-2e969ab1d65e req-dbaaebd7-d323-44a8-8a15-d0d132f69f75 4357ec62cc014561b8f2f31f6f53727b 2bef533d0e9c45268e33ab59609716e7 - - default default] 199.19.213.37 "POST /v2.0/ports HTTP/1.1" status: 201 len: 1162 time: 0.6248894 /var/lib/openstack/lib/python3.12/site-packages/pycadf/identifier.py:71: UserWarning: Invalid uuid: neutron. To ensure interoperability, identifiers should be a valid uuid. warnings.warn(('Invalid uuid: %s. To ensure interoperability, '
2026-05-27 11:07:38.838 11 INFO neutron.api.wsgi [req-79e8ab7e-a160-4a38-a262-2e969ab1d65e req-034a8eef-e5b1-464c-97df-ff0c71a48c2f 4357ec62cc014561b8f2f31f6f53727b 2bef533d0e9c45268e33ab59609716e7 - - default default] 199.19.213.37 "GET /v2.0/extensions HTTP/1.1" status: 200 len: 19298 time: 0.0054824
2026-05-27 11:07:38.872 10 WARNING neutron.scheduler.dhcp_agent_scheduler [None req-ba801f3d-bf76-4386-a92e-b69bf028b3ce e1764593464c4aa78df777aa75f0e064 ea974855a7484f339df3e98ed07b1cd9 - - default default] No more DHCP agents
2026-05-27 11:07:38.873 10 WARNING neutron.api.rpc.agentnotifiers.dhcp_rpc_agent_api [None req-ba801f3d-bf76-4386-a92e-b69bf028b3ce e1764593464c4aa78df777aa75f0e064 ea974855a7484f339df3e98ed07b1cd9 - - default default] Unable to schedule network 5d2f49b7-088a-4204-a134-2f4f152fed67: no agents available; will retry on subsequent port and subnet creation events.
2026-05-27 11:07:38.922 10 INFO neutron.db.ovn_revision_numbers_db [None req-ba801f3d-bf76-4386-a92e-b69bf028b3ce e1764593464c4aa78df777aa75f0e064 ea974855a7484f339df3e98ed07b1cd9 - - default default] Successfully bumped revision number for resource 474eebdd-02b4-4341-a945-4730f6a486ef (type: ports) to 1
2026-05-27 11:07:38.941 10 INFO neutron.api.wsgi [None req-ba801f3d-bf76-4386-a92e-b69bf028b3ce e1764593464c4aa78df777aa75f0e064 ea974855a7484f339df3e98ed07b1cd9 - - default default] 10.0.0.9 "POST /v2.0/networks HTTP/1.1" status: 201 len: 952 time: 0.7073026
2026-05-27 11:07:39.063 10 WARNING neutron.scheduler.dhcp_agent_scheduler [None req-ed062023-2bda-4a21-b896-3b6965ca962d e1764593464c4aa78df777aa75f0e064 ea974855a7484f339df3e98ed07b1cd9 - - default default] No more DHCP agents
2026-05-27 11:07:39.064 10 WARNING neutron.api.rpc.agentnotifiers.dhcp_rpc_agent_api [None req-ed062023-2bda-4a21-b896-3b6965ca962d e1764593464c4aa78df777aa75f0e064 ea974855a7484f339df3e98ed07b1cd9 - - default default] Unable to schedule network 5d2f49b7-088a-4204-a134-2f4f152fed67: no agents available; will retry on subsequent port and subnet creation events.
2026-05-27 11:07:39.441 10 INFO neutron.db.ovn_revision_numbers_db [None req-e61e4b97-f7fc-4e9c-a231-ead6673955fd - - - - - -] Successfully bumped revision number for resource 474eebdd-02b4-4341-a945-4730f6a486ef (type: ports) to 2
2026-05-27 11:07:39.465 10 INFO neutron.db.ovn_revision_numbers_db [None req-e61e4b97-f7fc-4e9c-a231-ead6673955fd - - - - - -] Successfully bumped revision number for resource 5648b39b-9e57-4b4d-aba8-89c316a7532a (type: subnets) to 0
2026-05-27 11:07:39.477 10 INFO neutron.api.wsgi [None req-ed062023-2bda-4a21-b896-3b6965ca962d e1764593464c4aa78df777aa75f0e064 ea974855a7484f339df3e98ed07b1cd9 - - default default] 10.0.0.9 "POST /v2.0/subnets HTTP/1.1" status: 201 len: 897 time: 0.5272965
2026-05-27 11:07:39.721 11 INFO neutron.db.ovn_revision_numbers_db [req-79e8ab7e-a160-4a38-a262-2e969ab1d65e req-0ac9a4e3-51bf-4bd4-9ec3-b13ed7614a09 d5711ff9ac8a43d98f53b060c4b1362b fe2cb8ebbcda447da4f985851cf6d105 - - f5803dd769f047eca26592da6f65259a f5803dd769f047eca26592da6f65259a] Successfully bumped revision number for resource 35c41949-1bf0-48a6-a4bc-cc6ccf92b683 (type: ports) to 2
2026-05-27 11:07:39.773 10 INFO neutron.api.wsgi [req-d24e5cb2-bffa-48b1-a9fb-91d29e7a6698 req-bd27289c-9125-4ab2-b33b-2b5d9dd077e7 4357ec62cc014561b8f2f31f6f53727b 2bef533d0e9c45268e33ab59609716e7 - - default default] 10.0.0.91 "GET /v2.0/ports?device_id=c882d480-ed81-41c8-ac02-eb0e51096cb6 HTTP/1.1" status: 200 len: 1172 time: 0.1112888
2026-05-27 11:07:39.830 10 INFO neutron.api.wsgi [req-d24e5cb2-bffa-48b1-a9fb-91d29e7a6698 req-5a2567ce-2c85-427f-930b-4e44909fad59 4357ec62cc014561b8f2f31f6f53727b 2bef533d0e9c45268e33ab59609716e7 - - default default] 10.0.0.91 "GET /v2.0/security-groups?id=57c25dd5-b269-4320-965a-53ad2cab8a04&fields=id&fields=name HTTP/1.1" status: 200 len: 312 time: 0.0493975
2026-05-27 11:07:39.940 10 WARNING neutron.scheduler.dhcp_agent_scheduler [None req-60d97295-a076-4ab2-84e9-f161b916a037 e1764593464c4aa78df777aa75f0e064 ea974855a7484f339df3e98ed07b1cd9 - - default default] No more DHCP agents
2026-05-27 11:07:39.942 10 WARNING neutron.api.rpc.agentnotifiers.dhcp_rpc_agent_api [None req-60d97295-a076-4ab2-84e9-f161b916a037 e1764593464c4aa78df777aa75f0e064 ea974855a7484f339df3e98ed07b1cd9 - - default default] Unable to schedule network 1644c29e-3c19-456c-a085-53701fa5b8c7: no agents available; will retry on subsequent port and subnet creation events.
2026-05-27 11:07:39.947 11 INFO neutron.db.ovn_revision_numbers_db [req-79e8ab7e-a160-4a38-a262-2e969ab1d65e req-0ac9a4e3-51bf-4bd4-9ec3-b13ed7614a09 d5711ff9ac8a43d98f53b060c4b1362b fe2cb8ebbcda447da4f985851cf6d105 - - f5803dd769f047eca26592da6f65259a f5803dd769f047eca26592da6f65259a] Successfully bumped revision number for resource 35c41949-1bf0-48a6-a4bc-cc6ccf92b683 (type: ports) to 4
2026-05-27 11:07:39.983 11 INFO neutron.api.wsgi [req-79e8ab7e-a160-4a38-a262-2e969ab1d65e req-0ac9a4e3-51bf-4bd4-9ec3-b13ed7614a09 d5711ff9ac8a43d98f53b060c4b1362b fe2cb8ebbcda447da4f985851cf6d105 - - f5803dd769f047eca26592da6f65259a f5803dd769f047eca26592da6f65259a] 199.19.213.37 "PUT /v2.0/ports/35c41949-1bf0-48a6-a4bc-cc6ccf92b683 HTTP/1.1" status: 200 len: 1408 time: 0.7879872
2026-05-27 11:07:40.109 10 INFO neutron.db.ovn_revision_numbers_db [None req-60d97295-a076-4ab2-84e9-f161b916a037 e1764593464c4aa78df777aa75f0e064 ea974855a7484f339df3e98ed07b1cd9 - - default default] Successfully bumped revision number for resource caaaa78c-6cb1-40a3-ab40-c162bb7b5dbc (type: ports) to 1
2026-05-27 11:07:40.346 10 INFO neutron.db.ovn_revision_numbers_db [None req-2234bcb0-9713-451a-baba-b40fef2e698a e1764593464c4aa78df777aa75f0e064 ea974855a7484f339df3e98ed07b1cd9 - - default default] Successfully bumped revision number for resource 9445aecd-7f8c-401b-8563-fb6dd456a9a3 (type: security_groups) to 1
2026-05-27 11:07:40.365 10 INFO neutron.db.ovn_revision_numbers_db [None req-2234bcb0-9713-451a-baba-b40fef2e698a e1764593464c4aa78df777aa75f0e064 ea974855a7484f339df3e98ed07b1cd9 - - default default] Successfully bumped revision number for resource 322f4ed7-5471-4a60-90df-437fba8b2e8c (type: security_group_rules) to 0
2026-05-27 11:07:40.386 10 INFO neutron.db.ovn_revision_numbers_db [None req-2234bcb0-9713-451a-baba-b40fef2e698a e1764593464c4aa78df777aa75f0e064 ea974855a7484f339df3e98ed07b1cd9 - - default default] Successfully bumped revision number for resource 38d47dba-546d-495c-bd3b-e513d743f103 (type: security_group_rules) to 0
2026-05-27 11:07:40.405 10 INFO neutron.db.ovn_revision_numbers_db [None req-2234bcb0-9713-451a-baba-b40fef2e698a e1764593464c4aa78df777aa75f0e064 ea974855a7484f339df3e98ed07b1cd9 - - default default] Successfully bumped revision number for resource 4207e686-bb56-4f1b-b62a-c58bafab8a6b (type: security_group_rules) to 0
2026-05-27 11:07:40.422 10 INFO neutron.db.ovn_revision_numbers_db [None req-2234bcb0-9713-451a-baba-b40fef2e698a e1764593464c4aa78df777aa75f0e064 ea974855a7484f339df3e98ed07b1cd9 - - default default] Successfully bumped revision number for resource e88112eb-a59a-4b62-bf42-15f9c3197c03 (type: security_group_rules) to 0
2026-05-27 11:07:40.515 10 INFO neutron.db.segments_db [None req-2234bcb0-9713-451a-baba-b40fef2e698a e1764593464c4aa78df777aa75f0e064 ea974855a7484f339df3e98ed07b1cd9 - - default default] Added segment 766c40e3-fee4-4173-aab0-2ae1694aa582 of type geneve for network 272aa33f-14b1-4e11-b7b4-280e4424060a
2026-05-27 11:07:40.520 11 INFO neutron.notifiers.nova [-] Nova event matching ['req-aca27fb2-833f-49a8-bb14-dda56a8dbcde'] response: {'name': 'network-changed', 'server_uuid': 'c882d480-ed81-41c8-ac02-eb0e51096cb6', 'tag': '35c41949-1bf0-48a6-a4bc-cc6ccf92b683', 'status': 'completed', 'code': 200}
2026-05-27 11:07:40.647 10 INFO neutron.db.ovn_revision_numbers_db [None req-2234bcb0-9713-451a-baba-b40fef2e698a e1764593464c4aa78df777aa75f0e064 ea974855a7484f339df3e98ed07b1cd9 - - default default] Successfully bumped revision number for resource 272aa33f-14b1-4e11-b7b4-280e4424060a (type: networks) to 1
2026-05-27 11:07:40.725 10 INFO neutron.plugins.ml2.drivers.ovn.mech_driver.ovsdb.commands [None req-75721562-f0b3-4c0a-b445-da1206aed6ad - - - - - -] Schedule LRP lrp-caaaa78c-6cb1-40a3-ab40-c162bb7b5dbc on gateway 63d46362-dc81-4dfd-a5f8-36b1c107d5ed with priority 1
2026-05-27 11:07:40.739 11 INFO neutron.plugins.ml2.drivers.ovn.mech_driver.mech_driver [None req-307d3e6d-81f9-476e-a078-3401e953c7a0 - - - - - -] OVN reports status up for port: caaaa78c-6cb1-40a3-ab40-c162bb7b5dbc
2026-05-27 11:07:40.751 11 INFO neutron.plugins.ml2.plugin [None req-307d3e6d-81f9-476e-a078-3401e953c7a0 - - - - - -] Attempt 1 to provision port caaaa78c-6cb1-40a3-ab40-c162bb7b5dbc
2026-05-27 11:07:40.758 10 INFO neutron.plugins.ml2.drivers.ovn.mech_driver.ovsdb.ovsdb_monitor [None req-42783af5-f4cc-4e36-b60d-39fbb34a7541 - - - - - -] Router c9fe0fc7-21bd-45bf-bfb6-a7336ffb4881 is bound to host instance
2026-05-27 11:07:40.783 10 INFO neutron.db.ovn_revision_numbers_db [None req-60d97295-a076-4ab2-84e9-f161b916a037 e1764593464c4aa78df777aa75f0e064 ea974855a7484f339df3e98ed07b1cd9 - - default default] Successfully bumped revision number for resource caaaa78c-6cb1-40a3-ab40-c162bb7b5dbc (type: router_ports) to 1 /var/lib/openstack/lib/python3.12/site-packages/pycadf/identifier.py:71: UserWarning: Invalid uuid: neutron. To ensure interoperability, identifiers should be a valid uuid. warnings.warn(('Invalid uuid: %s. To ensure interoperability, '
2026-05-27 11:07:41.031 10 INFO neutron.db.ovn_revision_numbers_db [None req-60d97295-a076-4ab2-84e9-f161b916a037 e1764593464c4aa78df777aa75f0e064 ea974855a7484f339df3e98ed07b1cd9 - - default default] Successfully bumped revision number for resource c9fe0fc7-21bd-45bf-bfb6-a7336ffb4881 (type: routers) to 2
2026-05-27 11:07:41.037 10 WARNING neutron.scheduler.dhcp_agent_scheduler [None req-2234bcb0-9713-451a-baba-b40fef2e698a e1764593464c4aa78df777aa75f0e064 ea974855a7484f339df3e98ed07b1cd9 - - default default] No more DHCP agents
2026-05-27 11:07:41.043 10 INFO neutron.api.wsgi [req-f13ac25c-fdee-4c86-baf1-577a298fdb56 req-f8e46875-4a19-47c2-ab3f-58b9bac5fb08 4357ec62cc014561b8f2f31f6f53727b 2bef533d0e9c45268e33ab59609716e7 - - default default] 10.0.0.91 "GET /v2.0/ports?device_id=c882d480-ed81-41c8-ac02-eb0e51096cb6 HTTP/1.1" status: 200 len: 1172 time: 0.0640898
2026-05-27 11:07:41.046 10 WARNING neutron.api.rpc.agentnotifiers.dhcp_rpc_agent_api [None req-2234bcb0-9713-451a-baba-b40fef2e698a e1764593464c4aa78df777aa75f0e064 ea974855a7484f339df3e98ed07b1cd9 - - default default] Unable to schedule network 272aa33f-14b1-4e11-b7b4-280e4424060a: no agents available; will retry on subsequent port and subnet creation events.
2026-05-27 11:07:41.071 10 INFO neutron.api.wsgi [None req-60d97295-a076-4ab2-84e9-f161b916a037 e1764593464c4aa78df777aa75f0e064 ea974855a7484f339df3e98ed07b1cd9 - - default default] 10.0.0.9 "POST /v2.0/routers HTTP/1.1" status: 201 len: 1175 time: 1.5890388
2026-05-27 11:07:41.072 11 INFO neutron.api.wsgi [req-79e8ab7e-a160-4a38-a262-2e969ab1d65e req-79e760db-5591-40cb-a0a3-ae47e1afd216 d5711ff9ac8a43d98f53b060c4b1362b fe2cb8ebbcda447da4f985851cf6d105 - - f5803dd769f047eca26592da6f65259a f5803dd769f047eca26592da6f65259a] 199.19.213.37 "GET /v2.0/ports?tenant_id=2bef533d0e9c45268e33ab59609716e7&device_id=c882d480-ed81-41c8-ac02-eb0e51096cb6 HTTP/1.1" status: 200 len: 1411 time: 0.0759909
2026-05-27 11:07:41.110 11 INFO neutron.api.wsgi [req-79e8ab7e-a160-4a38-a262-2e969ab1d65e req-41189c90-7f15-4447-ad10-ac437ade5f9f d5711ff9ac8a43d98f53b060c4b1362b fe2cb8ebbcda447da4f985851cf6d105 - - f5803dd769f047eca26592da6f65259a f5803dd769f047eca26592da6f65259a] 199.19.213.37 "GET /v2.0/floatingips?fixed_ip_address=10.100.0.13&port_id=35c41949-1bf0-48a6-a4bc-cc6ccf92b683 HTTP/1.1" status: 200 len: 217 time: 0.0350356
2026-05-27 11:07:41.113 10 INFO neutron.api.wsgi [req-f13ac25c-fdee-4c86-baf1-577a298fdb56 req-23aa04f8-a5fb-4e1a-89cf-eb0a27a0a13f 4357ec62cc014561b8f2f31f6f53727b 2bef533d0e9c45268e33ab59609716e7 - - default default] 10.0.0.91 "GET /v2.0/security-groups?id=57c25dd5-b269-4320-965a-53ad2cab8a04&fields=id&fields=name HTTP/1.1" status: 200 len: 312 time: 0.0649996
2026-05-27 11:07:41.153 11 INFO neutron.api.wsgi [req-79e8ab7e-a160-4a38-a262-2e969ab1d65e req-837e039c-9881-4b38-a207-ff7c2d09226d d5711ff9ac8a43d98f53b060c4b1362b fe2cb8ebbcda447da4f985851cf6d105 - - f5803dd769f047eca26592da6f65259a f5803dd769f047eca26592da6f65259a] 199.19.213.37 "GET /v2.0/subnets?id=49603f1d-43b2-4d1d-995f-47bb83931085 HTTP/1.1" status: 200 len: 887 time: 0.0394835
2026-05-27 11:07:41.169 10 INFO neutron.db.ovn_revision_numbers_db [None req-2234bcb0-9713-451a-baba-b40fef2e698a e1764593464c4aa78df777aa75f0e064 ea974855a7484f339df3e98ed07b1cd9 - - default default] Successfully bumped revision number for resource 6587791c-6383-4b57-a268-96dcde3c2cfd (type: ports) to 1
2026-05-27 11:07:41.192 11 INFO neutron.api.wsgi [req-79e8ab7e-a160-4a38-a262-2e969ab1d65e req-31d0f4cb-6986-4d44-9ff6-33b18e25f08a d5711ff9ac8a43d98f53b060c4b1362b fe2cb8ebbcda447da4f985851cf6d105 - - f5803dd769f047eca26592da6f65259a f5803dd769f047eca26592da6f65259a] 199.19.213.37 "GET /v2.0/ports?network_id=d15cbdbe-2a28-41fb-aca4-9ba5ce1655cf&device_owner=network%3Adhcp HTTP/1.1" status: 200 len: 210 time: 0.0334036
2026-05-27 11:07:41.216 10 INFO neutron.api.wsgi [None req-2234bcb0-9713-451a-baba-b40fef2e698a e1764593464c4aa78df777aa75f0e064 ea974855a7484f339df3e98ed07b1cd9 - - default default] 10.0.0.9 "POST /v2.0/networks HTTP/1.1" status: 201 len: 946 time: 1.3361282
2026-05-27 11:07:41.239 11 INFO neutron.api.wsgi [req-79e8ab7e-a160-4a38-a262-2e969ab1d65e req-0c024f38-fbdb-43ed-a7ee-f91949c42a14 d5711ff9ac8a43d98f53b060c4b1362b fe2cb8ebbcda447da4f985851cf6d105 - - f5803dd769f047eca26592da6f65259a f5803dd769f047eca26592da6f65259a] 199.19.213.37 "GET /v2.0/networks/d15cbdbe-2a28-41fb-aca4-9ba5ce1655cf?fields=segments HTTP/1.1" status: 200 len: 212 time: 0.0395889
2026-05-27 11:07:41.291 11 INFO neutron.api.wsgi [req-79e8ab7e-a160-4a38-a262-2e969ab1d65e req-a4835913-2646-4445-943a-49c9656a4015 d5711ff9ac8a43d98f53b060c4b1362b fe2cb8ebbcda447da4f985851cf6d105 - - f5803dd769f047eca26592da6f65259a f5803dd769f047eca26592da6f65259a] 199.19.213.37 "GET /v2.0/networks/d15cbdbe-2a28-41fb-aca4-9ba5ce1655cf?fields=provider%3Aphysical_network&fields=provider%3Anetwork_type HTTP/1.1" status: 200 len: 277 time: 0.0464740
2026-05-27 11:07:41.356 11 WARNING neutron.scheduler.dhcp_agent_scheduler [None req-cdfa6b13-64d2-4727-bf1f-503f2903fd1c e1764593464c4aa78df777aa75f0e064 ea974855a7484f339df3e98ed07b1cd9 - - default default] No more DHCP agents
2026-05-27 11:07:41.358 11 WARNING neutron.api.rpc.agentnotifiers.dhcp_rpc_agent_api [None req-cdfa6b13-64d2-4727-bf1f-503f2903fd1c e1764593464c4aa78df777aa75f0e064 ea974855a7484f339df3e98ed07b1cd9 - - default default] Unable to schedule network 272aa33f-14b1-4e11-b7b4-280e4424060a: no agents available; will retry on subsequent port and subnet creation events.
2026-05-27 11:07:41.448 10 INFO neutron.db.ovn_revision_numbers_db [None req-02cf3916-a072-41b4-9ca0-8208d3b6d53c - - - - - -] Successfully bumped revision number for resource caaaa78c-6cb1-40a3-ab40-c162bb7b5dbc (type: ports) to 1
2026-05-27 11:07:41.569 10 WARNING neutron.scheduler.dhcp_agent_scheduler [None req-4ec9ba60-3426-4b5a-9e2b-1f72e9ed75de e1764593464c4aa78df777aa75f0e064 ea974855a7484f339df3e98ed07b1cd9 - - default default] No more DHCP agents
2026-05-27 11:07:41.570 10 WARNING neutron.api.rpc.agentnotifiers.dhcp_rpc_agent_api [None req-4ec9ba60-3426-4b5a-9e2b-1f72e9ed75de e1764593464c4aa78df777aa75f0e064 ea974855a7484f339df3e98ed07b1cd9 - - default default] Unable to schedule network 5d2f49b7-088a-4204-a134-2f4f152fed67: no agents available; will retry on subsequent port and subnet creation events.
2026-05-27 11:07:41.766 10 INFO neutron.db.ovn_revision_numbers_db [None req-4ec9ba60-3426-4b5a-9e2b-1f72e9ed75de e1764593464c4aa78df777aa75f0e064 ea974855a7484f339df3e98ed07b1cd9 - - default default] Successfully bumped revision number for resource 8ab89626-505e-4e68-a316-2ac8346b8fe6 (type: ports) to 1
2026-05-27 11:07:41.829 11 INFO neutron.db.ovn_revision_numbers_db [None req-b4c87d5a-bb19-48d6-89f4-13feae17eaee - - - - - -] Successfully bumped revision number for resource 6587791c-6383-4b57-a268-96dcde3c2cfd (type: ports) to 2
2026-05-27 11:07:41.861 11 INFO neutron.db.ovn_revision_numbers_db [None req-b4c87d5a-bb19-48d6-89f4-13feae17eaee - - - - - -] Successfully bumped revision number for resource abe9b78c-65d5-4c83-bc3d-44b32c2dc1a0 (type: subnets) to 0
2026-05-27 11:07:41.875 11 INFO neutron.api.wsgi [None req-cdfa6b13-64d2-4727-bf1f-503f2903fd1c e1764593464c4aa78df777aa75f0e064 ea974855a7484f339df3e98ed07b1cd9 - - default default] 10.0.0.9 "POST /v2.0/subnets HTTP/1.1" status: 201 len: 890 time: 0.6539958
2026-05-27 11:07:41.899 10 INFO neutron.db.ovn_revision_numbers_db [None req-02cf3916-a072-41b4-9ca0-8208d3b6d53c - - - - - -] Successfully bumped revision number for resource caaaa78c-6cb1-40a3-ab40-c162bb7b5dbc (type: ports) to 4
2026-05-27 11:07:42.250 10 INFO neutron.api.wsgi [req-76d4fef0-3081-4ef6-96da-ce29e76ca293 req-ec5ba63d-d5b1-4c10-ae45-b671c94c6261 4357ec62cc014561b8f2f31f6f53727b 2bef533d0e9c45268e33ab59609716e7 - - default default] 10.0.0.91 "GET /v2.0/ports?device_id=c882d480-ed81-41c8-ac02-eb0e51096cb6 HTTP/1.1" status: 200 len: 1172 time: 0.0653381
2026-05-27 11:07:42.320 10 INFO neutron.api.wsgi [req-76d4fef0-3081-4ef6-96da-ce29e76ca293 req-5d55f4ab-16e5-4e1f-b8a0-419ac5f6f31d 4357ec62cc014561b8f2f31f6f53727b 2bef533d0e9c45268e33ab59609716e7 - - default default] 10.0.0.91 "GET /v2.0/security-groups?id=57c25dd5-b269-4320-965a-53ad2cab8a04&fields=id&fields=name HTTP/1.1" status: 200 len: 312 time: 0.0640283
2026-05-27 11:07:42.354 11 INFO neutron.api.wsgi [req-e4402818-5c8c-4271-be40-cc23ec72da72 req-1761f57b-39ab-4ddc-970b-1ab1ba26a1e6 d5711ff9ac8a43d98f53b060c4b1362b fe2cb8ebbcda447da4f985851cf6d105 - - f5803dd769f047eca26592da6f65259a f5803dd769f047eca26592da6f65259a] 199.19.213.37 "GET /v2.0/ports?tenant_id=2bef533d0e9c45268e33ab59609716e7&device_id=c882d480-ed81-41c8-ac02-eb0e51096cb6 HTTP/1.1" status: 200 len: 1411 time: 0.0307586
2026-05-27 11:07:42.421 11 INFO neutron.api.wsgi [req-e4402818-5c8c-4271-be40-cc23ec72da72 req-ebbf4f5e-b7dc-4e71-8a6b-42bdf72991a1 d5711ff9ac8a43d98f53b060c4b1362b fe2cb8ebbcda447da4f985851cf6d105 - - f5803dd769f047eca26592da6f65259a f5803dd769f047eca26592da6f65259a] 199.19.213.37 "GET /v2.0/networks?id=d15cbdbe-2a28-41fb-aca4-9ba5ce1655cf HTTP/1.1" status: 200 len: 968 time: 0.0574911
2026-05-27 11:07:42.443 11 INFO neutron.api.wsgi [req-e4402818-5c8c-4271-be40-cc23ec72da72 req-584f07e1-4acd-444d-945c-da0e82fe1cca d5711ff9ac8a43d98f53b060c4b1362b fe2cb8ebbcda447da4f985851cf6d105 - - f5803dd769f047eca26592da6f65259a f5803dd769f047eca26592da6f65259a] 199.19.213.37 "GET /v2.0/floatingips?fixed_ip_address=10.100.0.13&port_id=35c41949-1bf0-48a6-a4bc-cc6ccf92b683 HTTP/1.1" status: 200 len: 217 time: 0.0159690
2026-05-27 11:07:42.462 10 INFO neutron.db.ovn_revision_numbers_db [None req-02cf3916-a072-41b4-9ca0-8208d3b6d53c - - - - - -] Successfully bumped revision number for resource caaaa78c-6cb1-40a3-ab40-c162bb7b5dbc (type: ports) to 5
2026-05-27 11:07:42.478 11 INFO neutron.api.wsgi [req-e4402818-5c8c-4271-be40-cc23ec72da72 req-9f2d6350-51aa-4cbb-81be-4253088f8ff7 d5711ff9ac8a43d98f53b060c4b1362b fe2cb8ebbcda447da4f985851cf6d105 - - f5803dd769f047eca26592da6f65259a f5803dd769f047eca26592da6f65259a] 199.19.213.37 "GET /v2.0/subnets?id=49603f1d-43b2-4d1d-995f-47bb83931085 HTTP/1.1" status: 200 len: 887 time: 0.0297394
2026-05-27 11:07:42.509 11 INFO neutron.api.wsgi [req-e4402818-5c8c-4271-be40-cc23ec72da72 req-4b50d77e-b58d-4c09-8d13-1ca6555b552a d5711ff9ac8a43d98f53b060c4b1362b fe2cb8ebbcda447da4f985851cf6d105 - - f5803dd769f047eca26592da6f65259a f5803dd769f047eca26592da6f65259a] 199.19.213.37 "GET /v2.0/ports?network_id=d15cbdbe-2a28-41fb-aca4-9ba5ce1655cf&device_owner=network%3Adhcp HTTP/1.1" status: 200 len: 210 time: 0.0236969
2026-05-27 11:07:42.524 10 WARNING neutron.scheduler.dhcp_agent_scheduler [None req-65dc9687-5daa-4e55-9646-07794f30a31f e1764593464c4aa78df777aa75f0e064 ea974855a7484f339df3e98ed07b1cd9 - - default default] No more DHCP agents
2026-05-27 11:07:42.527 10 WARNING neutron.api.rpc.agentnotifiers.dhcp_rpc_agent_api [None req-65dc9687-5daa-4e55-9646-07794f30a31f e1764593464c4aa78df777aa75f0e064 ea974855a7484f339df3e98ed07b1cd9 - - default default] Unable to schedule network 1644c29e-3c19-456c-a085-53701fa5b8c7: no agents available; will retry on subsequent port and subnet creation events.
2026-05-27 11:07:42.529 11 INFO neutron.db.ovn_revision_numbers_db [None req-7b9392a4-b694-4760-9b30-5cd166871c08 e1764593464c4aa78df777aa75f0e064 ea974855a7484f339df3e98ed07b1cd9 - - default default] Successfully bumped revision number for resource 39e05dca-03cc-48ee-ac06-b572f630024d (type: security_groups) to 1
2026-05-27 11:07:42.546 11 INFO neutron.db.ovn_revision_numbers_db [None req-7b9392a4-b694-4760-9b30-5cd166871c08 e1764593464c4aa78df777aa75f0e064 ea974855a7484f339df3e98ed07b1cd9 - - default default] Successfully bumped revision number for resource 0ada0a41-4e74-49cc-b8cc-6d4c26f6d869 (type: security_group_rules) to 0
2026-05-27 11:07:42.558 11 INFO neutron.api.wsgi [req-e4402818-5c8c-4271-be40-cc23ec72da72 req-4a1780e9-2113-48b3-92a4-1b5ca69e1856 d5711ff9ac8a43d98f53b060c4b1362b fe2cb8ebbcda447da4f985851cf6d105 - - f5803dd769f047eca26592da6f65259a f5803dd769f047eca26592da6f65259a] 199.19.213.37 "GET /v2.0/networks/d15cbdbe-2a28-41fb-aca4-9ba5ce1655cf?fields=segments HTTP/1.1" status: 200 len: 212 time: 0.0444334
2026-05-27 11:07:42.562 11 INFO neutron.db.ovn_revision_numbers_db [None req-7b9392a4-b694-4760-9b30-5cd166871c08 e1764593464c4aa78df777aa75f0e064 ea974855a7484f339df3e98ed07b1cd9 - - default default] Successfully bumped revision number for resource 4a7ead85-c884-40f2-a526-ecae2fec539e (type: security_group_rules) to 0
2026-05-27 11:07:42.571 10 INFO neutron.plugins.ml2.drivers.ovn.mech_driver.mech_driver [None req-2ff1a6a4-003a-4260-bf83-4a85d265ae5e - - - - - -] OVN reports status up for port: 8ab89626-505e-4e68-a316-2ac8346b8fe6
2026-05-27 11:07:42.584 10 INFO neutron.plugins.ml2.plugin [None req-2ff1a6a4-003a-4260-bf83-4a85d265ae5e - - - - - -] Attempt 1 to provision port 8ab89626-505e-4e68-a316-2ac8346b8fe6
2026-05-27 11:07:42.586 11 INFO neutron.db.ovn_revision_numbers_db [None req-7b9392a4-b694-4760-9b30-5cd166871c08 e1764593464c4aa78df777aa75f0e064 ea974855a7484f339df3e98ed07b1cd9 - - default default] Successfully bumped revision number for resource 6ad98724-5ae2-4166-9d5c-d08ea3d852c9 (type: security_group_rules) to 0
2026-05-27 11:07:42.599 11 INFO neutron.db.ovn_revision_numbers_db [None req-7b9392a4-b694-4760-9b30-5cd166871c08 e1764593464c4aa78df777aa75f0e064 ea974855a7484f339df3e98ed07b1cd9 - - default default] Successfully bumped revision number for resource 7a5a0b44-f683-41b0-8f46-068a31ff9939 (type: security_group_rules) to 0
2026-05-27 11:07:42.605 10 INFO neutron.db.ovn_revision_numbers_db [None req-4ec9ba60-3426-4b5a-9e2b-1f72e9ed75de e1764593464c4aa78df777aa75f0e064 ea974855a7484f339df3e98ed07b1cd9 - - default default] Successfully bumped revision number for resource 8ab89626-505e-4e68-a316-2ac8346b8fe6 (type: ports) to 1
2026-05-27 11:07:42.621 11 INFO neutron.api.wsgi [req-e4402818-5c8c-4271-be40-cc23ec72da72 req-0eaaac84-6820-4cea-983a-25252ea6a3b9 d5711ff9ac8a43d98f53b060c4b1362b fe2cb8ebbcda447da4f985851cf6d105 - - f5803dd769f047eca26592da6f65259a f5803dd769f047eca26592da6f65259a] 199.19.213.37 "GET /v2.0/networks/d15cbdbe-2a28-41fb-aca4-9ba5ce1655cf?fields=provider%3Aphysical_network&fields=provider%3Anetwork_type HTTP/1.1" status: 200 len: 277 time: 0.0571163
2026-05-27 11:07:42.642 11 INFO neutron.api.wsgi [None req-7b9392a4-b694-4760-9b30-5cd166871c08 e1764593464c4aa78df777aa75f0e064 ea974855a7484f339df3e98ed07b1cd9 - - default default] 10.0.0.9 "GET /v2.0/security-groups?tenant_id=d06bb23aa22b4704b481a4d4f1cc106d&name=default HTTP/1.1" status: 200 len: 3120 time: 0.4571452
2026-05-27 11:07:42.679 10 INFO neutron.db.ovn_revision_numbers_db [None req-65dc9687-5daa-4e55-9646-07794f30a31f e1764593464c4aa78df777aa75f0e064 ea974855a7484f339df3e98ed07b1cd9 - - default default] Successfully bumped revision number for resource f763d47f-6a02-4a0f-bd84-2c306e20d02e (type: ports) to 1
2026-05-27 11:07:42.681 10 WARNING neutron.scheduler.dhcp_agent_scheduler [None req-4ec9ba60-3426-4b5a-9e2b-1f72e9ed75de e1764593464c4aa78df777aa75f0e064 ea974855a7484f339df3e98ed07b1cd9 - - default default] No more DHCP agents
2026-05-27 11:07:42.684 10 WARNING neutron.api.rpc.agentnotifiers.dhcp_rpc_agent_api [None req-4ec9ba60-3426-4b5a-9e2b-1f72e9ed75de e1764593464c4aa78df777aa75f0e064 ea974855a7484f339df3e98ed07b1cd9 - - default default] Unable to schedule network 5d2f49b7-088a-4204-a134-2f4f152fed67: no agents available; will retry on subsequent port and subnet creation events.
2026-05-27 11:07:42.839 11 INFO neutron.api.wsgi [None req-ee763cb0-643b-4c0c-bbc0-970c1023539f e1764593464c4aa78df777aa75f0e064 ea974855a7484f339df3e98ed07b1cd9 - - default default] 10.0.0.9 "DELETE /v2.0/security-groups/39e05dca-03cc-48ee-ac06-b572f630024d HTTP/1.1" status: 204 len: 168 time: 0.1917863
2026-05-27 11:07:43.030 11 INFO neutron.db.ovn_revision_numbers_db [None req-cd2c4153-f34d-4b6f-951d-bf5e834b5f66 e1764593464c4aa78df777aa75f0e064 ea974855a7484f339df3e98ed07b1cd9 - - default default] Successfully bumped revision number for resource e9b861a4-8068-4ac9-bf2c-3e8fd7a8287e (type: security_groups) to 1
2026-05-27 11:07:43.042 11 INFO neutron.db.ovn_revision_numbers_db [None req-cd2c4153-f34d-4b6f-951d-bf5e834b5f66 e1764593464c4aa78df777aa75f0e064 ea974855a7484f339df3e98ed07b1cd9 - - default default] Successfully bumped revision number for resource 3118cbcc-48bf-4a59-a856-539846f89261 (type: security_group_rules) to 0
2026-05-27 11:07:43.054 11 INFO neutron.db.ovn_revision_numbers_db [None req-cd2c4153-f34d-4b6f-951d-bf5e834b5f66 e1764593464c4aa78df777aa75f0e064 ea974855a7484f339df3e98ed07b1cd9 - - default default] Successfully bumped revision number for resource 770dc3ca-1c50-462a-834e-7fe1d7246436 (type: security_group_rules) to 0
2026-05-27 11:07:43.064 11 INFO neutron.db.ovn_revision_numbers_db [None req-cd2c4153-f34d-4b6f-951d-bf5e834b5f66 e1764593464c4aa78df777aa75f0e064 ea974855a7484f339df3e98ed07b1cd9 - - default default] Successfully bumped revision number for resource d902aeb2-c846-4483-88b5-dfb7bf561775 (type: security_group_rules) to 0
2026-05-27 11:07:43.077 11 INFO neutron.db.ovn_revision_numbers_db [None req-cd2c4153-f34d-4b6f-951d-bf5e834b5f66 e1764593464c4aa78df777aa75f0e064 ea974855a7484f339df3e98ed07b1cd9 - - default default] Successfully bumped revision number for resource ea9eb591-a683-4e95-8806-03f67ae0f55d (type: security_group_rules) to 0
2026-05-27 11:07:43.115 11 INFO neutron.api.wsgi [None req-cd2c4153-f34d-4b6f-951d-bf5e834b5f66 e1764593464c4aa78df777aa75f0e064 ea974855a7484f339df3e98ed07b1cd9 - - default default] 10.0.0.9 "GET /v2.0/security-groups?tenant_id=62b6d5d9738940c791963a9c1b5f8d3c&name=default HTTP/1.1" status: 200 len: 3120 time: 0.1862395
2026-05-27 11:07:43.228 10 INFO neutron.db.ovn_revision_numbers_db [None req-2ff1a6a4-003a-4260-bf83-4a85d265ae5e - - - - - -] Successfully bumped revision number for resource 8ab89626-505e-4e68-a316-2ac8346b8fe6 (type: ports) to 2
2026-05-27 11:07:43.304 11 INFO neutron.api.wsgi [None req-8be227b0-aa20-44dd-98da-1b67db3fff87 e1764593464c4aa78df777aa75f0e064 ea974855a7484f339df3e98ed07b1cd9 - - default default] 10.0.0.9 "DELETE /v2.0/security-groups/e9b861a4-8068-4ac9-bf2c-3e8fd7a8287e HTTP/1.1" status: 204 len: 168 time: 0.1840143
2026-05-27 11:07:43.433 10 INFO neutron.api.wsgi [req-89564b40-05f2-4948-92fa-0a9753a4c885 req-632d405c-7570-4556-b5e4-c843ef9ed9e1 4357ec62cc014561b8f2f31f6f53727b 2bef533d0e9c45268e33ab59609716e7 - - default default] 10.0.0.91 "GET /v2.0/ports?device_id=c882d480-ed81-41c8-ac02-eb0e51096cb6 HTTP/1.1" status: 200 len: 1172 time: 0.0511341
2026-05-27 11:07:43.503 10 INFO neutron.api.wsgi [req-89564b40-05f2-4948-92fa-0a9753a4c885 req-f6d92fa8-f5e8-47b9-bbb3-94795fd52c63 4357ec62cc014561b8f2f31f6f53727b 2bef533d0e9c45268e33ab59609716e7 - - default default] 10.0.0.91 "GET /v2.0/security-groups?id=57c25dd5-b269-4320-965a-53ad2cab8a04&fields=id&fields=name HTTP/1.1" status: 200 len: 312 time: 0.0634015
2026-05-27 11:07:43.641 10 INFO neutron.plugins.ml2.drivers.ovn.mech_driver.ovsdb.commands [None req-75721562-f0b3-4c0a-b445-da1206aed6ad - - - - - -] Schedule LRP lrp-f763d47f-6a02-4a0f-bd84-2c306e20d02e on gateway 63d46362-dc81-4dfd-a5f8-36b1c107d5ed with priority 1
2026-05-27 11:07:43.655 11 INFO neutron.plugins.ml2.drivers.ovn.mech_driver.mech_driver [None req-307d3e6d-81f9-476e-a078-3401e953c7a0 - - - - - -] OVN reports status up for port: f763d47f-6a02-4a0f-bd84-2c306e20d02e
2026-05-27 11:07:43.670 11 INFO neutron.plugins.ml2.drivers.ovn.mech_driver.ovsdb.ovsdb_monitor [None req-9abc8ea1-db2f-4244-aeff-12e8c6abd8d1 - - - - - -] Router 9947122a-9db2-42ad-9fee-bcc88ab0db7d is bound to host instance
2026-05-27 11:07:43.673 11 INFO neutron.plugins.ml2.plugin [None req-307d3e6d-81f9-476e-a078-3401e953c7a0 - - - - - -] Attempt 1 to provision port f763d47f-6a02-4a0f-bd84-2c306e20d02e
2026-05-27 11:07:43.697 10 INFO neutron.db.ovn_revision_numbers_db [None req-65dc9687-5daa-4e55-9646-07794f30a31f e1764593464c4aa78df777aa75f0e064 ea974855a7484f339df3e98ed07b1cd9 - - default default] Successfully bumped revision number for resource f763d47f-6a02-4a0f-bd84-2c306e20d02e (type: router_ports) to 1
2026-05-27 11:07:43.763 10 INFO neutron.db.ovn_revision_numbers_db [None req-65dc9687-5daa-4e55-9646-07794f30a31f e1764593464c4aa78df777aa75f0e064 ea974855a7484f339df3e98ed07b1cd9 - - default default] Successfully bumped revision number for resource 9947122a-9db2-42ad-9fee-bcc88ab0db7d (type: routers) to 2
2026-05-27 11:07:43.767 10 INFO neutron.db.ovn_revision_numbers_db [None req-4ec9ba60-3426-4b5a-9e2b-1f72e9ed75de e1764593464c4aa78df777aa75f0e064 ea974855a7484f339df3e98ed07b1cd9 - - default default] Successfully bumped revision number for resource 8ab89626-505e-4e68-a316-2ac8346b8fe6 (type: router_ports) to 1
2026-05-27 11:07:43.773 10 INFO neutron.api.wsgi [None req-4ec9ba60-3426-4b5a-9e2b-1f72e9ed75de e1764593464c4aa78df777aa75f0e064 ea974855a7484f339df3e98ed07b1cd9 - - default default] 10.0.0.9 "PUT /v2.0/routers/c9fe0fc7-21bd-45bf-bfb6-a7336ffb4881/add_router_interface HTTP/1.1" status: 200 len: 503 time: 2.6902905
2026-05-27 11:07:43.788 10 INFO neutron.api.wsgi [None req-65dc9687-5daa-4e55-9646-07794f30a31f e1764593464c4aa78df777aa75f0e064 ea974855a7484f339df3e98ed07b1cd9 - - default default] 10.0.0.9 "POST /v2.0/routers HTTP/1.1" status: 201 len: 1168 time: 1.9040275
2026-05-27 11:07:44.158 11 INFO neutron.db.ovn_revision_numbers_db [None req-01c4d384-c888-493f-aca5-6785002713f5 - - - - - -] Successfully bumped revision number for resource f763d47f-6a02-4a0f-bd84-2c306e20d02e (type: ports) to 1
2026-05-27 11:07:44.331 10 WARNING neutron_lib.context [None req-4f88c404-0527-4ee8-a7b4-ec4ca3c90a26 523d68a474164550a95c7bd3022b4c97 3fa5b38bbb964b29aacfcfc09a910686 - - default default] Method 'is_advsvc' is deprecated since 2023.2 release (neutron-lib 3.8.0) and will be removed once support for the old RBAC API policies will be removed from Neutron. Please use method 'is_service_role' instead.
2026-05-27 11:07:44.348 11 WARNING neutron.scheduler.dhcp_agent_scheduler [None req-dac2d48d-6140-4304-9c83-68c1cd904045 e1764593464c4aa78df777aa75f0e064 ea974855a7484f339df3e98ed07b1cd9 - - default default] No more DHCP agents
2026-05-27 11:07:44.349 11 WARNING neutron.api.rpc.agentnotifiers.dhcp_rpc_agent_api [None req-dac2d48d-6140-4304-9c83-68c1cd904045 e1764593464c4aa78df777aa75f0e064 ea974855a7484f339df3e98ed07b1cd9 - - default default] Unable to schedule network 272aa33f-14b1-4e11-b7b4-280e4424060a: no agents available; will retry on subsequent port and subnet creation events.
2026-05-27 11:07:44.438 10 INFO neutron.db.ovn_revision_numbers_db [None req-4f88c404-0527-4ee8-a7b4-ec4ca3c90a26 523d68a474164550a95c7bd3022b4c97 3fa5b38bbb964b29aacfcfc09a910686 - - default default] Successfully bumped revision number for resource 5fca1bf0-2856-442c-a415-0ed56330ddbd (type: security_groups) to 1
2026-05-27 11:07:44.453 10 INFO neutron.db.ovn_revision_numbers_db [None req-4f88c404-0527-4ee8-a7b4-ec4ca3c90a26 523d68a474164550a95c7bd3022b4c97 3fa5b38bbb964b29aacfcfc09a910686 - - default default] Successfully bumped revision number for resource abcdb49c-c006-471b-bb21-bb49ee944db2 (type: security_group_rules) to 0
2026-05-27 11:07:44.471 10 INFO neutron.db.ovn_revision_numbers_db [None req-4f88c404-0527-4ee8-a7b4-ec4ca3c90a26 523d68a474164550a95c7bd3022b4c97 3fa5b38bbb964b29aacfcfc09a910686 - - default default] Successfully bumped revision number for resource b9aab168-0160-4771-bc52-574368a4dbd2 (type: security_group_rules) to 0
2026-05-27 11:07:44.498 11 INFO neutron.db.ovn_revision_numbers_db [None req-dac2d48d-6140-4304-9c83-68c1cd904045 e1764593464c4aa78df777aa75f0e064 ea974855a7484f339df3e98ed07b1cd9 - - default default] Successfully bumped revision number for resource 698c2818-247a-4816-b087-71023f1a6840 (type: ports) to 1
2026-05-27 11:07:44.503 10 INFO neutron.api.wsgi [None req-4f88c404-0527-4ee8-a7b4-ec4ca3c90a26 523d68a474164550a95c7bd3022b4c97 3fa5b38bbb964b29aacfcfc09a910686 - - default default] 10.0.0.9 "POST /v2.0/security-groups HTTP/1.1" status: 201 len: 1861 time: 0.1790693
2026-05-27 11:07:44.511 10 WARNING neutron_lib.context [None req-1fbb802b-27c5-46f7-9598-8e66f681f18c 523d68a474164550a95c7bd3022b4c97 3fa5b38bbb964b29aacfcfc09a910686 - - default default] Method 'is_advsvc' is deprecated since 2023.2 release (neutron-lib 3.8.0) and will be removed once support for the old RBAC API policies will be removed from Neutron. Please use method 'is_service_role' instead.
2026-05-27 11:07:44.582 11 INFO neutron.db.ovn_revision_numbers_db [None req-01c4d384-c888-493f-aca5-6785002713f5 - - - - - -] Successfully bumped revision number for resource f763d47f-6a02-4a0f-bd84-2c306e20d02e (type: ports) to 4
2026-05-27 11:07:44.603 10 INFO neutron.api.wsgi [req-e34a133b-3bdd-4040-9db2-f42606579d0f req-da511531-cceb-42f0-9cf6-0f90da2dda97 4357ec62cc014561b8f2f31f6f53727b 2bef533d0e9c45268e33ab59609716e7 - - default default] 10.0.0.91 "GET /v2.0/ports?device_id=c882d480-ed81-41c8-ac02-eb0e51096cb6 HTTP/1.1" status: 200 len: 1172 time: 0.0347104
2026-05-27 11:07:44.646 10 INFO neutron.api.wsgi [req-e34a133b-3bdd-4040-9db2-f42606579d0f req-bea79473-ec0d-4c45-826c-a814362c8c70 4357ec62cc014561b8f2f31f6f53727b 2bef533d0e9c45268e33ab59609716e7 - - default default] 10.0.0.91 "GET /v2.0/security-groups?id=57c25dd5-b269-4320-965a-53ad2cab8a04&fields=id&fields=name HTTP/1.1" status: 200 len: 312 time: 0.0381365
2026-05-27 11:07:44.679 10 INFO neutron.db.ovn_revision_numbers_db [None req-1fbb802b-27c5-46f7-9598-8e66f681f18c 523d68a474164550a95c7bd3022b4c97 3fa5b38bbb964b29aacfcfc09a910686 - - default default] Successfully bumped revision number for resource 4a7c9736-77a9-457d-a101-683a4603e923 (type: security_group_rules) to 0
2026-05-27 11:07:44.721 10 INFO neutron.api.wsgi [None req-1fbb802b-27c5-46f7-9598-8e66f681f18c 523d68a474164550a95c7bd3022b4c97 3fa5b38bbb964b29aacfcfc09a910686 - - default default] 10.0.0.9 "POST /v2.0/security-group-rules HTTP/1.1" status: 201 len: 796 time: 0.2136905
2026-05-27 11:07:44.733 10 WARNING neutron_lib.context [None req-61791338-75ee-47da-bb29-f21ca594f27b 523d68a474164550a95c7bd3022b4c97 3fa5b38bbb964b29aacfcfc09a910686 - - default default] Method 'is_advsvc' is deprecated since 2023.2 release (neutron-lib 3.8.0) and will be removed once support for the old RBAC API policies will be removed from Neutron. Please use method 'is_service_role' instead.
2026-05-27 11:07:44.855 10 INFO neutron.db.ovn_revision_numbers_db [None req-61791338-75ee-47da-bb29-f21ca594f27b 523d68a474164550a95c7bd3022b4c97 3fa5b38bbb964b29aacfcfc09a910686 - - default default] Successfully bumped revision number for resource b504fd67-faad-4516-8e3c-5d54a49d4f08 (type: security_group_rules) to 0
2026-05-27 11:07:44.886 10 INFO neutron.api.wsgi [None req-61791338-75ee-47da-bb29-f21ca594f27b 523d68a474164550a95c7bd3022b4c97 3fa5b38bbb964b29aacfcfc09a910686 - - default default] 10.0.0.9 "POST /v2.0/security-group-rules HTTP/1.1" status: 201 len: 801 time: 0.1570258
2026-05-27 11:07:44.901 10 WARNING neutron_lib.context [None req-cf5a7519-65d7-4298-bf47-b3ad3e8fb57c 523d68a474164550a95c7bd3022b4c97 3fa5b38bbb964b29aacfcfc09a910686 - - default default] Method 'is_advsvc' is deprecated since 2023.2 release (neutron-lib 3.8.0) and will be removed once support for the old RBAC API policies will be removed from Neutron. Please use method 'is_service_role' instead.
2026-05-27 11:07:44.957 11 INFO neutron.db.ovn_revision_numbers_db [None req-01c4d384-c888-493f-aca5-6785002713f5 - - - - - -] Successfully bumped revision number for resource f763d47f-6a02-4a0f-bd84-2c306e20d02e (type: ports) to 5
2026-05-27 11:07:45.133 11 INFO neutron.db.ovn_revision_numbers_db [None req-dac2d48d-6140-4304-9c83-68c1cd904045 e1764593464c4aa78df777aa75f0e064 ea974855a7484f339df3e98ed07b1cd9 - - default default] Successfully bumped revision number for resource 698c2818-247a-4816-b087-71023f1a6840 (type: ports) to 1
2026-05-27 11:07:45.155 10 WARNING neutron.scheduler.dhcp_agent_scheduler [None req-cf5a7519-65d7-4298-bf47-b3ad3e8fb57c 523d68a474164550a95c7bd3022b4c97 3fa5b38bbb964b29aacfcfc09a910686 - - default default] No more DHCP agents
2026-05-27 11:07:45.156 10 WARNING neutron.api.rpc.agentnotifiers.dhcp_rpc_agent_api [None req-cf5a7519-65d7-4298-bf47-b3ad3e8fb57c 523d68a474164550a95c7bd3022b4c97 3fa5b38bbb964b29aacfcfc09a910686 - - default default] Unable to schedule network 1644c29e-3c19-456c-a085-53701fa5b8c7: no agents available; will retry on subsequent port and subnet creation events.
2026-05-27 11:07:45.184 11 WARNING neutron.scheduler.dhcp_agent_scheduler [None req-dac2d48d-6140-4304-9c83-68c1cd904045 e1764593464c4aa78df777aa75f0e064 ea974855a7484f339df3e98ed07b1cd9 - - default default] No more DHCP agents
2026-05-27 11:07:45.185 11 WARNING neutron.api.rpc.agentnotifiers.dhcp_rpc_agent_api [None req-dac2d48d-6140-4304-9c83-68c1cd904045 e1764593464c4aa78df777aa75f0e064 ea974855a7484f339df3e98ed07b1cd9 - - default default] Unable to schedule network 272aa33f-14b1-4e11-b7b4-280e4424060a: no agents available; will retry on subsequent port and subnet creation events.
2026-05-27 11:07:45.482 10 INFO neutron.api.wsgi [None req-cf5a7519-65d7-4298-bf47-b3ad3e8fb57c 523d68a474164550a95c7bd3022b4c97 3fa5b38bbb964b29aacfcfc09a910686 - - default default] 10.0.0.9 "POST /v2.0/floatingips HTTP/1.1" status: 201 len: 751 time: 0.5868306
2026-05-27 11:07:45.762 10 INFO neutron.api.wsgi [req-7eb3e89b-c94e-4d85-9dec-93e47b8e69c0 req-7723c39b-4707-4aae-b531-2ec49cd60861 4357ec62cc014561b8f2f31f6f53727b 2bef533d0e9c45268e33ab59609716e7 - - default default] 10.0.0.91 "GET /v2.0/ports?device_id=c882d480-ed81-41c8-ac02-eb0e51096cb6 HTTP/1.1" status: 200 len: 1172 time: 0.0574541
2026-05-27 11:07:45.809 10 INFO neutron.api.wsgi [req-7eb3e89b-c94e-4d85-9dec-93e47b8e69c0 req-8855a528-a7d9-4f27-8756-4f43c3f51a39 4357ec62cc014561b8f2f31f6f53727b 2bef533d0e9c45268e33ab59609716e7 - - default default] 10.0.0.91 "GET /v2.0/security-groups?id=57c25dd5-b269-4320-965a-53ad2cab8a04&fields=id&fields=name HTTP/1.1" status: 200 len: 312 time: 0.0411344
2026-05-27 11:07:45.998 10 INFO neutron.api.wsgi [req-54876a11-79d5-460b-bfc9-1f31441aade4 req-106683ed-7a10-4809-8aa9-eef339610466 523d68a474164550a95c7bd3022b4c97 3fa5b38bbb964b29aacfcfc09a910686 - - default default] 10.0.0.91 "GET /v2.0/security-groups?name=tempest-securitygroup--1482345054&fields=id&tenant_id=3fa5b38bbb964b29aacfcfc09a910686 HTTP/1.1" status: 200 len: 267 time: 0.0567622
2026-05-27 11:07:46.020 11 INFO neutron.plugins.ml2.drivers.ovn.mech_driver.mech_driver [None req-307d3e6d-81f9-476e-a078-3401e953c7a0 - - - - - -] OVN reports status up for port: 698c2818-247a-4816-b087-71023f1a6840
2026-05-27 11:07:46.032 11 INFO neutron.plugins.ml2.plugin [None req-307d3e6d-81f9-476e-a078-3401e953c7a0 - - - - - -] Attempt 1 to provision port 698c2818-247a-4816-b087-71023f1a6840
2026-05-27 11:07:46.064 11 INFO neutron.db.ovn_revision_numbers_db [None req-dac2d48d-6140-4304-9c83-68c1cd904045 e1764593464c4aa78df777aa75f0e064 ea974855a7484f339df3e98ed07b1cd9 - - default default] Successfully bumped revision number for resource 698c2818-247a-4816-b087-71023f1a6840 (type: router_ports) to 1
2026-05-27 11:07:46.066 10 INFO neutron.api.wsgi [req-54876a11-79d5-460b-bfc9-1f31441aade4 req-36373009-ad7a-4dd3-a986-0ba6da4c7e22 523d68a474164550a95c7bd3022b4c97 3fa5b38bbb964b29aacfcfc09a910686 - - default default] 10.0.0.91 "GET /v2.0/networks?id=5d2f49b7-088a-4204-a134-2f4f152fed67 HTTP/1.1" status: 200 len: 882 time: 0.0601966
2026-05-27 11:07:46.069 11 INFO neutron.api.wsgi [None req-dac2d48d-6140-4304-9c83-68c1cd904045 e1764593464c4aa78df777aa75f0e064 ea974855a7484f339df3e98ed07b1cd9 - - default default] 10.0.0.9 "PUT /v2.0/routers/9947122a-9db2-42ad-9fee-bcc88ab0db7d/add_router_interface HTTP/1.1" status: 200 len: 503 time: 2.2760105
2026-05-27 11:07:46.086 10 INFO neutron.api.wsgi [req-54876a11-79d5-460b-bfc9-1f31441aade4 req-2985fb84-959e-4922-9c7d-1fd79f3b83fe 523d68a474164550a95c7bd3022b4c97 3fa5b38bbb964b29aacfcfc09a910686 - - default default] 10.0.0.91 "GET /v2.0/quotas/3fa5b38bbb964b29aacfcfc09a910686 HTTP/1.1" status: 200 len: 491 time: 0.0145388
2026-05-27 11:07:46.190 10 INFO neutron.db.ovn_revision_numbers_db [None req-86baa602-129b-4b3f-8870-b43b61923e45 e1764593464c4aa78df777aa75f0e064 ea974855a7484f339df3e98ed07b1cd9 - - default default] Successfully bumped revision number for resource c37ccf97-71b9-4cbd-9d53-b378914a34c9 (type: security_groups) to 1
2026-05-27 11:07:46.198 10 INFO neutron.api.wsgi [req-54876a11-79d5-460b-bfc9-1f31441aade4 req-6c8fa370-8f70-4f8a-949b-3b54372fc820 523d68a474164550a95c7bd3022b4c97 3fa5b38bbb964b29aacfcfc09a910686 - - default default] 10.0.0.91 "GET /v2.0/ports?tenant_id=3fa5b38bbb964b29aacfcfc09a910686&fields=id HTTP/1.1" status: 200 len: 302 time: 0.1055372
