2026-05-27 11:07:30.229 10 WARNING neutron_lib.context [None req-370949c9-5684-47ba-a7b7-d79b8ee339af 4357ec62cc014561b8f2f31f6f53727b 2bef533d0e9c45268e33ab59609716e7 - - default default] Method 'is_advsvc' is deprecated since 2023.2 release (neutron-lib 3.8.0) and will be removed once support for the old RBAC API policies will be removed from Neutron. Please use method 'is_service_role' instead.
2026-05-27 11:07:30.260 11 INFO neutron.api.wsgi [None req-d54a6641-a2f0-4c9a-8322-ec5b1a043b82 e1764593464c4aa78df777aa75f0e064 ea974855a7484f339df3e98ed07b1cd9 - - default default] 10.0.0.9 "DELETE /v2.0/security-groups/870fdfe1-2cc1-4c6d-8243-78bbee86317d HTTP/1.1" status: 204 len: 168 time: 0.2736602
2026-05-27 11:07:30.266 11 INFO neutron.db.ovn_revision_numbers_db [None req-0e4bee1b-7460-4953-9639-7ebf1df467f9 - - - - - -] Successfully bumped revision number for resource 7cc1ba50-65c8-4255-a07d-4c16f6318c9b (type: ports) to 2
2026-05-27 11:07:30.400 10 INFO neutron.plugins.ml2.drivers.ovn.mech_driver.ovsdb.commands [None req-75721562-f0b3-4c0a-b445-da1206aed6ad - - - - - -] Schedule LRP lrp-06779223-04b1-4465-b573-e1aea6b7f6d8 on gateway 63d46362-dc81-4dfd-a5f8-36b1c107d5ed with priority 1
2026-05-27 11:07:30.404 10 INFO neutron.db.ovn_revision_numbers_db [None req-370949c9-5684-47ba-a7b7-d79b8ee339af 4357ec62cc014561b8f2f31f6f53727b 2bef533d0e9c45268e33ab59609716e7 - - default default] Successfully bumped revision number for resource 31d37ed8-2a38-4ffd-ab7c-d92725c7b2fb (type: security_group_rules) to 0
2026-05-27 11:07:30.423 11 INFO neutron.plugins.ml2.drivers.ovn.mech_driver.ovsdb.ovsdb_monitor [None req-1028442c-1938-4aa5-841d-986055e5f3de - - - - - -] Router a46a209c-2066-455c-9578-5d58a692b1ee is bound to host instance
2026-05-27 11:07:30.455 10 INFO neutron.api.wsgi [None req-370949c9-5684-47ba-a7b7-d79b8ee339af 4357ec62cc014561b8f2f31f6f53727b 2bef533d0e9c45268e33ab59609716e7 - - default default] 10.0.0.9 "POST /v2.0/security-group-rules HTTP/1.1" status: 201 len: 796 time: 0.2331679
2026-05-27 11:07:30.456 10 INFO neutron.db.ovn_revision_numbers_db [None req-b64216cd-556d-426a-b35c-e5c16a8c329f e1764593464c4aa78df777aa75f0e064 ea974855a7484f339df3e98ed07b1cd9 - - default default] Successfully bumped revision number for resource 06779223-04b1-4465-b573-e1aea6b7f6d8 (type: router_ports) to 1
2026-05-27 11:07:30.469 11 WARNING neutron_lib.context [None req-7c7da18a-a57d-468a-a51b-b96c6c08323a 4357ec62cc014561b8f2f31f6f53727b 2bef533d0e9c45268e33ab59609716e7 - - default default] Method 'is_advsvc' is deprecated since 2023.2 release (neutron-lib 3.8.0) and will be removed once support for the old RBAC API policies will be removed from Neutron. Please use method 'is_service_role' instead.
2026-05-27 11:07:30.522 10 INFO neutron.db.ovn_revision_numbers_db [None req-b64216cd-556d-426a-b35c-e5c16a8c329f e1764593464c4aa78df777aa75f0e064 ea974855a7484f339df3e98ed07b1cd9 - - default default] Successfully bumped revision number for resource a46a209c-2066-455c-9578-5d58a692b1ee (type: routers) to 2
2026-05-27 11:07:30.535 10 INFO neutron.db.ovn_revision_numbers_db [None req-5aaf0bc8-45de-4022-96ef-8fb0d28d6b40 e1764593464c4aa78df777aa75f0e064 ea974855a7484f339df3e98ed07b1cd9 - - default default] Successfully bumped revision number for resource 77f14b7b-a5ae-4bb1-812c-6d8ac9409c65 (type: security_groups) to 1
2026-05-27 11:07:30.542 10 INFO neutron.api.wsgi [None req-b64216cd-556d-426a-b35c-e5c16a8c329f e1764593464c4aa78df777aa75f0e064 ea974855a7484f339df3e98ed07b1cd9 - - default default] 10.0.0.9 "POST /v2.0/routers HTTP/1.1" status: 201 len: 1168 time: 1.2710247
2026-05-27 11:07:30.553 10 INFO neutron.db.ovn_revision_numbers_db [None req-5aaf0bc8-45de-4022-96ef-8fb0d28d6b40 e1764593464c4aa78df777aa75f0e064 ea974855a7484f339df3e98ed07b1cd9 - - default default] Successfully bumped revision number for resource 150c9988-1c16-42f7-8bd9-538bce67d6f0 (type: security_group_rules) to 0
2026-05-27 11:07:30.587 10 INFO neutron.db.ovn_revision_numbers_db [None req-5aaf0bc8-45de-4022-96ef-8fb0d28d6b40 e1764593464c4aa78df777aa75f0e064 ea974855a7484f339df3e98ed07b1cd9 - - default default] Successfully bumped revision number for resource 20b30a7b-f1ea-442d-8b3f-78dc0bb2725c (type: security_group_rules) to 0
2026-05-27 11:07:30.590 10 WARNING neutron_lib.context [req-50da331d-cd96-419e-b38f-6a5f99db6dac req-d2e3bf83-191c-41dd-b01d-684565851fc3 ef272bc2810344d3a4c44b5e2e1758c0 523eafbf7dc14847b34f88d7e92cc15c - - default default] Method 'is_advsvc' is deprecated since 2023.2 release (neutron-lib 3.8.0) and will be removed once support for the old RBAC API policies will be removed from Neutron. Please use method 'is_service_role' instead.
2026-05-27 11:07:30.607 10 INFO neutron.db.ovn_revision_numbers_db [None req-5aaf0bc8-45de-4022-96ef-8fb0d28d6b40 e1764593464c4aa78df777aa75f0e064 ea974855a7484f339df3e98ed07b1cd9 - - default default] Successfully bumped revision number for resource 2c593691-dc21-4ad7-9edb-52d71d236b63 (type: security_group_rules) to 0
2026-05-27 11:07:30.626 10 INFO neutron.db.ovn_revision_numbers_db [None req-5aaf0bc8-45de-4022-96ef-8fb0d28d6b40 e1764593464c4aa78df777aa75f0e064 ea974855a7484f339df3e98ed07b1cd9 - - default default] Successfully bumped revision number for resource 8934a34d-10a4-4ce5-bd59-2fe07d9d471e (type: security_group_rules) to 0
2026-05-27 11:07:30.631 11 INFO neutron.db.ovn_revision_numbers_db [None req-7c7da18a-a57d-468a-a51b-b96c6c08323a 4357ec62cc014561b8f2f31f6f53727b 2bef533d0e9c45268e33ab59609716e7 - - default default] Successfully bumped revision number for resource fb569679-2711-4ae3-bcfe-b4a254b7a5c8 (type: security_group_rules) to 0
2026-05-27 11:07:30.680 11 INFO neutron.api.wsgi [None req-7c7da18a-a57d-468a-a51b-b96c6c08323a 4357ec62cc014561b8f2f31f6f53727b 2bef533d0e9c45268e33ab59609716e7 - - default default] 10.0.0.9 "POST /v2.0/security-group-rules HTTP/1.1" status: 201 len: 801 time: 0.2180145
2026-05-27 11:07:30.688 11 WARNING neutron_lib.context [None req-1efb7bcf-b3f8-4bc2-8277-67990ae6071f 4357ec62cc014561b8f2f31f6f53727b 2bef533d0e9c45268e33ab59609716e7 - - default default] Method 'is_advsvc' is deprecated since 2023.2 release (neutron-lib 3.8.0) and will be removed once support for the old RBAC API policies will be removed from Neutron. Please use method 'is_service_role' instead.
2026-05-27 11:07:30.689 10 INFO neutron.api.wsgi [None req-5aaf0bc8-45de-4022-96ef-8fb0d28d6b40 e1764593464c4aa78df777aa75f0e064 ea974855a7484f339df3e98ed07b1cd9 - - default default] 10.0.0.9 "GET /v2.0/security-groups?tenant_id=2427d696414c4cd3904aba9ca73ba870&name=default HTTP/1.1" status: 200 len: 3120 time: 0.3342545
2026-05-27 11:07:30.748 10 INFO neutron.db.ovn_revision_numbers_db [req-50da331d-cd96-419e-b38f-6a5f99db6dac req-d2e3bf83-191c-41dd-b01d-684565851fc3 ef272bc2810344d3a4c44b5e2e1758c0 523eafbf7dc14847b34f88d7e92cc15c - - default default] Successfully bumped revision number for resource 1cf106c2-fc52-4add-9563-4ae2b4d3711d (type: security_groups) to 1
2026-05-27 11:07:30.768 10 INFO neutron.db.ovn_revision_numbers_db [req-50da331d-cd96-419e-b38f-6a5f99db6dac req-d2e3bf83-191c-41dd-b01d-684565851fc3 ef272bc2810344d3a4c44b5e2e1758c0 523eafbf7dc14847b34f88d7e92cc15c - - default default] Successfully bumped revision number for resource 42ca9a9c-f6aa-4b0e-9989-b64891fa3178 (type: security_group_rules) to 0
2026-05-27 11:07:30.794 10 INFO neutron.db.ovn_revision_numbers_db [req-50da331d-cd96-419e-b38f-6a5f99db6dac req-d2e3bf83-191c-41dd-b01d-684565851fc3 ef272bc2810344d3a4c44b5e2e1758c0 523eafbf7dc14847b34f88d7e92cc15c - - default default] Successfully bumped revision number for resource 83f7d78d-f772-4e45-94ae-cde3794b1982 (type: security_group_rules) to 0
2026-05-27 11:07:30.943 10 INFO neutron.api.wsgi [req-50da331d-cd96-419e-b38f-6a5f99db6dac req-d2e3bf83-191c-41dd-b01d-684565851fc3 ef272bc2810344d3a4c44b5e2e1758c0 523eafbf7dc14847b34f88d7e92cc15c - - default default] 10.0.0.91 "POST /v2.0/security-groups HTTP/1.1" status: 201 len: 1890 time: 0.4851899
2026-05-27 11:07:31.009 11 INFO neutron.db.ovn_revision_numbers_db [None req-9abc8ea1-db2f-4244-aeff-12e8c6abd8d1 - - - - - -] Successfully bumped revision number for resource 06779223-04b1-4465-b573-e1aea6b7f6d8 (type: ports) to 1
2026-05-27 11:07:31.034 11 WARNING neutron.scheduler.dhcp_agent_scheduler [None req-1efb7bcf-b3f8-4bc2-8277-67990ae6071f 4357ec62cc014561b8f2f31f6f53727b 2bef533d0e9c45268e33ab59609716e7 - - default default] No more DHCP agents
2026-05-27 11:07:31.035 11 WARNING neutron.api.rpc.agentnotifiers.dhcp_rpc_agent_api [None req-1efb7bcf-b3f8-4bc2-8277-67990ae6071f 4357ec62cc014561b8f2f31f6f53727b 2bef533d0e9c45268e33ab59609716e7 - - default default] Unable to schedule network 1644c29e-3c19-456c-a085-53701fa5b8c7: no agents available; will retry on subsequent port and subnet creation events.
2026-05-27 11:07:31.054 11 INFO neutron.api.wsgi [None req-2441e514-94bf-4d2b-b59d-9d0f928bfc3a e1764593464c4aa78df777aa75f0e064 ea974855a7484f339df3e98ed07b1cd9 - - default default] 10.0.0.9 "DELETE /v2.0/security-groups/77f14b7b-a5ae-4bb1-812c-6d8ac9409c65 HTTP/1.1" status: 204 len: 168 time: 0.3574507
2026-05-27 11:07:31.113 10 WARNING neutron.scheduler.dhcp_agent_scheduler [None req-c2b10512-1087-4b67-b6e0-5b5912aa5255 e1764593464c4aa78df777aa75f0e064 ea974855a7484f339df3e98ed07b1cd9 - - default default] No more DHCP agents
2026-05-27 11:07:31.114 10 WARNING neutron.api.rpc.agentnotifiers.dhcp_rpc_agent_api [None req-c2b10512-1087-4b67-b6e0-5b5912aa5255 e1764593464c4aa78df777aa75f0e064 ea974855a7484f339df3e98ed07b1cd9 - - default default] Unable to schedule network 05920bc3-85a3-416e-ab4b-78611afe192c: no agents available; will retry on subsequent port and subnet creation events.
2026-05-27 11:07:31.199 10 INFO neutron.db.ovn_revision_numbers_db [None req-c2b10512-1087-4b67-b6e0-5b5912aa5255 e1764593464c4aa78df777aa75f0e064 ea974855a7484f339df3e98ed07b1cd9 - - default default] Successfully bumped revision number for resource 4dcee47c-95b0-4310-982f-52ac1c488392 (type: ports) to 1
2026-05-27 11:07:31.319 11 INFO neutron.api.wsgi [None req-1efb7bcf-b3f8-4bc2-8277-67990ae6071f 4357ec62cc014561b8f2f31f6f53727b 2bef533d0e9c45268e33ab59609716e7 - - default default] 10.0.0.9 "POST /v2.0/floatingips HTTP/1.1" status: 201 len: 751 time: 0.6349986
2026-05-27 11:07:31.352 11 INFO neutron.db.ovn_revision_numbers_db [None req-9abc8ea1-db2f-4244-aeff-12e8c6abd8d1 - - - - - -] Successfully bumped revision number for resource 06779223-04b1-4465-b573-e1aea6b7f6d8 (type: ports) to 4
2026-05-27 11:07:31.473 10 INFO neutron.api.wsgi [req-782f4eca-38d4-40d6-ae2f-a0be4496d9cf req-fef85de6-80a0-4d0d-8950-8044e2f82b39 ef272bc2810344d3a4c44b5e2e1758c0 523eafbf7dc14847b34f88d7e92cc15c - - default default] 10.0.0.91 "GET /v2.0/security-groups/1cf106c2-fc52-4add-9563-4ae2b4d3711d HTTP/1.1" status: 200 len: 1885 time: 0.1143849
2026-05-27 11:07:31.493 10 WARNING neutron_lib.context [req-782f4eca-38d4-40d6-ae2f-a0be4496d9cf req-e21743ed-4608-4a94-be3d-1ec7abe4de02 ef272bc2810344d3a4c44b5e2e1758c0 523eafbf7dc14847b34f88d7e92cc15c - - default default] Method 'is_advsvc' is deprecated since 2023.2 release (neutron-lib 3.8.0) and will be removed once support for the old RBAC API policies will be removed from Neutron. Please use method 'is_service_role' instead.
2026-05-27 11:07:31.627 10 INFO neutron.db.ovn_revision_numbers_db [req-782f4eca-38d4-40d6-ae2f-a0be4496d9cf req-e21743ed-4608-4a94-be3d-1ec7abe4de02 ef272bc2810344d3a4c44b5e2e1758c0 523eafbf7dc14847b34f88d7e92cc15c - - default default] Successfully bumped revision number for resource 1cbea6c4-31ec-4404-87e9-2b8fcd42741c (type: security_group_rules) to 0
2026-05-27 11:07:31.642 11 INFO neutron.db.ovn_revision_numbers_db [None req-9abc8ea1-db2f-4244-aeff-12e8c6abd8d1 - - - - - -] Successfully bumped revision number for resource 06779223-04b1-4465-b573-e1aea6b7f6d8 (type: ports) to 5
2026-05-27 11:07:31.682 10 INFO neutron.api.wsgi [req-782f4eca-38d4-40d6-ae2f-a0be4496d9cf req-e21743ed-4608-4a94-be3d-1ec7abe4de02 ef272bc2810344d3a4c44b5e2e1758c0 523eafbf7dc14847b34f88d7e92cc15c - - default default] 10.0.0.91 "POST /v2.0/security-group-rules HTTP/1.1" status: 201 len: 818 time: 0.1960557
2026-05-27 11:07:31.718 10 WARNING neutron_lib.context [req-41bb32d6-fc37-425e-9940-6c92ea074f54 req-7ec7b31f-9181-48fb-ae95-248a912d5fe0 ef272bc2810344d3a4c44b5e2e1758c0 523eafbf7dc14847b34f88d7e92cc15c - - default default] Method 'is_advsvc' is deprecated since 2023.2 release (neutron-lib 3.8.0) and will be removed once support for the old RBAC API policies will be removed from Neutron. Please use method 'is_service_role' instead.
2026-05-27 11:07:31.733 10 INFO neutron.plugins.ml2.drivers.ovn.mech_driver.mech_driver [None req-82c98eb8-43e9-448c-9291-01b9b087c469 - - - - - -] OVN reports status up for port: 4dcee47c-95b0-4310-982f-52ac1c488392
2026-05-27 11:07:31.740 10 INFO neutron.plugins.ml2.plugin [None req-82c98eb8-43e9-448c-9291-01b9b087c469 - - - - - -] Attempt 1 to provision port 4dcee47c-95b0-4310-982f-52ac1c488392
2026-05-27 11:07:31.763 10 INFO neutron.db.ovn_revision_numbers_db [None req-c2b10512-1087-4b67-b6e0-5b5912aa5255 e1764593464c4aa78df777aa75f0e064 ea974855a7484f339df3e98ed07b1cd9 - - default default] Successfully bumped revision number for resource 4dcee47c-95b0-4310-982f-52ac1c488392 (type: ports) to 1
2026-05-27 11:07:31.879 10 WARNING neutron.scheduler.dhcp_agent_scheduler [None req-c2b10512-1087-4b67-b6e0-5b5912aa5255 e1764593464c4aa78df777aa75f0e064 ea974855a7484f339df3e98ed07b1cd9 - - default default] No more DHCP agents
2026-05-27 11:07:31.893 10 WARNING neutron.api.rpc.agentnotifiers.dhcp_rpc_agent_api [None req-c2b10512-1087-4b67-b6e0-5b5912aa5255 e1764593464c4aa78df777aa75f0e064 ea974855a7484f339df3e98ed07b1cd9 - - default default] Unable to schedule network 05920bc3-85a3-416e-ab4b-78611afe192c: no agents available; will retry on subsequent port and subnet creation events.
2026-05-27 11:07:31.914 10 INFO neutron.api.wsgi [req-79e8ab7e-a160-4a38-a262-2e969ab1d65e req-9f52e55e-18ec-44ba-a500-f9d57d2613ed 4357ec62cc014561b8f2f31f6f53727b 2bef533d0e9c45268e33ab59609716e7 - - default default] 10.0.0.91 "GET /v2.0/security-groups?name=tempest-securitygroup--550891040&fields=id&tenant_id=2bef533d0e9c45268e33ab59609716e7 HTTP/1.1" status: 200 len: 267 time: 0.0930119
2026-05-27 11:07:31.943 10 INFO neutron.db.ovn_revision_numbers_db [req-41bb32d6-fc37-425e-9940-6c92ea074f54 req-7ec7b31f-9181-48fb-ae95-248a912d5fe0 ef272bc2810344d3a4c44b5e2e1758c0 523eafbf7dc14847b34f88d7e92cc15c - - default default] Successfully bumped revision number for resource 49d6123c-3b57-473c-b514-dc4656295900 (type: security_groups) to 1
2026-05-27 11:07:31.973 10 INFO neutron.db.ovn_revision_numbers_db [req-41bb32d6-fc37-425e-9940-6c92ea074f54 req-7ec7b31f-9181-48fb-ae95-248a912d5fe0 ef272bc2810344d3a4c44b5e2e1758c0 523eafbf7dc14847b34f88d7e92cc15c - - default default] Successfully bumped revision number for resource 74574d14-0983-4154-965a-c23bdb5f5520 (type: security_group_rules) to 0
2026-05-27 11:07:32.000 10 INFO neutron.api.wsgi [req-79e8ab7e-a160-4a38-a262-2e969ab1d65e req-b5096c18-d048-4db0-b4df-90afce071575 4357ec62cc014561b8f2f31f6f53727b 2bef533d0e9c45268e33ab59609716e7 - - default default] 10.0.0.91 "GET /v2.0/networks?id=d15cbdbe-2a28-41fb-aca4-9ba5ce1655cf HTTP/1.1" status: 200 len: 869 time: 0.0776963
2026-05-27 11:07:32.003 10 INFO neutron.db.ovn_revision_numbers_db [req-41bb32d6-fc37-425e-9940-6c92ea074f54 req-7ec7b31f-9181-48fb-ae95-248a912d5fe0 ef272bc2810344d3a4c44b5e2e1758c0 523eafbf7dc14847b34f88d7e92cc15c - - default default] Successfully bumped revision number for resource 837a040d-58cf-451a-afa3-9bde367d3460 (type: security_group_rules) to 0
2026-05-27 11:07:32.026 10 INFO neutron.api.wsgi [req-79e8ab7e-a160-4a38-a262-2e969ab1d65e req-b9756940-7666-4cdb-b467-8fc1a3657a45 4357ec62cc014561b8f2f31f6f53727b 2bef533d0e9c45268e33ab59609716e7 - - default default] 10.0.0.91 "GET /v2.0/quotas/2bef533d0e9c45268e33ab59609716e7 HTTP/1.1" status: 200 len: 491 time: 0.0193000
2026-05-27 11:07:32.084 10 INFO neutron.api.wsgi [req-41bb32d6-fc37-425e-9940-6c92ea074f54 req-7ec7b31f-9181-48fb-ae95-248a912d5fe0 ef272bc2810344d3a4c44b5e2e1758c0 523eafbf7dc14847b34f88d7e92cc15c - - default default] 10.0.0.91 "POST /v2.0/security-groups HTTP/1.1" status: 201 len: 1890 time: 0.3696876
2026-05-27 11:07:32.150 10 INFO neutron.api.wsgi [req-fadac7af-c68a-4b24-815a-73a9ebab343f req-1707227c-a21b-4cf0-bd1e-0ba3b2db5bc6 ef272bc2810344d3a4c44b5e2e1758c0 523eafbf7dc14847b34f88d7e92cc15c - - default default] 10.0.0.91 "GET /v2.0/security-groups/49d6123c-3b57-473c-b514-dc4656295900 HTTP/1.1" status: 200 len: 1885 time: 0.0407777
2026-05-27 11:07:32.164 10 WARNING neutron_lib.context [req-fadac7af-c68a-4b24-815a-73a9ebab343f req-c1d1cd9c-10e2-4970-8753-0a8b1976f0a4 ef272bc2810344d3a4c44b5e2e1758c0 523eafbf7dc14847b34f88d7e92cc15c - - default default] Method 'is_advsvc' is deprecated since 2023.2 release (neutron-lib 3.8.0) and will be removed once support for the old RBAC API policies will be removed from Neutron. Please use method 'is_service_role' instead.
2026-05-27 11:07:32.177 10 INFO neutron.api.wsgi [req-79e8ab7e-a160-4a38-a262-2e969ab1d65e req-c5da261b-e221-41b4-b79b-b932d5bb9eab 4357ec62cc014561b8f2f31f6f53727b 2bef533d0e9c45268e33ab59609716e7 - - default default] 10.0.0.91 "GET /v2.0/ports?tenant_id=2bef533d0e9c45268e33ab59609716e7&fields=id HTTP/1.1" status: 200 len: 302 time: 0.1433854
2026-05-27 11:07:32.350 10 INFO neutron.db.ovn_revision_numbers_db [None req-82c98eb8-43e9-448c-9291-01b9b087c469 - - - - - -] Successfully bumped revision number for resource 4dcee47c-95b0-4310-982f-52ac1c488392 (type: ports) to 2
2026-05-27 11:07:32.367 10 INFO neutron.db.ovn_revision_numbers_db [req-fadac7af-c68a-4b24-815a-73a9ebab343f req-c1d1cd9c-10e2-4970-8753-0a8b1976f0a4 ef272bc2810344d3a4c44b5e2e1758c0 523eafbf7dc14847b34f88d7e92cc15c - - default default] Successfully bumped revision number for resource 9d885e7c-9a7e-400d-b642-fd3ed03760d6 (type: security_group_rules) to 0
2026-05-27 11:07:32.408 10 INFO neutron.api.wsgi [req-fadac7af-c68a-4b24-815a-73a9ebab343f req-c1d1cd9c-10e2-4970-8753-0a8b1976f0a4 ef272bc2810344d3a4c44b5e2e1758c0 523eafbf7dc14847b34f88d7e92cc15c - - default default] 10.0.0.91 "POST /v2.0/security-group-rules HTTP/1.1" status: 201 len: 818 time: 0.2499771
2026-05-27 11:07:32.466 10 INFO neutron.api.wsgi [req-e85ac51b-4f63-4c23-b913-38bbf04ae0fa req-6df5ec4f-8af7-41a5-92b3-843ff8959cfc ef272bc2810344d3a4c44b5e2e1758c0 523eafbf7dc14847b34f88d7e92cc15c - - default default] 10.0.0.91 "GET /v2.0/security-groups/49d6123c-3b57-473c-b514-dc4656295900 HTTP/1.1" status: 200 len: 2510 time: 0.0307109
2026-05-27 11:07:32.477 10 WARNING neutron_lib.context [req-e85ac51b-4f63-4c23-b913-38bbf04ae0fa req-d3e12211-3f44-47e9-a7c5-2bca16aea7c2 ef272bc2810344d3a4c44b5e2e1758c0 523eafbf7dc14847b34f88d7e92cc15c - - default default] Method 'is_advsvc' is deprecated since 2023.2 release (neutron-lib 3.8.0) and will be removed once support for the old RBAC API policies will be removed from Neutron. Please use method 'is_service_role' instead.
2026-05-27 11:07:32.644 10 INFO neutron.db.ovn_revision_numbers_db [req-e85ac51b-4f63-4c23-b913-38bbf04ae0fa req-d3e12211-3f44-47e9-a7c5-2bca16aea7c2 ef272bc2810344d3a4c44b5e2e1758c0 523eafbf7dc14847b34f88d7e92cc15c - - default default] Successfully bumped revision number for resource ac2a7ad5-25c1-4cfe-b817-24fce9ea3710 (type: security_group_rules) to 0
2026-05-27 11:07:32.649 10 INFO neutron.api.wsgi [req-79e8ab7e-a160-4a38-a262-2e969ab1d65e req-7c9d44bf-ef52-499c-8862-2bc1e6e739c6 d5711ff9ac8a43d98f53b060c4b1362b fe2cb8ebbcda447da4f985851cf6d105 - - f5803dd769f047eca26592da6f65259a f5803dd769f047eca26592da6f65259a] 10.0.0.91 "GET /v2.0/extensions HTTP/1.1" status: 200 len: 19298 time: 0.0862257
2026-05-27 11:07:32.699 10 INFO neutron.api.wsgi [req-e85ac51b-4f63-4c23-b913-38bbf04ae0fa req-d3e12211-3f44-47e9-a7c5-2bca16aea7c2 ef272bc2810344d3a4c44b5e2e1758c0 523eafbf7dc14847b34f88d7e92cc15c - - default default] 10.0.0.91 "POST /v2.0/security-group-rules HTTP/1.1" status: 201 len: 823 time: 0.2269342
2026-05-27 11:07:32.717 10 INFO neutron.api.wsgi [req-79e8ab7e-a160-4a38-a262-2e969ab1d65e req-bd71d136-57ef-42bb-a7d3-4ce6b378a09c d5711ff9ac8a43d98f53b060c4b1362b fe2cb8ebbcda447da4f985851cf6d105 - - f5803dd769f047eca26592da6f65259a f5803dd769f047eca26592da6f65259a] 10.0.0.91 "GET /v2.0/networks/d15cbdbe-2a28-41fb-aca4-9ba5ce1655cf?fields=segments HTTP/1.1" status: 200 len: 212 time: 0.0593612
2026-05-27 11:07:32.763 10 INFO neutron.api.wsgi [req-1f58febd-ed6c-42ec-a4c7-277bf536d3c5 req-bc6ab9da-c6b3-4d3d-9748-03e93dbfc074 ef272bc2810344d3a4c44b5e2e1758c0 523eafbf7dc14847b34f88d7e92cc15c - - default default] 10.0.0.91 "GET /v2.0/security-groups/49d6123c-3b57-473c-b514-dc4656295900 HTTP/1.1" status: 200 len: 3140 time: 0.0431554
2026-05-27 11:07:32.795 10 INFO neutron.api.wsgi [req-eb584727-675f-4950-93bd-4c8170b931c0 req-8e7902e6-73f5-4f9d-96f0-af4b3ae97634 ef272bc2810344d3a4c44b5e2e1758c0 523eafbf7dc14847b34f88d7e92cc15c - - default default] 10.0.0.91 "GET /v2.0/security-group-rules/ac2a7ad5-25c1-4cfe-b817-24fce9ea3710 HTTP/1.1" status: 200 len: 815 time: 0.0156019
2026-05-27 11:07:32.811 10 INFO neutron.api.wsgi [req-79e8ab7e-a160-4a38-a262-2e969ab1d65e req-ea86e068-fee0-4ee8-bf12-f72a674936ed d5711ff9ac8a43d98f53b060c4b1362b fe2cb8ebbcda447da4f985851cf6d105 - - f5803dd769f047eca26592da6f65259a f5803dd769f047eca26592da6f65259a] 10.0.0.91 "GET /v2.0/networks/d15cbdbe-2a28-41fb-aca4-9ba5ce1655cf?fields=provider%3Aphysical_network&fields=provider%3Anetwork_type HTTP/1.1" status: 200 len: 277 time: 0.0832250
2026-05-27 11:07:32.829 10 INFO neutron.api.wsgi [req-eb584727-675f-4950-93bd-4c8170b931c0 req-a8b00f31-4a56-440e-bd0d-1dffc220c98e ef272bc2810344d3a4c44b5e2e1758c0 523eafbf7dc14847b34f88d7e92cc15c - - default default] 10.0.0.91 "GET /v2.0/security-groups/49d6123c-3b57-473c-b514-dc4656295900 HTTP/1.1" status: 200 len: 3140 time: 0.0264292
2026-05-27 11:07:32.830 10 INFO neutron.db.ovn_revision_numbers_db [None req-c2b10512-1087-4b67-b6e0-5b5912aa5255 e1764593464c4aa78df777aa75f0e064 ea974855a7484f339df3e98ed07b1cd9 - - default default] Successfully bumped revision number for resource 4dcee47c-95b0-4310-982f-52ac1c488392 (type: router_ports) to 1
2026-05-27 11:07:32.833 10 INFO neutron.api.wsgi [None req-c2b10512-1087-4b67-b6e0-5b5912aa5255 e1764593464c4aa78df777aa75f0e064 ea974855a7484f339df3e98ed07b1cd9 - - default default] 10.0.0.9 "PUT /v2.0/routers/a46a209c-2066-455c-9578-5d58a692b1ee/add_router_interface HTTP/1.1" status: 200 len: 503 time: 2.2839739
2026-05-27 11:07:32.965 10 INFO neutron.api.wsgi [req-eb584727-675f-4950-93bd-4c8170b931c0 req-c625e6f3-36ad-4e40-bdb5-f0e1c54b27bc ef272bc2810344d3a4c44b5e2e1758c0 523eafbf7dc14847b34f88d7e92cc15c - - default default] 10.0.0.91 "DELETE /v2.0/security-group-rules/ac2a7ad5-25c1-4cfe-b817-24fce9ea3710 HTTP/1.1" status: 204 len: 173 time: 0.1289141
2026-05-27 11:07:33.017 10 INFO neutron.api.wsgi [req-b8cc5928-b07f-4562-ab63-bb3236454920 req-6a0b666d-da91-4d11-aeed-7569e64db280 4357ec62cc014561b8f2f31f6f53727b 2bef533d0e9c45268e33ab59609716e7 - - default default] 10.0.0.91 "GET /v2.0/ports?device_id=c882d480-ed81-41c8-ac02-eb0e51096cb6 HTTP/1.1" status: 200 len: 210 time: 0.0264637
2026-05-27 11:07:33.024 10 INFO neutron.api.wsgi [req-a013f712-2ab7-4a7c-8b16-3e647a7d83ec req-a8a73e2a-f196-4821-b3f3-f3b0a081aa02 ef272bc2810344d3a4c44b5e2e1758c0 523eafbf7dc14847b34f88d7e92cc15c - - default default] 10.0.0.91 "GET /v2.0/security-groups/49d6123c-3b57-473c-b514-dc4656295900 HTTP/1.1" status: 200 len: 2510 time: 0.0450029
2026-05-27 11:07:33.140 10 INFO neutron.api.wsgi [req-a013f712-2ab7-4a7c-8b16-3e647a7d83ec req-a8ed8682-4614-40d5-9b7d-0cf969bd18a0 ef272bc2810344d3a4c44b5e2e1758c0 523eafbf7dc14847b34f88d7e92cc15c - - default default] 10.0.0.91 "DELETE /v2.0/security-groups/49d6123c-3b57-473c-b514-dc4656295900 HTTP/1.1" status: 204 len: 173 time: 0.1124189
2026-05-27 11:07:33.299 10 INFO neutron.api.wsgi [req-710d67a9-b136-4012-8e5e-d882eeb003ad req-beb2cc7e-c0b2-4ffc-80bb-3f0f6a147a0b ef272bc2810344d3a4c44b5e2e1758c0 523eafbf7dc14847b34f88d7e92cc15c - - default default] 10.0.0.91 "GET /v2.0/security-groups/1cf106c2-fc52-4add-9563-4ae2b4d3711d HTTP/1.1" status: 200 len: 2510 time: 0.1373925
2026-05-27 11:07:33.431 10 INFO neutron.api.wsgi [req-710d67a9-b136-4012-8e5e-d882eeb003ad req-3b34eefb-40da-40a5-8dc8-ef72a33c0e13 ef272bc2810344d3a4c44b5e2e1758c0 523eafbf7dc14847b34f88d7e92cc15c - - default default] 10.0.0.91 "DELETE /v2.0/security-groups/1cf106c2-fc52-4add-9563-4ae2b4d3711d HTTP/1.1" status: 204 len: 173 time: 0.1227989
2026-05-27 11:07:33.482 10 WARNING neutron_lib.context [req-fc80af3d-1064-4959-b739-791e64a8d518 req-98227af7-1688-4413-9923-66b12c6c7dbf 1781f3194cba48689b0ce57eb120e56d 2cd9e07c65f04e8fa18d5b51ad97c8ef - - default default] Method 'is_advsvc' is deprecated since 2023.2 release (neutron-lib 3.8.0) and will be removed once support for the old RBAC API policies will be removed from Neutron. Please use method 'is_service_role' instead.
2026-05-27 11:07:33.629 10 INFO neutron.db.ovn_revision_numbers_db [req-fc80af3d-1064-4959-b739-791e64a8d518 req-98227af7-1688-4413-9923-66b12c6c7dbf 1781f3194cba48689b0ce57eb120e56d 2cd9e07c65f04e8fa18d5b51ad97c8ef - - default default] Successfully bumped revision number for resource 672fc006-fd8f-46c9-bd47-cda0d837af72 (type: security_groups) to 1
2026-05-27 11:07:33.666 10 INFO neutron.db.ovn_revision_numbers_db [req-fc80af3d-1064-4959-b739-791e64a8d518 req-98227af7-1688-4413-9923-66b12c6c7dbf 1781f3194cba48689b0ce57eb120e56d 2cd9e07c65f04e8fa18d5b51ad97c8ef - - default default] Successfully bumped revision number for resource 0e675553-bcc7-4337-847e-ad7f0a8532f8 (type: security_group_rules) to 0
2026-05-27 11:07:33.683 10 INFO neutron.db.ovn_revision_numbers_db [req-fc80af3d-1064-4959-b739-791e64a8d518 req-98227af7-1688-4413-9923-66b12c6c7dbf 1781f3194cba48689b0ce57eb120e56d 2cd9e07c65f04e8fa18d5b51ad97c8ef - - default default] Successfully bumped revision number for resource 605a19fe-5533-465d-923c-19e4d56dc48b (type: security_group_rules) to 0
2026-05-27 11:07:33.722 10 INFO neutron.api.wsgi [req-fc80af3d-1064-4959-b739-791e64a8d518 req-98227af7-1688-4413-9923-66b12c6c7dbf 1781f3194cba48689b0ce57eb120e56d 2cd9e07c65f04e8fa18d5b51ad97c8ef - - default default] 10.0.0.91 "POST /v2.0/security-groups HTTP/1.1" status: 201 len: 1885 time: 0.2463534
2026-05-27 11:07:33.758 10 WARNING neutron_lib.context [req-a71ec6e9-3e57-4e59-81e0-34d2c4879555 req-389d1e4e-c7a8-45de-a5b5-c69a0c3a7932 1781f3194cba48689b0ce57eb120e56d 2cd9e07c65f04e8fa18d5b51ad97c8ef - - default default] Method 'is_advsvc' is deprecated since 2023.2 release (neutron-lib 3.8.0) and will be removed once support for the old RBAC API policies will be removed from Neutron. Please use method 'is_service_role' instead.
2026-05-27 11:07:33.876 10 INFO neutron.db.ovn_revision_numbers_db [req-a71ec6e9-3e57-4e59-81e0-34d2c4879555 req-389d1e4e-c7a8-45de-a5b5-c69a0c3a7932 1781f3194cba48689b0ce57eb120e56d 2cd9e07c65f04e8fa18d5b51ad97c8ef - - default default] Successfully bumped revision number for resource b30a9051-9f6f-426f-a31a-d0436cab7e5e (type: security_groups) to 1
2026-05-27 11:07:33.891 10 INFO neutron.db.ovn_revision_numbers_db [req-a71ec6e9-3e57-4e59-81e0-34d2c4879555 req-389d1e4e-c7a8-45de-a5b5-c69a0c3a7932 1781f3194cba48689b0ce57eb120e56d 2cd9e07c65f04e8fa18d5b51ad97c8ef - - default default] Successfully bumped revision number for resource ac18fbc6-c248-4870-a9b2-e5c60456b92c (type: security_group_rules) to 0
2026-05-27 11:07:33.903 10 INFO neutron.db.ovn_revision_numbers_db [req-a71ec6e9-3e57-4e59-81e0-34d2c4879555 req-389d1e4e-c7a8-45de-a5b5-c69a0c3a7932 1781f3194cba48689b0ce57eb120e56d 2cd9e07c65f04e8fa18d5b51ad97c8ef - - default default] Successfully bumped revision number for resource f9e3c3ee-c70a-402c-8a60-8c82c4135a0d (type: security_group_rules) to 0
2026-05-27 11:07:33.942 10 INFO neutron.api.wsgi [req-a71ec6e9-3e57-4e59-81e0-34d2c4879555 req-389d1e4e-c7a8-45de-a5b5-c69a0c3a7932 1781f3194cba48689b0ce57eb120e56d 2cd9e07c65f04e8fa18d5b51ad97c8ef - - default default] 10.0.0.91 "POST /v2.0/security-groups HTTP/1.1" status: 201 len: 1884 time: 0.1926680
2026-05-27 11:07:33.973 10 WARNING neutron_lib.context [req-7d2f30c1-ba05-48ff-8ffd-ab4b4a4ccf93 req-db730558-0cd9-4278-99d6-a65e8e0646e0 1781f3194cba48689b0ce57eb120e56d 2cd9e07c65f04e8fa18d5b51ad97c8ef - - default default] Method 'is_advsvc' is deprecated since 2023.2 release (neutron-lib 3.8.0) and will be removed once support for the old RBAC API policies will be removed from Neutron. Please use method 'is_service_role' instead.
2026-05-27 11:07:34.091 10 INFO neutron.db.ovn_revision_numbers_db [req-7d2f30c1-ba05-48ff-8ffd-ab4b4a4ccf93 req-db730558-0cd9-4278-99d6-a65e8e0646e0 1781f3194cba48689b0ce57eb120e56d 2cd9e07c65f04e8fa18d5b51ad97c8ef - - default default] Successfully bumped revision number for resource 7e4877b2-b65f-47dc-8430-0a2c34c862fe (type: security_groups) to 1
2026-05-27 11:07:34.103 10 INFO neutron.db.ovn_revision_numbers_db [req-7d2f30c1-ba05-48ff-8ffd-ab4b4a4ccf93 req-db730558-0cd9-4278-99d6-a65e8e0646e0 1781f3194cba48689b0ce57eb120e56d 2cd9e07c65f04e8fa18d5b51ad97c8ef - - default default] Successfully bumped revision number for resource 2090ec47-9a55-44a9-b578-f851af35654e (type: security_group_rules) to 0
2026-05-27 11:07:34.116 10 INFO neutron.db.ovn_revision_numbers_db [req-7d2f30c1-ba05-48ff-8ffd-ab4b4a4ccf93 req-db730558-0cd9-4278-99d6-a65e8e0646e0 1781f3194cba48689b0ce57eb120e56d 2cd9e07c65f04e8fa18d5b51ad97c8ef - - default default] Successfully bumped revision number for resource 767816a1-0159-4132-9f79-b4c266cf1183 (type: security_group_rules) to 0
2026-05-27 11:07:34.142 10 INFO neutron.api.wsgi [req-ac0eea2c-7547-43f8-96ba-bed1d64b699d req-f8e7d92d-7ad2-49e6-8be9-fbadc6313570 4357ec62cc014561b8f2f31f6f53727b 2bef533d0e9c45268e33ab59609716e7 - - default default] 10.0.0.91 "GET /v2.0/ports?device_id=c882d480-ed81-41c8-ac02-eb0e51096cb6 HTTP/1.1" status: 200 len: 210 time: 0.0171137
2026-05-27 11:07:34.161 10 INFO neutron.api.wsgi [req-7d2f30c1-ba05-48ff-8ffd-ab4b4a4ccf93 req-db730558-0cd9-4278-99d6-a65e8e0646e0 1781f3194cba48689b0ce57eb120e56d 2cd9e07c65f04e8fa18d5b51ad97c8ef - - default default] 10.0.0.91 "POST /v2.0/security-groups HTTP/1.1" status: 201 len: 1887 time: 0.1936250
2026-05-27 11:07:34.245 10 INFO neutron.api.wsgi [req-0d84874f-a77d-433a-8908-e2fad49076e9 req-dc8dab2e-5860-4a17-b36e-a8c51f1e51fe 1781f3194cba48689b0ce57eb120e56d 2cd9e07c65f04e8fa18d5b51ad97c8ef - - default default] 10.0.0.91 "GET /v2.0/security-groups?tenant_id=2cd9e07c65f04e8fa18d5b51ad97c8ef HTTP/1.1" status: 200 len: 8102 time: 0.0568528
2026-05-27 11:07:34.275 10 INFO neutron.api.wsgi [req-0d84874f-a77d-433a-8908-e2fad49076e9 req-4a7a71d4-5e29-4d99-85f4-084cdea97c9f 1781f3194cba48689b0ce57eb120e56d 2cd9e07c65f04e8fa18d5b51ad97c8ef - - default default] 10.0.0.91 "GET /v2.0/security-groups/c92c439b-3bcd-4f9d-9019-d6fb6bf54c58 HTTP/1.1" status: 200 len: 3118 time: 0.0247309
2026-05-27 11:07:34.311 10 INFO neutron.api.wsgi [req-0d84874f-a77d-433a-8908-e2fad49076e9 req-ed16088d-f819-4d48-b463-2c74856032fc 1781f3194cba48689b0ce57eb120e56d 2cd9e07c65f04e8fa18d5b51ad97c8ef - - default default] 10.0.0.91 "GET /v2.0/security-groups/c92c439b-3bcd-4f9d-9019-d6fb6bf54c58 HTTP/1.1" status: 200 len: 3118 time: 0.0307126
2026-05-27 11:07:34.366 10 INFO neutron.api.wsgi [req-7b592f9c-26b6-42be-a3c1-7d8d53e7a6af req-14d7ea66-3bd2-4c32-9591-b595cd5f3b82 1781f3194cba48689b0ce57eb120e56d 2cd9e07c65f04e8fa18d5b51ad97c8ef - - default default] 10.0.0.91 "GET /v2.0/security-groups/672fc006-fd8f-46c9-bd47-cda0d837af72 HTTP/1.1" status: 200 len: 1880 time: 0.0326550
2026-05-27 11:07:34.477 10 INFO neutron.api.wsgi [req-7b592f9c-26b6-42be-a3c1-7d8d53e7a6af req-7fe6944f-0d17-4beb-8f33-31d2695b4d0c 1781f3194cba48689b0ce57eb120e56d 2cd9e07c65f04e8fa18d5b51ad97c8ef - - default default] 10.0.0.91 "DELETE /v2.0/security-groups/672fc006-fd8f-46c9-bd47-cda0d837af72 HTTP/1.1" status: 204 len: 173 time: 0.1025317
2026-05-27 11:07:34.507 10 INFO neutron.api.v2.resource [req-793104b2-b627-4da8-a040-866aab342d25 req-d4316a46-beba-4d26-9419-5242ee125ae7 1781f3194cba48689b0ce57eb120e56d 2cd9e07c65f04e8fa18d5b51ad97c8ef - - default default] show failed (client error): The resource could not be found.
2026-05-27 11:07:34.509 10 INFO neutron.api.wsgi [req-793104b2-b627-4da8-a040-866aab342d25 req-d4316a46-beba-4d26-9419-5242ee125ae7 1781f3194cba48689b0ce57eb120e56d 2cd9e07c65f04e8fa18d5b51ad97c8ef - - default default] 10.0.0.91 "GET /v2.0/security-groups/672fc006-fd8f-46c9-bd47-cda0d837af72 HTTP/1.1" status: 404 len: 352 time: 0.0130694
2026-05-27 11:07:34.562 10 INFO neutron.api.wsgi [req-0786841e-2e89-4853-ba8a-dd9a2cd3b737 req-49d1cf63-a013-45ff-a3a9-132bd43b7f97 1781f3194cba48689b0ce57eb120e56d 2cd9e07c65f04e8fa18d5b51ad97c8ef - - default default] 10.0.0.91 "GET /v2.0/security-groups/b30a9051-9f6f-426f-a31a-d0436cab7e5e HTTP/1.1" status: 200 len: 1879 time: 0.0356493
2026-05-27 11:07:34.654 11 INFO neutron.api.wsgi [None req-40053fee-269e-408b-9f97-acd70a440921 e1764593464c4aa78df777aa75f0e064 ea974855a7484f339df3e98ed07b1cd9 - - default default] 10.0.0.9 "PUT /v2.0/routers/0a9a8a85-79fd-4e4f-bef2-cde0c78875f8/remove_router_interface HTTP/1.1" status: 200 len: 503 time: 1.2141013
2026-05-27 11:07:34.678 10 INFO neutron.api.wsgi [req-0786841e-2e89-4853-ba8a-dd9a2cd3b737 req-907d0b9a-fa86-4b45-9656-cf0b6ce1a63a 1781f3194cba48689b0ce57eb120e56d 2cd9e07c65f04e8fa18d5b51ad97c8ef - - default default] 10.0.0.91 "DELETE /v2.0/security-groups/b30a9051-9f6f-426f-a31a-d0436cab7e5e HTTP/1.1" status: 204 len: 173 time: 0.1094413
2026-05-27 11:07:34.714 10 INFO neutron.api.v2.resource [req-235a31cd-491b-4b84-a786-f5e39a727b4d req-6f189198-908d-4935-98c6-c3b3cf9759ee 1781f3194cba48689b0ce57eb120e56d 2cd9e07c65f04e8fa18d5b51ad97c8ef - - default default] show failed (client error): The resource could not be found.
2026-05-27 11:07:34.715 10 INFO neutron.api.wsgi [req-235a31cd-491b-4b84-a786-f5e39a727b4d req-6f189198-908d-4935-98c6-c3b3cf9759ee 1781f3194cba48689b0ce57eb120e56d 2cd9e07c65f04e8fa18d5b51ad97c8ef - - default default] 10.0.0.91 "GET /v2.0/security-groups/b30a9051-9f6f-426f-a31a-d0436cab7e5e HTTP/1.1" status: 404 len: 352 time: 0.0156159
2026-05-27 11:07:34.769 10 INFO neutron.api.wsgi [req-aa9cd657-9f01-4a6f-914f-7d2ee67ff7f0 req-983c4a5b-c591-43ff-ab80-10fcef398c67 1781f3194cba48689b0ce57eb120e56d 2cd9e07c65f04e8fa18d5b51ad97c8ef - - default default] 10.0.0.91 "GET /v2.0/security-groups/7e4877b2-b65f-47dc-8430-0a2c34c862fe HTTP/1.1" status: 200 len: 1882 time: 0.0274658
2026-05-27 11:07:34.905 10 INFO neutron.api.wsgi [req-aa9cd657-9f01-4a6f-914f-7d2ee67ff7f0 req-c2f7de21-31a7-496f-8979-231a82a2f5da 1781f3194cba48689b0ce57eb120e56d 2cd9e07c65f04e8fa18d5b51ad97c8ef - - default default] 10.0.0.91 "DELETE /v2.0/security-groups/7e4877b2-b65f-47dc-8430-0a2c34c862fe HTTP/1.1" status: 204 len: 173 time: 0.1275928
2026-05-27 11:07:34.936 10 INFO neutron.api.v2.resource [req-0f7fdc19-21e2-4aab-88db-98d26860f742 req-757a299d-b0cd-4759-bd1a-82eca2d4ff13 1781f3194cba48689b0ce57eb120e56d 2cd9e07c65f04e8fa18d5b51ad97c8ef - - default default] show failed (client error): The resource could not be found.
2026-05-27 11:07:34.937 10 INFO neutron.api.wsgi [req-0f7fdc19-21e2-4aab-88db-98d26860f742 req-757a299d-b0cd-4759-bd1a-82eca2d4ff13 1781f3194cba48689b0ce57eb120e56d 2cd9e07c65f04e8fa18d5b51ad97c8ef - - default default] 10.0.0.91 "GET /v2.0/security-groups/7e4877b2-b65f-47dc-8430-0a2c34c862fe HTTP/1.1" status: 404 len: 352 time: 0.0109594
2026-05-27 11:07:35.002 10 INFO neutron.api.wsgi [req-eff74d84-85c7-4b36-bdb6-2d046067629d req-18ea4a09-3bc0-4558-a54c-208bc9ffa84d 1781f3194cba48689b0ce57eb120e56d 2cd9e07c65f04e8fa18d5b51ad97c8ef - - default default] 10.0.0.91 "GET /v2.0/security-groups?tenant_id=2cd9e07c65f04e8fa18d5b51ad97c8ef HTTP/1.1" status: 200 len: 3121 time: 0.0414929
2026-05-27 11:07:35.065 10 INFO neutron.api.wsgi [req-eff74d84-85c7-4b36-bdb6-2d046067629d req-125574de-74eb-42bb-85be-f4efeb1f65d7 1781f3194cba48689b0ce57eb120e56d 2cd9e07c65f04e8fa18d5b51ad97c8ef - - default default] 10.0.0.91 "GET /v2.0/security-groups/c92c439b-3bcd-4f9d-9019-d6fb6bf54c58 HTTP/1.1" status: 200 len: 3118 time: 0.0570307
2026-05-27 11:07:35.103 10 INFO neutron.api.wsgi [req-eff74d84-85c7-4b36-bdb6-2d046067629d req-7bba9fe1-ef35-41c5-9b71-b78add5d82a9 1781f3194cba48689b0ce57eb120e56d 2cd9e07c65f04e8fa18d5b51ad97c8ef - - default default] 10.0.0.91 "GET /v2.0/security-groups/c92c439b-3bcd-4f9d-9019-d6fb6bf54c58 HTTP/1.1" status: 200 len: 3118 time: 0.0311215
2026-05-27 11:07:35.138 10 INFO neutron.api.v2.resource [req-ae7115e8-7bb5-4ec1-a91a-d55c29d69a44 req-d0dc0e6d-ec35-4ef9-b93f-93691df3f331 1781f3194cba48689b0ce57eb120e56d 2cd9e07c65f04e8fa18d5b51ad97c8ef - - default default] show failed (client error): The resource could not be found.
2026-05-27 11:07:35.138 10 INFO neutron.api.wsgi [req-ae7115e8-7bb5-4ec1-a91a-d55c29d69a44 req-d0dc0e6d-ec35-4ef9-b93f-93691df3f331 1781f3194cba48689b0ce57eb120e56d 2cd9e07c65f04e8fa18d5b51ad97c8ef - - default default] 10.0.0.91 "GET /v2.0/security-groups/7e4877b2-b65f-47dc-8430-0a2c34c862fe HTTP/1.1" status: 404 len: 352 time: 0.0136065
2026-05-27 11:07:35.175 10 INFO neutron.api.v2.resource [req-e7cec363-6470-4273-bf2a-88a2a2806095 req-275a8d3e-2287-4143-a4d4-bf5d0ed8fe20 1781f3194cba48689b0ce57eb120e56d 2cd9e07c65f04e8fa18d5b51ad97c8ef - - default default] show failed (client error): The resource could not be found.
2026-05-27 11:07:35.176 10 INFO neutron.api.wsgi [req-e7cec363-6470-4273-bf2a-88a2a2806095 req-275a8d3e-2287-4143-a4d4-bf5d0ed8fe20 1781f3194cba48689b0ce57eb120e56d 2cd9e07c65f04e8fa18d5b51ad97c8ef - - default default] 10.0.0.91 "GET /v2.0/security-groups/b30a9051-9f6f-426f-a31a-d0436cab7e5e HTTP/1.1" status: 404 len: 352 time: 0.0119252
2026-05-27 11:07:35.202 10 INFO neutron.api.v2.resource [req-940b3d31-c48b-48bd-8efb-46c6c6c80f85 req-7aa73685-3ccb-4e0a-86e9-3b5ad32d2fbf 1781f3194cba48689b0ce57eb120e56d 2cd9e07c65f04e8fa18d5b51ad97c8ef - - default default] show failed (client error): The resource could not be found.
2026-05-27 11:07:35.203 10 INFO neutron.api.wsgi [req-940b3d31-c48b-48bd-8efb-46c6c6c80f85 req-7aa73685-3ccb-4e0a-86e9-3b5ad32d2fbf 1781f3194cba48689b0ce57eb120e56d 2cd9e07c65f04e8fa18d5b51ad97c8ef - - default default] 10.0.0.91 "GET /v2.0/security-groups/672fc006-fd8f-46c9-bd47-cda0d837af72 HTTP/1.1" status: 404 len: 352 time: 0.0111589
2026-05-27 11:07:35.297 10 INFO neutron.api.wsgi [req-241a12a0-713a-4e72-bc9f-7d0e80fe67ca req-19be2661-82c0-4b8d-b441-19b55ed001f4 4357ec62cc014561b8f2f31f6f53727b 2bef533d0e9c45268e33ab59609716e7 - - default default] 10.0.0.91 "GET /v2.0/ports?device_id=c882d480-ed81-41c8-ac02-eb0e51096cb6 HTTP/1.1" status: 200 len: 210 time: 0.0326319
2026-05-27 11:07:35.379 11 WARNING neutron.plugins.ml2.drivers.ovn.mech_driver.ovsdb.ovn_client [None req-307d3e6d-81f9-476e-a078-3401e953c7a0 - - - - - -] No hosting information found for port 7cc1ba50-65c8-4255-a07d-4c16f6318c9b: RuntimeError: No hosting information found for port 7cc1ba50-65c8-4255-a07d-4c16f6318c9b
2026-05-27 11:07:35.379 11 INFO neutron.plugins.ml2.drivers.ovn.mech_driver.mech_driver [None req-307d3e6d-81f9-476e-a078-3401e953c7a0 - - - - - -] OVN reports status up for port: 39d25a02-a87c-42c6-bcc8-be707265b4cc
2026-05-27 11:07:35.478 11 INFO neutron.db.ovn_revision_numbers_db [None req-307d3e6d-81f9-476e-a078-3401e953c7a0 - - - - - -] Successfully bumped revision number for resource 7cc1ba50-65c8-4255-a07d-4c16f6318c9b (type: router_ports) to 2
2026-05-27 11:07:35.528 11 INFO neutron.plugins.ml2.drivers.ovn.mech_driver.mech_driver [None req-307d3e6d-81f9-476e-a078-3401e953c7a0 - - - - - -] OVN reports status up for port: 06779223-04b1-4465-b573-e1aea6b7f6d8
2026-05-27 11:07:35.532 10 INFO neutron.api.wsgi [None req-ff84349d-d4ce-479a-b037-cbac189fae8c e1764593464c4aa78df777aa75f0e064 ea974855a7484f339df3e98ed07b1cd9 - - default default] 10.0.0.9 "DELETE /v2.0/routers/0a9a8a85-79fd-4e4f-bef2-cde0c78875f8 HTTP/1.1" status: 204 len: 168 time: 0.8703661 /var/lib/openstack/lib/python3.12/site-packages/pycadf/identifier.py:71: UserWarning: Invalid uuid: neutron. To ensure interoperability, identifiers should be a valid uuid. warnings.warn(('Invalid uuid: %s. To ensure interoperability, '
2026-05-27 11:07:35.548 11 INFO neutron.plugins.ml2.plugin [None req-307d3e6d-81f9-476e-a078-3401e953c7a0 - - - - - -] Attempt 1 to provision port 06779223-04b1-4465-b573-e1aea6b7f6d8
2026-05-27 11:07:35.721 11 INFO neutron.api.wsgi [None req-e9330ba7-377d-4f1f-90a9-77730e9ade2d e1764593464c4aa78df777aa75f0e064 ea974855a7484f339df3e98ed07b1cd9 - - default default] 10.0.0.9 "DELETE /v2.0/subnets/6fef57ec-f4f0-45ce-9b36-c8bc0b5f61c3 HTTP/1.1" status: 204 len: 168 time: 0.1836131
2026-05-27 11:07:36.046 11 INFO neutron.api.wsgi [None req-19a00cb6-1a80-4686-8a95-1aaa9d1ac409 e1764593464c4aa78df777aa75f0e064 ea974855a7484f339df3e98ed07b1cd9 - - default default] 10.0.0.9 "DELETE /v2.0/networks/7d0e6fab-8b11-4e31-a48c-7ecb54e29d34 HTTP/1.1" status: 204 len: 168 time: 0.3200276
2026-05-27 11:07:36.265 10 INFO neutron.api.wsgi [None req-b40d98a2-bcad-4f31-9e65-8be17d15da35 e1764593464c4aa78df777aa75f0e064 ea974855a7484f339df3e98ed07b1cd9 - - default default] 10.0.0.9 "GET /v2.0/security-groups?tenant_id=523eafbf7dc14847b34f88d7e92cc15c&name=default HTTP/1.1" status: 200 len: 3116 time: 0.0340033
2026-05-27 11:07:36.381 10 INFO neutron.api.wsgi [req-f2cdb5dc-fab9-476c-9a94-351d1ca6048a req-6d7eee04-b36b-4066-b118-4c9e12624bd3 4357ec62cc014561b8f2f31f6f53727b 2bef533d0e9c45268e33ab59609716e7 - - default default] 10.0.0.91 "GET /v2.0/ports?device_id=c882d480-ed81-41c8-ac02-eb0e51096cb6 HTTP/1.1" status: 200 len: 210 time: 0.0241497
2026-05-27 11:07:36.479 11 INFO neutron.api.wsgi [None req-b2d0ba55-e573-4083-81e3-1aeef632ee20 e1764593464c4aa78df777aa75f0e064 ea974855a7484f339df3e98ed07b1cd9 - - default default] 10.0.0.9 "DELETE /v2.0/security-groups/df7b3f36-9960-45fd-adc6-02aa04559c03 HTTP/1.1" status: 204 len: 168 time: 0.2076259
2026-05-27 11:07:36.514 10 INFO neutron.api.wsgi [None req-10198935-6996-4d11-82cd-7bf1d91a5110 e1764593464c4aa78df777aa75f0e064 ea974855a7484f339df3e98ed07b1cd9 - - default default] 10.0.0.9 "PUT /v2.0/routers/a46a209c-2066-455c-9578-5d58a692b1ee/remove_router_interface HTTP/1.1" status: 200 len: 503 time: 1.2998962 /var/lib/openstack/lib/python3.12/site-packages/pycadf/identifier.py:71: UserWarning: Invalid uuid: neutron. To ensure interoperability, identifiers should be a valid uuid. warnings.warn(('Invalid uuid: %s. To ensure interoperability, '
2026-05-27 11:07:36.609 11 INFO neutron.services.segments.plugin [-] Segment 9c39238b-788b-43b1-b49f-fe4a2cb03e64 resource provider aggregate not found
2026-05-27 11:07:36.622 11 INFO neutron.services.segments.plugin [-] Segment 9c39238b-788b-43b1-b49f-fe4a2cb03e64 resource provider not found; error: Placement Client Error (4xx): {"errors": [{"status": 404, "title": "Not Found", "detail": "The resource could not be found.\n\n No resource provider with uuid 9c39238b-788b-43b1-b49f-fe4a2cb03e64 found for delete ", "request_id": "req-624609b4-6bcc-4b5d-9411-be93541bf8ec"}]}
2026-05-27 11:07:36.631 11 INFO neutron.services.segments.plugin [-] Segment 9c39238b-788b-43b1-b49f-fe4a2cb03e64 resource provider aggregate not found
2026-05-27 11:07:36.648 11 INFO neutron.services.segments.plugin [-] Segment 9c39238b-788b-43b1-b49f-fe4a2cb03e64 resource provider not found; error: Placement Client Error (4xx): {"errors": [{"status": 404, "title": "Not Found", "detail": "The resource could not be found.\n\n No resource provider with uuid 9c39238b-788b-43b1-b49f-fe4a2cb03e64 found for delete ", "request_id": "req-586860a7-4417-4c32-b62f-1b3c4b27466d"}]}
2026-05-27 11:07:37.107 11 INFO neutron.api.wsgi [-] 10.0.0.184 "GET / HTTP/1.1" status: 200 len: 247 time: 0.0020754
2026-05-27 11:07:37.109 11 INFO neutron.api.wsgi [-] 10.0.0.184 "GET / HTTP/1.1" status: 200 len: 247 time: 0.0015056
2026-05-27 11:07:37.174 10 INFO neutron.api.wsgi [None req-1ae20c41-9471-4cbf-b3fe-c388dd672c96 e1764593464c4aa78df777aa75f0e064 ea974855a7484f339df3e98ed07b1cd9 - - default default] 10.0.0.9 "DELETE /v2.0/routers/a46a209c-2066-455c-9578-5d58a692b1ee HTTP/1.1" status: 204 len: 168 time: 0.6559255
2026-05-27 11:07:37.344 10 WARNING neutron.plugins.ml2.drivers.ovn.mech_driver.ovsdb.ovn_client [None req-2ff1a6a4-003a-4260-bf83-4a85d265ae5e - - - - - -] No port found with ID 4dcee47c-95b0-4310-982f-52ac1c488392: RuntimeError: No port found with ID 4dcee47c-95b0-4310-982f-52ac1c488392
2026-05-27 11:07:37.395 10 INFO neutron.db.ovn_revision_numbers_db [None req-e753a8ab-aff3-4412-9509-44e3e6f57434 e1764593464c4aa78df777aa75f0e064 ea974855a7484f339df3e98ed07b1cd9 - - default default] Successfully bumped revision number for resource 0b00a37a-b1aa-4068-9e94-3fd833ab1e54 (type: security_groups) to 1
2026-05-27 11:07:37.407 10 INFO neutron.api.wsgi [None req-333d4144-83ae-4795-9ef0-afe1cbf0c9e2 e1764593464c4aa78df777aa75f0e064 ea974855a7484f339df3e98ed07b1cd9 - - default default] 10.0.0.9 "DELETE /v2.0/subnets/04c3ae78-5d4d-4550-8f49-0b86068d537b HTTP/1.1" status: 204 len: 168 time: 0.2275801
2026-05-27 11:07:37.417 10 INFO neutron.db.ovn_revision_numbers_db [None req-e753a8ab-aff3-4412-9509-44e3e6f57434 e1764593464c4aa78df777aa75f0e064 ea974855a7484f339df3e98ed07b1cd9 - - default default] Successfully bumped revision number for resource 3921dc1b-c455-4000-94c8-234095b4c701 (type: security_group_rules) to 0
2026-05-27 11:07:37.431 10 INFO neutron.db.ovn_revision_numbers_db [None req-e753a8ab-aff3-4412-9509-44e3e6f57434 e1764593464c4aa78df777aa75f0e064 ea974855a7484f339df3e98ed07b1cd9 - - default default] Successfully bumped revision number for resource 543dc0c7-e119-414f-b0f2-a860e86d873b (type: security_group_rules) to 0
2026-05-27 11:07:37.443 10 INFO neutron.db.ovn_revision_numbers_db [None req-e753a8ab-aff3-4412-9509-44e3e6f57434 e1764593464c4aa78df777aa75f0e064 ea974855a7484f339df3e98ed07b1cd9 - - default default] Successfully bumped revision number for resource 584f8f55-6988-4ea7-88bf-5ad5ad9edaef (type: security_group_rules) to 0
2026-05-27 11:07:37.457 10 INFO neutron.db.ovn_revision_numbers_db [None req-e753a8ab-aff3-4412-9509-44e3e6f57434 e1764593464c4aa78df777aa75f0e064 ea974855a7484f339df3e98ed07b1cd9 - - default default] Successfully bumped revision number for resource ddb1ff39-1272-4fa7-b341-fb1f56685652 (type: security_group_rules) to 0
2026-05-27 11:07:37.482 10 INFO neutron.api.wsgi [req-074a97d2-6c82-4bf8-881c-7942216deaa4 req-a4fee8b6-a9b0-42ba-97fa-ec7649951f7e 4357ec62cc014561b8f2f31f6f53727b 2bef533d0e9c45268e33ab59609716e7 - - default default] 10.0.0.91 "GET /v2.0/ports?device_id=c882d480-ed81-41c8-ac02-eb0e51096cb6 HTTP/1.1" status: 200 len: 210 time: 0.0185845
2026-05-27 11:07:37.503 10 INFO neutron.api.wsgi [None req-e753a8ab-aff3-4412-9509-44e3e6f57434 e1764593464c4aa78df777aa75f0e064 ea974855a7484f339df3e98ed07b1cd9 - - default default] 10.0.0.9 "GET /v2.0/security-groups?tenant_id=62e4dbbc96eb4aa7b69d6a2b0238b16d&name=default HTTP/1.1" status: 200 len: 3120 time: 0.4048991
2026-05-27 11:07:37.727 11 INFO neutron.api.wsgi [None req-cca9f860-875a-4da6-9494-31afcfd16002 e1764593464c4aa78df777aa75f0e064 ea974855a7484f339df3e98ed07b1cd9 - - default default] 10.0.0.9 "DELETE /v2.0/networks/05920bc3-85a3-416e-ab4b-78611afe192c HTTP/1.1" status: 204 len: 168 time: 0.3148274
2026-05-27 11:07:37.743 10 INFO neutron.api.wsgi [None req-43e7a7d6-50f6-46e3-9f49-2fabdc6cc249 e1764593464c4aa78df777aa75f0e064 ea974855a7484f339df3e98ed07b1cd9 - - default default] 10.0.0.9 "DELETE /v2.0/security-groups/0b00a37a-b1aa-4068-9e94-3fd833ab1e54 HTTP/1.1" status: 204 len: 168 time: 0.2357244
2026-05-27 11:07:37.862 10 INFO neutron.api.wsgi [None req-a370d5f9-0f77-45a7-afab-689b3171dc64 e1764593464c4aa78df777aa75f0e064 ea974855a7484f339df3e98ed07b1cd9 - - default default] 10.0.0.9 "GET /v2.0/security-groups?tenant_id=2cd9e07c65f04e8fa18d5b51ad97c8ef&name=default HTTP/1.1" status: 200 len: 3116 time: 0.0298493
2026-05-27 11:07:37.972 11 INFO neutron.db.ovn_revision_numbers_db [None req-636c6289-412d-432a-bc13-294aa025bf47 e1764593464c4aa78df777aa75f0e064 ea974855a7484f339df3e98ed07b1cd9 - - default default] Successfully bumped revision number for resource 8c039a8c-087a-4a14-b7d3-b08040a45c95 (type: security_groups) to 1
2026-05-27 11:07:37.987 11 INFO neutron.db.ovn_revision_numbers_db [None req-636c6289-412d-432a-bc13-294aa025bf47 e1764593464c4aa78df777aa75f0e064 ea974855a7484f339df3e98ed07b1cd9 - - default default] Successfully bumped revision number for resource 1176c951-7ae5-4920-9185-12466ecc4938 (type: security_group_rules) to 0
2026-05-27 11:07:38.006 11 INFO neutron.db.ovn_revision_numbers_db [None req-636c6289-412d-432a-bc13-294aa025bf47 e1764593464c4aa78df777aa75f0e064 ea974855a7484f339df3e98ed07b1cd9 - - default default] Successfully bumped revision number for resource 436acbb5-e9a2-4d12-9760-7dd9b88525f3 (type: security_group_rules) to 0
2026-05-27 11:07:38.025 11 INFO neutron.db.ovn_revision_numbers_db [None req-636c6289-412d-432a-bc13-294aa025bf47 e1764593464c4aa78df777aa75f0e064 ea974855a7484f339df3e98ed07b1cd9 - - default default] Successfully bumped revision number for resource acfad677-6b42-4093-aa63-df437dd85f8b (type: security_group_rules) to 0
2026-05-27 11:07:38.044 11 INFO neutron.db.ovn_revision_numbers_db [None req-636c6289-412d-432a-bc13-294aa025bf47 e1764593464c4aa78df777aa75f0e064 ea974855a7484f339df3e98ed07b1cd9 - - default default] Successfully bumped revision number for resource c7f8d63f-c7ab-4512-ac43-b5b65f61f68a (type: security_group_rules) to 0
