2026-05-27 11:12:56.541 10 INFO neutron.services.segments.plugin [-] Segment f64ff3dc-c5bb-40e7-b06a-323b6de8d483 resource provider not found; error: Placement Client Error (4xx): {"errors": [{"status": 404, "title": "Not Found", "detail": "The resource could not be found.\n\n No resource provider with uuid f64ff3dc-c5bb-40e7-b06a-323b6de8d483 found for delete ", "request_id": "req-e316925f-7c5f-4d71-9d01-ce8aea752631"}]}
2026-05-27 11:12:56.551 10 INFO neutron.services.segments.plugin [-] Segment f64ff3dc-c5bb-40e7-b06a-323b6de8d483 resource provider not found; error: Placement Client Error (4xx): {"errors": [{"status": 404, "title": "Not Found", "detail": "The resource could not be found.\n\n No resource provider with uuid f64ff3dc-c5bb-40e7-b06a-323b6de8d483 found for delete ", "request_id": "req-d0b97303-ad8d-44ad-bdcb-ba0ed45fb67b"}]}
2026-05-27 11:12:56.575 10 INFO neutron.api.wsgi [None req-4966a9a3-6c24-49a6-b287-aa39cfd7cc68 d318f29dddb84465af52ac9f4a62b190 b96a061e1f104a9b903d27099dc8b361 - - default default] 10.0.0.9 "DELETE /v2.0/networks/ed89cee9-3c92-4814-84c1-a2f5a2c76ee0 HTTP/1.1" status: 204 len: 168 time: 0.4155271
2026-05-27 11:12:56.934 10 INFO neutron.api.wsgi [None req-b3e69644-1013-4e2a-8c38-4f7e6dd149b2 d318f29dddb84465af52ac9f4a62b190 b96a061e1f104a9b903d27099dc8b361 - - default default] 10.0.0.9 "DELETE /v2.0/networks/cf5f29c4-ca5b-4011-bbef-c031024a7e1c HTTP/1.1" status: 204 len: 168 time: 0.3526418
2026-05-27 11:12:57.259 11 INFO neutron.api.wsgi [None req-b6862809-affe-4b06-adee-fee6fdfd4c7b d318f29dddb84465af52ac9f4a62b190 b96a061e1f104a9b903d27099dc8b361 - - default default] 10.0.0.9 "DELETE /v2.0/networks/52b35e16-bfd1-4331-a4b7-f9f70b714539 HTTP/1.1" status: 204 len: 168 time: 0.3171630
2026-05-27 11:12:57.456 10 INFO neutron.api.wsgi [None req-40bbbb1f-d941-4d69-b66f-cdafea2f1556 f61ca80410034089ade0056a0c5922ad 891ee06db4ac4eaa909429e1f2c0ae10 - - default default] 10.0.0.9 "DELETE /v2.0/routers/8ff80b01-30a9-4854-86fb-c82d371c0e23 HTTP/1.1" status: 204 len: 168 time: 1.1501584
2026-05-27 11:12:57.469 11 WARNING neutron.api.v2.base [None req-b644f099-d358-405a-a72c-f4086bf55558 a4141619d9a44d41bbc7d58d938efcdf 0341588e2268492eb17f9dc33ad54504 - - default default] An exception happened while processing the request body. The exception message is [Invalid input for description. Reason: 'yyyyyyyyyyyyyyyyyyyyyyyyyyyyyyyyyyyyyyyyyyyyyyyyyyyyyyyyyyyyyyyyyyyyyyyyyyyyyyyyyyyyyyyyyyyyyyyyyyyyyyyyyyyyyyyyyyyyyyyyyyyyyyyyyyyyyyyyyyyyyyyyyyyyyyyyyyyyyyyyyyyyyyyyyyyyyyyyyyyyyyyyyyyyyyyyyyyyyyyyyyyyyyyyyyyyyyyyyyyyyyyyyyyyyyyyyyyyyyyyyyyyyyyyyyyyyyyy' exceeds maximum length of 255.].: webob.exc.HTTPBadRequest: Invalid input for description. Reason: 'yyyyyyyyyyyyyyyyyyyyyyyyyyyyyyyyyyyyyyyyyyyyyyyyyyyyyyyyyyyyyyyyyyyyyyyyyyyyyyyyyyyyyyyyyyyyyyyyyyyyyyyyyyyyyyyyyyyyyyyyyyyyyyyyyyyyyyyyyyyyyyyyyyyyyyyyyyyyyyyyyyyyyyyyyyyyyyyyyyyyyyyyyyyyyyyyyyyyyyyyyyyyyyyyyyyyyyyyyyyyyyyyyyyyyyyyyyyyyyyyyyyyyyyyyyyyyyyy' exceeds maximum length of 255.
2026-05-27 11:12:57.469 11 INFO neutron.api.v2.resource [None req-b644f099-d358-405a-a72c-f4086bf55558 a4141619d9a44d41bbc7d58d938efcdf 0341588e2268492eb17f9dc33ad54504 - - default default] create failed (client error): Invalid input for description. Reason: 'yyyyyyyyyyyyyyyyyyyyyyyyyyyyyyyyyyyyyyyyyyyyyyyyyyyyyyyyyyyyyyyyyyyyyyyyyyyyyyyyyyyyyyyyyyyyyyyyyyyyyyyyyyyyyyyyyyyyyyyyyyyyyyyyyyyyyyyyyyyyyyyyyyyyyyyyyyyyyyyyyyyyyyyyyyyyyyyyyyyyyyyyyyyyyyyyyyyyyyyyyyyyyyyyyyyyyyyyyyyyyyyyyyyyyyyyyyyyyyyyyyyyyyyyyyyyyyyy' exceeds maximum length of 255.
2026-05-27 11:12:57.471 11 INFO neutron.api.wsgi [None req-b644f099-d358-405a-a72c-f4086bf55558 a4141619d9a44d41bbc7d58d938efcdf 0341588e2268492eb17f9dc33ad54504 - - default default] 10.0.0.9 "POST /v2.0/vpn/vpnservices HTTP/1.1" status: 400 len: 604 time: 0.0068209
2026-05-27 11:12:57.483 10 WARNING neutron.api.v2.base [None req-2bb4b882-17b5-46dd-a9e9-a9e8b6e6a4fc a4141619d9a44d41bbc7d58d938efcdf 0341588e2268492eb17f9dc33ad54504 - - default default] An exception happened while processing the request body. The exception message is [Invalid input for name. Reason: 'xxxxxxxxxxxxxxxxxxxxxxxxxxxxxxxxxxxxxxxxxxxxxxxxxxxxxxxxxxxxxxxxxxxxxxxxxxxxxxxxxxxxxxxxxxxxxxxxxxxxxxxxxxxxxxxxxxxxxxxxxxxxxxxxxxxxxxxxxxxxxxxxxxxxxxxxxxxxxxxxxxxxxxxxxxxxxxxxxxxxxxxxxxxxxxxxxxxxxxxxxxxxxxxxxxxxxxxxxxxxxxxxxxxxxxxxxxxxxxxxxxxxxxxxxxxxxxxx' exceeds maximum length of 255.].: webob.exc.HTTPBadRequest: Invalid input for name. Reason: 'xxxxxxxxxxxxxxxxxxxxxxxxxxxxxxxxxxxxxxxxxxxxxxxxxxxxxxxxxxxxxxxxxxxxxxxxxxxxxxxxxxxxxxxxxxxxxxxxxxxxxxxxxxxxxxxxxxxxxxxxxxxxxxxxxxxxxxxxxxxxxxxxxxxxxxxxxxxxxxxxxxxxxxxxxxxxxxxxxxxxxxxxxxxxxxxxxxxxxxxxxxxxxxxxxxxxxxxxxxxxxxxxxxxxxxxxxxxxxxxxxxxxxxxxxxxxxxxx' exceeds maximum length of 255.
2026-05-27 11:12:57.483 10 INFO neutron.api.v2.resource [None req-2bb4b882-17b5-46dd-a9e9-a9e8b6e6a4fc a4141619d9a44d41bbc7d58d938efcdf 0341588e2268492eb17f9dc33ad54504 - - default default] create failed (client error): Invalid input for name. Reason: 'xxxxxxxxxxxxxxxxxxxxxxxxxxxxxxxxxxxxxxxxxxxxxxxxxxxxxxxxxxxxxxxxxxxxxxxxxxxxxxxxxxxxxxxxxxxxxxxxxxxxxxxxxxxxxxxxxxxxxxxxxxxxxxxxxxxxxxxxxxxxxxxxxxxxxxxxxxxxxxxxxxxxxxxxxxxxxxxxxxxxxxxxxxxxxxxxxxxxxxxxxxxxxxxxxxxxxxxxxxxxxxxxxxxxxxxxxxxxxxxxxxxxxxxxxxxxxxxx' exceeds maximum length of 255.
2026-05-27 11:12:57.484 10 INFO neutron.api.wsgi [None req-2bb4b882-17b5-46dd-a9e9-a9e8b6e6a4fc a4141619d9a44d41bbc7d58d938efcdf 0341588e2268492eb17f9dc33ad54504 - - default default] 10.0.0.9 "POST /v2.0/vpn/vpnservices HTTP/1.1" status: 400 len: 597 time: 0.0067251
2026-05-27 11:12:57.494 11 WARNING neutron_lib.context [None req-7efc3669-13ae-420d-aa9f-18c18056df96 a4141619d9a44d41bbc7d58d938efcdf 0341588e2268492eb17f9dc33ad54504 - - default default] Method 'is_advsvc' is deprecated since 2023.2 release (neutron-lib 3.8.0) and will be removed once support for the old RBAC API policies will be removed from Neutron. Please use method 'is_service_role' instead.
2026-05-27 11:12:57.524 11 INFO neutron.api.v2.resource [None req-7efc3669-13ae-420d-aa9f-18c18056df96 a4141619d9a44d41bbc7d58d938efcdf 0341588e2268492eb17f9dc33ad54504 - - default default] create failed (client error): The server could not comply with the request since it is either malformed or otherwise incorrect.
2026-05-27 11:12:57.525 11 INFO neutron.api.wsgi [None req-7efc3669-13ae-420d-aa9f-18c18056df96 a4141619d9a44d41bbc7d58d938efcdf 0341588e2268492eb17f9dc33ad54504 - - default default] 10.0.0.9 "POST /v2.0/vpn/endpoint-groups HTTP/1.1" status: 400 len: 386 time: 0.0354869
2026-05-27 11:12:57.535 11 WARNING neutron_lib.context [None req-c9b6bec7-80ac-412b-809e-eb3c0c3f53fb a4141619d9a44d41bbc7d58d938efcdf 0341588e2268492eb17f9dc33ad54504 - - default default] Method 'is_advsvc' is deprecated since 2023.2 release (neutron-lib 3.8.0) and will be removed once support for the old RBAC API policies will be removed from Neutron. Please use method 'is_service_role' instead.
2026-05-27 11:12:57.562 11 INFO neutron.api.v2.resource [None req-c9b6bec7-80ac-412b-809e-eb3c0c3f53fb a4141619d9a44d41bbc7d58d938efcdf 0341588e2268492eb17f9dc33ad54504 - - default default] create failed (client error): The server could not comply with the request since it is either malformed or otherwise incorrect.
2026-05-27 11:12:57.564 11 INFO neutron.api.wsgi [None req-c9b6bec7-80ac-412b-809e-eb3c0c3f53fb a4141619d9a44d41bbc7d58d938efcdf 0341588e2268492eb17f9dc33ad54504 - - default default] 10.0.0.9 "POST /v2.0/vpn/endpoint-groups HTTP/1.1" status: 400 len: 363 time: 0.0322196
2026-05-27 11:12:57.574 10 WARNING neutron_lib.context [None req-030efbff-6466-446e-b41f-feca1dcec100 a4141619d9a44d41bbc7d58d938efcdf 0341588e2268492eb17f9dc33ad54504 - - default default] Method 'is_advsvc' is deprecated since 2023.2 release (neutron-lib 3.8.0) and will be removed once support for the old RBAC API policies will be removed from Neutron. Please use method 'is_service_role' instead.
2026-05-27 11:12:57.584 11 INFO neutron.api.wsgi [None req-1d5a4a15-b49a-4192-b9a2-5dc3f57b8dbc d318f29dddb84465af52ac9f4a62b190 b96a061e1f104a9b903d27099dc8b361 - - default default] 10.0.0.9 "DELETE /v2.0/networks/bdfbdd2a-2f2f-42ad-9170-8b5cdd1e89b3 HTTP/1.1" status: 204 len: 168 time: 0.3199158
2026-05-27 11:12:57.595 10 INFO neutron.api.v2.resource [None req-030efbff-6466-446e-b41f-feca1dcec100 a4141619d9a44d41bbc7d58d938efcdf 0341588e2268492eb17f9dc33ad54504 - - default default] create failed (client error): The server could not comply with the request since it is either malformed or otherwise incorrect.
2026-05-27 11:12:57.597 10 INFO neutron.api.wsgi [None req-030efbff-6466-446e-b41f-feca1dcec100 a4141619d9a44d41bbc7d58d938efcdf 0341588e2268492eb17f9dc33ad54504 - - default default] 10.0.0.9 "POST /v2.0/vpn/endpoint-groups HTTP/1.1" status: 400 len: 357 time: 0.0274622
2026-05-27 11:12:57.613 10 INFO neutron.api.wsgi [None req-ff105927-90d3-4b36-b0fe-810d0372b994 a4141619d9a44d41bbc7d58d938efcdf 0341588e2268492eb17f9dc33ad54504 - - default default] 10.0.0.9 "GET /v2.0/vpn/ikepolicies HTTP/1.1" status: 200 len: 602 time: 0.0088313
2026-05-27 11:12:57.627 10 INFO neutron.api.wsgi [None req-23f74023-c750-4bcc-9970-80b915ead9a7 a4141619d9a44d41bbc7d58d938efcdf 0341588e2268492eb17f9dc33ad54504 - - default default] 10.0.0.9 "GET /v2.0/vpn/ipsecpolicies HTTP/1.1" status: 200 len: 611 time: 0.0092943
2026-05-27 11:12:57.640 10 INFO neutron.api.wsgi [None req-b13de734-ef41-44de-a476-cd0e1c3fe771 a4141619d9a44d41bbc7d58d938efcdf 0341588e2268492eb17f9dc33ad54504 - - default default] 10.0.0.9 "GET /v2.0/vpn/ipsec-site-connections HTTP/1.1" status: 200 len: 989 time: 0.0082612
2026-05-27 11:12:57.657 10 INFO neutron.api.wsgi [None req-f3f0be69-cd2d-4a1b-9620-f20bbb5fd4bf a4141619d9a44d41bbc7d58d938efcdf 0341588e2268492eb17f9dc33ad54504 - - default default] 10.0.0.9 "GET /v2.0/vpn/vpnservices HTTP/1.1" status: 200 len: 1057 time: 0.0093584
2026-05-27 11:12:57.671 10 INFO neutron.api.wsgi [None req-9e27eedc-edc0-46d9-a12f-f79fd23f3c46 a4141619d9a44d41bbc7d58d938efcdf 0341588e2268492eb17f9dc33ad54504 - - default default] 10.0.0.9 "GET /v2.0/vpn/endpoint-groups/de37577d-5be5-4749-af94-6b0910853b44 HTTP/1.1" status: 200 len: 523 time: 0.0094786
2026-05-27 11:12:57.684 10 INFO neutron.api.wsgi [None req-15a67755-0832-4069-b702-01205e3fe0c1 a4141619d9a44d41bbc7d58d938efcdf 0341588e2268492eb17f9dc33ad54504 - - default default] 10.0.0.9 "GET /v2.0/vpn/endpoint-groups/248aa704-4d12-4b33-bcd6-e187e6acbc8a HTTP/1.1" status: 200 len: 514 time: 0.0082424
2026-05-27 11:12:57.696 10 INFO neutron.api.wsgi [None req-3a92c8d4-d5fd-4a37-82c9-9e15046617f5 a4141619d9a44d41bbc7d58d938efcdf 0341588e2268492eb17f9dc33ad54504 - - default default] 10.0.0.9 "GET /v2.0/vpn/ikepolicies/e3172afc-978d-4444-be56-dab4a5b56140 HTTP/1.1" status: 200 len: 598 time: 0.0078261
2026-05-27 11:12:57.712 10 INFO neutron.api.wsgi [None req-03347a0d-6f65-49fa-b1fa-a092ffc478c2 a4141619d9a44d41bbc7d58d938efcdf 0341588e2268492eb17f9dc33ad54504 - - default default] 10.0.0.9 "GET /v2.0/vpn/ipsecpolicies/593f437f-ae6f-4a11-bff8-8c8524c9976b HTTP/1.1" status: 200 len: 607 time: 0.0115473
2026-05-27 11:12:57.726 10 INFO neutron.api.wsgi [None req-887f292c-effe-403d-b361-192c8e3946e0 a4141619d9a44d41bbc7d58d938efcdf 0341588e2268492eb17f9dc33ad54504 - - default default] 10.0.0.9 "GET /v2.0/vpn/vpnservices/79cf8141-2adf-4924-9eb9-dfc00cd6415a HTTP/1.1" status: 200 len: 644 time: 0.0079682
2026-05-27 11:12:58.150 11 INFO neutron.services.segments.plugin [-] Segment 7ee62276-2539-4e68-ae71-07ca041197c3 resource provider aggregate not found
2026-05-27 11:12:58.153 11 INFO neutron.services.segments.plugin [-] Segment 7ee62276-2539-4e68-ae71-07ca041197c3 resource provider aggregate not found
2026-05-27 11:12:58.159 11 INFO neutron.services.segments.plugin [-] Segment 7ee62276-2539-4e68-ae71-07ca041197c3 resource provider not found; error: Placement Client Error (4xx): {"errors": [{"status": 404, "title": "Not Found", "detail": "The resource could not be found.\n\n No resource provider with uuid 7ee62276-2539-4e68-ae71-07ca041197c3 found for delete ", "request_id": "req-b82ffdb2-c9e0-450f-9b8f-b4d5627b4f0a"}]}
2026-05-27 11:12:58.167 11 INFO neutron.services.segments.plugin [-] Segment 7ee62276-2539-4e68-ae71-07ca041197c3 resource provider not found; error: Placement Client Error (4xx): {"errors": [{"status": 404, "title": "Not Found", "detail": "The resource could not be found.\n\n No resource provider with uuid 7ee62276-2539-4e68-ae71-07ca041197c3 found for delete ", "request_id": "req-94db7231-c552-4360-9757-48f81ffda91a"}]}
2026-05-27 11:12:58.171 11 INFO neutron.services.segments.plugin [-] Segment e0d6b904-2838-4b42-a910-ed12928b75a4 resource provider aggregate not found
2026-05-27 11:12:58.195 11 INFO neutron.services.segments.plugin [-] Segment e0d6b904-2838-4b42-a910-ed12928b75a4 resource provider aggregate not found
2026-05-27 11:12:58.200 11 INFO neutron.services.segments.plugin [-] Segment e0d6b904-2838-4b42-a910-ed12928b75a4 resource provider not found; error: Placement Client Error (4xx): {"errors": [{"status": 404, "title": "Not Found", "detail": "The resource could not be found.\n\n No resource provider with uuid e0d6b904-2838-4b42-a910-ed12928b75a4 found for delete ", "request_id": "req-c5abdc1f-655a-4e7d-ab7d-2cc0cd0b6fe2"}]}
2026-05-27 11:12:58.217 11 INFO neutron.services.segments.plugin [-] Segment e0d6b904-2838-4b42-a910-ed12928b75a4 resource provider not found; error: Placement Client Error (4xx): {"errors": [{"status": 404, "title": "Not Found", "detail": "The resource could not be found.\n\n No resource provider with uuid e0d6b904-2838-4b42-a910-ed12928b75a4 found for delete ", "request_id": "req-8c99dd03-5070-4c7f-973b-d0789486ce51"}]}
2026-05-27 11:12:58.221 11 INFO neutron.services.segments.plugin [-] Segment 91c1d3e7-609c-4e5d-be42-d41942f9bf3b resource provider aggregate not found
2026-05-27 11:12:58.231 11 INFO neutron.services.segments.plugin [-] Segment 91c1d3e7-609c-4e5d-be42-d41942f9bf3b resource provider aggregate not found
2026-05-27 11:12:58.235 11 INFO neutron.services.segments.plugin [-] Segment 91c1d3e7-609c-4e5d-be42-d41942f9bf3b resource provider not found; error: Placement Client Error (4xx): {"errors": [{"status": 404, "title": "Not Found", "detail": "The resource could not be found.\n\n No resource provider with uuid 91c1d3e7-609c-4e5d-be42-d41942f9bf3b found for delete ", "request_id": "req-91319df3-de06-4ec3-9d82-a4d1729444f4"}]}
2026-05-27 11:12:58.250 11 INFO neutron.services.segments.plugin [-] Segment 91c1d3e7-609c-4e5d-be42-d41942f9bf3b resource provider not found; error: Placement Client Error (4xx): {"errors": [{"status": 404, "title": "Not Found", "detail": "The resource could not be found.\n\n No resource provider with uuid 91c1d3e7-609c-4e5d-be42-d41942f9bf3b found for delete ", "request_id": "req-669896ae-0a62-4ea2-a8a5-a5c8615147b7"}]}
2026-05-27 11:12:58.312 10 INFO neutron.db.ovn_revision_numbers_db [None req-ad346583-bbcd-4be5-8427-605fd6a25fff a4141619d9a44d41bbc7d58d938efcdf 0341588e2268492eb17f9dc33ad54504 - - default default] Successfully bumped revision number for resource 2ee17887-67a2-452f-b4c8-da520f0f77da (type: routers) to 10
2026-05-27 11:12:58.337 10 INFO neutron.api.wsgi [None req-ad346583-bbcd-4be5-8427-605fd6a25fff a4141619d9a44d41bbc7d58d938efcdf 0341588e2268492eb17f9dc33ad54504 - - default default] 10.0.0.9 "DELETE /v2.0/vpn/ipsec-site-connections/a19276f0-7b4e-41f3-a63d-5a41a5bdae91 HTTP/1.1" status: 204 len: 168 time: 0.6021228
2026-05-27 11:12:58.368 10 INFO neutron.api.wsgi [None req-f1eb7c60-02e1-46e5-a9bd-8b9a33a83161 a4141619d9a44d41bbc7d58d938efcdf 0341588e2268492eb17f9dc33ad54504 - - default default] 10.0.0.9 "DELETE /v2.0/vpn/endpoint-groups/de37577d-5be5-4749-af94-6b0910853b44 HTTP/1.1" status: 204 len: 168 time: 0.0253739
2026-05-27 11:12:58.400 11 INFO neutron.api.wsgi [None req-e23d788a-5625-40d9-84e3-1ccb6f15f3c5 a4141619d9a44d41bbc7d58d938efcdf 0341588e2268492eb17f9dc33ad54504 - - default default] 10.0.0.9 "DELETE /v2.0/vpn/endpoint-groups/248aa704-4d12-4b33-bcd6-e187e6acbc8a HTTP/1.1" status: 204 len: 168 time: 0.0273242
2026-05-27 11:12:58.434 11 INFO neutron.api.wsgi [None req-aaa8c29b-bd7d-43a5-b51f-9e0b4d123c9d a4141619d9a44d41bbc7d58d938efcdf 0341588e2268492eb17f9dc33ad54504 - - default default] 10.0.0.9 "DELETE /v2.0/vpn/ipsecpolicies/593f437f-ae6f-4a11-bff8-8c8524c9976b HTTP/1.1" status: 204 len: 168 time: 0.0289426
2026-05-27 11:12:58.460 11 INFO neutron.api.wsgi [None req-79eaa640-7602-411e-8b25-0f5963ec2b7c a4141619d9a44d41bbc7d58d938efcdf 0341588e2268492eb17f9dc33ad54504 - - default default] 10.0.0.9 "DELETE /v2.0/vpn/ikepolicies/e3172afc-978d-4444-be56-dab4a5b56140 HTTP/1.1" status: 204 len: 168 time: 0.0223536
2026-05-27 11:12:58.518 11 INFO neutron.api.wsgi [None req-d63e1c4d-be53-495b-8ada-4e6ad6aedd9e a4141619d9a44d41bbc7d58d938efcdf 0341588e2268492eb17f9dc33ad54504 - - default default] 10.0.0.9 "DELETE /v2.0/vpn/vpnservices/79cf8141-2adf-4924-9eb9-dfc00cd6415a HTTP/1.1" status: 204 len: 168 time: 0.0539801
2026-05-27 11:12:58.563 10 INFO neutron.services.segments.plugin [-] Segment 287e24d3-271f-4d26-a5ce-98a6afa41d8a resource provider aggregate not found
2026-05-27 11:12:58.575 10 INFO neutron.services.segments.plugin [-] Segment 287e24d3-271f-4d26-a5ce-98a6afa41d8a resource provider aggregate not found
2026-05-27 11:12:58.579 10 INFO neutron.services.segments.plugin [-] Segment 287e24d3-271f-4d26-a5ce-98a6afa41d8a resource provider not found; error: Placement Client Error (4xx): {"errors": [{"status": 404, "title": "Not Found", "detail": "The resource could not be found.\n\n No resource provider with uuid 287e24d3-271f-4d26-a5ce-98a6afa41d8a found for delete ", "request_id": "req-9022a955-464a-4efe-a598-70f99ff76816"}]}
2026-05-27 11:12:58.589 10 INFO neutron.services.segments.plugin [-] Segment 287e24d3-271f-4d26-a5ce-98a6afa41d8a resource provider not found; error: Placement Client Error (4xx): {"errors": [{"status": 404, "title": "Not Found", "detail": "The resource could not be found.\n\n No resource provider with uuid 287e24d3-271f-4d26-a5ce-98a6afa41d8a found for delete ", "request_id": "req-61381a7b-85c2-4840-b3d6-59566b485b35"}]}
2026-05-27 11:12:58.699 10 INFO neutron.db.ovn_revision_numbers_db [None req-c3e1fdc4-fdef-41f6-865d-56377506448a e1764593464c4aa78df777aa75f0e064 ea974855a7484f339df3e98ed07b1cd9 - - default default] Successfully bumped revision number for resource 348278da-b7f3-460e-9e76-b60ffc3093d2 (type: security_groups) to 1
2026-05-27 11:12:58.719 10 INFO neutron.db.ovn_revision_numbers_db [None req-c3e1fdc4-fdef-41f6-865d-56377506448a e1764593464c4aa78df777aa75f0e064 ea974855a7484f339df3e98ed07b1cd9 - - default default] Successfully bumped revision number for resource 183aa166-de1f-4b01-b33e-4cb657d42df4 (type: security_group_rules) to 0
2026-05-27 11:12:58.735 10 INFO neutron.db.ovn_revision_numbers_db [None req-c3e1fdc4-fdef-41f6-865d-56377506448a e1764593464c4aa78df777aa75f0e064 ea974855a7484f339df3e98ed07b1cd9 - - default default] Successfully bumped revision number for resource 8114c0bc-2818-43f3-8326-909afc1295f4 (type: security_group_rules) to 0
2026-05-27 11:12:58.779 10 INFO neutron.db.ovn_revision_numbers_db [None req-c3e1fdc4-fdef-41f6-865d-56377506448a e1764593464c4aa78df777aa75f0e064 ea974855a7484f339df3e98ed07b1cd9 - - default default] Successfully bumped revision number for resource 8f9a8258-3cee-4610-9c65-661da9edda64 (type: security_group_rules) to 0
2026-05-27 11:12:58.807 10 INFO neutron.db.ovn_revision_numbers_db [None req-c3e1fdc4-fdef-41f6-865d-56377506448a e1764593464c4aa78df777aa75f0e064 ea974855a7484f339df3e98ed07b1cd9 - - default default] Successfully bumped revision number for resource b5b2d192-74d1-4302-9d61-1e9c827cb905 (type: security_group_rules) to 0
2026-05-27 11:12:58.848 10 INFO neutron.api.wsgi [None req-c3e1fdc4-fdef-41f6-865d-56377506448a e1764593464c4aa78df777aa75f0e064 ea974855a7484f339df3e98ed07b1cd9 - - default default] 10.0.0.9 "GET /v2.0/security-groups?tenant_id=0c528f9a829a44349bbd41e0f320d55c&name=default HTTP/1.1" status: 200 len: 3124 time: 0.4880707
2026-05-27 11:12:59.057 10 INFO neutron.api.wsgi [None req-8f9b6bc0-c0ca-4243-bfdf-7aed7a3e225d e1764593464c4aa78df777aa75f0e064 ea974855a7484f339df3e98ed07b1cd9 - - default default] 10.0.0.9 "DELETE /v2.0/security-groups/348278da-b7f3-460e-9e76-b60ffc3093d2 HTTP/1.1" status: 204 len: 168 time: 0.2046728
2026-05-27 11:12:59.269 10 INFO neutron.db.ovn_revision_numbers_db [None req-33778783-0895-4200-90f1-f6a01bf0a835 e1764593464c4aa78df777aa75f0e064 ea974855a7484f339df3e98ed07b1cd9 - - default default] Successfully bumped revision number for resource da253f54-cbb5-4abf-86d9-fc831766010b (type: security_groups) to 1
2026-05-27 11:12:59.283 10 INFO neutron.db.ovn_revision_numbers_db [None req-33778783-0895-4200-90f1-f6a01bf0a835 e1764593464c4aa78df777aa75f0e064 ea974855a7484f339df3e98ed07b1cd9 - - default default] Successfully bumped revision number for resource 0cd3a0c2-799d-4b93-9c40-94acf117d631 (type: security_group_rules) to 0
2026-05-27 11:12:59.298 10 INFO neutron.db.ovn_revision_numbers_db [None req-33778783-0895-4200-90f1-f6a01bf0a835 e1764593464c4aa78df777aa75f0e064 ea974855a7484f339df3e98ed07b1cd9 - - default default] Successfully bumped revision number for resource 516a7f8b-a3c9-453c-b0d9-1463b24e6398 (type: security_group_rules) to 0
2026-05-27 11:12:59.311 10 INFO neutron.db.ovn_revision_numbers_db [None req-33778783-0895-4200-90f1-f6a01bf0a835 e1764593464c4aa78df777aa75f0e064 ea974855a7484f339df3e98ed07b1cd9 - - default default] Successfully bumped revision number for resource 64d07776-3210-41d8-bb3c-bdaeff2a03aa (type: security_group_rules) to 0
2026-05-27 11:12:59.328 10 INFO neutron.db.ovn_revision_numbers_db [None req-33778783-0895-4200-90f1-f6a01bf0a835 e1764593464c4aa78df777aa75f0e064 ea974855a7484f339df3e98ed07b1cd9 - - default default] Successfully bumped revision number for resource a237e688-231a-4064-9dc2-1f13ed2691b0 (type: security_group_rules) to 0
2026-05-27 11:12:59.365 10 INFO neutron.api.wsgi [None req-33778783-0895-4200-90f1-f6a01bf0a835 e1764593464c4aa78df777aa75f0e064 ea974855a7484f339df3e98ed07b1cd9 - - default default] 10.0.0.9 "GET /v2.0/security-groups?tenant_id=2ff6e6f5575a4359adfad5b31d25373b&name=default HTTP/1.1" status: 200 len: 3124 time: 0.2056639
2026-05-27 11:12:59.601 11 INFO neutron.api.wsgi [None req-a59eed19-77df-49b1-b2fb-66e9e7f6071f e1764593464c4aa78df777aa75f0e064 ea974855a7484f339df3e98ed07b1cd9 - - default default] 10.0.0.9 "DELETE /v2.0/security-groups/da253f54-cbb5-4abf-86d9-fc831766010b HTTP/1.1" status: 204 len: 168 time: 0.2321630
2026-05-27 11:12:59.783 10 INFO neutron.api.wsgi [None req-2c4b22df-f733-4efc-8074-9b50c3f3580c e1764593464c4aa78df777aa75f0e064 ea974855a7484f339df3e98ed07b1cd9 - - default default] 10.0.0.9 "GET /v2.0/security-groups?tenant_id=b96a061e1f104a9b903d27099dc8b361&name=default HTTP/1.1" status: 200 len: 3124 time: 0.0358036
2026-05-27 11:12:59.996 10 INFO neutron.api.wsgi [None req-5cba0692-e388-4ab3-8405-56fc1b84d62a e1764593464c4aa78df777aa75f0e064 ea974855a7484f339df3e98ed07b1cd9 - - default default] 10.0.0.9 "DELETE /v2.0/security-groups/bf4bb8a0-da61-43e4-ad21-d4bb6758bc1d HTTP/1.1" status: 204 len: 168 time: 0.2086008
2026-05-27 11:13:00.032 11 WARNING neutron.plugins.ml2.drivers.ovn.mech_driver.ovsdb.ovn_client [None req-da39c9fa-81e0-4922-aaee-ec95165c0fff - - - - - -] No port found with ID 7bcdf02f-90f9-4c59-8249-9a4e06162ffe: RuntimeError: No port found with ID 7bcdf02f-90f9-4c59-8249-9a4e06162ffe
2026-05-27 11:13:00.879 11 INFO neutron.services.segments.plugin [-] Segment 5bbeb303-0e6c-4674-a992-06da907d3145 resource provider aggregate not found
2026-05-27 11:13:00.883 11 INFO neutron.services.segments.plugin [-] Segment 5bbeb303-0e6c-4674-a992-06da907d3145 resource provider aggregate not found
2026-05-27 11:13:00.896 11 INFO neutron.services.segments.plugin [-] Segment 5bbeb303-0e6c-4674-a992-06da907d3145 resource provider not found; error: Placement Client Error (4xx): {"errors": [{"status": 404, "title": "Not Found", "detail": "The resource could not be found.\n\n No resource provider with uuid 5bbeb303-0e6c-4674-a992-06da907d3145 found for delete ", "request_id": "req-0a0027a2-4202-4a50-80c6-71f6a3147ed8"}]}
2026-05-27 11:13:00.897 11 INFO neutron.services.segments.plugin [-] Segment 5bbeb303-0e6c-4674-a992-06da907d3145 resource provider not found; error: Placement Client Error (4xx): {"errors": [{"status": 404, "title": "Not Found", "detail": "The resource could not be found.\n\n No resource provider with uuid 5bbeb303-0e6c-4674-a992-06da907d3145 found for delete ", "request_id": "req-1bd6ee07-7fde-4538-a1a7-bd98edb90932"}]}
2026-05-27 11:13:00.927 11 INFO neutron.api.wsgi [None req-e1f87b12-f6d2-49b7-bbbc-4e0ccb00dc8c a4141619d9a44d41bbc7d58d938efcdf 0341588e2268492eb17f9dc33ad54504 - - default default] 10.0.0.9 "DELETE /v2.0/vpn/vpnservices/b96f25c4-5922-46f8-958d-eeff35324d08 HTTP/1.1" status: 204 len: 168 time: 2.4007874
2026-05-27 11:13:01.002 10 INFO neutron.api.wsgi [None req-1867fa8c-85ac-4b9a-8a57-81fc1053327e a4141619d9a44d41bbc7d58d938efcdf 0341588e2268492eb17f9dc33ad54504 - - default default] 10.0.0.9 "GET /v2.0/routers/2ee17887-67a2-452f-b4c8-da520f0f77da HTTP/1.1" status: 200 len: 1136 time: 0.0695264
2026-05-27 11:13:01.707 10 INFO neutron.db.ovn_revision_numbers_db [None req-a375251e-a9a1-44f0-81a1-d015d8c0371c a4141619d9a44d41bbc7d58d938efcdf 0341588e2268492eb17f9dc33ad54504 - - default default] Successfully bumped revision number for resource 2ee17887-67a2-452f-b4c8-da520f0f77da (type: routers) to 11
2026-05-27 11:13:01.713 10 INFO neutron.api.wsgi [None req-a375251e-a9a1-44f0-81a1-d015d8c0371c a4141619d9a44d41bbc7d58d938efcdf 0341588e2268492eb17f9dc33ad54504 - - default default] 10.0.0.9 "PUT /v2.0/routers/2ee17887-67a2-452f-b4c8-da520f0f77da HTTP/1.1" status: 200 len: 1136 time: 0.6856847
2026-05-27 11:13:01.794 10 INFO neutron.api.wsgi [None req-34127e3d-147b-4954-b65b-93d1c7b41449 a4141619d9a44d41bbc7d58d938efcdf 0341588e2268492eb17f9dc33ad54504 - - default default] 10.0.0.9 "GET /v2.0/ports?device_id=2ee17887-67a2-452f-b4c8-da520f0f77da HTTP/1.1" status: 200 len: 1140 time: 0.0748401
2026-05-27 11:13:02.578 10 INFO neutron.api.wsgi [None req-4e1eb889-68dd-4e94-86df-70fd5692f0ff a4141619d9a44d41bbc7d58d938efcdf 0341588e2268492eb17f9dc33ad54504 - - default default] 10.0.0.9 "PUT /v2.0/routers/2ee17887-67a2-452f-b4c8-da520f0f77da/remove_router_interface HTTP/1.1" status: 200 len: 503 time: 0.7787118 /var/lib/openstack/lib/python3.12/site-packages/pycadf/identifier.py:71: UserWarning: Invalid uuid: neutron. To ensure interoperability, identifiers should be a valid uuid. warnings.warn(('Invalid uuid: %s. To ensure interoperability, '
2026-05-27 11:13:03.193 10 INFO neutron.api.wsgi [None req-74b53fe5-5aff-4232-a4c2-d926d75c172b a4141619d9a44d41bbc7d58d938efcdf 0341588e2268492eb17f9dc33ad54504 - - default default] 10.0.0.9 "DELETE /v2.0/routers/2ee17887-67a2-452f-b4c8-da520f0f77da HTTP/1.1" status: 204 len: 168 time: 0.6103806
2026-05-27 11:13:03.248 10 INFO neutron.api.wsgi [None req-354e4d46-665c-4678-af68-8d559f808570 a4141619d9a44d41bbc7d58d938efcdf 0341588e2268492eb17f9dc33ad54504 - - default default] 10.0.0.9 "GET /v2.0/routers/21ae3305-270f-4722-b66e-d350608594e7 HTTP/1.1" status: 200 len: 1137 time: 0.0499637
2026-05-27 11:13:03.923 10 INFO neutron.db.ovn_revision_numbers_db [None req-ecadc5fa-8788-423e-b5a6-3dfed0e1edf3 a4141619d9a44d41bbc7d58d938efcdf 0341588e2268492eb17f9dc33ad54504 - - default default] Successfully bumped revision number for resource 21ae3305-270f-4722-b66e-d350608594e7 (type: routers) to 5
2026-05-27 11:13:03.929 10 INFO neutron.api.wsgi [None req-ecadc5fa-8788-423e-b5a6-3dfed0e1edf3 a4141619d9a44d41bbc7d58d938efcdf 0341588e2268492eb17f9dc33ad54504 - - default default] 10.0.0.9 "PUT /v2.0/routers/21ae3305-270f-4722-b66e-d350608594e7 HTTP/1.1" status: 200 len: 1137 time: 0.6747162
2026-05-27 11:13:04.005 10 INFO neutron.api.wsgi [None req-40d318aa-3d88-46de-ae01-d892846fd6f3 a4141619d9a44d41bbc7d58d938efcdf 0341588e2268492eb17f9dc33ad54504 - - default default] 10.0.0.9 "GET /v2.0/ports?device_id=21ae3305-270f-4722-b66e-d350608594e7 HTTP/1.1" status: 200 len: 1144 time: 0.0710046 /var/lib/openstack/lib/python3.12/site-packages/pycadf/identifier.py:71: UserWarning: Invalid uuid: neutron. To ensure interoperability, identifiers should be a valid uuid. warnings.warn(('Invalid uuid: %s. To ensure interoperability, '
2026-05-27 11:13:04.118 11 WARNING neutron_lib.context [None req-3ae21a98-ea68-484f-b9de-19b408f96670 e862f052c3834435bbb613702aecdcde 9b93e2a6898b45a28884b78806726df1 - - default default] Method 'is_advsvc' is deprecated since 2023.2 release (neutron-lib 3.8.0) and will be removed once support for the old RBAC API policies will be removed from Neutron. Please use method 'is_service_role' instead.
2026-05-27 11:13:04.170 11 INFO neutron.api.wsgi [None req-3ae21a98-ea68-484f-b9de-19b408f96670 e862f052c3834435bbb613702aecdcde 9b93e2a6898b45a28884b78806726df1 - - default default] 10.0.0.9 "POST /v2.0/subnetpools HTTP/1.1" status: 201 len: 715 time: 0.2177837
2026-05-27 11:13:04.182 11 WARNING neutron_lib.context [None req-fa90607c-ae15-4214-80a0-695bc11da12f e862f052c3834435bbb613702aecdcde 9b93e2a6898b45a28884b78806726df1 - - default default] Method 'is_advsvc' is deprecated since 2023.2 release (neutron-lib 3.8.0) and will be removed once support for the old RBAC API policies will be removed from Neutron. Please use method 'is_service_role' instead.
2026-05-27 11:13:04.232 11 INFO neutron.api.wsgi [None req-fa90607c-ae15-4214-80a0-695bc11da12f e862f052c3834435bbb613702aecdcde 9b93e2a6898b45a28884b78806726df1 - - default default] 10.0.0.9 "POST /v2.0/subnetpools HTTP/1.1" status: 201 len: 715 time: 0.0542264
2026-05-27 11:13:04.243 11 WARNING neutron_lib.context [None req-0fbf20ea-a191-4ee0-be8b-7f06b8b75442 e862f052c3834435bbb613702aecdcde 9b93e2a6898b45a28884b78806726df1 - - default default] Method 'is_advsvc' is deprecated since 2023.2 release (neutron-lib 3.8.0) and will be removed once support for the old RBAC API policies will be removed from Neutron. Please use method 'is_service_role' instead.
2026-05-27 11:13:04.293 11 INFO neutron.api.wsgi [None req-0fbf20ea-a191-4ee0-be8b-7f06b8b75442 e862f052c3834435bbb613702aecdcde 9b93e2a6898b45a28884b78806726df1 - - default default] 10.0.0.9 "POST /v2.0/subnetpools HTTP/1.1" status: 201 len: 715 time: 0.0552518
2026-05-27 11:13:04.303 11 WARNING neutron_lib.context [None req-6ccb7d6f-4f46-4744-bdbc-12e86e69b4b5 e862f052c3834435bbb613702aecdcde 9b93e2a6898b45a28884b78806726df1 - - default default] Method 'is_advsvc' is deprecated since 2023.2 release (neutron-lib 3.8.0) and will be removed once support for the old RBAC API policies will be removed from Neutron. Please use method 'is_service_role' instead.
2026-05-27 11:13:04.366 11 INFO neutron.api.wsgi [None req-6ccb7d6f-4f46-4744-bdbc-12e86e69b4b5 e862f052c3834435bbb613702aecdcde 9b93e2a6898b45a28884b78806726df1 - - default default] 10.0.0.9 "POST /v2.0/subnetpools HTTP/1.1" status: 201 len: 715 time: 0.0681739
2026-05-27 11:13:04.378 11 WARNING neutron_lib.context [None req-53fef0d2-57fb-4707-bff9-16340f88dcc4 e862f052c3834435bbb613702aecdcde 9b93e2a6898b45a28884b78806726df1 - - default default] Method 'is_advsvc' is deprecated since 2023.2 release (neutron-lib 3.8.0) and will be removed once support for the old RBAC API policies will be removed from Neutron. Please use method 'is_service_role' instead.
2026-05-27 11:13:04.423 11 INFO neutron.api.wsgi [None req-53fef0d2-57fb-4707-bff9-16340f88dcc4 e862f052c3834435bbb613702aecdcde 9b93e2a6898b45a28884b78806726df1 - - default default] 10.0.0.9 "POST /v2.0/subnetpools HTTP/1.1" status: 201 len: 715 time: 0.0503633
2026-05-27 11:13:04.458 11 INFO neutron.api.wsgi [None req-cbbb6030-ee39-41a4-aef9-61874af627d2 e862f052c3834435bbb613702aecdcde 9b93e2a6898b45a28884b78806726df1 - - default default] 10.0.0.9 "PUT /v2.0/subnetpools/ff3cb189-4e15-42e9-a81c-bc814e083644/tags HTTP/1.1" status: 200 len: 210 time: 0.0293489
2026-05-27 11:13:04.490 11 INFO neutron.api.wsgi [None req-62271e88-46cf-4f96-bfda-074714c79ec6 e862f052c3834435bbb613702aecdcde 9b93e2a6898b45a28884b78806726df1 - - default default] 10.0.0.9 "PUT /v2.0/subnetpools/f6ddf8b5-73f5-4bc8-aef9-2f7bd8b96804/tags HTTP/1.1" status: 200 len: 218 time: 0.0262945
2026-05-27 11:13:04.532 11 INFO neutron.api.wsgi [None req-518b7412-11d4-487e-a04b-811e88b8d8d2 e862f052c3834435bbb613702aecdcde 9b93e2a6898b45a28884b78806726df1 - - default default] 10.0.0.9 "PUT /v2.0/subnetpools/e14745b8-c43f-4b26-b229-49d0cfdb4cc4/tags HTTP/1.1" status: 200 len: 227 time: 0.0360370
2026-05-27 11:13:04.566 11 INFO neutron.api.wsgi [None req-559b1f61-2386-4b9a-b774-dbeed8f66c10 e862f052c3834435bbb613702aecdcde 9b93e2a6898b45a28884b78806726df1 - - default default] 10.0.0.9 "PUT /v2.0/subnetpools/30720de5-8307-4472-b7a5-4cc0e0dfbf10/tags HTTP/1.1" status: 200 len: 212 time: 0.0290051
2026-05-27 11:13:04.608 10 INFO neutron.api.wsgi [None req-efb6124c-29e1-48d8-b320-76aba68edcd6 e862f052c3834435bbb613702aecdcde 9b93e2a6898b45a28884b78806726df1 - - default default] 10.0.0.9 "GET /v2.0/subnetpools?tags=red HTTP/1.1" status: 200 len: 1758 time: 0.0313704
2026-05-27 11:13:04.637 10 INFO neutron.api.wsgi [None req-8e1c4ca1-38df-483e-8cbc-a3de69464607 e862f052c3834435bbb613702aecdcde 9b93e2a6898b45a28884b78806726df1 - - default default] 10.0.0.9 "GET /v2.0/subnetpools?tags=red%2Cblue HTTP/1.1" status: 200 len: 1251 time: 0.0234091
2026-05-27 11:13:04.666 10 INFO neutron.api.wsgi [None req-cda2b998-df82-4440-a8ec-0643817136d3 e862f052c3834435bbb613702aecdcde 9b93e2a6898b45a28884b78806726df1 - - default default] 10.0.0.9 "GET /v2.0/subnetpools?tags-any=blue HTTP/1.1" status: 200 len: 1251 time: 0.0240564
2026-05-27 11:13:04.694 11 INFO neutron.api.wsgi [None req-0017d5a4-c53d-4bce-92fb-cca47cc0a248 e862f052c3834435bbb613702aecdcde 9b93e2a6898b45a28884b78806726df1 - - default default] 10.0.0.9 "GET /v2.0/subnetpools?tags-any=red%2Cblue HTTP/1.1" status: 200 len: 1758 time: 0.0233605
2026-05-27 11:13:04.714 11 INFO neutron.api.wsgi [None req-bd564d3c-b63c-4ded-9065-27d207dc24ad e862f052c3834435bbb613702aecdcde 9b93e2a6898b45a28884b78806726df1 - - default default] 10.0.0.9 "GET /v2.0/subnetpools?not-tags=red HTTP/1.1" status: 200 len: 1223 time: 0.0151637
2026-05-27 11:13:04.738 11 INFO neutron.api.wsgi [None req-0c0397cb-1a6e-4f02-a03f-6be6b2e18cb7 e862f052c3834435bbb613702aecdcde 9b93e2a6898b45a28884b78806726df1 - - default default] 10.0.0.9 "GET /v2.0/subnetpools?not-tags=red%2Cblue HTTP/1.1" status: 200 len: 1730 time: 0.0204556
2026-05-27 11:13:04.761 11 INFO neutron.api.wsgi [None req-117949c1-6df9-43b0-9edc-e8b3e4ead035 e862f052c3834435bbb613702aecdcde 9b93e2a6898b45a28884b78806726df1 - - default default] 10.0.0.9 "GET /v2.0/subnetpools?not-tags-any=blue HTTP/1.1" status: 200 len: 1730 time: 0.0181618
2026-05-27 11:13:04.782 11 INFO neutron.api.wsgi [None req-30129d62-7466-400a-97e7-45a8f87b8f2b e862f052c3834435bbb613702aecdcde 9b93e2a6898b45a28884b78806726df1 - - default default] 10.0.0.9 "GET /v2.0/subnetpools?not-tags-any=red%2Cblue HTTP/1.1" status: 200 len: 1223 time: 0.0172975
2026-05-27 11:13:04.836 11 INFO neutron.api.wsgi [None req-cfe5f3f6-f1b4-48d5-a007-f85ed51b793b e862f052c3834435bbb613702aecdcde 9b93e2a6898b45a28884b78806726df1 - - default default] 10.0.0.9 "DELETE /v2.0/subnetpools/ff3cb189-4e15-42e9-a81c-bc814e083644 HTTP/1.1" status: 204 len: 168 time: 0.0464985
2026-05-27 11:13:04.862 10 INFO neutron.api.wsgi [None req-2646d0b2-096e-40fc-8daf-62e2488338dc a4141619d9a44d41bbc7d58d938efcdf 0341588e2268492eb17f9dc33ad54504 - - default default] 10.0.0.9 "PUT /v2.0/routers/21ae3305-270f-4722-b66e-d350608594e7/remove_router_interface HTTP/1.1" status: 200 len: 503 time: 0.8525717 /var/lib/openstack/lib/python3.12/site-packages/pycadf/identifier.py:71: UserWarning: Invalid uuid: neutron. To ensure interoperability, identifiers should be a valid uuid. warnings.warn(('Invalid uuid: %s. To ensure interoperability, '
2026-05-27 11:13:04.886 11 INFO neutron.api.wsgi [None req-5c3bfa99-a52e-4f03-b51f-7e8af77530df e862f052c3834435bbb613702aecdcde 9b93e2a6898b45a28884b78806726df1 - - default default] 10.0.0.9 "DELETE /v2.0/subnetpools/f6ddf8b5-73f5-4bc8-aef9-2f7bd8b96804 HTTP/1.1" status: 204 len: 168 time: 0.0455854
2026-05-27 11:13:04.936 11 INFO neutron.api.wsgi [None req-9cc88c76-50fa-48d2-85ea-df1053975fd8 e862f052c3834435bbb613702aecdcde 9b93e2a6898b45a28884b78806726df1 - - default default] 10.0.0.9 "DELETE /v2.0/subnetpools/e14745b8-c43f-4b26-b229-49d0cfdb4cc4 HTTP/1.1" status: 204 len: 168 time: 0.0461478
2026-05-27 11:13:04.996 11 INFO neutron.api.wsgi [None req-6b6c6696-d1b4-498e-b569-2124ce7635af e862f052c3834435bbb613702aecdcde 9b93e2a6898b45a28884b78806726df1 - - default default] 10.0.0.9 "DELETE /v2.0/subnetpools/30720de5-8307-4472-b7a5-4cc0e0dfbf10 HTTP/1.1" status: 204 len: 168 time: 0.0526884
2026-05-27 11:13:05.084 10 INFO neutron.api.wsgi [None req-846a7dcf-56c6-4e22-ad5d-d2ac618708de e862f052c3834435bbb613702aecdcde 9b93e2a6898b45a28884b78806726df1 - - default default] 10.0.0.9 "DELETE /v2.0/subnetpools/a2c25a5d-e07c-4a47-8fc4-e609042dffc6 HTTP/1.1" status: 204 len: 168 time: 0.0828605
2026-05-27 11:13:05.562 10 INFO neutron.api.wsgi [None req-c692837d-ceb8-44a2-b1ae-ab36701dfa33 a4141619d9a44d41bbc7d58d938efcdf 0341588e2268492eb17f9dc33ad54504 - - default default] 10.0.0.9 "DELETE /v2.0/routers/21ae3305-270f-4722-b66e-d350608594e7 HTTP/1.1" status: 204 len: 168 time: 0.6931481
2026-05-27 11:13:05.623 10 INFO neutron.api.wsgi [None req-a7995383-97bf-4a99-b283-bda0be641e7c a4141619d9a44d41bbc7d58d938efcdf 0341588e2268492eb17f9dc33ad54504 - - default default] 10.0.0.9 "GET /v2.0/routers/5ca8d4f1-8867-40ab-a7d8-1dbf2c601c8b HTTP/1.1" status: 200 len: 1136 time: 0.0562632
2026-05-27 11:13:06.061 11 INFO neutron.db.ovn_revision_numbers_db [None req-b1323fe8-bf2c-4391-bd05-84ade447b3f5 e1764593464c4aa78df777aa75f0e064 ea974855a7484f339df3e98ed07b1cd9 - - default default] Successfully bumped revision number for resource ad1fcf05-deec-4a81-9161-a4eb1ec627e4 (type: security_groups) to 1
2026-05-27 11:13:06.073 11 INFO neutron.db.ovn_revision_numbers_db [None req-b1323fe8-bf2c-4391-bd05-84ade447b3f5 e1764593464c4aa78df777aa75f0e064 ea974855a7484f339df3e98ed07b1cd9 - - default default] Successfully bumped revision number for resource 4e4ee330-663a-49d0-945d-8bcd48d742b2 (type: security_group_rules) to 0
2026-05-27 11:13:06.084 11 INFO neutron.db.ovn_revision_numbers_db [None req-b1323fe8-bf2c-4391-bd05-84ade447b3f5 e1764593464c4aa78df777aa75f0e064 ea974855a7484f339df3e98ed07b1cd9 - - default default] Successfully bumped revision number for resource 594d4a7c-cbc3-4e5d-bee4-1140c71c7516 (type: security_group_rules) to 0
2026-05-27 11:13:06.097 11 INFO neutron.db.ovn_revision_numbers_db [None req-b1323fe8-bf2c-4391-bd05-84ade447b3f5 e1764593464c4aa78df777aa75f0e064 ea974855a7484f339df3e98ed07b1cd9 - - default default] Successfully bumped revision number for resource a6503fb2-f1e4-4175-a6c4-ec1ed41822e5 (type: security_group_rules) to 0
2026-05-27 11:13:06.111 11 INFO neutron.db.ovn_revision_numbers_db [None req-b1323fe8-bf2c-4391-bd05-84ade447b3f5 e1764593464c4aa78df777aa75f0e064 ea974855a7484f339df3e98ed07b1cd9 - - default default] Successfully bumped revision number for resource aa882214-6ca8-4faf-87b4-a269667c78f9 (type: security_group_rules) to 0
2026-05-27 11:13:06.146 11 INFO neutron.api.wsgi [None req-b1323fe8-bf2c-4391-bd05-84ade447b3f5 e1764593464c4aa78df777aa75f0e064 ea974855a7484f339df3e98ed07b1cd9 - - default default] 10.0.0.9 "GET /v2.0/security-groups?tenant_id=9b93e2a6898b45a28884b78806726df1&name=default HTTP/1.1" status: 200 len: 3124 time: 0.3366740
2026-05-27 11:13:06.288 10 INFO neutron.db.ovn_revision_numbers_db [None req-2d251d68-ffb7-47a1-be19-8bc52813fb04 a4141619d9a44d41bbc7d58d938efcdf 0341588e2268492eb17f9dc33ad54504 - - default default] Successfully bumped revision number for resource 5ca8d4f1-8867-40ab-a7d8-1dbf2c601c8b (type: routers) to 5
2026-05-27 11:13:06.294 10 INFO neutron.api.wsgi [None req-2d251d68-ffb7-47a1-be19-8bc52813fb04 a4141619d9a44d41bbc7d58d938efcdf 0341588e2268492eb17f9dc33ad54504 - - default default] 10.0.0.9 "PUT /v2.0/routers/5ca8d4f1-8867-40ab-a7d8-1dbf2c601c8b HTTP/1.1" status: 200 len: 1136 time: 0.6654277
2026-05-27 11:13:06.335 11 INFO neutron.api.wsgi [None req-05c9467e-db8e-4ae7-bd29-3720e7dfdc97 e1764593464c4aa78df777aa75f0e064 ea974855a7484f339df3e98ed07b1cd9 - - default default] 10.0.0.9 "DELETE /v2.0/security-groups/ad1fcf05-deec-4a81-9161-a4eb1ec627e4 HTTP/1.1" status: 204 len: 168 time: 0.1835036
2026-05-27 11:13:06.365 10 INFO neutron.api.wsgi [None req-3f9e00c9-e930-49f9-b81d-2ab6ffdecd45 a4141619d9a44d41bbc7d58d938efcdf 0341588e2268492eb17f9dc33ad54504 - - default default] 10.0.0.9 "GET /v2.0/ports?device_id=5ca8d4f1-8867-40ab-a7d8-1dbf2c601c8b HTTP/1.1" status: 200 len: 1144 time: 0.0668683
2026-05-27 11:13:06.525 11 INFO neutron.db.ovn_revision_numbers_db [None req-6673f837-c50e-4b32-8ba4-c237d32f3b5a e1764593464c4aa78df777aa75f0e064 ea974855a7484f339df3e98ed07b1cd9 - - default default] Successfully bumped revision number for resource 5a7ae1cb-8a01-43e9-aad3-a58a535c5f9c (type: security_groups) to 1
2026-05-27 11:13:06.537 11 INFO neutron.db.ovn_revision_numbers_db [None req-6673f837-c50e-4b32-8ba4-c237d32f3b5a e1764593464c4aa78df777aa75f0e064 ea974855a7484f339df3e98ed07b1cd9 - - default default] Successfully bumped revision number for resource 272ee83a-f5bc-43e8-8aa0-91e4b9fb76b5 (type: security_group_rules) to 0
2026-05-27 11:13:06.550 11 INFO neutron.db.ovn_revision_numbers_db [None req-6673f837-c50e-4b32-8ba4-c237d32f3b5a e1764593464c4aa78df777aa75f0e064 ea974855a7484f339df3e98ed07b1cd9 - - default default] Successfully bumped revision number for resource 32014b93-899a-41b1-bec5-2e4922441974 (type: security_group_rules) to 0
2026-05-27 11:13:06.563 11 INFO neutron.db.ovn_revision_numbers_db [None req-6673f837-c50e-4b32-8ba4-c237d32f3b5a e1764593464c4aa78df777aa75f0e064 ea974855a7484f339df3e98ed07b1cd9 - - default default] Successfully bumped revision number for resource 487bb4a3-19d3-42b6-91ce-f3ca9f58e703 (type: security_group_rules) to 0
2026-05-27 11:13:06.579 11 INFO neutron.db.ovn_revision_numbers_db [None req-6673f837-c50e-4b32-8ba4-c237d32f3b5a e1764593464c4aa78df777aa75f0e064 ea974855a7484f339df3e98ed07b1cd9 - - default default] Successfully bumped revision number for resource 93042f60-e094-4fa5-8f03-b7f5fba2effd (type: security_group_rules) to 0
2026-05-27 11:13:06.618 11 INFO neutron.api.wsgi [None req-6673f837-c50e-4b32-8ba4-c237d32f3b5a e1764593464c4aa78df777aa75f0e064 ea974855a7484f339df3e98ed07b1cd9 - - default default] 10.0.0.9 "GET /v2.0/security-groups?tenant_id=affb816f174b4f89a941adb9a83e9397&name=default HTTP/1.1" status: 200 len: 3124 time: 0.2007403
2026-05-27 11:13:06.825 11 INFO neutron.api.wsgi [None req-184ad1a6-78c2-4b62-b415-715c411997d9 e1764593464c4aa78df777aa75f0e064 ea974855a7484f339df3e98ed07b1cd9 - - default default] 10.0.0.9 "DELETE /v2.0/security-groups/5a7ae1cb-8a01-43e9-aad3-a58a535c5f9c HTTP/1.1" status: 204 len: 168 time: 0.2020974
2026-05-27 11:13:07.062 10 INFO neutron.db.ovn_revision_numbers_db [None req-4f4bec06-6c9a-48a3-9674-21469b6d79f1 e1764593464c4aa78df777aa75f0e064 ea974855a7484f339df3e98ed07b1cd9 - - default default] Successfully bumped revision number for resource d6c862a7-e6c0-44c0-b714-5672e1e34e7a (type: security_groups) to 1
2026-05-27 11:13:07.073 10 INFO neutron.db.ovn_revision_numbers_db [None req-4f4bec06-6c9a-48a3-9674-21469b6d79f1 e1764593464c4aa78df777aa75f0e064 ea974855a7484f339df3e98ed07b1cd9 - - default default] Successfully bumped revision number for resource 5441b22f-eb94-425c-a92c-3cc8e9bbaf72 (type: security_group_rules) to 0
2026-05-27 11:13:07.090 10 INFO neutron.db.ovn_revision_numbers_db [None req-4f4bec06-6c9a-48a3-9674-21469b6d79f1 e1764593464c4aa78df777aa75f0e064 ea974855a7484f339df3e98ed07b1cd9 - - default default] Successfully bumped revision number for resource 8edd832d-ff72-4d74-ba5c-38c0ae47480d (type: security_group_rules) to 0
2026-05-27 11:13:07.106 11 INFO neutron.api.wsgi [-] 10.0.0.184 "GET / HTTP/1.1" status: 200 len: 247 time: 0.0021310
2026-05-27 11:13:07.109 10 INFO neutron.db.ovn_revision_numbers_db [None req-4f4bec06-6c9a-48a3-9674-21469b6d79f1 e1764593464c4aa78df777aa75f0e064 ea974855a7484f339df3e98ed07b1cd9 - - default default] Successfully bumped revision number for resource cc5e4b3a-eb65-49a5-8389-b9b24ae6dee9 (type: security_group_rules) to 0
2026-05-27 11:13:07.109 11 INFO neutron.api.wsgi [-] 10.0.0.184 "GET / HTTP/1.1" status: 200 len: 247 time: 0.0020957
2026-05-27 11:13:07.121 10 INFO neutron.db.ovn_revision_numbers_db [None req-4f4bec06-6c9a-48a3-9674-21469b6d79f1 e1764593464c4aa78df777aa75f0e064 ea974855a7484f339df3e98ed07b1cd9 - - default default] Successfully bumped revision number for resource fdd45009-b119-4f62-bcc1-6594780c5c50 (type: security_group_rules) to 0
2026-05-27 11:13:07.164 10 INFO neutron.api.wsgi [None req-4f4bec06-6c9a-48a3-9674-21469b6d79f1 e1764593464c4aa78df777aa75f0e064 ea974855a7484f339df3e98ed07b1cd9 - - default default] 10.0.0.9 "GET /v2.0/security-groups?tenant_id=9d2f7fe58ddf4969af41c88f330ef00c&name=default HTTP/1.1" status: 200 len: 3124 time: 0.2218957
2026-05-27 11:13:07.361 10 INFO neutron.api.wsgi [None req-d9125e95-2fde-4c11-9f71-81cf9e6ed042 a4141619d9a44d41bbc7d58d938efcdf 0341588e2268492eb17f9dc33ad54504 - - default default] 10.0.0.9 "PUT /v2.0/routers/5ca8d4f1-8867-40ab-a7d8-1dbf2c601c8b/remove_router_interface HTTP/1.1" status: 200 len: 503 time: 0.9908662
2026-05-27 11:13:07.366 11 INFO neutron.api.wsgi [None req-d54e3414-2d01-4f01-96b5-63c809b1ad05 e1764593464c4aa78df777aa75f0e064 ea974855a7484f339df3e98ed07b1cd9 - - default default] 10.0.0.9 "DELETE /v2.0/security-groups/d6c862a7-e6c0-44c0-b714-5672e1e34e7a HTTP/1.1" status: 204 len: 168 time: 0.1966076 /var/lib/openstack/lib/python3.12/site-packages/pycadf/identifier.py:71: UserWarning: Invalid uuid: neutron. To ensure interoperability, identifiers should be a valid uuid. warnings.warn(('Invalid uuid: %s. To ensure interoperability, '
2026-05-27 11:13:08.007 10 INFO neutron.api.wsgi [None req-1dc4d131-4178-4a6b-8ec4-882c5a32a970 a4141619d9a44d41bbc7d58d938efcdf 0341588e2268492eb17f9dc33ad54504 - - default default] 10.0.0.9 "DELETE /v2.0/routers/5ca8d4f1-8867-40ab-a7d8-1dbf2c601c8b HTTP/1.1" status: 204 len: 168 time: 0.6407521
2026-05-27 11:13:08.029 11 INFO neutron.api.v2.resource [None req-f4d89746-f804-488f-8067-9a5d1433e01b a4141619d9a44d41bbc7d58d938efcdf 0341588e2268492eb17f9dc33ad54504 - - default default] show failed (client error): The resource could not be found.
2026-05-27 11:13:08.030 11 INFO neutron.api.wsgi [None req-f4d89746-f804-488f-8067-9a5d1433e01b a4141619d9a44d41bbc7d58d938efcdf 0341588e2268492eb17f9dc33ad54504 - - default default] 10.0.0.9 "GET /v2.0/routers/8ff80b01-30a9-4854-86fb-c82d371c0e23 HTTP/1.1" status: 404 len: 336 time: 0.0169854
2026-05-27 11:13:08.204 11 INFO neutron.api.wsgi [None req-c88c46f0-f92f-4d7d-8738-737069e521ef a4141619d9a44d41bbc7d58d938efcdf 0341588e2268492eb17f9dc33ad54504 - - default default] 10.0.0.9 "DELETE /v2.0/subnets/cd6ecc21-40ce-48de-b040-69c226ffbaad HTTP/1.1" status: 204 len: 168 time: 0.1694558
2026-05-27 11:13:08.365 11 INFO neutron.api.wsgi [None req-f6345125-28f8-44fa-aa3c-67446bf30465 a4141619d9a44d41bbc7d58d938efcdf 0341588e2268492eb17f9dc33ad54504 - - default default] 10.0.0.9 "DELETE /v2.0/subnets/1f0fdd9a-6426-4b0b-b1a4-0f4cac703176 HTTP/1.1" status: 204 len: 168 time: 0.1558194
2026-05-27 11:13:08.535 11 INFO neutron.api.wsgi [None req-614d10b6-ec21-4dbb-8013-d075e644e7b9 a4141619d9a44d41bbc7d58d938efcdf 0341588e2268492eb17f9dc33ad54504 - - default default] 10.0.0.9 "DELETE /v2.0/subnets/30623832-b59a-4508-bfed-b44d8811085f HTTP/1.1" status: 204 len: 168 time: 0.1652319
2026-05-27 11:13:08.553 11 INFO neutron.pecan_wsgi.hooks.translation [None req-4a093af0-27b2-4271-b880-423604cd09c4 a4141619d9a44d41bbc7d58d938efcdf 0341588e2268492eb17f9dc33ad54504 - - default default] DELETE failed (client error): The resource could not be found.
2026-05-27 11:13:08.555 11 INFO neutron.api.wsgi [None req-4a093af0-27b2-4271-b880-423604cd09c4 a4141619d9a44d41bbc7d58d938efcdf 0341588e2268492eb17f9dc33ad54504 - - default default] 10.0.0.9 "DELETE /v2.0/subnets/7a956bc2-59a4-41fb-9aa0-c1ca6856ac1e HTTP/1.1" status: 404 len: 337 time: 0.0142765
2026-05-27 11:13:08.894 11 INFO neutron.services.segments.plugin [-] Segment b9257e6d-e1d5-4664-9ed9-4958e5de8937 resource provider aggregate not found
2026-05-27 11:13:08.900 11 INFO neutron.services.segments.plugin [-] Segment b9257e6d-e1d5-4664-9ed9-4958e5de8937 resource provider aggregate not found
2026-05-27 11:13:08.915 11 INFO neutron.services.segments.plugin [-] Segment b9257e6d-e1d5-4664-9ed9-4958e5de8937 resource provider not found; error: Placement Client Error (4xx): {"errors": [{"status": 404, "title": "Not Found", "detail": "The resource could not be found.\n\n No resource provider with uuid b9257e6d-e1d5-4664-9ed9-4958e5de8937 found for delete ", "request_id": "req-697270cd-1904-48c3-84b3-913b6a2c9f85"}]}
2026-05-27 11:13:08.916 11 INFO neutron.services.segments.plugin [-] Segment b9257e6d-e1d5-4664-9ed9-4958e5de8937 resource provider not found; error: Placement Client Error (4xx): {"errors": [{"status": 404, "title": "Not Found", "detail": "The resource could not be found.\n\n No resource provider with uuid b9257e6d-e1d5-4664-9ed9-4958e5de8937 found for delete ", "request_id": "req-237bf6bd-c8f1-42b1-9636-3850edaaf191"}]}
