2026-05-27 11:12:49.558 10 WARNING neutron.scheduler.dhcp_agent_scheduler [None req-eca53329-7fa0-4c18-866d-d1e29f729430 - - - - - -] No more DHCP agents
2026-05-27 11:12:49.567 10 WARNING neutron.api.rpc.agentnotifiers.dhcp_rpc_agent_api [None req-eca53329-7fa0-4c18-866d-d1e29f729430 - - - - - -] Unable to schedule network d8701336-9f0a-4a17-bcf0-99fb4fdfdd7a: no agents available; will retry on subsequent port and subnet creation events.
2026-05-27 11:12:49.588 11 INFO neutron.db.ovn_revision_numbers_db [None req-40bc99e0-f5fe-4922-994d-eabbccbed937 d318f29dddb84465af52ac9f4a62b190 b96a061e1f104a9b903d27099dc8b361 - - default default] Successfully bumped revision number for resource ed89cee9-3c92-4814-84c1-a2f5a2c76ee0 (type: networks) to 1
2026-05-27 11:12:49.655 10 INFO neutron.db.ovn_revision_numbers_db [None req-488ba06c-b8b1-4862-a82e-b7128cb8f977 - - - - - -] Successfully bumped revision number for resource 7292c9e6-10e9-4606-803b-7a01d37bb5b3 (type: ports) to 2
2026-05-27 11:12:49.701 10 INFO neutron.db.ovn_revision_numbers_db [None req-eca53329-7fa0-4c18-866d-d1e29f729430 - - - - - -] Successfully bumped revision number for resource 1c37026c-0828-41b5-8bd7-b6b131f4a80f (type: ports) to 1
2026-05-27 11:12:49.742 11 WARNING neutron.scheduler.dhcp_agent_scheduler [None req-40bc99e0-f5fe-4922-994d-eabbccbed937 d318f29dddb84465af52ac9f4a62b190 b96a061e1f104a9b903d27099dc8b361 - - default default] No more DHCP agents
2026-05-27 11:12:49.743 11 WARNING neutron.api.rpc.agentnotifiers.dhcp_rpc_agent_api [None req-40bc99e0-f5fe-4922-994d-eabbccbed937 d318f29dddb84465af52ac9f4a62b190 b96a061e1f104a9b903d27099dc8b361 - - default default] Unable to schedule network ed89cee9-3c92-4814-84c1-a2f5a2c76ee0: no agents available; will retry on subsequent port and subnet creation events.
2026-05-27 11:12:49.809 11 INFO neutron.db.ovn_revision_numbers_db [None req-40bc99e0-f5fe-4922-994d-eabbccbed937 d318f29dddb84465af52ac9f4a62b190 b96a061e1f104a9b903d27099dc8b361 - - default default] Successfully bumped revision number for resource ece1c767-e1b3-4844-b737-01687fcdf9d5 (type: ports) to 1
2026-05-27 11:12:49.829 11 INFO neutron.api.wsgi [None req-40bc99e0-f5fe-4922-994d-eabbccbed937 d318f29dddb84465af52ac9f4a62b190 b96a061e1f104a9b903d27099dc8b361 - - default default] 10.0.0.9 "POST /v2.0/networks HTTP/1.1" status: 201 len: 830 time: 0.4475830
2026-05-27 11:12:49.839 11 WARNING neutron_lib.context [None req-d48ba610-0896-486b-869d-d6b04c312db3 d318f29dddb84465af52ac9f4a62b190 b96a061e1f104a9b903d27099dc8b361 - - default default] Method 'is_advsvc' is deprecated since 2023.2 release (neutron-lib 3.8.0) and will be removed once support for the old RBAC API policies will be removed from Neutron. Please use method 'is_service_role' instead.
2026-05-27 11:12:49.927 10 INFO neutron.db.ovn_revision_numbers_db [None req-eca53329-7fa0-4c18-866d-d1e29f729430 - - - - - -] Successfully bumped revision number for resource 1c37026c-0828-41b5-8bd7-b6b131f4a80f (type: ports) to 3
2026-05-27 11:12:49.971 13 ERROR oslo_messaging.rpc.server [None req-98f2f56a-f5b1-49c9-bd75-b72eaf7f0dcd a4141619d9a44d41bbc7d58d938efcdf 0341588e2268492eb17f9dc33ad54504 - - default default] Exception during message handling: sqlalchemy.exc.PendingRollbackError: This Session's transaction has been rolled back due to a previous exception during flush. To begin a new transaction with this Session, first issue Session.rollback(). Original exception was: (pymysql.err.IntegrityError) (1062, "Duplicate entry '5ca8d4f1-8867-40ab-a7d8-1dbf2c601c8b-bf00ef5b-33fb-53ca-9a93-e42' for key 'routervpnagentbindings.PRIMARY'") [SQL: INSERT INTO routervpnagentbindings (router_id, vpn_agent_id) VALUES (%(router_id)s, %(vpn_agent_id)s)] [parameters: {'router_id': '5ca8d4f1-8867-40ab-a7d8-1dbf2c601c8b', 'vpn_agent_id': 'bf00ef5b-33fb-53ca-9a93-e423971c5690'}] (Background on this error at: https://sqlalche.me/e/20/gkpj) (Background on this error at: https://sqlalche.me/e/20/7s2a)
2026-05-27 11:12:49.971 13 ERROR oslo_messaging.rpc.server
Traceback (most recent call last):
2026-05-27 11:12:49.971 13 ERROR oslo_messaging.rpc.server
File "/var/lib/openstack/lib/python3.12/site-packages/oslo_messaging/rpc/server.py", line 172, in _process_incoming
2026-05-27 11:12:49.971 13 ERROR oslo_messaging.rpc.server res = self.dispatcher.dispatch(message)
2026-05-27 11:12:49.971 13 ERROR oslo_messaging.rpc.server ^^^^^^^^^^^^^^^^^^^^^^^^^^^^^^^^^
2026-05-27 11:12:49.971 13 ERROR oslo_messaging.rpc.server
File "/var/lib/openstack/lib/python3.12/site-packages/oslo_messaging/rpc/dispatcher.py", line 309, in dispatch
2026-05-27 11:12:49.971 13 ERROR oslo_messaging.rpc.server return self._do_dispatch(endpoint, method, ctxt, args)
2026-05-27 11:12:49.971 13 ERROR oslo_messaging.rpc.server ^^^^^^^^^^^^^^^^^^^^^^^^^^^^^^^^^^^^^^^^^^^^^^^
2026-05-27 11:12:49.971 13 ERROR oslo_messaging.rpc.server
File "/var/lib/openstack/lib/python3.12/site-packages/oslo_messaging/rpc/dispatcher.py", line 229, in _do_dispatch
2026-05-27 11:12:49.971 13 ERROR oslo_messaging.rpc.server result = func(ctxt, **new_args)
2026-05-27 11:12:49.971 13 ERROR oslo_messaging.rpc.server ^^^^^^^^^^^^^^^^^^^^^^
2026-05-27 11:12:49.971 13 ERROR oslo_messaging.rpc.server
File "/var/lib/openstack/lib/python3.12/site-packages/oslo_db/sqlalchemy/enginefacade.py", line 998, in wrapper
2026-05-27 11:12:49.971 13 ERROR oslo_messaging.rpc.server return fn(*args, **kwargs)
2026-05-27 11:12:49.971 13 ERROR oslo_messaging.rpc.server ^^^^^^^^^^^^^^^^^^^
2026-05-27 11:12:49.971 13 ERROR oslo_messaging.rpc.server
File "/var/lib/openstack/lib/python3.12/site-packages/neutron_vpnaas/services/vpn/service_drivers/base_ipsec.py", line 80, in get_vpn_services_on_host
2026-05-27 11:12:49.971 13 ERROR oslo_messaging.rpc.server local_cidr_map = plugin._build_local_subnet_cidr_map(context)
2026-05-27 11:12:49.971 13 ERROR oslo_messaging.rpc.server ^^^^^^^^^^^^^^^^^^^^^^^^^^^^^^^^^^^^^^^^^^^^
2026-05-27 11:12:49.971 13 ERROR oslo_messaging.rpc.server
File "/var/lib/openstack/lib/python3.12/site-packages/neutron_vpnaas/db/vpn/vpn_db.py", line 731, in _build_local_subnet_cidr_map
2026-05-27 11:12:49.971 13 ERROR oslo_messaging.rpc.server return {sn.id: sn.cidr for sn in query.all()}
2026-05-27 11:12:49.971 13 ERROR oslo_messaging.rpc.server ^^^^^^^^^^^
2026-05-27 11:12:49.971 13 ERROR oslo_messaging.rpc.server
File "/var/lib/openstack/lib/python3.12/site-packages/sqlalchemy/orm/query.py", line 2673, in all
2026-05-27 11:12:49.971 13 ERROR oslo_messaging.rpc.server return self._iter().all() # type: ignore
2026-05-27 11:12:49.971 13 ERROR oslo_messaging.rpc.server ^^^^^^^^^^^^
2026-05-27 11:12:49.971 13 ERROR oslo_messaging.rpc.server
File "/var/lib/openstack/lib/python3.12/site-packages/sqlalchemy/orm/query.py", line 2827, in _iter
2026-05-27 11:12:49.971 13 ERROR oslo_messaging.rpc.server result: Union[ScalarResult[_T], Result[_T]] = self.session.execute(
2026-05-27 11:12:49.971 13 ERROR oslo_messaging.rpc.server ^^^^^^^^^^^^^^^^^^^^^
2026-05-27 11:12:49.971 13 ERROR oslo_messaging.rpc.server
File "/var/lib/openstack/lib/python3.12/site-packages/sqlalchemy/orm/session.py", line 2362, in execute
2026-05-27 11:12:49.971 13 ERROR oslo_messaging.rpc.server return self._execute_internal(
2026-05-27 11:12:49.971 13 ERROR oslo_messaging.rpc.server ^^^^^^^^^^^^^^^^^^^^^^^
2026-05-27 11:12:49.971 13 ERROR oslo_messaging.rpc.server
File "/var/lib/openstack/lib/python3.12/site-packages/sqlalchemy/orm/session.py", line 2237, in _execute_internal
2026-05-27 11:12:49.971 13 ERROR oslo_messaging.rpc.server conn = self._connection_for_bind(bind)
2026-05-27 11:12:49.971 13 ERROR oslo_messaging.rpc.server ^^^^^^^^^^^^^^^^^^^^^^^^^^^^^^^
2026-05-27 11:12:49.971 13 ERROR oslo_messaging.rpc.server
File "/var/lib/openstack/lib/python3.12/site-packages/sqlalchemy/orm/session.py", line 2106, in _connection_for_bind
2026-05-27 11:12:49.971 13 ERROR oslo_messaging.rpc.server return trans._connection_for_bind(engine, execution_options)
2026-05-27 11:12:49.971 13 ERROR oslo_messaging.rpc.server ^^^^^^^^^^^^^^^^^^^^^^^^^^^^^^^^^^^^^^^^^^^^^^^^^^^^^
2026-05-27 11:12:49.971 13 ERROR oslo_messaging.rpc.server File "", line 2, in _connection_for_bind
2026-05-27 11:12:49.971 13 ERROR oslo_messaging.rpc.server
File "/var/lib/openstack/lib/python3.12/site-packages/sqlalchemy/orm/state_changes.py", line 103, in _go
2026-05-27 11:12:49.971 13 ERROR oslo_messaging.rpc.server self._raise_for_prerequisite_state(fn.__name__, current_state)
2026-05-27 11:12:49.971 13 ERROR oslo_messaging.rpc.server
File "/var/lib/openstack/lib/python3.12/site-packages/sqlalchemy/orm/session.py", line 973, in _raise_for_prerequisite_state
2026-05-27 11:12:49.971 13 ERROR oslo_messaging.rpc.server raise sa_exc.PendingRollbackError(
2026-05-27 11:12:49.971 13 ERROR oslo_messaging.rpc.server sqlalchemy.exc.PendingRollbackError: This Session's transaction has been rolled back due to a previous exception during flush. To begin a new transaction with this Session, first issue Session.rollback(). Original exception was: (pymysql.err.IntegrityError) (1062, "Duplicate entry '5ca8d4f1-8867-40ab-a7d8-1dbf2c601c8b-bf00ef5b-33fb-53ca-9a93-e42' for key 'routervpnagentbindings.PRIMARY'")
2026-05-27 11:12:49.971 13 ERROR oslo_messaging.rpc.server [SQL: INSERT INTO routervpnagentbindings (router_id, vpn_agent_id) VALUES (%(router_id)s, %(vpn_agent_id)s)]
2026-05-27 11:12:49.971 13 ERROR oslo_messaging.rpc.server [parameters: {'router_id': '5ca8d4f1-8867-40ab-a7d8-1dbf2c601c8b', 'vpn_agent_id': 'bf00ef5b-33fb-53ca-9a93-e423971c5690'}]
2026-05-27 11:12:49.971 13 ERROR oslo_messaging.rpc.server (Background on this error at: https://sqlalche.me/e/20/gkpj) (Background on this error at: https://sqlalche.me/e/20/7s2a)
2026-05-27 11:12:49.971 13 ERROR oslo_messaging.rpc.server
2026-05-27 11:12:50.018 11 WARNING neutron.scheduler.dhcp_agent_scheduler [None req-d48ba610-0896-486b-869d-d6b04c312db3 d318f29dddb84465af52ac9f4a62b190 b96a061e1f104a9b903d27099dc8b361 - - default default] No more DHCP agents
2026-05-27 11:12:50.019 11 WARNING neutron.api.rpc.agentnotifiers.dhcp_rpc_agent_api [None req-d48ba610-0896-486b-869d-d6b04c312db3 d318f29dddb84465af52ac9f4a62b190 b96a061e1f104a9b903d27099dc8b361 - - default default] Unable to schedule network ed89cee9-3c92-4814-84c1-a2f5a2c76ee0: no agents available; will retry on subsequent port and subnet creation events.
2026-05-27 11:12:50.098 10 INFO neutron.api.wsgi [None req-80d01f5b-0cfc-4166-84bd-bcc5922af0b6 a4141619d9a44d41bbc7d58d938efcdf 0341588e2268492eb17f9dc33ad54504 - - default default] 10.0.0.9 "POST /v2.0/vpn/vpnservices HTTP/1.1" status: 201 len: 656 time: 4.3596551
2026-05-27 11:12:50.116 11 INFO neutron.api.wsgi [None req-ec738605-1faf-40ab-8345-960709eed864 a4141619d9a44d41bbc7d58d938efcdf 0341588e2268492eb17f9dc33ad54504 - - default default] 10.0.0.9 "GET /v2.0/vpn/vpnservices HTTP/1.1" status: 200 len: 1501 time: 0.0123582
2026-05-27 11:12:50.422 11 INFO neutron.db.ovn_revision_numbers_db [None req-147083d7-291f-4ceb-9d4e-9168408b86fe - - - - - -] Successfully bumped revision number for resource ece1c767-e1b3-4844-b737-01687fcdf9d5 (type: ports) to 2
2026-05-27 11:12:50.452 11 INFO neutron.db.ovn_revision_numbers_db [None req-147083d7-291f-4ceb-9d4e-9168408b86fe - - - - - -] Successfully bumped revision number for resource d043be17-0ef5-4f88-b35a-a56b8fd457a4 (type: subnets) to 0
2026-05-27 11:12:50.467 11 INFO neutron.api.wsgi [None req-d48ba610-0896-486b-869d-d6b04c312db3 d318f29dddb84465af52ac9f4a62b190 b96a061e1f104a9b903d27099dc8b361 - - default default] 10.0.0.9 "POST /v2.0/subnets HTTP/1.1" status: 201 len: 828 time: 0.6315169
2026-05-27 11:12:50.476 11 WARNING neutron_lib.context [None req-bb07e3c6-6f51-4c3e-abfd-d346eaea5a83 d318f29dddb84465af52ac9f4a62b190 b96a061e1f104a9b903d27099dc8b361 - - default default] Method 'is_advsvc' is deprecated since 2023.2 release (neutron-lib 3.8.0) and will be removed once support for the old RBAC API policies will be removed from Neutron. Please use method 'is_service_role' instead.
2026-05-27 11:12:50.554 11 INFO neutron.db.segments_db [None req-bb07e3c6-6f51-4c3e-abfd-d346eaea5a83 d318f29dddb84465af52ac9f4a62b190 b96a061e1f104a9b903d27099dc8b361 - - default default] Added segment 287e24d3-271f-4d26-a5ce-98a6afa41d8a of type geneve for network cf5f29c4-ca5b-4011-bbef-c031024a7e1c
2026-05-27 11:12:50.658 11 INFO neutron.db.ovn_revision_numbers_db [None req-bb07e3c6-6f51-4c3e-abfd-d346eaea5a83 d318f29dddb84465af52ac9f4a62b190 b96a061e1f104a9b903d27099dc8b361 - - default default] Successfully bumped revision number for resource cf5f29c4-ca5b-4011-bbef-c031024a7e1c (type: networks) to 1
2026-05-27 11:12:50.810 11 WARNING neutron.scheduler.dhcp_agent_scheduler [None req-bb07e3c6-6f51-4c3e-abfd-d346eaea5a83 d318f29dddb84465af52ac9f4a62b190 b96a061e1f104a9b903d27099dc8b361 - - default default] No more DHCP agents
2026-05-27 11:12:50.811 11 WARNING neutron.api.rpc.agentnotifiers.dhcp_rpc_agent_api [None req-bb07e3c6-6f51-4c3e-abfd-d346eaea5a83 d318f29dddb84465af52ac9f4a62b190 b96a061e1f104a9b903d27099dc8b361 - - default default] Unable to schedule network cf5f29c4-ca5b-4011-bbef-c031024a7e1c: no agents available; will retry on subsequent port and subnet creation events.
2026-05-27 11:12:50.868 11 INFO neutron.db.ovn_revision_numbers_db [None req-bb07e3c6-6f51-4c3e-abfd-d346eaea5a83 d318f29dddb84465af52ac9f4a62b190 b96a061e1f104a9b903d27099dc8b361 - - default default] Successfully bumped revision number for resource 9f8793e5-6c13-402d-aaf1-5c0a65eca72f (type: ports) to 1
2026-05-27 11:12:50.892 11 INFO neutron.api.wsgi [None req-bb07e3c6-6f51-4c3e-abfd-d346eaea5a83 d318f29dddb84465af52ac9f4a62b190 b96a061e1f104a9b903d27099dc8b361 - - default default] 10.0.0.9 "POST /v2.0/networks HTTP/1.1" status: 201 len: 831 time: 0.4199336
2026-05-27 11:12:50.903 11 WARNING neutron_lib.context [None req-dbd120ae-e1fc-49f5-9f8e-b602b15c2d84 d318f29dddb84465af52ac9f4a62b190 b96a061e1f104a9b903d27099dc8b361 - - default default] Method 'is_advsvc' is deprecated since 2023.2 release (neutron-lib 3.8.0) and will be removed once support for the old RBAC API policies will be removed from Neutron. Please use method 'is_service_role' instead.
2026-05-27 11:12:51.089 11 WARNING neutron.scheduler.dhcp_agent_scheduler [None req-dbd120ae-e1fc-49f5-9f8e-b602b15c2d84 d318f29dddb84465af52ac9f4a62b190 b96a061e1f104a9b903d27099dc8b361 - - default default] No more DHCP agents
2026-05-27 11:12:51.091 11 WARNING neutron.api.rpc.agentnotifiers.dhcp_rpc_agent_api [None req-dbd120ae-e1fc-49f5-9f8e-b602b15c2d84 d318f29dddb84465af52ac9f4a62b190 b96a061e1f104a9b903d27099dc8b361 - - default default] Unable to schedule network cf5f29c4-ca5b-4011-bbef-c031024a7e1c: no agents available; will retry on subsequent port and subnet creation events.
2026-05-27 11:12:51.516 11 INFO neutron.db.ovn_revision_numbers_db [None req-20e428b9-668c-403e-b95c-8e16790ff4bf - - - - - -] Successfully bumped revision number for resource 9f8793e5-6c13-402d-aaf1-5c0a65eca72f (type: ports) to 2
2026-05-27 11:12:51.551 11 INFO neutron.db.ovn_revision_numbers_db [None req-20e428b9-668c-403e-b95c-8e16790ff4bf - - - - - -] Successfully bumped revision number for resource feeac6f0-6d28-42ab-8ca2-d83f05ffa920 (type: subnets) to 0
2026-05-27 11:12:51.567 11 INFO neutron.api.wsgi [None req-dbd120ae-e1fc-49f5-9f8e-b602b15c2d84 d318f29dddb84465af52ac9f4a62b190 b96a061e1f104a9b903d27099dc8b361 - - default default] 10.0.0.9 "POST /v2.0/subnets HTTP/1.1" status: 201 len: 828 time: 0.6684513
2026-05-27 11:12:51.577 10 WARNING neutron_lib.context [None req-e149dcc2-861a-4126-b549-bdf4a051082d d318f29dddb84465af52ac9f4a62b190 b96a061e1f104a9b903d27099dc8b361 - - default default] Method 'is_advsvc' is deprecated since 2023.2 release (neutron-lib 3.8.0) and will be removed once support for the old RBAC API policies will be removed from Neutron. Please use method 'is_service_role' instead.
2026-05-27 11:12:51.678 10 INFO neutron.db.segments_db [None req-e149dcc2-861a-4126-b549-bdf4a051082d d318f29dddb84465af52ac9f4a62b190 b96a061e1f104a9b903d27099dc8b361 - - default default] Added segment e0d6b904-2838-4b42-a910-ed12928b75a4 of type geneve for network 52b35e16-bfd1-4331-a4b7-f9f70b714539
2026-05-27 11:12:51.832 10 INFO neutron.db.ovn_revision_numbers_db [None req-e149dcc2-861a-4126-b549-bdf4a051082d d318f29dddb84465af52ac9f4a62b190 b96a061e1f104a9b903d27099dc8b361 - - default default] Successfully bumped revision number for resource 52b35e16-bfd1-4331-a4b7-f9f70b714539 (type: networks) to 1
2026-05-27 11:12:52.084 10 WARNING neutron.scheduler.dhcp_agent_scheduler [None req-e149dcc2-861a-4126-b549-bdf4a051082d d318f29dddb84465af52ac9f4a62b190 b96a061e1f104a9b903d27099dc8b361 - - default default] No more DHCP agents
2026-05-27 11:12:52.086 10 WARNING neutron.api.rpc.agentnotifiers.dhcp_rpc_agent_api [None req-e149dcc2-861a-4126-b549-bdf4a051082d d318f29dddb84465af52ac9f4a62b190 b96a061e1f104a9b903d27099dc8b361 - - default default] Unable to schedule network 52b35e16-bfd1-4331-a4b7-f9f70b714539: no agents available; will retry on subsequent port and subnet creation events.
2026-05-27 11:12:52.106 11 INFO neutron.api.wsgi [-] 10.0.0.184 "GET / HTTP/1.1" status: 200 len: 247 time: 0.0019860
2026-05-27 11:12:52.109 11 INFO neutron.api.wsgi [-] 10.0.0.184 "GET / HTTP/1.1" status: 200 len: 247 time: 0.0021493
2026-05-27 11:12:52.167 10 INFO neutron.db.ovn_revision_numbers_db [None req-e149dcc2-861a-4126-b549-bdf4a051082d d318f29dddb84465af52ac9f4a62b190 b96a061e1f104a9b903d27099dc8b361 - - default default] Successfully bumped revision number for resource fe2b5910-21b8-4569-aaad-e0571cf6a854 (type: ports) to 1
2026-05-27 11:12:52.192 10 INFO neutron.api.wsgi [None req-e149dcc2-861a-4126-b549-bdf4a051082d d318f29dddb84465af52ac9f4a62b190 b96a061e1f104a9b903d27099dc8b361 - - default default] 10.0.0.9 "POST /v2.0/networks HTTP/1.1" status: 201 len: 829 time: 0.6196237
2026-05-27 11:12:52.206 11 WARNING neutron_lib.context [None req-e58c9fe6-11a6-4710-a8d0-34aefffa6b55 d318f29dddb84465af52ac9f4a62b190 b96a061e1f104a9b903d27099dc8b361 - - default default] Method 'is_advsvc' is deprecated since 2023.2 release (neutron-lib 3.8.0) and will be removed once support for the old RBAC API policies will be removed from Neutron. Please use method 'is_service_role' instead.
2026-05-27 11:12:52.376 11 WARNING neutron.scheduler.dhcp_agent_scheduler [None req-e58c9fe6-11a6-4710-a8d0-34aefffa6b55 d318f29dddb84465af52ac9f4a62b190 b96a061e1f104a9b903d27099dc8b361 - - default default] No more DHCP agents
2026-05-27 11:12:52.377 11 WARNING neutron.api.rpc.agentnotifiers.dhcp_rpc_agent_api [None req-e58c9fe6-11a6-4710-a8d0-34aefffa6b55 d318f29dddb84465af52ac9f4a62b190 b96a061e1f104a9b903d27099dc8b361 - - default default] Unable to schedule network 52b35e16-bfd1-4331-a4b7-f9f70b714539: no agents available; will retry on subsequent port and subnet creation events.
2026-05-27 11:12:52.454 10 INFO neutron.services.segments.plugin [-] Segment 3883e912-628a-4f21-b2e1-29bbba6cbe32 resource provider aggregate not found
2026-05-27 11:12:52.459 10 INFO neutron.services.segments.plugin [-] Segment 3883e912-628a-4f21-b2e1-29bbba6cbe32 resource provider aggregate not found
2026-05-27 11:12:52.478 10 INFO neutron.services.segments.plugin [-] Segment 3883e912-628a-4f21-b2e1-29bbba6cbe32 resource provider not found; error: Placement Client Error (4xx): {"errors": [{"status": 404, "title": "Not Found", "detail": "The resource could not be found.\n\n No resource provider with uuid 3883e912-628a-4f21-b2e1-29bbba6cbe32 found for delete ", "request_id": "req-3d950fd9-9a62-4869-9c89-c071d1a06d9e"}]}
2026-05-27 11:12:52.481 10 INFO neutron.services.segments.plugin [-] Segment 3883e912-628a-4f21-b2e1-29bbba6cbe32 resource provider not found; error: Placement Client Error (4xx): {"errors": [{"status": 404, "title": "Not Found", "detail": "The resource could not be found.\n\n No resource provider with uuid 3883e912-628a-4f21-b2e1-29bbba6cbe32 found for delete ", "request_id": "req-d5813837-4e6f-4b31-9d94-169478d58f9d"}]}
2026-05-27 11:12:52.516 10 INFO neutron.api.wsgi [None req-41b67330-d553-43ad-8a1e-df2f0825e069 a4141619d9a44d41bbc7d58d938efcdf 0341588e2268492eb17f9dc33ad54504 - - default default] 10.0.0.9 "DELETE /v2.0/vpn/vpnservices/bc7d8fcd-2cbc-4e81-a8d1-458c1f3671e2 HTTP/1.1" status: 204 len: 168 time: 2.3955257 /var/lib/openstack/lib/python3.12/site-packages/pycadf/identifier.py:71: UserWarning: Invalid uuid: neutron. To ensure interoperability, identifiers should be a valid uuid. warnings.warn(('Invalid uuid: %s. To ensure interoperability, '
2026-05-27 11:12:52.530 10 INFO neutron.api.wsgi [None req-41932553-e253-4810-9e39-f2dd157d25fe a4141619d9a44d41bbc7d58d938efcdf 0341588e2268492eb17f9dc33ad54504 - - default default] 10.0.0.9 "GET /v2.0/vpn/vpnservices HTTP/1.1" status: 200 len: 1057 time: 0.0098226
2026-05-27 11:12:52.537 10 WARNING neutron_lib.context [None req-60c9a3cd-4979-4abc-8f83-409b6b5044ca a4141619d9a44d41bbc7d58d938efcdf 0341588e2268492eb17f9dc33ad54504 - - default default] Method 'is_advsvc' is deprecated since 2023.2 release (neutron-lib 3.8.0) and will be removed once support for the old RBAC API policies will be removed from Neutron. Please use method 'is_service_role' instead.
2026-05-27 11:12:52.605 10 INFO neutron.api.v2.resource [None req-60c9a3cd-4979-4abc-8f83-409b6b5044ca a4141619d9a44d41bbc7d58d938efcdf 0341588e2268492eb17f9dc33ad54504 - - default default] create failed (client error): The server could not comply with the request since it is either malformed or otherwise incorrect.
2026-05-27 11:12:52.606 10 INFO neutron.api.wsgi [None req-60c9a3cd-4979-4abc-8f83-409b6b5044ca a4141619d9a44d41bbc7d58d938efcdf 0341588e2268492eb17f9dc33ad54504 - - default default] 10.0.0.9 "POST /v2.0/vpn/ipsec-site-connections HTTP/1.1" status: 400 len: 330 time: 0.0717728
2026-05-27 11:12:52.621 10 WARNING neutron_lib.context [None req-61b37583-4e6f-422b-8f25-2c42f5170ec5 a4141619d9a44d41bbc7d58d938efcdf 0341588e2268492eb17f9dc33ad54504 - - default default] Method 'is_advsvc' is deprecated since 2023.2 release (neutron-lib 3.8.0) and will be removed once support for the old RBAC API policies will be removed from Neutron. Please use method 'is_service_role' instead.
2026-05-27 11:12:52.703 10 INFO neutron.api.v2.resource [None req-61b37583-4e6f-422b-8f25-2c42f5170ec5 a4141619d9a44d41bbc7d58d938efcdf 0341588e2268492eb17f9dc33ad54504 - - default default] create failed (client error): The server could not comply with the request since it is either malformed or otherwise incorrect.
2026-05-27 11:12:52.704 10 INFO neutron.api.wsgi [None req-61b37583-4e6f-422b-8f25-2c42f5170ec5 a4141619d9a44d41bbc7d58d938efcdf 0341588e2268492eb17f9dc33ad54504 - - default default] 10.0.0.9 "POST /v2.0/vpn/ipsec-site-connections HTTP/1.1" status: 400 len: 339 time: 0.0918963
2026-05-27 11:12:52.723 10 WARNING neutron.api.v2.base [None req-c2ea966f-ddf3-4288-b891-e7337807ea48 a4141619d9a44d41bbc7d58d938efcdf 0341588e2268492eb17f9dc33ad54504 - - default default] An exception happened while processing the request body. The exception message is [Invalid input for dpd. Reason: '59' is not a dictionary.].: webob.exc.HTTPBadRequest: Invalid input for dpd. Reason: '59' is not a dictionary.
2026-05-27 11:12:52.724 10 INFO neutron.api.v2.resource [None req-c2ea966f-ddf3-4288-b891-e7337807ea48 a4141619d9a44d41bbc7d58d938efcdf 0341588e2268492eb17f9dc33ad54504 - - default default] create failed (client error): Invalid input for dpd. Reason: '59' is not a dictionary.
2026-05-27 11:12:52.726 10 INFO neutron.api.wsgi [None req-c2ea966f-ddf3-4288-b891-e7337807ea48 a4141619d9a44d41bbc7d58d938efcdf 0341588e2268492eb17f9dc33ad54504 - - default default] 10.0.0.9 "POST /v2.0/vpn/ipsec-site-connections HTTP/1.1" status: 400 len: 332 time: 0.0091112
2026-05-27 11:12:52.743 10 WARNING neutron_lib.context [None req-5049f92c-6337-4055-bbb5-2027409fced7 a4141619d9a44d41bbc7d58d938efcdf 0341588e2268492eb17f9dc33ad54504 - - default default] Method 'is_advsvc' is deprecated since 2023.2 release (neutron-lib 3.8.0) and will be removed once support for the old RBAC API policies will be removed from Neutron. Please use method 'is_service_role' instead.
2026-05-27 11:12:52.781 10 INFO neutron.api.wsgi [None req-5049f92c-6337-4055-bbb5-2027409fced7 a4141619d9a44d41bbc7d58d938efcdf 0341588e2268492eb17f9dc33ad54504 - - default default] 10.0.0.9 "POST /v2.0/vpn/endpoint-groups HTTP/1.1" status: 201 len: 493 time: 0.0476720
2026-05-27 11:12:52.794 11 WARNING neutron_lib.context [None req-f5ac5006-15cf-4596-81b2-86fc8ed5be82 a4141619d9a44d41bbc7d58d938efcdf 0341588e2268492eb17f9dc33ad54504 - - default default] Method 'is_advsvc' is deprecated since 2023.2 release (neutron-lib 3.8.0) and will be removed once support for the old RBAC API policies will be removed from Neutron. Please use method 'is_service_role' instead.
2026-05-27 11:12:52.856 11 INFO neutron.api.v2.resource [None req-f5ac5006-15cf-4596-81b2-86fc8ed5be82 a4141619d9a44d41bbc7d58d938efcdf 0341588e2268492eb17f9dc33ad54504 - - default default] create failed (client error): The server could not comply with the request since it is either malformed or otherwise incorrect.
2026-05-27 11:12:52.858 11 INFO neutron.api.wsgi [None req-f5ac5006-15cf-4596-81b2-86fc8ed5be82 a4141619d9a44d41bbc7d58d938efcdf 0341588e2268492eb17f9dc33ad54504 - - default default] 10.0.0.9 "POST /v2.0/vpn/ipsec-site-connections HTTP/1.1" status: 400 len: 352 time: 0.0702403
2026-05-27 11:12:52.875 10 INFO neutron.api.wsgi [None req-f64281bc-fa8a-4d6c-a042-a9ec91556c3c a4141619d9a44d41bbc7d58d938efcdf 0341588e2268492eb17f9dc33ad54504 - - default default] 10.0.0.9 "GET /v2.0/vpn/endpoint-groups HTTP/1.1" status: 200 len: 1104 time: 0.0119605
2026-05-27 11:12:52.881 11 INFO neutron.db.ovn_revision_numbers_db [None req-9cc12849-400b-4c31-bc25-81ad10a5c423 - - - - - -] Successfully bumped revision number for resource fe2b5910-21b8-4569-aaad-e0571cf6a854 (type: ports) to 2
2026-05-27 11:12:52.903 10 INFO neutron.api.wsgi [None req-d1416647-c481-4225-93f7-510676298a40 a4141619d9a44d41bbc7d58d938efcdf 0341588e2268492eb17f9dc33ad54504 - - default default] 10.0.0.9 "DELETE /v2.0/vpn/endpoint-groups/53d43d8a-2849-4927-85f3-4f59609ed3ac HTTP/1.1" status: 204 len: 168 time: 0.0226953
2026-05-27 11:12:52.912 11 INFO neutron.db.ovn_revision_numbers_db [None req-9cc12849-400b-4c31-bc25-81ad10a5c423 - - - - - -] Successfully bumped revision number for resource ba040edf-0a46-4dea-905f-57e731dc53ff (type: subnets) to 0
2026-05-27 11:12:52.916 10 INFO neutron.api.wsgi [None req-b1e86c3b-b769-4375-b1c1-b2fe0889a181 a4141619d9a44d41bbc7d58d938efcdf 0341588e2268492eb17f9dc33ad54504 - - default default] 10.0.0.9 "GET /v2.0/vpn/endpoint-groups HTTP/1.1" status: 200 len: 828 time: 0.0090067
2026-05-27 11:12:52.925 10 WARNING neutron_lib.context [None req-e3891c73-a2df-4a75-b613-4224c919fb2c a4141619d9a44d41bbc7d58d938efcdf 0341588e2268492eb17f9dc33ad54504 - - default default] Method 'is_advsvc' is deprecated since 2023.2 release (neutron-lib 3.8.0) and will be removed once support for the old RBAC API policies will be removed from Neutron. Please use method 'is_service_role' instead.
2026-05-27 11:12:52.930 11 INFO neutron.api.wsgi [None req-e58c9fe6-11a6-4710-a8d0-34aefffa6b55 d318f29dddb84465af52ac9f4a62b190 b96a061e1f104a9b903d27099dc8b361 - - default default] 10.0.0.9 "POST /v2.0/subnets HTTP/1.1" status: 201 len: 828 time: 0.7308991
2026-05-27 11:12:52.939 11 WARNING neutron_lib.context [None req-4c80cd2c-a988-40ba-96e9-1d8a0ea848ab d318f29dddb84465af52ac9f4a62b190 b96a061e1f104a9b903d27099dc8b361 - - default default] Method 'is_advsvc' is deprecated since 2023.2 release (neutron-lib 3.8.0) and will be removed once support for the old RBAC API policies will be removed from Neutron. Please use method 'is_service_role' instead.
2026-05-27 11:12:52.983 10 INFO neutron.api.wsgi [None req-e3891c73-a2df-4a75-b613-4224c919fb2c a4141619d9a44d41bbc7d58d938efcdf 0341588e2268492eb17f9dc33ad54504 - - default default] 10.0.0.9 "POST /v2.0/vpn/endpoint-groups HTTP/1.1" status: 201 len: 500 time: 0.0618742
2026-05-27 11:12:52.991 10 WARNING neutron_lib.context [None req-7a872658-c67f-4b09-a277-0856605b54b3 a4141619d9a44d41bbc7d58d938efcdf 0341588e2268492eb17f9dc33ad54504 - - default default] Method 'is_advsvc' is deprecated since 2023.2 release (neutron-lib 3.8.0) and will be removed once support for the old RBAC API policies will be removed from Neutron. Please use method 'is_service_role' instead.
2026-05-27 11:12:53.026 11 INFO neutron.db.segments_db [None req-4c80cd2c-a988-40ba-96e9-1d8a0ea848ab d318f29dddb84465af52ac9f4a62b190 b96a061e1f104a9b903d27099dc8b361 - - default default] Added segment 91c1d3e7-609c-4e5d-be42-d41942f9bf3b of type geneve for network bdfbdd2a-2f2f-42ad-9170-8b5cdd1e89b3
2026-05-27 11:12:53.028 10 INFO neutron.api.v2.resource [None req-7a872658-c67f-4b09-a277-0856605b54b3 a4141619d9a44d41bbc7d58d938efcdf 0341588e2268492eb17f9dc33ad54504 - - default default] create failed (client error): The server could not comply with the request since it is either malformed or otherwise incorrect.
2026-05-27 11:12:53.031 10 INFO neutron.api.wsgi [None req-7a872658-c67f-4b09-a277-0856605b54b3 a4141619d9a44d41bbc7d58d938efcdf 0341588e2268492eb17f9dc33ad54504 - - default default] 10.0.0.9 "POST /v2.0/vpn/ipsec-site-connections HTTP/1.1" status: 400 len: 351 time: 0.0435183
2026-05-27 11:12:53.043 10 INFO neutron.api.wsgi [None req-7cb05a16-09e2-45a3-bac6-f4b09553f64e a4141619d9a44d41bbc7d58d938efcdf 0341588e2268492eb17f9dc33ad54504 - - default default] 10.0.0.9 "GET /v2.0/vpn/endpoint-groups HTTP/1.1" status: 200 len: 1111 time: 0.0098960
2026-05-27 11:12:53.078 10 INFO neutron.api.wsgi [None req-5a04ab30-9dfa-4a9d-9d35-426e1273dbb0 a4141619d9a44d41bbc7d58d938efcdf 0341588e2268492eb17f9dc33ad54504 - - default default] 10.0.0.9 "DELETE /v2.0/vpn/endpoint-groups/ad0aec47-143d-4b3f-9de4-5f83ebf3b3d8 HTTP/1.1" status: 204 len: 168 time: 0.0283246
2026-05-27 11:12:53.091 10 INFO neutron.api.wsgi [None req-61e42b93-4760-43c0-b9f0-bdbd4cce6739 a4141619d9a44d41bbc7d58d938efcdf 0341588e2268492eb17f9dc33ad54504 - - default default] 10.0.0.9 "GET /v2.0/vpn/endpoint-groups HTTP/1.1" status: 200 len: 828 time: 0.0076880
2026-05-27 11:12:53.102 10 WARNING neutron.api.v2.base [None req-928ad104-5cfd-43f4-9b38-81528f0d21d8 a4141619d9a44d41bbc7d58d938efcdf 0341588e2268492eb17f9dc33ad54504 - - default default] An exception happened while processing the request body. The exception message is [Invalid input for peer_cidrs. Reason: '1.0.0.0/33' is not a valid IP subnet.].: webob.exc.HTTPBadRequest: Invalid input for peer_cidrs. Reason: '1.0.0.0/33' is not a valid IP subnet.
2026-05-27 11:12:53.102 10 INFO neutron.api.v2.resource [None req-928ad104-5cfd-43f4-9b38-81528f0d21d8 a4141619d9a44d41bbc7d58d938efcdf 0341588e2268492eb17f9dc33ad54504 - - default default] create failed (client error): Invalid input for peer_cidrs. Reason: '1.0.0.0/33' is not a valid IP subnet.
2026-05-27 11:12:53.103 10 INFO neutron.api.wsgi [None req-928ad104-5cfd-43f4-9b38-81528f0d21d8 a4141619d9a44d41bbc7d58d938efcdf 0341588e2268492eb17f9dc33ad54504 - - default default] 10.0.0.9 "POST /v2.0/vpn/ipsec-site-connections HTTP/1.1" status: 400 len: 352 time: 0.0047321
2026-05-27 11:12:53.113 10 WARNING neutron_lib.context [None req-a25d0ac6-74af-4e9b-84a2-7e9d93b3f21f a4141619d9a44d41bbc7d58d938efcdf 0341588e2268492eb17f9dc33ad54504 - - default default] Method 'is_advsvc' is deprecated since 2023.2 release (neutron-lib 3.8.0) and will be removed once support for the old RBAC API policies will be removed from Neutron. Please use method 'is_service_role' instead.
2026-05-27 11:12:53.155 11 INFO neutron.db.ovn_revision_numbers_db [None req-4c80cd2c-a988-40ba-96e9-1d8a0ea848ab d318f29dddb84465af52ac9f4a62b190 b96a061e1f104a9b903d27099dc8b361 - - default default] Successfully bumped revision number for resource bdfbdd2a-2f2f-42ad-9170-8b5cdd1e89b3 (type: networks) to 1
2026-05-27 11:12:53.223 10 INFO neutron.db.segments_db [None req-a25d0ac6-74af-4e9b-84a2-7e9d93b3f21f a4141619d9a44d41bbc7d58d938efcdf 0341588e2268492eb17f9dc33ad54504 - - default default] Added segment 7ee62276-2539-4e68-ae71-07ca041197c3 of type geneve for network 99d22e39-0468-4f8a-a94c-b34c8f92b160
2026-05-27 11:12:53.321 11 WARNING neutron.scheduler.dhcp_agent_scheduler [None req-4c80cd2c-a988-40ba-96e9-1d8a0ea848ab d318f29dddb84465af52ac9f4a62b190 b96a061e1f104a9b903d27099dc8b361 - - default default] No more DHCP agents
2026-05-27 11:12:53.324 11 WARNING neutron.api.rpc.agentnotifiers.dhcp_rpc_agent_api [None req-4c80cd2c-a988-40ba-96e9-1d8a0ea848ab d318f29dddb84465af52ac9f4a62b190 b96a061e1f104a9b903d27099dc8b361 - - default default] Unable to schedule network bdfbdd2a-2f2f-42ad-9170-8b5cdd1e89b3: no agents available; will retry on subsequent port and subnet creation events.
2026-05-27 11:12:53.342 10 INFO neutron.db.ovn_revision_numbers_db [None req-a25d0ac6-74af-4e9b-84a2-7e9d93b3f21f a4141619d9a44d41bbc7d58d938efcdf 0341588e2268492eb17f9dc33ad54504 - - default default] Successfully bumped revision number for resource 99d22e39-0468-4f8a-a94c-b34c8f92b160 (type: networks) to 1
2026-05-27 11:12:53.389 11 INFO neutron.db.ovn_revision_numbers_db [None req-4c80cd2c-a988-40ba-96e9-1d8a0ea848ab d318f29dddb84465af52ac9f4a62b190 b96a061e1f104a9b903d27099dc8b361 - - default default] Successfully bumped revision number for resource 6a3e065c-76b0-45c6-934e-85978a34139d (type: ports) to 1
2026-05-27 11:12:53.413 11 INFO neutron.api.wsgi [None req-4c80cd2c-a988-40ba-96e9-1d8a0ea848ab d318f29dddb84465af52ac9f4a62b190 b96a061e1f104a9b903d27099dc8b361 - - default default] 10.0.0.9 "POST /v2.0/networks HTTP/1.1" status: 201 len: 831 time: 0.4778454
2026-05-27 11:12:53.425 10 WARNING neutron_lib.context [None req-3c3be315-2e3d-4de1-8eba-f6e68da31d75 d318f29dddb84465af52ac9f4a62b190 b96a061e1f104a9b903d27099dc8b361 - - default default] Method 'is_advsvc' is deprecated since 2023.2 release (neutron-lib 3.8.0) and will be removed once support for the old RBAC API policies will be removed from Neutron. Please use method 'is_service_role' instead.
2026-05-27 11:12:53.555 10 WARNING neutron.scheduler.dhcp_agent_scheduler [None req-a25d0ac6-74af-4e9b-84a2-7e9d93b3f21f a4141619d9a44d41bbc7d58d938efcdf 0341588e2268492eb17f9dc33ad54504 - - default default] No more DHCP agents
2026-05-27 11:12:53.557 10 WARNING neutron.api.rpc.agentnotifiers.dhcp_rpc_agent_api [None req-a25d0ac6-74af-4e9b-84a2-7e9d93b3f21f a4141619d9a44d41bbc7d58d938efcdf 0341588e2268492eb17f9dc33ad54504 - - default default] Unable to schedule network 99d22e39-0468-4f8a-a94c-b34c8f92b160: no agents available; will retry on subsequent port and subnet creation events.
2026-05-27 11:12:53.619 10 INFO neutron.db.ovn_revision_numbers_db [None req-a25d0ac6-74af-4e9b-84a2-7e9d93b3f21f a4141619d9a44d41bbc7d58d938efcdf 0341588e2268492eb17f9dc33ad54504 - - default default] Successfully bumped revision number for resource 211b67bc-2460-4d98-a436-b69292a84c28 (type: ports) to 1
2026-05-27 11:12:53.646 10 INFO neutron.api.wsgi [None req-a25d0ac6-74af-4e9b-84a2-7e9d93b3f21f a4141619d9a44d41bbc7d58d938efcdf 0341588e2268492eb17f9dc33ad54504 - - default default] 10.0.0.9 "POST /v2.0/networks HTTP/1.1" status: 201 len: 830 time: 0.5366786
2026-05-27 11:12:53.646 10 WARNING neutron.scheduler.dhcp_agent_scheduler [None req-3c3be315-2e3d-4de1-8eba-f6e68da31d75 d318f29dddb84465af52ac9f4a62b190 b96a061e1f104a9b903d27099dc8b361 - - default default] No more DHCP agents
2026-05-27 11:12:53.648 10 WARNING neutron.api.rpc.agentnotifiers.dhcp_rpc_agent_api [None req-3c3be315-2e3d-4de1-8eba-f6e68da31d75 d318f29dddb84465af52ac9f4a62b190 b96a061e1f104a9b903d27099dc8b361 - - default default] Unable to schedule network bdfbdd2a-2f2f-42ad-9170-8b5cdd1e89b3: no agents available; will retry on subsequent port and subnet creation events.
2026-05-27 11:12:53.665 10 WARNING neutron_lib.context [None req-231697de-7f47-4f9b-aa1f-cb8f5f92fb1a a4141619d9a44d41bbc7d58d938efcdf 0341588e2268492eb17f9dc33ad54504 - - default default] Method 'is_advsvc' is deprecated since 2023.2 release (neutron-lib 3.8.0) and will be removed once support for the old RBAC API policies will be removed from Neutron. Please use method 'is_service_role' instead.
2026-05-27 11:12:53.900 10 WARNING neutron.scheduler.dhcp_agent_scheduler [None req-231697de-7f47-4f9b-aa1f-cb8f5f92fb1a a4141619d9a44d41bbc7d58d938efcdf 0341588e2268492eb17f9dc33ad54504 - - default default] No more DHCP agents
2026-05-27 11:12:53.902 10 WARNING neutron.api.rpc.agentnotifiers.dhcp_rpc_agent_api [None req-231697de-7f47-4f9b-aa1f-cb8f5f92fb1a a4141619d9a44d41bbc7d58d938efcdf 0341588e2268492eb17f9dc33ad54504 - - default default] Unable to schedule network 99d22e39-0468-4f8a-a94c-b34c8f92b160: no agents available; will retry on subsequent port and subnet creation events.
2026-05-27 11:12:54.148 10 INFO neutron.db.ovn_revision_numbers_db [None req-8f83eabd-8565-4f5f-ac2a-26d3de014615 - - - - - -] Successfully bumped revision number for resource 6a3e065c-76b0-45c6-934e-85978a34139d (type: ports) to 2
2026-05-27 11:12:54.179 10 INFO neutron.db.ovn_revision_numbers_db [None req-8f83eabd-8565-4f5f-ac2a-26d3de014615 - - - - - -] Successfully bumped revision number for resource 3836c0d4-d42d-47ce-9e80-1acc24445d43 (type: subnets) to 0
2026-05-27 11:12:54.193 10 INFO neutron.api.wsgi [None req-3c3be315-2e3d-4de1-8eba-f6e68da31d75 d318f29dddb84465af52ac9f4a62b190 b96a061e1f104a9b903d27099dc8b361 - - default default] 10.0.0.9 "POST /v2.0/subnets HTTP/1.1" status: 201 len: 828 time: 0.7728076
2026-05-27 11:12:54.251 11 INFO neutron.api.wsgi [None req-b1f436bd-2d50-49db-a92b-533780fcdaf6 d318f29dddb84465af52ac9f4a62b190 b96a061e1f104a9b903d27099dc8b361 - - default default] 10.0.0.9 "PUT /v2.0/subnets/96d1bc01-1ebe-44a4-a562-1eb9707bfde5/tags HTTP/1.1" status: 200 len: 210 time: 0.0514078
2026-05-27 11:12:54.310 11 INFO neutron.api.wsgi [None req-4096ce4f-31a2-4f01-a92a-d8e33c91a505 d318f29dddb84465af52ac9f4a62b190 b96a061e1f104a9b903d27099dc8b361 - - default default] 10.0.0.9 "PUT /v2.0/subnets/d043be17-0ef5-4f88-b35a-a56b8fd457a4/tags HTTP/1.1" status: 200 len: 218 time: 0.0546985
2026-05-27 11:12:54.349 10 INFO neutron.db.ovn_revision_numbers_db [None req-678e0b50-754d-4ccb-8995-b3aba9c0ffe9 - - - - - -] Successfully bumped revision number for resource 211b67bc-2460-4d98-a436-b69292a84c28 (type: ports) to 2
2026-05-27 11:12:54.357 11 INFO neutron.api.wsgi [None req-fa4d657f-8c40-4141-a556-be3ad6780650 d318f29dddb84465af52ac9f4a62b190 b96a061e1f104a9b903d27099dc8b361 - - default default] 10.0.0.9 "PUT /v2.0/subnets/feeac6f0-6d28-42ab-8ca2-d83f05ffa920/tags HTTP/1.1" status: 200 len: 227 time: 0.0423410
2026-05-27 11:12:54.378 10 INFO neutron.db.ovn_revision_numbers_db [None req-678e0b50-754d-4ccb-8995-b3aba9c0ffe9 - - - - - -] Successfully bumped revision number for resource 7a956bc2-59a4-41fb-9aa0-c1ca6856ac1e (type: subnets) to 0
2026-05-27 11:12:54.393 10 INFO neutron.api.wsgi [None req-231697de-7f47-4f9b-aa1f-cb8f5f92fb1a a4141619d9a44d41bbc7d58d938efcdf 0341588e2268492eb17f9dc33ad54504 - - default default] 10.0.0.9 "POST /v2.0/subnets HTTP/1.1" status: 201 len: 828 time: 0.7419028
2026-05-27 11:12:54.401 11 INFO neutron.api.wsgi [None req-f7805275-f595-4037-bf5b-baec28678f82 d318f29dddb84465af52ac9f4a62b190 b96a061e1f104a9b903d27099dc8b361 - - default default] 10.0.0.9 "PUT /v2.0/subnets/ba040edf-0a46-4dea-905f-57e731dc53ff/tags HTTP/1.1" status: 200 len: 212 time: 0.0395415
2026-05-27 11:12:54.403 10 WARNING neutron_lib.context [None req-fbde169a-3112-4a22-b470-c483c4277c75 a4141619d9a44d41bbc7d58d938efcdf 0341588e2268492eb17f9dc33ad54504 - - default default] Method 'is_advsvc' is deprecated since 2023.2 release (neutron-lib 3.8.0) and will be removed once support for the old RBAC API policies will be removed from Neutron. Please use method 'is_service_role' instead.
2026-05-27 11:12:54.449 11 INFO neutron.api.wsgi [None req-ce8d088a-3b8e-47aa-8c38-1b52e50fe30c d318f29dddb84465af52ac9f4a62b190 b96a061e1f104a9b903d27099dc8b361 - - default default] 10.0.0.9 "GET /v2.0/subnets?tags=red HTTP/1.1" status: 200 len: 2099 time: 0.0428839
2026-05-27 11:12:54.492 11 INFO neutron.api.wsgi [None req-516db168-3188-41e2-bbfd-32f83d021ddc d318f29dddb84465af52ac9f4a62b190 b96a061e1f104a9b903d27099dc8b361 - - default default] 10.0.0.9 "GET /v2.0/subnets?tags=red%2Cblue HTTP/1.1" status: 200 len: 1478 time: 0.0372524
2026-05-27 11:12:54.539 11 INFO neutron.api.wsgi [None req-e43a099e-a5d3-4f99-a76d-360d17bf8773 d318f29dddb84465af52ac9f4a62b190 b96a061e1f104a9b903d27099dc8b361 - - default default] 10.0.0.9 "GET /v2.0/subnets?tags-any=blue HTTP/1.1" status: 200 len: 1478 time: 0.0425150
2026-05-27 11:12:54.586 11 INFO neutron.api.wsgi [None req-c9403121-8cc3-4c67-a547-da3c27520066 d318f29dddb84465af52ac9f4a62b190 b96a061e1f104a9b903d27099dc8b361 - - default default] 10.0.0.9 "GET /v2.0/subnets?tags-any=red%2Cblue HTTP/1.1" status: 200 len: 2099 time: 0.0325902
2026-05-27 11:12:54.632 11 INFO neutron.api.wsgi [None req-bf4c076e-dc65-40e8-8dc2-fc9ac41fc15c d318f29dddb84465af52ac9f4a62b190 b96a061e1f104a9b903d27099dc8b361 - - default default] 10.0.0.9 "GET /v2.0/subnets?not-tags=red HTTP/1.1" status: 200 len: 2089 time: 0.0408375
2026-05-27 11:12:54.678 11 INFO neutron.api.wsgi [None req-d544b76a-d3c9-4468-b4e9-8cf8b48e5065 d318f29dddb84465af52ac9f4a62b190 b96a061e1f104a9b903d27099dc8b361 - - default default] 10.0.0.9 "GET /v2.0/subnets?not-tags=red%2Cblue HTTP/1.1" status: 200 len: 2710 time: 0.0406661
2026-05-27 11:12:54.723 11 INFO neutron.api.wsgi [None req-c84fc017-9c1d-4a0f-9230-05d7dcca6aaf d318f29dddb84465af52ac9f4a62b190 b96a061e1f104a9b903d27099dc8b361 - - default default] 10.0.0.9 "GET /v2.0/subnets?not-tags-any=blue HTTP/1.1" status: 200 len: 2710 time: 0.0398862
2026-05-27 11:12:54.744 10 WARNING neutron.scheduler.dhcp_agent_scheduler [None req-fbde169a-3112-4a22-b470-c483c4277c75 a4141619d9a44d41bbc7d58d938efcdf 0341588e2268492eb17f9dc33ad54504 - - default default] No more DHCP agents
2026-05-27 11:12:54.745 10 WARNING neutron.api.rpc.agentnotifiers.dhcp_rpc_agent_api [None req-fbde169a-3112-4a22-b470-c483c4277c75 a4141619d9a44d41bbc7d58d938efcdf 0341588e2268492eb17f9dc33ad54504 - - default default] Unable to schedule network 1644c29e-3c19-456c-a085-53701fa5b8c7: no agents available; will retry on subsequent port and subnet creation events.
2026-05-27 11:12:54.759 11 INFO neutron.api.wsgi [None req-dd4eadac-89fb-4ab5-bcba-cf2926dcb1b6 d318f29dddb84465af52ac9f4a62b190 b96a061e1f104a9b903d27099dc8b361 - - default default] 10.0.0.9 "GET /v2.0/subnets?not-tags-any=red%2Cblue HTTP/1.1" status: 200 len: 2089 time: 0.0310638
2026-05-27 11:12:54.852 10 INFO neutron.db.ovn_revision_numbers_db [None req-fbde169a-3112-4a22-b470-c483c4277c75 a4141619d9a44d41bbc7d58d938efcdf 0341588e2268492eb17f9dc33ad54504 - - default default] Successfully bumped revision number for resource 7bcdf02f-90f9-4c59-8249-9a4e06162ffe (type: ports) to 1
2026-05-27 11:12:54.916 11 INFO neutron.api.wsgi [None req-212909db-58b2-4bf3-9e3e-9c7a355ec7e8 d318f29dddb84465af52ac9f4a62b190 b96a061e1f104a9b903d27099dc8b361 - - default default] 10.0.0.9 "DELETE /v2.0/subnets/96d1bc01-1ebe-44a4-a562-1eb9707bfde5 HTTP/1.1" status: 204 len: 168 time: 0.1510947
2026-05-27 11:12:55.083 11 INFO neutron.api.wsgi [None req-8239bb3e-7950-4129-82cd-c2711011f151 d318f29dddb84465af52ac9f4a62b190 b96a061e1f104a9b903d27099dc8b361 - - default default] 10.0.0.9 "DELETE /v2.0/subnets/d043be17-0ef5-4f88-b35a-a56b8fd457a4 HTTP/1.1" status: 204 len: 168 time: 0.1613727
2026-05-27 11:12:55.248 10 WARNING neutron.plugins.ml2.drivers.ovn.mech_driver.ovsdb.ovn_client [None req-a3409093-ca39-48b3-826c-aeb9bf330be3 - - - - - -] No hosting information found for port 7292c9e6-10e9-4606-803b-7a01d37bb5b3: RuntimeError: No hosting information found for port 7292c9e6-10e9-4606-803b-7a01d37bb5b3
2026-05-27 11:12:55.314 10 INFO neutron.api.wsgi [None req-f7a6e541-65ef-4c9d-b0e9-7c96aba0e992 d318f29dddb84465af52ac9f4a62b190 b96a061e1f104a9b903d27099dc8b361 - - default default] 10.0.0.9 "DELETE /v2.0/subnets/feeac6f0-6d28-42ab-8ca2-d83f05ffa920 HTTP/1.1" status: 204 len: 168 time: 0.2229037
2026-05-27 11:12:55.334 10 INFO neutron.db.ovn_revision_numbers_db [None req-a3409093-ca39-48b3-826c-aeb9bf330be3 - - - - - -] Successfully bumped revision number for resource 7292c9e6-10e9-4606-803b-7a01d37bb5b3 (type: router_ports) to 2
2026-05-27 11:12:55.335 10 INFO neutron.plugins.ml2.drivers.ovn.mech_driver.mech_driver [None req-a3409093-ca39-48b3-826c-aeb9bf330be3 - - - - - -] OVN reports status up for port: 6886656f-e5ad-4f04-8024-219ef849d043
2026-05-27 11:12:55.482 10 INFO neutron.plugins.ml2.drivers.ovn.mech_driver.ovsdb.commands [None req-75721562-f0b3-4c0a-b445-da1206aed6ad - - - - - -] Schedule LRP lrp-7bcdf02f-90f9-4c59-8249-9a4e06162ffe on gateway 63d46362-dc81-4dfd-a5f8-36b1c107d5ed with priority 1
2026-05-27 11:12:55.499 11 INFO neutron.plugins.ml2.drivers.ovn.mech_driver.mech_driver [None req-da39c9fa-81e0-4922-aaee-ec95165c0fff - - - - - -] OVN reports status up for port: 7bcdf02f-90f9-4c59-8249-9a4e06162ffe
2026-05-27 11:12:55.508 11 INFO neutron.plugins.ml2.plugin [None req-da39c9fa-81e0-4922-aaee-ec95165c0fff - - - - - -] Attempt 1 to provision port 7bcdf02f-90f9-4c59-8249-9a4e06162ffe
2026-05-27 11:12:55.516 10 INFO neutron.db.ovn_revision_numbers_db [None req-fbde169a-3112-4a22-b470-c483c4277c75 a4141619d9a44d41bbc7d58d938efcdf 0341588e2268492eb17f9dc33ad54504 - - default default] Successfully bumped revision number for resource 7bcdf02f-90f9-4c59-8249-9a4e06162ffe (type: router_ports) to 1
2026-05-27 11:12:55.559 11 INFO neutron.api.wsgi [None req-e2935012-11a8-4ff9-8d1a-ff661f394994 d318f29dddb84465af52ac9f4a62b190 b96a061e1f104a9b903d27099dc8b361 - - default default] 10.0.0.9 "DELETE /v2.0/subnets/ba040edf-0a46-4dea-905f-57e731dc53ff HTTP/1.1" status: 204 len: 168 time: 0.2371867
2026-05-27 11:12:55.617 10 INFO neutron.db.ovn_revision_numbers_db [None req-fbde169a-3112-4a22-b470-c483c4277c75 a4141619d9a44d41bbc7d58d938efcdf 0341588e2268492eb17f9dc33ad54504 - - default default] Successfully bumped revision number for resource 8ff80b01-30a9-4854-86fb-c82d371c0e23 (type: routers) to 2
2026-05-27 11:12:55.642 10 INFO neutron.api.wsgi [None req-fbde169a-3112-4a22-b470-c483c4277c75 a4141619d9a44d41bbc7d58d938efcdf 0341588e2268492eb17f9dc33ad54504 - - default default] 10.0.0.9 "POST /v2.0/routers HTTP/1.1" status: 201 len: 1135 time: 1.2447102
2026-05-27 11:12:55.764 11 INFO neutron.api.v2.resource [None req-321e2453-5cb2-4068-8f86-f7ddb03c832d f61ca80410034089ade0056a0c5922ad 891ee06db4ac4eaa909429e1f2c0ae10 - - default default] create failed (client error): The server could not comply with the request since it is either malformed or otherwise incorrect.
2026-05-27 11:12:55.766 11 INFO neutron.api.wsgi [None req-321e2453-5cb2-4068-8f86-f7ddb03c832d f61ca80410034089ade0056a0c5922ad 891ee06db4ac4eaa909429e1f2c0ae10 - - default default] 10.0.0.9 "POST /v2.0/vpn/vpnservices HTTP/1.1" status: 400 len: 397 time: 0.1182349
2026-05-27 11:12:55.779 10 INFO neutron.api.wsgi [None req-bd4ddf53-a3d6-4694-b4dc-15add531acc3 d318f29dddb84465af52ac9f4a62b190 b96a061e1f104a9b903d27099dc8b361 - - default default] 10.0.0.9 "DELETE /v2.0/subnets/3836c0d4-d42d-47ce-9e80-1acc24445d43 HTTP/1.1" status: 204 len: 168 time: 0.2136886
2026-05-27 11:12:56.106 11 INFO neutron.services.segments.plugin [-] Segment 2d18df6f-4299-4f7c-9890-af9c16f05777 resource provider aggregate not found
2026-05-27 11:12:56.111 11 INFO neutron.services.segments.plugin [-] Segment 2d18df6f-4299-4f7c-9890-af9c16f05777 resource provider aggregate not found
2026-05-27 11:12:56.129 11 INFO neutron.services.segments.plugin [-] Segment 2d18df6f-4299-4f7c-9890-af9c16f05777 resource provider not found; error: Placement Client Error (4xx): {"errors": [{"status": 404, "title": "Not Found", "detail": "The resource could not be found.\n\n No resource provider with uuid 2d18df6f-4299-4f7c-9890-af9c16f05777 found for delete ", "request_id": "req-a3bbcf86-dfba-4507-bd06-e7fde9b259b2"}]}
2026-05-27 11:12:56.133 11 INFO neutron.services.segments.plugin [-] Segment 2d18df6f-4299-4f7c-9890-af9c16f05777 resource provider not found; error: Placement Client Error (4xx): {"errors": [{"status": 404, "title": "Not Found", "detail": "The resource could not be found.\n\n No resource provider with uuid 2d18df6f-4299-4f7c-9890-af9c16f05777 found for delete ", "request_id": "req-e57ddbe0-2351-4b29-9214-253e37f3aad1"}]}
2026-05-27 11:12:56.155 11 INFO neutron.api.wsgi [None req-03d6a0e1-0c40-47fe-b74d-bbe15b217733 d318f29dddb84465af52ac9f4a62b190 b96a061e1f104a9b903d27099dc8b361 - - default default] 10.0.0.9 "DELETE /v2.0/networks/3ae5e5b5-665d-4def-ad1c-8ae6033c6dd2 HTTP/1.1" status: 204 len: 168 time: 0.3710420
2026-05-27 11:12:56.300 11 INFO neutron.api.wsgi [None req-650ad4dd-a059-490c-a6a7-32b09bbc69d2 f61ca80410034089ade0056a0c5922ad 891ee06db4ac4eaa909429e1f2c0ae10 - - default default] 10.0.0.9 "DELETE /v2.0/networks/99d22e39-0468-4f8a-a94c-b34c8f92b160 HTTP/1.1" status: 204 len: 168 time: 0.5288062
2026-05-27 11:12:56.528 10 INFO neutron.services.segments.plugin [-] Segment f64ff3dc-c5bb-40e7-b06a-323b6de8d483 resource provider aggregate not found
2026-05-27 11:12:56.533 10 INFO neutron.services.segments.plugin [-] Segment f64ff3dc-c5bb-40e7-b06a-323b6de8d483 resource provider aggregate not found
