2026-04-07 01:22:11.964 10 INFO neutron.wsgi [None req-f6f17340-332b-4a20-9453-3c39297479f4 2de2ec4e10b5434699edd7d80aea63a2 376d36ea2fb84aeca058828a48b1fc4b - - default default] 10.0.0.139 "GET /v2.0/agents?binary=ovn-controller HTTP/1.1" status: 200 len: 591 time: 0.0133543
2026-04-07 01:22:11.974 9 INFO neutron.wsgi [None req-981b114f-41fa-45fc-ab57-c2b6e406899c eddabc37ca4b469e8d91288d3b0e94d8 03f32e501af8473d8159c49dfe9bc5b5 - - default default] 10.0.0.78 "GET /v2.0/security-groups/ef746b0b-a57f-4a01-87c1-ce28a87b6c9c/tags HTTP/1.1" status: 200 len: 230 time: 0.0192785
2026-04-07 01:22:11.979 10 INFO neutron.wsgi [None req-1a6f2085-ec15-40dd-b214-08e74d36e3af 2de2ec4e10b5434699edd7d80aea63a2 376d36ea2fb84aeca058828a48b1fc4b - - default default] 10.0.0.139 "GET /v2.0/agents HTTP/1.1" status: 200 len: 997 time: 0.0122900
2026-04-07 01:22:11.993 9 INFO neutron.wsgi [None req-02fb6e69-876f-48f9-a4fb-7c1c114ed9d7 eddabc37ca4b469e8d91288d3b0e94d8 03f32e501af8473d8159c49dfe9bc5b5 - - default default] 10.0.0.78 "GET /v2.0/security-groups/ef746b0b-a57f-4a01-87c1-ce28a87b6c9c/tags/red HTTP/1.1" status: 204 len: 168 time: 0.0146666
2026-04-07 01:22:12.009 10 INFO neutron.wsgi [None req-709e0ff5-aa65-4e44-b0c2-1fdf5b7e8158 2de2ec4e10b5434699edd7d80aea63a2 376d36ea2fb84aeca058828a48b1fc4b - - default default] 10.0.0.139 "GET /v2.0/subnets HTTP/1.1" status: 200 len: 1437 time: 0.0291278
2026-04-07 01:22:12.012 9 INFO neutron.api.v2.resource [None req-e7be386e-b859-4fd7-a56f-542ce3fa563c eddabc37ca4b469e8d91288d3b0e94d8 03f32e501af8473d8159c49dfe9bc5b5 - - default default] show failed (client error): The resource could not be found.
2026-04-07 01:22:12.014 9 INFO neutron.wsgi [None req-e7be386e-b859-4fd7-a56f-542ce3fa563c eddabc37ca4b469e8d91288d3b0e94d8 03f32e501af8473d8159c49dfe9bc5b5 - - default default] 10.0.0.78 "GET /v2.0/security-groups/ef746b0b-a57f-4a01-87c1-ce28a87b6c9c/tags/green HTTP/1.1" status: 404 len: 299 time: 0.0157392
2026-04-07 01:22:12.022 10 INFO neutron.wsgi [None req-adb9d4a8-c1a0-4441-8cc2-318d4be84dad 2de2ec4e10b5434699edd7d80aea63a2 376d36ea2fb84aeca058828a48b1fc4b - - default default] 10.0.0.139 "GET /v2.0/subnetpools HTTP/1.1" status: 200 len: 193 time: 0.0116694
2026-04-07 01:22:12.044 9 INFO neutron.wsgi [None req-c3bd4b68-8871-4bed-85d4-591a3d76c1dc eddabc37ca4b469e8d91288d3b0e94d8 03f32e501af8473d8159c49dfe9bc5b5 - - - -] 10.0.0.78 "DELETE /v2.0/security-groups/ef746b0b-a57f-4a01-87c1-ce28a87b6c9c/tags/red HTTP/1.1" status: 204 len: 168 time: 0.0258214
2026-04-07 01:22:12.087 10 INFO neutron.wsgi [None req-38062ccf-c3d4-4431-8f9f-ca1563c4173b eddabc37ca4b469e8d91288d3b0e94d8 03f32e501af8473d8159c49dfe9bc5b5 - - default default] 10.0.0.78 "GET /v2.0/security-groups/ef746b0b-a57f-4a01-87c1-ce28a87b6c9c/tags HTTP/1.1" status: 200 len: 223 time: 0.0385358
2026-04-07 01:22:12.099 10 INFO neutron.wsgi [None req-1e637be3-0777-41f2-b4a7-8bc839ee2088 2de2ec4e10b5434699edd7d80aea63a2 376d36ea2fb84aeca058828a48b1fc4b - - default default] 10.0.0.139 "GET /v2.0/security-groups HTTP/1.1" status: 200 len: 21129 time: 0.0764573
2026-04-07 01:22:12.113 9 INFO neutron.api.v2.resource [None req-6f251737-fdae-4e2a-8a0e-083b74c3636a eddabc37ca4b469e8d91288d3b0e94d8 03f32e501af8473d8159c49dfe9bc5b5 - - - -] delete failed (client error): The resource could not be found.
2026-04-07 01:22:12.115 9 INFO neutron.wsgi [None req-6f251737-fdae-4e2a-8a0e-083b74c3636a eddabc37ca4b469e8d91288d3b0e94d8 03f32e501af8473d8159c49dfe9bc5b5 - - - -] 10.0.0.78 "DELETE /v2.0/security-groups/ef746b0b-a57f-4a01-87c1-ce28a87b6c9c/tags/green HTTP/1.1" status: 404 len: 299 time: 0.0224576
2026-04-07 01:22:12.121 10 INFO neutron.wsgi [None req-24e07186-8731-45c9-af53-cc6a692b91d4 2de2ec4e10b5434699edd7d80aea63a2 376d36ea2fb84aeca058828a48b1fc4b - - default default] 10.0.0.139 "GET /v2.0/network-ip-availabilities HTTP/1.1" status: 200 len: 1280 time: 0.0131028
2026-04-07 01:22:12.146 9 INFO neutron.wsgi [None req-15de3d70-e27c-4fa2-84bc-77a8df48e92c eddabc37ca4b469e8d91288d3b0e94d8 03f32e501af8473d8159c49dfe9bc5b5 - - - -] 10.0.0.78 "DELETE /v2.0/security-groups/ef746b0b-a57f-4a01-87c1-ce28a87b6c9c/tags HTTP/1.1" status: 204 len: 168 time: 0.0274980
2026-04-07 01:22:12.151 10 INFO neutron.wsgi [None req-0dfa0a67-9772-4a40-a1cd-172f044d89e8 2de2ec4e10b5434699edd7d80aea63a2 376d36ea2fb84aeca058828a48b1fc4b - - default default] 10.0.0.139 "GET /v2.0/ports HTTP/1.1" status: 200 len: 5251 time: 0.0290251
2026-04-07 01:22:12.165 9 INFO neutron.wsgi [None req-59e97acb-d63f-4f7d-80f0-a0c7df993324 eddabc37ca4b469e8d91288d3b0e94d8 03f32e501af8473d8159c49dfe9bc5b5 - - default default] 10.0.0.78 "GET /v2.0/security-groups/ef746b0b-a57f-4a01-87c1-ce28a87b6c9c/tags HTTP/1.1" status: 200 len: 205 time: 0.0142298
2026-04-07 01:22:12.192 10 INFO neutron.wsgi [None req-27000f7f-e549-4332-a31f-4cde08b9107d 2de2ec4e10b5434699edd7d80aea63a2 376d36ea2fb84aeca058828a48b1fc4b - - default default] 10.0.0.139 "GET /v2.0/subnets HTTP/1.1" status: 200 len: 1437 time: 0.0365911
2026-04-07 01:22:12.256 10 INFO neutron.wsgi [None req-433f1a23-9908-4590-acaf-a1fc8b55faad 2de2ec4e10b5434699edd7d80aea63a2 376d36ea2fb84aeca058828a48b1fc4b - - default default] 10.0.0.139 "GET /v2.0/networks HTTP/1.1" status: 200 len: 2350 time: 0.0611835
2026-04-07 01:22:12.323 10 INFO neutron.wsgi [None req-28035ae2-1b05-4b2d-abbc-63d81ca29afb eddabc37ca4b469e8d91288d3b0e94d8 03f32e501af8473d8159c49dfe9bc5b5 - - - -] 10.0.0.78 "DELETE /v2.0/security-groups/ef746b0b-a57f-4a01-87c1-ce28a87b6c9c HTTP/1.1" status: 204 len: 168 time: 0.1486602
2026-04-07 01:22:13.066 10 INFO neutron.wsgi [None req-9c7f1770-2981-4db4-a71f-640dc54a0d93 2de2ec4e10b5434699edd7d80aea63a2 376d36ea2fb84aeca058828a48b1fc4b - - default default] 10.0.0.78 "GET /v2.0/security-groups?tenant_id=03f32e501af8473d8159c49dfe9bc5b5&name=default HTTP/1.1" status: 200 len: 3000 time: 0.1544764
2026-04-07 01:22:13.251 10 INFO neutron.wsgi [None req-cc544a32-9b90-473e-9db5-d71f42945004 2de2ec4e10b5434699edd7d80aea63a2 376d36ea2fb84aeca058828a48b1fc4b - - - -] 10.0.0.78 "DELETE /v2.0/security-groups/1b29232e-0661-4ab7-904a-2ff2cee0eacf HTTP/1.1" status: 204 len: 168 time: 0.1795754
2026-04-07 01:22:13.469 9 INFO neutron.db.ovn_revision_numbers_db [None req-3212857b-21e2-42ab-9410-f43faa5f004f 2de2ec4e10b5434699edd7d80aea63a2 376d36ea2fb84aeca058828a48b1fc4b - - default default] Successfully bumped revision number for resource 5b920d6a-45cb-45ef-8f1d-cce06cf4058c (type: security_groups) to 1
2026-04-07 01:22:13.494 9 INFO neutron.wsgi [None req-3212857b-21e2-42ab-9410-f43faa5f004f 2de2ec4e10b5434699edd7d80aea63a2 376d36ea2fb84aeca058828a48b1fc4b - - default default] 10.0.0.78 "GET /v2.0/security-groups?tenant_id=7e99c46d73e5451aa8c1a608bc16ab2e&name=default HTTP/1.1" status: 200 len: 3000 time: 0.1359127
2026-04-07 01:22:13.671 9 INFO neutron.wsgi [None req-c4255b21-d03b-429d-9038-86b09666c33f 2de2ec4e10b5434699edd7d80aea63a2 376d36ea2fb84aeca058828a48b1fc4b - - - -] 10.0.0.78 "DELETE /v2.0/security-groups/5b920d6a-45cb-45ef-8f1d-cce06cf4058c HTTP/1.1" status: 204 len: 168 time: 0.1722538
2026-04-07 01:22:14.614 9 INFO neutron.wsgi [-] 10.0.0.47 "GET / HTTP/1.1" status: 200 len: 247 time: 0.0027580
2026-04-07 01:22:14.614 10 INFO neutron.wsgi [-] 10.0.0.47 "GET / HTTP/1.1" status: 200 len: 247 time: 0.0026329
2026-04-07 01:22:17.390 9 INFO neutron.db.ovn_revision_numbers_db [None req-7b77f728-b4a7-4254-afc7-e43086c3907e 2de2ec4e10b5434699edd7d80aea63a2 376d36ea2fb84aeca058828a48b1fc4b - - default default] Successfully bumped revision number for resource a05fe429-d9e3-4942-a494-994a7c8e66ab (type: security_groups) to 1
2026-04-07 01:22:17.410 9 INFO neutron.wsgi [None req-7b77f728-b4a7-4254-afc7-e43086c3907e 2de2ec4e10b5434699edd7d80aea63a2 376d36ea2fb84aeca058828a48b1fc4b - - default default] 10.0.0.78 "GET /v2.0/security-groups?tenant_id=fb703b2ddde9433e9cf086e40349a25b&name=default HTTP/1.1" status: 200 len: 3000 time: 0.2599242
2026-04-07 01:22:17.584 9 INFO neutron.wsgi [None req-30b5ed25-04e9-4f25-b8ed-c7df7d1f4e61 2de2ec4e10b5434699edd7d80aea63a2 376d36ea2fb84aeca058828a48b1fc4b - - - -] 10.0.0.78 "DELETE /v2.0/security-groups/a05fe429-d9e3-4942-a494-994a7c8e66ab HTTP/1.1" status: 204 len: 168 time: 0.1686566
2026-04-07 01:22:17.763 10 INFO neutron.db.ovn_revision_numbers_db [None req-ec644d32-856c-4f22-9ff1-626d4e19bd02 2de2ec4e10b5434699edd7d80aea63a2 376d36ea2fb84aeca058828a48b1fc4b - - default default] Successfully bumped revision number for resource dd92560c-f538-4343-932c-bad5cfe30f8e (type: security_groups) to 1
2026-04-07 01:22:17.785 10 INFO neutron.wsgi [None req-ec644d32-856c-4f22-9ff1-626d4e19bd02 2de2ec4e10b5434699edd7d80aea63a2 376d36ea2fb84aeca058828a48b1fc4b - - default default] 10.0.0.78 "GET /v2.0/security-groups?tenant_id=d92b98e02bb54808b819bafec65d097a&name=default HTTP/1.1" status: 200 len: 3000 time: 0.1118875
2026-04-07 01:22:17.952 9 INFO neutron.wsgi [None req-5ec68042-9195-4d97-bb58-f8cb9f481041 2de2ec4e10b5434699edd7d80aea63a2 376d36ea2fb84aeca058828a48b1fc4b - - - -] 10.0.0.78 "DELETE /v2.0/security-groups/dd92560c-f538-4343-932c-bad5cfe30f8e HTTP/1.1" status: 204 len: 168 time: 0.1623518
2026-04-07 01:22:20.566 9 INFO neutron.wsgi [None req-3f5cc496-9015-4bb4-8ef9-060882e438ec 2de2ec4e10b5434699edd7d80aea63a2 376d36ea2fb84aeca058828a48b1fc4b - - default default] 10.0.0.78 "GET /v2.0/networks HTTP/1.1" status: 200 len: 2369 time: 0.2553425
2026-04-07 01:22:21.724 9 INFO neutron.wsgi [None req-fccd1d27-ad2d-4be0-b3b1-b039b73a39c9 2de2ec4e10b5434699edd7d80aea63a2 376d36ea2fb84aeca058828a48b1fc4b - - default default] 10.0.0.78 "GET /v2.0/floatingips HTTP/1.1" status: 200 len: 212 time: 0.0368395
2026-04-07 01:22:21.771 9 INFO neutron.wsgi [None req-30401d47-9eae-46ce-be71-1fb15997c041 2de2ec4e10b5434699edd7d80aea63a2 376d36ea2fb84aeca058828a48b1fc4b - - default default] 10.0.0.78 "GET /v2.0/routers HTTP/1.1" status: 200 len: 208 time: 0.0409849
2026-04-07 01:22:21.819 9 INFO neutron.wsgi [None req-642a0bc4-08fb-4c22-89e7-bfcdd5f24792 2de2ec4e10b5434699edd7d80aea63a2 376d36ea2fb84aeca058828a48b1fc4b - - default default] 10.0.0.78 "GET /v2.0/ports HTTP/1.1" status: 200 len: 5270 time: 0.0435991
2026-04-07 01:22:21.864 9 INFO neutron.wsgi [None req-c070c198-1424-4aa7-bc37-8fab30de367c 2de2ec4e10b5434699edd7d80aea63a2 376d36ea2fb84aeca058828a48b1fc4b - - default default] 10.0.0.78 "GET /v2.0/subnets HTTP/1.1" status: 200 len: 1456 time: 0.0410888
2026-04-07 01:22:21.924 9 INFO neutron.wsgi [None req-f28a8338-6636-4980-af53-c67e29e71663 2de2ec4e10b5434699edd7d80aea63a2 376d36ea2fb84aeca058828a48b1fc4b - - default default] 10.0.0.78 "GET /v2.0/networks HTTP/1.1" status: 200 len: 2369 time: 0.0549719
2026-04-07 01:22:21.981 9 INFO neutron.wsgi [None req-9de28d10-c2e1-4f7f-b52c-4fd9fec6cec6 2de2ec4e10b5434699edd7d80aea63a2 376d36ea2fb84aeca058828a48b1fc4b - - default default] 10.0.0.78 "GET /v2.0/security-groups HTTP/1.1" status: 200 len: 16818 time: 0.0513852
2026-04-07 01:22:21.999 9 INFO neutron.wsgi [None req-face0772-3077-48d8-a832-a75648da6c86 2de2ec4e10b5434699edd7d80aea63a2 376d36ea2fb84aeca058828a48b1fc4b - - default default] 10.0.0.78 "GET /v2.0/subnetpools HTTP/1.1" status: 200 len: 212 time: 0.0132205
2026-04-07 01:22:29.614 10 INFO neutron.wsgi [-] 10.0.0.47 "GET / HTTP/1.1" status: 200 len: 247 time: 0.0026774
2026-04-07 01:22:29.614 9 INFO neutron.wsgi [-] 10.0.0.47 "GET / HTTP/1.1" status: 200 len: 247 time: 0.0026608
2026-04-07 01:22:44.614 10 INFO neutron.wsgi [-] 10.0.0.47 "GET / HTTP/1.1" status: 200 len: 247 time: 0.0024962
2026-04-07 01:22:44.614 9 INFO neutron.wsgi [-] 10.0.0.47 "GET / HTTP/1.1" status: 200 len: 247 time: 0.0024571
2026-04-07 01:22:59.615 9 INFO neutron.wsgi [-] 10.0.0.47 "GET / HTTP/1.1" status: 200 len: 247 time: 0.0049293
2026-04-07 01:22:59.618 9 INFO neutron.wsgi [-] 10.0.0.47 "GET / HTTP/1.1" status: 200 len: 247 time: 0.0017500
2026-04-07 01:23:11.928 10 INFO neutron.wsgi [None req-6a8528e0-1c3f-4ee2-b0b2-65bf2d086639 2de2ec4e10b5434699edd7d80aea63a2 376d36ea2fb84aeca058828a48b1fc4b - - default default] 10.0.0.139 "GET /v2.0/security-groups HTTP/1.1" status: 200 len: 16799 time: 0.1468091
2026-04-07 01:23:11.983 10 INFO neutron.wsgi [None req-9b7670bd-0833-4e8b-b98e-6c77ccf5cde6 2de2ec4e10b5434699edd7d80aea63a2 376d36ea2fb84aeca058828a48b1fc4b - - default default] 10.0.0.139 "GET /v2.0/subnets HTTP/1.1" status: 200 len: 1437 time: 0.0479167
2026-04-07 01:23:12.021 10 INFO neutron.wsgi [None req-95fc130b-5d4f-4f62-8b79-a2a498bd9ee7 2de2ec4e10b5434699edd7d80aea63a2 376d36ea2fb84aeca058828a48b1fc4b - - default default] 10.0.0.139 "GET /v2.0/ports HTTP/1.1" status: 200 len: 5251 time: 0.0360208
2026-04-07 01:23:12.052 10 INFO neutron.wsgi [None req-6ae2dd5d-8db8-4470-b642-cda3b64de600 2de2ec4e10b5434699edd7d80aea63a2 376d36ea2fb84aeca058828a48b1fc4b - - default default] 10.0.0.139 "GET /v2.0/floatingips HTTP/1.1" status: 200 len: 193 time: 0.0270619
2026-04-07 01:23:12.078 10 INFO neutron.wsgi [None req-444c01ce-e063-40e7-ac3f-3cfc418d1659 2de2ec4e10b5434699edd7d80aea63a2 376d36ea2fb84aeca058828a48b1fc4b - - default default] 10.0.0.139 "GET /v2.0/agents HTTP/1.1" status: 200 len: 997 time: 0.0249407
2026-04-07 01:23:12.119 10 INFO neutron.wsgi [None req-e039057b-57a1-4972-9c00-508db6cbf5a7 2de2ec4e10b5434699edd7d80aea63a2 376d36ea2fb84aeca058828a48b1fc4b - - default default] 10.0.0.139 "GET /v2.0/subnets HTTP/1.1" status: 200 len: 1437 time: 0.0390949
2026-04-07 01:23:12.132 10 INFO neutron.wsgi [None req-60a0f7df-be60-44e5-b76a-2b39df2bf319 2de2ec4e10b5434699edd7d80aea63a2 376d36ea2fb84aeca058828a48b1fc4b - - default default] 10.0.0.139 "GET /v2.0/subnetpools HTTP/1.1" status: 200 len: 193 time: 0.0116765
2026-04-07 01:23:12.164 10 INFO neutron.wsgi [None req-d0dd0bd9-d46c-457d-8c06-5d1fabc15216 2de2ec4e10b5434699edd7d80aea63a2 376d36ea2fb84aeca058828a48b1fc4b - - default default] 10.0.0.139 "GET /v2.0/routers HTTP/1.1" status: 200 len: 189 time: 0.0304132
2026-04-07 01:23:12.174 10 INFO neutron.wsgi [None req-59904dfb-852a-4fe1-9b17-574abb1cef58 2de2ec4e10b5434699edd7d80aea63a2 376d36ea2fb84aeca058828a48b1fc4b - - default default] 10.0.0.139 "GET /v2.0/agents?binary=ovn-controller HTTP/1.1" status: 200 len: 591 time: 0.0092535
2026-04-07 01:23:12.231 10 INFO neutron.wsgi [None req-4f3b79e4-20e8-4cb0-901e-ee1f0eff44f6 2de2ec4e10b5434699edd7d80aea63a2 376d36ea2fb84aeca058828a48b1fc4b - - default default] 10.0.0.139 "GET /v2.0/networks HTTP/1.1" status: 200 len: 2350 time: 0.0562241
2026-04-07 01:23:12.244 10 INFO neutron.wsgi [None req-a96b741a-6829-4c90-9535-a0bb3b587172 2de2ec4e10b5434699edd7d80aea63a2 376d36ea2fb84aeca058828a48b1fc4b - - default default] 10.0.0.139 "GET /v2.0/network-ip-availabilities HTTP/1.1" status: 200 len: 1280 time: 0.0112245
2026-04-07 01:23:14.614 9 INFO neutron.wsgi [-] 10.0.0.47 "GET / HTTP/1.1" status: 200 len: 247 time: 0.0026789
2026-04-07 01:23:14.615 10 INFO neutron.wsgi [-] 10.0.0.47 "GET / HTTP/1.1" status: 200 len: 247 time: 0.0039799
2026-04-07 01:23:29.613 10 INFO neutron.wsgi [-] 10.0.0.47 "GET / HTTP/1.1" status: 200 len: 247 time: 0.0016832
2026-04-07 01:23:29.614 9 INFO neutron.wsgi [-] 10.0.0.47 "GET / HTTP/1.1" status: 200 len: 247 time: 0.0029016
2026-04-07 01:23:44.613 9 INFO neutron.wsgi [-] 10.0.0.47 "GET / HTTP/1.1" status: 200 len: 247 time: 0.0026007
2026-04-07 01:23:44.613 10 INFO neutron.wsgi [-] 10.0.0.47 "GET / HTTP/1.1" status: 200 len: 247 time: 0.0027661
2026-04-07 01:23:59.613 9 INFO neutron.wsgi [-] 10.0.0.47 "GET / HTTP/1.1" status: 200 len: 247 time: 0.0018129
2026-04-07 01:23:59.613 10 INFO neutron.wsgi [-] 10.0.0.47 "GET / HTTP/1.1" status: 200 len: 247 time: 0.0017769
2026-04-07 01:24:11.877 10 INFO neutron.wsgi [None req-83cd789b-c1b6-4faf-9efe-5cc614398fc5 2de2ec4e10b5434699edd7d80aea63a2 376d36ea2fb84aeca058828a48b1fc4b - - default default] 10.0.0.139 "GET /v2.0/security-groups HTTP/1.1" status: 200 len: 16799 time: 0.1370416
2026-04-07 01:24:11.915 10 INFO neutron.wsgi [None req-97fd09f4-600c-4c4f-b435-24e3583b36fd 2de2ec4e10b5434699edd7d80aea63a2 376d36ea2fb84aeca058828a48b1fc4b - - default default] 10.0.0.139 "GET /v2.0/ports HTTP/1.1" status: 200 len: 5251 time: 0.0339360
2026-04-07 01:24:11.950 10 INFO neutron.wsgi [None req-33f41f7f-678d-44f7-ae2c-2df1ac9d12b6 2de2ec4e10b5434699edd7d80aea63a2 376d36ea2fb84aeca058828a48b1fc4b - - default default] 10.0.0.139 "GET /v2.0/routers HTTP/1.1" status: 200 len: 189 time: 0.0304952
2026-04-07 01:24:11.986 10 INFO neutron.wsgi [None req-fdf977d9-8db2-40b4-869f-5cdc2725e2ce 2de2ec4e10b5434699edd7d80aea63a2 376d36ea2fb84aeca058828a48b1fc4b - - default default] 10.0.0.139 "GET /v2.0/agents?binary=ovn-controller HTTP/1.1" status: 200 len: 591 time: 0.0353212
2026-04-07 01:24:12.014 10 INFO neutron.wsgi [None req-dd757a40-b65e-4700-b74d-e5234ba03ed3 2de2ec4e10b5434699edd7d80aea63a2 376d36ea2fb84aeca058828a48b1fc4b - - default default] 10.0.0.139 "GET /v2.0/floatingips HTTP/1.1" status: 200 len: 193 time: 0.0276489
2026-04-07 01:24:12.053 10 INFO neutron.wsgi [None req-0ab8f9cd-fb2d-49f9-a556-321e22848155 2de2ec4e10b5434699edd7d80aea63a2 376d36ea2fb84aeca058828a48b1fc4b - - default default] 10.0.0.139 "GET /v2.0/subnets HTTP/1.1" status: 200 len: 1437 time: 0.0379648
2026-04-07 01:24:12.066 10 INFO neutron.wsgi [None req-619520f7-f9d5-40ce-93fe-c1d13305b8e4 2de2ec4e10b5434699edd7d80aea63a2 376d36ea2fb84aeca058828a48b1fc4b - - default default] 10.0.0.139 "GET /v2.0/subnetpools HTTP/1.1" status: 200 len: 193 time: 0.0111136
2026-04-07 01:24:12.104 10 INFO neutron.wsgi [None req-2f74bff6-0577-4fc5-99ae-bfd09468ee12 2de2ec4e10b5434699edd7d80aea63a2 376d36ea2fb84aeca058828a48b1fc4b - - default default] 10.0.0.139 "GET /v2.0/subnets HTTP/1.1" status: 200 len: 1437 time: 0.0371094
2026-04-07 01:24:12.114 10 INFO neutron.wsgi [None req-e22eea48-5e5b-4e1f-a41a-64a7f2a0f9f3 2de2ec4e10b5434699edd7d80aea63a2 376d36ea2fb84aeca058828a48b1fc4b - - default default] 10.0.0.139 "GET /v2.0/agents HTTP/1.1" status: 200 len: 997 time: 0.0098457
2026-04-07 01:24:12.124 10 INFO neutron.wsgi [None req-4c826460-8d2a-4702-9390-a6f7d755b377 2de2ec4e10b5434699edd7d80aea63a2 376d36ea2fb84aeca058828a48b1fc4b - - default default] 10.0.0.139 "GET /v2.0/network-ip-availabilities HTTP/1.1" status: 200 len: 1280 time: 0.0082655
2026-04-07 01:24:12.185 10 INFO neutron.wsgi [None req-8aaee0c5-ea55-4782-81dd-ac0b25851f34 2de2ec4e10b5434699edd7d80aea63a2 376d36ea2fb84aeca058828a48b1fc4b - - default default] 10.0.0.139 "GET /v2.0/networks HTTP/1.1" status: 200 len: 2350 time: 0.0604980
2026-04-07 01:24:14.613 10 INFO neutron.wsgi [-] 10.0.0.47 "GET / HTTP/1.1" status: 200 len: 247 time: 0.0020032
2026-04-07 01:24:14.614 9 INFO neutron.wsgi [-] 10.0.0.47 "GET / HTTP/1.1" status: 200 len: 247 time: 0.0028458
2026-04-07 01:24:29.612 9 INFO neutron.wsgi [-] 10.0.0.47 "GET / HTTP/1.1" status: 200 len: 247 time: 0.0014310
2026-04-07 01:24:29.612 10 INFO neutron.wsgi [-] 10.0.0.47 "GET / HTTP/1.1" status: 200 len: 247 time: 0.0018101
2026-04-07 01:24:44.613 9 INFO neutron.wsgi [-] 10.0.0.47 "GET / HTTP/1.1" status: 200 len: 247 time: 0.0022032
2026-04-07 01:24:44.614 10 INFO neutron.wsgi [-] 10.0.0.47 "GET / HTTP/1.1" status: 200 len: 247 time: 0.0034056
2026-04-07 01:24:59.612 9 INFO neutron.wsgi [-] 10.0.0.47 "GET / HTTP/1.1" status: 200 len: 247 time: 0.0016747
2026-04-07 01:24:59.613 10 INFO neutron.wsgi [-] 10.0.0.47 "GET / HTTP/1.1" status: 200 len: 247 time: 0.0029449
2026-04-07 01:25:11.829 10 INFO neutron.wsgi [None req-e1ecbbb1-e689-4c47-b1d2-5157f802e523 2de2ec4e10b5434699edd7d80aea63a2 376d36ea2fb84aeca058828a48b1fc4b - - default default] 10.0.0.139 "GET /v2.0/routers HTTP/1.1" status: 200 len: 189 time: 0.0713072
2026-04-07 01:25:11.866 10 INFO neutron.wsgi [None req-ae65a45f-b08b-4add-b9e1-0eff486020c4 2de2ec4e10b5434699edd7d80aea63a2 376d36ea2fb84aeca058828a48b1fc4b - - default default] 10.0.0.139 "GET /v2.0/agents?binary=ovn-controller HTTP/1.1" status: 200 len: 591 time: 0.0359259
2026-04-07 01:25:11.877 10 INFO neutron.wsgi [None req-00085b86-a50d-4e9f-960d-086db7269ce2 2de2ec4e10b5434699edd7d80aea63a2 376d36ea2fb84aeca058828a48b1fc4b - - default default] 10.0.0.139 "GET /v2.0/network-ip-availabilities HTTP/1.1" status: 200 len: 1280 time: 0.0099289
2026-04-07 01:25:11.912 10 INFO neutron.wsgi [None req-95084cb9-1764-4f1c-beea-a17473138e86 2de2ec4e10b5434699edd7d80aea63a2 376d36ea2fb84aeca058828a48b1fc4b - - default default] 10.0.0.139 "GET /v2.0/ports HTTP/1.1" status: 200 len: 5251 time: 0.0338607
2026-04-07 01:25:11.928 10 INFO neutron.wsgi [None req-b6f1ec27-76d8-43ed-8fdf-36a4407cfb47 2de2ec4e10b5434699edd7d80aea63a2 376d36ea2fb84aeca058828a48b1fc4b - - default default] 10.0.0.139 "GET /v2.0/agents HTTP/1.1" status: 200 len: 997 time: 0.0140088
2026-04-07 01:25:11.996 10 INFO neutron.wsgi [None req-2c72975a-644b-4d1f-93ba-6c2ecbff0e7d 2de2ec4e10b5434699edd7d80aea63a2 376d36ea2fb84aeca058828a48b1fc4b - - default default] 10.0.0.139 "GET /v2.0/networks HTTP/1.1" status: 200 len: 2350 time: 0.0666957
2026-04-07 01:25:12.070 10 INFO neutron.wsgi [None req-f13eabdc-5f2a-4935-b708-559a321d128f 2de2ec4e10b5434699edd7d80aea63a2 376d36ea2fb84aeca058828a48b1fc4b - - default default] 10.0.0.139 "GET /v2.0/security-groups HTTP/1.1" status: 200 len: 16799 time: 0.0716088
2026-04-07 01:25:12.117 10 INFO neutron.wsgi [None req-0ab202fd-b5f4-448b-a92c-1b978414a0cb 2de2ec4e10b5434699edd7d80aea63a2 376d36ea2fb84aeca058828a48b1fc4b - - default default] 10.0.0.139 "GET /v2.0/subnets HTTP/1.1" status: 200 len: 1437 time: 0.0418644
2026-04-07 01:25:12.130 10 INFO neutron.wsgi [None req-64ebcd3b-e4b5-43c2-a968-7f6ca0d8c4b6 2de2ec4e10b5434699edd7d80aea63a2 376d36ea2fb84aeca058828a48b1fc4b - - default default] 10.0.0.139 "GET /v2.0/subnetpools HTTP/1.1" status: 200 len: 193 time: 0.0114019
2026-04-07 01:25:12.154 10 INFO neutron.wsgi [None req-ea76650f-a9bd-468d-a5f5-6922eee985b1 2de2ec4e10b5434699edd7d80aea63a2 376d36ea2fb84aeca058828a48b1fc4b - - default default] 10.0.0.139 "GET /v2.0/floatingips HTTP/1.1" status: 200 len: 193 time: 0.0230806
2026-04-07 01:25:12.187 10 INFO neutron.wsgi [None req-09a6afc7-5f13-4a0c-89df-bca41d15679b 2de2ec4e10b5434699edd7d80aea63a2 376d36ea2fb84aeca058828a48b1fc4b - - default default] 10.0.0.139 "GET /v2.0/subnets HTTP/1.1" status: 200 len: 1437 time: 0.0328197
2026-04-07 01:25:14.614 9 INFO neutron.wsgi [-] 10.0.0.47 "GET / HTTP/1.1" status: 200 len: 247 time: 0.0021563
2026-04-07 01:25:14.617 10 INFO neutron.wsgi [-] 10.0.0.47 "GET / HTTP/1.1" status: 200 len: 247 time: 0.0042362
2026-04-07 01:25:29.612 9 INFO neutron.wsgi [-] 10.0.0.47 "GET / HTTP/1.1" status: 200 len: 247 time: 0.0017366
2026-04-07 01:25:29.612 10 INFO neutron.wsgi [-] 10.0.0.47 "GET / HTTP/1.1" status: 200 len: 247 time: 0.0019448
2026-04-07 01:25:44.613 10 INFO neutron.wsgi [-] 10.0.0.47 "GET / HTTP/1.1" status: 200 len: 247 time: 0.0021620
2026-04-07 01:25:44.614 9 INFO neutron.wsgi [-] 10.0.0.47 "GET / HTTP/1.1" status: 200 len: 247 time: 0.0024700
2026-04-07 01:25:59.613 10 INFO neutron.wsgi [-] 10.0.0.47 "GET / HTTP/1.1" status: 200 len: 247 time: 0.0026135
2026-04-07 01:25:59.614 9 INFO neutron.wsgi [-] 10.0.0.47 "GET / HTTP/1.1" status: 200 len: 247 time: 0.0026529
2026-04-07 01:26:11.855 10 INFO neutron.wsgi [None req-a2d19e59-3d53-4b06-9313-af10fc57cd3d 2de2ec4e10b5434699edd7d80aea63a2 376d36ea2fb84aeca058828a48b1fc4b - - default default] 10.0.0.139 "GET /v2.0/agents HTTP/1.1" status: 200 len: 997 time: 0.0924265
2026-04-07 01:26:11.873 10 INFO neutron.wsgi [None req-4341f6a8-ef1e-40dd-b286-1c277e93d06c 2de2ec4e10b5434699edd7d80aea63a2 376d36ea2fb84aeca058828a48b1fc4b - - default default] 10.0.0.139 "GET /v2.0/network-ip-availabilities HTTP/1.1" status: 200 len: 1280 time: 0.0168765
2026-04-07 01:26:11.906 10 INFO neutron.wsgi [None req-6edbab91-9588-4e98-ae25-7997a82ab81b 2de2ec4e10b5434699edd7d80aea63a2 376d36ea2fb84aeca058828a48b1fc4b - - default default] 10.0.0.139 "GET /v2.0/subnets HTTP/1.1" status: 200 len: 1437 time: 0.0314219
2026-04-07 01:26:11.920 10 INFO neutron.wsgi [None req-935798a7-2e1d-45f5-bea3-26aaded886a2 2de2ec4e10b5434699edd7d80aea63a2 376d36ea2fb84aeca058828a48b1fc4b - - default default] 10.0.0.139 "GET /v2.0/subnetpools HTTP/1.1" status: 200 len: 193 time: 0.0131707
2026-04-07 01:26:11.977 10 INFO neutron.wsgi [None req-2e5344ea-e4d9-461c-a51d-9cb875d8fd73 2de2ec4e10b5434699edd7d80aea63a2 376d36ea2fb84aeca058828a48b1fc4b - - default default] 10.0.0.139 "GET /v2.0/security-groups HTTP/1.1" status: 200 len: 16799 time: 0.0555017
2026-04-07 01:26:12.007 10 INFO neutron.wsgi [None req-0fd4bf54-6b9b-4090-a38e-d82dd213ad89 2de2ec4e10b5434699edd7d80aea63a2 376d36ea2fb84aeca058828a48b1fc4b - - default default] 10.0.0.139 "GET /v2.0/floatingips HTTP/1.1" status: 200 len: 193 time: 0.0236487
2026-04-07 01:26:12.029 10 INFO neutron.wsgi [None req-51560dcf-e233-491a-88dc-05267615d2b4 2de2ec4e10b5434699edd7d80aea63a2 376d36ea2fb84aeca058828a48b1fc4b - - default default] 10.0.0.139 "GET /v2.0/routers HTTP/1.1" status: 200 len: 189 time: 0.0219758
2026-04-07 01:26:12.039 10 INFO neutron.wsgi [None req-dec32732-40f0-4060-adf4-2fd1028e7063 2de2ec4e10b5434699edd7d80aea63a2 376d36ea2fb84aeca058828a48b1fc4b - - default default] 10.0.0.139 "GET /v2.0/agents?binary=ovn-controller HTTP/1.1" status: 200 len: 591 time: 0.0094378
2026-04-07 01:26:12.099 10 INFO neutron.wsgi [None req-231d9247-305a-43ea-b166-fdb84f7deb0c 2de2ec4e10b5434699edd7d80aea63a2 376d36ea2fb84aeca058828a48b1fc4b - - default default] 10.0.0.139 "GET /v2.0/networks HTTP/1.1" status: 200 len: 2350 time: 0.0590298
2026-04-07 01:26:12.130 10 INFO neutron.wsgi [None req-07a419c0-943e-4204-9596-3486aeac13bc 2de2ec4e10b5434699edd7d80aea63a2 376d36ea2fb84aeca058828a48b1fc4b - - default default] 10.0.0.139 "GET /v2.0/subnets HTTP/1.1" status: 200 len: 1437 time: 0.0287981
2026-04-07 01:26:12.159 10 INFO neutron.wsgi [None req-749b169e-be43-4031-943a-c5fdf09fd824 2de2ec4e10b5434699edd7d80aea63a2 376d36ea2fb84aeca058828a48b1fc4b - - default default] 10.0.0.139 "GET /v2.0/ports HTTP/1.1" status: 200 len: 5251 time: 0.0279379
2026-04-07 01:26:14.612 9 INFO neutron.wsgi [-] 10.0.0.47 "GET / HTTP/1.1" status: 200 len: 247 time: 0.0018358
2026-04-07 01:26:14.614 10 INFO neutron.wsgi [-] 10.0.0.47 "GET / HTTP/1.1" status: 200 len: 247 time: 0.0030024
2026-04-07 01:26:29.612 10 INFO neutron.wsgi [-] 10.0.0.47 "GET / HTTP/1.1" status: 200 len: 247 time: 0.0014756
2026-04-07 01:26:29.613 9 INFO neutron.wsgi [-] 10.0.0.47 "GET / HTTP/1.1" status: 200 len: 247 time: 0.0023751
2026-04-07 01:26:44.614 10 INFO neutron.wsgi [-] 10.0.0.47 "GET / HTTP/1.1" status: 200 len: 247 time: 0.0031803
2026-04-07 01:26:44.616 10 INFO neutron.wsgi [-] 10.0.0.47 "GET / HTTP/1.1" status: 200 len: 247 time: 0.0013268
2026-04-07 01:26:59.612 10 INFO neutron.wsgi [-] 10.0.0.47 "GET / HTTP/1.1" status: 200 len: 247 time: 0.0017416
2026-04-07 01:26:59.614 9 INFO neutron.wsgi [-] 10.0.0.47 "GET / HTTP/1.1" status: 200 len: 247 time: 0.0030131
2026-04-07 01:27:11.823 10 INFO neutron.wsgi [None req-1148eef4-55fa-45ff-b69f-e8bf5f1e63d4 2de2ec4e10b5434699edd7d80aea63a2 376d36ea2fb84aeca058828a48b1fc4b - - default default] 10.0.0.139 "GET /v2.0/routers HTTP/1.1" status: 200 len: 189 time: 0.0793085
2026-04-07 01:27:11.855 10 INFO neutron.wsgi [None req-d8fe8bad-6cb7-431f-8d32-b5fad8a5cad9 2de2ec4e10b5434699edd7d80aea63a2 376d36ea2fb84aeca058828a48b1fc4b - - default default] 10.0.0.139 "GET /v2.0/agents?binary=ovn-controller HTTP/1.1" status: 200 len: 591 time: 0.0317535
2026-04-07 01:27:11.867 10 INFO neutron.wsgi [None req-38cc4bf2-2b83-4da0-a129-5698fad3cae5 2de2ec4e10b5434699edd7d80aea63a2 376d36ea2fb84aeca058828a48b1fc4b - - default default] 10.0.0.139 "GET /v2.0/agents HTTP/1.1" status: 200 len: 997 time: 0.0102873
2026-04-07 01:27:11.877 10 INFO neutron.wsgi [None req-ae7be17a-41e4-426f-a2a1-424728c63632 2de2ec4e10b5434699edd7d80aea63a2 376d36ea2fb84aeca058828a48b1fc4b - - default default] 10.0.0.139 "GET /v2.0/network-ip-availabilities HTTP/1.1" status: 200 len: 1280 time: 0.0090816
2026-04-07 01:27:11.929 10 INFO neutron.wsgi [None req-dd8ca92a-2833-4d7c-b266-7ba1f7241dc4 2de2ec4e10b5434699edd7d80aea63a2 376d36ea2fb84aeca058828a48b1fc4b - - default default] 10.0.0.139 "GET /v2.0/networks HTTP/1.1" status: 200 len: 2350 time: 0.0506024
2026-04-07 01:27:11.967 10 INFO neutron.wsgi [None req-8e1a533f-5b50-40ea-8d0c-fec86656ace8 2de2ec4e10b5434699edd7d80aea63a2 376d36ea2fb84aeca058828a48b1fc4b - - default default] 10.0.0.139 "GET /v2.0/subnets HTTP/1.1" status: 200 len: 1437 time: 0.0334506
2026-04-07 01:27:11.997 10 INFO neutron.wsgi [None req-17f58b72-146e-4290-b4b7-785d1d30e426 2de2ec4e10b5434699edd7d80aea63a2 376d36ea2fb84aeca058828a48b1fc4b - - default default] 10.0.0.139 "GET /v2.0/ports HTTP/1.1" status: 200 len: 5251 time: 0.0288148
2026-04-07 01:27:12.027 10 INFO neutron.wsgi [None req-fab2b0bc-8c80-4a2d-bf52-011a789f5e01 2de2ec4e10b5434699edd7d80aea63a2 376d36ea2fb84aeca058828a48b1fc4b - - default default] 10.0.0.139 "GET /v2.0/floatingips HTTP/1.1" status: 200 len: 193 time: 0.0265970
2026-04-07 01:27:12.070 10 INFO neutron.wsgi [None req-976fab6e-6bec-40cc-9ac2-e901c9429731 2de2ec4e10b5434699edd7d80aea63a2 376d36ea2fb84aeca058828a48b1fc4b - - default default] 10.0.0.139 "GET /v2.0/subnets HTTP/1.1" status: 200 len: 1437 time: 0.0419881
2026-04-07 01:27:12.084 10 INFO neutron.wsgi [None req-2920e4d7-c002-4d3a-9af9-5ce88b0fbe98 2de2ec4e10b5434699edd7d80aea63a2 376d36ea2fb84aeca058828a48b1fc4b - - default default] 10.0.0.139 "GET /v2.0/subnetpools HTTP/1.1" status: 200 len: 193 time: 0.0127172
2026-04-07 01:27:12.151 10 INFO neutron.wsgi [None req-79b95c02-bdd8-42fe-aec8-14657d87c98e 2de2ec4e10b5434699edd7d80aea63a2 376d36ea2fb84aeca058828a48b1fc4b - - default default] 10.0.0.139 "GET /v2.0/security-groups HTTP/1.1" status: 200 len: 16799 time: 0.0670824
2026-04-07 01:27:14.613 9 INFO neutron.wsgi [-] 10.0.0.47 "GET / HTTP/1.1" status: 200 len: 247 time: 0.0017228
2026-04-07 01:27:14.614 10 INFO neutron.wsgi [-] 10.0.0.47 "GET / HTTP/1.1" status: 200 len: 247 time: 0.0028942
2026-04-07 01:27:29.613 10 INFO neutron.wsgi [-] 10.0.0.47 "GET / HTTP/1.1" status: 200 len: 247 time: 0.0017502
2026-04-07 01:27:29.614 9 INFO neutron.wsgi [-] 10.0.0.47 "GET / HTTP/1.1" status: 200 len: 247 time: 0.0034719