2026-04-07 01:17:22.744 10 INFO neutron.db.ovn_revision_numbers_db [None req-a78563b3-2cd8-4fc0-9133-4a07cba9c7d1 e28d91eeda564b7e9c95d723d251ce02 443dfa9cc1ee461a931975bea200f265 - - default default] Successfully bumped revision number for resource 96275c0f-5c2e-4aab-8774-a379d6376a9f (type: ports) to 2
2026-04-07 01:17:22.747 10 INFO neutron.db.ovn_revision_numbers_db [None req-bf462cbd-6544-4106-85b7-84fbc171acb2 - - - - - -] Successfully bumped revision number for resource dcc27d9b-1e58-43bd-9b29-79a50dfedf32 (type: ports) to 1
2026-04-07 01:17:22.778 10 INFO neutron.db.ovn_revision_numbers_db [None req-d973d1cf-d5bc-452b-a482-37fcd50962da - - - - - -] Successfully bumped revision number for resource 0bfd206e-1e64-467b-bf24-5e0b6de74594 (type: ports) to 3
2026-04-07 01:17:22.861 9 INFO neutron.db.ovn_revision_numbers_db [None req-126ef58e-08ad-43f9-a7ec-660b06e6fa23 - - - - - -] Successfully bumped revision number for resource 96275c0f-5c2e-4aab-8774-a379d6376a9f (type: ports) to 3
2026-04-07 01:17:22.956 10 WARNING neutron.scheduler.dhcp_agent_scheduler [None req-a78563b3-2cd8-4fc0-9133-4a07cba9c7d1 e28d91eeda564b7e9c95d723d251ce02 443dfa9cc1ee461a931975bea200f265 - - default default] No more DHCP agents
2026-04-07 01:17:22.962 10 WARNING neutron.api.rpc.agentnotifiers.dhcp_rpc_agent_api [None req-a78563b3-2cd8-4fc0-9133-4a07cba9c7d1 e28d91eeda564b7e9c95d723d251ce02 443dfa9cc1ee461a931975bea200f265 - - default default] Unable to schedule network fcdd7d00-54f5-47cb-b30d-24564c844c0e: no agents available; will retry on subsequent port and subnet creation events.
2026-04-07 01:17:22.986 10 INFO neutron.db.ovn_revision_numbers_db [None req-46815596-cc69-4b91-a003-dbc3538282cc 2de2ec4e10b5434699edd7d80aea63a2 376d36ea2fb84aeca058828a48b1fc4b - - default default] Successfully bumped revision number for resource 22b2fe12-7af8-474b-96d2-07c20380b974 (type: ports) to 1
2026-04-07 01:17:23.001 9 INFO neutron.db.ovn_revision_numbers_db [None req-126ef58e-08ad-43f9-a7ec-660b06e6fa23 - - - - - -] Successfully bumped revision number for resource 96275c0f-5c2e-4aab-8774-a379d6376a9f (type: router_ports) to 3
2026-04-07 01:17:23.126 10 INFO neutron.db.ovn_revision_numbers_db [None req-d973d1cf-d5bc-452b-a482-37fcd50962da - - - - - -] Successfully bumped revision number for resource 0bfd206e-1e64-467b-bf24-5e0b6de74594 (type: router_ports) to 3
2026-04-07 01:17:23.212 9 INFO neutron.wsgi [None req-01e3b190-fc78-424d-9402-af5e94474629 09b4240f4d734cd19321b0dda39eef13 006dc9d8bb2f4f2e8618b3917337268d - - - -] 10.0.0.78 "DELETE /v2.0/routers/6bf11fda-1a71-4c76-87e9-f6ef06b1f805 HTTP/1.1" status: 204 len: 168 time: 1.0077467
2026-04-07 01:17:23.240 9 INFO neutron.wsgi [None req-0bc87477-f1ef-48ad-bb46-405d8b8c7202 09b4240f4d734cd19321b0dda39eef13 006dc9d8bb2f4f2e8618b3917337268d - - default default] 10.0.0.78 "GET /v2.0/ports?device_id=6bf11fda-1a71-4c76-87e9-f6ef06b1f805 HTTP/1.1" status: 200 len: 205 time: 0.0222330
2026-04-07 01:17:23.273 9 INFO neutron.api.v2.resource [None req-da693050-025a-47e1-9d79-9c99b6cdb5f8 09b4240f4d734cd19321b0dda39eef13 006dc9d8bb2f4f2e8618b3917337268d - - - -] delete failed (client error): The resource could not be found.
2026-04-07 01:17:23.274 9 INFO neutron.wsgi [None req-da693050-025a-47e1-9d79-9c99b6cdb5f8 09b4240f4d734cd19321b0dda39eef13 006dc9d8bb2f4f2e8618b3917337268d - - - -] 10.0.0.78 "DELETE /v2.0/routers/6bf11fda-1a71-4c76-87e9-f6ef06b1f805 HTTP/1.1" status: 404 len: 336 time: 0.0277116
2026-04-07 01:17:23.299 9 INFO neutron.wsgi [None req-1971bd49-284f-4b3e-a164-e63ecdeffa28 09b4240f4d734cd19321b0dda39eef13 006dc9d8bb2f4f2e8618b3917337268d - - default default] 10.0.0.78 "GET /v2.0/ports?device_id=caf7bbc8-c6eb-4c9a-96df-41e39692ee3c HTTP/1.1" status: 200 len: 205 time: 0.0207152
2026-04-07 01:17:23.326 9 INFO neutron.api.v2.resource [None req-a4791d5c-0baf-4b61-aa52-8458a8d5b833 09b4240f4d734cd19321b0dda39eef13 006dc9d8bb2f4f2e8618b3917337268d - - - -] delete failed (client error): The resource could not be found.
2026-04-07 01:17:23.327 9 INFO neutron.wsgi [None req-a4791d5c-0baf-4b61-aa52-8458a8d5b833 09b4240f4d734cd19321b0dda39eef13 006dc9d8bb2f4f2e8618b3917337268d - - - -] 10.0.0.78 "DELETE /v2.0/routers/caf7bbc8-c6eb-4c9a-96df-41e39692ee3c HTTP/1.1" status: 404 len: 336 time: 0.0225456
2026-04-07 01:17:23.350 9 INFO neutron.pecan_wsgi.hooks.translation [None req-212d2946-de34-44d2-a741-720afc452971 09b4240f4d734cd19321b0dda39eef13 006dc9d8bb2f4f2e8618b3917337268d - - - -] DELETE failed (client error): The resource could not be found.
2026-04-07 01:17:23.352 9 INFO neutron.wsgi [None req-212d2946-de34-44d2-a741-720afc452971 09b4240f4d734cd19321b0dda39eef13 006dc9d8bb2f4f2e8618b3917337268d - - - -] 10.0.0.78 "DELETE /v2.0/subnets/6e6c6370-ca6c-465a-9299-66245cfcdd47 HTTP/1.1" status: 404 len: 337 time: 0.0210264
2026-04-07 01:17:23.382 9 INFO neutron.wsgi [None req-c39b7646-11df-4fc1-9c68-b617a08ae548 09b4240f4d734cd19321b0dda39eef13 006dc9d8bb2f4f2e8618b3917337268d - - default default] 10.0.0.78 "GET /v2.0/ports?device_id=678bd1f0-c229-46a2-90f9-6b019a872348 HTTP/1.1" status: 200 len: 205 time: 0.0230670
2026-04-07 01:17:23.410 9 INFO neutron.api.v2.resource [None req-38a4172d-dec5-4f6a-8d10-ae7c55c3d19a 09b4240f4d734cd19321b0dda39eef13 006dc9d8bb2f4f2e8618b3917337268d - - - -] delete failed (client error): The resource could not be found.
2026-04-07 01:17:23.411 9 INFO neutron.wsgi [None req-38a4172d-dec5-4f6a-8d10-ae7c55c3d19a 09b4240f4d734cd19321b0dda39eef13 006dc9d8bb2f4f2e8618b3917337268d - - - -] 10.0.0.78 "DELETE /v2.0/routers/678bd1f0-c229-46a2-90f9-6b019a872348 HTTP/1.1" status: 404 len: 336 time: 0.0233452
2026-04-07 01:17:23.432 9 INFO neutron.pecan_wsgi.hooks.translation [None req-66669fcd-781a-48c4-8cc9-6a143103ad0a 09b4240f4d734cd19321b0dda39eef13 006dc9d8bb2f4f2e8618b3917337268d - - - -] DELETE failed (client error): The resource could not be found.
2026-04-07 01:17:23.434 9 INFO neutron.wsgi [None req-66669fcd-781a-48c4-8cc9-6a143103ad0a 09b4240f4d734cd19321b0dda39eef13 006dc9d8bb2f4f2e8618b3917337268d - - - -] 10.0.0.78 "DELETE /v2.0/subnets/2ccebfce-56a3-4103-904f-48ff79038f22 HTTP/1.1" status: 404 len: 337 time: 0.0162411
2026-04-07 01:17:23.473 9 INFO neutron.wsgi [None req-a1047912-36bf-49d7-a973-f2e3743351d1 09b4240f4d734cd19321b0dda39eef13 006dc9d8bb2f4f2e8618b3917337268d - - default default] 10.0.0.78 "GET /v2.0/ports?device_id=3d278590-45ad-4165-883c-e977a9a93c68 HTTP/1.1" status: 200 len: 205 time: 0.0338881
2026-04-07 01:17:23.513 9 INFO neutron.api.v2.resource [None req-2b4d564a-f2cb-46c2-a5c4-4e7cb83e31ea 09b4240f4d734cd19321b0dda39eef13 006dc9d8bb2f4f2e8618b3917337268d - - - -] delete failed (client error): The resource could not be found.
2026-04-07 01:17:23.515 9 INFO neutron.wsgi [None req-2b4d564a-f2cb-46c2-a5c4-4e7cb83e31ea 09b4240f4d734cd19321b0dda39eef13 006dc9d8bb2f4f2e8618b3917337268d - - - -] 10.0.0.78 "DELETE /v2.0/routers/3d278590-45ad-4165-883c-e977a9a93c68 HTTP/1.1" status: 404 len: 336 time: 0.0297396
2026-04-07 01:17:23.537 9 INFO neutron.pecan_wsgi.hooks.translation [None req-c242f3a1-d9e3-468a-b25d-9a1a106feb2d 09b4240f4d734cd19321b0dda39eef13 006dc9d8bb2f4f2e8618b3917337268d - - - -] DELETE failed (client error): The resource could not be found.
2026-04-07 01:17:23.540 9 INFO neutron.wsgi [None req-c242f3a1-d9e3-468a-b25d-9a1a106feb2d 09b4240f4d734cd19321b0dda39eef13 006dc9d8bb2f4f2e8618b3917337268d - - - -] 10.0.0.78 "DELETE /v2.0/subnets/a227cbbd-3098-4b23-800c-25a8a480b226 HTTP/1.1" status: 404 len: 337 time: 0.0196424
2026-04-07 01:17:23.561 9 INFO neutron.pecan_wsgi.hooks.translation [None req-99cfd6d6-b516-4f2b-8f9c-aa5dcf550814 09b4240f4d734cd19321b0dda39eef13 006dc9d8bb2f4f2e8618b3917337268d - - - -] DELETE failed (client error): The resource could not be found.
2026-04-07 01:17:23.564 9 INFO neutron.wsgi [None req-99cfd6d6-b516-4f2b-8f9c-aa5dcf550814 09b4240f4d734cd19321b0dda39eef13 006dc9d8bb2f4f2e8618b3917337268d - - - -] 10.0.0.78 "DELETE /v2.0/subnets/ad39a7e9-22cd-4705-80a2-37d684ebc62d HTTP/1.1" status: 404 len: 337 time: 0.0193005
2026-04-07 01:17:23.588 10 INFO neutron.db.ovn_revision_numbers_db [None req-a78563b3-2cd8-4fc0-9133-4a07cba9c7d1 e28d91eeda564b7e9c95d723d251ce02 443dfa9cc1ee461a931975bea200f265 - - - -] Successfully bumped revision number for resource 96275c0f-5c2e-4aab-8774-a379d6376a9f (type: router_ports) to 3
2026-04-07 01:17:23.590 10 INFO neutron.wsgi [None req-a78563b3-2cd8-4fc0-9133-4a07cba9c7d1 e28d91eeda564b7e9c95d723d251ce02 443dfa9cc1ee461a931975bea200f265 - - - -] 10.0.0.78 "PUT /v2.0/routers/e0d2c554-be04-446e-9284-e3c35752e315/add_router_interface HTTP/1.1" status: 200 len: 503 time: 3.4416678
2026-04-07 01:17:23.641 10 INFO neutron.db.ovn_revision_numbers_db [None req-bf462cbd-6544-4106-85b7-84fbc171acb2 - - - - - -] Successfully bumped revision number for resource dcc27d9b-1e58-43bd-9b29-79a50dfedf32 (type: router_ports) to 3
2026-04-07 01:17:23.686 9 INFO neutron.wsgi [None req-b420e2ce-4c35-408c-82f1-756245d1574d e28d91eeda564b7e9c95d723d251ce02 443dfa9cc1ee461a931975bea200f265 - - default default] 10.0.0.78 "GET /v2.0/ports/96275c0f-5c2e-4aab-8774-a379d6376a9f HTTP/1.1" status: 200 len: 1137 time: 0.0886052
2026-04-07 01:17:23.880 10 INFO neutron.db.ovn_revision_numbers_db [None req-bf462cbd-6544-4106-85b7-84fbc171acb2 - - - - - -] Successfully bumped revision number for resource dcc27d9b-1e58-43bd-9b29-79a50dfedf32 (type: ports) to 2
2026-04-07 01:17:23.958 10 INFO neutron.db.ovn_revision_numbers_db [None req-46815596-cc69-4b91-a003-dbc3538282cc 2de2ec4e10b5434699edd7d80aea63a2 376d36ea2fb84aeca058828a48b1fc4b - - default default] Successfully bumped revision number for resource 22b2fe12-7af8-474b-96d2-07c20380b974 (type: router_ports) to 2
2026-04-07 01:17:24.133 10 INFO neutron.db.ovn_revision_numbers_db [None req-46815596-cc69-4b91-a003-dbc3538282cc 2de2ec4e10b5434699edd7d80aea63a2 376d36ea2fb84aeca058828a48b1fc4b - - default default] Successfully bumped revision number for resource 22b2fe12-7af8-474b-96d2-07c20380b974 (type: ports) to 2
2026-04-07 01:17:24.145 10 INFO neutron.db.ovn_revision_numbers_db [None req-bf462cbd-6544-4106-85b7-84fbc171acb2 - - - - - -] Successfully bumped revision number for resource dcc27d9b-1e58-43bd-9b29-79a50dfedf32 (type: ports) to 4
2026-04-07 01:17:24.231 10 WARNING neutron.scheduler.dhcp_agent_scheduler [None req-46815596-cc69-4b91-a003-dbc3538282cc 2de2ec4e10b5434699edd7d80aea63a2 376d36ea2fb84aeca058828a48b1fc4b - - default default] No more DHCP agents
2026-04-07 01:17:24.232 10 WARNING neutron.api.rpc.agentnotifiers.dhcp_rpc_agent_api [None req-46815596-cc69-4b91-a003-dbc3538282cc 2de2ec4e10b5434699edd7d80aea63a2 376d36ea2fb84aeca058828a48b1fc4b - - default default] Unable to schedule network aaf90ad9-8156-4c3f-a119-ad2ca8d52fd8: no agents available; will retry on subsequent port and subnet creation events.
2026-04-07 01:17:24.258 9 INFO neutron.wsgi [None req-d06cdb3b-6916-4c6d-8b63-3e77bc1db727 2de2ec4e10b5434699edd7d80aea63a2 376d36ea2fb84aeca058828a48b1fc4b - - default default] 10.0.0.78 "GET /v2.0/security-groups?tenant_id=006dc9d8bb2f4f2e8618b3917337268d&name=default HTTP/1.1" status: 200 len: 2996 time: 0.2639287
2026-04-07 01:17:24.293 9 WARNING neutron.scheduler.dhcp_agent_scheduler [None req-8e229d06-8db0-4744-be08-e540aebfbea5 e28d91eeda564b7e9c95d723d251ce02 443dfa9cc1ee461a931975bea200f265 - - default default] No more DHCP agents
2026-04-07 01:17:24.297 9 WARNING neutron.api.rpc.agentnotifiers.dhcp_rpc_agent_api [None req-8e229d06-8db0-4744-be08-e540aebfbea5 e28d91eeda564b7e9c95d723d251ce02 443dfa9cc1ee461a931975bea200f265 - - default default] Unable to schedule network 78a3459d-5f06-4b1a-a637-1ef44cb5f033: no agents available; will retry on subsequent port and subnet creation events.
2026-04-07 01:17:24.463 9 INFO neutron.db.ovn_revision_numbers_db [None req-8e229d06-8db0-4744-be08-e540aebfbea5 e28d91eeda564b7e9c95d723d251ce02 443dfa9cc1ee461a931975bea200f265 - - default default] Successfully bumped revision number for resource dec17d77-66ec-47d7-8e97-6a88a5f6ce78 (type: ports) to 1
2026-04-07 01:17:24.467 10 INFO neutron.db.ovn_revision_numbers_db [None req-bf462cbd-6544-4106-85b7-84fbc171acb2 - - - - - -] Successfully bumped revision number for resource dcc27d9b-1e58-43bd-9b29-79a50dfedf32 (type: router_ports) to 4
2026-04-07 01:17:24.516 9 INFO neutron.wsgi [None req-38fb94b0-e2e1-4dae-8a77-7578031e467c 2de2ec4e10b5434699edd7d80aea63a2 376d36ea2fb84aeca058828a48b1fc4b - - - -] 10.0.0.78 "DELETE /v2.0/security-groups/94d98850-8ed5-4c4d-9e48-62c75e7bd4cc HTTP/1.1" status: 204 len: 168 time: 0.2520838
2026-04-07 01:17:24.741 10 INFO neutron.db.ovn_revision_numbers_db [None req-04e6b63a-8e60-4158-9235-c0635425289d d105e6de257a49a7885f9b87f26e42a3 02acb7c2e6e44871ba390a30e306db5b - - - -] Successfully bumped revision number for resource 0557ebae-52cf-4621-830f-a35e2541511b (type: security_groups) to 1
2026-04-07 01:17:24.884 10 INFO neutron.db.ovn_revision_numbers_db [None req-46815596-cc69-4b91-a003-dbc3538282cc 2de2ec4e10b5434699edd7d80aea63a2 376d36ea2fb84aeca058828a48b1fc4b - - - -] Successfully bumped revision number for resource 22b2fe12-7af8-474b-96d2-07c20380b974 (type: router_ports) to 2
2026-04-07 01:17:24.887 10 INFO neutron.wsgi [None req-46815596-cc69-4b91-a003-dbc3538282cc 2de2ec4e10b5434699edd7d80aea63a2 376d36ea2fb84aeca058828a48b1fc4b - - - -] 10.0.0.78 "PUT /v2.0/routers/8648a145-9b76-4c88-873e-4d0121f16781/add_router_interface HTTP/1.1" status: 200 len: 503 time: 3.6676829
2026-04-07 01:17:24.930 10 INFO neutron.db.ovn_revision_numbers_db [None req-04e6b63a-8e60-4158-9235-c0635425289d d105e6de257a49a7885f9b87f26e42a3 02acb7c2e6e44871ba390a30e306db5b - - - -] Successfully bumped revision number for resource aa8d3ecf-5c7d-4e81-9734-f401ec32f732 (type: security_groups) to 1
2026-04-07 01:17:24.953 10 INFO neutron.wsgi [None req-04e6b63a-8e60-4158-9235-c0635425289d d105e6de257a49a7885f9b87f26e42a3 02acb7c2e6e44871ba390a30e306db5b - - - -] 10.0.0.78 "POST /v2.0/security-groups HTTP/1.1" status: 201 len: 1760 time: 0.5161979
2026-04-07 01:17:25.011 10 INFO neutron.wsgi [None req-f8efc5a9-a04b-4cf0-ab58-ed415df615e3 d105e6de257a49a7885f9b87f26e42a3 02acb7c2e6e44871ba390a30e306db5b - - default default] 10.0.0.78 "GET /v2.0/security-groups HTTP/1.1" status: 200 len: 4538 time: 0.0481296
2026-04-07 01:17:25.103 10 INFO neutron.db.ovn_revision_numbers_db [None req-304a4b33-a732-4831-9de8-f9097a0570c2 d105e6de257a49a7885f9b87f26e42a3 02acb7c2e6e44871ba390a30e306db5b - - - -] Successfully bumped revision number for resource aa8d3ecf-5c7d-4e81-9734-f401ec32f732 (type: security_groups) to 2
2026-04-07 01:17:25.106 10 INFO neutron.wsgi [None req-304a4b33-a732-4831-9de8-f9097a0570c2 d105e6de257a49a7885f9b87f26e42a3 02acb7c2e6e44871ba390a30e306db5b - - - -] 10.0.0.78 "PUT /v2.0/security-groups/aa8d3ecf-5c7d-4e81-9734-f401ec32f732 HTTP/1.1" status: 200 len: 1793 time: 0.0902033
2026-04-07 01:17:25.152 9 INFO neutron.wsgi [None req-e2d0ae86-3b5c-4c6a-b512-32e44d97e47e d105e6de257a49a7885f9b87f26e42a3 02acb7c2e6e44871ba390a30e306db5b - - default default] 10.0.0.78 "GET /v2.0/security-groups/aa8d3ecf-5c7d-4e81-9734-f401ec32f732 HTTP/1.1" status: 200 len: 1793 time: 0.0403905
2026-04-07 01:17:25.176 9 INFO neutron.db.ovn_revision_numbers_db [None req-8e229d06-8db0-4744-be08-e540aebfbea5 e28d91eeda564b7e9c95d723d251ce02 443dfa9cc1ee461a931975bea200f265 - - default default] Successfully bumped revision number for resource dec17d77-66ec-47d7-8e97-6a88a5f6ce78 (type: router_ports) to 2
2026-04-07 01:17:25.314 9 INFO neutron.db.ovn_revision_numbers_db [None req-8e229d06-8db0-4744-be08-e540aebfbea5 e28d91eeda564b7e9c95d723d251ce02 443dfa9cc1ee461a931975bea200f265 - - default default] Successfully bumped revision number for resource dec17d77-66ec-47d7-8e97-6a88a5f6ce78 (type: ports) to 2
2026-04-07 01:17:25.319 10 INFO neutron.wsgi [None req-562e4914-bed4-4721-ab15-ee8994bb4438 d105e6de257a49a7885f9b87f26e42a3 02acb7c2e6e44871ba390a30e306db5b - - - -] 10.0.0.78 "DELETE /v2.0/security-groups/aa8d3ecf-5c7d-4e81-9734-f401ec32f732 HTTP/1.1" status: 204 len: 168 time: 0.1619222
2026-04-07 01:17:25.355 10 INFO neutron.wsgi [None req-2f760f9f-c04b-4ea0-8407-9e873263b9ec d105e6de257a49a7885f9b87f26e42a3 02acb7c2e6e44871ba390a30e306db5b - - default default] 10.0.0.78 "GET /v2.0/security-groups HTTP/1.1" status: 200 len: 2996 time: 0.0307889
2026-04-07 01:17:25.372 10 INFO neutron.api.v2.resource [None req-8f6ef561-3c07-4465-a436-cdcfde599003 d105e6de257a49a7885f9b87f26e42a3 02acb7c2e6e44871ba390a30e306db5b - - - -] delete failed (client error): The resource could not be found.
2026-04-07 01:17:25.374 10 INFO neutron.wsgi [None req-8f6ef561-3c07-4465-a436-cdcfde599003 d105e6de257a49a7885f9b87f26e42a3 02acb7c2e6e44871ba390a30e306db5b - - - -] 10.0.0.78 "DELETE /v2.0/security-groups/aa8d3ecf-5c7d-4e81-9734-f401ec32f732 HTTP/1.1" status: 404 len: 347 time: 0.0127604
2026-04-07 01:17:25.379 9 WARNING neutron.scheduler.dhcp_agent_scheduler [None req-8e229d06-8db0-4744-be08-e540aebfbea5 e28d91eeda564b7e9c95d723d251ce02 443dfa9cc1ee461a931975bea200f265 - - default default] No more DHCP agents
2026-04-07 01:17:25.381 9 WARNING neutron.api.rpc.agentnotifiers.dhcp_rpc_agent_api [None req-8e229d06-8db0-4744-be08-e540aebfbea5 e28d91eeda564b7e9c95d723d251ce02 443dfa9cc1ee461a931975bea200f265 - - default default] Unable to schedule network 78a3459d-5f06-4b1a-a637-1ef44cb5f033: no agents available; will retry on subsequent port and subnet creation events.
2026-04-07 01:17:25.490 10 INFO neutron.db.ovn_revision_numbers_db [None req-de241d62-a4e0-4da6-8e15-47a9858530b7 d105e6de257a49a7885f9b87f26e42a3 02acb7c2e6e44871ba390a30e306db5b - - - -] Successfully bumped revision number for resource 6cf87f61-5709-4390-9542-f50536abc0c2 (type: security_groups) to 1
2026-04-07 01:17:25.510 10 INFO neutron.wsgi [None req-de241d62-a4e0-4da6-8e15-47a9858530b7 d105e6de257a49a7885f9b87f26e42a3 02acb7c2e6e44871ba390a30e306db5b - - - -] 10.0.0.78 "POST /v2.0/security-groups HTTP/1.1" status: 201 len: 1761 time: 0.1313546
2026-04-07 01:17:25.560 9 INFO neutron.db.ovn_revision_numbers_db [None req-8e229d06-8db0-4744-be08-e540aebfbea5 e28d91eeda564b7e9c95d723d251ce02 443dfa9cc1ee461a931975bea200f265 - - - -] Successfully bumped revision number for resource dec17d77-66ec-47d7-8e97-6a88a5f6ce78 (type: router_ports) to 2
2026-04-07 01:17:25.562 9 INFO neutron.wsgi [None req-8e229d06-8db0-4744-be08-e540aebfbea5 e28d91eeda564b7e9c95d723d251ce02 443dfa9cc1ee461a931975bea200f265 - - - -] 10.0.0.78 "PUT /v2.0/routers/e0d2c554-be04-446e-9284-e3c35752e315/add_router_interface HTTP/1.1" status: 200 len: 503 time: 1.8706229
2026-04-07 01:17:25.662 9 INFO neutron.wsgi [None req-31f0a92c-58f2-4fb1-80ec-f4dbe003c66a e28d91eeda564b7e9c95d723d251ce02 443dfa9cc1ee461a931975bea200f265 - - default default] 10.0.0.78 "GET /v2.0/ports/dec17d77-66ec-47d7-8e97-6a88a5f6ce78 HTTP/1.1" status: 200 len: 1135 time: 0.0966532
2026-04-07 01:17:25.693 10 INFO neutron.db.ovn_revision_numbers_db [None req-931486c5-712c-4b64-8617-8226049af8d1 d105e6de257a49a7885f9b87f26e42a3 02acb7c2e6e44871ba390a30e306db5b - - - -] Successfully bumped revision number for resource 2a2094ca-9d5a-46a1-9782-154f4dfd842e (type: security_group_rules) to 0
2026-04-07 01:17:25.701 9 INFO neutron.wsgi [None req-3db06855-d2ef-46a5-91c7-717efa1b6640 e28d91eeda564b7e9c95d723d251ce02 443dfa9cc1ee461a931975bea200f265 - - default default] 10.0.0.78 "GET /v2.0/ports/dec17d77-66ec-47d7-8e97-6a88a5f6ce78 HTTP/1.1" status: 200 len: 1135 time: 0.0325003
2026-04-07 01:17:25.716 10 INFO neutron.db.ovn_revision_numbers_db [None req-e73a86d1-bdcf-4d9a-b204-677a0ec29f7b ebe6d569ea3d4f2b834821297430bb65 33f14bb57dc0414cbbc120d11fa06335 - - - -] Successfully bumped revision number for resource 9452e881-adef-48a0-9e6d-652142b045b4 (type: security_groups) to 1
2026-04-07 01:17:25.727 10 INFO neutron.wsgi [None req-931486c5-712c-4b64-8617-8226049af8d1 d105e6de257a49a7885f9b87f26e42a3 02acb7c2e6e44871ba390a30e306db5b - - - -] 10.0.0.78 "POST /v2.0/security-group-rules HTTP/1.1" status: 201 len: 768 time: 0.2112355
2026-04-07 01:17:25.741 10 INFO neutron.wsgi [None req-e73a86d1-bdcf-4d9a-b204-677a0ec29f7b ebe6d569ea3d4f2b834821297430bb65 33f14bb57dc0414cbbc120d11fa06335 - - - -] 10.0.0.78 "POST /v2.0/security-groups HTTP/1.1" status: 201 len: 1809 time: 0.1560988
2026-04-07 01:17:25.749 9 INFO neutron.wsgi [None req-699aa246-e191-47d1-a13b-ee5831ccbff5 d105e6de257a49a7885f9b87f26e42a3 02acb7c2e6e44871ba390a30e306db5b - - default default] 10.0.0.78 "GET /v2.0/security-group-rules/2a2094ca-9d5a-46a1-9782-154f4dfd842e HTTP/1.1" status: 200 len: 763 time: 0.0158842
2026-04-07 01:17:25.787 9 INFO neutron.wsgi [None req-668df9ad-b2bc-4f04-918e-d732f69ff8e4 d105e6de257a49a7885f9b87f26e42a3 02acb7c2e6e44871ba390a30e306db5b - - default default] 10.0.0.78 "GET /v2.0/security-group-rules HTTP/1.1" status: 200 len: 4113 time: 0.0336869
2026-04-07 01:17:25.859 10 INFO neutron.db.ovn_revision_numbers_db [None req-a17f33f2-b1a4-4930-bed0-564c26c5f327 ebe6d569ea3d4f2b834821297430bb65 33f14bb57dc0414cbbc120d11fa06335 - - - -] Successfully bumped revision number for resource 7f64c7b3-5825-4c0a-ac2d-b6aa418e9df3 (type: security_group_rules) to 0
2026-04-07 01:17:25.891 10 INFO neutron.wsgi [None req-a17f33f2-b1a4-4930-bed0-564c26c5f327 ebe6d569ea3d4f2b834821297430bb65 33f14bb57dc0414cbbc120d11fa06335 - - - -] 10.0.0.78 "POST /v2.0/security-group-rules HTTP/1.1" status: 201 len: 764 time: 0.1450315
2026-04-07 01:17:25.903 9 INFO neutron.wsgi [None req-707ee1fb-2935-4162-bd8f-c486e790f048 d105e6de257a49a7885f9b87f26e42a3 02acb7c2e6e44871ba390a30e306db5b - - - -] 10.0.0.78 "DELETE /v2.0/security-group-rules/2a2094ca-9d5a-46a1-9782-154f4dfd842e HTTP/1.1" status: 204 len: 168 time: 0.1109591
2026-04-07 01:17:25.941 9 INFO neutron.wsgi [None req-d37c7235-4914-4be5-b12e-ecf24798d75b d105e6de257a49a7885f9b87f26e42a3 02acb7c2e6e44871ba390a30e306db5b - - default default] 10.0.0.78 "GET /v2.0/security-group-rules HTTP/1.1" status: 200 len: 3567 time: 0.0334270
2026-04-07 01:17:26.013 10 INFO neutron.db.ovn_revision_numbers_db [None req-08b1f84d-fbc8-483d-bce2-ef610b67bde3 ebe6d569ea3d4f2b834821297430bb65 33f14bb57dc0414cbbc120d11fa06335 - - - -] Successfully bumped revision number for resource e2f1c040-b044-4908-a134-f33fe727770a (type: security_group_rules) to 0
2026-04-07 01:17:26.048 10 INFO neutron.wsgi [None req-08b1f84d-fbc8-483d-bce2-ef610b67bde3 ebe6d569ea3d4f2b834821297430bb65 33f14bb57dc0414cbbc120d11fa06335 - - - -] 10.0.0.78 "POST /v2.0/security-group-rules HTTP/1.1" status: 201 len: 763 time: 0.1509163
2026-04-07 01:17:26.050 9 INFO neutron.db.ovn_revision_numbers_db [None req-6fd7cbe2-9469-4ca2-9a4b-ae3a7e96204c d105e6de257a49a7885f9b87f26e42a3 02acb7c2e6e44871ba390a30e306db5b - - - -] Successfully bumped revision number for resource 73d13632-82d2-4b2d-89c4-9ba628e7ed1a (type: security_group_rules) to 0
2026-04-07 01:17:26.085 9 INFO neutron.wsgi [None req-6fd7cbe2-9469-4ca2-9a4b-ae3a7e96204c d105e6de257a49a7885f9b87f26e42a3 02acb7c2e6e44871ba390a30e306db5b - - - -] 10.0.0.78 "POST /v2.0/security-group-rules HTTP/1.1" status: 201 len: 768 time: 0.1398685
2026-04-07 01:17:26.122 9 INFO neutron.wsgi [None req-baa96ea8-ec16-421c-87f7-83469241cd83 d105e6de257a49a7885f9b87f26e42a3 02acb7c2e6e44871ba390a30e306db5b - - default default] 10.0.0.78 "GET /v2.0/security-group-rules/73d13632-82d2-4b2d-89c4-9ba628e7ed1a HTTP/1.1" status: 200 len: 763 time: 0.0143220
2026-04-07 01:17:26.166 10 INFO neutron.wsgi [None req-3c8c5b86-35ae-4a74-bf37-373451810a95 d105e6de257a49a7885f9b87f26e42a3 02acb7c2e6e44871ba390a30e306db5b - - default default] 10.0.0.78 "GET /v2.0/security-group-rules HTTP/1.1" status: 200 len: 4113 time: 0.0375609
2026-04-07 01:17:26.184 9 INFO neutron.db.ovn_revision_numbers_db [None req-2d091068-0d63-443f-8bdc-5aa12b1d4d36 ebe6d569ea3d4f2b834821297430bb65 33f14bb57dc0414cbbc120d11fa06335 - - - -] Successfully bumped revision number for resource 02b6f0bc-7b2e-4e4e-b53e-ddc4ec37587b (type: security_group_rules) to 0
2026-04-07 01:17:26.216 9 INFO neutron.wsgi [None req-2d091068-0d63-443f-8bdc-5aa12b1d4d36 ebe6d569ea3d4f2b834821297430bb65 33f14bb57dc0414cbbc120d11fa06335 - - - -] 10.0.0.78 "POST /v2.0/security-group-rules HTTP/1.1" status: 201 len: 769 time: 0.1607261
2026-04-07 01:17:26.315 9 INFO neutron.wsgi [None req-e9cce437-492f-4fbf-b837-f748e94882be d105e6de257a49a7885f9b87f26e42a3 02acb7c2e6e44871ba390a30e306db5b - - - -] 10.0.0.78 "DELETE /v2.0/security-group-rules/73d13632-82d2-4b2d-89c4-9ba628e7ed1a HTTP/1.1" status: 204 len: 168 time: 0.1420045
2026-04-07 01:17:26.361 10 INFO neutron.wsgi [None req-0e3a1d87-49ff-4954-9fa7-a39cc4f418b9 d105e6de257a49a7885f9b87f26e42a3 02acb7c2e6e44871ba390a30e306db5b - - default default] 10.0.0.78 "GET /v2.0/security-group-rules HTTP/1.1" status: 200 len: 3567 time: 0.0422711
2026-04-07 01:17:26.366 10 INFO neutron.db.ovn_revision_numbers_db [None req-89ec7d97-a807-48ef-9868-0bafd81823e9 ebe6d569ea3d4f2b834821297430bb65 33f14bb57dc0414cbbc120d11fa06335 - - - -] Successfully bumped revision number for resource ea0e6caf-798f-4f8a-94da-c3a2f33ce95f (type: security_group_rules) to 0
2026-04-07 01:17:26.418 10 INFO neutron.wsgi [None req-89ec7d97-a807-48ef-9868-0bafd81823e9 ebe6d569ea3d4f2b834821297430bb65 33f14bb57dc0414cbbc120d11fa06335 - - - -] 10.0.0.78 "POST /v2.0/security-group-rules HTTP/1.1" status: 201 len: 768 time: 0.1977839
2026-04-07 01:17:26.451 9 INFO neutron.db.securitygroups_db [None req-191cb850-ff6e-4187-b5a8-8406c3a0de72 ebe6d569ea3d4f2b834821297430bb65 33f14bb57dc0414cbbc120d11fa06335 - - - -] Project 33f14bb57dc0414cbbc120d11fa06335 added a security group rule with legacy IPv6 ICMP protocol name icmp, ipv6-icmp should be used instead. It was automatically converted.
2026-04-07 01:17:26.502 9 INFO neutron.db.ovn_revision_numbers_db [None req-7d4b70b5-e3f3-4cef-be46-8a16037adae9 d105e6de257a49a7885f9b87f26e42a3 02acb7c2e6e44871ba390a30e306db5b - - - -] Successfully bumped revision number for resource 3ce684ce-d2fd-4274-a823-8ad6fd9b1027 (type: security_group_rules) to 0
2026-04-07 01:17:26.543 9 INFO neutron.wsgi [None req-7d4b70b5-e3f3-4cef-be46-8a16037adae9 d105e6de257a49a7885f9b87f26e42a3 02acb7c2e6e44871ba390a30e306db5b - - - -] 10.0.0.78 "POST /v2.0/security-group-rules HTTP/1.1" status: 201 len: 769 time: 0.1748972
2026-04-07 01:17:26.546 9 INFO neutron.db.ovn_revision_numbers_db [None req-191cb850-ff6e-4187-b5a8-8406c3a0de72 ebe6d569ea3d4f2b834821297430bb65 33f14bb57dc0414cbbc120d11fa06335 - - - -] Successfully bumped revision number for resource 91367e93-5018-4456-8964-95a6c234c0f7 (type: security_group_rules) to 0
2026-04-07 01:17:26.568 10 INFO neutron.wsgi [None req-c5634bd4-bd8d-4180-9805-48eab3d55a4f d105e6de257a49a7885f9b87f26e42a3 02acb7c2e6e44871ba390a30e306db5b - - default default] 10.0.0.78 "GET /v2.0/security-group-rules/3ce684ce-d2fd-4274-a823-8ad6fd9b1027 HTTP/1.1" status: 200 len: 764 time: 0.0212250
2026-04-07 01:17:26.568 9 INFO neutron.wsgi [None req-191cb850-ff6e-4187-b5a8-8406c3a0de72 ebe6d569ea3d4f2b834821297430bb65 33f14bb57dc0414cbbc120d11fa06335 - - - -] 10.0.0.78 "POST /v2.0/security-group-rules HTTP/1.1" status: 201 len: 774 time: 0.1459112
2026-04-07 01:17:26.601 9 INFO neutron.db.securitygroups_db [None req-1ec20bf3-bd22-468f-8643-d9038ea59935 ebe6d569ea3d4f2b834821297430bb65 33f14bb57dc0414cbbc120d11fa06335 - - - -] Project 33f14bb57dc0414cbbc120d11fa06335 added a security group rule with legacy IPv6 ICMP protocol name icmp, ipv6-icmp should be used instead. It was automatically converted.
2026-04-07 01:17:26.609 10 INFO neutron.wsgi [None req-a4b7b36d-20f1-490b-9ab2-24ada3a156a6 d105e6de257a49a7885f9b87f26e42a3 02acb7c2e6e44871ba390a30e306db5b - - default default] 10.0.0.78 "GET /v2.0/security-group-rules HTTP/1.1" status: 200 len: 4114 time: 0.0345049
2026-04-07 01:17:26.732 10 INFO neutron.wsgi [None req-96f9c818-eb88-4f44-9d48-9c5150d394b7 d105e6de257a49a7885f9b87f26e42a3 02acb7c2e6e44871ba390a30e306db5b - - - -] 10.0.0.78 "DELETE /v2.0/security-group-rules/3ce684ce-d2fd-4274-a823-8ad6fd9b1027 HTTP/1.1" status: 204 len: 168 time: 0.1181312
2026-04-07 01:17:26.735 9 INFO neutron.db.ovn_revision_numbers_db [None req-1ec20bf3-bd22-468f-8643-d9038ea59935 ebe6d569ea3d4f2b834821297430bb65 33f14bb57dc0414cbbc120d11fa06335 - - - -] Successfully bumped revision number for resource c159ae08-7303-43cc-b359-8d4d511b7b4c (type: security_group_rules) to 0
2026-04-07 01:17:26.755 9 INFO neutron.wsgi [None req-73b81a4e-58fd-4bf0-82d0-37564f6b569e e28d91eeda564b7e9c95d723d251ce02 443dfa9cc1ee461a931975bea200f265 - - default default] 10.0.0.78 "GET /v2.0/ports/dec17d77-66ec-47d7-8e97-6a88a5f6ce78 HTTP/1.1" status: 200 len: 1135 time: 0.0449111
2026-04-07 01:17:26.765 9 INFO neutron.wsgi [None req-1ec20bf3-bd22-468f-8643-d9038ea59935 ebe6d569ea3d4f2b834821297430bb65 33f14bb57dc0414cbbc120d11fa06335 - - - -] 10.0.0.78 "POST /v2.0/security-group-rules HTTP/1.1" status: 201 len: 773 time: 0.1902771
2026-04-07 01:17:26.772 10 INFO neutron.wsgi [None req-62c56c41-9b27-4f61-bed7-f52a1a635200 d105e6de257a49a7885f9b87f26e42a3 02acb7c2e6e44871ba390a30e306db5b - - default default] 10.0.0.78 "GET /v2.0/security-group-rules HTTP/1.1" status: 200 len: 3567 time: 0.0331409
2026-04-07 01:17:26.895 10 INFO neutron.wsgi [None req-f094e457-0072-4ade-a3b8-5fcebc31e1ed d105e6de257a49a7885f9b87f26e42a3 02acb7c2e6e44871ba390a30e306db5b - - - -] 10.0.0.78 "DELETE /v2.0/security-groups/6cf87f61-5709-4390-9542-f50536abc0c2 HTTP/1.1" status: 204 len: 168 time: 0.1164734
2026-04-07 01:17:26.929 10 INFO neutron.wsgi [None req-d49f25a1-5c5f-4bf7-8243-00ae3077c552 d105e6de257a49a7885f9b87f26e42a3 02acb7c2e6e44871ba390a30e306db5b - - default default] 10.0.0.78 "GET /v2.0/security-groups HTTP/1.1" status: 200 len: 2996 time: 0.0282063
2026-04-07 01:17:26.968 9 INFO neutron.wsgi [None req-8f6a5d2c-aa59-4122-97d5-11370f3c0e07 d105e6de257a49a7885f9b87f26e42a3 02acb7c2e6e44871ba390a30e306db5b - - default default] 10.0.0.78 "GET /v2.0/security-groups HTTP/1.1" status: 200 len: 2996 time: 0.0336900
2026-04-07 01:17:27.395 9 INFO neutron.db.ovn_revision_numbers_db [None req-74930f2c-3571-420e-bb79-9a0d2f21e71f ebe6d569ea3d4f2b834821297430bb65 33f14bb57dc0414cbbc120d11fa06335 - - - -] Successfully bumped revision number for resource 2d59925d-d3aa-49c4-85fc-c35aafeeda90 (type: security_groups) to 1
2026-04-07 01:17:27.417 9 INFO neutron.wsgi [None req-74930f2c-3571-420e-bb79-9a0d2f21e71f ebe6d569ea3d4f2b834821297430bb65 33f14bb57dc0414cbbc120d11fa06335 - - - -] 10.0.0.78 "POST /v2.0/security-groups HTTP/1.1" status: 201 len: 1796 time: 0.2068498
2026-04-07 01:17:27.557 9 INFO neutron.db.ovn_revision_numbers_db [None req-263ea29c-1a83-4cbd-8685-32d9534fa65f ebe6d569ea3d4f2b834821297430bb65 33f14bb57dc0414cbbc120d11fa06335 - - - -] Successfully bumped revision number for resource 4b5a9b67-ce40-45bf-ad21-019b5b3534e0 (type: security_group_rules) to 0
2026-04-07 01:17:27.584 9 INFO neutron.wsgi [None req-263ea29c-1a83-4cbd-8685-32d9534fa65f ebe6d569ea3d4f2b834821297430bb65 33f14bb57dc0414cbbc120d11fa06335 - - - -] 10.0.0.78 "POST /v2.0/security-group-rules HTTP/1.1" status: 201 len: 764 time: 0.1594589
2026-04-07 01:17:27.682 9 INFO neutron.wsgi [None req-365c75d3-bac5-443e-8921-50d61895f596 2de2ec4e10b5434699edd7d80aea63a2 376d36ea2fb84aeca058828a48b1fc4b - - default default] 10.0.0.78 "GET /v2.0/security-groups?tenant_id=02acb7c2e6e44871ba390a30e306db5b&name=default HTTP/1.1" status: 200 len: 2996 time: 0.1885526
2026-04-07 01:17:27.717 9 INFO neutron.db.ovn_revision_numbers_db [None req-6a045bf6-366e-4745-846d-2df5e84544dc ebe6d569ea3d4f2b834821297430bb65 33f14bb57dc0414cbbc120d11fa06335 - - - -] Successfully bumped revision number for resource 81e3a9d5-db5b-4e64-9b49-fa89e7d7331f (type: security_group_rules) to 0
2026-04-07 01:17:27.750 9 INFO neutron.wsgi [None req-6a045bf6-366e-4745-846d-2df5e84544dc ebe6d569ea3d4f2b834821297430bb65 33f14bb57dc0414cbbc120d11fa06335 - - - -] 10.0.0.78 "POST /v2.0/security-group-rules HTTP/1.1" status: 201 len: 769 time: 0.1621621
2026-04-07 01:17:27.893 10 INFO neutron.wsgi [None req-8c50fd0a-82db-48bc-85c6-6ba1df5c72e7 e28d91eeda564b7e9c95d723d251ce02 443dfa9cc1ee461a931975bea200f265 - - default default] 10.0.0.78 "GET /v2.0/ports/dec17d77-66ec-47d7-8e97-6a88a5f6ce78 HTTP/1.1" status: 200 len: 1135 time: 0.1308038
2026-04-07 01:17:27.971 10 INFO neutron.wsgi [None req-be4500d8-0887-442b-92ac-01b2231d39bb 2de2ec4e10b5434699edd7d80aea63a2 376d36ea2fb84aeca058828a48b1fc4b - - - -] 10.0.0.78 "DELETE /v2.0/security-groups/0557ebae-52cf-4621-830f-a35e2541511b HTTP/1.1" status: 204 len: 168 time: 0.2833283
2026-04-07 01:17:28.039 9 WARNING neutron.scheduler.dhcp_agent_scheduler [None req-3c265044-8a05-4a98-bc1e-059b7b775705 ebe6d569ea3d4f2b834821297430bb65 33f14bb57dc0414cbbc120d11fa06335 - - - -] No more DHCP agents
2026-04-07 01:17:28.041 9 WARNING neutron.api.rpc.agentnotifiers.dhcp_rpc_agent_api [None req-3c265044-8a05-4a98-bc1e-059b7b775705 ebe6d569ea3d4f2b834821297430bb65 33f14bb57dc0414cbbc120d11fa06335 - - - -] Unable to schedule network 97a2ea9d-c987-4844-aa76-716df499f90b: no agents available; will retry on subsequent port and subnet creation events.
2026-04-07 01:17:28.354 9 INFO neutron.db.ovn_revision_numbers_db [None req-3c265044-8a05-4a98-bc1e-059b7b775705 ebe6d569ea3d4f2b834821297430bb65 33f14bb57dc0414cbbc120d11fa06335 - - - -] Successfully bumped revision number for resource f3565c50-7bfb-41fb-99ce-e88893508cf1 (type: floatingips) to 0
2026-04-07 01:17:28.372 9 INFO neutron.wsgi [None req-3c265044-8a05-4a98-bc1e-059b7b775705 ebe6d569ea3d4f2b834821297430bb65 33f14bb57dc0414cbbc120d11fa06335 - - - -] 10.0.0.78 "POST /v2.0/floatingips HTTP/1.1" status: 201 len: 751 time: 0.6151614
2026-04-07 01:17:28.510 9 INFO neutron.wsgi [req-f3849005-467b-4387-a490-33c85a5ab233 req-a17912b3-92f0-41b9-9cd8-702ec2c4d571 ebe6d569ea3d4f2b834821297430bb65 33f14bb57dc0414cbbc120d11fa06335 - - default default] 10.0.0.171 "GET /v2.0/security-groups?name=tempest-secgroup-smoke-421049168&fields=id&tenant_id=33f14bb57dc0414cbbc120d11fa06335 HTTP/1.1" status: 200 len: 267 time: 0.0502810
2026-04-07 01:17:28.512 9 WARNING neutron.plugins.ml2.drivers.ovn.mech_driver.ovsdb.ovn_client [None req-126ef58e-08ad-43f9-a7ec-660b06e6fa23 - - - - - -] No hosting information found for port 96275c0f-5c2e-4aab-8774-a379d6376a9f: RuntimeError: No hosting information found for port 96275c0f-5c2e-4aab-8774-a379d6376a9f
2026-04-07 01:17:28.512 9 INFO neutron.plugins.ml2.drivers.ovn.mech_driver.mech_driver [None req-126ef58e-08ad-43f9-a7ec-660b06e6fa23 - - - - - -] OVN reports status up for port: dec17d77-66ec-47d7-8e97-6a88a5f6ce78
2026-04-07 01:17:28.524 9 INFO neutron.plugins.ml2.plugin [None req-126ef58e-08ad-43f9-a7ec-660b06e6fa23 - - - - - -] Attempt 1 to provision port dec17d77-66ec-47d7-8e97-6a88a5f6ce78
2026-04-07 01:17:28.573 9 INFO neutron.wsgi [req-f3849005-467b-4387-a490-33c85a5ab233 req-e45e060a-9b1d-41f3-9177-39d6f1295b72 ebe6d569ea3d4f2b834821297430bb65 33f14bb57dc0414cbbc120d11fa06335 - - default default] 10.0.0.171 "GET /v2.0/security-groups?name=tempest-securitygroup--1572323899&fields=id&tenant_id=33f14bb57dc0414cbbc120d11fa06335 HTTP/1.1" status: 200 len: 267 time: 0.0557058
2026-04-07 01:17:28.632 10 WARNING neutron.plugins.ml2.drivers.ovn.mech_driver.ovsdb.ovn_client [None req-d973d1cf-d5bc-452b-a482-37fcd50962da - - - - - -] No hosting information found for port 0bfd206e-1e64-467b-bf24-5e0b6de74594: RuntimeError: No hosting information found for port 0bfd206e-1e64-467b-bf24-5e0b6de74594
2026-04-07 01:17:28.632 10 INFO neutron.plugins.ml2.drivers.ovn.mech_driver.mech_driver [None req-d973d1cf-d5bc-452b-a482-37fcd50962da - - - - - -] OVN reports status up for port: ca37415f-f795-48f2-b9b1-e16a1be63ff8
2026-04-07 01:17:28.656 10 INFO neutron.plugins.ml2.drivers.ovn.mech_driver.mech_driver [None req-d973d1cf-d5bc-452b-a482-37fcd50962da - - - - - -] OVN reports status up for port: dcc27d9b-1e58-43bd-9b29-79a50dfedf32
2026-04-07 01:17:28.660 9 INFO neutron.wsgi [req-f3849005-467b-4387-a490-33c85a5ab233 req-f38914b9-8893-420f-8767-0d5654c29d16 ebe6d569ea3d4f2b834821297430bb65 33f14bb57dc0414cbbc120d11fa06335 - - default default] 10.0.0.171 "GET /v2.0/networks?id=a7a4e2a2-04cc-439a-9869-fa7fb064264c HTTP/1.1" status: 200 len: 871 time: 0.0779006
2026-04-07 01:17:28.669 10 INFO neutron.plugins.ml2.plugin [None req-d973d1cf-d5bc-452b-a482-37fcd50962da - - - - - -] Attempt 1 to provision port dcc27d9b-1e58-43bd-9b29-79a50dfedf32
2026-04-07 01:17:28.687 9 INFO neutron.wsgi [req-f3849005-467b-4387-a490-33c85a5ab233 req-87465330-a1c3-44a0-b3f0-2ed60d4e866b ebe6d569ea3d4f2b834821297430bb65 33f14bb57dc0414cbbc120d11fa06335 - - default default] 10.0.0.171 "GET /v2.0/quotas/33f14bb57dc0414cbbc120d11fa06335 HTTP/1.1" status: 200 len: 386 time: 0.0136514
2026-04-07 01:17:28.796 9 INFO neutron.wsgi [req-f3849005-467b-4387-a490-33c85a5ab233 req-fbcc97ba-a64d-4ab4-8670-b51bbc35b89c ebe6d569ea3d4f2b834821297430bb65 33f14bb57dc0414cbbc120d11fa06335 - - default default] 10.0.0.171 "GET /v2.0/ports?tenant_id=33f14bb57dc0414cbbc120d11fa06335&fields=id HTTP/1.1" status: 200 len: 302 time: 0.0977964
2026-04-07 01:17:28.881 9 INFO neutron.db.ovn_revision_numbers_db [None req-126ef58e-08ad-43f9-a7ec-660b06e6fa23 - - - - - -] Successfully bumped revision number for resource dec17d77-66ec-47d7-8e97-6a88a5f6ce78 (type: ports) to 3
2026-04-07 01:17:28.886 9 INFO neutron.wsgi [req-f3849005-467b-4387-a490-33c85a5ab233 req-dd251285-7990-41cf-aaea-a07422489054 0af61b1f3a0f4b8396f868ae7c7a61d9 e4f484039e694525971575f21e0e6b00 - - 0041f4aab5cb4ad2b9d4fd8d7cd3dc10 0041f4aab5cb4ad2b9d4fd8d7cd3dc10] 10.0.0.171 "GET /v2.0/networks/a7a4e2a2-04cc-439a-9869-fa7fb064264c?fields=segments HTTP/1.1" status: 200 len: 212 time: 0.0627298
2026-04-07 01:17:28.989 9 INFO neutron.wsgi [None req-9ffeca6a-604b-434e-a7d0-410ec12e1865 e28d91eeda564b7e9c95d723d251ce02 443dfa9cc1ee461a931975bea200f265 - - default default] 10.0.0.78 "GET /v2.0/ports/dec17d77-66ec-47d7-8e97-6a88a5f6ce78 HTTP/1.1" status: 200 len: 1137 time: 0.0785542
2026-04-07 01:17:29.026 9 INFO neutron.wsgi [req-f3849005-467b-4387-a490-33c85a5ab233 req-14992bfd-5dc1-4888-b13e-4e398ef083f5 0af61b1f3a0f4b8396f868ae7c7a61d9 e4f484039e694525971575f21e0e6b00 - - 0041f4aab5cb4ad2b9d4fd8d7cd3dc10 0041f4aab5cb4ad2b9d4fd8d7cd3dc10] 10.0.0.171 "GET /v2.0/networks/a7a4e2a2-04cc-439a-9869-fa7fb064264c?fields=provider%3Aphysical_network&fields=provider%3Anetwork_type HTTP/1.1" status: 200 len: 277 time: 0.1185141
2026-04-07 01:17:29.055 9 INFO neutron.db.ovn_revision_numbers_db [None req-126ef58e-08ad-43f9-a7ec-660b06e6fa23 - - - - - -] Successfully bumped revision number for resource dec17d77-66ec-47d7-8e97-6a88a5f6ce78 (type: router_ports) to 3
2026-04-07 01:17:29.075 10 INFO neutron.plugins.ml2.drivers.ovn.mech_driver.mech_driver [None req-d973d1cf-d5bc-452b-a482-37fcd50962da - - - - - -] OVN reports status up for port: 22b2fe12-7af8-474b-96d2-07c20380b974
2026-04-07 01:17:29.084 10 INFO neutron.plugins.ml2.plugin [None req-d973d1cf-d5bc-452b-a482-37fcd50962da - - - - - -] Attempt 1 to provision port 22b2fe12-7af8-474b-96d2-07c20380b974
2026-04-07 01:17:29.187 10 INFO neutron.wsgi [req-7de126eb-6971-47fa-ba17-be20b1a47533 req-34d69a43-8544-4326-8e1f-ed97653e02db ebe6d569ea3d4f2b834821297430bb65 33f14bb57dc0414cbbc120d11fa06335 - - default default] 10.0.0.171 "GET /v2.0/ports?device_id=9e7bea7e-226e-4b2a-988f-7ab59e3fce76 HTTP/1.1" status: 200 len: 210 time: 0.0252008
2026-04-07 01:17:29.360 10 INFO neutron.db.ovn_revision_numbers_db [None req-d973d1cf-d5bc-452b-a482-37fcd50962da - - - - - -] Successfully bumped revision number for resource 22b2fe12-7af8-474b-96d2-07c20380b974 (type: ports) to 3
2026-04-07 01:17:29.482 10 INFO neutron.db.ovn_revision_numbers_db [None req-d973d1cf-d5bc-452b-a482-37fcd50962da - - - - - -] Successfully bumped revision number for resource 22b2fe12-7af8-474b-96d2-07c20380b974 (type: router_ports) to 3
2026-04-07 01:17:29.613 10 INFO neutron.wsgi [-] 10.0.0.47 "GET / HTTP/1.1" status: 200 len: 247 time: 0.0017183
2026-04-07 01:17:29.613 9 INFO neutron.wsgi [-] 10.0.0.47 "GET / HTTP/1.1" status: 200 len: 247 time: 0.0017014
2026-04-07 01:17:29.719 9 INFO neutron.wsgi [None req-7306ed3c-5f2c-4618-8643-80c476296495 e28d91eeda564b7e9c95d723d251ce02 443dfa9cc1ee461a931975bea200f265 - - - -] 10.0.0.78 "PUT /v2.0/routers/e0d2c554-be04-446e-9284-e3c35752e315/remove_router_interface HTTP/1.1" status: 200 len: 503 time: 0.7238004 /var/lib/openstack/lib/python3.10/site-packages/pycadf/identifier.py:71: UserWarning: Invalid uuid: neutron. To ensure interoperability, identifiers should be a valid uuid. warnings.warn(('Invalid uuid: %s. To ensure interoperability, '
2026-04-07 01:17:29.739 10 INFO neutron.wsgi [-] 10.0.0.78 "GET / HTTP/1.1" status: 200 len: 279 time: 0.0023541
2026-04-07 01:17:29.797 10 INFO neutron.wsgi [None req-9a9dafc3-c80e-493e-bc23-3d51b2450b99 f72ee46ea5bd483fb80b486bcd52d140 60ba698688d0462bbbe9f0059ff6cb9d - - default default] 10.0.0.78 "GET /v2.0/ HTTP/1.1" status: 200 len: 826 time: 0.0524774
2026-04-07 01:17:29.865 10 INFO neutron.db.ovn_revision_numbers_db [None req-4db272ec-fe91-4ba7-a58d-3fb683a8c4fe 2de2ec4e10b5434699edd7d80aea63a2 376d36ea2fb84aeca058828a48b1fc4b - - default default] Successfully bumped revision number for resource 5f664f4c-5832-456a-9954-6907b4aa497b (type: security_groups) to 1
2026-04-07 01:17:29.887 10 INFO neutron.wsgi [None req-4db272ec-fe91-4ba7-a58d-3fb683a8c4fe 2de2ec4e10b5434699edd7d80aea63a2 376d36ea2fb84aeca058828a48b1fc4b - - default default] 10.0.0.78 "GET /v2.0/security-groups?tenant_id=dda65844f87b499987ca9d6f74fce4d6&name=default HTTP/1.1" status: 200 len: 2996 time: 0.3017919
2026-04-07 01:17:30.113 9 INFO neutron.wsgi [None req-d0391e19-e717-4e3d-833f-a59124505ea5 e28d91eeda564b7e9c95d723d251ce02 443dfa9cc1ee461a931975bea200f265 - - default default] 10.0.0.78 "GET /v2.0/ports/96275c0f-5c2e-4aab-8774-a379d6376a9f HTTP/1.1" status: 200 len: 1137 time: 0.3874259
2026-04-07 01:17:30.136 9 INFO neutron.wsgi [req-f3849005-467b-4387-a490-33c85a5ab233 req-f0aac283-d263-43a2-86d2-9f4e97913d94 ebe6d569ea3d4f2b834821297430bb65 33f14bb57dc0414cbbc120d11fa06335 - - default default] 199.19.213.133 "GET /v2.0/networks?id=a7a4e2a2-04cc-439a-9869-fa7fb064264c HTTP/1.1" status: 200 len: 871 time: 0.0692158
2026-04-07 01:17:30.148 10 INFO neutron.wsgi [None req-33443e10-4733-47ae-bd1b-4ab7531f3dc1 2de2ec4e10b5434699edd7d80aea63a2 376d36ea2fb84aeca058828a48b1fc4b - - - -] 10.0.0.78 "DELETE /v2.0/security-groups/5f664f4c-5832-456a-9954-6907b4aa497b HTTP/1.1" status: 204 len: 168 time: 0.2550261
2026-04-07 01:17:30.203 9 INFO neutron.wsgi [req-f3849005-467b-4387-a490-33c85a5ab233 req-d9bd366f-3459-4558-a9a3-f547bd9d3692 ebe6d569ea3d4f2b834821297430bb65 33f14bb57dc0414cbbc120d11fa06335 - - default default] 199.19.213.133 "GET /v2.0/security-groups?fields=id&fields=name&tenant_id=33f14bb57dc0414cbbc120d11fa06335 HTTP/1.1" status: 200 len: 472 time: 0.0508392
2026-04-07 01:17:30.314 9 INFO neutron.wsgi [req-2fc1f839-9d2f-4fe7-bb14-6b32322d9279 req-19739994-4afd-425b-9722-f76c9fc3bbb5 ebe6d569ea3d4f2b834821297430bb65 33f14bb57dc0414cbbc120d11fa06335 - - default default] 10.0.0.171 "GET /v2.0/ports?device_id=9e7bea7e-226e-4b2a-988f-7ab59e3fce76 HTTP/1.1" status: 200 len: 210 time: 0.0288980
2026-04-07 01:17:30.470 9 INFO neutron.db.ovn_revision_numbers_db [None req-7f87bd05-9c74-49c9-9bdc-0975ec51532a 2de2ec4e10b5434699edd7d80aea63a2 376d36ea2fb84aeca058828a48b1fc4b - - default default] Successfully bumped revision number for resource dfdf2fad-fa46-4886-bf0f-bd253d600db3 (type: security_groups) to 1
2026-04-07 01:17:30.510 9 INFO neutron.wsgi [None req-7f87bd05-9c74-49c9-9bdc-0975ec51532a 2de2ec4e10b5434699edd7d80aea63a2 376d36ea2fb84aeca058828a48b1fc4b - - default default] 10.0.0.78 "GET /v2.0/security-groups?tenant_id=1ed6206a72a74983bdf81ca27be7bb91&name=default HTTP/1.1" status: 200 len: 2996 time: 0.1898904
2026-04-07 01:17:30.619 9 WARNING neutron.scheduler.dhcp_agent_scheduler [None req-d502e1cf-340d-4c60-b642-6128b318e464 ebe6d569ea3d4f2b834821297430bb65 33f14bb57dc0414cbbc120d11fa06335 - - - -] No more DHCP agents
2026-04-07 01:17:30.625 9 WARNING neutron.api.rpc.agentnotifiers.dhcp_rpc_agent_api [None req-d502e1cf-340d-4c60-b642-6128b318e464 ebe6d569ea3d4f2b834821297430bb65 33f14bb57dc0414cbbc120d11fa06335 - - - -] Unable to schedule network a7a4e2a2-04cc-439a-9869-fa7fb064264c: no agents available; will retry on subsequent port and subnet creation events.
2026-04-07 01:17:30.666 10 INFO neutron.db.ovn_revision_numbers_db [None req-b5150cb8-3389-45b3-ad42-ff4476ee32a4 2de2ec4e10b5434699edd7d80aea63a2 376d36ea2fb84aeca058828a48b1fc4b - - default default] Successfully bumped revision number for resource 073ad24f-d10d-45b6-bca7-6eab12942204 (type: security_groups) to 1
2026-04-07 01:17:30.699 10 INFO neutron.wsgi [None req-b5150cb8-3389-45b3-ad42-ff4476ee32a4 2de2ec4e10b5434699edd7d80aea63a2 376d36ea2fb84aeca058828a48b1fc4b - - default default] 10.0.0.78 "GET /v2.0/security-groups?tenant_id=60ba698688d0462bbbe9f0059ff6cb9d&name=default HTTP/1.1" status: 200 len: 2996 time: 0.3922083
2026-04-07 01:17:30.792 9 INFO neutron.db.ovn_revision_numbers_db [None req-d502e1cf-340d-4c60-b642-6128b318e464 ebe6d569ea3d4f2b834821297430bb65 33f14bb57dc0414cbbc120d11fa06335 - - - -] Successfully bumped revision number for resource 34a9d0b0-e02a-4b7c-9de1-dc93431033ab (type: ports) to 1
2026-04-07 01:17:30.811 9 INFO neutron.wsgi [None req-d502e1cf-340d-4c60-b642-6128b318e464 ebe6d569ea3d4f2b834821297430bb65 33f14bb57dc0414cbbc120d11fa06335 - - - -] 199.19.213.133 "POST /v2.0/ports HTTP/1.1" status: 201 len: 1197 time: 0.6014957 /var/lib/openstack/lib/python3.10/site-packages/pycadf/identifier.py:71: UserWarning: Invalid uuid: neutron. To ensure interoperability, identifiers should be a valid uuid. warnings.warn(('Invalid uuid: %s. To ensure interoperability, '
2026-04-07 01:17:30.880 10 INFO neutron.wsgi [None req-a2c79a68-8d79-4de9-83d4-f8976cff886d 2de2ec4e10b5434699edd7d80aea63a2 376d36ea2fb84aeca058828a48b1fc4b - - - -] 10.0.0.78 "DELETE /v2.0/security-groups/dfdf2fad-fa46-4886-bf0f-bd253d600db3 HTTP/1.1" status: 204 len: 168 time: 0.3641441
2026-04-07 01:17:30.927 10 INFO neutron.wsgi [None req-3aa41e86-2231-494a-88f1-86af5d68836e e28d91eeda564b7e9c95d723d251ce02 443dfa9cc1ee461a931975bea200f265 - - - -] 10.0.0.78 "PUT /v2.0/routers/e0d2c554-be04-446e-9284-e3c35752e315/remove_router_interface HTTP/1.1" status: 200 len: 503 time: 0.8070905
2026-04-07 01:17:30.960 9 INFO neutron.wsgi [None req-d32b5665-379d-475e-b337-cbb278004bbe e28d91eeda564b7e9c95d723d251ce02 443dfa9cc1ee461a931975bea200f265 - - default default] 10.0.0.78 "GET /v2.0/ports?device_id=e0d2c554-be04-446e-9284-e3c35752e315 HTTP/1.1" status: 200 len: 205 time: 0.0260973 /var/lib/openstack/lib/python3.10/site-packages/pycadf/identifier.py:71: UserWarning: Invalid uuid: neutron. To ensure interoperability, identifiers should be a valid uuid. warnings.warn(('Invalid uuid: %s. To ensure interoperability, '
2026-04-07 01:17:31.067 10 INFO neutron.wsgi [None req-b5e5d798-c138-4088-902e-030999e484bb 2de2ec4e10b5434699edd7d80aea63a2 376d36ea2fb84aeca058828a48b1fc4b - - - -] 10.0.0.78 "DELETE /v2.0/security-groups/073ad24f-d10d-45b6-bca7-6eab12942204 HTTP/1.1" status: 204 len: 168 time: 0.3607097
2026-04-07 01:17:31.200 9 INFO neutron.db.ovn_revision_numbers_db [None req-3058fac5-5051-490d-bea4-8a2034eb715b 0af61b1f3a0f4b8396f868ae7c7a61d9 e4f484039e694525971575f21e0e6b00 - - - -] Successfully bumped revision number for resource 34a9d0b0-e02a-4b7c-9de1-dc93431033ab (type: ports) to 2
2026-04-07 01:17:31.228 10 INFO neutron.wsgi [None req-359bd273-d3d6-4c0d-9047-c28fcda28cac e28d91eeda564b7e9c95d723d251ce02 443dfa9cc1ee461a931975bea200f265 - - - -] 10.0.0.78 "DELETE /v2.0/routers/e0d2c554-be04-446e-9284-e3c35752e315 HTTP/1.1" status: 204 len: 168 time: 0.2625442 /var/lib/openstack/lib/python3.10/site-packages/pycadf/identifier.py:71: UserWarning: Invalid uuid: neutron. To ensure interoperability, identifiers should be a valid uuid. warnings.warn(('Invalid uuid: %s. To ensure interoperability, '
2026-04-07 01:17:31.464 9 INFO neutron.db.ovn_revision_numbers_db [None req-3058fac5-5051-490d-bea4-8a2034eb715b 0af61b1f3a0f4b8396f868ae7c7a61d9 e4f484039e694525971575f21e0e6b00 - - - -] Successfully bumped revision number for resource 34a9d0b0-e02a-4b7c-9de1-dc93431033ab (type: ports) to 2
2026-04-07 01:17:31.481 10 INFO neutron.wsgi [req-d841e6ee-a4bf-492b-8094-5439ad95b4a7 req-b7e1e3a6-25c0-4154-9928-156179032b92 ebe6d569ea3d4f2b834821297430bb65 33f14bb57dc0414cbbc120d11fa06335 - - default default] 10.0.0.171 "GET /v2.0/ports?device_id=9e7bea7e-226e-4b2a-988f-7ab59e3fce76 HTTP/1.1" status: 200 len: 1208 time: 0.0900576
2026-04-07 01:17:31.490 9 INFO neutron.wsgi [None req-1d33fce1-ee89-488e-a8d9-aad58c9489ee e28d91eeda564b7e9c95d723d251ce02 443dfa9cc1ee461a931975bea200f265 - - - -] 10.0.0.78 "DELETE /v2.0/subnets/4d21b5d0-fb3f-4cdb-9696-dd823fcc5d8b HTTP/1.1" status: 204 len: 168 time: 0.2578309
2026-04-07 01:17:31.496 9 INFO neutron.wsgi [None req-3058fac5-5051-490d-bea4-8a2034eb715b 0af61b1f3a0f4b8396f868ae7c7a61d9 e4f484039e694525971575f21e0e6b00 - - - -] 199.19.213.133 "PUT /v2.0/ports/34a9d0b0-e02a-4b7c-9de1-dc93431033ab HTTP/1.1" status: 200 len: 1367 time: 0.6769524 /var/lib/openstack/lib/python3.10/site-packages/pycadf/identifier.py:71: UserWarning: Invalid uuid: neutron. To ensure interoperability, identifiers should be a valid uuid. warnings.warn(('Invalid uuid: %s. To ensure interoperability, '
