2026-04-07 01:20:39.523 9 ERROR neutron.plugins.ml2.managers oslo_db.exception.DBReferenceError: (pymysql.err.IntegrityError) (1452, 'Cannot add or update a child row: a foreign key constraint fails (`neutron`.`ovn_revision_numbers`, CONSTRAINT `ovn_revision_numbers_ibfk_1` FOREIGN KEY (`standard_attr_id`) REFERENCES `standardattributes` (`id`) ON DELETE SET NULL)')
2026-04-07 01:20:39.523 9 ERROR neutron.plugins.ml2.managers [SQL: UPDATE ovn_revision_numbers SET standard_attr_id=%(standard_attr_id)s, revision_number=%(revision_number)s, updated_at=now() WHERE ovn_revision_numbers.resource_uuid = %(ovn_revision_numbers_resource_uuid)s AND ovn_revision_numbers.resource_type = %(ovn_revision_numbers_resource_type)s]
2026-04-07 01:20:39.523 9 ERROR neutron.plugins.ml2.managers [parameters: {'standard_attr_id': 1048, 'revision_number': 7, 'ovn_revision_numbers_resource_uuid': 'caa261fd-b4fe-4902-942b-15285ddd7a1c', 'ovn_revision_numbers_resource_type': 'ports'}]
2026-04-07 01:20:39.523 9 ERROR neutron.plugins.ml2.managers (Background on this error at: https://sqlalche.me/e/14/gkpj)
2026-04-07 01:20:39.523 9 ERROR neutron.plugins.ml2.managers 
2026-04-07 01:20:39.551 9 INFO neutron.wsgi [None req-e929c04a-f7a8-49be-b3b7-855e8c3a3982 2de2ec4e10b5434699edd7d80aea63a2 376d36ea2fb84aeca058828a48b1fc4b - - - -] 199.19.213.133 "DELETE /v2.0/ports/caa261fd-b4fe-4902-942b-15285ddd7a1c HTTP/1.1" status: 204 len: 173 time: 0.5673831
2026-04-07 01:20:39.639 9 INFO neutron.wsgi [req-fb88cac3-b21a-448e-bb2a-a1a0df67e451 req-d9bae822-fba4-4b49-8d03-e1692d2d79e1 0af61b1f3a0f4b8396f868ae7c7a61d9 e4f484039e694525971575f21e0e6b00 - - 0041f4aab5cb4ad2b9d4fd8d7cd3dc10 0041f4aab5cb4ad2b9d4fd8d7cd3dc10] 199.19.213.133 "GET /v2.0/ports?tenant_id=376d36ea2fb84aeca058828a48b1fc4b&device_id=eb0ef17f-234d-4d66-ad88-e4fc15b49b46 HTTP/1.1" status: 200 len: 2632 time: 0.0362504
2026-04-07 01:20:39.720 10 INFO neutron.wsgi [None req-88d5774e-62d3-4d7d-b88b-031542bcf70a 2de2ec4e10b5434699edd7d80aea63a2 376d36ea2fb84aeca058828a48b1fc4b - - default default] 199.19.213.133 "GET /v2.0/ports?device_id=eb0ef17f-234d-4d66-ad88-e4fc15b49b46 HTTP/1.1" status: 200 len: 2632 time: 0.0295482
2026-04-07 01:20:39.720 9 INFO neutron.wsgi [req-fb88cac3-b21a-448e-bb2a-a1a0df67e451 req-7c3caee3-1b1e-472a-ade1-15ff2dfbcf1d 0af61b1f3a0f4b8396f868ae7c7a61d9 e4f484039e694525971575f21e0e6b00 - - 0041f4aab5cb4ad2b9d4fd8d7cd3dc10 0041f4aab5cb4ad2b9d4fd8d7cd3dc10] 199.19.213.133 "GET /v2.0/networks?id=2be236a4-db8d-4f32-8d1e-c9a60f6d28f1&id=634b6ed5-5e4c-499d-8943-dc279aa2f301&id=a003c6d5-0ce9-442d-98a6-c3896ae9ee4a HTTP/1.1" status: 200 len: 2519 time: 0.0749979
2026-04-07 01:20:39.749 10 INFO neutron.pecan_wsgi.hooks.translation [None req-70970168-d01d-438d-a576-d288f856efb2 2de2ec4e10b5434699edd7d80aea63a2 376d36ea2fb84aeca058828a48b1fc4b - - - -] DELETE failed (client error): The resource could not be found.
2026-04-07 01:20:39.751 10 INFO neutron.wsgi [None req-70970168-d01d-438d-a576-d288f856efb2 2de2ec4e10b5434699edd7d80aea63a2 376d36ea2fb84aeca058828a48b1fc4b - - - -] 199.19.213.133 "DELETE /v2.0/ports/caa261fd-b4fe-4902-942b-15285ddd7a1c HTTP/1.1" status: 404 len: 338 time: 0.0245135
2026-04-07 01:20:39.756 9 INFO neutron.wsgi [req-fb88cac3-b21a-448e-bb2a-a1a0df67e451 req-8a6ba04f-1852-4587-b0de-feb46b56a7b2 0af61b1f3a0f4b8396f868ae7c7a61d9 e4f484039e694525971575f21e0e6b00 - - 0041f4aab5cb4ad2b9d4fd8d7cd3dc10 0041f4aab5cb4ad2b9d4fd8d7cd3dc10] 199.19.213.133 "GET /v2.0/floatingips?fixed_ip_address=172.24.2.180&port_id=d0849a48-ae33-4a41-9bed-8dd139ad654c HTTP/1.1" status: 200 len: 217 time: 0.0280197
2026-04-07 01:20:39.793 9 INFO neutron.wsgi [req-fb88cac3-b21a-448e-bb2a-a1a0df67e451 req-4b39b245-2703-4c03-896f-f81b7e26346e 0af61b1f3a0f4b8396f868ae7c7a61d9 e4f484039e694525971575f21e0e6b00 - - 0041f4aab5cb4ad2b9d4fd8d7cd3dc10 0041f4aab5cb4ad2b9d4fd8d7cd3dc10] 199.19.213.133 "GET /v2.0/subnets?id=99a67153-bbc9-4246-8a5e-f528b5c58e6d HTTP/1.1" status: 200 len: 829 time: 0.0323529
2026-04-07 01:20:39.813 10 INFO neutron.wsgi [None req-77d5262b-13d4-4c4d-8122-d3ccd3822c53 2de2ec4e10b5434699edd7d80aea63a2 376d36ea2fb84aeca058828a48b1fc4b - - default default] 199.19.213.133 "GET /v2.0/extensions/security-group HTTP/1.1" status: 200 len: 369 time: 0.0075066
2026-04-07 01:20:39.822 9 INFO neutron.wsgi [req-fb88cac3-b21a-448e-bb2a-a1a0df67e451 req-f97e97ab-792e-4789-a4d1-a416c7a0083d 0af61b1f3a0f4b8396f868ae7c7a61d9 e4f484039e694525971575f21e0e6b00 - - 0041f4aab5cb4ad2b9d4fd8d7cd3dc10 0041f4aab5cb4ad2b9d4fd8d7cd3dc10] 199.19.213.133 "GET /v2.0/ports?network_id=2be236a4-db8d-4f32-8d1e-c9a60f6d28f1&device_owner=network%3Adhcp HTTP/1.1" status: 200 len: 210 time: 0.0220094
2026-04-07 01:20:39.825 10 INFO neutron.wsgi [None req-128234ef-6ea6-4e05-b741-ffa56131e4a9 2de2ec4e10b5434699edd7d80aea63a2 376d36ea2fb84aeca058828a48b1fc4b - - default default] 199.19.213.133 "GET /v2.0/extensions/dns-integration HTTP/1.1" status: 200 len: 371 time: 0.0079806
2026-04-07 01:20:39.833 10 INFO neutron.wsgi [None req-f635b160-5184-4f51-86aa-0813e9d4ee94 2de2ec4e10b5434699edd7d80aea63a2 376d36ea2fb84aeca058828a48b1fc4b - - default default] 199.19.213.133 "GET /v2.0/extensions/qos HTTP/1.1" status: 200 len: 365 time: 0.0032592
2026-04-07 01:20:39.843 10 INFO neutron.wsgi [None req-aea34cd0-7d41-4c49-9855-93d520987e40 2de2ec4e10b5434699edd7d80aea63a2 376d36ea2fb84aeca058828a48b1fc4b - - default default] 199.19.213.133 "GET /v2.0/extensions/allowed-address-pairs HTTP/1.1" status: 200 len: 383 time: 0.0046456
2026-04-07 01:20:39.880 10 INFO neutron.wsgi [None req-97d67022-4ef1-4d37-90d6-98039f85c0a1 2de2ec4e10b5434699edd7d80aea63a2 376d36ea2fb84aeca058828a48b1fc4b - - default default] 199.19.213.133 "GET /v2.0/subnets/3a5442fe-b459-44cf-8c69-2bfbfbce9a03 HTTP/1.1" status: 200 len: 851 time: 0.0312967
2026-04-07 01:20:39.882 9 INFO neutron.wsgi [req-fb88cac3-b21a-448e-bb2a-a1a0df67e451 req-559dc72d-559d-4eb8-977d-94409aa7d5f3 0af61b1f3a0f4b8396f868ae7c7a61d9 e4f484039e694525971575f21e0e6b00 - - 0041f4aab5cb4ad2b9d4fd8d7cd3dc10 0041f4aab5cb4ad2b9d4fd8d7cd3dc10] 199.19.213.133 "GET /v2.0/networks/2be236a4-db8d-4f32-8d1e-c9a60f6d28f1?fields=segments HTTP/1.1" status: 200 len: 212 time: 0.0551410
2026-04-07 01:20:39.917 10 INFO neutron.wsgi [None req-b6f411c8-4b35-4dd1-b947-673c033248b0 2de2ec4e10b5434699edd7d80aea63a2 376d36ea2fb84aeca058828a48b1fc4b - - default default] 199.19.213.133 "GET /v2.0/ports/8731476a-cf14-40c7-8859-f8b341ebe32f HTTP/1.1" status: 200 len: 1340 time: 0.0294890
2026-04-07 01:20:39.947 9 INFO neutron.wsgi [req-fb88cac3-b21a-448e-bb2a-a1a0df67e451 req-3221c6d8-12dc-4ac5-86b9-6a284635d365 0af61b1f3a0f4b8396f868ae7c7a61d9 e4f484039e694525971575f21e0e6b00 - - 0041f4aab5cb4ad2b9d4fd8d7cd3dc10 0041f4aab5cb4ad2b9d4fd8d7cd3dc10] 199.19.213.133 "GET /v2.0/networks/2be236a4-db8d-4f32-8d1e-c9a60f6d28f1?fields=provider%3Aphysical_network&fields=provider%3Anetwork_type HTTP/1.1" status: 200 len: 277 time: 0.0590866
2026-04-07 01:20:39.961 10 INFO neutron.wsgi [None req-5284423e-9fa1-40a8-b510-28917f387eed 2de2ec4e10b5434699edd7d80aea63a2 376d36ea2fb84aeca058828a48b1fc4b - - default default] 199.19.213.133 "GET /v2.0/ports/339bc22d-5683-4f1b-871e-2751a5626625 HTTP/1.1" status: 200 len: 1471 time: 0.0369513
2026-04-07 01:20:39.979 9 INFO neutron.wsgi [req-fb88cac3-b21a-448e-bb2a-a1a0df67e451 req-7382b6b3-2941-4d26-8eee-c8cdab16eb93 0af61b1f3a0f4b8396f868ae7c7a61d9 e4f484039e694525971575f21e0e6b00 - - 0041f4aab5cb4ad2b9d4fd8d7cd3dc10 0041f4aab5cb4ad2b9d4fd8d7cd3dc10] 199.19.213.133 "GET /v2.0/floatingips?fixed_ip_address=10.1.1.127&port_id=339bc22d-5683-4f1b-871e-2751a5626625 HTTP/1.1" status: 200 len: 217 time: 0.0259008
2026-04-07 01:20:40.009 10 INFO neutron.wsgi [None req-f9d41734-df68-45fa-8192-51c9f600b8cf 2de2ec4e10b5434699edd7d80aea63a2 376d36ea2fb84aeca058828a48b1fc4b - - default default] 199.19.213.133 "GET /v2.0/subnets/3a5442fe-b459-44cf-8c69-2bfbfbce9a03 HTTP/1.1" status: 200 len: 851 time: 0.0409882
2026-04-07 01:20:40.018 9 INFO neutron.wsgi [req-fb88cac3-b21a-448e-bb2a-a1a0df67e451 req-9db7d443-3c58-481b-92fa-799a1a0bea57 0af61b1f3a0f4b8396f868ae7c7a61d9 e4f484039e694525971575f21e0e6b00 - - 0041f4aab5cb4ad2b9d4fd8d7cd3dc10 0041f4aab5cb4ad2b9d4fd8d7cd3dc10] 199.19.213.133 "GET /v2.0/subnets?id=3a5442fe-b459-44cf-8c69-2bfbfbce9a03 HTTP/1.1" status: 200 len: 854 time: 0.0314188
2026-04-07 01:20:40.047 9 INFO neutron.wsgi [req-fb88cac3-b21a-448e-bb2a-a1a0df67e451 req-edd13649-37a1-48a1-b375-1336904e4615 0af61b1f3a0f4b8396f868ae7c7a61d9 e4f484039e694525971575f21e0e6b00 - - 0041f4aab5cb4ad2b9d4fd8d7cd3dc10 0041f4aab5cb4ad2b9d4fd8d7cd3dc10] 199.19.213.133 "GET /v2.0/ports?network_id=634b6ed5-5e4c-499d-8943-dc279aa2f301&device_owner=network%3Adhcp HTTP/1.1" status: 200 len: 210 time: 0.0236423
2026-04-07 01:20:40.095 10 INFO neutron.wsgi [None req-601324e0-fe2a-409c-8e08-e8c499f85b55 2de2ec4e10b5434699edd7d80aea63a2 376d36ea2fb84aeca058828a48b1fc4b - - default default] 199.19.213.133 "GET /v2.0/networks/634b6ed5-5e4c-499d-8943-dc279aa2f301 HTTP/1.1" status: 200 len: 1001 time: 0.0798492
2026-04-07 01:20:40.114 9 INFO neutron.wsgi [req-fb88cac3-b21a-448e-bb2a-a1a0df67e451 req-75399d71-f9fa-4033-b289-7a4e20e3ed74 0af61b1f3a0f4b8396f868ae7c7a61d9 e4f484039e694525971575f21e0e6b00 - - 0041f4aab5cb4ad2b9d4fd8d7cd3dc10 0041f4aab5cb4ad2b9d4fd8d7cd3dc10] 199.19.213.133 "GET /v2.0/networks/634b6ed5-5e4c-499d-8943-dc279aa2f301?fields=segments HTTP/1.1" status: 200 len: 212 time: 0.0608246
2026-04-07 01:20:40.140 10 INFO neutron.wsgi [None req-23e71bb6-d62e-418b-a71c-d59a246e8ea9 2de2ec4e10b5434699edd7d80aea63a2 376d36ea2fb84aeca058828a48b1fc4b - - default default] 199.19.213.133 "GET /v2.0/ports/8731476a-cf14-40c7-8859-f8b341ebe32f HTTP/1.1" status: 200 len: 1340 time: 0.0397580
2026-04-07 01:20:40.175 9 INFO neutron.wsgi [req-fb88cac3-b21a-448e-bb2a-a1a0df67e451 req-2756317d-9ce4-4825-9dcb-72fde3b01a2d 0af61b1f3a0f4b8396f868ae7c7a61d9 e4f484039e694525971575f21e0e6b00 - - 0041f4aab5cb4ad2b9d4fd8d7cd3dc10 0041f4aab5cb4ad2b9d4fd8d7cd3dc10] 199.19.213.133 "GET /v2.0/networks/634b6ed5-5e4c-499d-8943-dc279aa2f301?fields=provider%3Aphysical_network&fields=provider%3Anetwork_type HTTP/1.1" status: 200 len: 277 time: 0.0539510
2026-04-07 01:20:40.182 10 INFO neutron.wsgi [None req-d54b9600-0830-4804-ad83-edb7faa20d91 2de2ec4e10b5434699edd7d80aea63a2 376d36ea2fb84aeca058828a48b1fc4b - - default default] 199.19.213.133 "GET /v2.0/subnets/3a5442fe-b459-44cf-8c69-2bfbfbce9a03 HTTP/1.1" status: 200 len: 851 time: 0.0376294
2026-04-07 01:20:41.121 9 INFO neutron.notifiers.nova [-] Nova event matching ['req-d5d03c13-6560-4f68-b1e2-75adfb793fc8'] response: {'server_uuid': 'eb0ef17f-234d-4d66-ad88-e4fc15b49b46', 'name': 'network-vif-plugged', 'status': 'completed', 'tag': 'caa261fd-b4fe-4902-942b-15285ddd7a1c', 'code': 200}
2026-04-07 01:20:41.121 9 INFO neutron.notifiers.nova [-] Nova event matching ['req-d5d03c13-6560-4f68-b1e2-75adfb793fc8'] response: {'server_uuid': 'eb0ef17f-234d-4d66-ad88-e4fc15b49b46', 'name': 'network-vif-deleted', 'tag': 'caa261fd-b4fe-4902-942b-15285ddd7a1c', 'status': 'completed', 'code': 200}
2026-04-07 01:20:44.613 10 INFO neutron.wsgi [-] 10.0.0.47 "GET / HTTP/1.1" status: 200 len: 247 time: 0.0024600
2026-04-07 01:20:44.614 9 INFO neutron.wsgi [-] 10.0.0.47 "GET / HTTP/1.1" status: 200 len: 247 time: 0.0024521
2026-04-07 01:20:49.089 10 INFO neutron.wsgi [None req-26703a53-5201-4d1b-9458-f4e8508119f9 2de2ec4e10b5434699edd7d80aea63a2 376d36ea2fb84aeca058828a48b1fc4b - - default default] 199.19.213.133 "GET /v2.0/extensions/security-group HTTP/1.1" status: 200 len: 369 time: 0.0076070
2026-04-07 01:20:49.097 10 INFO neutron.wsgi [None req-154ca097-5e00-422b-a758-63bbc5ff71df 2de2ec4e10b5434699edd7d80aea63a2 376d36ea2fb84aeca058828a48b1fc4b - - default default] 199.19.213.133 "GET /v2.0/extensions/dns-integration HTTP/1.1" status: 200 len: 371 time: 0.0046639
2026-04-07 01:20:49.105 10 INFO neutron.wsgi [None req-afb0930a-eeb7-40ec-b4b0-527cf219fe74 2de2ec4e10b5434699edd7d80aea63a2 376d36ea2fb84aeca058828a48b1fc4b - - default default] 199.19.213.133 "GET /v2.0/extensions/qos HTTP/1.1" status: 200 len: 365 time: 0.0050988
2026-04-07 01:20:49.117 10 INFO neutron.wsgi [None req-6ed5c198-b112-468e-b8d6-96b14fad8e5a 2de2ec4e10b5434699edd7d80aea63a2 376d36ea2fb84aeca058828a48b1fc4b - - default default] 199.19.213.133 "GET /v2.0/extensions/allowed-address-pairs HTTP/1.1" status: 200 len: 383 time: 0.0044653
2026-04-07 01:20:49.150 10 INFO neutron.wsgi [None req-9243c017-78ec-46cf-8404-17fefff57a31 2de2ec4e10b5434699edd7d80aea63a2 376d36ea2fb84aeca058828a48b1fc4b - - default default] 199.19.213.133 "GET /v2.0/security-groups?name=lb-09ef3855-8210-4a91-bfc1-4f1aee43fd0a HTTP/1.1" status: 200 len: 2939 time: 0.0265055
2026-04-07 01:20:49.176 10 INFO neutron.wsgi [None req-e49d1eba-6d62-4c26-ae95-f84b650269d6 2de2ec4e10b5434699edd7d80aea63a2 376d36ea2fb84aeca058828a48b1fc4b - - default default] 199.19.213.133 "GET /v2.0/security-group-rules?security_group_id=26edbcb2-1f74-4ec8-a867-4303a15dc3f9 HTTP/1.1" status: 200 len: 2406 time: 0.0199916
2026-04-07 01:20:49.298 10 INFO neutron.wsgi [None req-11e81011-44a0-45f7-9896-60c23de4fd47 2de2ec4e10b5434699edd7d80aea63a2 376d36ea2fb84aeca058828a48b1fc4b - - - -] 199.19.213.133 "DELETE /v2.0/security-group-rules/1444d1b5-3af8-42d4-b622-38d5b4d20587 HTTP/1.1" status: 204 len: 173 time: 0.1160173
2026-04-07 01:20:49.404 10 INFO neutron.wsgi [None req-6c788c5a-e46c-4f72-88f8-ece03a67f7b3 2de2ec4e10b5434699edd7d80aea63a2 376d36ea2fb84aeca058828a48b1fc4b - - - -] 199.19.213.133 "DELETE /v2.0/security-group-rules/6969ff2e-b171-4996-bbbe-12b4e8b7639a HTTP/1.1" status: 204 len: 173 time: 0.1005387
2026-04-07 01:20:53.896 9 INFO neutron.db.l3_db [None req-cdc340e2-308a-456a-840c-a1041d86ef3c 2694feadad9a4221b86711f9c377bf8c 84236631f02f428ca66ff0a22b82b7ca - - - -] Floating IP bc08fa38-1249-47c3-bd9b-a50ecc84c7c6 disassociated (deleted). External IP: 10.96.250.210, port: 8731476a-cf14-40c7-8859-f8b341ebe32f.
2026-04-07 01:20:53.959 9 INFO neutron.wsgi [None req-cdc340e2-308a-456a-840c-a1041d86ef3c 2694feadad9a4221b86711f9c377bf8c 84236631f02f428ca66ff0a22b82b7ca - - - -] 10.0.0.78 "DELETE /v2.0/floatingips/bc08fa38-1249-47c3-bd9b-a50ecc84c7c6 HTTP/1.1" status: 204 len: 168 time: 0.4630833
2026-04-07 01:20:53.997 9 INFO neutron.api.v2.resource [None req-0138f365-eae2-4bac-b600-c8a31cb4d9ff 2694feadad9a4221b86711f9c377bf8c 84236631f02f428ca66ff0a22b82b7ca - - default default] show failed (client error): The resource could not be found.
2026-04-07 01:20:53.999 9 INFO neutron.wsgi [None req-0138f365-eae2-4bac-b600-c8a31cb4d9ff 2694feadad9a4221b86711f9c377bf8c 84236631f02f428ca66ff0a22b82b7ca - - default default] 10.0.0.78 "GET /v2.0/floatingips/bc08fa38-1249-47c3-bd9b-a50ecc84c7c6 HTTP/1.1" status: 404 len: 345 time: 0.0342991 /var/lib/openstack/lib/python3.10/site-packages/pycadf/identifier.py:71: UserWarning: Invalid uuid: neutron. To ensure interoperability, identifiers should be a valid uuid. warnings.warn(('Invalid uuid: %s. To ensure interoperability, '
2026-04-07 01:20:54.293 10 INFO neutron.wsgi [None req-fff86ba4-27bc-408b-aa99-abc62574542a 2de2ec4e10b5434699edd7d80aea63a2 376d36ea2fb84aeca058828a48b1fc4b - - default default] 199.19.213.133 "GET /v2.0/extensions/security-group HTTP/1.1" status: 200 len: 369 time: 0.0098379
2026-04-07 01:20:54.309 10 INFO neutron.wsgi [None req-2c65c90a-1df2-4907-8b2f-01c2ce7b17d7 2de2ec4e10b5434699edd7d80aea63a2 376d36ea2fb84aeca058828a48b1fc4b - - default default] 199.19.213.133 "GET /v2.0/extensions/dns-integration HTTP/1.1" status: 200 len: 371 time: 0.0086529
2026-04-07 01:20:54.320 10 INFO neutron.wsgi [None req-0fecd72c-40e3-4ba9-a750-031493a4332f 2de2ec4e10b5434699edd7d80aea63a2 376d36ea2fb84aeca058828a48b1fc4b - - default default] 199.19.213.133 "GET /v2.0/extensions/qos HTTP/1.1" status: 200 len: 365 time: 0.0062912
2026-04-07 01:20:54.332 10 INFO neutron.wsgi [None req-b4aae694-2ac3-4537-80f9-8e89b97cca78 2de2ec4e10b5434699edd7d80aea63a2 376d36ea2fb84aeca058828a48b1fc4b - - default default] 199.19.213.133 "GET /v2.0/extensions/allowed-address-pairs HTTP/1.1" status: 200 len: 383 time: 0.0064676
2026-04-07 01:20:54.368 10 INFO neutron.wsgi [None req-0364d180-960f-446d-ba6c-d4d0979415aa 2de2ec4e10b5434699edd7d80aea63a2 376d36ea2fb84aeca058828a48b1fc4b - - default default] 199.19.213.133 "GET /v2.0/subnets/3a5442fe-b459-44cf-8c69-2bfbfbce9a03 HTTP/1.1" status: 200 len: 851 time: 0.0315003
2026-04-07 01:20:54.411 10 INFO neutron.wsgi [None req-0df9e901-7ff7-4658-901f-c0a5cea3a9cf 2de2ec4e10b5434699edd7d80aea63a2 376d36ea2fb84aeca058828a48b1fc4b - - default default] 199.19.213.133 "GET /v2.0/ports?device_id=eb0ef17f-234d-4d66-ad88-e4fc15b49b46 HTTP/1.1" status: 200 len: 2632 time: 0.0360343
2026-04-07 01:20:54.461 10 INFO neutron.wsgi [None req-dcc88289-41da-47a8-a00e-c6d0b8f449e4 2de2ec4e10b5434699edd7d80aea63a2 376d36ea2fb84aeca058828a48b1fc4b - - default default] 199.19.213.133 "GET /v2.0/ports?device_id=eb0ef17f-234d-4d66-ad88-e4fc15b49b46 HTTP/1.1" status: 200 len: 2632 time: 0.0421221
2026-04-07 01:20:54.567 10 INFO neutron.wsgi [None req-aa5b660b-2b84-441b-af03-f08460ffc0cc 2de2ec4e10b5434699edd7d80aea63a2 376d36ea2fb84aeca058828a48b1fc4b - - default default] 199.19.213.133 "GET /v2.0/ports?device_id=eb0ef17f-234d-4d66-ad88-e4fc15b49b46 HTTP/1.1" status: 200 len: 2632 time: 0.0371790
2026-04-07 01:20:54.836 9 INFO neutron.plugins.ml2.drivers.ovn.mech_driver.mech_driver [None req-126ef58e-08ad-43f9-a7ec-660b06e6fa23 - - - - - -] OVN reports status down for port: 339bc22d-5683-4f1b-871e-2751a5626625
2026-04-07 01:20:54.838 10 INFO neutron.plugins.ml2.drivers.ovn.mech_driver.mech_driver [None req-d973d1cf-d5bc-452b-a482-37fcd50962da - - - - - -] OVN reports status down for port: 8731476a-cf14-40c7-8859-f8b341ebe32f
2026-04-07 01:20:54.926 9 INFO neutron.wsgi [req-88c393ea-13a0-4816-acb8-aab55e826451 req-f41f5293-f482-43e0-8d03-46e1006ef182 0af61b1f3a0f4b8396f868ae7c7a61d9 e4f484039e694525971575f21e0e6b00 - - 0041f4aab5cb4ad2b9d4fd8d7cd3dc10 0041f4aab5cb4ad2b9d4fd8d7cd3dc10] 199.19.213.133 "GET /v2.0/ports/339bc22d-5683-4f1b-871e-2751a5626625 HTTP/1.1" status: 200 len: 1471 time: 0.0531018
2026-04-07 01:20:54.970 9 INFO neutron.wsgi [req-88c393ea-13a0-4816-acb8-aab55e826451 req-731fd819-3167-46d9-a893-35c3f8165701 2de2ec4e10b5434699edd7d80aea63a2 376d36ea2fb84aeca058828a48b1fc4b - - default default] 199.19.213.133 "GET /v2.0/ports/339bc22d-5683-4f1b-871e-2751a5626625?fields=binding%3Aprofile&fields=network_id HTTP/1.1" status: 200 len: 281 time: 0.0335982
2026-04-07 01:20:55.037 9 INFO neutron.notifiers.nova [-] Nova event matching ['req-d48ba30f-f58c-4219-a1e2-c2cdb43e36c7'] response: {'server_uuid': 'eb0ef17f-234d-4d66-ad88-e4fc15b49b46', 'name': 'network-vif-unplugged', 'status': 'completed', 'tag': '339bc22d-5683-4f1b-871e-2751a5626625', 'code': 200}
2026-04-07 01:20:55.109 9 INFO neutron.wsgi [req-88c393ea-13a0-4816-acb8-aab55e826451 req-81427406-ba91-4dc5-9e21-f435822bf52b 2de2ec4e10b5434699edd7d80aea63a2 376d36ea2fb84aeca058828a48b1fc4b - - default default] 199.19.213.133 "GET /v2.0/networks/634b6ed5-5e4c-499d-8943-dc279aa2f301?fields=dns_domain HTTP/1.1" status: 200 len: 227 time: 0.1329648
2026-04-07 01:20:55.269 9 INFO neutron.db.ovn_revision_numbers_db [None req-126ef58e-08ad-43f9-a7ec-660b06e6fa23 - - - - - -] Successfully bumped revision number for resource 339bc22d-5683-4f1b-871e-2751a5626625 (type: ports) to 7
2026-04-07 01:20:55.515 9 INFO neutron.db.ovn_revision_numbers_db [None req-c538ffdd-0ec6-421c-986b-6c7fb72cf70f 0af61b1f3a0f4b8396f868ae7c7a61d9 e4f484039e694525971575f21e0e6b00 - - - -] Successfully bumped revision number for resource 339bc22d-5683-4f1b-871e-2751a5626625 (type: ports) to 8
2026-04-07 01:20:55.530 9 INFO neutron.wsgi [None req-c538ffdd-0ec6-421c-986b-6c7fb72cf70f 0af61b1f3a0f4b8396f868ae7c7a61d9 e4f484039e694525971575f21e0e6b00 - - - -] 199.19.213.133 "PUT /v2.0/ports/339bc22d-5683-4f1b-871e-2751a5626625 HTTP/1.1" status: 200 len: 1351 time: 0.4149520 /var/lib/openstack/lib/python3.10/site-packages/pycadf/identifier.py:71: UserWarning: Invalid uuid: neutron. To ensure interoperability, identifiers should be a valid uuid. warnings.warn(('Invalid uuid: %s. To ensure interoperability, '
2026-04-07 01:20:55.604 9 INFO neutron.wsgi [req-88c393ea-13a0-4816-acb8-aab55e826451 req-0719a935-d3be-46fe-9416-10f1511c6f3c 0af61b1f3a0f4b8396f868ae7c7a61d9 e4f484039e694525971575f21e0e6b00 - - 0041f4aab5cb4ad2b9d4fd8d7cd3dc10 0041f4aab5cb4ad2b9d4fd8d7cd3dc10] 199.19.213.133 "GET /v2.0/ports?tenant_id=376d36ea2fb84aeca058828a48b1fc4b&device_id=eb0ef17f-234d-4d66-ad88-e4fc15b49b46 HTTP/1.1" status: 200 len: 1369 time: 0.0256100
2026-04-07 01:20:55.613 10 INFO neutron.wsgi [None req-49883f92-e82d-467c-99cc-344fbf8626f1 2de2ec4e10b5434699edd7d80aea63a2 376d36ea2fb84aeca058828a48b1fc4b - - default default] 199.19.213.133 "GET /v2.0/ports?device_id=eb0ef17f-234d-4d66-ad88-e4fc15b49b46 HTTP/1.1" status: 200 len: 1369 time: 0.0344012
2026-04-07 01:20:55.678 9 INFO neutron.wsgi [req-88c393ea-13a0-4816-acb8-aab55e826451 req-3d449d30-4355-4ebc-a4e1-36681831697b 0af61b1f3a0f4b8396f868ae7c7a61d9 e4f484039e694525971575f21e0e6b00 - - 0041f4aab5cb4ad2b9d4fd8d7cd3dc10 0041f4aab5cb4ad2b9d4fd8d7cd3dc10] 199.19.213.133 "GET /v2.0/networks?id=2be236a4-db8d-4f32-8d1e-c9a60f6d28f1&id=634b6ed5-5e4c-499d-8943-dc279aa2f301 HTTP/1.1" status: 200 len: 1729 time: 0.0707052
2026-04-07 01:20:55.709 9 INFO neutron.wsgi [req-88c393ea-13a0-4816-acb8-aab55e826451 req-fa1b6a0c-5920-42cb-aa73-0130c2ecd505 0af61b1f3a0f4b8396f868ae7c7a61d9 e4f484039e694525971575f21e0e6b00 - - 0041f4aab5cb4ad2b9d4fd8d7cd3dc10 0041f4aab5cb4ad2b9d4fd8d7cd3dc10] 199.19.213.133 "GET /v2.0/floatingips?fixed_ip_address=172.24.2.180&port_id=d0849a48-ae33-4a41-9bed-8dd139ad654c HTTP/1.1" status: 200 len: 217 time: 0.0261376
2026-04-07 01:20:55.750 9 INFO neutron.wsgi [req-88c393ea-13a0-4816-acb8-aab55e826451 req-c7c1ca8c-eaaf-4efc-b6a4-3fa7250c8b34 0af61b1f3a0f4b8396f868ae7c7a61d9 e4f484039e694525971575f21e0e6b00 - - 0041f4aab5cb4ad2b9d4fd8d7cd3dc10 0041f4aab5cb4ad2b9d4fd8d7cd3dc10] 199.19.213.133 "GET /v2.0/subnets?id=99a67153-bbc9-4246-8a5e-f528b5c58e6d HTTP/1.1" status: 200 len: 829 time: 0.0340118
2026-04-07 01:20:55.780 9 INFO neutron.wsgi [req-88c393ea-13a0-4816-acb8-aab55e826451 req-97de7a9b-ff76-4bf8-a9b5-ac3edced215f 0af61b1f3a0f4b8396f868ae7c7a61d9 e4f484039e694525971575f21e0e6b00 - - 0041f4aab5cb4ad2b9d4fd8d7cd3dc10 0041f4aab5cb4ad2b9d4fd8d7cd3dc10] 199.19.213.133 "GET /v2.0/ports?network_id=2be236a4-db8d-4f32-8d1e-c9a60f6d28f1&device_owner=network%3Adhcp HTTP/1.1" status: 200 len: 210 time: 0.0245826
2026-04-07 01:20:55.844 9 INFO neutron.wsgi [req-88c393ea-13a0-4816-acb8-aab55e826451 req-754b0633-3954-483e-b585-eb35236911b7 0af61b1f3a0f4b8396f868ae7c7a61d9 e4f484039e694525971575f21e0e6b00 - - 0041f4aab5cb4ad2b9d4fd8d7cd3dc10 0041f4aab5cb4ad2b9d4fd8d7cd3dc10] 199.19.213.133 "GET /v2.0/networks/2be236a4-db8d-4f32-8d1e-c9a60f6d28f1?fields=segments HTTP/1.1" status: 200 len: 212 time: 0.0567024
2026-04-07 01:20:55.914 9 INFO neutron.wsgi [req-88c393ea-13a0-4816-acb8-aab55e826451 req-3b49c40a-9e85-4581-91c9-6cfc2e8fb5d5 0af61b1f3a0f4b8396f868ae7c7a61d9 e4f484039e694525971575f21e0e6b00 - - 0041f4aab5cb4ad2b9d4fd8d7cd3dc10 0041f4aab5cb4ad2b9d4fd8d7cd3dc10] 199.19.213.133 "GET /v2.0/networks/2be236a4-db8d-4f32-8d1e-c9a60f6d28f1?fields=provider%3Aphysical_network&fields=provider%3Anetwork_type HTTP/1.1" status: 200 len: 277 time: 0.0640626
2026-04-07 01:20:56.031 10 INFO neutron.db.ovn_revision_numbers_db [None req-80ab787b-270e-4b8b-8174-789acdae4041 2de2ec4e10b5434699edd7d80aea63a2 376d36ea2fb84aeca058828a48b1fc4b - - - -] Successfully bumped revision number for resource 339bc22d-5683-4f1b-871e-2751a5626625 (type: ports) to 9
2026-04-07 01:20:56.044 10 INFO neutron.wsgi [None req-80ab787b-270e-4b8b-8174-789acdae4041 2de2ec4e10b5434699edd7d80aea63a2 376d36ea2fb84aeca058828a48b1fc4b - - - -] 199.19.213.133 "PUT /v2.0/ports/339bc22d-5683-4f1b-871e-2751a5626625 HTTP/1.1" status: 200 len: 1290 time: 0.4254823 /var/lib/openstack/lib/python3.10/site-packages/pycadf/identifier.py:71: UserWarning: Invalid uuid: neutron. To ensure interoperability, identifiers should be a valid uuid. warnings.warn(('Invalid uuid: %s. To ensure interoperability, '
2026-04-07 01:20:56.086 10 INFO neutron.wsgi [None req-99098545-03e9-40d2-9177-629bfa69a9aa 2de2ec4e10b5434699edd7d80aea63a2 376d36ea2fb84aeca058828a48b1fc4b - - default default] 199.19.213.133 "GET /v2.0/ports/339bc22d-5683-4f1b-871e-2751a5626625 HTTP/1.1" status: 200 len: 1290 time: 0.0352628
2026-04-07 01:20:56.441 10 INFO neutron.wsgi [None req-a9bbc42b-4b3a-472f-ad87-7d6c11418239 2de2ec4e10b5434699edd7d80aea63a2 376d36ea2fb84aeca058828a48b1fc4b - - - -] 199.19.213.133 "DELETE /v2.0/ports/339bc22d-5683-4f1b-871e-2751a5626625 HTTP/1.1" status: 204 len: 173 time: 0.3463261
2026-04-07 01:20:56.488 10 INFO neutron.wsgi [None req-e5ef9dd0-1c2d-4afa-ad64-a79f56d92f5f 2de2ec4e10b5434699edd7d80aea63a2 376d36ea2fb84aeca058828a48b1fc4b - - default default] 199.19.213.133 "GET /v2.0/extensions/security-group HTTP/1.1" status: 200 len: 369 time: 0.0042868
2026-04-07 01:20:56.496 10 INFO neutron.wsgi [None req-d258b10a-3d89-4539-aef9-8ffc2be92d10 2de2ec4e10b5434699edd7d80aea63a2 376d36ea2fb84aeca058828a48b1fc4b - - default default] 199.19.213.133 "GET /v2.0/extensions/dns-integration HTTP/1.1" status: 200 len: 371 time: 0.0034697
2026-04-07 01:20:56.504 10 INFO neutron.wsgi [None req-36517eff-2f1c-41cf-80b8-093330b0c8b5 2de2ec4e10b5434699edd7d80aea63a2 376d36ea2fb84aeca058828a48b1fc4b - - default default] 199.19.213.133 "GET /v2.0/extensions/qos HTTP/1.1" status: 200 len: 365 time: 0.0033140
2026-04-07 01:20:56.512 10 INFO neutron.wsgi [None req-5cb1d6a3-ebd1-4692-b0ba-bf6ef7cad350 2de2ec4e10b5434699edd7d80aea63a2 376d36ea2fb84aeca058828a48b1fc4b - - default default] 199.19.213.133 "GET /v2.0/extensions/allowed-address-pairs HTTP/1.1" status: 200 len: 383 time: 0.0039098
2026-04-07 01:20:56.533 10 INFO neutron.pecan_wsgi.hooks.translation [None req-fcb1619d-647e-4f40-822c-8c839d562109 2de2ec4e10b5434699edd7d80aea63a2 376d36ea2fb84aeca058828a48b1fc4b - - - -] DELETE failed (client error): The resource could not be found.
2026-04-07 01:20:56.535 10 INFO neutron.wsgi [None req-fcb1619d-647e-4f40-822c-8c839d562109 2de2ec4e10b5434699edd7d80aea63a2 376d36ea2fb84aeca058828a48b1fc4b - - - -] 199.19.213.133 "DELETE /v2.0/ports/339bc22d-5683-4f1b-871e-2751a5626625 HTTP/1.1" status: 404 len: 338 time: 0.0172222
2026-04-07 01:20:56.564 10 INFO neutron.wsgi [None req-36d93ecf-99cc-46dd-bf9c-9e32d63458d3 2de2ec4e10b5434699edd7d80aea63a2 376d36ea2fb84aeca058828a48b1fc4b - - default default] 199.19.213.133 "GET /v2.0/ports/8731476a-cf14-40c7-8859-f8b341ebe32f HTTP/1.1" status: 200 len: 1333 time: 0.0222380
2026-04-07 01:20:56.594 10 INFO neutron.wsgi [None req-a6dac7c1-b5f6-41f8-8d89-5268cde10294 2de2ec4e10b5434699edd7d80aea63a2 376d36ea2fb84aeca058828a48b1fc4b - - default default] 199.19.213.133 "GET /v2.0/security-groups?name=lb-09ef3855-8210-4a91-bfc1-4f1aee43fd0a HTTP/1.1" status: 200 len: 1775 time: 0.0224452
2026-04-07 01:20:56.628 10 INFO neutron.wsgi [None req-bc21bf85-b021-4d40-a60a-433371046b34 2de2ec4e10b5434699edd7d80aea63a2 376d36ea2fb84aeca058828a48b1fc4b - - default default] 199.19.213.133 "GET /v2.0/ports/8731476a-cf14-40c7-8859-f8b341ebe32f HTTP/1.1" status: 200 len: 1333 time: 0.0275619
2026-04-07 01:20:56.971 10 INFO neutron.db.ovn_revision_numbers_db [None req-8adc70a8-94b1-4e01-8eda-c51cf62f4992 2de2ec4e10b5434699edd7d80aea63a2 376d36ea2fb84aeca058828a48b1fc4b - - - -] Successfully bumped revision number for resource 8731476a-cf14-40c7-8859-f8b341ebe32f (type: ports) to 17
2026-04-07 01:20:56.984 10 INFO neutron.wsgi [None req-8adc70a8-94b1-4e01-8eda-c51cf62f4992 2de2ec4e10b5434699edd7d80aea63a2 376d36ea2fb84aeca058828a48b1fc4b - - - -] 199.19.213.133 "PUT /v2.0/ports/8731476a-cf14-40c7-8859-f8b341ebe32f HTTP/1.1" status: 200 len: 1295 time: 0.3514142
2026-04-07 01:20:57.104 10 INFO neutron.wsgi [None req-9c735980-9343-49f6-a889-eb02c2d8c375 2de2ec4e10b5434699edd7d80aea63a2 376d36ea2fb84aeca058828a48b1fc4b - - - -] 199.19.213.133 "DELETE /v2.0/security-groups/26edbcb2-1f74-4ec8-a867-4303a15dc3f9 HTTP/1.1" status: 204 len: 173 time: 0.1132801
2026-04-07 01:20:57.266 9 INFO neutron.notifiers.nova [-] Nova event matching ['req-c3036c5f-4fbb-420e-8f1b-a82bf52db71e'] response: {'server_uuid': 'eb0ef17f-234d-4d66-ad88-e4fc15b49b46', 'name': 'network-vif-plugged', 'status': 'completed', 'tag': '339bc22d-5683-4f1b-871e-2751a5626625', 'code': 200}
2026-04-07 01:20:57.413 10 INFO neutron.wsgi [None req-ebbe1ffe-e56e-4d19-8a7b-b456522beb9c 2de2ec4e10b5434699edd7d80aea63a2 376d36ea2fb84aeca058828a48b1fc4b - - - -] 199.19.213.133 "DELETE /v2.0/ports/8731476a-cf14-40c7-8859-f8b341ebe32f HTTP/1.1" status: 204 len: 173 time: 0.3021035
2026-04-07 01:20:57.682 9 INFO neutron.plugins.ml2.drivers.ovn.mech_driver.mech_driver [None req-126ef58e-08ad-43f9-a7ec-660b06e6fa23 - - - - - -] OVN reports status down for port: d0849a48-ae33-4a41-9bed-8dd139ad654c
2026-04-07 01:20:57.985 9 INFO neutron.wsgi [req-4ed65de7-5edc-4040-af4b-a8583f2f1507 req-e2a6b252-0de9-4395-ac91-1927487c445d 2de2ec4e10b5434699edd7d80aea63a2 376d36ea2fb84aeca058828a48b1fc4b - - default default] 199.19.213.133 "GET /v2.0/ports?device_id=eb0ef17f-234d-4d66-ad88-e4fc15b49b46 HTTP/1.1" status: 200 len: 1367 time: 0.0378513
2026-04-07 01:20:57.986 9 INFO neutron.db.ovn_revision_numbers_db [None req-126ef58e-08ad-43f9-a7ec-660b06e6fa23 - - - - - -] Successfully bumped revision number for resource d0849a48-ae33-4a41-9bed-8dd139ad654c (type: ports) to 5
2026-04-07 01:20:58.251 9 INFO neutron.wsgi [None req-15c64f94-b2a1-4ec4-b014-9af32e822521 2de2ec4e10b5434699edd7d80aea63a2 376d36ea2fb84aeca058828a48b1fc4b - - - -] 199.19.213.133 "DELETE /v2.0/ports/d0849a48-ae33-4a41-9bed-8dd139ad654c HTTP/1.1" status: 204 len: 173 time: 0.2611816 /var/lib/openstack/lib/python3.10/site-packages/pycadf/identifier.py:71: UserWarning: Invalid uuid: neutron. To ensure interoperability, identifiers should be a valid uuid. warnings.warn(('Invalid uuid: %s. To ensure interoperability, '
2026-04-07 01:20:59.302 9 INFO neutron.wsgi [req-f26748d9-5c27-4a0a-8295-99b5ee1f210e req-7b394d55-892f-41a2-ba90-98975981521a 0af61b1f3a0f4b8396f868ae7c7a61d9 e4f484039e694525971575f21e0e6b00 - - 0041f4aab5cb4ad2b9d4fd8d7cd3dc10 0041f4aab5cb4ad2b9d4fd8d7cd3dc10] 199.19.213.133 "GET /v2.0/ports?device_id=23b499f0-3d2f-4fa6-b315-07c39b054ff2&fields=binding%3Ahost_id&fields=binding%3Avif_type HTTP/1.1" status: 200 len: 265 time: 0.0452936
2026-04-07 01:20:59.310 9 INFO neutron.notifiers.nova [-] Nova event matching ['req-b7ed7d74-a996-4668-8de0-3ccabfcf25d6'] response: {'server_uuid': 'eb0ef17f-234d-4d66-ad88-e4fc15b49b46', 'name': 'network-vif-unplugged', 'status': 'completed', 'tag': 'd0849a48-ae33-4a41-9bed-8dd139ad654c', 'code': 200}
2026-04-07 01:20:59.311 9 INFO neutron.notifiers.nova [-] Nova event matching ['req-b7ed7d74-a996-4668-8de0-3ccabfcf25d6'] response: {'server_uuid': 'eb0ef17f-234d-4d66-ad88-e4fc15b49b46', 'name': 'network-vif-plugged', 'status': 'completed', 'tag': 'd0849a48-ae33-4a41-9bed-8dd139ad654c', 'code': 200}
2026-04-07 01:20:59.311 9 INFO neutron.notifiers.nova [-] Nova event matching ['req-b7ed7d74-a996-4668-8de0-3ccabfcf25d6'] response: {'server_uuid': 'eb0ef17f-234d-4d66-ad88-e4fc15b49b46', 'name': 'network-vif-deleted', 'tag': 'd0849a48-ae33-4a41-9bed-8dd139ad654c', 'status': 'completed', 'code': 200}
2026-04-07 01:20:59.380 9 INFO neutron.wsgi [req-f26748d9-5c27-4a0a-8295-99b5ee1f210e req-b4e4931f-1711-470c-a5c1-e8914a7e63b1 0af61b1f3a0f4b8396f868ae7c7a61d9 e4f484039e694525971575f21e0e6b00 - - 0041f4aab5cb4ad2b9d4fd8d7cd3dc10 0041f4aab5cb4ad2b9d4fd8d7cd3dc10] 199.19.213.133 "GET /v2.0/ports?tenant_id=84236631f02f428ca66ff0a22b82b7ca&device_id=23b499f0-3d2f-4fa6-b315-07c39b054ff2 HTTP/1.1" status: 200 len: 1582 time: 0.0402777
2026-04-07 01:20:59.612 10 INFO neutron.wsgi [-] 10.0.0.47 "GET / HTTP/1.1" status: 200 len: 247 time: 0.0016186
2026-04-07 01:20:59.615 10 INFO neutron.wsgi [-] 10.0.0.47 "GET / HTTP/1.1" status: 200 len: 247 time: 0.0021057
2026-04-07 01:20:59.724 9 INFO neutron.wsgi [req-f26748d9-5c27-4a0a-8295-99b5ee1f210e req-4eb3e4fd-765b-4cb8-82f0-590c3dd2449f 0af61b1f3a0f4b8396f868ae7c7a61d9 e4f484039e694525971575f21e0e6b00 - - 0041f4aab5cb4ad2b9d4fd8d7cd3dc10 0041f4aab5cb4ad2b9d4fd8d7cd3dc10] 199.19.213.133 "GET /v2.0/networks?id=a003c6d5-0ce9-442d-98a6-c3896ae9ee4a HTTP/1.1" status: 200 len: 1003 time: 0.3248174
2026-04-07 01:20:59.768 9 INFO neutron.wsgi [req-f26748d9-5c27-4a0a-8295-99b5ee1f210e req-c95a23ae-6899-48de-9017-383b15e3f7d3 0af61b1f3a0f4b8396f868ae7c7a61d9 e4f484039e694525971575f21e0e6b00 - - 0041f4aab5cb4ad2b9d4fd8d7cd3dc10 0041f4aab5cb4ad2b9d4fd8d7cd3dc10] 199.19.213.133 "GET /v2.0/floatingips?fixed_ip_address=10.2.1.47&port_id=5ec5122b-0a04-48e0-9ede-177b10b2054b HTTP/1.1" status: 200 len: 1058 time: 0.0378788
2026-04-07 01:20:59.806 9 INFO neutron.wsgi [req-f26748d9-5c27-4a0a-8295-99b5ee1f210e req-d5a827a5-2916-46a1-9bd3-be126390787b 0af61b1f3a0f4b8396f868ae7c7a61d9 e4f484039e694525971575f21e0e6b00 - - 0041f4aab5cb4ad2b9d4fd8d7cd3dc10 0041f4aab5cb4ad2b9d4fd8d7cd3dc10] 199.19.213.133 "GET /v2.0/floatingips?fixed_ip_address=fd7b%3Af9f7%3Afff%3A4eca%3A%3Aad&port_id=5ec5122b-0a04-48e0-9ede-177b10b2054b HTTP/1.1" status: 200 len: 217 time: 0.0217106
2026-04-07 01:20:59.857 9 INFO neutron.wsgi [req-f26748d9-5c27-4a0a-8295-99b5ee1f210e req-429b0bed-d2d9-4696-9b16-c382583513ef 0af61b1f3a0f4b8396f868ae7c7a61d9 e4f484039e694525971575f21e0e6b00 - - 0041f4aab5cb4ad2b9d4fd8d7cd3dc10 0041f4aab5cb4ad2b9d4fd8d7cd3dc10] 199.19.213.133 "GET /v2.0/subnets?id=9d0ea858-77bc-4e03-b8af-ab5faabb962e&id=2266f479-b201-4555-92d1-381ab64ca65e HTTP/1.1" status: 200 len: 1563 time: 0.0448625
2026-04-07 01:20:59.893 9 INFO neutron.wsgi [req-f26748d9-5c27-4a0a-8295-99b5ee1f210e req-59cf45a7-5d76-4bbf-bfda-1c9fb063b2db 0af61b1f3a0f4b8396f868ae7c7a61d9 e4f484039e694525971575f21e0e6b00 - - 0041f4aab5cb4ad2b9d4fd8d7cd3dc10 0041f4aab5cb4ad2b9d4fd8d7cd3dc10] 199.19.213.133 "GET /v2.0/ports?network_id=a003c6d5-0ce9-442d-98a6-c3896ae9ee4a&device_owner=network%3Adhcp HTTP/1.1" status: 200 len: 210 time: 0.0285976
2026-04-07 01:20:59.922 9 INFO neutron.wsgi [req-f26748d9-5c27-4a0a-8295-99b5ee1f210e req-c9051955-0d00-474d-acdf-598697244f50 0af61b1f3a0f4b8396f868ae7c7a61d9 e4f484039e694525971575f21e0e6b00 - - 0041f4aab5cb4ad2b9d4fd8d7cd3dc10 0041f4aab5cb4ad2b9d4fd8d7cd3dc10] 199.19.213.133 "GET /v2.0/ports?network_id=a003c6d5-0ce9-442d-98a6-c3896ae9ee4a&device_owner=network%3Adhcp HTTP/1.1" status: 200 len: 210 time: 0.0216379
2026-04-07 01:20:59.924 9 INFO neutron.db.l3_db [None req-658ccd86-e7af-467f-a7af-5e5acc2d0ffc 2694feadad9a4221b86711f9c377bf8c 84236631f02f428ca66ff0a22b82b7ca - - - -] Floating IP af6d7fce-6b44-4c04-812f-40bbe88f2a4a disassociated (deleted). External IP: 10.96.250.215, port: 88710423-1ff6-4c23-b99b-93de067a421c.
2026-04-07 01:20:59.990 9 INFO neutron.wsgi [None req-658ccd86-e7af-467f-a7af-5e5acc2d0ffc 2694feadad9a4221b86711f9c377bf8c 84236631f02f428ca66ff0a22b82b7ca - - - -] 10.0.0.78 "DELETE /v2.0/floatingips/af6d7fce-6b44-4c04-812f-40bbe88f2a4a HTTP/1.1" status: 204 len: 168 time: 0.7834790
2026-04-07 01:21:00.001 9 INFO neutron.wsgi [req-f26748d9-5c27-4a0a-8295-99b5ee1f210e req-1aa329d3-f044-45ce-95be-c64d7a815c6c 0af61b1f3a0f4b8396f868ae7c7a61d9 e4f484039e694525971575f21e0e6b00 - - 0041f4aab5cb4ad2b9d4fd8d7cd3dc10 0041f4aab5cb4ad2b9d4fd8d7cd3dc10] 199.19.213.133 "GET /v2.0/networks/a003c6d5-0ce9-442d-98a6-c3896ae9ee4a?fields=segments HTTP/1.1" status: 200 len: 212 time: 0.0705142 /var/lib/openstack/lib/python3.10/site-packages/pycadf/identifier.py:71: UserWarning: Invalid uuid: neutron. To ensure interoperability, identifiers should be a valid uuid. warnings.warn(('Invalid uuid: %s. To ensure interoperability, '
2026-04-07 01:21:00.031 10 INFO neutron.api.v2.resource [None req-5a8b69c3-97e3-41c7-b0d7-bdf57a64c7fc 2694feadad9a4221b86711f9c377bf8c 84236631f02f428ca66ff0a22b82b7ca - - default default] show failed (client error): The resource could not be found.
2026-04-07 01:21:00.033 10 INFO neutron.wsgi [None req-5a8b69c3-97e3-41c7-b0d7-bdf57a64c7fc 2694feadad9a4221b86711f9c377bf8c 84236631f02f428ca66ff0a22b82b7ca - - default default] 10.0.0.78 "GET /v2.0/floatingips/af6d7fce-6b44-4c04-812f-40bbe88f2a4a HTTP/1.1" status: 404 len: 345 time: 0.0375490
2026-04-07 01:21:00.069 9 INFO neutron.wsgi [req-f26748d9-5c27-4a0a-8295-99b5ee1f210e req-aae2a69e-9ca5-4daa-bfca-784f956ac899 0af61b1f3a0f4b8396f868ae7c7a61d9 e4f484039e694525971575f21e0e6b00 - - 0041f4aab5cb4ad2b9d4fd8d7cd3dc10 0041f4aab5cb4ad2b9d4fd8d7cd3dc10] 199.19.213.133 "GET /v2.0/networks/a003c6d5-0ce9-442d-98a6-c3896ae9ee4a?fields=provider%3Aphysical_network&fields=provider%3Anetwork_type HTTP/1.1" status: 200 len: 277 time: 0.0611727
2026-04-07 01:21:00.236 9 INFO neutron.plugins.ml2.drivers.ovn.mech_driver.mech_driver [None req-126ef58e-08ad-43f9-a7ec-660b06e6fa23 - - - - - -] OVN reports status down for port: 88710423-1ff6-4c23-b99b-93de067a421c
2026-04-07 01:21:00.334 10 INFO neutron.wsgi [req-b34e3bb6-0dd3-4f5b-99bc-421033fbfea3 req-9a5e0219-661d-4b13-ae1c-f18fb357e2f9 2694feadad9a4221b86711f9c377bf8c 84236631f02f428ca66ff0a22b82b7ca - - default default] 10.0.0.171 "GET /v2.0/ports?device_id=1b470d9a-111c-40e4-825c-92a344440b22 HTTP/1.1" status: 200 len: 1400 time: 0.1484601
2026-04-07 01:21:00.389 10 INFO neutron.wsgi [req-b34e3bb6-0dd3-4f5b-99bc-421033fbfea3 req-1328d8b5-ab50-4ea8-a10a-47abec52ca10 2694feadad9a4221b86711f9c377bf8c 84236631f02f428ca66ff0a22b82b7ca - - default default] 10.0.0.171 "GET /v2.0/security-groups?id=8ca5b6c9-f503-43bc-8256-2ad700120a57&fields=id&fields=name HTTP/1.1" status: 200 len: 309 time: 0.0466659
2026-04-07 01:21:00.523 9 INFO neutron.db.ovn_revision_numbers_db [None req-126ef58e-08ad-43f9-a7ec-660b06e6fa23 - - - - - -] Successfully bumped revision number for resource 88710423-1ff6-4c23-b99b-93de067a421c (type: ports) to 5
2026-04-07 01:21:00.610 9 INFO neutron.wsgi [req-4d958828-b15a-403d-82f7-806184f194fa req-0499825d-74e0-478c-b26d-32ca9a4701b2 2694feadad9a4221b86711f9c377bf8c 84236631f02f428ca66ff0a22b82b7ca - - default default] 199.19.213.133 "GET /v2.0/ports?device_id=1b470d9a-111c-40e4-825c-92a344440b22 HTTP/1.1" status: 200 len: 1398 time: 0.1077311 /var/lib/openstack/lib/python3.10/site-packages/pycadf/identifier.py:71: UserWarning: Invalid uuid: neutron. To ensure interoperability, identifiers should be a valid uuid. warnings.warn(('Invalid uuid: %s. To ensure interoperability, '
2026-04-07 01:21:00.943 9 INFO neutron.wsgi [None req-e9257e21-f92f-4695-81a6-30d0ac28ef66 2694feadad9a4221b86711f9c377bf8c 84236631f02f428ca66ff0a22b82b7ca - - - -] 199.19.213.133 "DELETE /v2.0/ports/88710423-1ff6-4c23-b99b-93de067a421c HTTP/1.1" status: 204 len: 173 time: 0.3278224
2026-04-07 01:21:01.356 9 INFO neutron.notifiers.nova [-] Nova event matching ['req-5255129e-3c81-4878-82e6-eccacd7d1541'] response: {'name': 'network-changed', 'server_uuid': '1b470d9a-111c-40e4-825c-92a344440b22', 'tag': '88710423-1ff6-4c23-b99b-93de067a421c', 'status': 'completed', 'code': 200}
2026-04-07 01:21:01.357 9 INFO neutron.notifiers.nova [-] Nova event matching ['req-5255129e-3c81-4878-82e6-eccacd7d1541'] response: {'server_uuid': '1b470d9a-111c-40e4-825c-92a344440b22', 'name': 'network-vif-unplugged', 'status': 'completed', 'tag': '88710423-1ff6-4c23-b99b-93de067a421c', 'code': 200}
2026-04-07 01:21:01.357 9 INFO neutron.notifiers.nova [-] Nova event matching ['req-5255129e-3c81-4878-82e6-eccacd7d1541'] response: {'server_uuid': '1b470d9a-111c-40e4-825c-92a344440b22', 'name': 'network-vif-plugged', 'status': 'completed', 'tag': '88710423-1ff6-4c23-b99b-93de067a421c', 'code': 200}
2026-04-07 01:21:01.357 9 INFO neutron.notifiers.nova [-] Nova event matching ['req-5255129e-3c81-4878-82e6-eccacd7d1541'] response: {'server_uuid': '1b470d9a-111c-40e4-825c-92a344440b22', 'name': 'network-vif-deleted', 'tag': '88710423-1ff6-4c23-b99b-93de067a421c', 'status': 'completed', 'code': 200}
2026-04-07 01:21:01.380 9 INFO neutron.wsgi [req-6883e46a-e15b-4795-bb98-1efeca204f4a req-08ca39a1-4ccc-48e7-a5b4-01214f27caac 0af61b1f3a0f4b8396f868ae7c7a61d9 e4f484039e694525971575f21e0e6b00 - - 0041f4aab5cb4ad2b9d4fd8d7cd3dc10 0041f4aab5cb4ad2b9d4fd8d7cd3dc10] 199.19.213.133 "GET /v2.0/ports?tenant_id=84236631f02f428ca66ff0a22b82b7ca&device_id=1b470d9a-111c-40e4-825c-92a344440b22 HTTP/1.1" status: 200 len: 210 time: 0.0182307
2026-04-07 01:21:01.490 9 INFO neutron.wsgi [req-6883e46a-e15b-4795-bb98-1efeca204f4a req-273e0aea-b3e0-42e4-b213-75a594c1df57 0af61b1f3a0f4b8396f868ae7c7a61d9 e4f484039e694525971575f21e0e6b00 - - 0041f4aab5cb4ad2b9d4fd8d7cd3dc10 0041f4aab5cb4ad2b9d4fd8d7cd3dc10] 199.19.213.133 "GET /v2.0/networks?tenant_id=84236631f02f428ca66ff0a22b82b7ca&shared=False HTTP/1.1" status: 200 len: 2585 time: 0.1028481
2026-04-07 01:21:01.591 9 INFO neutron.wsgi [req-6883e46a-e15b-4795-bb98-1efeca204f4a req-111e462e-667c-426c-875a-422b9b0a8a76 0af61b1f3a0f4b8396f868ae7c7a61d9 e4f484039e694525971575f21e0e6b00 - - 0041f4aab5cb4ad2b9d4fd8d7cd3dc10 0041f4aab5cb4ad2b9d4fd8d7cd3dc10] 199.19.213.133 "GET /v2.0/networks?shared=True HTTP/1.1" status: 200 len: 952 time: 0.0946803
2026-04-07 01:21:05.832 9 INFO neutron.db.l3_db [None req-67f62379-e754-4496-8df3-5801eea92000 2694feadad9a4221b86711f9c377bf8c 84236631f02f428ca66ff0a22b82b7ca - - - -] Floating IP a0a0aed6-fa12-4013-960a-3e7b4d21d9fb disassociated (deleted). External IP: 10.96.250.209, port: 5ec5122b-0a04-48e0-9ede-177b10b2054b.
2026-04-07 01:21:05.876 9 INFO neutron.wsgi [None req-67f62379-e754-4496-8df3-5801eea92000 2694feadad9a4221b86711f9c377bf8c 84236631f02f428ca66ff0a22b82b7ca - - - -] 10.0.0.78 "DELETE /v2.0/floatingips/a0a0aed6-fa12-4013-960a-3e7b4d21d9fb HTTP/1.1" status: 204 len: 168 time: 0.4193406 /var/lib/openstack/lib/python3.10/site-packages/pycadf/identifier.py:71: UserWarning: Invalid uuid: neutron. To ensure interoperability, identifiers should be a valid uuid. warnings.warn(('Invalid uuid: %s. To ensure interoperability, '
2026-04-07 01:21:05.913 9 INFO neutron.notifiers.nova [-] Nova event matching ['req-ee53fc5a-ed69-4764-8db1-efded5880d8f'] response: {'name': 'network-changed', 'server_uuid': '23b499f0-3d2f-4fa6-b315-07c39b054ff2', 'tag': '5ec5122b-0a04-48e0-9ede-177b10b2054b', 'status': 'completed', 'code': 200}
2026-04-07 01:21:05.919 10 INFO neutron.api.v2.resource [None req-1188e3da-f674-4c0e-89ba-5f1f0b16a76a 2694feadad9a4221b86711f9c377bf8c 84236631f02f428ca66ff0a22b82b7ca - - default default] show failed (client error): The resource could not be found.
2026-04-07 01:21:05.920 10 INFO neutron.wsgi [None req-1188e3da-f674-4c0e-89ba-5f1f0b16a76a 2694feadad9a4221b86711f9c377bf8c 84236631f02f428ca66ff0a22b82b7ca - - default default] 10.0.0.78 "GET /v2.0/floatingips/a0a0aed6-fa12-4013-960a-3e7b4d21d9fb HTTP/1.1" status: 404 len: 345 time: 0.0377703
2026-04-07 01:21:05.970 9 INFO neutron.wsgi [req-db46c5aa-c3f0-490c-b12a-bd314aab87ff req-fdc95078-6847-4c5c-b88b-0952c8abbd78 0af61b1f3a0f4b8396f868ae7c7a61d9 e4f484039e694525971575f21e0e6b00 - - 0041f4aab5cb4ad2b9d4fd8d7cd3dc10 0041f4aab5cb4ad2b9d4fd8d7cd3dc10] 199.19.213.133 "GET /v2.0/ports?tenant_id=84236631f02f428ca66ff0a22b82b7ca&device_id=23b499f0-3d2f-4fa6-b315-07c39b054ff2 HTTP/1.1" status: 200 len: 1582 time: 0.0352175
2026-04-07 01:21:06.039 9 INFO neutron.wsgi [req-db46c5aa-c3f0-490c-b12a-bd314aab87ff req-b21b5fb7-5138-4574-8254-032ac6440b46 0af61b1f3a0f4b8396f868ae7c7a61d9 e4f484039e694525971575f21e0e6b00 - - 0041f4aab5cb4ad2b9d4fd8d7cd3dc10 0041f4aab5cb4ad2b9d4fd8d7cd3dc10] 199.19.213.133 "GET /v2.0/networks?id=a003c6d5-0ce9-442d-98a6-c3896ae9ee4a HTTP/1.1" status: 200 len: 1003 time: 0.0642829
2026-04-07 01:21:06.072 9 INFO neutron.wsgi [req-db46c5aa-c3f0-490c-b12a-bd314aab87ff req-b6bb25b5-f901-4efa-b33b-5f5c35209e5d 0af61b1f3a0f4b8396f868ae7c7a61d9 e4f484039e694525971575f21e0e6b00 - - 0041f4aab5cb4ad2b9d4fd8d7cd3dc10 0041f4aab5cb4ad2b9d4fd8d7cd3dc10] 199.19.213.133 "GET /v2.0/floatingips?fixed_ip_address=10.2.1.47&port_id=5ec5122b-0a04-48e0-9ede-177b10b2054b HTTP/1.1" status: 200 len: 217 time: 0.0271151
2026-04-07 01:21:06.111 9 INFO neutron.wsgi [req-db46c5aa-c3f0-490c-b12a-bd314aab87ff req-c0e58849-2ac2-4050-a011-14f61bee2b5b 0af61b1f3a0f4b8396f868ae7c7a61d9 e4f484039e694525971575f21e0e6b00 - - 0041f4aab5cb4ad2b9d4fd8d7cd3dc10 0041f4aab5cb4ad2b9d4fd8d7cd3dc10] 199.19.213.133 "GET /v2.0/floatingips?fixed_ip_address=fd7b%3Af9f7%3Afff%3A4eca%3A%3Aad&port_id=5ec5122b-0a04-48e0-9ede-177b10b2054b HTTP/1.1" status: 200 len: 217 time: 0.0309989
2026-04-07 01:21:06.148 9 INFO neutron.plugins.ml2.drivers.ovn.mech_driver.mech_driver [None req-126ef58e-08ad-43f9-a7ec-660b06e6fa23 - - - - - -] OVN reports status down for port: 5ec5122b-0a04-48e0-9ede-177b10b2054b
2026-04-07 01:21:06.175 9 INFO neutron.wsgi [req-db46c5aa-c3f0-490c-b12a-bd314aab87ff req-1469bfb5-dfc3-4d6a-b22c-fe431c6fc514 0af61b1f3a0f4b8396f868ae7c7a61d9 e4f484039e694525971575f21e0e6b00 - - 0041f4aab5cb4ad2b9d4fd8d7cd3dc10 0041f4aab5cb4ad2b9d4fd8d7cd3dc10] 199.19.213.133 "GET /v2.0/subnets?id=9d0ea858-77bc-4e03-b8af-ab5faabb962e&id=2266f479-b201-4555-92d1-381ab64ca65e HTTP/1.1" status: 200 len: 1563 time: 0.0567842
2026-04-07 01:21:06.209 9 INFO neutron.wsgi [req-db46c5aa-c3f0-490c-b12a-bd314aab87ff req-70b8f46e-42a4-40b8-b44b-c8bbdbf5226a 0af61b1f3a0f4b8396f868ae7c7a61d9 e4f484039e694525971575f21e0e6b00 - - 0041f4aab5cb4ad2b9d4fd8d7cd3dc10 0041f4aab5cb4ad2b9d4fd8d7cd3dc10] 199.19.213.133 "GET /v2.0/ports?network_id=a003c6d5-0ce9-442d-98a6-c3896ae9ee4a&device_owner=network%3Adhcp HTTP/1.1" status: 200 len: 210 time: 0.0239213
2026-04-07 01:21:06.245 9 INFO neutron.wsgi [req-db46c5aa-c3f0-490c-b12a-bd314aab87ff req-60833e04-22e5-4e42-a9b7-17b642f44829 0af61b1f3a0f4b8396f868ae7c7a61d9 e4f484039e694525971575f21e0e6b00 - - 0041f4aab5cb4ad2b9d4fd8d7cd3dc10 0041f4aab5cb4ad2b9d4fd8d7cd3dc10] 199.19.213.133 "GET /v2.0/ports?network_id=a003c6d5-0ce9-442d-98a6-c3896ae9ee4a&device_owner=network%3Adhcp HTTP/1.1" status: 200 len: 210 time: 0.0271151
2026-04-07 01:21:06.305 9 INFO neutron.wsgi [req-498bb992-762e-47ce-a129-9a46432790a4 req-42c838e9-2ed7-421e-90e5-057b36fd8b71 2694feadad9a4221b86711f9c377bf8c 84236631f02f428ca66ff0a22b82b7ca - - default default] 10.0.0.171 "GET /v2.0/ports?device_id=23b499f0-3d2f-4fa6-b315-07c39b054ff2 HTTP/1.1" status: 200 len: 1392 time: 0.2162511
2026-04-07 01:21:06.356 9 INFO neutron.wsgi [req-db46c5aa-c3f0-490c-b12a-bd314aab87ff req-94dd44e4-a182-4cc1-902f-fb7ec69cebd9 0af61b1f3a0f4b8396f868ae7c7a61d9 e4f484039e694525971575f21e0e6b00 - - 0041f4aab5cb4ad2b9d4fd8d7cd3dc10 0041f4aab5cb4ad2b9d4fd8d7cd3dc10] 199.19.213.133 "GET /v2.0/networks/a003c6d5-0ce9-442d-98a6-c3896ae9ee4a?fields=segments HTTP/1.1" status: 200 len: 212 time: 0.0980070
2026-04-07 01:21:06.379 9 INFO neutron.wsgi [req-498bb992-762e-47ce-a129-9a46432790a4 req-558c164e-3b7d-4488-8e17-1b9b1895ae12 2694feadad9a4221b86711f9c377bf8c 84236631f02f428ca66ff0a22b82b7ca - - default default] 10.0.0.171 "GET /v2.0/security-groups?id=8ca5b6c9-f503-43bc-8256-2ad700120a57&fields=id&fields=name HTTP/1.1" status: 200 len: 309 time: 0.0635121
2026-04-07 01:21:06.470 9 INFO neutron.wsgi [req-db46c5aa-c3f0-490c-b12a-bd314aab87ff req-cad76c24-002e-4167-bcac-5b10fd75a4e8 0af61b1f3a0f4b8396f868ae7c7a61d9 e4f484039e694525971575f21e0e6b00 - - 0041f4aab5cb4ad2b9d4fd8d7cd3dc10 0041f4aab5cb4ad2b9d4fd8d7cd3dc10] 199.19.213.133 "GET /v2.0/networks/a003c6d5-0ce9-442d-98a6-c3896ae9ee4a?fields=provider%3Aphysical_network&fields=provider%3Anetwork_type HTTP/1.1" status: 200 len: 277 time: 0.1056180
2026-04-07 01:21:06.475 9 INFO neutron.wsgi [req-7fa4b0ce-d6ee-4b37-82ca-5dfcb9ff5e20 req-71855cc1-3b69-4751-99d2-4f983c4f33ed 2694feadad9a4221b86711f9c377bf8c 84236631f02f428ca66ff0a22b82b7ca - - default default] 199.19.213.133 "GET /v2.0/ports?device_id=23b499f0-3d2f-4fa6-b315-07c39b054ff2 HTTP/1.1" status: 200 len: 1390 time: 0.0614171
2026-04-07 01:21:06.637 9 INFO neutron.db.ovn_revision_numbers_db [None req-126ef58e-08ad-43f9-a7ec-660b06e6fa23 - - - - - -] Successfully bumped revision number for resource 5ec5122b-0a04-48e0-9ede-177b10b2054b (type: ports) to 5
2026-04-07 01:21:06.832 9 INFO neutron.wsgi [None req-329ab118-28bc-4d4c-b1bd-6b6e2e28a072 2694feadad9a4221b86711f9c377bf8c 84236631f02f428ca66ff0a22b82b7ca - - - -] 199.19.213.133 "DELETE /v2.0/ports/5ec5122b-0a04-48e0-9ede-177b10b2054b HTTP/1.1" status: 204 len: 173 time: 0.3520977
2026-04-07 01:21:07.959 9 INFO neutron.notifiers.nova [-] Nova event matching ['req-dee1e653-c6bd-4fe4-b44e-a4d26bf72e5b'] response: {'server_uuid': '23b499f0-3d2f-4fa6-b315-07c39b054ff2', 'name': 'network-vif-unplugged', 'status': 'completed', 'tag': '5ec5122b-0a04-48e0-9ede-177b10b2054b', 'code': 200}
2026-04-07 01:21:07.959 9 INFO neutron.notifiers.nova [-] Nova event matching ['req-dee1e653-c6bd-4fe4-b44e-a4d26bf72e5b'] response: {'server_uuid': '23b499f0-3d2f-4fa6-b315-07c39b054ff2', 'name': 'network-vif-plugged', 'status': 'completed', 'tag': '5ec5122b-0a04-48e0-9ede-177b10b2054b', 'code': 200}
2026-04-07 01:21:07.960 9 INFO neutron.notifiers.nova [-] Nova event matching ['req-dee1e653-c6bd-4fe4-b44e-a4d26bf72e5b'] response: {'server_uuid': '23b499f0-3d2f-4fa6-b315-07c39b054ff2', 'name': 'network-vif-deleted', 'tag': '5ec5122b-0a04-48e0-9ede-177b10b2054b', 'status': 'completed', 'code': 200}
2026-04-07 01:21:11.548 10 INFO neutron.wsgi [None req-4b482610-084f-43d9-9ffa-6597ae501630 2694feadad9a4221b86711f9c377bf8c 84236631f02f428ca66ff0a22b82b7ca - - - -] 10.0.0.78 "DELETE /v2.0/security-group-rules/ecf4a5f8-bc0c-4ce9-a430-f5048717dbfd HTTP/1.1" status: 204 len: 168 time: 0.1076005
