2026-04-07 01:15:55.510 10 INFO neutron.db.ovn_revision_numbers_db [None req-8ae4fdaa-760e-4d0a-8a41-ce2dcbf28b7d 2de2ec4e10b5434699edd7d80aea63a2 376d36ea2fb84aeca058828a48b1fc4b - - - -] Successfully bumped revision number for resource 5129167e-1a1b-414a-9ebc-74373f35acbd (type: routers) to 3
2026-04-07 01:15:55.543 10 INFO neutron.wsgi [req-802d7c87-b24b-4785-b6cf-9b3b15bea3d2 req-06626d2c-b3bc-4635-a6a0-c0d9bfa6d885 e527d8078fdc4b86be1c47ac5be9ee5c 00b0cfe780b04e358530839899e3ce43 - - default default] 10.0.0.171 "GET /v2.0/security-groups?id=3a9527f6-907e-4764-87d2-f26026f0256b&fields=id&fields=name HTTP/1.1" status: 200 len: 313 time: 0.0961761
2026-04-07 01:15:55.550 10 INFO neutron.wsgi [req-14f53b1b-be3f-470e-823e-5d21208904a2 req-cf697eac-a72f-4f63-b239-c1b27cab5990 f515422c20944396bec0e275b416641a 451ef57771a5425bbd262c9a325b0a99 - - default default] 199.19.213.133 "GET /v2.0/ports?device_id=2f6b0901-cb36-4706-8880-a73209741243&device_owner=compute%3Anova&network_id=ef3588aa-208f-4db4-a4ee-fc47ea97dcc7 HTTP/1.1" status: 200 len: 1170 time: 0.0807769
2026-04-07 01:15:55.556 10 INFO neutron.wsgi [None req-8ae4fdaa-760e-4d0a-8a41-ce2dcbf28b7d 2de2ec4e10b5434699edd7d80aea63a2 376d36ea2fb84aeca058828a48b1fc4b - - - -] 10.0.0.78 "POST /v2.0/routers HTTP/1.1" status: 201 len: 878 time: 1.7616949
2026-04-07 01:15:55.704 9 INFO neutron.db.ovn_revision_numbers_db [None req-126ef58e-08ad-43f9-a7ec-660b06e6fa23 - - - - - -] Successfully bumped revision number for resource f3ed797a-3284-4a65-be9d-617db7f89f67 (type: router_ports) to 3
2026-04-07 01:15:55.768 9 WARNING neutron.scheduler.dhcp_agent_scheduler [None req-bc3259dc-eb89-4e89-b2f7-15ca619ce0e7 868d769286b949e5aaec78aa6f6d6cf8 9c06e6896aaa4f9184448cf89b41612c - - - -] No more DHCP agents
2026-04-07 01:15:55.774 9 WARNING neutron.api.rpc.agentnotifiers.dhcp_rpc_agent_api [None req-bc3259dc-eb89-4e89-b2f7-15ca619ce0e7 868d769286b949e5aaec78aa6f6d6cf8 9c06e6896aaa4f9184448cf89b41612c - - - -] Unable to schedule network 97a2ea9d-c987-4844-aa76-716df499f90b: no agents available; will retry on subsequent port and subnet creation events.
2026-04-07 01:15:55.998 10 INFO neutron.wsgi [req-5bbbb126-fda3-4d6c-8e3a-c3d8aaa963e1 req-e40622ea-f0ac-4e2f-b034-c0ca73252fe3 e527d8078fdc4b86be1c47ac5be9ee5c 00b0cfe780b04e358530839899e3ce43 - - default default] 10.0.0.171 "GET /v2.0/ports?device_id=690084ab-e977-47b0-af9e-6a44a1a388ca HTTP/1.1" status: 200 len: 1170 time: 0.0628185
2026-04-07 01:15:56.016 10 INFO neutron.wsgi [req-8af86c9c-22d2-4c93-8037-50997e73d8bf req-7a94b246-aa13-4c6b-8472-7bd8bf1d3bc9 0af61b1f3a0f4b8396f868ae7c7a61d9 e4f484039e694525971575f21e0e6b00 - - 0041f4aab5cb4ad2b9d4fd8d7cd3dc10 0041f4aab5cb4ad2b9d4fd8d7cd3dc10] 199.19.213.133 "GET /v2.0/ports?tenant_id=00b0cfe780b04e358530839899e3ce43&device_id=690084ab-e977-47b0-af9e-6a44a1a388ca HTTP/1.1" status: 200 len: 1361 time: 0.0639989
2026-04-07 01:15:56.100 10 INFO neutron.wsgi [req-5bbbb126-fda3-4d6c-8e3a-c3d8aaa963e1 req-ee75160e-235f-46ef-9faa-1ad77d3949d1 e527d8078fdc4b86be1c47ac5be9ee5c 00b0cfe780b04e358530839899e3ce43 - - default default] 10.0.0.171 "GET /v2.0/security-groups?id=3a9527f6-907e-4764-87d2-f26026f0256b&fields=id&fields=name HTTP/1.1" status: 200 len: 313 time: 0.0947499
2026-04-07 01:15:56.110 9 INFO neutron.db.ovn_revision_numbers_db [None req-bc3259dc-eb89-4e89-b2f7-15ca619ce0e7 868d769286b949e5aaec78aa6f6d6cf8 9c06e6896aaa4f9184448cf89b41612c - - - -] Successfully bumped revision number for resource 235d41fe-d7fc-439b-9d09-48b286a8cd20 (type: floatingips) to 0
2026-04-07 01:15:56.124 9 WARNING neutron.scheduler.dhcp_agent_scheduler [None req-02d166d0-612d-48c3-a51c-af497fc445a8 2de2ec4e10b5434699edd7d80aea63a2 376d36ea2fb84aeca058828a48b1fc4b - - default default] No more DHCP agents
2026-04-07 01:15:56.125 9 WARNING neutron.api.rpc.agentnotifiers.dhcp_rpc_agent_api [None req-02d166d0-612d-48c3-a51c-af497fc445a8 2de2ec4e10b5434699edd7d80aea63a2 376d36ea2fb84aeca058828a48b1fc4b - - default default] Unable to schedule network 704a8368-46c4-4b09-8684-8583ecd1d695: no agents available; will retry on subsequent port and subnet creation events.
2026-04-07 01:15:56.137 9 INFO neutron.wsgi [None req-bc3259dc-eb89-4e89-b2f7-15ca619ce0e7 868d769286b949e5aaec78aa6f6d6cf8 9c06e6896aaa4f9184448cf89b41612c - - - -] 10.0.0.78 "POST /v2.0/floatingips HTTP/1.1" status: 201 len: 751 time: 0.7601891
2026-04-07 01:15:56.138 10 INFO neutron.wsgi [req-8af86c9c-22d2-4c93-8037-50997e73d8bf req-64efff68-1d3c-4eab-a40c-e457612ac420 0af61b1f3a0f4b8396f868ae7c7a61d9 e4f484039e694525971575f21e0e6b00 - - 0041f4aab5cb4ad2b9d4fd8d7cd3dc10 0041f4aab5cb4ad2b9d4fd8d7cd3dc10] 199.19.213.133 "GET /v2.0/networks?id=a088e416-9d58-45f6-86db-f25bd8c6194b HTTP/1.1" status: 200 len: 973 time: 0.1095598 /var/lib/openstack/lib/python3.10/site-packages/pycadf/identifier.py:71: UserWarning: Invalid uuid: neutron. To ensure interoperability, identifiers should be a valid uuid. warnings.warn(('Invalid uuid: %s. To ensure interoperability, '
2026-04-07 01:15:56.255 9 INFO neutron.db.ovn_revision_numbers_db [None req-02d166d0-612d-48c3-a51c-af497fc445a8 2de2ec4e10b5434699edd7d80aea63a2 376d36ea2fb84aeca058828a48b1fc4b - - default default] Successfully bumped revision number for resource 0aa2def6-07b6-4a99-89ea-d253223e5d4d (type: ports) to 1
2026-04-07 01:15:56.433 10 INFO neutron.wsgi [req-8af86c9c-22d2-4c93-8037-50997e73d8bf req-f5dd3415-2f5c-4252-80e3-d2f97e7bc71a 0af61b1f3a0f4b8396f868ae7c7a61d9 e4f484039e694525971575f21e0e6b00 - - 0041f4aab5cb4ad2b9d4fd8d7cd3dc10 0041f4aab5cb4ad2b9d4fd8d7cd3dc10] 199.19.213.133 "GET /v2.0/floatingips?fixed_ip_address=10.100.0.5&port_id=1d5037e9-fe40-45ed-89bf-643e4479ae85 HTTP/1.1" status: 200 len: 1059 time: 0.2816105
2026-04-07 01:15:56.484 10 INFO neutron.db.ovn_revision_numbers_db [None req-884a219c-061f-4411-8855-e1c0de751972 f515422c20944396bec0e275b416641a 451ef57771a5425bbd262c9a325b0a99 - - - -] Successfully bumped revision number for resource 079609e9-e5cf-439f-91c7-7573e2699dc8 (type: ports) to 5
2026-04-07 01:15:56.498 10 INFO neutron.wsgi [req-8af86c9c-22d2-4c93-8037-50997e73d8bf req-9a44ebe9-5bd5-4bfb-ae9c-27792df20d37 0af61b1f3a0f4b8396f868ae7c7a61d9 e4f484039e694525971575f21e0e6b00 - - 0041f4aab5cb4ad2b9d4fd8d7cd3dc10 0041f4aab5cb4ad2b9d4fd8d7cd3dc10] 199.19.213.133 "GET /v2.0/subnets?id=580bceec-c0cd-42ab-8586-879581abe249 HTTP/1.1" status: 200 len: 868 time: 0.0453951
2026-04-07 01:15:56.508 10 INFO neutron.wsgi [None req-884a219c-061f-4411-8855-e1c0de751972 f515422c20944396bec0e275b416641a 451ef57771a5425bbd262c9a325b0a99 - - - -] 199.19.213.133 "PUT /v2.0/ports/079609e9-e5cf-439f-91c7-7573e2699dc8 HTTP/1.1" status: 200 len: 1349 time: 0.9506083
2026-04-07 01:15:56.515 10 INFO neutron.db.ovn_revision_numbers_db [None req-bf462cbd-6544-4106-85b7-84fbc171acb2 - - - - - -] Successfully bumped revision number for resource 26b07395-8c8a-4e42-89e2-d3d5a457b194 (type: ports) to 1
2026-04-07 01:15:56.544 10 INFO neutron.wsgi [req-8af86c9c-22d2-4c93-8037-50997e73d8bf req-ea1c7012-a251-4bc3-9fdf-d0f2e060e681 0af61b1f3a0f4b8396f868ae7c7a61d9 e4f484039e694525971575f21e0e6b00 - - 0041f4aab5cb4ad2b9d4fd8d7cd3dc10 0041f4aab5cb4ad2b9d4fd8d7cd3dc10] 199.19.213.133 "GET /v2.0/ports?network_id=a088e416-9d58-45f6-86db-f25bd8c6194b&device_owner=network%3Adhcp HTTP/1.1" status: 200 len: 210 time: 0.0306516
2026-04-07 01:15:56.550 10 INFO neutron.notifiers.nova [-] Nova event matching ['req-87accfb5-64c4-414c-8d9f-1a9b8d55ff34'] response: {'name': 'network-changed', 'server_uuid': '2f6b0901-cb36-4706-8880-a73209741243', 'tag': '079609e9-e5cf-439f-91c7-7573e2699dc8', 'status': 'completed', 'code': 200}
2026-04-07 01:15:56.592 10 INFO neutron.wsgi [req-14f53b1b-be3f-470e-823e-5d21208904a2 req-7100ae18-d640-4b21-82b9-64a3e38beb74 0af61b1f3a0f4b8396f868ae7c7a61d9 e4f484039e694525971575f21e0e6b00 - - 0041f4aab5cb4ad2b9d4fd8d7cd3dc10 0041f4aab5cb4ad2b9d4fd8d7cd3dc10] 199.19.213.133 "GET /v2.0/ports?tenant_id=451ef57771a5425bbd262c9a325b0a99&device_id=2f6b0901-cb36-4706-8880-a73209741243 HTTP/1.1" status: 200 len: 1542 time: 0.0583162
2026-04-07 01:15:56.623 10 INFO neutron.wsgi [req-d9d29967-5114-49a3-8bdf-7ce08faf7a9b req-799e8b1e-de66-40a0-bddb-c8f4027662bc 868d769286b949e5aaec78aa6f6d6cf8 9c06e6896aaa4f9184448cf89b41612c - - default default] 10.0.0.171 "GET /v2.0/security-groups?name=tempest-securitygroup--37066254&fields=id&tenant_id=9c06e6896aaa4f9184448cf89b41612c HTTP/1.1" status: 200 len: 267 time: 0.0886393
2026-04-07 01:15:56.686 10 INFO neutron.wsgi [req-8af86c9c-22d2-4c93-8037-50997e73d8bf req-5ea2c9a4-57ff-45ae-9ba2-c7a373031442 0af61b1f3a0f4b8396f868ae7c7a61d9 e4f484039e694525971575f21e0e6b00 - - 0041f4aab5cb4ad2b9d4fd8d7cd3dc10 0041f4aab5cb4ad2b9d4fd8d7cd3dc10] 199.19.213.133 "GET /v2.0/networks/a088e416-9d58-45f6-86db-f25bd8c6194b?fields=segments HTTP/1.1" status: 200 len: 212 time: 0.1344843
2026-04-07 01:15:56.725 10 INFO neutron.wsgi [req-14f53b1b-be3f-470e-823e-5d21208904a2 req-c696b755-092d-49c2-a533-2b717fbab11e 0af61b1f3a0f4b8396f868ae7c7a61d9 e4f484039e694525971575f21e0e6b00 - - 0041f4aab5cb4ad2b9d4fd8d7cd3dc10 0041f4aab5cb4ad2b9d4fd8d7cd3dc10] 199.19.213.133 "GET /v2.0/networks?id=ef3588aa-208f-4db4-a4ee-fc47ea97dcc7 HTTP/1.1" status: 200 len: 982 time: 0.1290746
2026-04-07 01:15:56.754 9 INFO neutron.db.ovn_revision_numbers_db [None req-02d166d0-612d-48c3-a51c-af497fc445a8 2de2ec4e10b5434699edd7d80aea63a2 376d36ea2fb84aeca058828a48b1fc4b - - default default] Successfully bumped revision number for resource 0aa2def6-07b6-4a99-89ea-d253223e5d4d (type: router_ports) to 2
2026-04-07 01:15:56.792 10 INFO neutron.plugins.ml2.drivers.ovn.mech_driver.mech_driver [None req-d973d1cf-d5bc-452b-a482-37fcd50962da - - - - - -] OVN reports status up for port: 0aa2def6-07b6-4a99-89ea-d253223e5d4d
2026-04-07 01:15:56.799 10 INFO neutron.wsgi [req-14f53b1b-be3f-470e-823e-5d21208904a2 req-73aeebff-0de5-407b-9cbe-8e4b358ad79d 0af61b1f3a0f4b8396f868ae7c7a61d9 e4f484039e694525971575f21e0e6b00 - - 0041f4aab5cb4ad2b9d4fd8d7cd3dc10 0041f4aab5cb4ad2b9d4fd8d7cd3dc10] 199.19.213.133 "GET /v2.0/floatingips?fixed_ip_address=10.100.0.13&port_id=079609e9-e5cf-439f-91c7-7573e2699dc8 HTTP/1.1" status: 200 len: 217 time: 0.0663569
2026-04-07 01:15:56.807 10 INFO neutron.wsgi [req-d9d29967-5114-49a3-8bdf-7ce08faf7a9b req-dc9ae7ec-62b7-4c45-9f80-90865a209ccf 868d769286b949e5aaec78aa6f6d6cf8 9c06e6896aaa4f9184448cf89b41612c - - default default] 10.0.0.171 "GET /v2.0/networks?id=06016d86-de48-4cff-8612-dc314f977bf3 HTTP/1.1" status: 200 len: 868 time: 0.1717381
2026-04-07 01:15:56.860 9 INFO neutron.db.ovn_revision_numbers_db [None req-02d166d0-612d-48c3-a51c-af497fc445a8 2de2ec4e10b5434699edd7d80aea63a2 376d36ea2fb84aeca058828a48b1fc4b - - default default] Successfully bumped revision number for resource 0aa2def6-07b6-4a99-89ea-d253223e5d4d (type: ports) to 2
2026-04-07 01:15:56.866 10 INFO neutron.wsgi [req-d9d29967-5114-49a3-8bdf-7ce08faf7a9b req-cf7cf320-3d09-48bd-be02-af0230ce0215 868d769286b949e5aaec78aa6f6d6cf8 9c06e6896aaa4f9184448cf89b41612c - - default default] 10.0.0.171 "GET /v2.0/quotas/9c06e6896aaa4f9184448cf89b41612c HTTP/1.1" status: 200 len: 386 time: 0.0464394
2026-04-07 01:15:56.870 10 INFO neutron.plugins.ml2.plugin [None req-d973d1cf-d5bc-452b-a482-37fcd50962da - - - - - -] Attempt 1 to provision port 0aa2def6-07b6-4a99-89ea-d253223e5d4d
2026-04-07 01:15:56.872 10 INFO neutron.wsgi [req-8af86c9c-22d2-4c93-8037-50997e73d8bf req-37e9d663-f103-49b5-851b-f19880fdd384 0af61b1f3a0f4b8396f868ae7c7a61d9 e4f484039e694525971575f21e0e6b00 - - 0041f4aab5cb4ad2b9d4fd8d7cd3dc10 0041f4aab5cb4ad2b9d4fd8d7cd3dc10] 199.19.213.133 "GET /v2.0/networks/a088e416-9d58-45f6-86db-f25bd8c6194b?fields=provider%3Aphysical_network&fields=provider%3Anetwork_type HTTP/1.1" status: 200 len: 277 time: 0.1771224
2026-04-07 01:15:56.899 10 INFO neutron.wsgi [req-14f53b1b-be3f-470e-823e-5d21208904a2 req-022a7832-1030-4175-bc79-b5eaf1418f7f 0af61b1f3a0f4b8396f868ae7c7a61d9 e4f484039e694525971575f21e0e6b00 - - 0041f4aab5cb4ad2b9d4fd8d7cd3dc10 0041f4aab5cb4ad2b9d4fd8d7cd3dc10] 199.19.213.133 "GET /v2.0/floatingips?fixed_ip_address=10.100.0.5&port_id=079609e9-e5cf-439f-91c7-7573e2699dc8 HTTP/1.1" status: 200 len: 1059 time: 0.0906861
2026-04-07 01:15:56.948 9 WARNING neutron.scheduler.dhcp_agent_scheduler [None req-02d166d0-612d-48c3-a51c-af497fc445a8 2de2ec4e10b5434699edd7d80aea63a2 376d36ea2fb84aeca058828a48b1fc4b - - default default] No more DHCP agents
2026-04-07 01:15:56.950 9 WARNING neutron.api.rpc.agentnotifiers.dhcp_rpc_agent_api [None req-02d166d0-612d-48c3-a51c-af497fc445a8 2de2ec4e10b5434699edd7d80aea63a2 376d36ea2fb84aeca058828a48b1fc4b - - default default] Unable to schedule network 704a8368-46c4-4b09-8684-8583ecd1d695: no agents available; will retry on subsequent port and subnet creation events.
2026-04-07 01:15:56.998 10 INFO neutron.wsgi [req-14f53b1b-be3f-470e-823e-5d21208904a2 req-490dd885-84a3-46d2-807e-60bb543e0327 0af61b1f3a0f4b8396f868ae7c7a61d9 e4f484039e694525971575f21e0e6b00 - - 0041f4aab5cb4ad2b9d4fd8d7cd3dc10 0041f4aab5cb4ad2b9d4fd8d7cd3dc10] 199.19.213.133 "GET /v2.0/subnets?id=06aab00f-9c51-4669-95fc-8c03a80741d0 HTTP/1.1" status: 200 len: 877 time: 0.0873251
2026-04-07 01:15:57.080 10 INFO neutron.wsgi [req-14f53b1b-be3f-470e-823e-5d21208904a2 req-6bd5fa95-ac02-4ff0-bb21-c3c2f197ac65 0af61b1f3a0f4b8396f868ae7c7a61d9 e4f484039e694525971575f21e0e6b00 - - 0041f4aab5cb4ad2b9d4fd8d7cd3dc10 0041f4aab5cb4ad2b9d4fd8d7cd3dc10] 199.19.213.133 "GET /v2.0/ports?network_id=ef3588aa-208f-4db4-a4ee-fc47ea97dcc7&device_owner=network%3Adhcp HTTP/1.1" status: 200 len: 210 time: 0.0738685
2026-04-07 01:15:57.111 10 INFO neutron.wsgi [req-d9d29967-5114-49a3-8bdf-7ce08faf7a9b req-4de874db-a755-4035-97c7-645708a87381 868d769286b949e5aaec78aa6f6d6cf8 9c06e6896aaa4f9184448cf89b41612c - - default default] 10.0.0.171 "GET /v2.0/ports?tenant_id=9c06e6896aaa4f9184448cf89b41612c&fields=id HTTP/1.1" status: 200 len: 302 time: 0.2343121
2026-04-07 01:15:57.241 10 INFO neutron.wsgi [req-14f53b1b-be3f-470e-823e-5d21208904a2 req-0b537777-b7c9-4eff-b58c-4c7df8b56352 0af61b1f3a0f4b8396f868ae7c7a61d9 e4f484039e694525971575f21e0e6b00 - - 0041f4aab5cb4ad2b9d4fd8d7cd3dc10 0041f4aab5cb4ad2b9d4fd8d7cd3dc10] 199.19.213.133 "GET /v2.0/networks/ef3588aa-208f-4db4-a4ee-fc47ea97dcc7?fields=segments HTTP/1.1" status: 200 len: 212 time: 0.1473289
2026-04-07 01:15:57.292 10 INFO neutron.wsgi [req-d9d29967-5114-49a3-8bdf-7ce08faf7a9b req-f7892b18-2b15-4bc3-89cb-b8240869a991 0af61b1f3a0f4b8396f868ae7c7a61d9 e4f484039e694525971575f21e0e6b00 - - 0041f4aab5cb4ad2b9d4fd8d7cd3dc10 0041f4aab5cb4ad2b9d4fd8d7cd3dc10] 10.0.0.171 "GET /v2.0/networks/06016d86-de48-4cff-8612-dc314f977bf3?fields=segments HTTP/1.1" status: 200 len: 212 time: 0.1642995
2026-04-07 01:15:57.310 10 INFO neutron.db.ovn_revision_numbers_db [None req-bf462cbd-6544-4106-85b7-84fbc171acb2 - - - - - -] Successfully bumped revision number for resource 26b07395-8c8a-4e42-89e2-d3d5a457b194 (type: router_ports) to 3
2026-04-07 01:15:57.358 10 INFO neutron.wsgi [req-14f53b1b-be3f-470e-823e-5d21208904a2 req-1fd90d4f-dad8-4d07-8877-ef0869c5e317 0af61b1f3a0f4b8396f868ae7c7a61d9 e4f484039e694525971575f21e0e6b00 - - 0041f4aab5cb4ad2b9d4fd8d7cd3dc10 0041f4aab5cb4ad2b9d4fd8d7cd3dc10] 199.19.213.133 "GET /v2.0/networks/ef3588aa-208f-4db4-a4ee-fc47ea97dcc7?fields=provider%3Aphysical_network&fields=provider%3Anetwork_type HTTP/1.1" status: 200 len: 277 time: 0.1109903
2026-04-07 01:15:57.414 10 INFO neutron.wsgi [req-d9d29967-5114-49a3-8bdf-7ce08faf7a9b req-c62f86c3-8e8f-4e8f-aab4-a003c75c6a74 0af61b1f3a0f4b8396f868ae7c7a61d9 e4f484039e694525971575f21e0e6b00 - - 0041f4aab5cb4ad2b9d4fd8d7cd3dc10 0041f4aab5cb4ad2b9d4fd8d7cd3dc10] 10.0.0.171 "GET /v2.0/networks/06016d86-de48-4cff-8612-dc314f977bf3?fields=provider%3Aphysical_network&fields=provider%3Anetwork_type HTTP/1.1" status: 200 len: 277 time: 0.1061602
2026-04-07 01:15:57.487 9 INFO neutron.wsgi [req-d3171432-cfe8-4020-9f5e-550ca0495f3f req-36d6bf59-227c-4713-87de-8dea758a3bf2 e527d8078fdc4b86be1c47ac5be9ee5c 00b0cfe780b04e358530839899e3ce43 - - default default] 10.0.0.171 "GET /v2.0/ports?device_id=690084ab-e977-47b0-af9e-6a44a1a388ca HTTP/1.1" status: 200 len: 1170 time: 0.3183007
2026-04-07 01:15:57.514 10 INFO neutron.wsgi [req-f7f311a2-442f-4228-ab73-b6a50ebcbc93 req-6eaabb47-ec4a-4f02-a4f7-380ec9b242c6 0af61b1f3a0f4b8396f868ae7c7a61d9 e4f484039e694525971575f21e0e6b00 - - 0041f4aab5cb4ad2b9d4fd8d7cd3dc10 0041f4aab5cb4ad2b9d4fd8d7cd3dc10] 199.19.213.133 "GET /v2.0/ports?tenant_id=451ef57771a5425bbd262c9a325b0a99&device_id=2f6b0901-cb36-4706-8880-a73209741243 HTTP/1.1" status: 200 len: 1542 time: 0.0775762
2026-04-07 01:15:57.548 10 INFO neutron.db.ovn_revision_numbers_db [None req-d973d1cf-d5bc-452b-a482-37fcd50962da - - - - - -] Successfully bumped revision number for resource 0aa2def6-07b6-4a99-89ea-d253223e5d4d (type: ports) to 3
2026-04-07 01:15:57.583 9 INFO neutron.wsgi [req-d3171432-cfe8-4020-9f5e-550ca0495f3f req-76dc6dc5-ba9a-4c41-88bf-3c8c890ba093 e527d8078fdc4b86be1c47ac5be9ee5c 00b0cfe780b04e358530839899e3ce43 - - default default] 10.0.0.171 "GET /v2.0/security-groups?id=3a9527f6-907e-4764-87d2-f26026f0256b&fields=id&fields=name HTTP/1.1" status: 200 len: 313 time: 0.0854528
2026-04-07 01:15:57.727 9 INFO neutron.wsgi [req-069032a4-7b9b-4b30-a7b6-0d7852896bf9 req-a20f22ba-9ed5-4957-b612-8416185ab831 f515422c20944396bec0e275b416641a 451ef57771a5425bbd262c9a325b0a99 - - default default] 10.0.0.171 "GET /v2.0/ports?device_id=2f6b0901-cb36-4706-8880-a73209741243 HTTP/1.1" status: 200 len: 1352 time: 0.0859375
2026-04-07 01:15:57.786 9 INFO neutron.wsgi [req-069032a4-7b9b-4b30-a7b6-0d7852896bf9 req-7e9959f4-7b65-4e5f-8be0-9fcc0a10577d f515422c20944396bec0e275b416641a 451ef57771a5425bbd262c9a325b0a99 - - default default] 10.0.0.171 "GET /v2.0/security-groups?id=aa5f9c19-27a8-4aa4-a90f-c60ed15ad8f2&fields=id&fields=name HTTP/1.1" status: 200 len: 313 time: 0.0464354
2026-04-07 01:15:57.817 10 INFO neutron.db.ovn_revision_numbers_db [None req-bf462cbd-6544-4106-85b7-84fbc171acb2 - - - - - -] Successfully bumped revision number for resource 26b07395-8c8a-4e42-89e2-d3d5a457b194 (type: ports) to 2
2026-04-07 01:15:57.861 10 INFO neutron.wsgi [req-c457bf85-2757-4c34-aaba-fff898ca2e4e req-f770e533-fd81-4060-a47d-c6b4687b506f 868d769286b949e5aaec78aa6f6d6cf8 9c06e6896aaa4f9184448cf89b41612c - - default default] 10.0.0.171 "GET /v2.0/ports?device_id=09f1ed4c-5b64-49c6-bbff-01911f8285e5 HTTP/1.1" status: 200 len: 210 time: 0.0479214
2026-04-07 01:15:57.882 10 INFO neutron.wsgi [req-f7f311a2-442f-4228-ab73-b6a50ebcbc93 req-2169ea6a-c1b0-4aba-83ad-abd718c15728 0af61b1f3a0f4b8396f868ae7c7a61d9 e4f484039e694525971575f21e0e6b00 - - 0041f4aab5cb4ad2b9d4fd8d7cd3dc10 0041f4aab5cb4ad2b9d4fd8d7cd3dc10] 199.19.213.133 "GET /v2.0/networks?id=ef3588aa-208f-4db4-a4ee-fc47ea97dcc7 HTTP/1.1" status: 200 len: 982 time: 0.3597260
2026-04-07 01:15:57.933 10 INFO neutron.wsgi [req-f7f311a2-442f-4228-ab73-b6a50ebcbc93 req-5fa31eba-7191-45bb-8061-4594b0fa0dcc 0af61b1f3a0f4b8396f868ae7c7a61d9 e4f484039e694525971575f21e0e6b00 - - 0041f4aab5cb4ad2b9d4fd8d7cd3dc10 0041f4aab5cb4ad2b9d4fd8d7cd3dc10] 199.19.213.133 "GET /v2.0/floatingips?fixed_ip_address=10.100.0.13&port_id=079609e9-e5cf-439f-91c7-7573e2699dc8 HTTP/1.1" status: 200 len: 217 time: 0.0415220
2026-04-07 01:15:57.991 10 INFO neutron.wsgi [req-f7f311a2-442f-4228-ab73-b6a50ebcbc93 req-253e474d-abeb-4df0-9597-5af7013ca447 0af61b1f3a0f4b8396f868ae7c7a61d9 e4f484039e694525971575f21e0e6b00 - - 0041f4aab5cb4ad2b9d4fd8d7cd3dc10 0041f4aab5cb4ad2b9d4fd8d7cd3dc10] 199.19.213.133 "GET /v2.0/floatingips?fixed_ip_address=10.100.0.5&port_id=079609e9-e5cf-439f-91c7-7573e2699dc8 HTTP/1.1" status: 200 len: 1059 time: 0.0522335
2026-04-07 01:15:57.992 10 INFO neutron.db.ovn_revision_numbers_db [None req-d973d1cf-d5bc-452b-a482-37fcd50962da - - - - - -] Successfully bumped revision number for resource 0aa2def6-07b6-4a99-89ea-d253223e5d4d (type: router_ports) to 3
2026-04-07 01:15:58.054 10 INFO neutron.wsgi [req-f7f311a2-442f-4228-ab73-b6a50ebcbc93 req-e70fc038-8d4c-4a8d-964b-131715831815 0af61b1f3a0f4b8396f868ae7c7a61d9 e4f484039e694525971575f21e0e6b00 - - 0041f4aab5cb4ad2b9d4fd8d7cd3dc10 0041f4aab5cb4ad2b9d4fd8d7cd3dc10] 199.19.213.133 "GET /v2.0/subnets?id=06aab00f-9c51-4669-95fc-8c03a80741d0 HTTP/1.1" status: 200 len: 877 time: 0.0499699
2026-04-07 01:15:58.092 9 INFO neutron.wsgi [None req-02d166d0-612d-48c3-a51c-af497fc445a8 2de2ec4e10b5434699edd7d80aea63a2 376d36ea2fb84aeca058828a48b1fc4b - - - -] 10.0.0.78 "PUT /v2.0/routers/5129167e-1a1b-414a-9ebc-74373f35acbd/add_router_interface HTTP/1.1" status: 200 len: 503 time: 2.5292578
2026-04-07 01:15:58.108 10 INFO neutron.wsgi [req-f7f311a2-442f-4228-ab73-b6a50ebcbc93 req-99bdb43c-735e-4c3e-9004-6bb3d11cf0ca 0af61b1f3a0f4b8396f868ae7c7a61d9 e4f484039e694525971575f21e0e6b00 - - 0041f4aab5cb4ad2b9d4fd8d7cd3dc10 0041f4aab5cb4ad2b9d4fd8d7cd3dc10] 199.19.213.133 "GET /v2.0/ports?network_id=ef3588aa-208f-4db4-a4ee-fc47ea97dcc7&device_owner=network%3Adhcp HTTP/1.1" status: 200 len: 210 time: 0.0453396
2026-04-07 01:15:58.206 10 INFO neutron.wsgi [req-f7f311a2-442f-4228-ab73-b6a50ebcbc93 req-cdb18580-85d2-40fc-ba19-b37cf8298b4d 0af61b1f3a0f4b8396f868ae7c7a61d9 e4f484039e694525971575f21e0e6b00 - - 0041f4aab5cb4ad2b9d4fd8d7cd3dc10 0041f4aab5cb4ad2b9d4fd8d7cd3dc10] 199.19.213.133 "GET /v2.0/networks/ef3588aa-208f-4db4-a4ee-fc47ea97dcc7?fields=segments HTTP/1.1" status: 200 len: 212 time: 0.0935798
2026-04-07 01:15:58.241 10 INFO neutron.db.ovn_revision_numbers_db [None req-bf462cbd-6544-4106-85b7-84fbc171acb2 - - - - - -] Successfully bumped revision number for resource 26b07395-8c8a-4e42-89e2-d3d5a457b194 (type: ports) to 4
2026-04-07 01:15:58.384 10 INFO neutron.wsgi [req-f7f311a2-442f-4228-ab73-b6a50ebcbc93 req-33b68a40-2a12-41fa-b1dc-4737c1557e7a 0af61b1f3a0f4b8396f868ae7c7a61d9 e4f484039e694525971575f21e0e6b00 - - 0041f4aab5cb4ad2b9d4fd8d7cd3dc10 0041f4aab5cb4ad2b9d4fd8d7cd3dc10] 199.19.213.133 "GET /v2.0/networks/ef3588aa-208f-4db4-a4ee-fc47ea97dcc7?fields=provider%3Aphysical_network&fields=provider%3Anetwork_type HTTP/1.1" status: 200 len: 277 time: 0.0760975
2026-04-07 01:15:58.509 10 INFO neutron.wsgi [req-83038884-fb48-4a3c-aaf9-2de8650be057 req-90a1b973-4ec6-43e3-be07-e3425af166fc f515422c20944396bec0e275b416641a 451ef57771a5425bbd262c9a325b0a99 - - default default] 199.19.213.133 "GET /v2.0/ports?device_id=2f6b0901-cb36-4706-8880-a73209741243&device_owner=compute%3Anova&fixed_ips=ip_address%3D10.100.0.13 HTTP/1.1" status: 200 len: 1352 time: 0.0945189
2026-04-07 01:15:58.626 10 INFO neutron.wsgi [req-d9d29967-5114-49a3-8bdf-7ce08faf7a9b req-6bb5cb82-9030-4d26-a3a7-599f520ee84f 868d769286b949e5aaec78aa6f6d6cf8 9c06e6896aaa4f9184448cf89b41612c - - default default] 199.19.213.133 "GET /v2.0/networks?id=06016d86-de48-4cff-8612-dc314f977bf3 HTTP/1.1" status: 200 len: 868 time: 0.1427286
2026-04-07 01:15:58.714 10 INFO neutron.wsgi [req-d1162a9f-4213-45e4-b102-7d81850dd483 req-f0417aa1-8e58-46b5-a2af-48efa40296a0 e527d8078fdc4b86be1c47ac5be9ee5c 00b0cfe780b04e358530839899e3ce43 - - default default] 10.0.0.171 "GET /v2.0/ports?device_id=690084ab-e977-47b0-af9e-6a44a1a388ca HTTP/1.1" status: 200 len: 1170 time: 0.0515890
2026-04-07 01:15:58.744 10 INFO neutron.db.ovn_revision_numbers_db [None req-bf462cbd-6544-4106-85b7-84fbc171acb2 - - - - - -] Successfully bumped revision number for resource 26b07395-8c8a-4e42-89e2-d3d5a457b194 (type: router_ports) to 4
2026-04-07 01:15:58.750 10 INFO neutron.wsgi [req-d9d29967-5114-49a3-8bdf-7ce08faf7a9b req-6f142db2-0355-4b94-a00b-3168e9d9c59e 868d769286b949e5aaec78aa6f6d6cf8 9c06e6896aaa4f9184448cf89b41612c - - default default] 199.19.213.133 "GET /v2.0/security-groups?fields=id&fields=name&tenant_id=9c06e6896aaa4f9184448cf89b41612c HTTP/1.1" status: 200 len: 378 time: 0.1175449
2026-04-07 01:15:58.870 10 INFO neutron.wsgi [req-d1162a9f-4213-45e4-b102-7d81850dd483 req-271ddadc-17e8-4f37-be85-e975357b9604 e527d8078fdc4b86be1c47ac5be9ee5c 00b0cfe780b04e358530839899e3ce43 - - default default] 10.0.0.171 "GET /v2.0/security-groups?id=3a9527f6-907e-4764-87d2-f26026f0256b&fields=id&fields=name HTTP/1.1" status: 200 len: 313 time: 0.1433742
2026-04-07 01:15:58.984 10 INFO neutron.wsgi [req-99f01803-689f-4d4e-87d8-d760b5e2e67a req-5ed71908-cf19-4340-ab9f-4f0a498afa1f 868d769286b949e5aaec78aa6f6d6cf8 9c06e6896aaa4f9184448cf89b41612c - - default default] 10.0.0.171 "GET /v2.0/ports?device_id=09f1ed4c-5b64-49c6-bbff-01911f8285e5 HTTP/1.1" status: 200 len: 210 time: 0.0523491
2026-04-07 01:15:59.029 9 INFO neutron.wsgi [req-b24d9482-d60c-4e02-9c15-faafb9364c34 req-dbe7801f-f01c-4b3b-b7d3-73c0c5ac7184 b06f1d680b754d48b57626e734d82f94 525813460d1a48868ca0efe99f0a2fe8 - - default default] 10.0.0.171 "GET /v2.0/networks?id=704a8368-46c4-4b09-8684-8583ecd1d695 HTTP/1.1" status: 200 len: 876 time: 0.0897875
2026-04-07 01:15:59.053 9 INFO neutron.wsgi [req-b24d9482-d60c-4e02-9c15-faafb9364c34 req-2d78c9c6-5ab9-41a5-89bc-8a2dd75cf65e b06f1d680b754d48b57626e734d82f94 525813460d1a48868ca0efe99f0a2fe8 - - default default] 10.0.0.171 "GET /v2.0/quotas/525813460d1a48868ca0efe99f0a2fe8 HTTP/1.1" status: 200 len: 386 time: 0.0170441
2026-04-07 01:15:59.155 9 INFO neutron.wsgi [req-b24d9482-d60c-4e02-9c15-faafb9364c34 req-d2f34856-6fd2-406c-add0-036d597caca1 b06f1d680b754d48b57626e734d82f94 525813460d1a48868ca0efe99f0a2fe8 - - default default] 10.0.0.171 "GET /v2.0/ports?tenant_id=525813460d1a48868ca0efe99f0a2fe8&fields=id HTTP/1.1" status: 200 len: 302 time: 0.0943308
2026-04-07 01:15:59.235 9 INFO neutron.wsgi [req-b24d9482-d60c-4e02-9c15-faafb9364c34 req-fa869317-c0f6-4465-9377-861844b892e5 0af61b1f3a0f4b8396f868ae7c7a61d9 e4f484039e694525971575f21e0e6b00 - - 0041f4aab5cb4ad2b9d4fd8d7cd3dc10 0041f4aab5cb4ad2b9d4fd8d7cd3dc10] 10.0.0.171 "GET /v2.0/networks/704a8368-46c4-4b09-8684-8583ecd1d695?fields=segments HTTP/1.1" status: 200 len: 212 time: 0.0713761
2026-04-07 01:15:59.277 10 INFO neutron.db.ovn_revision_numbers_db [None req-618cd7fa-df4a-404b-a2e2-f2684d634c2b f515422c20944396bec0e275b416641a 451ef57771a5425bbd262c9a325b0a99 - - - -] Successfully bumped revision number for resource 079609e9-e5cf-439f-91c7-7573e2699dc8 (type: ports) to 6
2026-04-07 01:15:59.284 10 WARNING neutron.scheduler.dhcp_agent_scheduler [None req-80eca46e-9cdb-40a9-98f7-feaf69e6176e 868d769286b949e5aaec78aa6f6d6cf8 9c06e6896aaa4f9184448cf89b41612c - - - -] No more DHCP agents
2026-04-07 01:15:59.291 10 INFO neutron.wsgi [None req-618cd7fa-df4a-404b-a2e2-f2684d634c2b f515422c20944396bec0e275b416641a 451ef57771a5425bbd262c9a325b0a99 - - - -] 199.19.213.133 "PUT /v2.0/ports/079609e9-e5cf-439f-91c7-7573e2699dc8 HTTP/1.1" status: 200 len: 1167 time: 0.7773314
2026-04-07 01:15:59.291 10 WARNING neutron.api.rpc.agentnotifiers.dhcp_rpc_agent_api [None req-80eca46e-9cdb-40a9-98f7-feaf69e6176e 868d769286b949e5aaec78aa6f6d6cf8 9c06e6896aaa4f9184448cf89b41612c - - - -] Unable to schedule network 06016d86-de48-4cff-8612-dc314f977bf3: no agents available; will retry on subsequent port and subnet creation events. /var/lib/openstack/lib/python3.10/site-packages/pycadf/identifier.py:71: UserWarning: Invalid uuid: neutron. To ensure interoperability, identifiers should be a valid uuid. warnings.warn(('Invalid uuid: %s. To ensure interoperability, '
2026-04-07 01:15:59.328 10 INFO neutron.notifiers.nova [-] Nova event matching ['req-1ae692cd-ccfc-4a68-bfb5-d5e65dadf817'] response: {'name': 'network-changed', 'server_uuid': '2f6b0901-cb36-4706-8880-a73209741243', 'tag': '079609e9-e5cf-439f-91c7-7573e2699dc8', 'status': 'completed', 'code': 200}
2026-04-07 01:15:59.342 9 INFO neutron.wsgi [req-ee03bc30-cead-45b2-b951-0776be79d8b0 req-49c77bcb-281f-4a81-afd4-53ff2551fd31 0af61b1f3a0f4b8396f868ae7c7a61d9 e4f484039e694525971575f21e0e6b00 - - 0041f4aab5cb4ad2b9d4fd8d7cd3dc10 0041f4aab5cb4ad2b9d4fd8d7cd3dc10] 199.19.213.133 "GET /v2.0/ports?device_id=690084ab-e977-47b0-af9e-6a44a1a388ca&fields=binding%3Ahost_id&fields=binding%3Avif_type HTTP/1.1" status: 200 len: 265 time: 0.0738826
2026-04-07 01:15:59.346 9 INFO neutron.wsgi [req-b24d9482-d60c-4e02-9c15-faafb9364c34 req-55b5c81e-b966-4e21-b4b7-6d09b377a277 0af61b1f3a0f4b8396f868ae7c7a61d9 e4f484039e694525971575f21e0e6b00 - - 0041f4aab5cb4ad2b9d4fd8d7cd3dc10 0041f4aab5cb4ad2b9d4fd8d7cd3dc10] 10.0.0.171 "GET /v2.0/networks/704a8368-46c4-4b09-8684-8583ecd1d695?fields=provider%3Aphysical_network&fields=provider%3Anetwork_type HTTP/1.1" status: 200 len: 277 time: 0.1039515
2026-04-07 01:15:59.356 10 INFO neutron.wsgi [req-83038884-fb48-4a3c-aaf9-2de8650be057 req-d1e72b90-1b3f-4af3-9047-cc7db2cfc601 0af61b1f3a0f4b8396f868ae7c7a61d9 e4f484039e694525971575f21e0e6b00 - - 0041f4aab5cb4ad2b9d4fd8d7cd3dc10 0041f4aab5cb4ad2b9d4fd8d7cd3dc10] 199.19.213.133 "GET /v2.0/ports?tenant_id=451ef57771a5425bbd262c9a325b0a99&device_id=2f6b0901-cb36-4706-8880-a73209741243 HTTP/1.1" status: 200 len: 1361 time: 0.0424757
2026-04-07 01:15:59.417 9 INFO neutron.wsgi [req-ee03bc30-cead-45b2-b951-0776be79d8b0 req-38ca9ca1-a366-479c-a951-4ff7be08d597 0af61b1f3a0f4b8396f868ae7c7a61d9 e4f484039e694525971575f21e0e6b00 - - 0041f4aab5cb4ad2b9d4fd8d7cd3dc10 0041f4aab5cb4ad2b9d4fd8d7cd3dc10] 199.19.213.133 "GET /v2.0/ports?tenant_id=00b0cfe780b04e358530839899e3ce43&device_id=690084ab-e977-47b0-af9e-6a44a1a388ca HTTP/1.1" status: 200 len: 1361 time: 0.0297179
2026-04-07 01:15:59.432 10 INFO neutron.wsgi [req-83038884-fb48-4a3c-aaf9-2de8650be057 req-caa076be-6154-4910-92b0-5ce07a0f4f4a 0af61b1f3a0f4b8396f868ae7c7a61d9 e4f484039e694525971575f21e0e6b00 - - 0041f4aab5cb4ad2b9d4fd8d7cd3dc10 0041f4aab5cb4ad2b9d4fd8d7cd3dc10] 199.19.213.133 "GET /v2.0/networks?id=ef3588aa-208f-4db4-a4ee-fc47ea97dcc7 HTTP/1.1" status: 200 len: 982 time: 0.0691483
2026-04-07 01:15:59.524 9 INFO neutron.wsgi [req-ee03bc30-cead-45b2-b951-0776be79d8b0 req-ffec817d-83f3-43cc-a653-6c1f509c9447 0af61b1f3a0f4b8396f868ae7c7a61d9 e4f484039e694525971575f21e0e6b00 - - 0041f4aab5cb4ad2b9d4fd8d7cd3dc10 0041f4aab5cb4ad2b9d4fd8d7cd3dc10] 199.19.213.133 "GET /v2.0/networks?id=a088e416-9d58-45f6-86db-f25bd8c6194b HTTP/1.1" status: 200 len: 973 time: 0.0748451
2026-04-07 01:15:59.576 9 INFO neutron.wsgi [req-ee03bc30-cead-45b2-b951-0776be79d8b0 req-2ad1c0d0-f527-4a6b-b563-d58da5e47845 0af61b1f3a0f4b8396f868ae7c7a61d9 e4f484039e694525971575f21e0e6b00 - - 0041f4aab5cb4ad2b9d4fd8d7cd3dc10 0041f4aab5cb4ad2b9d4fd8d7cd3dc10] 199.19.213.133 "GET /v2.0/floatingips?fixed_ip_address=10.100.0.5&port_id=1d5037e9-fe40-45ed-89bf-643e4479ae85 HTTP/1.1" status: 200 len: 1059 time: 0.0448809
2026-04-07 01:15:59.613 9 INFO neutron.wsgi [-] 10.0.0.47 "GET / HTTP/1.1" status: 200 len: 247 time: 0.0018308
2026-04-07 01:15:59.616 9 INFO neutron.wsgi [-] 10.0.0.47 "GET / HTTP/1.1" status: 200 len: 247 time: 0.0016546
2026-04-07 01:15:59.624 9 INFO neutron.wsgi [req-ee03bc30-cead-45b2-b951-0776be79d8b0 req-1d0bccaf-b655-4c1f-ab27-9959e86fcd70 0af61b1f3a0f4b8396f868ae7c7a61d9 e4f484039e694525971575f21e0e6b00 - - 0041f4aab5cb4ad2b9d4fd8d7cd3dc10 0041f4aab5cb4ad2b9d4fd8d7cd3dc10] 199.19.213.133 "GET /v2.0/subnets?id=580bceec-c0cd-42ab-8586-879581abe249 HTTP/1.1" status: 200 len: 868 time: 0.0411839
2026-04-07 01:15:59.659 9 INFO neutron.wsgi [req-ee03bc30-cead-45b2-b951-0776be79d8b0 req-f785e74a-fbb3-442a-8bf9-7453615ab695 0af61b1f3a0f4b8396f868ae7c7a61d9 e4f484039e694525971575f21e0e6b00 - - 0041f4aab5cb4ad2b9d4fd8d7cd3dc10 0041f4aab5cb4ad2b9d4fd8d7cd3dc10] 199.19.213.133 "GET /v2.0/ports?network_id=a088e416-9d58-45f6-86db-f25bd8c6194b&device_owner=network%3Adhcp HTTP/1.1" status: 200 len: 210 time: 0.0282686
2026-04-07 01:15:59.702 10 INFO neutron.wsgi [req-5636ad5d-72b8-4cda-a5c5-8f6da8675faa req-82760bcb-41ea-4c63-ab93-241118a4151b b06f1d680b754d48b57626e734d82f94 525813460d1a48868ca0efe99f0a2fe8 - - default default] 10.0.0.171 "GET /v2.0/ports?device_id=1fab6c90-a8a4-4f9a-8bab-491ed1aac0b8 HTTP/1.1" status: 200 len: 210 time: 0.2493758
2026-04-07 01:15:59.717 10 INFO neutron.wsgi [req-83038884-fb48-4a3c-aaf9-2de8650be057 req-50efd24f-4089-490d-9124-1b6dd34fd634 0af61b1f3a0f4b8396f868ae7c7a61d9 e4f484039e694525971575f21e0e6b00 - - 0041f4aab5cb4ad2b9d4fd8d7cd3dc10 0041f4aab5cb4ad2b9d4fd8d7cd3dc10] 199.19.213.133 "GET /v2.0/floatingips?fixed_ip_address=10.100.0.5&port_id=079609e9-e5cf-439f-91c7-7573e2699dc8 HTTP/1.1" status: 200 len: 1059 time: 0.2715721
2026-04-07 01:15:59.737 9 INFO neutron.wsgi [req-ee03bc30-cead-45b2-b951-0776be79d8b0 req-b9d8b6a5-c087-492e-943d-5ba894c66546 0af61b1f3a0f4b8396f868ae7c7a61d9 e4f484039e694525971575f21e0e6b00 - - 0041f4aab5cb4ad2b9d4fd8d7cd3dc10 0041f4aab5cb4ad2b9d4fd8d7cd3dc10] 199.19.213.133 "GET /v2.0/networks/a088e416-9d58-45f6-86db-f25bd8c6194b?fields=segments HTTP/1.1" status: 200 len: 212 time: 0.0706978
2026-04-07 01:15:59.754 10 INFO neutron.db.ovn_revision_numbers_db [None req-80eca46e-9cdb-40a9-98f7-feaf69e6176e 868d769286b949e5aaec78aa6f6d6cf8 9c06e6896aaa4f9184448cf89b41612c - - - -] Successfully bumped revision number for resource e8c67019-94b1-4264-a10a-bbe65afbb8ff (type: ports) to 1
2026-04-07 01:15:59.763 10 INFO neutron.wsgi [req-83038884-fb48-4a3c-aaf9-2de8650be057 req-e43c73b9-9dff-42df-9910-e4e2f5f65828 0af61b1f3a0f4b8396f868ae7c7a61d9 e4f484039e694525971575f21e0e6b00 - - 0041f4aab5cb4ad2b9d4fd8d7cd3dc10 0041f4aab5cb4ad2b9d4fd8d7cd3dc10] 199.19.213.133 "GET /v2.0/subnets?id=06aab00f-9c51-4669-95fc-8c03a80741d0 HTTP/1.1" status: 200 len: 877 time: 0.0393469
2026-04-07 01:15:59.804 9 INFO neutron.wsgi [req-ee03bc30-cead-45b2-b951-0776be79d8b0 req-04efbbe9-1528-4716-96de-fbc3b37fa7d6 0af61b1f3a0f4b8396f868ae7c7a61d9 e4f484039e694525971575f21e0e6b00 - - 0041f4aab5cb4ad2b9d4fd8d7cd3dc10 0041f4aab5cb4ad2b9d4fd8d7cd3dc10] 199.19.213.133 "GET /v2.0/networks/a088e416-9d58-45f6-86db-f25bd8c6194b?fields=provider%3Aphysical_network&fields=provider%3Anetwork_type HTTP/1.1" status: 200 len: 277 time: 0.0605690
2026-04-07 01:15:59.804 10 INFO neutron.wsgi [None req-80eca46e-9cdb-40a9-98f7-feaf69e6176e 868d769286b949e5aaec78aa6f6d6cf8 9c06e6896aaa4f9184448cf89b41612c - - - -] 199.19.213.133 "POST /v2.0/ports HTTP/1.1" status: 201 len: 1158 time: 1.0361290
2026-04-07 01:15:59.806 10 INFO neutron.wsgi [req-83038884-fb48-4a3c-aaf9-2de8650be057 req-3441476b-8a86-4b0d-8247-964be1fc9037 0af61b1f3a0f4b8396f868ae7c7a61d9 e4f484039e694525971575f21e0e6b00 - - 0041f4aab5cb4ad2b9d4fd8d7cd3dc10 0041f4aab5cb4ad2b9d4fd8d7cd3dc10] 199.19.213.133 "GET /v2.0/ports?network_id=ef3588aa-208f-4db4-a4ee-fc47ea97dcc7&device_owner=network%3Adhcp HTTP/1.1" status: 200 len: 210 time: 0.0307951
2026-04-07 01:15:59.902 10 INFO neutron.wsgi [req-83038884-fb48-4a3c-aaf9-2de8650be057 req-4188ecb0-181d-4a0d-a53b-614d1b038c3f 0af61b1f3a0f4b8396f868ae7c7a61d9 e4f484039e694525971575f21e0e6b00 - - 0041f4aab5cb4ad2b9d4fd8d7cd3dc10 0041f4aab5cb4ad2b9d4fd8d7cd3dc10] 199.19.213.133 "GET /v2.0/networks/ef3588aa-208f-4db4-a4ee-fc47ea97dcc7?fields=segments HTTP/1.1" status: 200 len: 212 time: 0.0880885
2026-04-07 01:15:59.999 10 INFO neutron.wsgi [req-83038884-fb48-4a3c-aaf9-2de8650be057 req-cb5399f4-08f6-4abe-a07a-10d971eadb64 0af61b1f3a0f4b8396f868ae7c7a61d9 e4f484039e694525971575f21e0e6b00 - - 0041f4aab5cb4ad2b9d4fd8d7cd3dc10 0041f4aab5cb4ad2b9d4fd8d7cd3dc10] 199.19.213.133 "GET /v2.0/networks/ef3588aa-208f-4db4-a4ee-fc47ea97dcc7?fields=provider%3Aphysical_network&fields=provider%3Anetwork_type HTTP/1.1" status: 200 len: 277 time: 0.0914214
2026-04-07 01:16:00.115 10 INFO neutron.wsgi [req-7eee11cd-6862-452f-a2a7-f7280984d1bd req-a1fd1842-9278-47e0-9df5-b943bffecd87 0af61b1f3a0f4b8396f868ae7c7a61d9 e4f484039e694525971575f21e0e6b00 - - 0041f4aab5cb4ad2b9d4fd8d7cd3dc10 0041f4aab5cb4ad2b9d4fd8d7cd3dc10] 199.19.213.133 "GET /v2.0/ports?tenant_id=451ef57771a5425bbd262c9a325b0a99&device_id=2f6b0901-cb36-4706-8880-a73209741243 HTTP/1.1" status: 200 len: 1361 time: 0.0572715
2026-04-07 01:16:00.140 9 INFO neutron.wsgi [req-93991c90-ec05-4b5d-a27d-6540625f572b req-6ff3c64a-3bc7-4faf-8015-3c3a40aafa94 868d769286b949e5aaec78aa6f6d6cf8 9c06e6896aaa4f9184448cf89b41612c - - default default] 10.0.0.171 "GET /v2.0/ports?device_id=09f1ed4c-5b64-49c6-bbff-01911f8285e5 HTTP/1.1" status: 200 len: 1156 time: 0.0841341
2026-04-07 01:16:00.210 9 INFO neutron.wsgi [req-93991c90-ec05-4b5d-a27d-6540625f572b req-f1ce7eaa-e08b-4d17-8355-1fbdc6354a00 868d769286b949e5aaec78aa6f6d6cf8 9c06e6896aaa4f9184448cf89b41612c - - default default] 10.0.0.171 "GET /v2.0/security-groups?id=4d50d480-7b2e-4435-972f-50a6dd0c857f&fields=id&fields=name HTTP/1.1" status: 200 len: 311 time: 0.0568390
2026-04-07 01:16:00.212 10 INFO neutron.wsgi [req-7eee11cd-6862-452f-a2a7-f7280984d1bd req-d74a0d93-dae9-487c-9025-8d5a2b5f1298 0af61b1f3a0f4b8396f868ae7c7a61d9 e4f484039e694525971575f21e0e6b00 - - 0041f4aab5cb4ad2b9d4fd8d7cd3dc10 0041f4aab5cb4ad2b9d4fd8d7cd3dc10] 199.19.213.133 "GET /v2.0/networks?id=ef3588aa-208f-4db4-a4ee-fc47ea97dcc7 HTTP/1.1" status: 200 len: 982 time: 0.0919597
2026-04-07 01:16:00.228 9 INFO neutron.wsgi [req-b24d9482-d60c-4e02-9c15-faafb9364c34 req-5e578475-08bb-4b31-8649-dda856383409 b06f1d680b754d48b57626e734d82f94 525813460d1a48868ca0efe99f0a2fe8 - - default default] 199.19.213.133 "GET /v2.0/networks?id=704a8368-46c4-4b09-8684-8583ecd1d695 HTTP/1.1" status: 200 len: 876 time: 0.0845654 /var/lib/openstack/lib/python3.10/site-packages/pycadf/identifier.py:71: UserWarning: Invalid uuid: neutron. To ensure interoperability, identifiers should be a valid uuid. warnings.warn(('Invalid uuid: %s. To ensure interoperability, '
2026-04-07 01:16:00.325 10 INFO neutron.wsgi [req-7eee11cd-6862-452f-a2a7-f7280984d1bd req-61a7bb38-3dcf-493b-8c42-682254c8d2c4 0af61b1f3a0f4b8396f868ae7c7a61d9 e4f484039e694525971575f21e0e6b00 - - 0041f4aab5cb4ad2b9d4fd8d7cd3dc10 0041f4aab5cb4ad2b9d4fd8d7cd3dc10] 199.19.213.133 "GET /v2.0/floatingips?fixed_ip_address=10.100.0.5&port_id=079609e9-e5cf-439f-91c7-7573e2699dc8 HTTP/1.1" status: 200 len: 1059 time: 0.1071429
2026-04-07 01:16:00.395 10 INFO neutron.wsgi [req-7eee11cd-6862-452f-a2a7-f7280984d1bd req-c36cd2d1-6244-403c-ac75-10c9b01f45b2 0af61b1f3a0f4b8396f868ae7c7a61d9 e4f484039e694525971575f21e0e6b00 - - 0041f4aab5cb4ad2b9d4fd8d7cd3dc10 0041f4aab5cb4ad2b9d4fd8d7cd3dc10] 199.19.213.133 "GET /v2.0/subnets?id=06aab00f-9c51-4669-95fc-8c03a80741d0 HTTP/1.1" status: 200 len: 877 time: 0.0485866
2026-04-07 01:16:00.399 10 INFO neutron.wsgi [req-f0efdb33-0632-4bdb-965b-fb8dd8cc9176 req-a0953d0e-7803-40a3-bb03-b5a7ed007f6b f515422c20944396bec0e275b416641a 451ef57771a5425bbd262c9a325b0a99 - - default default] 10.0.0.171 "GET /v2.0/ports?device_id=2f6b0901-cb36-4706-8880-a73209741243 HTTP/1.1" status: 200 len: 1170 time: 0.1715553
2026-04-07 01:16:00.450 9 WARNING neutron.plugins.ml2.drivers.ovn.mech_driver.ovsdb.ovn_client [None req-126ef58e-08ad-43f9-a7ec-660b06e6fa23 - - - - - -] No hosting information found for port f3ed797a-3284-4a65-be9d-617db7f89f67: RuntimeError: No hosting information found for port f3ed797a-3284-4a65-be9d-617db7f89f67
2026-04-07 01:16:00.450 9 INFO neutron.plugins.ml2.drivers.ovn.mech_driver.mech_driver [None req-126ef58e-08ad-43f9-a7ec-660b06e6fa23 - - - - - -] OVN reports status up for port: 26b07395-8c8a-4e42-89e2-d3d5a457b194
2026-04-07 01:16:00.460 10 INFO neutron.wsgi [req-7eee11cd-6862-452f-a2a7-f7280984d1bd req-f82da4d4-5fbf-4a0a-87c9-2588abdc9307 0af61b1f3a0f4b8396f868ae7c7a61d9 e4f484039e694525971575f21e0e6b00 - - 0041f4aab5cb4ad2b9d4fd8d7cd3dc10 0041f4aab5cb4ad2b9d4fd8d7cd3dc10] 199.19.213.133 "GET /v2.0/ports?network_id=ef3588aa-208f-4db4-a4ee-fc47ea97dcc7&device_owner=network%3Adhcp HTTP/1.1" status: 200 len: 210 time: 0.0302246
2026-04-07 01:16:00.472 10 INFO neutron.wsgi [req-f0efdb33-0632-4bdb-965b-fb8dd8cc9176 req-89440b3f-cc57-48eb-b301-27fa2f421069 f515422c20944396bec0e275b416641a 451ef57771a5425bbd262c9a325b0a99 - - default default] 10.0.0.171 "GET /v2.0/security-groups?id=aa5f9c19-27a8-4aa4-a90f-c60ed15ad8f2&fields=id&fields=name HTTP/1.1" status: 200 len: 313 time: 0.0489068
2026-04-07 01:16:00.473 9 INFO neutron.plugins.ml2.plugin [None req-126ef58e-08ad-43f9-a7ec-660b06e6fa23 - - - - - -] Attempt 1 to provision port 26b07395-8c8a-4e42-89e2-d3d5a457b194
2026-04-07 01:16:00.482 10 INFO neutron.db.ovn_revision_numbers_db [None req-b3804771-f094-49a6-a705-d6f331d3751c 0af61b1f3a0f4b8396f868ae7c7a61d9 e4f484039e694525971575f21e0e6b00 - - - -] Successfully bumped revision number for resource e8c67019-94b1-4264-a10a-bbe65afbb8ff (type: ports) to 2
2026-04-07 01:16:00.582 9 INFO neutron.plugins.ml2.drivers.ovn.mech_driver.mech_driver [None req-126ef58e-08ad-43f9-a7ec-660b06e6fa23 - - - - - -] OVN reports status down for port: 079609e9-e5cf-439f-91c7-7573e2699dc8
2026-04-07 01:16:00.647 10 INFO neutron.db.ovn_revision_numbers_db [None req-b3804771-f094-49a6-a705-d6f331d3751c 0af61b1f3a0f4b8396f868ae7c7a61d9 e4f484039e694525971575f21e0e6b00 - - - -] Successfully bumped revision number for resource e8c67019-94b1-4264-a10a-bbe65afbb8ff (type: ports) to 2
2026-04-07 01:16:00.655 9 WARNING neutron.scheduler.dhcp_agent_scheduler [None req-e2366773-f7c1-4185-88f3-2a3a0d0de3a2 b06f1d680b754d48b57626e734d82f94 525813460d1a48868ca0efe99f0a2fe8 - - - -] No more DHCP agents
2026-04-07 01:16:00.659 9 WARNING neutron.api.rpc.agentnotifiers.dhcp_rpc_agent_api [None req-e2366773-f7c1-4185-88f3-2a3a0d0de3a2 b06f1d680b754d48b57626e734d82f94 525813460d1a48868ca0efe99f0a2fe8 - - - -] Unable to schedule network 704a8368-46c4-4b09-8684-8583ecd1d695: no agents available; will retry on subsequent port and subnet creation events.
2026-04-07 01:16:00.660 10 INFO neutron.wsgi [None req-b3804771-f094-49a6-a705-d6f331d3751c 0af61b1f3a0f4b8396f868ae7c7a61d9 e4f484039e694525971575f21e0e6b00 - - - -] 199.19.213.133 "PUT /v2.0/ports/e8c67019-94b1-4264-a10a-bbe65afbb8ff HTTP/1.1" status: 200 len: 1328 time: 0.8445370 /var/lib/openstack/lib/python3.10/site-packages/pycadf/identifier.py:71: UserWarning: Invalid uuid: neutron. To ensure interoperability, identifiers should be a valid uuid. warnings.warn(('Invalid uuid: %s. To ensure interoperability, '
2026-04-07 01:16:00.739 9 INFO neutron.notifiers.nova [-] Nova event matching ['req-8515ff99-db04-421f-ac45-c895e2d3a1e6'] response: {'server_uuid': '2f6b0901-cb36-4706-8880-a73209741243', 'name': 'network-vif-unplugged', 'status': 'completed', 'tag': '079609e9-e5cf-439f-91c7-7573e2699dc8', 'code': 200}
2026-04-07 01:16:00.749 10 INFO neutron.wsgi [req-7eee11cd-6862-452f-a2a7-f7280984d1bd req-279f6a57-0d98-4a6d-a9cc-1c302006026d 0af61b1f3a0f4b8396f868ae7c7a61d9 e4f484039e694525971575f21e0e6b00 - - 0041f4aab5cb4ad2b9d4fd8d7cd3dc10 0041f4aab5cb4ad2b9d4fd8d7cd3dc10] 199.19.213.133 "GET /v2.0/networks/ef3588aa-208f-4db4-a4ee-fc47ea97dcc7?fields=segments HTTP/1.1" status: 200 len: 212 time: 0.0649419
2026-04-07 01:16:00.817 10 INFO neutron.wsgi [req-d9d29967-5114-49a3-8bdf-7ce08faf7a9b req-7bd80f2a-e328-45ab-88ec-f28b1880a3d4 0af61b1f3a0f4b8396f868ae7c7a61d9 e4f484039e694525971575f21e0e6b00 - - 0041f4aab5cb4ad2b9d4fd8d7cd3dc10 0041f4aab5cb4ad2b9d4fd8d7cd3dc10] 199.19.213.133 "GET /v2.0/ports?tenant_id=9c06e6896aaa4f9184448cf89b41612c&device_id=09f1ed4c-5b64-49c6-bbff-01911f8285e5 HTTP/1.1" status: 200 len: 1359 time: 0.0462985 /var/lib/openstack/lib/python3.10/site-packages/pycadf/identifier.py:71: UserWarning: Invalid uuid: neutron. To ensure interoperability, identifiers should be a valid uuid. warnings.warn(('Invalid uuid: %s. To ensure interoperability, '
2026-04-07 01:16:00.865 10 INFO neutron.wsgi [req-d9d29967-5114-49a3-8bdf-7ce08faf7a9b req-f7d364bc-2eca-40e0-bb0a-7158edf5c381 0af61b1f3a0f4b8396f868ae7c7a61d9 e4f484039e694525971575f21e0e6b00 - - 0041f4aab5cb4ad2b9d4fd8d7cd3dc10 0041f4aab5cb4ad2b9d4fd8d7cd3dc10] 199.19.213.133 "GET /v2.0/floatingips?fixed_ip_address=10.100.0.4&port_id=e8c67019-94b1-4264-a10a-bbe65afbb8ff HTTP/1.1" status: 200 len: 217 time: 0.0342262
2026-04-07 01:16:00.883 9 INFO neutron.db.ovn_revision_numbers_db [None req-e2366773-f7c1-4185-88f3-2a3a0d0de3a2 b06f1d680b754d48b57626e734d82f94 525813460d1a48868ca0efe99f0a2fe8 - - - -] Successfully bumped revision number for resource 6280eed3-f013-4ac4-b35f-14441833a14e (type: ports) to 1
2026-04-07 01:16:00.892 10 INFO neutron.wsgi [req-7eee11cd-6862-452f-a2a7-f7280984d1bd req-e0264ef5-5d27-46de-b40b-781275470a6c 0af61b1f3a0f4b8396f868ae7c7a61d9 e4f484039e694525971575f21e0e6b00 - - 0041f4aab5cb4ad2b9d4fd8d7cd3dc10 0041f4aab5cb4ad2b9d4fd8d7cd3dc10] 199.19.213.133 "GET /v2.0/networks/ef3588aa-208f-4db4-a4ee-fc47ea97dcc7?fields=provider%3Aphysical_network&fields=provider%3Anetwork_type HTTP/1.1" status: 200 len: 277 time: 0.1228085
2026-04-07 01:16:00.917 10 INFO neutron.wsgi [req-f89eb854-46f1-437a-82e1-c88e29817f6d req-e0a825e3-f4e8-4bfb-b2aa-51f0e4c9755d b06f1d680b754d48b57626e734d82f94 525813460d1a48868ca0efe99f0a2fe8 - - default default] 10.0.0.171 "GET /v2.0/ports?device_id=1fab6c90-a8a4-4f9a-8bab-491ed1aac0b8 HTTP/1.1" status: 200 len: 1156 time: 0.1358633
2026-04-07 01:16:00.918 10 INFO neutron.wsgi [req-d9d29967-5114-49a3-8bdf-7ce08faf7a9b req-43b3e36e-46b8-4d9f-91cb-9f300b1e73bf 0af61b1f3a0f4b8396f868ae7c7a61d9 e4f484039e694525971575f21e0e6b00 - - 0041f4aab5cb4ad2b9d4fd8d7cd3dc10 0041f4aab5cb4ad2b9d4fd8d7cd3dc10] 199.19.213.133 "GET /v2.0/subnets?id=1070a68b-71ab-4603-8ba7-b1aac0bba8dc HTTP/1.1" status: 200 len: 862 time: 0.0465450
2026-04-07 01:16:00.957 10 INFO neutron.wsgi [req-d9d29967-5114-49a3-8bdf-7ce08faf7a9b req-e145e13c-79b9-4804-b57a-834dc8b12851 0af61b1f3a0f4b8396f868ae7c7a61d9 e4f484039e694525971575f21e0e6b00 - - 0041f4aab5cb4ad2b9d4fd8d7cd3dc10 0041f4aab5cb4ad2b9d4fd8d7cd3dc10] 199.19.213.133 "GET /v2.0/ports?network_id=06016d86-de48-4cff-8612-dc314f977bf3&device_owner=network%3Adhcp HTTP/1.1" status: 200 len: 210 time: 0.0266907
2026-04-07 01:16:00.968 10 INFO neutron.wsgi [req-f89eb854-46f1-437a-82e1-c88e29817f6d req-d5655fdc-bbed-402b-90d9-86d28405fa62 b06f1d680b754d48b57626e734d82f94 525813460d1a48868ca0efe99f0a2fe8 - - default default] 10.0.0.171 "GET /v2.0/security-groups?id=84b7d545-4763-4907-8490-e5568e46194d&fields=id&fields=name HTTP/1.1" status: 200 len: 286 time: 0.0437472
2026-04-07 01:16:01.035 10 INFO neutron.wsgi [req-d9d29967-5114-49a3-8bdf-7ce08faf7a9b req-e815581e-4078-4aa3-8485-e28195c28ab0 0af61b1f3a0f4b8396f868ae7c7a61d9 e4f484039e694525971575f21e0e6b00 - - 0041f4aab5cb4ad2b9d4fd8d7cd3dc10 0041f4aab5cb4ad2b9d4fd8d7cd3dc10] 199.19.213.133 "GET /v2.0/networks/06016d86-de48-4cff-8612-dc314f977bf3?fields=segments HTTP/1.1" status: 200 len: 212 time: 0.0714433
2026-04-07 01:16:01.094 10 INFO neutron.wsgi [req-d9d29967-5114-49a3-8bdf-7ce08faf7a9b req-19ec2453-9cd6-4a75-92e6-4d7ff721b0c8 0af61b1f3a0f4b8396f868ae7c7a61d9 e4f484039e694525971575f21e0e6b00 - - 0041f4aab5cb4ad2b9d4fd8d7cd3dc10 0041f4aab5cb4ad2b9d4fd8d7cd3dc10] 199.19.213.133 "GET /v2.0/networks/06016d86-de48-4cff-8612-dc314f977bf3?fields=provider%3Aphysical_network&fields=provider%3Anetwork_type HTTP/1.1" status: 200 len: 277 time: 0.0497189
2026-04-07 01:16:01.146 9 INFO neutron.wsgi [None req-e2366773-f7c1-4185-88f3-2a3a0d0de3a2 b06f1d680b754d48b57626e734d82f94 525813460d1a48868ca0efe99f0a2fe8 - - - -] 199.19.213.133 "POST /v2.0/ports HTTP/1.1" status: 201 len: 1158 time: 0.9108880
2026-04-07 01:16:01.151 9 INFO neutron.wsgi [req-7f0b4ef2-ccd1-4db1-ac51-831b79388f2b req-b275c7bf-9718-4bf5-8e3e-fa526328e846 f515422c20944396bec0e275b416641a 451ef57771a5425bbd262c9a325b0a99 - - default default] 199.19.213.133 "GET /v2.0/ports?device_id=2f6b0901-cb36-4706-8880-a73209741243 HTTP/1.1" status: 200 len: 1168 time: 0.3410525
2026-04-07 01:16:01.219 9 INFO neutron.db.ovn_revision_numbers_db [None req-126ef58e-08ad-43f9-a7ec-660b06e6fa23 - - - - - -] Successfully bumped revision number for resource 079609e9-e5cf-439f-91c7-7573e2699dc8 (type: ports) to 7
2026-04-07 01:16:01.296 9 INFO neutron.plugins.ml2.drivers.ovn.mech_driver.mech_driver [None req-126ef58e-08ad-43f9-a7ec-660b06e6fa23 - - - - - -] OVN reports status up for port: e8c67019-94b1-4264-a10a-bbe65afbb8ff
2026-04-07 01:16:01.358 9 INFO neutron.plugins.ml2.plugin [None req-126ef58e-08ad-43f9-a7ec-660b06e6fa23 - - - - - -] Attempt 1 to provision port e8c67019-94b1-4264-a10a-bbe65afbb8ff
2026-04-07 01:16:01.377 10 INFO neutron.notifiers.nova [-] Nova event matching ['req-10718ba0-f8e8-4843-89d5-7d76b3150779'] response: {'name': 'network-changed', 'server_uuid': '09f1ed4c-5b64-49c6-bbff-01911f8285e5', 'tag': 'e8c67019-94b1-4264-a10a-bbe65afbb8ff', 'status': 'completed', 'code': 200}
2026-04-07 01:16:01.404 9 INFO neutron.wsgi [req-2971571d-df81-4c28-9ef2-a7d19a63e14f req-5d5a5b46-2187-4669-9112-a7561f7637be 868d769286b949e5aaec78aa6f6d6cf8 9c06e6896aaa4f9184448cf89b41612c - - default default] 10.0.0.171 "GET /v2.0/ports?device_id=09f1ed4c-5b64-49c6-bbff-01911f8285e5 HTTP/1.1" status: 200 len: 1168 time: 0.0953834 /var/lib/openstack/lib/python3.10/site-packages/pycadf/identifier.py:71: UserWarning: Invalid uuid: neutron. To ensure interoperability, identifiers should be a valid uuid. warnings.warn(('Invalid uuid: %s. To ensure interoperability, '
2026-04-07 01:16:01.446 10 INFO neutron.wsgi [req-a0fff1a8-d064-4445-9921-a520dfd8c6a0 req-a50bd7c0-fde5-4feb-a691-583362347e95 0af61b1f3a0f4b8396f868ae7c7a61d9 e4f484039e694525971575f21e0e6b00 - - 0041f4aab5cb4ad2b9d4fd8d7cd3dc10 0041f4aab5cb4ad2b9d4fd8d7cd3dc10] 199.19.213.133 "GET /v2.0/ports?tenant_id=9c06e6896aaa4f9184448cf89b41612c&device_id=09f1ed4c-5b64-49c6-bbff-01911f8285e5 HTTP/1.1" status: 200 len: 1359 time: 0.0433991
2026-04-07 01:16:01.495 9 INFO neutron.wsgi [req-2971571d-df81-4c28-9ef2-a7d19a63e14f req-e052df79-88fe-4697-8de2-80baa979fab4 868d769286b949e5aaec78aa6f6d6cf8 9c06e6896aaa4f9184448cf89b41612c - - default default] 10.0.0.171 "GET /v2.0/security-groups?id=4d50d480-7b2e-4435-972f-50a6dd0c857f&fields=id&fields=name HTTP/1.1" status: 200 len: 311 time: 0.0804811
