2026-04-07 01:18:15.904 9 WARNING neutron.api.rpc.agentnotifiers.dhcp_rpc_agent_api [None req-4944e5cf-9349-4ef6-9605-f7aa36eb6ca1 1aa7d6f8df734b25864bc5f07fc0d590 d97c4c45632047f39abb17bfeba17fb0 - - - -] Unable to schedule network 00e7dcf0-893c-4fd3-b7a0-cc35da066f83: no agents available; will retry on subsequent port and subnet creation events.
2026-04-07 01:18:15.949 10 INFO neutron.wsgi [None req-c5d6c626-bb53-4761-8635-0779b57d0398 2694feadad9a4221b86711f9c377bf8c 84236631f02f428ca66ff0a22b82b7ca - - - -] 10.0.0.78 "POST /v2.0/security-group-rules HTTP/1.1" status: 201 len: 764 time: 0.2047164
2026-04-07 01:18:16.264 9 INFO neutron.wsgi [req-782f21ae-000c-4563-a905-eca0daae62a2 req-f0845e51-feeb-4f22-b22f-1d450b5e5c11 2694feadad9a4221b86711f9c377bf8c 84236631f02f428ca66ff0a22b82b7ca - - default default] 10.0.0.171 "GET /v2.0/security-groups?name=tempest-lb_member_SG-61454481&fields=id&tenant_id=84236631f02f428ca66ff0a22b82b7ca HTTP/1.1" status: 200 len: 267 time: 0.0640633
2026-04-07 01:18:16.285 9 INFO neutron.db.ovn_revision_numbers_db [None req-1a0c5071-89e1-49d4-8263-c013d39c1914 - - - - - -] Successfully bumped revision number for resource 00ece855-df9b-4a3f-a3ff-8912dec48f8d (type: router_ports) to 4
2026-04-07 01:18:16.449 9 INFO neutron.wsgi [req-782f21ae-000c-4563-a905-eca0daae62a2 req-24167006-9878-43e3-acb5-c183b5942510 2694feadad9a4221b86711f9c377bf8c 84236631f02f428ca66ff0a22b82b7ca - - default default] 10.0.0.171 "GET /v2.0/networks?id=a003c6d5-0ce9-442d-98a6-c3896ae9ee4a HTTP/1.1" status: 200 len: 904 time: 0.1732955
2026-04-07 01:18:16.483 9 INFO neutron.wsgi [req-782f21ae-000c-4563-a905-eca0daae62a2 req-23f35895-6259-4244-9ab3-3ac2e2db6998 2694feadad9a4221b86711f9c377bf8c 84236631f02f428ca66ff0a22b82b7ca - - default default] 10.0.0.171 "GET /v2.0/quotas/84236631f02f428ca66ff0a22b82b7ca HTTP/1.1" status: 200 len: 386 time: 0.0220284
2026-04-07 01:18:16.576 10 WARNING neutron.scheduler.dhcp_agent_scheduler [None req-85a40790-9cbc-4299-b4c6-81c440fa5a76 f2ae8420becb4338b5f3f5ab54d9da82 f53361ab75e24ce1a85dd0ead70c1d1a - - default default] No more DHCP agents
2026-04-07 01:18:16.578 10 WARNING neutron.api.rpc.agentnotifiers.dhcp_rpc_agent_api [None req-85a40790-9cbc-4299-b4c6-81c440fa5a76 f2ae8420becb4338b5f3f5ab54d9da82 f53361ab75e24ce1a85dd0ead70c1d1a - - default default] Unable to schedule network 70da58b5-e0f6-4e4f-a961-fa81cc2564da: no agents available; will retry on subsequent port and subnet creation events.
2026-04-07 01:18:16.737 10 INFO neutron.db.ovn_revision_numbers_db [None req-85a40790-9cbc-4299-b4c6-81c440fa5a76 f2ae8420becb4338b5f3f5ab54d9da82 f53361ab75e24ce1a85dd0ead70c1d1a - - default default] Successfully bumped revision number for resource 8df375d6-b85b-4658-ab5f-b45ce8e27d9c (type: ports) to 1
2026-04-07 01:18:16.836 9 INFO neutron.db.ovn_revision_numbers_db [None req-f597991c-831d-49d9-88fb-ee296d10436b 8820e922c37e4f6ca7051701fe109430 87e7fcb91cca426fa786496ccd8f2d29 - - - -] Successfully bumped revision number for resource 051d122e-557f-4408-a45b-726816230f05 (type: security_groups) to 1
2026-04-07 01:18:16.919 9 INFO neutron.db.segments_db [None req-f597991c-831d-49d9-88fb-ee296d10436b 8820e922c37e4f6ca7051701fe109430 87e7fcb91cca426fa786496ccd8f2d29 - - - -] Added segment 676c5087-0bc2-402d-b5fd-1e9fa425e686 of type geneve for network 11f3b5f1-6bc2-4fac-a091-ef4e4b1cfee5
2026-04-07 01:18:17.056 9 INFO neutron.wsgi [req-782f21ae-000c-4563-a905-eca0daae62a2 req-0ebc2b34-073e-4c9d-9774-adc6bf6b05c2 2694feadad9a4221b86711f9c377bf8c 84236631f02f428ca66ff0a22b82b7ca - - default default] 10.0.0.171 "GET /v2.0/ports?tenant_id=84236631f02f428ca66ff0a22b82b7ca&fields=id HTTP/1.1" status: 200 len: 486 time: 0.5660295
2026-04-07 01:18:17.185 9 INFO neutron.db.ovn_revision_numbers_db [None req-f597991c-831d-49d9-88fb-ee296d10436b 8820e922c37e4f6ca7051701fe109430 87e7fcb91cca426fa786496ccd8f2d29 - - - -] Successfully bumped revision number for resource 11f3b5f1-6bc2-4fac-a091-ef4e4b1cfee5 (type: networks) to 1
2026-04-07 01:18:17.196 9 INFO neutron.db.ovn_revision_numbers_db [None req-4944e5cf-9349-4ef6-9605-f7aa36eb6ca1 1aa7d6f8df734b25864bc5f07fc0d590 d97c4c45632047f39abb17bfeba17fb0 - - - -] Successfully bumped revision number for resource ec87df47-0551-44be-aa21-d5c7f2d6a55f (type: ports) to 2
2026-04-07 01:18:17.217 9 INFO neutron.wsgi [req-782f21ae-000c-4563-a905-eca0daae62a2 req-ffff902f-908d-4690-ac2c-6289eace242a 0af61b1f3a0f4b8396f868ae7c7a61d9 e4f484039e694525971575f21e0e6b00 - - 0041f4aab5cb4ad2b9d4fd8d7cd3dc10 0041f4aab5cb4ad2b9d4fd8d7cd3dc10] 10.0.0.171 "GET /v2.0/networks/a003c6d5-0ce9-442d-98a6-c3896ae9ee4a?fields=segments HTTP/1.1" status: 200 len: 212 time: 0.1429400
2026-04-07 01:18:17.234 9 INFO neutron.db.ovn_revision_numbers_db [None req-4944e5cf-9349-4ef6-9605-f7aa36eb6ca1 1aa7d6f8df734b25864bc5f07fc0d590 d97c4c45632047f39abb17bfeba17fb0 - - - -] Successfully bumped revision number for resource 8b9fb5e4-a136-4f67-9f76-95714791fa82 (type: subnets) to 0
2026-04-07 01:18:17.278 9 INFO neutron.wsgi [None req-4944e5cf-9349-4ef6-9605-f7aa36eb6ca1 1aa7d6f8df734b25864bc5f07fc0d590 d97c4c45632047f39abb17bfeba17fb0 - - - -] 10.0.0.78 "POST /v2.0/subnets HTTP/1.1" status: 201 len: 822 time: 1.6670527
2026-04-07 01:18:17.302 10 INFO neutron.db.ovn_revision_numbers_db [None req-85a40790-9cbc-4299-b4c6-81c440fa5a76 f2ae8420becb4338b5f3f5ab54d9da82 f53361ab75e24ce1a85dd0ead70c1d1a - - default default] Successfully bumped revision number for resource 8df375d6-b85b-4658-ab5f-b45ce8e27d9c (type: router_ports) to 2
2026-04-07 01:18:17.327 9 INFO neutron.wsgi [req-782f21ae-000c-4563-a905-eca0daae62a2 req-57537ff6-768f-4695-b00c-1df149ede700 0af61b1f3a0f4b8396f868ae7c7a61d9 e4f484039e694525971575f21e0e6b00 - - 0041f4aab5cb4ad2b9d4fd8d7cd3dc10 0041f4aab5cb4ad2b9d4fd8d7cd3dc10] 10.0.0.171 "GET /v2.0/networks/a003c6d5-0ce9-442d-98a6-c3896ae9ee4a?fields=provider%3Aphysical_network&fields=provider%3Anetwork_type HTTP/1.1" status: 200 len: 277 time: 0.1006343
2026-04-07 01:18:17.424 9 WARNING neutron.scheduler.dhcp_agent_scheduler [None req-f597991c-831d-49d9-88fb-ee296d10436b 8820e922c37e4f6ca7051701fe109430 87e7fcb91cca426fa786496ccd8f2d29 - - - -] No more DHCP agents
2026-04-07 01:18:17.426 9 WARNING neutron.api.rpc.agentnotifiers.dhcp_rpc_agent_api [None req-f597991c-831d-49d9-88fb-ee296d10436b 8820e922c37e4f6ca7051701fe109430 87e7fcb91cca426fa786496ccd8f2d29 - - - -] Unable to schedule network 11f3b5f1-6bc2-4fac-a091-ef4e4b1cfee5: no agents available; will retry on subsequent port and subnet creation events.
2026-04-07 01:18:17.469 10 INFO neutron.wsgi [req-5de05766-6908-470f-9a56-61ccf5087dbd req-335429ef-96b7-4588-b57f-2f5243cd1906 2694feadad9a4221b86711f9c377bf8c 84236631f02f428ca66ff0a22b82b7ca - - default default] 10.0.0.171 "GET /v2.0/ports?device_id=23b499f0-3d2f-4fa6-b315-07c39b054ff2 HTTP/1.1" status: 200 len: 210 time: 0.0412335
2026-04-07 01:18:17.519 9 INFO neutron.db.ovn_revision_numbers_db [None req-f597991c-831d-49d9-88fb-ee296d10436b 8820e922c37e4f6ca7051701fe109430 87e7fcb91cca426fa786496ccd8f2d29 - - - -] Successfully bumped revision number for resource 9a66a9ec-3324-443b-a4ce-4035f708e17c (type: ports) to 1
2026-04-07 01:18:17.523 10 INFO neutron.db.ovn_revision_numbers_db [None req-85a40790-9cbc-4299-b4c6-81c440fa5a76 f2ae8420becb4338b5f3f5ab54d9da82 f53361ab75e24ce1a85dd0ead70c1d1a - - default default] Successfully bumped revision number for resource 8df375d6-b85b-4658-ab5f-b45ce8e27d9c (type: ports) to 2
2026-04-07 01:18:17.549 9 INFO neutron.wsgi [None req-f597991c-831d-49d9-88fb-ee296d10436b 8820e922c37e4f6ca7051701fe109430 87e7fcb91cca426fa786496ccd8f2d29 - - - -] 10.0.0.78 "POST /v2.0/networks HTTP/1.1" status: 201 len: 830 time: 1.5812321
2026-04-07 01:18:17.599 10 WARNING neutron.plugins.ml2.drivers.ovn.mech_driver.ovsdb.ovn_client [None req-d973d1cf-d5bc-452b-a482-37fcd50962da - - - - - -] No hosting information found for port bd51d741-2b85-467e-b3ec-fae41063f205: RuntimeError: No hosting information found for port bd51d741-2b85-467e-b3ec-fae41063f205
2026-04-07 01:18:17.821 9 WARNING neutron.plugins.ml2.drivers.ovn.mech_driver.ovsdb.ovn_client [None req-126ef58e-08ad-43f9-a7ec-660b06e6fa23 - - - - - -] No hosting information found for port 86c86eb9-a713-446a-a474-57e4006e16c1: RuntimeError: No hosting information found for port 86c86eb9-a713-446a-a474-57e4006e16c1
2026-04-07 01:18:17.822 9 INFO neutron.plugins.ml2.drivers.ovn.mech_driver.mech_driver [None req-126ef58e-08ad-43f9-a7ec-660b06e6fa23 - - - - - -] OVN reports status up for port: 00ece855-df9b-4a3f-a3ff-8912dec48f8d
2026-04-07 01:18:17.847 9 INFO neutron.plugins.ml2.plugin [None req-126ef58e-08ad-43f9-a7ec-660b06e6fa23 - - - - - -] Attempt 1 to provision port 00ece855-df9b-4a3f-a3ff-8912dec48f8d
2026-04-07 01:18:17.892 9 WARNING neutron.scheduler.dhcp_agent_scheduler [None req-d71699db-a6da-4f94-a9b1-2ef82229a3ca 8820e922c37e4f6ca7051701fe109430 87e7fcb91cca426fa786496ccd8f2d29 - - - -] No more DHCP agents
2026-04-07 01:18:17.893 9 WARNING neutron.api.rpc.agentnotifiers.dhcp_rpc_agent_api [None req-d71699db-a6da-4f94-a9b1-2ef82229a3ca 8820e922c37e4f6ca7051701fe109430 87e7fcb91cca426fa786496ccd8f2d29 - - - -] Unable to schedule network 11f3b5f1-6bc2-4fac-a091-ef4e4b1cfee5: no agents available; will retry on subsequent port and subnet creation events.
2026-04-07 01:18:17.911 10 WARNING neutron.scheduler.dhcp_agent_scheduler [None req-85a40790-9cbc-4299-b4c6-81c440fa5a76 f2ae8420becb4338b5f3f5ab54d9da82 f53361ab75e24ce1a85dd0ead70c1d1a - - default default] No more DHCP agents
2026-04-07 01:18:17.912 10 WARNING neutron.api.rpc.agentnotifiers.dhcp_rpc_agent_api [None req-85a40790-9cbc-4299-b4c6-81c440fa5a76 f2ae8420becb4338b5f3f5ab54d9da82 f53361ab75e24ce1a85dd0ead70c1d1a - - default default] Unable to schedule network 70da58b5-e0f6-4e4f-a961-fa81cc2564da: no agents available; will retry on subsequent port and subnet creation events.
2026-04-07 01:18:17.917 10 INFO neutron.wsgi [None req-d4179b72-f032-4bb8-9a0c-d50a6915cae1 1aa7d6f8df734b25864bc5f07fc0d590 d97c4c45632047f39abb17bfeba17fb0 - - - -] 10.0.0.78 "POST /v2.0/rbac-policies HTTP/1.1" status: 201 len: 523 time: 0.6305006
2026-04-07 01:18:17.999 9 INFO neutron.plugins.ml2.drivers.ovn.mech_driver.mech_driver [None req-126ef58e-08ad-43f9-a7ec-660b06e6fa23 - - - - - -] OVN reports status up for port: 8df375d6-b85b-4658-ab5f-b45ce8e27d9c
2026-04-07 01:18:18.003 9 INFO neutron.db.ovn_revision_numbers_db [None req-d71699db-a6da-4f94-a9b1-2ef82229a3ca 8820e922c37e4f6ca7051701fe109430 87e7fcb91cca426fa786496ccd8f2d29 - - - -] Successfully bumped revision number for resource 152f701e-6b5d-40fe-b2f5-0fffd83ee053 (type: ports) to 1
2026-04-07 01:18:18.010 9 INFO neutron.plugins.ml2.plugin [None req-126ef58e-08ad-43f9-a7ec-660b06e6fa23 - - - - - -] Attempt 1 to provision port 8df375d6-b85b-4658-ab5f-b45ce8e27d9c
2026-04-07 01:18:18.049 9 INFO neutron.wsgi [None req-d71699db-a6da-4f94-a9b1-2ef82229a3ca 8820e922c37e4f6ca7051701fe109430 87e7fcb91cca426fa786496ccd8f2d29 - - - -] 10.0.0.78 "POST /v2.0/ports HTTP/1.1" status: 201 len: 942 time: 0.4957404 /var/lib/openstack/lib/python3.10/site-packages/pycadf/identifier.py:71: UserWarning: Invalid uuid: neutron. To ensure interoperability, identifiers should be a valid uuid. warnings.warn(('Invalid uuid: %s. To ensure interoperability, '
2026-04-07 01:18:18.144 9 INFO neutron.wsgi [None req-3fb0ae60-e389-4497-8faa-c4e24f8e9478 8820e922c37e4f6ca7051701fe109430 87e7fcb91cca426fa786496ccd8f2d29 - - - -] 10.0.0.78 "PUT /v2.0/ports/152f701e-6b5d-40fe-b2f5-0fffd83ee053/tags HTTP/1.1" status: 200 len: 218 time: 0.0899127
2026-04-07 01:18:18.192 9 INFO neutron.wsgi [None req-8aab7825-de3b-4a8a-8fc6-6ea3e2c13120 8820e922c37e4f6ca7051701fe109430 87e7fcb91cca426fa786496ccd8f2d29 - - default default] 10.0.0.78 "GET /v2.0/ports/152f701e-6b5d-40fe-b2f5-0fffd83ee053/tags HTTP/1.1" status: 200 len: 218 time: 0.0428443
2026-04-07 01:18:18.272 10 INFO neutron.wsgi [None req-9f295719-7b21-4eee-9022-dc1b3f1315cd 8820e922c37e4f6ca7051701fe109430 87e7fcb91cca426fa786496ccd8f2d29 - - - -] 10.0.0.78 "PUT /v2.0/ports/152f701e-6b5d-40fe-b2f5-0fffd83ee053/tags/green HTTP/1.1" status: 201 len: 201 time: 0.0755274
2026-04-07 01:18:18.286 10 INFO neutron.db.ovn_revision_numbers_db [None req-85a40790-9cbc-4299-b4c6-81c440fa5a76 f2ae8420becb4338b5f3f5ab54d9da82 f53361ab75e24ce1a85dd0ead70c1d1a - - - -] Successfully bumped revision number for resource 8df375d6-b85b-4658-ab5f-b45ce8e27d9c (type: router_ports) to 2
2026-04-07 01:18:18.288 10 INFO neutron.wsgi [None req-85a40790-9cbc-4299-b4c6-81c440fa5a76 f2ae8420becb4338b5f3f5ab54d9da82 f53361ab75e24ce1a85dd0ead70c1d1a - - - -] 10.0.0.78 "PUT /v2.0/routers/5a800d55-0d2f-402f-9dc3-f2274c57962c/add_router_interface HTTP/1.1" status: 200 len: 503 time: 2.4115598
2026-04-07 01:18:18.322 9 INFO neutron.wsgi [req-782f21ae-000c-4563-a905-eca0daae62a2 req-717d8b88-6c37-48c3-9936-f8ef6c4fbc64 2694feadad9a4221b86711f9c377bf8c 84236631f02f428ca66ff0a22b82b7ca - - default default] 199.19.213.133 "GET /v2.0/networks?id=a003c6d5-0ce9-442d-98a6-c3896ae9ee4a HTTP/1.1" status: 200 len: 904 time: 0.1034350
2026-04-07 01:18:18.345 9 INFO neutron.wsgi [None req-1e6bd0d9-9d21-41f5-a8bb-8548f4268cef 8820e922c37e4f6ca7051701fe109430 87e7fcb91cca426fa786496ccd8f2d29 - - default default] 10.0.0.78 "GET /v2.0/ports/152f701e-6b5d-40fe-b2f5-0fffd83ee053/tags HTTP/1.1" status: 200 len: 227 time: 0.0638261
2026-04-07 01:18:18.372 10 INFO neutron.wsgi [None req-528abedf-3e39-4856-b178-d26010ae4410 807245f2d818405ba91438cab6b04b98 36e7a33de47c4605a77fcb07d2882929 - - default default] 10.0.0.78 "GET /v2.0/networks HTTP/1.1" status: 200 len: 6934 time: 0.0738995
2026-04-07 01:18:18.396 10 INFO neutron.wsgi [None req-d257d1a6-272c-4bd5-a1be-238d39fa0270 8820e922c37e4f6ca7051701fe109430 87e7fcb91cca426fa786496ccd8f2d29 - - - -] 10.0.0.78 "PUT /v2.0/ports/152f701e-6b5d-40fe-b2f5-0fffd83ee053/tags/red HTTP/1.1" status: 201 len: 201 time: 0.0463674
2026-04-07 01:18:18.413 10 INFO neutron.wsgi [None req-89f6b694-2270-4aca-97a9-bb3c1ce60532 807245f2d818405ba91438cab6b04b98 36e7a33de47c4605a77fcb07d2882929 - - default default] 10.0.0.78 "GET /v2.0/subnets HTTP/1.1" status: 200 len: 6769 time: 0.0356836
2026-04-07 01:18:18.417 9 INFO neutron.wsgi [req-782f21ae-000c-4563-a905-eca0daae62a2 req-e791df66-792a-4718-a9c1-f801dae414a1 2694feadad9a4221b86711f9c377bf8c 84236631f02f428ca66ff0a22b82b7ca - - default default] 199.19.213.133 "GET /v2.0/security-groups?fields=id&fields=name&tenant_id=84236631f02f428ca66ff0a22b82b7ca HTTP/1.1" status: 200 len: 376 time: 0.0857522
2026-04-07 01:18:18.492 10 INFO neutron.wsgi [None req-ffaac85e-8681-4e7d-866b-fb3443490398 807245f2d818405ba91438cab6b04b98 36e7a33de47c4605a77fcb07d2882929 - - default default] 10.0.0.78 "GET /v2.0/routers HTTP/1.1" status: 200 len: 1541 time: 0.0743704
2026-04-07 01:18:18.502 9 INFO neutron.wsgi [None req-e20675ff-0e1c-4898-95d3-1079f1b9ae3d 8820e922c37e4f6ca7051701fe109430 87e7fcb91cca426fa786496ccd8f2d29 - - default default] 10.0.0.78 "GET /v2.0/ports/152f701e-6b5d-40fe-b2f5-0fffd83ee053/tags HTTP/1.1" status: 200 len: 227 time: 0.0785823
2026-04-07 01:18:18.519 9 INFO neutron.wsgi [None req-f5757130-eed9-4f57-a5a7-76f4459f89a5 fb3d455a462e45f284b51a5543c21042 c666b0edd0d740b6bec61b7e392b4679 - - default default] 10.0.0.78 "GET /v2.0/networks/00e7dcf0-893c-4fd3-b7a0-cc35da066f83 HTTP/1.1" status: 200 len: 848 time: 0.1920900
2026-04-07 01:18:18.520 9 INFO neutron.db.ovn_revision_numbers_db [None req-126ef58e-08ad-43f9-a7ec-660b06e6fa23 - - - - - -] Successfully bumped revision number for resource 8df375d6-b85b-4658-ab5f-b45ce8e27d9c (type: ports) to 3
2026-04-07 01:18:18.550 10 INFO neutron.wsgi [None req-88f77f53-bfd8-4538-b671-f62c550b83df 8820e922c37e4f6ca7051701fe109430 87e7fcb91cca426fa786496ccd8f2d29 - - - -] 10.0.0.78 "PUT /v2.0/ports/152f701e-6b5d-40fe-b2f5-0fffd83ee053/tags/black.or.white HTTP/1.1" status: 201 len: 201 time: 0.0432322
2026-04-07 01:18:18.596 10 INFO neutron.wsgi [None req-ff673023-bb39-413d-837b-17a3d5aefa8b 8820e922c37e4f6ca7051701fe109430 87e7fcb91cca426fa786496ccd8f2d29 - - default default] 10.0.0.78 "GET /v2.0/ports/152f701e-6b5d-40fe-b2f5-0fffd83ee053/tags HTTP/1.1" status: 200 len: 245 time: 0.0411203
2026-04-07 01:18:18.657 10 INFO neutron.db.ovn_revision_numbers_db [None req-91898fc5-c52a-433d-9943-bc3c5f1ac977 f2ae8420becb4338b5f3f5ab54d9da82 f53361ab75e24ce1a85dd0ead70c1d1a - - - -] Successfully bumped revision number for resource 0603636f-bf54-4e1f-a60e-1ac33d6112c6 (type: security_groups) to 1
2026-04-07 01:18:18.678 10 INFO neutron.wsgi [None req-91898fc5-c52a-433d-9943-bc3c5f1ac977 f2ae8420becb4338b5f3f5ab54d9da82 f53361ab75e24ce1a85dd0ead70c1d1a - - - -] 10.0.0.78 "POST /v2.0/security-groups HTTP/1.1" status: 201 len: 1811 time: 0.1154134
2026-04-07 01:18:18.779 10 INFO neutron.db.ovn_revision_numbers_db [None req-9a17b8cc-65a5-4935-943d-dd68c7610754 f2ae8420becb4338b5f3f5ab54d9da82 f53361ab75e24ce1a85dd0ead70c1d1a - - - -] Successfully bumped revision number for resource 2aabc0b5-40a5-409e-b9c2-8b2236860dbd (type: security_group_rules) to 0
2026-04-07 01:18:18.803 10 INFO neutron.wsgi [None req-9a17b8cc-65a5-4935-943d-dd68c7610754 f2ae8420becb4338b5f3f5ab54d9da82 f53361ab75e24ce1a85dd0ead70c1d1a - - - -] 10.0.0.78 "POST /v2.0/security-group-rules HTTP/1.1" status: 201 len: 764 time: 0.1201389
2026-04-07 01:18:18.925 10 INFO neutron.db.ovn_revision_numbers_db [None req-32f9c16c-630e-4d64-9bff-13a2059731ab f2ae8420becb4338b5f3f5ab54d9da82 f53361ab75e24ce1a85dd0ead70c1d1a - - - -] Successfully bumped revision number for resource 50b0c7bd-8256-49e8-9d99-296953102ca2 (type: security_group_rules) to 0
2026-04-07 01:18:18.932 10 INFO neutron.pecan_wsgi.hooks.translation [None req-e1b14888-39ee-4b13-aafc-e88168188efb 661d9e61c1fa407ea7ca950a49e36e58 6e027e0f022a4c7bbce960a236862bc9 - - default default] GET failed (client error): The resource could not be found.
2026-04-07 01:18:18.934 10 INFO neutron.wsgi [None req-e1b14888-39ee-4b13-aafc-e88168188efb 661d9e61c1fa407ea7ca950a49e36e58 6e027e0f022a4c7bbce960a236862bc9 - - default default] 10.0.0.78 "GET /v2.0/networks/00e7dcf0-893c-4fd3-b7a0-cc35da066f83 HTTP/1.1" status: 404 len: 339 time: 0.0562229
2026-04-07 01:18:18.955 10 INFO neutron.wsgi [None req-32f9c16c-630e-4d64-9bff-13a2059731ab f2ae8420becb4338b5f3f5ab54d9da82 f53361ab75e24ce1a85dd0ead70c1d1a - - - -] 10.0.0.78 "POST /v2.0/security-group-rules HTTP/1.1" status: 201 len: 763 time: 0.1456103
2026-04-07 01:18:19.005 9 INFO neutron.wsgi [None req-9679bd6f-0b25-4e4f-bb66-42e03d70b668 8820e922c37e4f6ca7051701fe109430 87e7fcb91cca426fa786496ccd8f2d29 - - - -] 10.0.0.78 "PUT /v2.0/ports/152f701e-6b5d-40fe-b2f5-0fffd83ee053/tags HTTP/1.1" status: 200 len: 230 time: 0.4033103
2026-04-07 01:18:19.014 9 INFO neutron.db.ovn_revision_numbers_db [None req-126ef58e-08ad-43f9-a7ec-660b06e6fa23 - - - - - -] Successfully bumped revision number for resource 8df375d6-b85b-4658-ab5f-b45ce8e27d9c (type: router_ports) to 3
2026-04-07 01:18:19.094 9 INFO neutron.wsgi [None req-68e101a9-125f-4b7e-94f8-6f0358f3b955 8820e922c37e4f6ca7051701fe109430 87e7fcb91cca426fa786496ccd8f2d29 - - default default] 10.0.0.78 "GET /v2.0/ports/152f701e-6b5d-40fe-b2f5-0fffd83ee053/tags HTTP/1.1" status: 200 len: 230 time: 0.0825996
2026-04-07 01:18:19.165 9 INFO neutron.wsgi [None req-9b794ae0-dfa8-4d7c-a878-c27f59369998 8820e922c37e4f6ca7051701fe109430 87e7fcb91cca426fa786496ccd8f2d29 - - default default] 10.0.0.78 "GET /v2.0/ports/152f701e-6b5d-40fe-b2f5-0fffd83ee053/tags/red HTTP/1.1" status: 204 len: 168 time: 0.0598030
2026-04-07 01:18:19.214 10 INFO neutron.api.v2.resource [None req-ade00fff-df6e-4420-8ad6-9bed0716e75d 8820e922c37e4f6ca7051701fe109430 87e7fcb91cca426fa786496ccd8f2d29 - - default default] show failed (client error): The resource could not be found.
2026-04-07 01:18:19.216 10 INFO neutron.wsgi [None req-ade00fff-df6e-4420-8ad6-9bed0716e75d 8820e922c37e4f6ca7051701fe109430 87e7fcb91cca426fa786496ccd8f2d29 - - default default] 10.0.0.78 "GET /v2.0/ports/152f701e-6b5d-40fe-b2f5-0fffd83ee053/tags/green HTTP/1.1" status: 404 len: 299 time: 0.0453436
2026-04-07 01:18:19.228 9 INFO neutron.db.ovn_revision_numbers_db [None req-42b0dec8-fd50-45e6-9b30-b11e3a3eeca4 f2ae8420becb4338b5f3f5ab54d9da82 f53361ab75e24ce1a85dd0ead70c1d1a - - - -] Successfully bumped revision number for resource 71c12dba-8e7f-4a8b-b31d-57e14fad60ff (type: security_group_rules) to 0
2026-04-07 01:18:19.272 9 INFO neutron.wsgi [None req-42b0dec8-fd50-45e6-9b30-b11e3a3eeca4 f2ae8420becb4338b5f3f5ab54d9da82 f53361ab75e24ce1a85dd0ead70c1d1a - - - -] 10.0.0.78 "POST /v2.0/security-group-rules HTTP/1.1" status: 201 len: 769 time: 0.3054750
2026-04-07 01:18:19.281 10 INFO neutron.wsgi [None req-96093e60-9648-4f50-997d-0310aca6286b 8820e922c37e4f6ca7051701fe109430 87e7fcb91cca426fa786496ccd8f2d29 - - - -] 10.0.0.78 "DELETE /v2.0/ports/152f701e-6b5d-40fe-b2f5-0fffd83ee053/tags/red HTTP/1.1" status: 204 len: 168 time: 0.0583591
2026-04-07 01:18:19.302 9 WARNING neutron.scheduler.dhcp_agent_scheduler [None req-cb3b5e36-701a-474a-a4eb-c95027adf20f 2694feadad9a4221b86711f9c377bf8c 84236631f02f428ca66ff0a22b82b7ca - - - -] No more DHCP agents
2026-04-07 01:18:19.304 9 WARNING neutron.api.rpc.agentnotifiers.dhcp_rpc_agent_api [None req-cb3b5e36-701a-474a-a4eb-c95027adf20f 2694feadad9a4221b86711f9c377bf8c 84236631f02f428ca66ff0a22b82b7ca - - - -] Unable to schedule network a003c6d5-0ce9-442d-98a6-c3896ae9ee4a: no agents available; will retry on subsequent port and subnet creation events.
2026-04-07 01:18:19.325 10 INFO neutron.wsgi [None req-a1f382f6-753e-49eb-8949-b3a60d6dd0a9 8820e922c37e4f6ca7051701fe109430 87e7fcb91cca426fa786496ccd8f2d29 - - default default] 10.0.0.78 "GET /v2.0/ports/152f701e-6b5d-40fe-b2f5-0fffd83ee053/tags HTTP/1.1" status: 200 len: 223 time: 0.0372674
2026-04-07 01:18:19.379 10 INFO neutron.api.v2.resource [None req-5dada67e-c3f2-4b61-b19b-1cb8396bf825 8820e922c37e4f6ca7051701fe109430 87e7fcb91cca426fa786496ccd8f2d29 - - - -] delete failed (client error): The resource could not be found.
2026-04-07 01:18:19.380 10 INFO neutron.wsgi [None req-5dada67e-c3f2-4b61-b19b-1cb8396bf825 8820e922c37e4f6ca7051701fe109430 87e7fcb91cca426fa786496ccd8f2d29 - - - -] 10.0.0.78 "DELETE /v2.0/ports/152f701e-6b5d-40fe-b2f5-0fffd83ee053/tags/green HTTP/1.1" status: 404 len: 299 time: 0.0495317 /var/lib/openstack/lib/python3.10/site-packages/pycadf/identifier.py:71: UserWarning: Invalid uuid: neutron. To ensure interoperability, identifiers should be a valid uuid. warnings.warn(('Invalid uuid: %s. To ensure interoperability, '
2026-04-07 01:18:19.450 10 INFO neutron.db.ovn_revision_numbers_db [None req-cd16253c-8194-4941-87a8-848cf5afe475 f2ae8420becb4338b5f3f5ab54d9da82 f53361ab75e24ce1a85dd0ead70c1d1a - - - -] Successfully bumped revision number for resource c270a9b4-147b-43bd-bc8d-e89216be9309 (type: security_group_rules) to 0
2026-04-07 01:18:19.477 9 INFO neutron.wsgi [None req-50d29bc0-2f38-4760-a7ee-00cbca0f7183 8820e922c37e4f6ca7051701fe109430 87e7fcb91cca426fa786496ccd8f2d29 - - - -] 10.0.0.78 "DELETE /v2.0/ports/152f701e-6b5d-40fe-b2f5-0fffd83ee053/tags HTTP/1.1" status: 204 len: 168 time: 0.0909779
2026-04-07 01:18:19.493 9 INFO neutron.db.ovn_revision_numbers_db [None req-cb3b5e36-701a-474a-a4eb-c95027adf20f 2694feadad9a4221b86711f9c377bf8c 84236631f02f428ca66ff0a22b82b7ca - - - -] Successfully bumped revision number for resource 5ec5122b-0a04-48e0-9ede-177b10b2054b (type: ports) to 1
2026-04-07 01:18:19.496 10 INFO neutron.wsgi [None req-cd16253c-8194-4941-87a8-848cf5afe475 f2ae8420becb4338b5f3f5ab54d9da82 f53361ab75e24ce1a85dd0ead70c1d1a - - - -] 10.0.0.78 "POST /v2.0/security-group-rules HTTP/1.1" status: 201 len: 768 time: 0.2176948
2026-04-07 01:18:19.518 10 INFO neutron.services.segments.plugin [-] Segment c5fe9a63-d436-4012-b772-1b9efb1b57c3 resource provider aggregate not found
2026-04-07 01:18:19.527 10 INFO neutron.services.segments.plugin [-] Segment c5fe9a63-d436-4012-b772-1b9efb1b57c3 resource provider aggregate not found
2026-04-07 01:18:19.532 9 INFO neutron.wsgi [None req-cb3b5e36-701a-474a-a4eb-c95027adf20f 2694feadad9a4221b86711f9c377bf8c 84236631f02f428ca66ff0a22b82b7ca - - - -] 199.19.213.133 "POST /v2.0/ports HTTP/1.1" status: 201 len: 1380 time: 1.1081994
2026-04-07 01:18:19.535 10 INFO neutron.services.segments.plugin [-] Segment c5fe9a63-d436-4012-b772-1b9efb1b57c3 resource provider not found; error: Placement Client Error (4xx): {"errors": [{"status": 404, "title": "Not Found", "detail": "The resource could not be found.\n\n No resource provider with uuid c5fe9a63-d436-4012-b772-1b9efb1b57c3 found for delete ", "request_id": "req-88af60b3-85d2-40aa-b641-6b8616c79091"}]}
2026-04-07 01:18:19.537 9 INFO neutron.db.securitygroups_db [None req-635ebcc8-205c-4fca-a611-69c8a9965a57 f2ae8420becb4338b5f3f5ab54d9da82 f53361ab75e24ce1a85dd0ead70c1d1a - - - -] Project f53361ab75e24ce1a85dd0ead70c1d1a added a security group rule with legacy IPv6 ICMP protocol name icmp, ipv6-icmp should be used instead. It was automatically converted.
2026-04-07 01:18:19.549 10 INFO neutron.services.segments.plugin [-] Segment c5fe9a63-d436-4012-b772-1b9efb1b57c3 resource provider not found; error: Placement Client Error (4xx): {"errors": [{"status": 404, "title": "Not Found", "detail": "The resource could not be found.\n\n No resource provider with uuid c5fe9a63-d436-4012-b772-1b9efb1b57c3 found for delete ", "request_id": "req-ae296e6f-9d9c-4a6a-8a41-bf1eaa6af060"}]}
2026-04-07 01:18:19.555 10 INFO neutron.wsgi [None req-b8afb306-98d4-424a-a308-56f0b3aa14b3 8820e922c37e4f6ca7051701fe109430 87e7fcb91cca426fa786496ccd8f2d29 - - default default] 10.0.0.78 "GET /v2.0/ports/152f701e-6b5d-40fe-b2f5-0fffd83ee053/tags HTTP/1.1" status: 200 len: 205 time: 0.0671492
2026-04-07 01:18:19.595 10 INFO neutron.wsgi [None req-169a838b-88c6-442e-9454-e1ad33bbadc2 1aa7d6f8df734b25864bc5f07fc0d590 d97c4c45632047f39abb17bfeba17fb0 - - - -] 10.0.0.78 "DELETE /v2.0/networks/00e7dcf0-893c-4fd3-b7a0-cc35da066f83 HTTP/1.1" status: 204 len: 168 time: 0.6546695
2026-04-07 01:18:19.630 9 INFO neutron.pecan_wsgi.hooks.translation [None req-9b51462b-61d9-4909-bf34-e7ebb3a6d920 1aa7d6f8df734b25864bc5f07fc0d590 d97c4c45632047f39abb17bfeba17fb0 - - - -] DELETE failed (client error): The resource could not be found.
2026-04-07 01:18:19.633 9 INFO neutron.wsgi [None req-9b51462b-61d9-4909-bf34-e7ebb3a6d920 1aa7d6f8df734b25864bc5f07fc0d590 d97c4c45632047f39abb17bfeba17fb0 - - - -] 10.0.0.78 "DELETE /v2.0/subnets/7b47c397-cef0-40b6-9ec5-92fa602f56f2 HTTP/1.1" status: 404 len: 337 time: 0.0238056
2026-04-07 01:18:19.667 10 INFO neutron.pecan_wsgi.hooks.translation [None req-117f3646-b13e-4d01-95fd-dd7a3c61ccf2 1aa7d6f8df734b25864bc5f07fc0d590 d97c4c45632047f39abb17bfeba17fb0 - - - -] DELETE failed (client error): The resource could not be found.
2026-04-07 01:18:19.669 10 INFO neutron.wsgi [None req-117f3646-b13e-4d01-95fd-dd7a3c61ccf2 1aa7d6f8df734b25864bc5f07fc0d590 d97c4c45632047f39abb17bfeba17fb0 - - - -] 10.0.0.78 "DELETE /v2.0/subnets/5ba9d0a7-d263-40b1-89f5-5516d1553d38 HTTP/1.1" status: 404 len: 337 time: 0.0321271
2026-04-07 01:18:19.703 10 INFO neutron.pecan_wsgi.hooks.translation [None req-e18623d7-c244-47e8-ac74-2dc750257da2 1aa7d6f8df734b25864bc5f07fc0d590 d97c4c45632047f39abb17bfeba17fb0 - - - -] DELETE failed (client error): The resource could not be found.
2026-04-07 01:18:19.706 10 INFO neutron.wsgi [None req-e18623d7-c244-47e8-ac74-2dc750257da2 1aa7d6f8df734b25864bc5f07fc0d590 d97c4c45632047f39abb17bfeba17fb0 - - - -] 10.0.0.78 "DELETE /v2.0/subnets/8b9fb5e4-a136-4f67-9f76-95714791fa82 HTTP/1.1" status: 404 len: 337 time: 0.0326276
2026-04-07 01:18:19.728 9 INFO neutron.db.ovn_revision_numbers_db [None req-635ebcc8-205c-4fca-a611-69c8a9965a57 f2ae8420becb4338b5f3f5ab54d9da82 f53361ab75e24ce1a85dd0ead70c1d1a - - - -] Successfully bumped revision number for resource 8536bc35-031f-4c10-b7b0-4dc9ee29d8bf (type: security_group_rules) to 0
2026-04-07 01:18:19.765 9 INFO neutron.wsgi [None req-635ebcc8-205c-4fca-a611-69c8a9965a57 f2ae8420becb4338b5f3f5ab54d9da82 f53361ab75e24ce1a85dd0ead70c1d1a - - - -] 10.0.0.78 "POST /v2.0/security-group-rules HTTP/1.1" status: 201 len: 774 time: 0.2573695
2026-04-07 01:18:19.814 10 INFO neutron.db.securitygroups_db [None req-f046bbc5-06f2-4193-bd04-48961d12c8c1 f2ae8420becb4338b5f3f5ab54d9da82 f53361ab75e24ce1a85dd0ead70c1d1a - - - -] Project f53361ab75e24ce1a85dd0ead70c1d1a added a security group rule with legacy IPv6 ICMP protocol name icmp, ipv6-icmp should be used instead. It was automatically converted.
2026-04-07 01:18:19.905 10 INFO neutron.wsgi [None req-32c162ac-12b4-4b6b-b437-d748ff4ac699 8820e922c37e4f6ca7051701fe109430 87e7fcb91cca426fa786496ccd8f2d29 - - - -] 10.0.0.78 "DELETE /v2.0/ports/152f701e-6b5d-40fe-b2f5-0fffd83ee053 HTTP/1.1" status: 204 len: 168 time: 0.3409626
2026-04-07 01:18:19.936 10 INFO neutron.db.ovn_revision_numbers_db [None req-f046bbc5-06f2-4193-bd04-48961d12c8c1 f2ae8420becb4338b5f3f5ab54d9da82 f53361ab75e24ce1a85dd0ead70c1d1a - - - -] Successfully bumped revision number for resource 1a3c51d4-70e5-4c47-a0de-cea9fbbf8bf6 (type: security_group_rules) to 0
2026-04-07 01:18:19.967 9 INFO neutron.db.ovn_revision_numbers_db [None req-a35f8c6a-71ec-4a71-b163-756a818f11e2 0af61b1f3a0f4b8396f868ae7c7a61d9 e4f484039e694525971575f21e0e6b00 - - - -] Successfully bumped revision number for resource 5ec5122b-0a04-48e0-9ede-177b10b2054b (type: ports) to 2
2026-04-07 01:18:19.980 10 INFO neutron.wsgi [None req-f046bbc5-06f2-4193-bd04-48961d12c8c1 f2ae8420becb4338b5f3f5ab54d9da82 f53361ab75e24ce1a85dd0ead70c1d1a - - - -] 10.0.0.78 "POST /v2.0/security-group-rules HTTP/1.1" status: 201 len: 773 time: 0.2082624
2026-04-07 01:18:20.170 9 INFO neutron.db.ovn_revision_numbers_db [None req-a35f8c6a-71ec-4a71-b163-756a818f11e2 0af61b1f3a0f4b8396f868ae7c7a61d9 e4f484039e694525971575f21e0e6b00 - - - -] Successfully bumped revision number for resource 5ec5122b-0a04-48e0-9ede-177b10b2054b (type: ports) to 2
2026-04-07 01:18:20.186 9 INFO neutron.wsgi [None req-a35f8c6a-71ec-4a71-b163-756a818f11e2 0af61b1f3a0f4b8396f868ae7c7a61d9 e4f484039e694525971575f21e0e6b00 - - - -] 199.19.213.133 "PUT /v2.0/ports/5ec5122b-0a04-48e0-9ede-177b10b2054b HTTP/1.1" status: 200 len: 1549 time: 0.6469877
2026-04-07 01:18:20.238 9 INFO neutron.notifiers.nova [-] Nova event matching ['req-23397506-5703-4293-a971-a300d886828a'] response: {'name': 'network-changed', 'server_uuid': '23b499f0-3d2f-4fa6-b315-07c39b054ff2', 'tag': '5ec5122b-0a04-48e0-9ede-177b10b2054b', 'status': 'completed', 'code': 200} /var/lib/openstack/lib/python3.10/site-packages/pycadf/identifier.py:71: UserWarning: Invalid uuid: neutron. To ensure interoperability, identifiers should be a valid uuid. warnings.warn(('Invalid uuid: %s. To ensure interoperability, '
2026-04-07 01:18:20.295 9 INFO neutron.wsgi [req-782f21ae-000c-4563-a905-eca0daae62a2 req-34058b65-1a54-4b4b-95ef-a6f864950850 0af61b1f3a0f4b8396f868ae7c7a61d9 e4f484039e694525971575f21e0e6b00 - - 0041f4aab5cb4ad2b9d4fd8d7cd3dc10 0041f4aab5cb4ad2b9d4fd8d7cd3dc10] 199.19.213.133 "GET /v2.0/ports?tenant_id=84236631f02f428ca66ff0a22b82b7ca&device_id=23b499f0-3d2f-4fa6-b315-07c39b054ff2 HTTP/1.1" status: 200 len: 1580 time: 0.0550354
2026-04-07 01:18:20.338 9 INFO neutron.wsgi [req-782f21ae-000c-4563-a905-eca0daae62a2 req-f43991ce-610f-4051-b0a9-3fbe109a5cdb 0af61b1f3a0f4b8396f868ae7c7a61d9 e4f484039e694525971575f21e0e6b00 - - 0041f4aab5cb4ad2b9d4fd8d7cd3dc10 0041f4aab5cb4ad2b9d4fd8d7cd3dc10] 199.19.213.133 "GET /v2.0/floatingips?fixed_ip_address=10.2.1.47&port_id=5ec5122b-0a04-48e0-9ede-177b10b2054b HTTP/1.1" status: 200 len: 217 time: 0.0354483
2026-04-07 01:18:20.357 10 INFO neutron.wsgi [None req-1a533d69-8e08-4c5a-9e0d-2ab9256c65d2 8820e922c37e4f6ca7051701fe109430 87e7fcb91cca426fa786496ccd8f2d29 - - - -] 10.0.0.78 "DELETE /v2.0/networks/11f3b5f1-6bc2-4fac-a091-ef4e4b1cfee5 HTTP/1.1" status: 204 len: 168 time: 0.4440043
2026-04-07 01:18:20.369 9 INFO neutron.wsgi [req-782f21ae-000c-4563-a905-eca0daae62a2 req-59c53d08-df8a-4786-8bbc-3159becea2cb 0af61b1f3a0f4b8396f868ae7c7a61d9 e4f484039e694525971575f21e0e6b00 - - 0041f4aab5cb4ad2b9d4fd8d7cd3dc10 0041f4aab5cb4ad2b9d4fd8d7cd3dc10] 199.19.213.133 "GET /v2.0/floatingips?fixed_ip_address=fd7b%3Af9f7%3Afff%3A4eca%3A%3Aad&port_id=5ec5122b-0a04-48e0-9ede-177b10b2054b HTTP/1.1" status: 200 len: 217 time: 0.0239937
2026-04-07 01:18:20.426 9 INFO neutron.wsgi [req-782f21ae-000c-4563-a905-eca0daae62a2 req-77de7db0-f6b1-4f28-8fea-de59a68fad69 0af61b1f3a0f4b8396f868ae7c7a61d9 e4f484039e694525971575f21e0e6b00 - - 0041f4aab5cb4ad2b9d4fd8d7cd3dc10 0041f4aab5cb4ad2b9d4fd8d7cd3dc10] 199.19.213.133 "GET /v2.0/subnets?id=9d0ea858-77bc-4e03-b8af-ab5faabb962e&id=2266f479-b201-4555-92d1-381ab64ca65e HTTP/1.1" status: 200 len: 1563 time: 0.0483015
2026-04-07 01:18:20.463 9 INFO neutron.wsgi [req-782f21ae-000c-4563-a905-eca0daae62a2 req-f0f550ad-7e97-4b3a-a310-03c3e01600e6 0af61b1f3a0f4b8396f868ae7c7a61d9 e4f484039e694525971575f21e0e6b00 - - 0041f4aab5cb4ad2b9d4fd8d7cd3dc10 0041f4aab5cb4ad2b9d4fd8d7cd3dc10] 199.19.213.133 "GET /v2.0/ports?network_id=a003c6d5-0ce9-442d-98a6-c3896ae9ee4a&device_owner=network%3Adhcp HTTP/1.1" status: 200 len: 210 time: 0.0329807
2026-04-07 01:18:20.496 9 INFO neutron.wsgi [req-782f21ae-000c-4563-a905-eca0daae62a2 req-2a8551ed-0309-4238-bf29-5f66436eff04 0af61b1f3a0f4b8396f868ae7c7a61d9 e4f484039e694525971575f21e0e6b00 - - 0041f4aab5cb4ad2b9d4fd8d7cd3dc10 0041f4aab5cb4ad2b9d4fd8d7cd3dc10] 199.19.213.133 "GET /v2.0/ports?network_id=a003c6d5-0ce9-442d-98a6-c3896ae9ee4a&device_owner=network%3Adhcp HTTP/1.1" status: 200 len: 210 time: 0.0258582
2026-04-07 01:18:20.604 9 INFO neutron.wsgi [None req-47660fad-7cbb-43db-8efc-67d096f0694d f2ae8420becb4338b5f3f5ab54d9da82 f53361ab75e24ce1a85dd0ead70c1d1a - - default default] 10.0.0.78 "GET /v2.0/networks HTTP/1.1" status: 200 len: 1492 time: 0.2280767
2026-04-07 01:18:20.613 9 INFO neutron.wsgi [req-782f21ae-000c-4563-a905-eca0daae62a2 req-dcd02f9b-784a-48f8-9f67-3f1fd0847428 0af61b1f3a0f4b8396f868ae7c7a61d9 e4f484039e694525971575f21e0e6b00 - - 0041f4aab5cb4ad2b9d4fd8d7cd3dc10 0041f4aab5cb4ad2b9d4fd8d7cd3dc10] 199.19.213.133 "GET /v2.0/networks/a003c6d5-0ce9-442d-98a6-c3896ae9ee4a?fields=segments HTTP/1.1" status: 200 len: 212 time: 0.1100929
2026-04-07 01:18:20.706 9 INFO neutron.wsgi [req-782f21ae-000c-4563-a905-eca0daae62a2 req-ecd2fbaf-54ec-4109-8a34-6c8a5508e165 0af61b1f3a0f4b8396f868ae7c7a61d9 e4f484039e694525971575f21e0e6b00 - - 0041f4aab5cb4ad2b9d4fd8d7cd3dc10 0041f4aab5cb4ad2b9d4fd8d7cd3dc10] 199.19.213.133 "GET /v2.0/networks/a003c6d5-0ce9-442d-98a6-c3896ae9ee4a?fields=provider%3Aphysical_network&fields=provider%3Anetwork_type HTTP/1.1" status: 200 len: 277 time: 0.0845356
2026-04-07 01:18:20.738 9 INFO neutron.wsgi [req-9c7f158c-06e7-4673-a6e9-77d9199ee9c9 req-32e7d6bd-4966-47ac-b50c-2c375af764d0 f2ae8420becb4338b5f3f5ab54d9da82 f53361ab75e24ce1a85dd0ead70c1d1a - - default default] 10.0.0.171 "GET /v2.0/security-groups?name=tempest-secgroup-smoke-1931891115&fields=id&tenant_id=f53361ab75e24ce1a85dd0ead70c1d1a HTTP/1.1" status: 200 len: 267 time: 0.0497150
2026-04-07 01:18:20.800 9 INFO neutron.wsgi [req-ef3b56ba-bd1e-40d3-943b-7226761d555e req-f4e66187-8eed-4cf2-90a2-8a89587dd5c0 0af61b1f3a0f4b8396f868ae7c7a61d9 e4f484039e694525971575f21e0e6b00 - - 0041f4aab5cb4ad2b9d4fd8d7cd3dc10 0041f4aab5cb4ad2b9d4fd8d7cd3dc10] 199.19.213.133 "GET /v2.0/ports?tenant_id=84236631f02f428ca66ff0a22b82b7ca&device_id=23b499f0-3d2f-4fa6-b315-07c39b054ff2 HTTP/1.1" status: 200 len: 1580 time: 0.0488150
2026-04-07 01:18:20.892 9 INFO neutron.wsgi [req-9c7f158c-06e7-4673-a6e9-77d9199ee9c9 req-cc01f2dd-c6f3-4a19-a99c-8be34a9fde30 f2ae8420becb4338b5f3f5ab54d9da82 f53361ab75e24ce1a85dd0ead70c1d1a - - default default] 10.0.0.171 "GET /v2.0/networks?id=70da58b5-e0f6-4e4f-a961-fa81cc2564da HTTP/1.1" status: 200 len: 859 time: 0.1388202
2026-04-07 01:18:20.946 9 INFO neutron.wsgi [req-9c7f158c-06e7-4673-a6e9-77d9199ee9c9 req-df338ffb-1bbe-40b7-af0c-4f94c9261029 f2ae8420becb4338b5f3f5ab54d9da82 f53361ab75e24ce1a85dd0ead70c1d1a - - default default] 10.0.0.171 "GET /v2.0/quotas/f53361ab75e24ce1a85dd0ead70c1d1a HTTP/1.1" status: 200 len: 386 time: 0.0462048
2026-04-07 01:18:20.950 9 INFO neutron.wsgi [req-ef3b56ba-bd1e-40d3-943b-7226761d555e req-36dac264-a686-4b38-b860-71ad18295a8a 0af61b1f3a0f4b8396f868ae7c7a61d9 e4f484039e694525971575f21e0e6b00 - - 0041f4aab5cb4ad2b9d4fd8d7cd3dc10 0041f4aab5cb4ad2b9d4fd8d7cd3dc10] 199.19.213.133 "GET /v2.0/networks?id=a003c6d5-0ce9-442d-98a6-c3896ae9ee4a HTTP/1.1" status: 200 len: 1003 time: 0.1407807
2026-04-07 01:18:21.006 9 INFO neutron.wsgi [req-ef3b56ba-bd1e-40d3-943b-7226761d555e req-b68b2702-efda-4cb5-9d17-890b523f41bb 0af61b1f3a0f4b8396f868ae7c7a61d9 e4f484039e694525971575f21e0e6b00 - - 0041f4aab5cb4ad2b9d4fd8d7cd3dc10 0041f4aab5cb4ad2b9d4fd8d7cd3dc10] 199.19.213.133 "GET /v2.0/floatingips?fixed_ip_address=10.2.1.47&port_id=5ec5122b-0a04-48e0-9ede-177b10b2054b HTTP/1.1" status: 200 len: 217 time: 0.0473554
2026-04-07 01:18:21.024 9 INFO neutron.db.ovn_revision_numbers_db [None req-ff983a8e-bb69-4417-9adc-55fdf5979f21 2de2ec4e10b5434699edd7d80aea63a2 376d36ea2fb84aeca058828a48b1fc4b - - default default] Successfully bumped revision number for resource 9de5d4fd-d1b4-40fd-b112-d281399754b8 (type: security_groups) to 1
2026-04-07 01:18:21.046 9 INFO neutron.wsgi [req-ef3b56ba-bd1e-40d3-943b-7226761d555e req-c369fa3f-e72c-454e-8b0a-5950baa2f492 0af61b1f3a0f4b8396f868ae7c7a61d9 e4f484039e694525971575f21e0e6b00 - - 0041f4aab5cb4ad2b9d4fd8d7cd3dc10 0041f4aab5cb4ad2b9d4fd8d7cd3dc10] 199.19.213.133 "GET /v2.0/floatingips?fixed_ip_address=fd7b%3Af9f7%3Afff%3A4eca%3A%3Aad&port_id=5ec5122b-0a04-48e0-9ede-177b10b2054b HTTP/1.1" status: 200 len: 217 time: 0.0331094
2026-04-07 01:18:21.074 9 INFO neutron.wsgi [None req-ff983a8e-bb69-4417-9adc-55fdf5979f21 2de2ec4e10b5434699edd7d80aea63a2 376d36ea2fb84aeca058828a48b1fc4b - - default default] 10.0.0.78 "GET /v2.0/security-groups?tenant_id=c666b0edd0d740b6bec61b7e392b4679&name=default HTTP/1.1" status: 200 len: 2996 time: 0.4660661
2026-04-07 01:18:21.111 9 INFO neutron.wsgi [req-ef3b56ba-bd1e-40d3-943b-7226761d555e req-d7dc9fcd-7b73-4192-8129-cbaafc1c7acb 0af61b1f3a0f4b8396f868ae7c7a61d9 e4f484039e694525971575f21e0e6b00 - - 0041f4aab5cb4ad2b9d4fd8d7cd3dc10 0041f4aab5cb4ad2b9d4fd8d7cd3dc10] 199.19.213.133 "GET /v2.0/subnets?id=9d0ea858-77bc-4e03-b8af-ab5faabb962e&id=2266f479-b201-4555-92d1-381ab64ca65e HTTP/1.1" status: 200 len: 1563 time: 0.0579226
2026-04-07 01:18:21.119 9 INFO neutron.wsgi [req-9c7f158c-06e7-4673-a6e9-77d9199ee9c9 req-50cae84c-e59b-496b-a42a-6ab00f1d24b2 f2ae8420becb4338b5f3f5ab54d9da82 f53361ab75e24ce1a85dd0ead70c1d1a - - default default] 10.0.0.171 "GET /v2.0/ports?tenant_id=f53361ab75e24ce1a85dd0ead70c1d1a&fields=id HTTP/1.1" status: 200 len: 302 time: 0.1540234
2026-04-07 01:18:21.145 9 INFO neutron.wsgi [req-ef3b56ba-bd1e-40d3-943b-7226761d555e req-f5c4f6d2-7776-41b1-9434-aa905d123eb7 0af61b1f3a0f4b8396f868ae7c7a61d9 e4f484039e694525971575f21e0e6b00 - - 0041f4aab5cb4ad2b9d4fd8d7cd3dc10 0041f4aab5cb4ad2b9d4fd8d7cd3dc10] 199.19.213.133 "GET /v2.0/ports?network_id=a003c6d5-0ce9-442d-98a6-c3896ae9ee4a&device_owner=network%3Adhcp HTTP/1.1" status: 200 len: 210 time: 0.0256341
2026-04-07 01:18:21.191 9 INFO neutron.wsgi [req-ef3b56ba-bd1e-40d3-943b-7226761d555e req-336df09d-7a8d-4808-bf52-764f6adf5070 0af61b1f3a0f4b8396f868ae7c7a61d9 e4f484039e694525971575f21e0e6b00 - - 0041f4aab5cb4ad2b9d4fd8d7cd3dc10 0041f4aab5cb4ad2b9d4fd8d7cd3dc10] 199.19.213.133 "GET /v2.0/ports?network_id=a003c6d5-0ce9-442d-98a6-c3896ae9ee4a&device_owner=network%3Adhcp HTTP/1.1" status: 200 len: 210 time: 0.0378683
2026-04-07 01:18:21.218 9 INFO neutron.wsgi [req-9c7f158c-06e7-4673-a6e9-77d9199ee9c9 req-abd755b2-f135-4161-b864-b2c7a14d7143 0af61b1f3a0f4b8396f868ae7c7a61d9 e4f484039e694525971575f21e0e6b00 - - 0041f4aab5cb4ad2b9d4fd8d7cd3dc10 0041f4aab5cb4ad2b9d4fd8d7cd3dc10] 10.0.0.171 "GET /v2.0/networks/70da58b5-e0f6-4e4f-a961-fa81cc2564da?fields=segments HTTP/1.1" status: 200 len: 212 time: 0.0810173
2026-04-07 01:18:21.246 10 INFO neutron.wsgi [None req-95f37984-dfe1-4d3f-bbb6-929b5781d71d 2de2ec4e10b5434699edd7d80aea63a2 376d36ea2fb84aeca058828a48b1fc4b - - default default] 10.0.0.78 "GET /v2.0/security-groups?tenant_id=87e7fcb91cca426fa786496ccd8f2d29&name=default HTTP/1.1" status: 200 len: 2996 time: 0.1675944
2026-04-07 01:18:21.306 10 INFO neutron.wsgi [None req-59489f86-8740-4c50-90cf-85d5616a7048 2de2ec4e10b5434699edd7d80aea63a2 376d36ea2fb84aeca058828a48b1fc4b - - - -] 10.0.0.78 "DELETE /v2.0/security-groups/9de5d4fd-d1b4-40fd-b112-d281399754b8 HTTP/1.1" status: 204 len: 168 time: 0.2255967
2026-04-07 01:18:21.455 10 INFO neutron.wsgi [None req-ff73980f-557f-4bc3-8e65-24f13a1927d4 2de2ec4e10b5434699edd7d80aea63a2 376d36ea2fb84aeca058828a48b1fc4b - - - -] 10.0.0.78 "DELETE /v2.0/security-groups/051d122e-557f-4408-a45b-726816230f05 HTTP/1.1" status: 204 len: 168 time: 0.2046101
2026-04-07 01:18:21.499 10 INFO neutron.db.ovn_revision_numbers_db [None req-7cd65de1-74cb-4b85-ba8e-15e372d7ace5 2de2ec4e10b5434699edd7d80aea63a2 376d36ea2fb84aeca058828a48b1fc4b - - default default] Successfully bumped revision number for resource fc65a332-afad-41bc-9568-a16153324165 (type: security_groups) to 1
2026-04-07 01:18:21.518 9 INFO neutron.wsgi [req-ef3b56ba-bd1e-40d3-943b-7226761d555e req-167b9634-3607-4fd1-af6b-c39ffc8a797f 0af61b1f3a0f4b8396f868ae7c7a61d9 e4f484039e694525971575f21e0e6b00 - - 0041f4aab5cb4ad2b9d4fd8d7cd3dc10 0041f4aab5cb4ad2b9d4fd8d7cd3dc10] 199.19.213.133 "GET /v2.0/networks/a003c6d5-0ce9-442d-98a6-c3896ae9ee4a?fields=segments HTTP/1.1" status: 200 len: 212 time: 0.3233817
2026-04-07 01:18:21.523 10 INFO neutron.wsgi [None req-7cd65de1-74cb-4b85-ba8e-15e372d7ace5 2de2ec4e10b5434699edd7d80aea63a2 376d36ea2fb84aeca058828a48b1fc4b - - default default] 10.0.0.78 "GET /v2.0/security-groups?tenant_id=6e027e0f022a4c7bbce960a236862bc9&name=default HTTP/1.1" status: 200 len: 2996 time: 0.1150892
2026-04-07 01:18:21.551 9 INFO neutron.wsgi [req-9c7f158c-06e7-4673-a6e9-77d9199ee9c9 req-30adcfdf-2f62-4c66-bfc5-f22c6b2a8406 0af61b1f3a0f4b8396f868ae7c7a61d9 e4f484039e694525971575f21e0e6b00 - - 0041f4aab5cb4ad2b9d4fd8d7cd3dc10 0041f4aab5cb4ad2b9d4fd8d7cd3dc10] 10.0.0.171 "GET /v2.0/networks/70da58b5-e0f6-4e4f-a961-fa81cc2564da?fields=provider%3Aphysical_network&fields=provider%3Anetwork_type HTTP/1.1" status: 200 len: 277 time: 0.3179529
2026-04-07 01:18:21.557 10 INFO neutron.services.segments.plugin [-] Segment 676c5087-0bc2-402d-b5fd-1e9fa425e686 resource provider aggregate not found
2026-04-07 01:18:21.573 10 INFO neutron.services.segments.plugin [-] Segment 676c5087-0bc2-402d-b5fd-1e9fa425e686 resource provider aggregate not found
2026-04-07 01:18:21.581 10 INFO neutron.services.segments.plugin [-] Segment 676c5087-0bc2-402d-b5fd-1e9fa425e686 resource provider not found; error: Placement Client Error (4xx): {"errors": [{"status": 404, "title": "Not Found", "detail": "The resource could not be found.\n\n No resource provider with uuid 676c5087-0bc2-402d-b5fd-1e9fa425e686 found for delete ", "request_id": "req-1a60b8c5-ca91-4d93-a8c4-211ff4ea4a4e"}]}
2026-04-07 01:18:21.583 9 INFO neutron.wsgi [req-ef3b56ba-bd1e-40d3-943b-7226761d555e req-562f8427-29c6-45e1-9d4e-dfe918d071e7 0af61b1f3a0f4b8396f868ae7c7a61d9 e4f484039e694525971575f21e0e6b00 - - 0041f4aab5cb4ad2b9d4fd8d7cd3dc10 0041f4aab5cb4ad2b9d4fd8d7cd3dc10] 199.19.213.133 "GET /v2.0/networks/a003c6d5-0ce9-442d-98a6-c3896ae9ee4a?fields=provider%3Aphysical_network&fields=provider%3Anetwork_type HTTP/1.1" status: 200 len: 277 time: 0.0587604
2026-04-07 01:18:21.596 10 INFO neutron.services.segments.plugin [-] Segment 676c5087-0bc2-402d-b5fd-1e9fa425e686 resource provider not found; error: Placement Client Error (4xx): {"errors": [{"status": 404, "title": "Not Found", "detail": "The resource could not be found.\n\n No resource provider with uuid 676c5087-0bc2-402d-b5fd-1e9fa425e686 found for delete ", "request_id": "req-3cff4feb-e047-478e-9be9-70778663b4a7"}]}
2026-04-07 01:18:21.703 10 INFO neutron.wsgi [req-b589e0fd-45bd-49e2-8994-37646e6f4e77 req-03e3f9c8-8a2b-489f-8243-638150d1367e f2ae8420becb4338b5f3f5ab54d9da82 f53361ab75e24ce1a85dd0ead70c1d1a - - default default] 10.0.0.171 "GET /v2.0/ports?device_id=3845b431-7852-435f-a614-d89f869902d8 HTTP/1.1" status: 200 len: 210 time: 0.0295825
2026-04-07 01:18:21.746 9 INFO neutron.db.ovn_revision_numbers_db [None req-ed949218-255a-4d7f-aac8-6f62662f823c 2de2ec4e10b5434699edd7d80aea63a2 376d36ea2fb84aeca058828a48b1fc4b - - default default] Successfully bumped revision number for resource 54257e6e-c090-4bf4-b424-d9f75c59545a (type: security_groups) to 1
2026-04-07 01:18:21.746 10 INFO neutron.wsgi [None req-656e9600-83b3-45ba-be0a-0a270aa8e45c 2de2ec4e10b5434699edd7d80aea63a2 376d36ea2fb84aeca058828a48b1fc4b - - - -] 10.0.0.78 "DELETE /v2.0/security-groups/fc65a332-afad-41bc-9568-a16153324165 HTTP/1.1" status: 204 len: 168 time: 0.2194793
2026-04-07 01:18:21.766 9 INFO neutron.wsgi [None req-ed949218-255a-4d7f-aac8-6f62662f823c 2de2ec4e10b5434699edd7d80aea63a2 376d36ea2fb84aeca058828a48b1fc4b - - default default] 10.0.0.78 "GET /v2.0/security-groups?tenant_id=95f4e02978ad4ceab22e5e9ac631e669&name=default HTTP/1.1" status: 200 len: 2996 time: 0.1227136
2026-04-07 01:18:21.908 10 INFO neutron.wsgi [None req-8cc398ce-6d1e-4c5d-a43e-8a2d8283c5a4 2de2ec4e10b5434699edd7d80aea63a2 376d36ea2fb84aeca058828a48b1fc4b - - default default] 10.0.0.78 "GET /v2.0/security-groups?tenant_id=d97c4c45632047f39abb17bfeba17fb0&name=default HTTP/1.1" status: 200 len: 2996 time: 0.0282471
2026-04-07 01:18:21.956 9 INFO neutron.wsgi [None req-a777c4e6-05e5-4320-b315-8fa256602be6 2de2ec4e10b5434699edd7d80aea63a2 376d36ea2fb84aeca058828a48b1fc4b - - - -] 10.0.0.78 "DELETE /v2.0/security-groups/54257e6e-c090-4bf4-b424-d9f75c59545a HTTP/1.1" status: 204 len: 168 time: 0.1847477
2026-04-07 01:18:22.108 10 INFO neutron.wsgi [None req-ca91b21f-2eea-480b-a28c-019764a699e6 2de2ec4e10b5434699edd7d80aea63a2 376d36ea2fb84aeca058828a48b1fc4b - - - -] 10.0.0.78 "DELETE /v2.0/security-groups/d3a95c1f-a6aa-43f4-a229-9280b087cd6c HTTP/1.1" status: 204 len: 168 time: 0.1952868
2026-04-07 01:18:22.556 9 INFO neutron.wsgi [req-9c7f158c-06e7-4673-a6e9-77d9199ee9c9 req-bc56e3cf-44f9-4f45-9ac3-b937cd626a25 f2ae8420becb4338b5f3f5ab54d9da82 f53361ab75e24ce1a85dd0ead70c1d1a - - default default] 199.19.213.133 "GET /v2.0/networks?id=70da58b5-e0f6-4e4f-a961-fa81cc2564da HTTP/1.1" status: 200 len: 859 time: 0.0917313
2026-04-07 01:18:22.650 9 INFO neutron.wsgi [req-9c7f158c-06e7-4673-a6e9-77d9199ee9c9 req-99707801-5a4b-45b3-9a09-9550ca684740 f2ae8420becb4338b5f3f5ab54d9da82 f53361ab75e24ce1a85dd0ead70c1d1a - - default default] 199.19.213.133 "GET /v2.0/security-groups?fields=id&fields=name&tenant_id=f53361ab75e24ce1a85dd0ead70c1d1a HTTP/1.1" status: 200 len: 380 time: 0.0841718
2026-04-07 01:18:22.677 9 INFO neutron.wsgi [req-dc44e147-e814-4e3b-aafe-910908905084 req-76a9abc8-e9c9-4ab6-95ec-898b15b09aae 2694feadad9a4221b86711f9c377bf8c 84236631f02f428ca66ff0a22b82b7ca - - default default] 10.0.0.171 "GET /v2.0/ports?device_id=23b499f0-3d2f-4fa6-b315-07c39b054ff2 HTTP/1.1" status: 200 len: 1390 time: 0.1177521
2026-04-07 01:18:22.750 9 INFO neutron.wsgi [req-dc44e147-e814-4e3b-aafe-910908905084 req-6a2f1be1-ae83-479a-a71d-caaf18c41478 2694feadad9a4221b86711f9c377bf8c 84236631f02f428ca66ff0a22b82b7ca - - default default] 10.0.0.171 "GET /v2.0/security-groups?id=8ca5b6c9-f503-43bc-8256-2ad700120a57&fields=id&fields=name HTTP/1.1" status: 200 len: 309 time: 0.0619185
2026-04-07 01:18:22.810 10 INFO neutron.wsgi [req-1faeefd9-b056-4bd1-a480-f2179dd40b78 req-218adf21-139c-4748-ada9-77b13889acd8 f2ae8420becb4338b5f3f5ab54d9da82 f53361ab75e24ce1a85dd0ead70c1d1a - - default default] 10.0.0.171 "GET /v2.0/ports?device_id=3845b431-7852-435f-a614-d89f869902d8 HTTP/1.1" status: 200 len: 210 time: 0.0235143
2026-04-07 01:18:23.039 9 WARNING neutron.scheduler.dhcp_agent_scheduler [None req-bd3adaf1-6b09-4dd6-9e01-eb06581a95db f2ae8420becb4338b5f3f5ab54d9da82 f53361ab75e24ce1a85dd0ead70c1d1a - - - -] No more DHCP agents
2026-04-07 01:18:23.043 9 WARNING neutron.api.rpc.agentnotifiers.dhcp_rpc_agent_api [None req-bd3adaf1-6b09-4dd6-9e01-eb06581a95db f2ae8420becb4338b5f3f5ab54d9da82 f53361ab75e24ce1a85dd0ead70c1d1a - - - -] Unable to schedule network 70da58b5-e0f6-4e4f-a961-fa81cc2564da: no agents available; will retry on subsequent port and subnet creation events.
2026-04-07 01:18:23.169 9 INFO neutron.db.ovn_revision_numbers_db [None req-bd3adaf1-6b09-4dd6-9e01-eb06581a95db f2ae8420becb4338b5f3f5ab54d9da82 f53361ab75e24ce1a85dd0ead70c1d1a - - - -] Successfully bumped revision number for resource 53eb3294-9e93-4721-ac86-43aa4dabab30 (type: ports) to 1
2026-04-07 01:18:23.189 9 INFO neutron.wsgi [None req-bd3adaf1-6b09-4dd6-9e01-eb06581a95db f2ae8420becb4338b5f3f5ab54d9da82 f53361ab75e24ce1a85dd0ead70c1d1a - - - -] 199.19.213.133 "POST /v2.0/ports HTTP/1.1" status: 201 len: 1162 time: 0.5344379 /var/lib/openstack/lib/python3.10/site-packages/pycadf/identifier.py:71: UserWarning: Invalid uuid: neutron. To ensure interoperability, identifiers should be a valid uuid. warnings.warn(('Invalid uuid: %s. To ensure interoperability, '
2026-04-07 01:18:23.564 9 INFO neutron.db.ovn_revision_numbers_db [None req-189608c1-3713-412d-8c9f-192af342d33c 0af61b1f3a0f4b8396f868ae7c7a61d9 e4f484039e694525971575f21e0e6b00 - - - -] Successfully bumped revision number for resource 53eb3294-9e93-4721-ac86-43aa4dabab30 (type: ports) to 2
