2026-04-07 01:17:04.411 10 INFO neutron.db.ovn_revision_numbers_db [None req-c9be7433-6ded-486b-970e-69ae608866ff 3b3518a20b7c46e49d20945c4493f078 6816f0a68b824c80a70abdf2699fc6df - - - -] Successfully bumped revision number for resource d344b95d-ff53-4b3d-8fb5-af9621058540 (type: networks) to 1
2026-04-07 01:17:04.441 10 INFO neutron.db.ovn_revision_numbers_db [None req-0cf4eb02-2a92-4ded-8e3d-e8799e4e690f 975d5a2e0201469cb4c9efb4092488f1 4a6d9910b481479c8e6536808e11028a - - - -] Successfully bumped revision number for resource 38c59b47-6408-4476-83cb-4c69139b5149 (type: ports) to 2
2026-04-07 01:17:04.476 10 INFO neutron.db.ovn_revision_numbers_db [None req-0cf4eb02-2a92-4ded-8e3d-e8799e4e690f 975d5a2e0201469cb4c9efb4092488f1 4a6d9910b481479c8e6536808e11028a - - - -] Successfully bumped revision number for resource 6344f964-4ca5-4d7c-8ffd-65acc7c9a281 (type: subnets) to 0
2026-04-07 01:17:04.499 10 INFO neutron.wsgi [None req-0cf4eb02-2a92-4ded-8e3d-e8799e4e690f 975d5a2e0201469cb4c9efb4092488f1 4a6d9910b481479c8e6536808e11028a - - - -] 10.0.0.78 "POST /v2.0/subnets HTTP/1.1" status: 201 len: 801 time: 0.7858064
2026-04-07 01:17:04.601 9 INFO neutron.db.ovn_revision_numbers_db [None req-e7cfc952-2dd8-4517-b812-e49c4b51f520 09b4240f4d734cd19321b0dda39eef13 006dc9d8bb2f4f2e8618b3917337268d - - - -] Successfully bumped revision number for resource 678bd1f0-c229-46a2-90f9-6b019a872348 (type: routers) to 1
2026-04-07 01:17:04.614 9 INFO neutron.wsgi [None req-e7cfc952-2dd8-4517-b812-e49c4b51f520 09b4240f4d734cd19321b0dda39eef13 006dc9d8bb2f4f2e8618b3917337268d - - - -] 10.0.0.78 "POST /v2.0/routers HTTP/1.1" status: 201 len: 690 time: 0.2195249
2026-04-07 01:17:04.829 10 WARNING neutron.scheduler.dhcp_agent_scheduler [None req-c9be7433-6ded-486b-970e-69ae608866ff 3b3518a20b7c46e49d20945c4493f078 6816f0a68b824c80a70abdf2699fc6df - - - -] No more DHCP agents
2026-04-07 01:17:04.835 10 WARNING neutron.api.rpc.agentnotifiers.dhcp_rpc_agent_api [None req-c9be7433-6ded-486b-970e-69ae608866ff 3b3518a20b7c46e49d20945c4493f078 6816f0a68b824c80a70abdf2699fc6df - - - -] Unable to schedule network d344b95d-ff53-4b3d-8fb5-af9621058540: no agents available; will retry on subsequent port and subnet creation events.
2026-04-07 01:17:04.926 10 INFO neutron.db.ovn_revision_numbers_db [None req-c9be7433-6ded-486b-970e-69ae608866ff 3b3518a20b7c46e49d20945c4493f078 6816f0a68b824c80a70abdf2699fc6df - - - -] Successfully bumped revision number for resource 87b0141d-a86c-400f-8461-0dfb889fede9 (type: ports) to 1
2026-04-07 01:17:04.950 9 WARNING neutron.scheduler.dhcp_agent_scheduler [None req-62cd5689-3afd-4ac3-9a75-29b5b96113bd 09b4240f4d734cd19321b0dda39eef13 006dc9d8bb2f4f2e8618b3917337268d - - - -] No more DHCP agents
2026-04-07 01:17:04.952 10 INFO neutron.wsgi [None req-c9be7433-6ded-486b-970e-69ae608866ff 3b3518a20b7c46e49d20945c4493f078 6816f0a68b824c80a70abdf2699fc6df - - - -] 10.0.0.78 "POST /v2.0/networks HTTP/1.1" status: 201 len: 853 time: 0.7940371
2026-04-07 01:17:04.953 9 WARNING neutron.api.rpc.agentnotifiers.dhcp_rpc_agent_api [None req-62cd5689-3afd-4ac3-9a75-29b5b96113bd 09b4240f4d734cd19321b0dda39eef13 006dc9d8bb2f4f2e8618b3917337268d - - - -] Unable to schedule network 164c2220-8e02-41a4-ae09-b2404a75b411: no agents available; will retry on subsequent port and subnet creation events. /var/lib/openstack/lib/python3.10/site-packages/pycadf/identifier.py:71: UserWarning: Invalid uuid: neutron. To ensure interoperability, identifiers should be a valid uuid. warnings.warn(('Invalid uuid: %s. To ensure interoperability, '
2026-04-07 01:17:05.047 9 INFO neutron.db.segments_db [None req-4bee0d83-f5f9-4fc8-b2f7-e824359ea872 3b3518a20b7c46e49d20945c4493f078 6816f0a68b824c80a70abdf2699fc6df - - - -] Added segment 0f52eee2-83a4-4694-8598-fceb56f12f9d of type geneve for network bd430b97-a870-403c-bb30-e4f302ccdbc8
2026-04-07 01:17:05.052 9 INFO neutron.db.ovn_revision_numbers_db [None req-62cd5689-3afd-4ac3-9a75-29b5b96113bd 09b4240f4d734cd19321b0dda39eef13 006dc9d8bb2f4f2e8618b3917337268d - - - -] Successfully bumped revision number for resource 864f0351-46d2-43d8-bff9-c67bcd4bdf60 (type: ports) to 1
2026-04-07 01:17:05.088 9 INFO neutron.wsgi [None req-62cd5689-3afd-4ac3-9a75-29b5b96113bd 09b4240f4d734cd19321b0dda39eef13 006dc9d8bb2f4f2e8618b3917337268d - - - -] 10.0.0.78 "POST /v2.0/ports HTTP/1.1" status: 201 len: 1163 time: 0.4684880
2026-04-07 01:17:05.090 10 WARNING neutron.scheduler.dhcp_agent_scheduler [None req-3562fbfa-90c2-4ab0-9f45-f494b7037336 975d5a2e0201469cb4c9efb4092488f1 4a6d9910b481479c8e6536808e11028a - - - -] No more DHCP agents
2026-04-07 01:17:05.092 10 WARNING neutron.api.rpc.agentnotifiers.dhcp_rpc_agent_api [None req-3562fbfa-90c2-4ab0-9f45-f494b7037336 975d5a2e0201469cb4c9efb4092488f1 4a6d9910b481479c8e6536808e11028a - - - -] Unable to schedule network a111caf8-b596-46d4-aa15-105874a25186: no agents available; will retry on subsequent port and subnet creation events.
2026-04-07 01:17:05.232 9 INFO neutron.db.ovn_revision_numbers_db [None req-4bee0d83-f5f9-4fc8-b2f7-e824359ea872 3b3518a20b7c46e49d20945c4493f078 6816f0a68b824c80a70abdf2699fc6df - - - -] Successfully bumped revision number for resource bd430b97-a870-403c-bb30-e4f302ccdbc8 (type: networks) to 1
2026-04-07 01:17:05.247 10 INFO neutron.db.ovn_revision_numbers_db [None req-3562fbfa-90c2-4ab0-9f45-f494b7037336 975d5a2e0201469cb4c9efb4092488f1 4a6d9910b481479c8e6536808e11028a - - - -] Successfully bumped revision number for resource d45577b4-9bdb-42e0-b801-c12a6c43ca80 (type: ports) to 1
2026-04-07 01:17:05.270 10 INFO neutron.wsgi [None req-3562fbfa-90c2-4ab0-9f45-f494b7037336 975d5a2e0201469cb4c9efb4092488f1 4a6d9910b481479c8e6536808e11028a - - - -] 10.0.0.78 "POST /v2.0/ports HTTP/1.1" status: 201 len: 1148 time: 0.7630768 /var/lib/openstack/lib/python3.10/site-packages/pycadf/identifier.py:71: UserWarning: Invalid uuid: neutron. To ensure interoperability, identifiers should be a valid uuid. warnings.warn(('Invalid uuid: %s. To ensure interoperability, '
2026-04-07 01:17:05.632 10 INFO neutron.wsgi [None req-88c83811-9515-431e-8d95-4738887ca13f 975d5a2e0201469cb4c9efb4092488f1 4a6d9910b481479c8e6536808e11028a - - - -] 10.0.0.78 "DELETE /v2.0/ports/d45577b4-9bdb-42e0-b801-c12a6c43ca80 HTTP/1.1" status: 204 len: 168 time: 0.3578749
2026-04-07 01:17:05.660 10 INFO neutron.pecan_wsgi.hooks.translation [None req-8180893b-bbae-441e-ad53-edb489dda377 975d5a2e0201469cb4c9efb4092488f1 4a6d9910b481479c8e6536808e11028a - - - -] DELETE failed (client error): The resource could not be found.
2026-04-07 01:17:05.662 10 INFO neutron.wsgi [None req-8180893b-bbae-441e-ad53-edb489dda377 975d5a2e0201469cb4c9efb4092488f1 4a6d9910b481479c8e6536808e11028a - - - -] 10.0.0.78 "DELETE /v2.0/ports/d45577b4-9bdb-42e0-b801-c12a6c43ca80 HTTP/1.1" status: 404 len: 333 time: 0.0239091
2026-04-07 01:17:05.686 10 INFO neutron.pecan_wsgi.hooks.translation [None req-fff841ea-bc6b-4e98-af61-bca6d135df7a 975d5a2e0201469cb4c9efb4092488f1 4a6d9910b481479c8e6536808e11028a - - default default] GET failed (client error): The resource could not be found.
2026-04-07 01:17:05.687 10 INFO neutron.wsgi [None req-fff841ea-bc6b-4e98-af61-bca6d135df7a 975d5a2e0201469cb4c9efb4092488f1 4a6d9910b481479c8e6536808e11028a - - default default] 10.0.0.78 "GET /v2.0/ports/d45577b4-9bdb-42e0-b801-c12a6c43ca80 HTTP/1.1" status: 404 len: 333 time: 0.0193937
2026-04-07 01:17:05.739 9 WARNING neutron.scheduler.dhcp_agent_scheduler [None req-4bee0d83-f5f9-4fc8-b2f7-e824359ea872 3b3518a20b7c46e49d20945c4493f078 6816f0a68b824c80a70abdf2699fc6df - - - -] No more DHCP agents
2026-04-07 01:17:05.743 9 WARNING neutron.api.rpc.agentnotifiers.dhcp_rpc_agent_api [None req-4bee0d83-f5f9-4fc8-b2f7-e824359ea872 3b3518a20b7c46e49d20945c4493f078 6816f0a68b824c80a70abdf2699fc6df - - - -] Unable to schedule network bd430b97-a870-403c-bb30-e4f302ccdbc8: no agents available; will retry on subsequent port and subnet creation events.
2026-04-07 01:17:05.868 9 INFO neutron.db.ovn_revision_numbers_db [None req-4bee0d83-f5f9-4fc8-b2f7-e824359ea872 3b3518a20b7c46e49d20945c4493f078 6816f0a68b824c80a70abdf2699fc6df - - - -] Successfully bumped revision number for resource 3fbc2e5f-d4c8-40d5-b0f2-d15f32252487 (type: ports) to 1
2026-04-07 01:17:05.890 9 INFO neutron.db.ovn_revision_numbers_db [None req-62938fd5-d93d-49b8-b7dd-cb37dc38998c 09b4240f4d734cd19321b0dda39eef13 006dc9d8bb2f4f2e8618b3917337268d - - default default] Successfully bumped revision number for resource 864f0351-46d2-43d8-bff9-c67bcd4bdf60 (type: router_ports) to 2
2026-04-07 01:17:05.896 9 INFO neutron.wsgi [None req-4bee0d83-f5f9-4fc8-b2f7-e824359ea872 3b3518a20b7c46e49d20945c4493f078 6816f0a68b824c80a70abdf2699fc6df - - - -] 10.0.0.78 "POST /v2.0/networks HTTP/1.1" status: 201 len: 853 time: 0.9393680
2026-04-07 01:17:05.909 10 INFO neutron.wsgi [None req-56dcde7a-6d6b-4955-8944-635adb654338 975d5a2e0201469cb4c9efb4092488f1 4a6d9910b481479c8e6536808e11028a - - - -] 10.0.0.78 "DELETE /v2.0/subnets/6344f964-4ca5-4d7c-8ffd-65acc7c9a281 HTTP/1.1" status: 204 len: 168 time: 0.2160921
2026-04-07 01:17:06.065 9 INFO neutron.db.ovn_revision_numbers_db [None req-62938fd5-d93d-49b8-b7dd-cb37dc38998c 09b4240f4d734cd19321b0dda39eef13 006dc9d8bb2f4f2e8618b3917337268d - - default default] Successfully bumped revision number for resource 864f0351-46d2-43d8-bff9-c67bcd4bdf60 (type: ports) to 2
2026-04-07 01:17:06.110 9 WARNING neutron.plugins.ml2.drivers.ovn.mech_driver.ovsdb.ovn_client [None req-126ef58e-08ad-43f9-a7ec-660b06e6fa23 - - - - - -] No port found with ID ad1996a8-3d34-43e4-9146-4b22f66b7793: RuntimeError: No port found with ID ad1996a8-3d34-43e4-9146-4b22f66b7793
2026-04-07 01:17:06.111 9 INFO neutron.plugins.ml2.drivers.ovn.mech_driver.mech_driver [None req-126ef58e-08ad-43f9-a7ec-660b06e6fa23 - - - - - -] OVN reports status up for port: 864f0351-46d2-43d8-bff9-c67bcd4bdf60
2026-04-07 01:17:06.121 9 INFO neutron.plugins.ml2.plugin [None req-126ef58e-08ad-43f9-a7ec-660b06e6fa23 - - - - - -] Attempt 1 to provision port 864f0351-46d2-43d8-bff9-c67bcd4bdf60
2026-04-07 01:17:06.339 10 INFO neutron.services.segments.plugin [-] Segment 12cd919a-425d-486d-b363-4465dadcfb3b resource provider aggregate not found
2026-04-07 01:17:06.344 10 INFO neutron.services.segments.plugin [-] Segment 12cd919a-425d-486d-b363-4465dadcfb3b resource provider aggregate not found
2026-04-07 01:17:06.376 10 INFO neutron.services.segments.plugin [-] Segment 12cd919a-425d-486d-b363-4465dadcfb3b resource provider not found; error: Placement Client Error (4xx): {"errors": [{"status": 404, "title": "Not Found", "detail": "The resource could not be found.\n\n No resource provider with uuid 12cd919a-425d-486d-b363-4465dadcfb3b found for delete ", "request_id": "req-fb5c4d40-95ad-4198-94b6-63e5b7bb8046"}]}
2026-04-07 01:17:06.377 10 INFO neutron.services.segments.plugin [-] Segment 12cd919a-425d-486d-b363-4465dadcfb3b resource provider not found; error: Placement Client Error (4xx): {"errors": [{"status": 404, "title": "Not Found", "detail": "The resource could not be found.\n\n No resource provider with uuid 12cd919a-425d-486d-b363-4465dadcfb3b found for delete ", "request_id": "req-39042ee8-b9a6-4c45-8aa0-a17548ff5268"}]}
2026-04-07 01:17:06.442 10 INFO neutron.wsgi [None req-e84ee4ec-4bdb-425d-b432-75aebf2cf5c8 975d5a2e0201469cb4c9efb4092488f1 4a6d9910b481479c8e6536808e11028a - - - -] 10.0.0.78 "DELETE /v2.0/networks/a111caf8-b596-46d4-aa15-105874a25186 HTTP/1.1" status: 204 len: 168 time: 0.5282276 /var/lib/openstack/lib/python3.10/site-packages/pycadf/identifier.py:71: UserWarning: Invalid uuid: neutron. To ensure interoperability, identifiers should be a valid uuid. warnings.warn(('Invalid uuid: %s. To ensure interoperability, '
2026-04-07 01:17:06.578 9 INFO neutron.db.ovn_revision_numbers_db [None req-126ef58e-08ad-43f9-a7ec-660b06e6fa23 - - - - - -] Successfully bumped revision number for resource 864f0351-46d2-43d8-bff9-c67bcd4bdf60 (type: ports) to 3
2026-04-07 01:17:06.628 9 INFO neutron.db.segments_db [None req-93fa704f-37bb-4790-a4a9-345330727d38 975d5a2e0201469cb4c9efb4092488f1 4a6d9910b481479c8e6536808e11028a - - - -] Added segment 330e7a07-32ae-46aa-9c32-0fb8addca628 of type geneve for network f4215af5-a991-456e-a6a7-8a4cdb3515ec
2026-04-07 01:17:06.795 9 INFO neutron.db.ovn_revision_numbers_db [None req-126ef58e-08ad-43f9-a7ec-660b06e6fa23 - - - - - -] Successfully bumped revision number for resource 864f0351-46d2-43d8-bff9-c67bcd4bdf60 (type: router_ports) to 3
2026-04-07 01:17:06.849 10 WARNING neutron.scheduler.dhcp_agent_scheduler [None req-b5dbb029-2a58-43f1-963c-a36779f7f7c1 3b3518a20b7c46e49d20945c4493f078 6816f0a68b824c80a70abdf2699fc6df - - - -] No more DHCP agents
2026-04-07 01:17:06.851 10 WARNING neutron.api.rpc.agentnotifiers.dhcp_rpc_agent_api [None req-b5dbb029-2a58-43f1-963c-a36779f7f7c1 3b3518a20b7c46e49d20945c4493f078 6816f0a68b824c80a70abdf2699fc6df - - - -] Unable to schedule network d344b95d-ff53-4b3d-8fb5-af9621058540: no agents available; will retry on subsequent port and subnet creation events.
2026-04-07 01:17:06.858 9 INFO neutron.db.ovn_revision_numbers_db [None req-93fa704f-37bb-4790-a4a9-345330727d38 975d5a2e0201469cb4c9efb4092488f1 4a6d9910b481479c8e6536808e11028a - - - -] Successfully bumped revision number for resource f4215af5-a991-456e-a6a7-8a4cdb3515ec (type: networks) to 1
2026-04-07 01:17:06.868 10 INFO neutron.db.ovn_revision_numbers_db [None req-b5dbb029-2a58-43f1-963c-a36779f7f7c1 3b3518a20b7c46e49d20945c4493f078 6816f0a68b824c80a70abdf2699fc6df - - - -] Successfully bumped revision number for resource 2623e944-19a3-40f5-8fe3-1aaa762f11a4 (type: subnets) to 0
2026-04-07 01:17:06.907 10 WARNING neutron.scheduler.dhcp_agent_scheduler [None req-b5dbb029-2a58-43f1-963c-a36779f7f7c1 3b3518a20b7c46e49d20945c4493f078 6816f0a68b824c80a70abdf2699fc6df - - - -] No more DHCP agents
2026-04-07 01:17:06.915 10 WARNING neutron.api.rpc.agentnotifiers.dhcp_rpc_agent_api [None req-b5dbb029-2a58-43f1-963c-a36779f7f7c1 3b3518a20b7c46e49d20945c4493f078 6816f0a68b824c80a70abdf2699fc6df - - - -] Unable to schedule network bd430b97-a870-403c-bb30-e4f302ccdbc8: no agents available; will retry on subsequent port and subnet creation events.
2026-04-07 01:17:06.930 10 INFO neutron.db.ovn_revision_numbers_db [None req-eea40114-59ce-47e1-b6c2-e4e9b37365e6 2de2ec4e10b5434699edd7d80aea63a2 376d36ea2fb84aeca058828a48b1fc4b - - default default] Successfully bumped revision number for resource d6dd0227-7a1e-4806-9a60-ad77a92f25ff (type: security_groups) to 1
2026-04-07 01:17:06.933 10 INFO neutron.db.ovn_revision_numbers_db [None req-b5dbb029-2a58-43f1-963c-a36779f7f7c1 3b3518a20b7c46e49d20945c4493f078 6816f0a68b824c80a70abdf2699fc6df - - - -] Successfully bumped revision number for resource 2ee6a097-fe98-4f13-8d70-ee444fa0d242 (type: subnets) to 0
2026-04-07 01:17:06.949 9 INFO neutron.db.ovn_revision_numbers_db [None req-62938fd5-d93d-49b8-b7dd-cb37dc38998c 09b4240f4d734cd19321b0dda39eef13 006dc9d8bb2f4f2e8618b3917337268d - - default default] Successfully bumped revision number for resource 864f0351-46d2-43d8-bff9-c67bcd4bdf60 (type: ports) to 4
2026-04-07 01:17:06.962 10 INFO neutron.wsgi [None req-eea40114-59ce-47e1-b6c2-e4e9b37365e6 2de2ec4e10b5434699edd7d80aea63a2 376d36ea2fb84aeca058828a48b1fc4b - - default default] 10.0.0.78 "GET /v2.0/security-groups?tenant_id=d01e9ea7337a4fdaaa485cbc1c6bbe2f&name=default HTTP/1.1" status: 200 len: 2996 time: 0.2928820
2026-04-07 01:17:06.965 10 INFO neutron.wsgi [None req-b5dbb029-2a58-43f1-963c-a36779f7f7c1 3b3518a20b7c46e49d20945c4493f078 6816f0a68b824c80a70abdf2699fc6df - - - -] 10.0.0.78 "POST /v2.0/subnets HTTP/1.1" status: 201 len: 1476 time: 0.6141002
2026-04-07 01:17:07.023 10 INFO neutron.wsgi [None req-ada44523-0a78-4f2b-903e-30eb136df957 3b3518a20b7c46e49d20945c4493f078 6816f0a68b824c80a70abdf2699fc6df - - default default] 10.0.0.78 "GET /v2.0/subnets HTTP/1.1" status: 200 len: 2084 time: 0.0528779 /var/lib/openstack/lib/python3.10/site-packages/pycadf/identifier.py:71: UserWarning: Invalid uuid: neutron. To ensure interoperability, identifiers should be a valid uuid. warnings.warn(('Invalid uuid: %s. To ensure interoperability, '
2026-04-07 01:17:07.051 9 WARNING neutron.scheduler.dhcp_agent_scheduler [None req-62938fd5-d93d-49b8-b7dd-cb37dc38998c 09b4240f4d734cd19321b0dda39eef13 006dc9d8bb2f4f2e8618b3917337268d - - default default] No more DHCP agents
2026-04-07 01:17:07.052 9 WARNING neutron.api.rpc.agentnotifiers.dhcp_rpc_agent_api [None req-62938fd5-d93d-49b8-b7dd-cb37dc38998c 09b4240f4d734cd19321b0dda39eef13 006dc9d8bb2f4f2e8618b3917337268d - - default default] Unable to schedule network 164c2220-8e02-41a4-ae09-b2404a75b411: no agents available; will retry on subsequent port and subnet creation events.
2026-04-07 01:17:07.169 10 INFO neutron.wsgi [None req-bff4b3a1-d5fd-435b-a53f-3cc8bbec7db4 2de2ec4e10b5434699edd7d80aea63a2 376d36ea2fb84aeca058828a48b1fc4b - - - -] 10.0.0.78 "DELETE /v2.0/security-groups/d6dd0227-7a1e-4806-9a60-ad77a92f25ff HTTP/1.1" status: 204 len: 168 time: 0.2003617
2026-04-07 01:17:07.326 9 WARNING neutron.scheduler.dhcp_agent_scheduler [None req-93fa704f-37bb-4790-a4a9-345330727d38 975d5a2e0201469cb4c9efb4092488f1 4a6d9910b481479c8e6536808e11028a - - - -] No more DHCP agents
2026-04-07 01:17:07.350 9 WARNING neutron.api.rpc.agentnotifiers.dhcp_rpc_agent_api [None req-93fa704f-37bb-4790-a4a9-345330727d38 975d5a2e0201469cb4c9efb4092488f1 4a6d9910b481479c8e6536808e11028a - - - -] Unable to schedule network f4215af5-a991-456e-a6a7-8a4cdb3515ec: no agents available; will retry on subsequent port and subnet creation events.
2026-04-07 01:17:07.492 9 INFO neutron.db.ovn_revision_numbers_db [None req-93fa704f-37bb-4790-a4a9-345330727d38 975d5a2e0201469cb4c9efb4092488f1 4a6d9910b481479c8e6536808e11028a - - - -] Successfully bumped revision number for resource 0938a8b8-5338-45f6-9968-895965e88fd7 (type: ports) to 1
2026-04-07 01:17:07.551 9 INFO neutron.wsgi [None req-93fa704f-37bb-4790-a4a9-345330727d38 975d5a2e0201469cb4c9efb4092488f1 4a6d9910b481479c8e6536808e11028a - - - -] 10.0.0.78 "POST /v2.0/networks HTTP/1.1" status: 201 len: 831 time: 1.1010680
2026-04-07 01:17:07.589 9 INFO neutron.db.ovn_revision_numbers_db [None req-62938fd5-d93d-49b8-b7dd-cb37dc38998c 09b4240f4d734cd19321b0dda39eef13 006dc9d8bb2f4f2e8618b3917337268d - - - -] Successfully bumped revision number for resource 864f0351-46d2-43d8-bff9-c67bcd4bdf60 (type: router_ports) to 4
2026-04-07 01:17:07.591 9 INFO neutron.wsgi [None req-62938fd5-d93d-49b8-b7dd-cb37dc38998c 09b4240f4d734cd19321b0dda39eef13 006dc9d8bb2f4f2e8618b3917337268d - - - -] 10.0.0.78 "PUT /v2.0/routers/678bd1f0-c229-46a2-90f9-6b019a872348/add_router_interface HTTP/1.1" status: 200 len: 503 time: 2.4988093
2026-04-07 01:17:07.616 9 INFO neutron.wsgi [None req-aecd80c2-b428-40dd-adde-232baa947791 3b3518a20b7c46e49d20945c4493f078 6816f0a68b824c80a70abdf2699fc6df - - - -] 10.0.0.78 "DELETE /v2.0/subnets/2623e944-19a3-40f5-8fe3-1aaa762f11a4 HTTP/1.1" status: 204 len: 168 time: 0.5777836
2026-04-07 01:17:07.712 10 INFO neutron.wsgi [None req-d8cf2024-1e80-45d7-9b60-7dbfa8a4bfdb 09b4240f4d734cd19321b0dda39eef13 006dc9d8bb2f4f2e8618b3917337268d - - default default] 10.0.0.78 "GET /v2.0/ports/864f0351-46d2-43d8-bff9-c67bcd4bdf60 HTTP/1.1" status: 200 len: 1221 time: 0.1146328
2026-04-07 01:17:07.838 9 WARNING neutron.scheduler.dhcp_agent_scheduler [None req-5d6fdc07-1cde-4e45-b13c-3e8b11a9d684 975d5a2e0201469cb4c9efb4092488f1 4a6d9910b481479c8e6536808e11028a - - - -] No more DHCP agents
2026-04-07 01:17:07.840 9 WARNING neutron.api.rpc.agentnotifiers.dhcp_rpc_agent_api [None req-5d6fdc07-1cde-4e45-b13c-3e8b11a9d684 975d5a2e0201469cb4c9efb4092488f1 4a6d9910b481479c8e6536808e11028a - - - -] Unable to schedule network f4215af5-a991-456e-a6a7-8a4cdb3515ec: no agents available; will retry on subsequent port and subnet creation events.
2026-04-07 01:17:08.148 10 INFO neutron.wsgi [None req-8985000a-7e08-4427-9976-7d7b9de6547e 3b3518a20b7c46e49d20945c4493f078 6816f0a68b824c80a70abdf2699fc6df - - - -] 10.0.0.78 "DELETE /v2.0/subnets/2ee6a097-fe98-4f13-8d70-ee444fa0d242 HTTP/1.1" status: 204 len: 168 time: 0.5246973
2026-04-07 01:17:08.210 9 INFO neutron.wsgi [None req-2517a414-7131-48fb-841e-13d2da7891f1 3b3518a20b7c46e49d20945c4493f078 6816f0a68b824c80a70abdf2699fc6df - - default default] 10.0.0.78 "GET /v2.0/subnets HTTP/1.1" status: 200 len: 820 time: 0.0540617
2026-04-07 01:17:08.340 9 INFO neutron.db.ovn_revision_numbers_db [None req-5d6fdc07-1cde-4e45-b13c-3e8b11a9d684 975d5a2e0201469cb4c9efb4092488f1 4a6d9910b481479c8e6536808e11028a - - - -] Successfully bumped revision number for resource 0938a8b8-5338-45f6-9968-895965e88fd7 (type: ports) to 2
2026-04-07 01:17:08.357 9 INFO neutron.db.ovn_revision_numbers_db [None req-5d6fdc07-1cde-4e45-b13c-3e8b11a9d684 975d5a2e0201469cb4c9efb4092488f1 4a6d9910b481479c8e6536808e11028a - - - -] Successfully bumped revision number for resource dc74be01-115f-49fd-81d8-fdd95918098e (type: subnets) to 0
2026-04-07 01:17:08.385 9 INFO neutron.wsgi [None req-5d6fdc07-1cde-4e45-b13c-3e8b11a9d684 975d5a2e0201469cb4c9efb4092488f1 4a6d9910b481479c8e6536808e11028a - - - -] 10.0.0.78 "POST /v2.0/subnets HTTP/1.1" status: 201 len: 801 time: 0.8290699
2026-04-07 01:17:08.612 10 INFO neutron.wsgi [None req-ed7553a3-60b8-4053-b960-cf78dda56792 09b4240f4d734cd19321b0dda39eef13 006dc9d8bb2f4f2e8618b3917337268d - - - -] 10.0.0.78 "PUT /v2.0/routers/678bd1f0-c229-46a2-90f9-6b019a872348/remove_router_interface HTTP/1.1" status: 200 len: 503 time: 0.8899226 /var/lib/openstack/lib/python3.10/site-packages/pycadf/identifier.py:71: UserWarning: Invalid uuid: neutron. To ensure interoperability, identifiers should be a valid uuid. warnings.warn(('Invalid uuid: %s. To ensure interoperability, '
2026-04-07 01:17:08.680 9 INFO neutron.services.segments.plugin [-] Segment 0f52eee2-83a4-4694-8598-fceb56f12f9d resource provider aggregate not found
2026-04-07 01:17:08.688 9 INFO neutron.services.segments.plugin [-] Segment 0f52eee2-83a4-4694-8598-fceb56f12f9d resource provider aggregate not found
2026-04-07 01:17:08.704 10 INFO neutron.api.v2.resource [None req-58188dbd-c31c-4b53-9d34-275eabd1de6a 09b4240f4d734cd19321b0dda39eef13 006dc9d8bb2f4f2e8618b3917337268d - - default default] remove_router_interface failed (client error): The resource could not be found.
2026-04-07 01:17:08.705 9 INFO neutron.services.segments.plugin [-] Segment 0f52eee2-83a4-4694-8598-fceb56f12f9d resource provider not found; error: Placement Client Error (4xx): {"errors": [{"status": 404, "title": "Not Found", "detail": "The resource could not be found.\n\n No resource provider with uuid 0f52eee2-83a4-4694-8598-fceb56f12f9d found for delete ", "request_id": "req-52c1639e-2cf4-478d-805d-7b96d4f3c6d2"}]}
2026-04-07 01:17:08.705 10 INFO neutron.wsgi [None req-58188dbd-c31c-4b53-9d34-275eabd1de6a 09b4240f4d734cd19321b0dda39eef13 006dc9d8bb2f4f2e8618b3917337268d - - default default] 10.0.0.78 "PUT /v2.0/routers/678bd1f0-c229-46a2-90f9-6b019a872348/remove_router_interface HTTP/1.1" status: 404 len: 398 time: 0.0881546
2026-04-07 01:17:08.706 9 INFO neutron.services.segments.plugin [-] Segment 0f52eee2-83a4-4694-8598-fceb56f12f9d resource provider not found; error: Placement Client Error (4xx): {"errors": [{"status": 404, "title": "Not Found", "detail": "The resource could not be found.\n\n No resource provider with uuid 0f52eee2-83a4-4694-8598-fceb56f12f9d found for delete ", "request_id": "req-cdb62906-f314-4c74-94f8-e339c3c87d1b"}]}
2026-04-07 01:17:08.751 9 INFO neutron.wsgi [None req-b8025d71-2239-491e-a749-ebd4bbe3947a 3b3518a20b7c46e49d20945c4493f078 6816f0a68b824c80a70abdf2699fc6df - - - -] 10.0.0.78 "DELETE /v2.0/networks/bd430b97-a870-403c-bb30-e4f302ccdbc8 HTTP/1.1" status: 204 len: 168 time: 0.5153093
2026-04-07 01:17:08.751 10 INFO neutron.wsgi [None req-9fabbdd2-3818-4231-918d-0c1dcef66cd6 09b4240f4d734cd19321b0dda39eef13 006dc9d8bb2f4f2e8618b3917337268d - - default default] 10.0.0.78 "GET /v2.0/ports?device_id=678bd1f0-c229-46a2-90f9-6b019a872348 HTTP/1.1" status: 200 len: 205 time: 0.0241451
2026-04-07 01:17:08.793 9 WARNING neutron.scheduler.dhcp_agent_scheduler [None req-fe9dc81e-adcf-4480-b02d-109170dcff20 975d5a2e0201469cb4c9efb4092488f1 4a6d9910b481479c8e6536808e11028a - - - -] No more DHCP agents
2026-04-07 01:17:08.795 9 WARNING neutron.api.rpc.agentnotifiers.dhcp_rpc_agent_api [None req-fe9dc81e-adcf-4480-b02d-109170dcff20 975d5a2e0201469cb4c9efb4092488f1 4a6d9910b481479c8e6536808e11028a - - - -] Unable to schedule network f4215af5-a991-456e-a6a7-8a4cdb3515ec: no agents available; will retry on subsequent port and subnet creation events.
2026-04-07 01:17:08.948 9 INFO neutron.db.ovn_revision_numbers_db [None req-fe9dc81e-adcf-4480-b02d-109170dcff20 975d5a2e0201469cb4c9efb4092488f1 4a6d9910b481479c8e6536808e11028a - - - -] Successfully bumped revision number for resource b06b342e-9d21-46a8-a813-9f51c45c4eac (type: ports) to 1
2026-04-07 01:17:08.969 9 INFO neutron.wsgi [None req-fe9dc81e-adcf-4480-b02d-109170dcff20 975d5a2e0201469cb4c9efb4092488f1 4a6d9910b481479c8e6536808e11028a - - - -] 10.0.0.78 "POST /v2.0/ports HTTP/1.1" status: 201 len: 1114 time: 0.5790880
2026-04-07 01:17:09.061 10 INFO neutron.wsgi [None req-76e8bb61-e0fa-43ae-af6a-4564d54d3c44 09b4240f4d734cd19321b0dda39eef13 006dc9d8bb2f4f2e8618b3917337268d - - - -] 10.0.0.78 "DELETE /v2.0/routers/678bd1f0-c229-46a2-90f9-6b019a872348 HTTP/1.1" status: 204 len: 168 time: 0.3036599
2026-04-07 01:17:09.177 15 INFO neutron.plugins.ml2.drivers.ovn.mech_driver.ovsdb.maintenance [None req-a20ecd19-f047-4885-9690-725b68f3ace3 - - - - - -] Maintenance task: Synchronization finished (took 0.15 seconds)
2026-04-07 01:17:09.307 9 INFO neutron.wsgi [None req-f978788d-a851-4a98-9698-e4a2232b6967 975d5a2e0201469cb4c9efb4092488f1 4a6d9910b481479c8e6536808e11028a - - - -] 10.0.0.78 "DELETE /v2.0/ports/b06b342e-9d21-46a8-a813-9f51c45c4eac HTTP/1.1" status: 204 len: 168 time: 0.3334763
2026-04-07 01:17:09.313 10 INFO neutron.db.ovn_revision_numbers_db [None req-cc7d57d2-0028-44a8-9493-7a91ac8840b2 2de2ec4e10b5434699edd7d80aea63a2 376d36ea2fb84aeca058828a48b1fc4b - - - -] Successfully bumped revision number for resource ec05828d-bb7c-4274-9350-d43457110d01 (type: security_groups) to 1
2026-04-07 01:17:09.329 9 INFO neutron.pecan_wsgi.hooks.translation [None req-fe9bf6e4-3789-4175-a23c-0d879fde56f9 975d5a2e0201469cb4c9efb4092488f1 4a6d9910b481479c8e6536808e11028a - - default default] GET failed (client error): The resource could not be found.
2026-04-07 01:17:09.330 9 INFO neutron.wsgi [None req-fe9bf6e4-3789-4175-a23c-0d879fde56f9 975d5a2e0201469cb4c9efb4092488f1 4a6d9910b481479c8e6536808e11028a - - default default] 10.0.0.78 "GET /v2.0/ports/b06b342e-9d21-46a8-a813-9f51c45c4eac HTTP/1.1" status: 404 len: 333 time: 0.0187089
2026-04-07 01:17:09.351 10 INFO neutron.wsgi [None req-20211cdd-f655-4370-a1eb-f6269777c763 09b4240f4d734cd19321b0dda39eef13 006dc9d8bb2f4f2e8618b3917337268d - - - -] 10.0.0.78 "DELETE /v2.0/subnets/2ccebfce-56a3-4103-904f-48ff79038f22 HTTP/1.1" status: 204 len: 168 time: 0.2833307
2026-04-07 01:17:09.352 10 INFO neutron.services.segments.plugin [-] Segment cbb4881e-ada7-40ff-9339-5a0d570d31a8 resource provider aggregate not found
2026-04-07 01:17:09.381 10 INFO neutron.services.segments.plugin [-] Segment cbb4881e-ada7-40ff-9339-5a0d570d31a8 resource provider aggregate not found
2026-04-07 01:17:09.386 10 INFO neutron.services.segments.plugin [-] Segment cbb4881e-ada7-40ff-9339-5a0d570d31a8 resource provider not found; error: Placement Client Error (4xx): {"errors": [{"status": 404, "title": "Not Found", "detail": "The resource could not be found.\n\n No resource provider with uuid cbb4881e-ada7-40ff-9339-5a0d570d31a8 found for delete ", "request_id": "req-91704c34-51bb-486b-b9f9-122aa2df3d6f"}]}
2026-04-07 01:17:09.400 10 INFO neutron.services.segments.plugin [-] Segment cbb4881e-ada7-40ff-9339-5a0d570d31a8 resource provider not found; error: Placement Client Error (4xx): {"errors": [{"status": 404, "title": "Not Found", "detail": "The resource could not be found.\n\n No resource provider with uuid cbb4881e-ada7-40ff-9339-5a0d570d31a8 found for delete ", "request_id": "req-8fac8bee-5609-4941-a01a-10aed6d514ce"}]}
2026-04-07 01:17:09.401 10 INFO neutron.db.segments_db [None req-cc7d57d2-0028-44a8-9493-7a91ac8840b2 2de2ec4e10b5434699edd7d80aea63a2 376d36ea2fb84aeca058828a48b1fc4b - - - -] Added segment 1ba9dd3d-1e0c-42c9-b515-3b475d65631e of type geneve for network a7a4e2a2-04cc-439a-9869-fa7fb064264c
2026-04-07 01:17:09.447 10 INFO neutron.wsgi [None req-7cd482ab-67ca-43b7-a856-70b694934124 3b3518a20b7c46e49d20945c4493f078 6816f0a68b824c80a70abdf2699fc6df - - - -] 10.0.0.78 "DELETE /v2.0/networks/d344b95d-ff53-4b3d-8fb5-af9621058540 HTTP/1.1" status: 204 len: 168 time: 0.6882331
2026-04-07 01:17:09.577 10 INFO neutron.db.ovn_revision_numbers_db [None req-cc7d57d2-0028-44a8-9493-7a91ac8840b2 2de2ec4e10b5434699edd7d80aea63a2 376d36ea2fb84aeca058828a48b1fc4b - - - -] Successfully bumped revision number for resource a7a4e2a2-04cc-439a-9869-fa7fb064264c (type: networks) to 1
2026-04-07 01:17:09.599 9 INFO neutron.wsgi [None req-cf8bbeca-3a43-4a03-8b5f-07ecaf1ceae3 975d5a2e0201469cb4c9efb4092488f1 4a6d9910b481479c8e6536808e11028a - - - -] 10.0.0.78 "DELETE /v2.0/subnets/dc74be01-115f-49fd-81d8-fdd95918098e HTTP/1.1" status: 204 len: 168 time: 0.2642376
2026-04-07 01:17:09.895 9 INFO neutron.wsgi [None req-28322286-0467-4262-8153-12b5b9b427c1 09b4240f4d734cd19321b0dda39eef13 006dc9d8bb2f4f2e8618b3917337268d - - - -] 10.0.0.78 "DELETE /v2.0/networks/164c2220-8e02-41a4-ae09-b2404a75b411 HTTP/1.1" status: 204 len: 168 time: 0.5394814
2026-04-07 01:17:10.022 10 WARNING neutron.scheduler.dhcp_agent_scheduler [None req-cc7d57d2-0028-44a8-9493-7a91ac8840b2 2de2ec4e10b5434699edd7d80aea63a2 376d36ea2fb84aeca058828a48b1fc4b - - - -] No more DHCP agents
2026-04-07 01:17:10.030 10 WARNING neutron.api.rpc.agentnotifiers.dhcp_rpc_agent_api [None req-cc7d57d2-0028-44a8-9493-7a91ac8840b2 2de2ec4e10b5434699edd7d80aea63a2 376d36ea2fb84aeca058828a48b1fc4b - - - -] Unable to schedule network a7a4e2a2-04cc-439a-9869-fa7fb064264c: no agents available; will retry on subsequent port and subnet creation events.
2026-04-07 01:17:10.031 9 INFO neutron.db.segments_db [None req-79e4d509-0fa2-4595-9191-126a8a135341 09b4240f4d734cd19321b0dda39eef13 006dc9d8bb2f4f2e8618b3917337268d - - - -] Added segment b2361f83-7c3f-458d-92a6-86b38ae1a5b2 of type geneve for network cf95ed11-7a5f-4ad5-9347-f9552cd4fc87
2026-04-07 01:17:10.129 10 INFO neutron.db.ovn_revision_numbers_db [None req-cc7d57d2-0028-44a8-9493-7a91ac8840b2 2de2ec4e10b5434699edd7d80aea63a2 376d36ea2fb84aeca058828a48b1fc4b - - - -] Successfully bumped revision number for resource 526c1ea5-647c-4268-86a7-c5d55b10fba4 (type: ports) to 1
2026-04-07 01:17:10.148 9 INFO neutron.wsgi [None req-b87658f4-1fe3-40c1-909b-8a6473d427fe 975d5a2e0201469cb4c9efb4092488f1 4a6d9910b481479c8e6536808e11028a - - - -] 10.0.0.78 "DELETE /v2.0/networks/f4215af5-a991-456e-a6a7-8a4cdb3515ec HTTP/1.1" status: 204 len: 168 time: 0.5415246
2026-04-07 01:17:10.161 10 INFO neutron.wsgi [None req-cc7d57d2-0028-44a8-9493-7a91ac8840b2 2de2ec4e10b5434699edd7d80aea63a2 376d36ea2fb84aeca058828a48b1fc4b - - - -] 10.0.0.78 "POST /v2.0/networks HTTP/1.1" status: 201 len: 942 time: 1.3046210
2026-04-07 01:17:10.185 9 INFO neutron.db.ovn_revision_numbers_db [None req-79e4d509-0fa2-4595-9191-126a8a135341 09b4240f4d734cd19321b0dda39eef13 006dc9d8bb2f4f2e8618b3917337268d - - - -] Successfully bumped revision number for resource cf95ed11-7a5f-4ad5-9347-f9552cd4fc87 (type: networks) to 1
2026-04-07 01:17:10.218 10 INFO neutron.wsgi [None req-e5a5355e-9bc4-4b23-9bc7-6d89ac7a9633 3b3518a20b7c46e49d20945c4493f078 6816f0a68b824c80a70abdf2699fc6df - - - -] 10.0.0.78 "DELETE /v2.0/networks/7300c964-ed3c-447a-8bd2-dd328610d4bc HTTP/1.1" status: 204 len: 168 time: 0.7603869
2026-04-07 01:17:10.355 10 WARNING neutron.scheduler.dhcp_agent_scheduler [None req-0331eaec-a5d7-4c4e-ac14-11fce7798db6 2de2ec4e10b5434699edd7d80aea63a2 376d36ea2fb84aeca058828a48b1fc4b - - - -] No more DHCP agents
2026-04-07 01:17:10.356 10 WARNING neutron.api.rpc.agentnotifiers.dhcp_rpc_agent_api [None req-0331eaec-a5d7-4c4e-ac14-11fce7798db6 2de2ec4e10b5434699edd7d80aea63a2 376d36ea2fb84aeca058828a48b1fc4b - - - -] Unable to schedule network a7a4e2a2-04cc-439a-9869-fa7fb064264c: no agents available; will retry on subsequent port and subnet creation events.
2026-04-07 01:17:10.702 9 WARNING neutron.scheduler.dhcp_agent_scheduler [None req-79e4d509-0fa2-4595-9191-126a8a135341 09b4240f4d734cd19321b0dda39eef13 006dc9d8bb2f4f2e8618b3917337268d - - - -] No more DHCP agents
2026-04-07 01:17:10.724 9 WARNING neutron.api.rpc.agentnotifiers.dhcp_rpc_agent_api [None req-79e4d509-0fa2-4595-9191-126a8a135341 09b4240f4d734cd19321b0dda39eef13 006dc9d8bb2f4f2e8618b3917337268d - - - -] Unable to schedule network cf95ed11-7a5f-4ad5-9347-f9552cd4fc87: no agents available; will retry on subsequent port and subnet creation events.
2026-04-07 01:17:10.749 9 INFO neutron.services.segments.plugin [-] Segment 188477c7-b9c2-4043-b03f-da6c8f38c844 resource provider aggregate not found
2026-04-07 01:17:10.754 9 INFO neutron.services.segments.plugin [-] Segment 188477c7-b9c2-4043-b03f-da6c8f38c844 resource provider aggregate not found
2026-04-07 01:17:10.772 9 INFO neutron.services.segments.plugin [-] Segment 188477c7-b9c2-4043-b03f-da6c8f38c844 resource provider not found; error: Placement Client Error (4xx): {"errors": [{"status": 404, "title": "Not Found", "detail": "The resource could not be found.\n\n No resource provider with uuid 188477c7-b9c2-4043-b03f-da6c8f38c844 found for delete ", "request_id": "req-4e7a6294-8f22-4891-b016-c2a0bff37459"}]}
2026-04-07 01:17:10.778 9 INFO neutron.services.segments.plugin [-] Segment 188477c7-b9c2-4043-b03f-da6c8f38c844 resource provider not found; error: Placement Client Error (4xx): {"errors": [{"status": 404, "title": "Not Found", "detail": "The resource could not be found.\n\n No resource provider with uuid 188477c7-b9c2-4043-b03f-da6c8f38c844 found for delete ", "request_id": "req-77971fd7-663f-4c65-a5ef-6fb501418426"}]}
2026-04-07 01:17:10.799 9 INFO neutron.services.segments.plugin [-] Segment 330e7a07-32ae-46aa-9c32-0fb8addca628 resource provider aggregate not found
2026-04-07 01:17:10.807 9 INFO neutron.services.segments.plugin [-] Segment 330e7a07-32ae-46aa-9c32-0fb8addca628 resource provider aggregate not found
2026-04-07 01:17:10.838 9 INFO neutron.services.segments.plugin [-] Segment 330e7a07-32ae-46aa-9c32-0fb8addca628 resource provider not found; error: Placement Client Error (4xx): {"errors": [{"status": 404, "title": "Not Found", "detail": "The resource could not be found.\n\n No resource provider with uuid 330e7a07-32ae-46aa-9c32-0fb8addca628 found for delete ", "request_id": "req-4064523e-496f-4d8c-a4f3-9e2a7299600e"}]}
2026-04-07 01:17:10.838 10 INFO neutron.db.ovn_revision_numbers_db [None req-0331eaec-a5d7-4c4e-ac14-11fce7798db6 2de2ec4e10b5434699edd7d80aea63a2 376d36ea2fb84aeca058828a48b1fc4b - - - -] Successfully bumped revision number for resource 526c1ea5-647c-4268-86a7-c5d55b10fba4 (type: ports) to 2
2026-04-07 01:17:10.839 9 INFO neutron.services.segments.plugin [-] Segment 330e7a07-32ae-46aa-9c32-0fb8addca628 resource provider not found; error: Placement Client Error (4xx): {"errors": [{"status": 404, "title": "Not Found", "detail": "The resource could not be found.\n\n No resource provider with uuid 330e7a07-32ae-46aa-9c32-0fb8addca628 found for delete ", "request_id": "req-7f232cdf-a45e-48f3-9c0e-3f7b0ca57d3e"}]}
2026-04-07 01:17:10.856 10 INFO neutron.db.ovn_revision_numbers_db [None req-0331eaec-a5d7-4c4e-ac14-11fce7798db6 2de2ec4e10b5434699edd7d80aea63a2 376d36ea2fb84aeca058828a48b1fc4b - - - -] Successfully bumped revision number for resource efc4fdb2-89b1-4280-bc9b-b9bdaf1acfa5 (type: subnets) to 0
2026-04-07 01:17:10.874 10 INFO neutron.wsgi [None req-0331eaec-a5d7-4c4e-ac14-11fce7798db6 2de2ec4e10b5434699edd7d80aea63a2 376d36ea2fb84aeca058828a48b1fc4b - - - -] 10.0.0.78 "POST /v2.0/subnets HTTP/1.1" status: 201 len: 862 time: 0.7074230
2026-04-07 01:17:10.879 9 WARNING neutron.scheduler.dhcp_agent_scheduler [None req-8b2484cc-2935-4d41-8446-16e8aa947f40 975d5a2e0201469cb4c9efb4092488f1 4a6d9910b481479c8e6536808e11028a - - - -] No more DHCP agents
2026-04-07 01:17:10.886 9 WARNING neutron.api.rpc.agentnotifiers.dhcp_rpc_agent_api [None req-8b2484cc-2935-4d41-8446-16e8aa947f40 975d5a2e0201469cb4c9efb4092488f1 4a6d9910b481479c8e6536808e11028a - - - -] Unable to schedule network 13d13101-d237-4631-87d7-c0fa48da684d: no agents available; will retry on subsequent port and subnet creation events.
2026-04-07 01:17:10.914 9 INFO neutron.db.ovn_revision_numbers_db [None req-79e4d509-0fa2-4595-9191-126a8a135341 09b4240f4d734cd19321b0dda39eef13 006dc9d8bb2f4f2e8618b3917337268d - - - -] Successfully bumped revision number for resource 4b54a05b-2980-4967-b3bb-ba205875ef17 (type: ports) to 1
2026-04-07 01:17:10.973 9 INFO neutron.db.ovn_revision_numbers_db [None req-8b2484cc-2935-4d41-8446-16e8aa947f40 975d5a2e0201469cb4c9efb4092488f1 4a6d9910b481479c8e6536808e11028a - - - -] Successfully bumped revision number for resource 9a7d52f8-6850-421c-a09b-0d849afd3631 (type: ports) to 1
2026-04-07 01:17:10.976 9 INFO neutron.wsgi [None req-79e4d509-0fa2-4595-9191-126a8a135341 09b4240f4d734cd19321b0dda39eef13 006dc9d8bb2f4f2e8618b3917337268d - - - -] 10.0.0.78 "POST /v2.0/networks HTTP/1.1" status: 201 len: 832 time: 1.0667129 /var/lib/openstack/lib/python3.10/site-packages/pycadf/identifier.py:71: UserWarning: Invalid uuid: neutron. To ensure interoperability, identifiers should be a valid uuid. warnings.warn(('Invalid uuid: %s. To ensure interoperability, '
2026-04-07 01:17:11.027 9 INFO neutron.wsgi [None req-8b2484cc-2935-4d41-8446-16e8aa947f40 975d5a2e0201469cb4c9efb4092488f1 4a6d9910b481479c8e6536808e11028a - - - -] 10.0.0.78 "POST /v2.0/ports HTTP/1.1" status: 201 len: 973 time: 0.8670354
2026-04-07 01:17:11.215 9 INFO neutron.wsgi [None req-f596bda1-b6c6-4d13-84e6-151499a0d2c8 3b3518a20b7c46e49d20945c4493f078 6816f0a68b824c80a70abdf2699fc6df - - - -] 10.0.0.78 "DELETE /v2.0/networks/fee2333c-0d2e-4993-9309-5114603e3f68 HTTP/1.1" status: 204 len: 168 time: 0.9829459
2026-04-07 01:17:11.336 9 WARNING neutron.scheduler.dhcp_agent_scheduler [None req-4ef7053e-5ac1-44fd-8130-69a13f84050c 09b4240f4d734cd19321b0dda39eef13 006dc9d8bb2f4f2e8618b3917337268d - - - -] No more DHCP agents
2026-04-07 01:17:11.337 9 WARNING neutron.api.rpc.agentnotifiers.dhcp_rpc_agent_api [None req-4ef7053e-5ac1-44fd-8130-69a13f84050c 09b4240f4d734cd19321b0dda39eef13 006dc9d8bb2f4f2e8618b3917337268d - - - -] Unable to schedule network cf95ed11-7a5f-4ad5-9347-f9552cd4fc87: no agents available; will retry on subsequent port and subnet creation events.
2026-04-07 01:17:11.362 9 INFO neutron.db.ovn_revision_numbers_db [None req-4ef7053e-5ac1-44fd-8130-69a13f84050c 09b4240f4d734cd19321b0dda39eef13 006dc9d8bb2f4f2e8618b3917337268d - - - -] Successfully bumped revision number for resource 6e6c6370-ca6c-465a-9299-66245cfcdd47 (type: subnets) to 0
2026-04-07 01:17:11.376 9 INFO neutron.wsgi [None req-4ef7053e-5ac1-44fd-8130-69a13f84050c 09b4240f4d734cd19321b0dda39eef13 006dc9d8bb2f4f2e8618b3917337268d - - - -] 10.0.0.78 "POST /v2.0/subnets HTTP/1.1" status: 201 len: 821 time: 0.3940022 /var/lib/openstack/lib/python3.10/site-packages/pycadf/identifier.py:71: UserWarning: Invalid uuid: neutron. To ensure interoperability, identifiers should be a valid uuid. warnings.warn(('Invalid uuid: %s. To ensure interoperability, '
2026-04-07 01:17:11.404 10 INFO neutron.db.ovn_revision_numbers_db [None req-f7d95622-6a26-423f-8606-c29c878509ff 975d5a2e0201469cb4c9efb4092488f1 4a6d9910b481479c8e6536808e11028a - - - -] Successfully bumped revision number for resource 9a7d52f8-6850-421c-a09b-0d849afd3631 (type: ports) to 2
2026-04-07 01:17:11.413 10 INFO neutron.services.segments.plugin [-] Segment 5b3bb6fa-9022-4e02-81b4-20adc1950ebd resource provider aggregate not found
2026-04-07 01:17:11.429 10 INFO neutron.services.segments.plugin [-] Segment 5b3bb6fa-9022-4e02-81b4-20adc1950ebd resource provider aggregate not found
2026-04-07 01:17:11.442 10 INFO neutron.services.segments.plugin [-] Segment 5b3bb6fa-9022-4e02-81b4-20adc1950ebd resource provider not found; error: Placement Client Error (4xx): {"errors": [{"status": 404, "title": "Not Found", "detail": "The resource could not be found.\n\n No resource provider with uuid 5b3bb6fa-9022-4e02-81b4-20adc1950ebd found for delete ", "request_id": "req-2d5a59de-7354-451a-81f1-c972b87be740"}]}
2026-04-07 01:17:11.450 10 INFO neutron.services.segments.plugin [-] Segment 5b3bb6fa-9022-4e02-81b4-20adc1950ebd resource provider not found; error: Placement Client Error (4xx): {"errors": [{"status": 404, "title": "Not Found", "detail": "The resource could not be found.\n\n No resource provider with uuid 5b3bb6fa-9022-4e02-81b4-20adc1950ebd found for delete ", "request_id": "req-5e752262-6aeb-49db-8119-9946d50d7ad4"}]}
2026-04-07 01:17:11.457 10 INFO neutron.wsgi [None req-f7d95622-6a26-423f-8606-c29c878509ff 975d5a2e0201469cb4c9efb4092488f1 4a6d9910b481479c8e6536808e11028a - - - -] 10.0.0.78 "PUT /v2.0/ports/9a7d52f8-6850-421c-a09b-0d849afd3631 HTTP/1.1" status: 200 len: 946 time: 0.4249613
2026-04-07 01:17:11.501 10 WARNING neutron.scheduler.dhcp_agent_scheduler [None req-66411988-2e85-4aa0-a5c1-81df97cf0ad9 2de2ec4e10b5434699edd7d80aea63a2 376d36ea2fb84aeca058828a48b1fc4b - - - -] No more DHCP agents
2026-04-07 01:17:11.503 10 WARNING neutron.api.rpc.agentnotifiers.dhcp_rpc_agent_api [None req-66411988-2e85-4aa0-a5c1-81df97cf0ad9 2de2ec4e10b5434699edd7d80aea63a2 376d36ea2fb84aeca058828a48b1fc4b - - - -] Unable to schedule network 97a2ea9d-c987-4844-aa76-716df499f90b: no agents available; will retry on subsequent port and subnet creation events.
2026-04-07 01:17:11.638 10 INFO neutron.db.ovn_revision_numbers_db [None req-fdc7a041-fe8a-4d62-b0cf-2692b4a0c89c 09b4240f4d734cd19321b0dda39eef13 006dc9d8bb2f4f2e8618b3917337268d - - - -] Successfully bumped revision number for resource caf7bbc8-c6eb-4c9a-96df-41e39692ee3c (type: routers) to 1
2026-04-07 01:17:11.664 10 INFO neutron.wsgi [None req-fdc7a041-fe8a-4d62-b0cf-2692b4a0c89c 09b4240f4d734cd19321b0dda39eef13 006dc9d8bb2f4f2e8618b3917337268d - - - -] 10.0.0.78 "POST /v2.0/routers HTTP/1.1" status: 201 len: 690 time: 0.2791779
2026-04-07 01:17:11.703 9 INFO neutron.wsgi [None req-f6c24b90-9383-492e-94f2-42e43a6e77a9 975d5a2e0201469cb4c9efb4092488f1 4a6d9910b481479c8e6536808e11028a - - - -] 10.0.0.78 "DELETE /v2.0/ports/9a7d52f8-6850-421c-a09b-0d849afd3631 HTTP/1.1" status: 204 len: 168 time: 0.2391882
2026-04-07 01:17:11.742 10 INFO neutron.db.ovn_revision_numbers_db [None req-66411988-2e85-4aa0-a5c1-81df97cf0ad9 2de2ec4e10b5434699edd7d80aea63a2 376d36ea2fb84aeca058828a48b1fc4b - - - -] Successfully bumped revision number for resource efab80ee-af54-4619-96ec-6e8151486ae4 (type: ports) to 1
2026-04-07 01:17:11.779 9 INFO neutron.wsgi [None req-6fdc173b-fde7-4c3a-bdda-b7314f12618b 975d5a2e0201469cb4c9efb4092488f1 4a6d9910b481479c8e6536808e11028a - - default default] 10.0.0.78 "GET /v2.0/ports HTTP/1.1" status: 200 len: 1728 time: 0.0699160
2026-04-07 01:17:11.806 9 INFO neutron.wsgi [None req-6dcb3e9e-6411-4da4-9b94-eedb87d8ba58 2de2ec4e10b5434699edd7d80aea63a2 376d36ea2fb84aeca058828a48b1fc4b - - default default] 10.0.0.78 "GET /v2.0/security-groups?tenant_id=6816f0a68b824c80a70abdf2699fc6df&name=default HTTP/1.1" status: 200 len: 2996 time: 0.1738307
2026-04-07 01:17:11.809 9 INFO neutron.pecan_wsgi.hooks.translation [None req-278833b8-f5f5-4386-9b61-15415ca2e975 975d5a2e0201469cb4c9efb4092488f1 4a6d9910b481479c8e6536808e11028a - - default default] GET failed (client error): The resource could not be found.
2026-04-07 01:17:11.810 9 INFO neutron.wsgi [None req-278833b8-f5f5-4386-9b61-15415ca2e975 975d5a2e0201469cb4c9efb4092488f1 4a6d9910b481479c8e6536808e11028a - - default default] 10.0.0.78 "GET /v2.0/ports/9a7d52f8-6850-421c-a09b-0d849afd3631 HTTP/1.1" status: 404 len: 333 time: 0.0247738
2026-04-07 01:17:11.852 9 INFO neutron.wsgi [None req-57f88343-5919-4bd8-88cd-9c1df9a688bc 975d5a2e0201469cb4c9efb4092488f1 4a6d9910b481479c8e6536808e11028a - - default default] 10.0.0.78 "GET /v2.0/ports HTTP/1.1" status: 200 len: 1728 time: 0.0365820
2026-04-07 01:17:11.899 9 INFO neutron.wsgi [None req-73692581-b24b-4443-9c06-83aa241f3f87 975d5a2e0201469cb4c9efb4092488f1 4a6d9910b481479c8e6536808e11028a - - default default] 10.0.0.78 "GET /v2.0/ports/af5ddff4-7152-415e-b090-47ff0c80422f HTTP/1.1" status: 200 len: 968 time: 0.0356264
2026-04-07 01:17:11.920 9 INFO neutron.pecan_wsgi.hooks.translation [None req-cc198808-d563-468a-b519-5ca866697301 975d5a2e0201469cb4c9efb4092488f1 4a6d9910b481479c8e6536808e11028a - - - -] DELETE failed (client error): The resource could not be found.
2026-04-07 01:17:11.923 9 INFO neutron.wsgi [None req-cc198808-d563-468a-b519-5ca866697301 975d5a2e0201469cb4c9efb4092488f1 4a6d9910b481479c8e6536808e11028a - - - -] 10.0.0.78 "DELETE /v2.0/ports/b06b342e-9d21-46a8-a813-9f51c45c4eac HTTP/1.1" status: 404 len: 333 time: 0.0172939
2026-04-07 01:17:11.948 9 INFO neutron.pecan_wsgi.hooks.translation [None req-eca246a7-f3a9-42e3-b430-55f72867ebe8 975d5a2e0201469cb4c9efb4092488f1 4a6d9910b481479c8e6536808e11028a - - - -] DELETE failed (client error): The resource could not be found.
2026-04-07 01:17:11.951 9 INFO neutron.wsgi [None req-eca246a7-f3a9-42e3-b430-55f72867ebe8 975d5a2e0201469cb4c9efb4092488f1 4a6d9910b481479c8e6536808e11028a - - - -] 10.0.0.78 "DELETE /v2.0/subnets/dc74be01-115f-49fd-81d8-fdd95918098e HTTP/1.1" status: 404 len: 337 time: 0.0228977
2026-04-07 01:17:11.972 9 INFO neutron.pecan_wsgi.hooks.translation [None req-87bdf29b-ed93-4cfd-891b-29f216829ddf 975d5a2e0201469cb4c9efb4092488f1 4a6d9910b481479c8e6536808e11028a - - - -] DELETE failed (client error): The resource could not be found.
2026-04-07 01:17:11.975 9 INFO neutron.wsgi [None req-87bdf29b-ed93-4cfd-891b-29f216829ddf 975d5a2e0201469cb4c9efb4092488f1 4a6d9910b481479c8e6536808e11028a - - - -] 10.0.0.78 "DELETE /v2.0/subnets/6344f964-4ca5-4d7c-8ffd-65acc7c9a281 HTTP/1.1" status: 404 len: 337 time: 0.0192454
2026-04-07 01:17:12.150 9 INFO neutron.wsgi [None req-e0404939-5791-4a27-9afb-680d6538f6e4 2de2ec4e10b5434699edd7d80aea63a2 376d36ea2fb84aeca058828a48b1fc4b - - - -] 10.0.0.78 "DELETE /v2.0/security-groups/2e7e8615-5e24-4633-9a22-7a4ffbc0106d HTTP/1.1" status: 204 len: 168 time: 0.3391654
2026-04-07 01:17:12.165 10 INFO neutron.wsgi [None req-290fd3c0-8d98-4ad3-a619-288a8f42954f 2de2ec4e10b5434699edd7d80aea63a2 376d36ea2fb84aeca058828a48b1fc4b - - default default] 10.0.0.139 "GET /v2.0/subnets HTTP/1.1" status: 200 len: 2720 time: 0.1482677
2026-04-07 01:17:12.250 9 INFO neutron.wsgi [None req-14336730-1b45-4f2e-845d-55b83a579483 975d5a2e0201469cb4c9efb4092488f1 4a6d9910b481479c8e6536808e11028a - - - -] 10.0.0.78 "DELETE /v2.0/ports/af5ddff4-7152-415e-b090-47ff0c80422f HTTP/1.1" status: 204 len: 168 time: 0.2700191
2026-04-07 01:17:12.295 9 WARNING neutron.plugins.ml2.drivers.ovn.mech_driver.ovsdb.ovn_client [None req-126ef58e-08ad-43f9-a7ec-660b06e6fa23 - - - - - -] No port found with ID 864f0351-46d2-43d8-bff9-c67bcd4bdf60: RuntimeError: No port found with ID 864f0351-46d2-43d8-bff9-c67bcd4bdf60
2026-04-07 01:17:12.328 10 INFO neutron.wsgi [None req-9109e2fb-94e1-4d79-86f5-cca6e0f9f42b 2de2ec4e10b5434699edd7d80aea63a2 376d36ea2fb84aeca058828a48b1fc4b - - default default] 10.0.0.139 "GET /v2.0/routers HTTP/1.1" status: 200 len: 1340 time: 0.1610584
2026-04-07 01:17:12.415 10 INFO neutron.wsgi [None req-01c8ba81-b151-455b-bb34-0b5ecf54ef0c 2de2ec4e10b5434699edd7d80aea63a2 376d36ea2fb84aeca058828a48b1fc4b - - default default] 10.0.0.139 "GET /v2.0/agents?binary=ovn-controller HTTP/1.1" status: 200 len: 591 time: 0.0847156
2026-04-07 01:17:12.498 10 INFO neutron.wsgi [None req-b2a368fa-5fcf-462c-bedf-189c08f341c7 2de2ec4e10b5434699edd7d80aea63a2 376d36ea2fb84aeca058828a48b1fc4b - - default default] 10.0.0.139 "GET /v2.0/subnets HTTP/1.1" status: 200 len: 2720 time: 0.0806162
2026-04-07 01:17:12.516 10 INFO neutron.wsgi [None req-84180e9d-1ae1-41c6-8aa0-8626c5f9a58f 2de2ec4e10b5434699edd7d80aea63a2 376d36ea2fb84aeca058828a48b1fc4b - - default default] 10.0.0.139 "GET /v2.0/subnetpools HTTP/1.1" status: 200 len: 193 time: 0.0147181
2026-04-07 01:17:12.697 9 INFO neutron.wsgi [None req-da56e2d9-d53b-4e9f-9356-5986565d57dd 975d5a2e0201469cb4c9efb4092488f1 4a6d9910b481479c8e6536808e11028a - - - -] 10.0.0.78 "DELETE /v2.0/networks/13d13101-d237-4631-87d7-c0fa48da684d HTTP/1.1" status: 204 len: 168 time: 0.4414942
2026-04-07 01:17:12.809 10 WARNING neutron.scheduler.dhcp_agent_scheduler [None req-87bd6c49-94e2-4c33-8431-efc46fa81368 09b4240f4d734cd19321b0dda39eef13 006dc9d8bb2f4f2e8618b3917337268d - - default default] No more DHCP agents
2026-04-07 01:17:12.822 10 WARNING neutron.api.rpc.agentnotifiers.dhcp_rpc_agent_api [None req-87bd6c49-94e2-4c33-8431-efc46fa81368 09b4240f4d734cd19321b0dda39eef13 006dc9d8bb2f4f2e8618b3917337268d - - default default] Unable to schedule network cf95ed11-7a5f-4ad5-9347-f9552cd4fc87: no agents available; will retry on subsequent port and subnet creation events.
2026-04-07 01:17:12.841 10 INFO neutron.wsgi [None req-1cfdc159-4243-4829-861d-c7733697c17e 2de2ec4e10b5434699edd7d80aea63a2 376d36ea2fb84aeca058828a48b1fc4b - - default default] 10.0.0.139 "GET /v2.0/networks HTTP/1.1" status: 200 len: 4566 time: 0.3226783
2026-04-07 01:17:12.861 9 INFO neutron.services.segments.plugin [-] Segment 9adc9e7c-5943-4c5f-a60f-e84f45066220 resource provider aggregate not found
