2026-04-07 01:18:40.859 9 WARNING neutron.api.rpc.agentnotifiers.dhcp_rpc_agent_api [None req-48e129b9-3bfd-4ddb-95e4-ad8c5ad04e88 1f02fc3d4e6d4b0aa7ab765cfd03960e d613bf83956744889faf67e1c010c4ce - - - -] Unable to schedule network 4272fd2a-96b6-41b1-a8c4-8ab568188fd7: no agents available; will retry on subsequent port and subnet creation events.
2026-04-07 01:18:40.866 9 INFO neutron.wsgi [None req-514a85f3-4d4d-4157-80df-62a8b2aa17dc f2ae8420becb4338b5f3f5ab54d9da82 f53361ab75e24ce1a85dd0ead70c1d1a - - default default] 10.0.0.78 "GET /v2.0/networks HTTP/1.1" status: 200 len: 1492 time: 0.2023253
2026-04-07 01:18:40.949 9 INFO neutron.db.ovn_revision_numbers_db [None req-48e129b9-3bfd-4ddb-95e4-ad8c5ad04e88 1f02fc3d4e6d4b0aa7ab765cfd03960e d613bf83956744889faf67e1c010c4ce - - - -] Successfully bumped revision number for resource 48e28815-8645-412f-af8d-93a9f13ec0a0 (type: ports) to 1
2026-04-07 01:18:40.984 9 INFO neutron.wsgi [None req-48e129b9-3bfd-4ddb-95e4-ad8c5ad04e88 1f02fc3d4e6d4b0aa7ab765cfd03960e d613bf83956744889faf67e1c010c4ce - - - -] 10.0.0.78 "POST /v2.0/networks HTTP/1.1" status: 201 len: 831 time: 0.9243529
2026-04-07 01:18:40.991 10 INFO neutron.wsgi [req-3cbb8be4-d4c1-4a50-b6c5-15665aff8806 req-74927f13-ae26-490a-9109-a98e2d8e1572 f2ae8420becb4338b5f3f5ab54d9da82 f53361ab75e24ce1a85dd0ead70c1d1a - - default default] 10.0.0.171 "GET /v2.0/security-groups?name=tempest-secgroup-smoke-1309195453&fields=id&tenant_id=f53361ab75e24ce1a85dd0ead70c1d1a HTTP/1.1" status: 200 len: 267 time: 0.0435619
2026-04-07 01:18:41.082 9 INFO neutron.db.segments_db [None req-d1b6d3d8-1ce8-4a99-8dff-c3596faf7298 1f02fc3d4e6d4b0aa7ab765cfd03960e d613bf83956744889faf67e1c010c4ce - - - -] Added segment ca30a4b0-4c55-41ac-a938-32700dc03e95 of type geneve for network e571804d-cbbc-4ca7-bc4e-b57ae94bdce0
2026-04-07 01:18:41.098 10 INFO neutron.wsgi [req-3cbb8be4-d4c1-4a50-b6c5-15665aff8806 req-e35e284b-97de-4c87-bfc4-5c0905932c3e f2ae8420becb4338b5f3f5ab54d9da82 f53361ab75e24ce1a85dd0ead70c1d1a - - default default] 10.0.0.171 "GET /v2.0/networks?id=70da58b5-e0f6-4e4f-a961-fa81cc2564da HTTP/1.1" status: 200 len: 859 time: 0.1014075
2026-04-07 01:18:41.120 10 INFO neutron.wsgi [req-3cbb8be4-d4c1-4a50-b6c5-15665aff8806 req-9594f3b1-c94a-4487-b10f-b2698a3addaf f2ae8420becb4338b5f3f5ab54d9da82 f53361ab75e24ce1a85dd0ead70c1d1a - - default default] 10.0.0.171 "GET /v2.0/quotas/f53361ab75e24ce1a85dd0ead70c1d1a HTTP/1.1" status: 200 len: 386 time: 0.0137887
2026-04-07 01:18:41.224 9 INFO neutron.db.ovn_revision_numbers_db [None req-d1b6d3d8-1ce8-4a99-8dff-c3596faf7298 1f02fc3d4e6d4b0aa7ab765cfd03960e d613bf83956744889faf67e1c010c4ce - - - -] Successfully bumped revision number for resource e571804d-cbbc-4ca7-bc4e-b57ae94bdce0 (type: networks) to 1
2026-04-07 01:18:41.233 10 INFO neutron.wsgi [req-3cbb8be4-d4c1-4a50-b6c5-15665aff8806 req-9426e071-b9b3-4c72-84fc-a7eb30fb35bd f2ae8420becb4338b5f3f5ab54d9da82 f53361ab75e24ce1a85dd0ead70c1d1a - - default default] 10.0.0.171 "GET /v2.0/ports?tenant_id=f53361ab75e24ce1a85dd0ead70c1d1a&fields=id HTTP/1.1" status: 200 len: 348 time: 0.1068223
2026-04-07 01:18:41.302 10 INFO neutron.wsgi [req-3cbb8be4-d4c1-4a50-b6c5-15665aff8806 req-8db4201a-cf0f-443d-9e66-2c144542736f 0af61b1f3a0f4b8396f868ae7c7a61d9 e4f484039e694525971575f21e0e6b00 - - 0041f4aab5cb4ad2b9d4fd8d7cd3dc10 0041f4aab5cb4ad2b9d4fd8d7cd3dc10] 10.0.0.171 "GET /v2.0/networks/70da58b5-e0f6-4e4f-a961-fa81cc2564da?fields=segments HTTP/1.1" status: 200 len: 212 time: 0.0511737
2026-04-07 01:18:41.361 10 INFO neutron.wsgi [req-3cbb8be4-d4c1-4a50-b6c5-15665aff8806 req-b5c5ac0b-95d4-4d8c-8ff8-1a8ad64fe1f3 0af61b1f3a0f4b8396f868ae7c7a61d9 e4f484039e694525971575f21e0e6b00 - - 0041f4aab5cb4ad2b9d4fd8d7cd3dc10 0041f4aab5cb4ad2b9d4fd8d7cd3dc10] 10.0.0.171 "GET /v2.0/networks/70da58b5-e0f6-4e4f-a961-fa81cc2564da?fields=provider%3Aphysical_network&fields=provider%3Anetwork_type HTTP/1.1" status: 200 len: 277 time: 0.0484064
2026-04-07 01:18:41.440 9 WARNING neutron.scheduler.dhcp_agent_scheduler [None req-d1b6d3d8-1ce8-4a99-8dff-c3596faf7298 1f02fc3d4e6d4b0aa7ab765cfd03960e d613bf83956744889faf67e1c010c4ce - - - -] No more DHCP agents
2026-04-07 01:18:41.442 9 WARNING neutron.api.rpc.agentnotifiers.dhcp_rpc_agent_api [None req-d1b6d3d8-1ce8-4a99-8dff-c3596faf7298 1f02fc3d4e6d4b0aa7ab765cfd03960e d613bf83956744889faf67e1c010c4ce - - - -] Unable to schedule network e571804d-cbbc-4ca7-bc4e-b57ae94bdce0: no agents available; will retry on subsequent port and subnet creation events.
2026-04-07 01:18:41.502 9 INFO neutron.wsgi [req-79d5a1d6-c80c-4ab2-b53f-b1f3e42f337f req-bc6b7c6a-e2df-4e54-892e-bf01f9a3c762 f2ae8420becb4338b5f3f5ab54d9da82 f53361ab75e24ce1a85dd0ead70c1d1a - - default default] 10.0.0.171 "GET /v2.0/ports?device_id=10287dfd-af96-449a-b576-a7ee310ed8b9 HTTP/1.1" status: 200 len: 210 time: 0.0187271
2026-04-07 01:18:41.527 9 INFO neutron.db.ovn_revision_numbers_db [None req-d1b6d3d8-1ce8-4a99-8dff-c3596faf7298 1f02fc3d4e6d4b0aa7ab765cfd03960e d613bf83956744889faf67e1c010c4ce - - - -] Successfully bumped revision number for resource e0fb8877-dc60-497e-b096-bc48b1e51557 (type: ports) to 1
2026-04-07 01:18:41.547 9 INFO neutron.wsgi [None req-d1b6d3d8-1ce8-4a99-8dff-c3596faf7298 1f02fc3d4e6d4b0aa7ab765cfd03960e d613bf83956744889faf67e1c010c4ce - - - -] 10.0.0.78 "POST /v2.0/networks HTTP/1.1" status: 201 len: 830 time: 0.5558918
2026-04-07 01:18:41.603 9 INFO neutron.wsgi [None req-9ec93fea-3a40-4ae3-b93b-c5d8f7623243 1f02fc3d4e6d4b0aa7ab765cfd03960e d613bf83956744889faf67e1c010c4ce - - - -] 10.0.0.78 "PUT /v2.0/networks/4272fd2a-96b6-41b1-a8c4-8ab568188fd7/tags HTTP/1.1" status: 200 len: 218 time: 0.0473504
2026-04-07 01:18:41.644 9 INFO neutron.wsgi [None req-25ea563c-1af3-45d7-922d-85e3ba631d77 1f02fc3d4e6d4b0aa7ab765cfd03960e d613bf83956744889faf67e1c010c4ce - - default default] 10.0.0.78 "GET /v2.0/networks/4272fd2a-96b6-41b1-a8c4-8ab568188fd7/tags HTTP/1.1" status: 200 len: 218 time: 0.0367563
2026-04-07 01:18:41.692 9 INFO neutron.wsgi [None req-ea42f775-19a2-4bd0-a821-8689eff74ed7 1f02fc3d4e6d4b0aa7ab765cfd03960e d613bf83956744889faf67e1c010c4ce - - - -] 10.0.0.78 "PUT /v2.0/networks/e571804d-cbbc-4ca7-bc4e-b57ae94bdce0/tags HTTP/1.1" status: 200 len: 210 time: 0.0417984
2026-04-07 01:18:41.748 9 INFO neutron.wsgi [None req-3a4abde2-1e70-4b6d-a172-f4cdac4f2211 1f02fc3d4e6d4b0aa7ab765cfd03960e d613bf83956744889faf67e1c010c4ce - - default default] 10.0.0.78 "GET /v2.0/networks/e571804d-cbbc-4ca7-bc4e-b57ae94bdce0/tags HTTP/1.1" status: 200 len: 210 time: 0.0488267
2026-04-07 01:18:41.799 9 INFO neutron.wsgi [None req-9c7debc4-a141-4be5-ab20-07f422cbbe6c 1f02fc3d4e6d4b0aa7ab765cfd03960e d613bf83956744889faf67e1c010c4ce - - - -] 10.0.0.78 "PUT /v2.0/networks/e571804d-cbbc-4ca7-bc4e-b57ae94bdce0/tags HTTP/1.1" status: 200 len: 205 time: 0.0465248
2026-04-07 01:18:41.844 9 INFO neutron.wsgi [None req-3082f95d-5546-4f0d-88b9-5022a82046f8 1f02fc3d4e6d4b0aa7ab765cfd03960e d613bf83956744889faf67e1c010c4ce - - default default] 10.0.0.78 "GET /v2.0/networks/e571804d-cbbc-4ca7-bc4e-b57ae94bdce0/tags HTTP/1.1" status: 200 len: 205 time: 0.0393202
2026-04-07 01:18:41.890 9 INFO neutron.wsgi [None req-578035a2-6414-43cc-881a-9b743ea6bb35 1f02fc3d4e6d4b0aa7ab765cfd03960e d613bf83956744889faf67e1c010c4ce - - default default] 10.0.0.78 "GET /v2.0/networks/4272fd2a-96b6-41b1-a8c4-8ab568188fd7/tags HTTP/1.1" status: 200 len: 218 time: 0.0405703
2026-04-07 01:18:42.290 9 INFO neutron.services.segments.plugin [-] Segment bae522cc-d49c-4564-8bf3-cf2c91df035a resource provider aggregate not found
2026-04-07 01:18:42.298 9 INFO neutron.services.segments.plugin [-] Segment bae522cc-d49c-4564-8bf3-cf2c91df035a resource provider aggregate not found
2026-04-07 01:18:42.592 9 INFO neutron.services.segments.plugin [-] Segment bae522cc-d49c-4564-8bf3-cf2c91df035a resource provider not found; error: Placement Client Error (4xx): {"errors": [{"status": 404, "title": "Not Found", "detail": "The resource could not be found.\n\n No resource provider with uuid bae522cc-d49c-4564-8bf3-cf2c91df035a found for delete ", "request_id": "req-26fc34c5-b217-47c6-8fc7-acb073a5db4b"}]}
2026-04-07 01:18:42.594 9 INFO neutron.services.segments.plugin [-] Segment bae522cc-d49c-4564-8bf3-cf2c91df035a resource provider not found; error: Placement Client Error (4xx): {"errors": [{"status": 404, "title": "Not Found", "detail": "The resource could not be found.\n\n No resource provider with uuid bae522cc-d49c-4564-8bf3-cf2c91df035a found for delete ", "request_id": "req-cd607f75-1c31-4551-8bfc-94049b072337"}]}
2026-04-07 01:18:42.599 9 INFO neutron.wsgi [req-3cbb8be4-d4c1-4a50-b6c5-15665aff8806 req-fac10291-a89d-4f92-b149-a41c4d8d57fb f2ae8420becb4338b5f3f5ab54d9da82 f53361ab75e24ce1a85dd0ead70c1d1a - - default default] 199.19.213.133 "GET /v2.0/networks?id=70da58b5-e0f6-4e4f-a961-fa81cc2564da HTTP/1.1" status: 200 len: 859 time: 0.3918202
2026-04-07 01:18:42.613 10 INFO neutron.wsgi [req-269784b9-5131-4930-9deb-026681dec079 req-bdef5c67-f6c8-4202-8a59-c374fb6f3e86 f2ae8420becb4338b5f3f5ab54d9da82 f53361ab75e24ce1a85dd0ead70c1d1a - - default default] 10.0.0.171 "GET /v2.0/ports?device_id=10287dfd-af96-449a-b576-a7ee310ed8b9 HTTP/1.1" status: 200 len: 210 time: 0.0448985
2026-04-07 01:18:42.626 9 INFO neutron.wsgi [None req-642eefc1-c749-4652-ba98-d08f87f8e013 1f02fc3d4e6d4b0aa7ab765cfd03960e d613bf83956744889faf67e1c010c4ce - - - -] 10.0.0.78 "DELETE /v2.0/networks/4272fd2a-96b6-41b1-a8c4-8ab568188fd7 HTTP/1.1" status: 204 len: 168 time: 0.7281382
2026-04-07 01:18:42.691 10 INFO neutron.db.ovn_revision_numbers_db [None req-6d04f040-cb05-4ea9-8b70-10bad6d335af a1e8598d213d4115bef06d44e802dd65 0beede6080ab46ddbd743bc0c1251393 - - - -] Successfully bumped revision number for resource 6875ba9f-9e1d-4809-901e-5052f17393f1 (type: security_groups) to 1
2026-04-07 01:18:42.696 9 INFO neutron.wsgi [req-3cbb8be4-d4c1-4a50-b6c5-15665aff8806 req-4313bb03-9fd2-4157-99fe-52fa5ed667af f2ae8420becb4338b5f3f5ab54d9da82 f53361ab75e24ce1a85dd0ead70c1d1a - - default default] 199.19.213.133 "GET /v2.0/security-groups?fields=id&fields=name&tenant_id=f53361ab75e24ce1a85dd0ead70c1d1a HTTP/1.1" status: 200 len: 473 time: 0.0869420
2026-04-07 01:18:42.744 10 INFO neutron.db.segments_db [None req-6d04f040-cb05-4ea9-8b70-10bad6d335af a1e8598d213d4115bef06d44e802dd65 0beede6080ab46ddbd743bc0c1251393 - - - -] Added segment 90db7407-2e7e-46d8-9286-4c63786cde03 of type geneve for network c27f2a55-9a25-4f4d-8ba7-746a82ebd75d
2026-04-07 01:18:42.902 10 INFO neutron.db.ovn_revision_numbers_db [None req-6d04f040-cb05-4ea9-8b70-10bad6d335af a1e8598d213d4115bef06d44e802dd65 0beede6080ab46ddbd743bc0c1251393 - - - -] Successfully bumped revision number for resource c27f2a55-9a25-4f4d-8ba7-746a82ebd75d (type: networks) to 1
2026-04-07 01:18:43.093 10 WARNING neutron.scheduler.dhcp_agent_scheduler [None req-6d04f040-cb05-4ea9-8b70-10bad6d335af a1e8598d213d4115bef06d44e802dd65 0beede6080ab46ddbd743bc0c1251393 - - - -] No more DHCP agents
2026-04-07 01:18:43.097 10 WARNING neutron.api.rpc.agentnotifiers.dhcp_rpc_agent_api [None req-6d04f040-cb05-4ea9-8b70-10bad6d335af a1e8598d213d4115bef06d44e802dd65 0beede6080ab46ddbd743bc0c1251393 - - - -] Unable to schedule network c27f2a55-9a25-4f4d-8ba7-746a82ebd75d: no agents available; will retry on subsequent port and subnet creation events.
2026-04-07 01:18:43.131 9 WARNING neutron.scheduler.dhcp_agent_scheduler [None req-90b7df95-b443-49b7-acef-be646c730377 f2ae8420becb4338b5f3f5ab54d9da82 f53361ab75e24ce1a85dd0ead70c1d1a - - - -] No more DHCP agents
2026-04-07 01:18:43.133 9 WARNING neutron.api.rpc.agentnotifiers.dhcp_rpc_agent_api [None req-90b7df95-b443-49b7-acef-be646c730377 f2ae8420becb4338b5f3f5ab54d9da82 f53361ab75e24ce1a85dd0ead70c1d1a - - - -] Unable to schedule network 70da58b5-e0f6-4e4f-a961-fa81cc2564da: no agents available; will retry on subsequent port and subnet creation events.
2026-04-07 01:18:43.168 9 INFO neutron.wsgi [None req-7c51944d-6fc3-4072-92eb-6f8dd4a3b3a1 1f02fc3d4e6d4b0aa7ab765cfd03960e d613bf83956744889faf67e1c010c4ce - - - -] 10.0.0.78 "DELETE /v2.0/networks/e571804d-cbbc-4ca7-bc4e-b57ae94bdce0 HTTP/1.1" status: 204 len: 168 time: 0.5363827
2026-04-07 01:18:43.176 10 INFO neutron.db.ovn_revision_numbers_db [None req-6d04f040-cb05-4ea9-8b70-10bad6d335af a1e8598d213d4115bef06d44e802dd65 0beede6080ab46ddbd743bc0c1251393 - - - -] Successfully bumped revision number for resource 6f800baf-c872-45ea-86bc-de868024541a (type: ports) to 1
2026-04-07 01:18:43.201 10 INFO neutron.wsgi [None req-6d04f040-cb05-4ea9-8b70-10bad6d335af a1e8598d213d4115bef06d44e802dd65 0beede6080ab46ddbd743bc0c1251393 - - - -] 10.0.0.78 "POST /v2.0/networks HTTP/1.1" status: 201 len: 830 time: 1.1509480
2026-04-07 01:18:43.255 10 INFO neutron.wsgi [None req-4f74d115-597f-468b-b43d-48d4d88a7a32 a1e8598d213d4115bef06d44e802dd65 0beede6080ab46ddbd743bc0c1251393 - - - -] 10.0.0.78 "PUT /v2.0/networks/c27f2a55-9a25-4f4d-8ba7-746a82ebd75d/tags HTTP/1.1" status: 200 len: 218 time: 0.0485041
2026-04-07 01:18:43.288 9 INFO neutron.db.ovn_revision_numbers_db [None req-90b7df95-b443-49b7-acef-be646c730377 f2ae8420becb4338b5f3f5ab54d9da82 f53361ab75e24ce1a85dd0ead70c1d1a - - - -] Successfully bumped revision number for resource 671c9c11-0a87-4839-8231-e7f02470456f (type: ports) to 1
2026-04-07 01:18:43.308 10 INFO neutron.wsgi [None req-6bd3e931-5c4f-4406-818b-512d9392d9c1 a1e8598d213d4115bef06d44e802dd65 0beede6080ab46ddbd743bc0c1251393 - - default default] 10.0.0.78 "GET /v2.0/networks/c27f2a55-9a25-4f4d-8ba7-746a82ebd75d/tags HTTP/1.1" status: 200 len: 218 time: 0.0482545
2026-04-07 01:18:43.311 9 INFO neutron.wsgi [None req-90b7df95-b443-49b7-acef-be646c730377 f2ae8420becb4338b5f3f5ab54d9da82 f53361ab75e24ce1a85dd0ead70c1d1a - - - -] 199.19.213.133 "POST /v2.0/ports HTTP/1.1" status: 201 len: 1162 time: 0.6100318 /var/lib/openstack/lib/python3.10/site-packages/pycadf/identifier.py:71: UserWarning: Invalid uuid: neutron. To ensure interoperability, identifiers should be a valid uuid. warnings.warn(('Invalid uuid: %s. To ensure interoperability, '
2026-04-07 01:18:43.380 9 INFO neutron.wsgi [None req-10e0dab0-a048-49ac-afc6-e7c874e372f4 a1e8598d213d4115bef06d44e802dd65 0beede6080ab46ddbd743bc0c1251393 - - - -] 10.0.0.78 "PUT /v2.0/networks/c27f2a55-9a25-4f4d-8ba7-746a82ebd75d/tags/green HTTP/1.1" status: 201 len: 201 time: 0.0679462
2026-04-07 01:18:43.428 9 INFO neutron.wsgi [None req-04e89fed-d8e7-40c9-8040-a081470738c3 a1e8598d213d4115bef06d44e802dd65 0beede6080ab46ddbd743bc0c1251393 - - default default] 10.0.0.78 "GET /v2.0/networks/c27f2a55-9a25-4f4d-8ba7-746a82ebd75d/tags HTTP/1.1" status: 200 len: 227 time: 0.0440199
2026-04-07 01:18:43.494 9 INFO neutron.wsgi [None req-13fc4f1e-2893-4047-80b9-046291bdc942 a1e8598d213d4115bef06d44e802dd65 0beede6080ab46ddbd743bc0c1251393 - - - -] 10.0.0.78 "PUT /v2.0/networks/c27f2a55-9a25-4f4d-8ba7-746a82ebd75d/tags/red HTTP/1.1" status: 201 len: 201 time: 0.0609915
2026-04-07 01:18:43.546 9 INFO neutron.wsgi [None req-d0901ba4-3d32-4384-9ccc-53d0d74b38f5 a1e8598d213d4115bef06d44e802dd65 0beede6080ab46ddbd743bc0c1251393 - - default default] 10.0.0.78 "GET /v2.0/networks/c27f2a55-9a25-4f4d-8ba7-746a82ebd75d/tags HTTP/1.1" status: 200 len: 227 time: 0.0482056
2026-04-07 01:18:43.622 10 INFO neutron.wsgi [None req-5029ef23-7739-4595-b27d-6e5412f1417c a1e8598d213d4115bef06d44e802dd65 0beede6080ab46ddbd743bc0c1251393 - - - -] 10.0.0.78 "PUT /v2.0/networks/c27f2a55-9a25-4f4d-8ba7-746a82ebd75d/tags/black.or.white HTTP/1.1" status: 201 len: 201 time: 0.0698338
2026-04-07 01:18:43.685 9 INFO neutron.wsgi [None req-79168f2b-d475-4bc8-821b-1b14bde1306c a1e8598d213d4115bef06d44e802dd65 0beede6080ab46ddbd743bc0c1251393 - - default default] 10.0.0.78 "GET /v2.0/networks/c27f2a55-9a25-4f4d-8ba7-746a82ebd75d/tags HTTP/1.1" status: 200 len: 245 time: 0.0568593
2026-04-07 01:18:43.771 10 INFO neutron.wsgi [None req-ee202a96-2cbe-4cfa-a515-08d18b97d038 a1e8598d213d4115bef06d44e802dd65 0beede6080ab46ddbd743bc0c1251393 - - - -] 10.0.0.78 "PUT /v2.0/networks/c27f2a55-9a25-4f4d-8ba7-746a82ebd75d/tags HTTP/1.1" status: 200 len: 230 time: 0.0798342 /var/lib/openstack/lib/python3.10/site-packages/pycadf/identifier.py:71: UserWarning: Invalid uuid: neutron. To ensure interoperability, identifiers should be a valid uuid. warnings.warn(('Invalid uuid: %s. To ensure interoperability, '
2026-04-07 01:18:43.812 9 INFO neutron.wsgi [req-984523a9-d6ab-4d3d-90ab-e6d888e85428 req-65fd907e-6c1d-46c3-80b9-9e29b237e370 f2ae8420becb4338b5f3f5ab54d9da82 f53361ab75e24ce1a85dd0ead70c1d1a - - default default] 10.0.0.171 "GET /v2.0/ports?device_id=10287dfd-af96-449a-b576-a7ee310ed8b9 HTTP/1.1" status: 200 len: 1172 time: 0.1312044
2026-04-07 01:18:43.850 9 INFO neutron.wsgi [None req-2f97224b-06a5-419a-ae0c-add7cc5601e0 a1e8598d213d4115bef06d44e802dd65 0beede6080ab46ddbd743bc0c1251393 - - default default] 10.0.0.78 "GET /v2.0/networks/c27f2a55-9a25-4f4d-8ba7-746a82ebd75d/tags HTTP/1.1" status: 200 len: 230 time: 0.0732849
2026-04-07 01:18:43.874 9 INFO neutron.wsgi [req-984523a9-d6ab-4d3d-90ab-e6d888e85428 req-6ce1e3d7-7bac-467e-90f1-a65eb4e96c59 f2ae8420becb4338b5f3f5ab54d9da82 f53361ab75e24ce1a85dd0ead70c1d1a - - default default] 10.0.0.171 "GET /v2.0/security-groups?id=79f58222-1cb7-4ecf-8a03-0d3529803969&fields=id&fields=name HTTP/1.1" status: 200 len: 313 time: 0.0547986
2026-04-07 01:18:43.895 9 INFO neutron.db.ovn_revision_numbers_db [None req-9aebe8aa-e277-409e-b7cd-e49f61c03af3 0af61b1f3a0f4b8396f868ae7c7a61d9 e4f484039e694525971575f21e0e6b00 - - - -] Successfully bumped revision number for resource 671c9c11-0a87-4839-8231-e7f02470456f (type: ports) to 2
2026-04-07 01:18:43.903 10 INFO neutron.wsgi [None req-fcac1ffd-bdda-43fd-a78c-d836c23bbb57 a1e8598d213d4115bef06d44e802dd65 0beede6080ab46ddbd743bc0c1251393 - - default default] 10.0.0.78 "GET /v2.0/networks/c27f2a55-9a25-4f4d-8ba7-746a82ebd75d/tags/red HTTP/1.1" status: 204 len: 168 time: 0.0481813
2026-04-07 01:18:43.962 10 INFO neutron.api.v2.resource [None req-ab4f210d-471e-4f6d-b9e7-0a40e5bdefc6 a1e8598d213d4115bef06d44e802dd65 0beede6080ab46ddbd743bc0c1251393 - - default default] show failed (client error): The resource could not be found.
2026-04-07 01:18:43.963 10 INFO neutron.wsgi [None req-ab4f210d-471e-4f6d-b9e7-0a40e5bdefc6 a1e8598d213d4115bef06d44e802dd65 0beede6080ab46ddbd743bc0c1251393 - - default default] 10.0.0.78 "GET /v2.0/networks/c27f2a55-9a25-4f4d-8ba7-746a82ebd75d/tags/green HTTP/1.1" status: 404 len: 299 time: 0.0548685
2026-04-07 01:18:43.998 10 INFO neutron.wsgi [None req-8469ca3f-c45e-477f-a8b4-a97cfbf6e7bc 2de2ec4e10b5434699edd7d80aea63a2 376d36ea2fb84aeca058828a48b1fc4b - - default default] 10.0.0.78 "GET /v2.0/security-groups?tenant_id=d613bf83956744889faf67e1c010c4ce&name=default HTTP/1.1" status: 200 len: 2996 time: 0.1622913 /var/lib/openstack/lib/python3.10/site-packages/pycadf/identifier.py:71: UserWarning: Invalid uuid: neutron. To ensure interoperability, identifiers should be a valid uuid. warnings.warn(('Invalid uuid: %s. To ensure interoperability, '
2026-04-07 01:18:44.029 10 INFO neutron.wsgi [None req-cb18f254-379b-48d4-a045-7c0e125117ed a1e8598d213d4115bef06d44e802dd65 0beede6080ab46ddbd743bc0c1251393 - - - -] 10.0.0.78 "DELETE /v2.0/networks/c27f2a55-9a25-4f4d-8ba7-746a82ebd75d/tags/red HTTP/1.1" status: 204 len: 168 time: 0.0612049
2026-04-07 01:18:44.057 9 INFO neutron.db.ovn_revision_numbers_db [None req-9aebe8aa-e277-409e-b7cd-e49f61c03af3 0af61b1f3a0f4b8396f868ae7c7a61d9 e4f484039e694525971575f21e0e6b00 - - - -] Successfully bumped revision number for resource 671c9c11-0a87-4839-8231-e7f02470456f (type: ports) to 2
2026-04-07 01:18:44.087 10 INFO neutron.wsgi [None req-fe6bae8f-e074-459b-8ba5-eaecb728142a a1e8598d213d4115bef06d44e802dd65 0beede6080ab46ddbd743bc0c1251393 - - default default] 10.0.0.78 "GET /v2.0/networks/c27f2a55-9a25-4f4d-8ba7-746a82ebd75d/tags HTTP/1.1" status: 200 len: 223 time: 0.0531864
2026-04-07 01:18:44.092 9 INFO neutron.wsgi [None req-9aebe8aa-e277-409e-b7cd-e49f61c03af3 0af61b1f3a0f4b8396f868ae7c7a61d9 e4f484039e694525971575f21e0e6b00 - - - -] 199.19.213.133 "PUT /v2.0/ports/671c9c11-0a87-4839-8231-e7f02470456f HTTP/1.1" status: 200 len: 1332 time: 0.7725446
2026-04-07 01:18:44.124 9 INFO neutron.notifiers.nova [-] Nova event matching ['req-082fab51-482c-4815-b771-457aebed0d69'] response: {'name': 'network-changed', 'server_uuid': '10287dfd-af96-449a-b576-a7ee310ed8b9', 'tag': '671c9c11-0a87-4839-8231-e7f02470456f', 'status': 'completed', 'code': 200}
2026-04-07 01:18:44.141 10 INFO neutron.api.v2.resource [None req-3ccb357e-7941-4420-80aa-07abc4fd6475 a1e8598d213d4115bef06d44e802dd65 0beede6080ab46ddbd743bc0c1251393 - - - -] delete failed (client error): The resource could not be found.
2026-04-07 01:18:44.142 10 INFO neutron.wsgi [None req-3ccb357e-7941-4420-80aa-07abc4fd6475 a1e8598d213d4115bef06d44e802dd65 0beede6080ab46ddbd743bc0c1251393 - - - -] 10.0.0.78 "DELETE /v2.0/networks/c27f2a55-9a25-4f4d-8ba7-746a82ebd75d/tags/green HTTP/1.1" status: 404 len: 299 time: 0.0489442
2026-04-07 01:18:44.175 9 INFO neutron.wsgi [req-3cbb8be4-d4c1-4a50-b6c5-15665aff8806 req-8352ee4f-bb53-4244-8eba-8c64a638776c 0af61b1f3a0f4b8396f868ae7c7a61d9 e4f484039e694525971575f21e0e6b00 - - 0041f4aab5cb4ad2b9d4fd8d7cd3dc10 0041f4aab5cb4ad2b9d4fd8d7cd3dc10] 199.19.213.133 "GET /v2.0/ports?tenant_id=f53361ab75e24ce1a85dd0ead70c1d1a&device_id=10287dfd-af96-449a-b576-a7ee310ed8b9 HTTP/1.1" status: 200 len: 1363 time: 0.0388014
2026-04-07 01:18:44.206 10 INFO neutron.wsgi [None req-2feb5726-b611-4f7c-b1f5-28efc53677b8 a1e8598d213d4115bef06d44e802dd65 0beede6080ab46ddbd743bc0c1251393 - - - -] 10.0.0.78 "DELETE /v2.0/networks/c27f2a55-9a25-4f4d-8ba7-746a82ebd75d/tags HTTP/1.1" status: 204 len: 168 time: 0.0588243
2026-04-07 01:18:44.220 9 INFO neutron.wsgi [req-3cbb8be4-d4c1-4a50-b6c5-15665aff8806 req-adf8753c-6980-4412-b0e5-0e70f80df18a 0af61b1f3a0f4b8396f868ae7c7a61d9 e4f484039e694525971575f21e0e6b00 - - 0041f4aab5cb4ad2b9d4fd8d7cd3dc10 0041f4aab5cb4ad2b9d4fd8d7cd3dc10] 199.19.213.133 "GET /v2.0/floatingips?fixed_ip_address=10.100.0.13&port_id=671c9c11-0a87-4839-8231-e7f02470456f HTTP/1.1" status: 200 len: 217 time: 0.0333107
2026-04-07 01:18:44.253 10 INFO neutron.wsgi [None req-4566b88d-a1b6-4c06-ae85-a4eafaa486b9 a1e8598d213d4115bef06d44e802dd65 0beede6080ab46ddbd743bc0c1251393 - - default default] 10.0.0.78 "GET /v2.0/networks/c27f2a55-9a25-4f4d-8ba7-746a82ebd75d/tags HTTP/1.1" status: 200 len: 205 time: 0.0406840
2026-04-07 01:18:44.265 9 INFO neutron.wsgi [req-3cbb8be4-d4c1-4a50-b6c5-15665aff8806 req-8fd37427-b78e-40d0-a13e-9e7c9d023dd7 0af61b1f3a0f4b8396f868ae7c7a61d9 e4f484039e694525971575f21e0e6b00 - - 0041f4aab5cb4ad2b9d4fd8d7cd3dc10 0041f4aab5cb4ad2b9d4fd8d7cd3dc10] 199.19.213.133 "GET /v2.0/subnets?id=617e90f7-1600-4717-8958-1b7a7e7a5a79 HTTP/1.1" status: 200 len: 852 time: 0.0394416
2026-04-07 01:18:44.301 9 INFO neutron.wsgi [None req-40551df2-1815-4c4c-9b36-070c4ee49de8 2de2ec4e10b5434699edd7d80aea63a2 376d36ea2fb84aeca058828a48b1fc4b - - - -] 10.0.0.78 "DELETE /v2.0/security-groups/265525fd-2840-4adb-865b-eb43449fdebf HTTP/1.1" status: 204 len: 168 time: 0.2986622
2026-04-07 01:18:44.304 9 INFO neutron.wsgi [req-3cbb8be4-d4c1-4a50-b6c5-15665aff8806 req-3a331403-c820-4972-b1ab-cc2225544e6c 0af61b1f3a0f4b8396f868ae7c7a61d9 e4f484039e694525971575f21e0e6b00 - - 0041f4aab5cb4ad2b9d4fd8d7cd3dc10 0041f4aab5cb4ad2b9d4fd8d7cd3dc10] 199.19.213.133 "GET /v2.0/ports?network_id=70da58b5-e0f6-4e4f-a961-fa81cc2564da&device_owner=network%3Adhcp HTTP/1.1" status: 200 len: 210 time: 0.0321894
2026-04-07 01:18:44.372 9 INFO neutron.wsgi [req-3cbb8be4-d4c1-4a50-b6c5-15665aff8806 req-b669cacc-12e1-4a3c-9c60-ade59f829b83 0af61b1f3a0f4b8396f868ae7c7a61d9 e4f484039e694525971575f21e0e6b00 - - 0041f4aab5cb4ad2b9d4fd8d7cd3dc10 0041f4aab5cb4ad2b9d4fd8d7cd3dc10] 199.19.213.133 "GET /v2.0/networks/70da58b5-e0f6-4e4f-a961-fa81cc2564da?fields=segments HTTP/1.1" status: 200 len: 212 time: 0.0613015
2026-04-07 01:18:44.448 9 INFO neutron.wsgi [req-3cbb8be4-d4c1-4a50-b6c5-15665aff8806 req-9d0016ad-1def-4330-bf68-f497f5e1b991 0af61b1f3a0f4b8396f868ae7c7a61d9 e4f484039e694525971575f21e0e6b00 - - 0041f4aab5cb4ad2b9d4fd8d7cd3dc10 0041f4aab5cb4ad2b9d4fd8d7cd3dc10] 199.19.213.133 "GET /v2.0/networks/70da58b5-e0f6-4e4f-a961-fa81cc2564da?fields=provider%3Aphysical_network&fields=provider%3Anetwork_type HTTP/1.1" status: 200 len: 277 time: 0.0694089
2026-04-07 01:18:44.545 9 INFO neutron.wsgi [req-8269fe70-cbe4-41ec-8f84-1448496569a9 req-b1a91280-177f-4784-8957-dfb4ac1af177 0af61b1f3a0f4b8396f868ae7c7a61d9 e4f484039e694525971575f21e0e6b00 - - 0041f4aab5cb4ad2b9d4fd8d7cd3dc10 0041f4aab5cb4ad2b9d4fd8d7cd3dc10] 199.19.213.133 "GET /v2.0/ports?tenant_id=f53361ab75e24ce1a85dd0ead70c1d1a&device_id=10287dfd-af96-449a-b576-a7ee310ed8b9 HTTP/1.1" status: 200 len: 1363 time: 0.0489709
2026-04-07 01:18:44.574 9 INFO neutron.db.ovn_revision_numbers_db [None req-40a6c652-8e98-4016-bc52-4e1f36c57eee 2de2ec4e10b5434699edd7d80aea63a2 376d36ea2fb84aeca058828a48b1fc4b - - default default] Successfully bumped revision number for resource 56a6d17a-d339-49c0-9bbf-c9dfdbd0df44 (type: security_groups) to 1
2026-04-07 01:18:44.614 10 INFO neutron.wsgi [-] 10.0.0.47 "GET / HTTP/1.1" status: 200 len: 247 time: 0.0021341
2026-04-07 01:18:44.616 10 INFO neutron.wsgi [-] 10.0.0.47 "GET / HTTP/1.1" status: 200 len: 247 time: 0.0012851
2026-04-07 01:18:44.626 9 INFO neutron.services.segments.plugin [-] Segment ca30a4b0-4c55-41ac-a938-32700dc03e95 resource provider aggregate not found
2026-04-07 01:18:44.639 9 INFO neutron.services.segments.plugin [-] Segment ca30a4b0-4c55-41ac-a938-32700dc03e95 resource provider aggregate not found
2026-04-07 01:18:44.648 9 INFO neutron.wsgi [None req-40a6c652-8e98-4016-bc52-4e1f36c57eee 2de2ec4e10b5434699edd7d80aea63a2 376d36ea2fb84aeca058828a48b1fc4b - - default default] 10.0.0.78 "GET /v2.0/security-groups?tenant_id=858d3bffdc464b54b2b193c58a442fc1&name=default HTTP/1.1" status: 200 len: 2996 time: 0.2488835
2026-04-07 01:18:44.653 9 INFO neutron.services.segments.plugin [-] Segment ca30a4b0-4c55-41ac-a938-32700dc03e95 resource provider not found; error: Placement Client Error (4xx): {"errors": [{"status": 404, "title": "Not Found", "detail": "The resource could not be found.\n\n No resource provider with uuid ca30a4b0-4c55-41ac-a938-32700dc03e95 found for delete ", "request_id": "req-77a2d34b-d48d-449d-a0c7-39d36c464a3a"}]}
2026-04-07 01:18:44.661 9 INFO neutron.wsgi [req-8269fe70-cbe4-41ec-8f84-1448496569a9 req-08fe2515-e96a-4456-b1e5-4e1ee160ba20 0af61b1f3a0f4b8396f868ae7c7a61d9 e4f484039e694525971575f21e0e6b00 - - 0041f4aab5cb4ad2b9d4fd8d7cd3dc10 0041f4aab5cb4ad2b9d4fd8d7cd3dc10] 199.19.213.133 "GET /v2.0/networks?id=70da58b5-e0f6-4e4f-a961-fa81cc2564da HTTP/1.1" status: 200 len: 958 time: 0.1104701
2026-04-07 01:18:44.675 10 INFO neutron.plugins.ml2.drivers.ovn.mech_driver.mech_driver [None req-d973d1cf-d5bc-452b-a482-37fcd50962da - - - - - -] OVN reports status up for port: 671c9c11-0a87-4839-8231-e7f02470456f
2026-04-07 01:18:44.676 9 INFO neutron.services.segments.plugin [-] Segment ca30a4b0-4c55-41ac-a938-32700dc03e95 resource provider not found; error: Placement Client Error (4xx): {"errors": [{"status": 404, "title": "Not Found", "detail": "The resource could not be found.\n\n No resource provider with uuid ca30a4b0-4c55-41ac-a938-32700dc03e95 found for delete ", "request_id": "req-6211c5d7-d956-4e46-a9ed-722ee116062d"}]}
2026-04-07 01:18:44.692 10 INFO neutron.services.segments.plugin [-] Segment 90db7407-2e7e-46d8-9286-4c63786cde03 resource provider aggregate not found
2026-04-07 01:18:44.696 10 INFO neutron.services.segments.plugin [-] Segment 90db7407-2e7e-46d8-9286-4c63786cde03 resource provider aggregate not found
2026-04-07 01:18:44.710 9 INFO neutron.wsgi [req-8269fe70-cbe4-41ec-8f84-1448496569a9 req-8a9b5891-a14a-45f1-8f50-1e46cabb984e 0af61b1f3a0f4b8396f868ae7c7a61d9 e4f484039e694525971575f21e0e6b00 - - 0041f4aab5cb4ad2b9d4fd8d7cd3dc10 0041f4aab5cb4ad2b9d4fd8d7cd3dc10] 199.19.213.133 "GET /v2.0/floatingips?fixed_ip_address=10.100.0.13&port_id=671c9c11-0a87-4839-8231-e7f02470456f HTTP/1.1" status: 200 len: 217 time: 0.0333462
2026-04-07 01:18:44.711 10 INFO neutron.plugins.ml2.plugin [None req-d973d1cf-d5bc-452b-a482-37fcd50962da - - - - - -] Attempt 1 to provision port 671c9c11-0a87-4839-8231-e7f02470456f
2026-04-07 01:18:44.713 10 INFO neutron.services.segments.plugin [-] Segment 90db7407-2e7e-46d8-9286-4c63786cde03 resource provider not found; error: Placement Client Error (4xx): {"errors": [{"status": 404, "title": "Not Found", "detail": "The resource could not be found.\n\n No resource provider with uuid 90db7407-2e7e-46d8-9286-4c63786cde03 found for delete ", "request_id": "req-50468d19-b832-4d03-b2b6-73ef9c720f83"}]}
2026-04-07 01:18:44.727 10 INFO neutron.services.segments.plugin [-] Segment 90db7407-2e7e-46d8-9286-4c63786cde03 resource provider not found; error: Placement Client Error (4xx): {"errors": [{"status": 404, "title": "Not Found", "detail": "The resource could not be found.\n\n No resource provider with uuid 90db7407-2e7e-46d8-9286-4c63786cde03 found for delete ", "request_id": "req-94b53076-386b-4f3f-9ddb-a27cdc4ca1c4"}]}
2026-04-07 01:18:44.745 10 INFO neutron.wsgi [None req-71d2960a-e4df-42aa-889b-837be222f5cb a1e8598d213d4115bef06d44e802dd65 0beede6080ab46ddbd743bc0c1251393 - - - -] 10.0.0.78 "DELETE /v2.0/networks/c27f2a55-9a25-4f4d-8ba7-746a82ebd75d HTTP/1.1" status: 204 len: 168 time: 0.4827249
2026-04-07 01:18:44.766 9 INFO neutron.wsgi [req-8269fe70-cbe4-41ec-8f84-1448496569a9 req-a609e89d-b9c5-4608-bbb7-989aaef52c85 0af61b1f3a0f4b8396f868ae7c7a61d9 e4f484039e694525971575f21e0e6b00 - - 0041f4aab5cb4ad2b9d4fd8d7cd3dc10 0041f4aab5cb4ad2b9d4fd8d7cd3dc10] 199.19.213.133 "GET /v2.0/subnets?id=617e90f7-1600-4717-8958-1b7a7e7a5a79 HTTP/1.1" status: 200 len: 852 time: 0.0452871
2026-04-07 01:18:44.804 9 INFO neutron.wsgi [req-8269fe70-cbe4-41ec-8f84-1448496569a9 req-0ac37086-adfb-43ea-af3c-edabcb463ded 0af61b1f3a0f4b8396f868ae7c7a61d9 e4f484039e694525971575f21e0e6b00 - - 0041f4aab5cb4ad2b9d4fd8d7cd3dc10 0041f4aab5cb4ad2b9d4fd8d7cd3dc10] 199.19.213.133 "GET /v2.0/ports?network_id=70da58b5-e0f6-4e4f-a961-fa81cc2564da&device_owner=network%3Adhcp HTTP/1.1" status: 200 len: 210 time: 0.0317202
2026-04-07 01:18:44.840 10 INFO neutron.notifiers.nova [-] Nova event matching ['req-5023ed9b-8d24-4bba-acb7-4a7cc55fe57f'] response: {'server_uuid': '10287dfd-af96-449a-b576-a7ee310ed8b9', 'name': 'network-vif-plugged', 'status': 'completed', 'tag': '671c9c11-0a87-4839-8231-e7f02470456f', 'code': 200}
2026-04-07 01:18:44.884 9 INFO neutron.wsgi [req-8269fe70-cbe4-41ec-8f84-1448496569a9 req-0329ab86-2f38-4c51-8596-74b095b50630 0af61b1f3a0f4b8396f868ae7c7a61d9 e4f484039e694525971575f21e0e6b00 - - 0041f4aab5cb4ad2b9d4fd8d7cd3dc10 0041f4aab5cb4ad2b9d4fd8d7cd3dc10] 199.19.213.133 "GET /v2.0/networks/70da58b5-e0f6-4e4f-a961-fa81cc2564da?fields=segments HTTP/1.1" status: 200 len: 212 time: 0.0709207
2026-04-07 01:18:44.961 9 INFO neutron.wsgi [req-8269fe70-cbe4-41ec-8f84-1448496569a9 req-3255517e-1b97-4ff3-a609-4327f1c6f8e5 0af61b1f3a0f4b8396f868ae7c7a61d9 e4f484039e694525971575f21e0e6b00 - - 0041f4aab5cb4ad2b9d4fd8d7cd3dc10 0041f4aab5cb4ad2b9d4fd8d7cd3dc10] 199.19.213.133 "GET /v2.0/networks/70da58b5-e0f6-4e4f-a961-fa81cc2564da?fields=provider%3Aphysical_network&fields=provider%3Anetwork_type HTTP/1.1" status: 200 len: 277 time: 0.0702724
2026-04-07 01:18:44.993 9 INFO neutron.wsgi [None req-df170a57-4092-4293-86ad-d4e72d3a441b 2de2ec4e10b5434699edd7d80aea63a2 376d36ea2fb84aeca058828a48b1fc4b - - - -] 10.0.0.78 "DELETE /v2.0/security-groups/56a6d17a-d339-49c0-9bbf-c9dfdbd0df44 HTTP/1.1" status: 204 len: 168 time: 0.3418093
2026-04-07 01:18:45.002 10 INFO neutron.wsgi [req-0983df01-defe-497b-81dc-1bca9ad7f9da req-13376dab-e91f-4318-9f97-765ee96c55f7 f2ae8420becb4338b5f3f5ab54d9da82 f53361ab75e24ce1a85dd0ead70c1d1a - - default default] 10.0.0.171 "GET /v2.0/ports?device_id=10287dfd-af96-449a-b576-a7ee310ed8b9 HTTP/1.1" status: 200 len: 1174 time: 0.0525637
2026-04-07 01:18:45.020 10 INFO neutron.db.ovn_revision_numbers_db [None req-d973d1cf-d5bc-452b-a482-37fcd50962da - - - - - -] Successfully bumped revision number for resource 671c9c11-0a87-4839-8231-e7f02470456f (type: ports) to 4
2026-04-07 01:18:45.068 10 INFO neutron.wsgi [req-0983df01-defe-497b-81dc-1bca9ad7f9da req-1ac44b87-313f-4cf2-a8f2-02f348a32f9a f2ae8420becb4338b5f3f5ab54d9da82 f53361ab75e24ce1a85dd0ead70c1d1a - - default default] 10.0.0.171 "GET /v2.0/security-groups?id=79f58222-1cb7-4ecf-8a03-0d3529803969&fields=id&fields=name HTTP/1.1" status: 200 len: 313 time: 0.0542994
2026-04-07 01:18:45.746 9 INFO neutron.wsgi [None req-b76d427b-8383-4abc-9f7b-025b7a3c2a00 2de2ec4e10b5434699edd7d80aea63a2 376d36ea2fb84aeca058828a48b1fc4b - - default default] 10.0.0.78 "GET /v2.0/security-groups?tenant_id=0beede6080ab46ddbd743bc0c1251393&name=default HTTP/1.1" status: 200 len: 2996 time: 0.1883035
2026-04-07 01:18:45.944 9 INFO neutron.wsgi [None req-5c58867d-642e-4de4-bbfb-f41fb4ef9ea3 2de2ec4e10b5434699edd7d80aea63a2 376d36ea2fb84aeca058828a48b1fc4b - - - -] 10.0.0.78 "DELETE /v2.0/security-groups/6875ba9f-9e1d-4809-901e-5052f17393f1 HTTP/1.1" status: 204 len: 168 time: 0.1935809 /var/lib/openstack/lib/python3.10/site-packages/pycadf/identifier.py:71: UserWarning: Invalid uuid: neutron. To ensure interoperability, identifiers should be a valid uuid. warnings.warn(('Invalid uuid: %s. To ensure interoperability, '
2026-04-07 01:18:46.231 10 INFO neutron.wsgi [req-2cc308c3-d55e-4452-9c2e-cfb04cce3ddd req-2cb79813-953d-4d84-bedb-bf49a554a376 f2ae8420becb4338b5f3f5ab54d9da82 f53361ab75e24ce1a85dd0ead70c1d1a - - default default] 10.0.0.171 "GET /v2.0/ports?device_id=10287dfd-af96-449a-b576-a7ee310ed8b9 HTTP/1.1" status: 200 len: 1174 time: 0.0586364
2026-04-07 01:18:46.296 10 INFO neutron.wsgi [req-2cc308c3-d55e-4452-9c2e-cfb04cce3ddd req-7dbc885d-ed17-431b-8fb4-6105baa1f22d f2ae8420becb4338b5f3f5ab54d9da82 f53361ab75e24ce1a85dd0ead70c1d1a - - default default] 10.0.0.171 "GET /v2.0/security-groups?id=79f58222-1cb7-4ecf-8a03-0d3529803969&fields=id&fields=name HTTP/1.1" status: 200 len: 313 time: 0.0548925
2026-04-07 01:18:46.342 10 INFO neutron.db.ovn_revision_numbers_db [None req-9b901935-ebb9-40bc-a11c-c8e2527e71bc 2de2ec4e10b5434699edd7d80aea63a2 376d36ea2fb84aeca058828a48b1fc4b - - default default] Successfully bumped revision number for resource 789dbb15-2e4a-40d8-af45-23b4a56bb9d6 (type: security_groups) to 1
2026-04-07 01:18:46.370 10 INFO neutron.wsgi [None req-9b901935-ebb9-40bc-a11c-c8e2527e71bc 2de2ec4e10b5434699edd7d80aea63a2 376d36ea2fb84aeca058828a48b1fc4b - - default default] 10.0.0.78 "GET /v2.0/security-groups?tenant_id=3bcc6ad4b7bf4db1bea33d734d86bb59&name=default HTTP/1.1" status: 200 len: 2996 time: 0.2368081
2026-04-07 01:18:46.436 9 INFO neutron.wsgi [req-e76961fa-59f9-4595-9f10-2da950d77c4f req-e70002fe-87f2-4bab-a29f-9320a897d6c0 f2ae8420becb4338b5f3f5ab54d9da82 f53361ab75e24ce1a85dd0ead70c1d1a - - default default] 10.0.0.171 "GET /v2.0/ports?device_id=10287dfd-af96-449a-b576-a7ee310ed8b9 HTTP/1.1" status: 200 len: 1174 time: 0.0588369
2026-04-07 01:18:46.513 9 INFO neutron.wsgi [req-e76961fa-59f9-4595-9f10-2da950d77c4f req-862c8b72-bfc8-4d7e-a8ba-557efbe58196 f2ae8420becb4338b5f3f5ab54d9da82 f53361ab75e24ce1a85dd0ead70c1d1a - - default default] 10.0.0.171 "GET /v2.0/security-groups?id=79f58222-1cb7-4ecf-8a03-0d3529803969&fields=id&fields=name HTTP/1.1" status: 200 len: 313 time: 0.0571382
2026-04-07 01:18:46.581 9 INFO neutron.wsgi [None req-16a4becb-a249-43a7-accd-9afbc5a5ab08 807245f2d818405ba91438cab6b04b98 36e7a33de47c4605a77fcb07d2882929 - - default default] 10.0.0.78 "GET /v2.0/ports?device_id=10287dfd-af96-449a-b576-a7ee310ed8b9 HTTP/1.1" status: 200 len: 1360 time: 0.0423141
2026-04-07 01:18:46.619 10 INFO neutron.wsgi [None req-0225b6ac-ac1c-4e56-8602-9ba236a37a94 2de2ec4e10b5434699edd7d80aea63a2 376d36ea2fb84aeca058828a48b1fc4b - - - -] 10.0.0.78 "DELETE /v2.0/security-groups/789dbb15-2e4a-40d8-af45-23b4a56bb9d6 HTTP/1.1" status: 204 len: 168 time: 0.2437873
2026-04-07 01:18:46.872 10 INFO neutron.db.l3_db [None req-a9f5b445-2dce-4dad-b836-23daeb327a6b f2ae8420becb4338b5f3f5ab54d9da82 f53361ab75e24ce1a85dd0ead70c1d1a - - - -] Floating IP 437d3df4-04af-4c2f-ba96-f73634fa3ec9 associated. External IP: 10.96.250.219, port: 671c9c11-0a87-4839-8231-e7f02470456f.
2026-04-07 01:18:46.904 10 INFO neutron.notifiers.nova [-] Nova event matching ['req-8f9d4e29-3882-4eaf-bcfb-3ce9dddbb098'] response: {'server_uuid': '10287dfd-af96-449a-b576-a7ee310ed8b9', 'name': 'network-vif-plugged', 'status': 'completed', 'tag': '671c9c11-0a87-4839-8231-e7f02470456f', 'code': 200}
2026-04-07 01:18:47.361 10 INFO neutron.wsgi [req-a9a36e84-c8e0-40b6-abea-7df1f3628c67 req-97a0a5ed-c626-44f6-b3ef-6bde408c9f18 0af61b1f3a0f4b8396f868ae7c7a61d9 e4f484039e694525971575f21e0e6b00 - - 0041f4aab5cb4ad2b9d4fd8d7cd3dc10 0041f4aab5cb4ad2b9d4fd8d7cd3dc10] 10.0.0.88 "GET /v2.0/ports?device_id=1b470d9a-111c-40e4-825c-92a344440b22 HTTP/1.1" status: 200 len: 1590 time: 0.0310180
2026-04-07 01:18:47.421 10 INFO neutron.wsgi [req-a9a36e84-c8e0-40b6-abea-7df1f3628c67 req-12aeb0cb-b529-4131-b142-beadf3d33cb9 0af61b1f3a0f4b8396f868ae7c7a61d9 e4f484039e694525971575f21e0e6b00 - - 0041f4aab5cb4ad2b9d4fd8d7cd3dc10 0041f4aab5cb4ad2b9d4fd8d7cd3dc10] 10.0.0.88 "GET /v2.0/security-groups?id=8ca5b6c9-f503-43bc-8256-2ad700120a57&fields=id&fields=name HTTP/1.1" status: 200 len: 309 time: 0.0505409
2026-04-07 01:18:47.424 10 INFO neutron.db.ovn_revision_numbers_db [None req-a9f5b445-2dce-4dad-b836-23daeb327a6b f2ae8420becb4338b5f3f5ab54d9da82 f53361ab75e24ce1a85dd0ead70c1d1a - - - -] Successfully bumped revision number for resource 437d3df4-04af-4c2f-ba96-f73634fa3ec9 (type: floatingips) to 4
2026-04-07 01:18:47.523 10 INFO neutron.db.ovn_revision_numbers_db [None req-a9f5b445-2dce-4dad-b836-23daeb327a6b f2ae8420becb4338b5f3f5ab54d9da82 f53361ab75e24ce1a85dd0ead70c1d1a - - - -] Successfully bumped revision number for resource 437d3df4-04af-4c2f-ba96-f73634fa3ec9 (type: floatingips) to 5
2026-04-07 01:18:47.550 10 INFO neutron.wsgi [None req-a9f5b445-2dce-4dad-b836-23daeb327a6b f2ae8420becb4338b5f3f5ab54d9da82 f53361ab75e24ce1a85dd0ead70c1d1a - - - -] 10.0.0.78 "PUT /v2.0/floatingips/437d3df4-04af-4c2f-ba96-f73634fa3ec9 HTTP/1.1" status: 200 len: 1050 time: 0.9634564
2026-04-07 01:18:47.598 10 INFO neutron.wsgi [None req-cc85c494-d3be-46ae-a939-47fa01e930dd f2ae8420becb4338b5f3f5ab54d9da82 f53361ab75e24ce1a85dd0ead70c1d1a - - default default] 10.0.0.78 "GET /v2.0/floatingips/437d3df4-04af-4c2f-ba96-f73634fa3ec9 HTTP/1.1" status: 200 len: 1052 time: 0.0432162
2026-04-07 01:18:48.943 10 INFO neutron.notifiers.nova [-] Nova event matching ['req-81ee67b2-445a-4bd7-86b2-6a69806ae8e8'] response: {'name': 'network-changed', 'server_uuid': '10287dfd-af96-449a-b576-a7ee310ed8b9', 'tag': '671c9c11-0a87-4839-8231-e7f02470456f', 'status': 'completed', 'code': 200} /var/lib/openstack/lib/python3.10/site-packages/pycadf/identifier.py:71: UserWarning: Invalid uuid: neutron. To ensure interoperability, identifiers should be a valid uuid. warnings.warn(('Invalid uuid: %s. To ensure interoperability, '
2026-04-07 01:18:49.024 9 INFO neutron.wsgi [req-acc3d409-d897-4145-820f-a8303b3eaf88 req-fba1c5a4-c3ed-4bf9-939e-231f28c3ed1b 0af61b1f3a0f4b8396f868ae7c7a61d9 e4f484039e694525971575f21e0e6b00 - - 0041f4aab5cb4ad2b9d4fd8d7cd3dc10 0041f4aab5cb4ad2b9d4fd8d7cd3dc10] 199.19.213.133 "GET /v2.0/ports?tenant_id=f53361ab75e24ce1a85dd0ead70c1d1a&device_id=10287dfd-af96-449a-b576-a7ee310ed8b9 HTTP/1.1" status: 200 len: 1365 time: 0.0364418
2026-04-07 01:18:49.102 9 INFO neutron.wsgi [req-acc3d409-d897-4145-820f-a8303b3eaf88 req-b47fca9c-7478-4c16-9579-9c9aada30e69 0af61b1f3a0f4b8396f868ae7c7a61d9 e4f484039e694525971575f21e0e6b00 - - 0041f4aab5cb4ad2b9d4fd8d7cd3dc10 0041f4aab5cb4ad2b9d4fd8d7cd3dc10] 199.19.213.133 "GET /v2.0/networks?id=70da58b5-e0f6-4e4f-a961-fa81cc2564da HTTP/1.1" status: 200 len: 958 time: 0.0701840
2026-04-07 01:18:49.151 9 INFO neutron.wsgi [req-acc3d409-d897-4145-820f-a8303b3eaf88 req-6f8f928c-deeb-4e31-b980-d0a31c1e1e94 0af61b1f3a0f4b8396f868ae7c7a61d9 e4f484039e694525971575f21e0e6b00 - - 0041f4aab5cb4ad2b9d4fd8d7cd3dc10 0041f4aab5cb4ad2b9d4fd8d7cd3dc10] 199.19.213.133 "GET /v2.0/floatingips?fixed_ip_address=10.100.0.13&port_id=671c9c11-0a87-4839-8231-e7f02470456f HTTP/1.1" status: 200 len: 1060 time: 0.0413988
2026-04-07 01:18:49.192 9 INFO neutron.wsgi [req-acc3d409-d897-4145-820f-a8303b3eaf88 req-a07a9960-48e8-4cde-9e60-e61a1b6b65f8 0af61b1f3a0f4b8396f868ae7c7a61d9 e4f484039e694525971575f21e0e6b00 - - 0041f4aab5cb4ad2b9d4fd8d7cd3dc10 0041f4aab5cb4ad2b9d4fd8d7cd3dc10] 199.19.213.133 "GET /v2.0/subnets?id=617e90f7-1600-4717-8958-1b7a7e7a5a79 HTTP/1.1" status: 200 len: 852 time: 0.0308890
2026-04-07 01:18:49.220 9 INFO neutron.wsgi [req-acc3d409-d897-4145-820f-a8303b3eaf88 req-0215692a-0190-4840-83c7-165fa3226a94 0af61b1f3a0f4b8396f868ae7c7a61d9 e4f484039e694525971575f21e0e6b00 - - 0041f4aab5cb4ad2b9d4fd8d7cd3dc10 0041f4aab5cb4ad2b9d4fd8d7cd3dc10] 199.19.213.133 "GET /v2.0/ports?network_id=70da58b5-e0f6-4e4f-a961-fa81cc2564da&device_owner=network%3Adhcp HTTP/1.1" status: 200 len: 210 time: 0.0239406
2026-04-07 01:18:49.316 9 INFO neutron.wsgi [req-acc3d409-d897-4145-820f-a8303b3eaf88 req-62fc0394-4677-4bb1-acb3-67f32cf7d382 0af61b1f3a0f4b8396f868ae7c7a61d9 e4f484039e694525971575f21e0e6b00 - - 0041f4aab5cb4ad2b9d4fd8d7cd3dc10 0041f4aab5cb4ad2b9d4fd8d7cd3dc10] 199.19.213.133 "GET /v2.0/networks/70da58b5-e0f6-4e4f-a961-fa81cc2564da?fields=segments HTTP/1.1" status: 200 len: 212 time: 0.0891213
2026-04-07 01:18:49.421 9 INFO neutron.wsgi [req-acc3d409-d897-4145-820f-a8303b3eaf88 req-0c9b9c80-a1d3-444c-af65-2702ccf1b0e7 0af61b1f3a0f4b8396f868ae7c7a61d9 e4f484039e694525971575f21e0e6b00 - - 0041f4aab5cb4ad2b9d4fd8d7cd3dc10 0041f4aab5cb4ad2b9d4fd8d7cd3dc10] 199.19.213.133 "GET /v2.0/networks/70da58b5-e0f6-4e4f-a961-fa81cc2564da?fields=provider%3Aphysical_network&fields=provider%3Anetwork_type HTTP/1.1" status: 200 len: 277 time: 0.0957711
2026-04-07 01:18:50.927 9 INFO neutron.wsgi [None req-89c5258d-4965-4f26-87ec-d190624531e3 c9cfd97b0c9242ec8e82ff53e21b8259 39209afac56843da8f41879aa08647d0 - - default default] 10.0.0.78 "GET /v2.0/subnets/3a5442fe-b459-44cf-8c69-2bfbfbce9a03 HTTP/1.1" status: 200 len: 846 time: 0.0413001
2026-04-07 01:18:51.638 9 INFO neutron.wsgi [None req-c9c1a505-48e6-4838-8c6b-e9a91929f2b6 2de2ec4e10b5434699edd7d80aea63a2 376d36ea2fb84aeca058828a48b1fc4b - - default default] 10.0.0.123 "GET /v2.0/extensions/security-group HTTP/1.1" status: 200 len: 369 time: 0.1808255
2026-04-07 01:18:51.651 9 INFO neutron.wsgi [None req-2d1a3acd-f5ec-4e88-954a-044500be36b6 2de2ec4e10b5434699edd7d80aea63a2 376d36ea2fb84aeca058828a48b1fc4b - - default default] 10.0.0.123 "GET /v2.0/extensions/dns-integration HTTP/1.1" status: 200 len: 371 time: 0.0054486
2026-04-07 01:18:51.659 9 INFO neutron.wsgi [None req-041aa796-78dc-4b16-b3e1-0f16cc305e2d 2de2ec4e10b5434699edd7d80aea63a2 376d36ea2fb84aeca058828a48b1fc4b - - default default] 10.0.0.123 "GET /v2.0/extensions/qos HTTP/1.1" status: 200 len: 365 time: 0.0049546
2026-04-07 01:18:51.672 9 INFO neutron.wsgi [None req-2fc51642-7f4c-4947-a5f7-6fb8c7ef8b81 2de2ec4e10b5434699edd7d80aea63a2 376d36ea2fb84aeca058828a48b1fc4b - - default default] 10.0.0.123 "GET /v2.0/extensions/allowed-address-pairs HTTP/1.1" status: 200 len: 383 time: 0.0068924
2026-04-07 01:18:52.140 9 INFO neutron.wsgi [-] 10.0.0.123 "GET / HTTP/1.1" status: 200 len: 284 time: 0.0034199
2026-04-07 01:18:52.188 9 INFO neutron.wsgi [None req-42b2ba5a-75e1-4966-bcf0-2d1d22c0e96c 2694feadad9a4221b86711f9c377bf8c 84236631f02f428ca66ff0a22b82b7ca - - default default] 10.0.0.123 "GET /v2.0/subnets/3a5442fe-b459-44cf-8c69-2bfbfbce9a03 HTTP/1.1" status: 200 len: 833 time: 0.0409966
2026-04-07 01:18:52.203 9 INFO neutron.wsgi [None req-7058af76-5710-420b-8fb4-439a7771174e 2de2ec4e10b5434699edd7d80aea63a2 376d36ea2fb84aeca058828a48b1fc4b - - default default] 10.0.0.123 "GET /v2.0/extensions/security-group HTTP/1.1" status: 200 len: 369 time: 0.0054903
2026-04-07 01:18:52.218 9 INFO neutron.wsgi [None req-0d5e0673-709d-4259-9c39-6ef52c91d941 2de2ec4e10b5434699edd7d80aea63a2 376d36ea2fb84aeca058828a48b1fc4b - - default default] 10.0.0.123 "GET /v2.0/extensions/dns-integration HTTP/1.1" status: 200 len: 371 time: 0.0076396
2026-04-07 01:18:52.233 9 INFO neutron.wsgi [None req-d1f9cab1-9f94-4498-9ffe-c0946c16d65f 2de2ec4e10b5434699edd7d80aea63a2 376d36ea2fb84aeca058828a48b1fc4b - - default default] 10.0.0.123 "GET /v2.0/extensions/qos HTTP/1.1" status: 200 len: 365 time: 0.0095232
2026-04-07 01:18:52.256 9 INFO neutron.wsgi [None req-5c99d2c0-08a3-46d5-acbe-c01c55be0a59 2de2ec4e10b5434699edd7d80aea63a2 376d36ea2fb84aeca058828a48b1fc4b - - default default] 10.0.0.123 "GET /v2.0/extensions/allowed-address-pairs HTTP/1.1" status: 200 len: 383 time: 0.0044749
2026-04-07 01:18:52.298 9 INFO neutron.wsgi [None req-0f724819-e49d-4070-b7cd-4b1f441dcf4a 2de2ec4e10b5434699edd7d80aea63a2 376d36ea2fb84aeca058828a48b1fc4b - - default default] 10.0.0.123 "GET /v2.0/subnets/3a5442fe-b459-44cf-8c69-2bfbfbce9a03 HTTP/1.1" status: 200 len: 851 time: 0.0338113
2026-04-07 01:18:52.516 9 INFO neutron.wsgi [None req-32458d0f-91c3-4d7a-ae80-1e2844163464 2de2ec4e10b5434699edd7d80aea63a2 376d36ea2fb84aeca058828a48b1fc4b - - default default] 10.0.0.123 "GET /v2.0/extensions/security-group HTTP/1.1" status: 200 len: 369 time: 0.0066743
2026-04-07 01:18:52.530 9 INFO neutron.wsgi [None req-7c125765-4d92-44e7-a5d5-08e620942750 2de2ec4e10b5434699edd7d80aea63a2 376d36ea2fb84aeca058828a48b1fc4b - - default default] 10.0.0.123 "GET /v2.0/extensions/dns-integration HTTP/1.1" status: 200 len: 371 time: 0.0051267
2026-04-07 01:18:52.543 9 INFO neutron.wsgi [None req-a32b501b-4667-4849-94e7-d54f838ff518 2de2ec4e10b5434699edd7d80aea63a2 376d36ea2fb84aeca058828a48b1fc4b - - default default] 10.0.0.123 "GET /v2.0/extensions/qos HTTP/1.1" status: 200 len: 365 time: 0.0086029
2026-04-07 01:18:52.560 9 INFO neutron.wsgi [None req-81aacc7c-c5c1-4bb7-a83a-aefa9a92c83b 2de2ec4e10b5434699edd7d80aea63a2 376d36ea2fb84aeca058828a48b1fc4b - - default default] 10.0.0.123 "GET /v2.0/extensions/allowed-address-pairs HTTP/1.1" status: 200 len: 383 time: 0.0081596
2026-04-07 01:18:52.634 9 INFO neutron.wsgi [None req-493b51b6-08bd-4efe-9f88-e55adfd83ded 2de2ec4e10b5434699edd7d80aea63a2 376d36ea2fb84aeca058828a48b1fc4b - - default default] 10.0.0.123 "GET /v2.0/networks/634b6ed5-5e4c-499d-8943-dc279aa2f301 HTTP/1.1" status: 200 len: 1001 time: 0.0656693
2026-04-07 01:18:52.647 9 INFO neutron.wsgi [None req-5d78fa28-6dba-4f7d-b10b-678beffb40ad 2de2ec4e10b5434699edd7d80aea63a2 376d36ea2fb84aeca058828a48b1fc4b - - default default] 10.0.0.123 "GET /v2.0/extensions/project-id HTTP/1.1" status: 200 len: 403 time: 0.0053833
2026-04-07 01:18:52.913 9 WARNING neutron.scheduler.dhcp_agent_scheduler [None req-d90c94af-27c7-4202-9ba6-b71b006bd757 2de2ec4e10b5434699edd7d80aea63a2 376d36ea2fb84aeca058828a48b1fc4b - - - -] No more DHCP agents
2026-04-07 01:18:52.914 9 WARNING neutron.api.rpc.agentnotifiers.dhcp_rpc_agent_api [None req-d90c94af-27c7-4202-9ba6-b71b006bd757 2de2ec4e10b5434699edd7d80aea63a2 376d36ea2fb84aeca058828a48b1fc4b - - - -] Unable to schedule network 634b6ed5-5e4c-499d-8943-dc279aa2f301: no agents available; will retry on subsequent port and subnet creation events.
2026-04-07 01:18:53.049 9 INFO neutron.db.ovn_revision_numbers_db [None req-d90c94af-27c7-4202-9ba6-b71b006bd757 2de2ec4e10b5434699edd7d80aea63a2 376d36ea2fb84aeca058828a48b1fc4b - - - -] Successfully bumped revision number for resource 8731476a-cf14-40c7-8859-f8b341ebe32f (type: ports) to 1
2026-04-07 01:18:53.068 9 INFO neutron.wsgi [None req-d90c94af-27c7-4202-9ba6-b71b006bd757 2de2ec4e10b5434699edd7d80aea63a2 376d36ea2fb84aeca058828a48b1fc4b - - - -] 10.0.0.123 "POST /v2.0/ports HTTP/1.1" status: 201 len: 1337 time: 0.4172282
2026-04-07 01:18:54.412 10 INFO neutron.wsgi [None req-c0de321e-10f7-4e17-b58d-9ecc0ec0c9cc 2de2ec4e10b5434699edd7d80aea63a2 376d36ea2fb84aeca058828a48b1fc4b - - default default] 199.19.213.133 "GET /v2.0/extensions/security-group HTTP/1.1" status: 200 len: 369 time: 0.0524752
2026-04-07 01:18:54.424 10 INFO neutron.wsgi [None req-42a75a6c-376d-4966-93c6-f20b8e7b0a6a 2de2ec4e10b5434699edd7d80aea63a2 376d36ea2fb84aeca058828a48b1fc4b - - default default] 199.19.213.133 "GET /v2.0/extensions/dns-integration HTTP/1.1" status: 200 len: 371 time: 0.0049248
2026-04-07 01:18:54.433 10 INFO neutron.wsgi [None req-cc0ea4ef-8c4e-4fa6-8384-e8197d72fa75 2de2ec4e10b5434699edd7d80aea63a2 376d36ea2fb84aeca058828a48b1fc4b - - default default] 199.19.213.133 "GET /v2.0/extensions/qos HTTP/1.1" status: 200 len: 365 time: 0.0051091
2026-04-07 01:18:54.442 10 INFO neutron.wsgi [None req-e51927e4-f0ef-404a-a369-125709b2d24a 2de2ec4e10b5434699edd7d80aea63a2 376d36ea2fb84aeca058828a48b1fc4b - - default default] 199.19.213.133 "GET /v2.0/extensions/allowed-address-pairs HTTP/1.1" status: 200 len: 383 time: 0.0045524
2026-04-07 01:18:54.480 10 INFO neutron.wsgi [None req-3ffe44aa-e4a9-4f0c-bbe4-612a9a1f711f 2de2ec4e10b5434699edd7d80aea63a2 376d36ea2fb84aeca058828a48b1fc4b - - default default] 199.19.213.133 "GET /v2.0/ports/8731476a-cf14-40c7-8859-f8b341ebe32f HTTP/1.1" status: 200 len: 1332 time: 0.0319383
2026-04-07 01:18:54.581 10 INFO neutron.wsgi [None req-cef0c1aa-0a1d-4a02-8b79-74d1b46543f7 2de2ec4e10b5434699edd7d80aea63a2 376d36ea2fb84aeca058828a48b1fc4b - - default default] 199.19.213.133 "GET /v2.0/extensions/security-group HTTP/1.1" status: 200 len: 369 time: 0.0076559
