2026-04-07 01:17:31.543 9 INFO neutron.notifiers.nova [-] Nova event matching ['req-bcae598b-8bfb-4be5-92f4-51f24145b8d6'] response: {'name': 'network-changed', 'server_uuid': '9e7bea7e-226e-4b2a-988f-7ab59e3fce76', 'tag': '34a9d0b0-e02a-4b7c-9de1-dc93431033ab', 'status': 'completed', 'code': 200}
2026-04-07 01:17:31.561 10 INFO neutron.wsgi [req-d841e6ee-a4bf-492b-8094-5439ad95b4a7 req-a930c9c1-88e7-42b3-876a-5b0502090719 ebe6d569ea3d4f2b834821297430bb65 33f14bb57dc0414cbbc120d11fa06335 - - default default] 10.0.0.171 "GET /v2.0/security-groups?id=9452e881-adef-48a0-9e6d-652142b045b4&id=2d59925d-d3aa-49c4-85fc-c35aafeeda90&fields=id&fields=name HTTP/1.1" status: 200 len: 405 time: 0.0740981
2026-04-07 01:17:31.564 9 INFO neutron.wsgi [req-f3849005-467b-4387-a490-33c85a5ab233 req-7af15363-249e-4c68-b9ae-44fae51e961b 0af61b1f3a0f4b8396f868ae7c7a61d9 e4f484039e694525971575f21e0e6b00 - - 0041f4aab5cb4ad2b9d4fd8d7cd3dc10 0041f4aab5cb4ad2b9d4fd8d7cd3dc10] 199.19.213.133 "GET /v2.0/ports?tenant_id=33f14bb57dc0414cbbc120d11fa06335&device_id=9e7bea7e-226e-4b2a-988f-7ab59e3fce76 HTTP/1.1" status: 200 len: 1398 time: 0.0322354
2026-04-07 01:17:31.602 9 INFO neutron.wsgi [req-f3849005-467b-4387-a490-33c85a5ab233 req-0d6794e8-0087-4b7b-885b-b481c9f6b4a3 0af61b1f3a0f4b8396f868ae7c7a61d9 e4f484039e694525971575f21e0e6b00 - - 0041f4aab5cb4ad2b9d4fd8d7cd3dc10 0041f4aab5cb4ad2b9d4fd8d7cd3dc10] 199.19.213.133 "GET /v2.0/floatingips?fixed_ip_address=10.100.0.3&port_id=34a9d0b0-e02a-4b7c-9de1-dc93431033ab HTTP/1.1" status: 200 len: 217 time: 0.0290489
2026-04-07 01:17:31.644 9 INFO neutron.wsgi [req-f3849005-467b-4387-a490-33c85a5ab233 req-4aea2e3e-97b1-48d8-9f9f-2c0ffb259a30 0af61b1f3a0f4b8396f868ae7c7a61d9 e4f484039e694525971575f21e0e6b00 - - 0041f4aab5cb4ad2b9d4fd8d7cd3dc10 0041f4aab5cb4ad2b9d4fd8d7cd3dc10] 199.19.213.133 "GET /v2.0/subnets?id=efc4fdb2-89b1-4280-bc9b-b9bdaf1acfa5 HTTP/1.1" status: 200 len: 865 time: 0.0339215
2026-04-07 01:17:31.675 9 INFO neutron.wsgi [req-f3849005-467b-4387-a490-33c85a5ab233 req-d04c7701-b3a6-46e0-b82d-23cb225dc725 0af61b1f3a0f4b8396f868ae7c7a61d9 e4f484039e694525971575f21e0e6b00 - - 0041f4aab5cb4ad2b9d4fd8d7cd3dc10 0041f4aab5cb4ad2b9d4fd8d7cd3dc10] 199.19.213.133 "GET /v2.0/ports?network_id=a7a4e2a2-04cc-439a-9869-fa7fb064264c&device_owner=network%3Adhcp HTTP/1.1" status: 200 len: 210 time: 0.0237033
2026-04-07 01:17:31.729 10 INFO neutron.wsgi [None req-72f44b69-17c6-45d1-8d25-96498bdd18fb e28d91eeda564b7e9c95d723d251ce02 443dfa9cc1ee461a931975bea200f265 - - - -] 10.0.0.78 "DELETE /v2.0/subnets/42aff1ea-801f-4770-a858-11b0a4d44cf3 HTTP/1.1" status: 204 len: 168 time: 0.2308807
2026-04-07 01:17:31.749 9 INFO neutron.wsgi [req-f3849005-467b-4387-a490-33c85a5ab233 req-264c8667-6eff-4ba5-91d4-aa271f78c481 0af61b1f3a0f4b8396f868ae7c7a61d9 e4f484039e694525971575f21e0e6b00 - - 0041f4aab5cb4ad2b9d4fd8d7cd3dc10 0041f4aab5cb4ad2b9d4fd8d7cd3dc10] 199.19.213.133 "GET /v2.0/networks/a7a4e2a2-04cc-439a-9869-fa7fb064264c?fields=segments HTTP/1.1" status: 200 len: 212 time: 0.0652254
2026-04-07 01:17:31.810 9 INFO neutron.wsgi [req-f3849005-467b-4387-a490-33c85a5ab233 req-6fbff678-77de-462e-9117-92359c155e0c 0af61b1f3a0f4b8396f868ae7c7a61d9 e4f484039e694525971575f21e0e6b00 - - 0041f4aab5cb4ad2b9d4fd8d7cd3dc10 0041f4aab5cb4ad2b9d4fd8d7cd3dc10] 199.19.213.133 "GET /v2.0/networks/a7a4e2a2-04cc-439a-9869-fa7fb064264c?fields=provider%3Aphysical_network&fields=provider%3Anetwork_type HTTP/1.1" status: 200 len: 277 time: 0.0559976
2026-04-07 01:17:31.899 9 INFO neutron.wsgi [req-e244290e-c86d-477d-a1cf-16af134a438b req-4917d026-da40-4e37-a0f0-052a939c52b1 0af61b1f3a0f4b8396f868ae7c7a61d9 e4f484039e694525971575f21e0e6b00 - - 0041f4aab5cb4ad2b9d4fd8d7cd3dc10 0041f4aab5cb4ad2b9d4fd8d7cd3dc10] 199.19.213.133 "GET /v2.0/ports?tenant_id=33f14bb57dc0414cbbc120d11fa06335&device_id=9e7bea7e-226e-4b2a-988f-7ab59e3fce76 HTTP/1.1" status: 200 len: 1398 time: 0.0398889
2026-04-07 01:17:31.972 9 INFO neutron.wsgi [req-e244290e-c86d-477d-a1cf-16af134a438b req-2021993f-1901-4d3e-814a-91d325dbc8a6 0af61b1f3a0f4b8396f868ae7c7a61d9 e4f484039e694525971575f21e0e6b00 - - 0041f4aab5cb4ad2b9d4fd8d7cd3dc10 0041f4aab5cb4ad2b9d4fd8d7cd3dc10] 199.19.213.133 "GET /v2.0/networks?id=a7a4e2a2-04cc-439a-9869-fa7fb064264c HTTP/1.1" status: 200 len: 970 time: 0.0598967
2026-04-07 01:17:32.011 9 INFO neutron.wsgi [req-e244290e-c86d-477d-a1cf-16af134a438b req-f89597cc-291b-4670-b229-0d3243fe2f04 0af61b1f3a0f4b8396f868ae7c7a61d9 e4f484039e694525971575f21e0e6b00 - - 0041f4aab5cb4ad2b9d4fd8d7cd3dc10 0041f4aab5cb4ad2b9d4fd8d7cd3dc10] 199.19.213.133 "GET /v2.0/floatingips?fixed_ip_address=10.100.0.3&port_id=34a9d0b0-e02a-4b7c-9de1-dc93431033ab HTTP/1.1" status: 200 len: 217 time: 0.0304880
2026-04-07 01:17:32.031 9 INFO neutron.wsgi [req-30b1c381-e13c-4725-9918-57352080b167 req-4e3a6d3a-3fb5-436f-bfa0-fd2d4596c1a4 0af61b1f3a0f4b8396f868ae7c7a61d9 e4f484039e694525971575f21e0e6b00 - - 0041f4aab5cb4ad2b9d4fd8d7cd3dc10 0041f4aab5cb4ad2b9d4fd8d7cd3dc10] 199.19.213.133 "GET /v2.0/ports?device_id=9e7bea7e-226e-4b2a-988f-7ab59e3fce76 HTTP/1.1" status: 200 len: 1398 time: 0.0584242
2026-04-07 01:17:32.059 9 INFO neutron.wsgi [req-e244290e-c86d-477d-a1cf-16af134a438b req-496066e1-992e-487c-83e9-daf6c920fa50 0af61b1f3a0f4b8396f868ae7c7a61d9 e4f484039e694525971575f21e0e6b00 - - 0041f4aab5cb4ad2b9d4fd8d7cd3dc10 0041f4aab5cb4ad2b9d4fd8d7cd3dc10] 199.19.213.133 "GET /v2.0/subnets?id=efc4fdb2-89b1-4280-bc9b-b9bdaf1acfa5 HTTP/1.1" status: 200 len: 865 time: 0.0433710
2026-04-07 01:17:32.089 9 INFO neutron.wsgi [req-e244290e-c86d-477d-a1cf-16af134a438b req-ec300d1a-9329-4081-880c-05dd239f54b1 0af61b1f3a0f4b8396f868ae7c7a61d9 e4f484039e694525971575f21e0e6b00 - - 0041f4aab5cb4ad2b9d4fd8d7cd3dc10 0041f4aab5cb4ad2b9d4fd8d7cd3dc10] 199.19.213.133 "GET /v2.0/ports?network_id=a7a4e2a2-04cc-439a-9869-fa7fb064264c&device_owner=network%3Adhcp HTTP/1.1" status: 200 len: 210 time: 0.0242090
2026-04-07 01:17:32.105 9 INFO neutron.wsgi [req-30b1c381-e13c-4725-9918-57352080b167 req-2c060b1a-7aab-4f33-b2ab-df90138e6ed3 0af61b1f3a0f4b8396f868ae7c7a61d9 e4f484039e694525971575f21e0e6b00 - - 0041f4aab5cb4ad2b9d4fd8d7cd3dc10 0041f4aab5cb4ad2b9d4fd8d7cd3dc10] 199.19.213.133 "GET /v2.0/security-groups?id=2d59925d-d3aa-49c4-85fc-c35aafeeda90&id=9452e881-adef-48a0-9e6d-652142b045b4&fields=id&fields=name HTTP/1.1" status: 200 len: 405 time: 0.0658755
2026-04-07 01:17:32.145 10 INFO neutron.services.segments.plugin [-] Segment a373a5b0-ffb3-4903-aaff-2cf6a19ec777 resource provider aggregate not found
2026-04-07 01:17:32.149 10 INFO neutron.services.segments.plugin [-] Segment a373a5b0-ffb3-4903-aaff-2cf6a19ec777 resource provider aggregate not found
2026-04-07 01:17:32.171 10 INFO neutron.services.segments.plugin [-] Segment a373a5b0-ffb3-4903-aaff-2cf6a19ec777 resource provider not found; error: Placement Client Error (4xx): {"errors": [{"status": 404, "title": "Not Found", "detail": "The resource could not be found.\n\n No resource provider with uuid a373a5b0-ffb3-4903-aaff-2cf6a19ec777 found for delete ", "request_id": "req-47b96767-3442-45b1-ae06-227042c426b5"}]}
2026-04-07 01:17:32.173 10 INFO neutron.services.segments.plugin [-] Segment a373a5b0-ffb3-4903-aaff-2cf6a19ec777 resource provider not found; error: Placement Client Error (4xx): {"errors": [{"status": 404, "title": "Not Found", "detail": "The resource could not be found.\n\n No resource provider with uuid a373a5b0-ffb3-4903-aaff-2cf6a19ec777 found for delete ", "request_id": "req-6c4d53b5-43ae-4480-8be6-ecddd91928c7"}]}
2026-04-07 01:17:32.178 9 INFO neutron.wsgi [req-e244290e-c86d-477d-a1cf-16af134a438b req-9fa29537-6b43-4038-a96f-56f9c77154a5 0af61b1f3a0f4b8396f868ae7c7a61d9 e4f484039e694525971575f21e0e6b00 - - 0041f4aab5cb4ad2b9d4fd8d7cd3dc10 0041f4aab5cb4ad2b9d4fd8d7cd3dc10] 199.19.213.133 "GET /v2.0/networks/a7a4e2a2-04cc-439a-9869-fa7fb064264c?fields=segments HTTP/1.1" status: 200 len: 212 time: 0.0816092
2026-04-07 01:17:32.198 10 INFO neutron.wsgi [None req-042241c9-7bde-4696-9709-c3153ec76376 e28d91eeda564b7e9c95d723d251ce02 443dfa9cc1ee461a931975bea200f265 - - - -] 10.0.0.78 "DELETE /v2.0/networks/78a3459d-5f06-4b1a-a637-1ef44cb5f033 HTTP/1.1" status: 204 len: 168 time: 0.4623804
2026-04-07 01:17:32.260 9 INFO neutron.wsgi [req-e244290e-c86d-477d-a1cf-16af134a438b req-48549edf-f62b-488f-a7b2-f38c9fb298f7 0af61b1f3a0f4b8396f868ae7c7a61d9 e4f484039e694525971575f21e0e6b00 - - 0041f4aab5cb4ad2b9d4fd8d7cd3dc10 0041f4aab5cb4ad2b9d4fd8d7cd3dc10] 199.19.213.133 "GET /v2.0/networks/a7a4e2a2-04cc-439a-9869-fa7fb064264c?fields=provider%3Aphysical_network&fields=provider%3Anetwork_type HTTP/1.1" status: 200 len: 277 time: 0.0712638
2026-04-07 01:17:32.680 10 INFO neutron.wsgi [None req-b7257ec1-9fe8-45a1-9fc0-7b17e191e13e e28d91eeda564b7e9c95d723d251ce02 443dfa9cc1ee461a931975bea200f265 - - - -] 10.0.0.78 "DELETE /v2.0/networks/fcdd7d00-54f5-47cb-b30d-24564c844c0e HTTP/1.1" status: 204 len: 168 time: 0.4722321
2026-04-07 01:17:32.713 9 INFO neutron.wsgi [req-3b8d8186-78f3-415c-8a04-a3fcc3efd50a req-3adea1fb-0c12-4820-b3e7-0612091a0661 ebe6d569ea3d4f2b834821297430bb65 33f14bb57dc0414cbbc120d11fa06335 - - default default] 10.0.0.171 "GET /v2.0/ports?device_id=9e7bea7e-226e-4b2a-988f-7ab59e3fce76 HTTP/1.1" status: 200 len: 1208 time: 0.0669177
2026-04-07 01:17:32.765 9 INFO neutron.wsgi [req-3b8d8186-78f3-415c-8a04-a3fcc3efd50a req-fc596ae4-1009-4613-bdb0-2e8150a670d0 ebe6d569ea3d4f2b834821297430bb65 33f14bb57dc0414cbbc120d11fa06335 - - default default] 10.0.0.171 "GET /v2.0/security-groups?id=9452e881-adef-48a0-9e6d-652142b045b4&id=2d59925d-d3aa-49c4-85fc-c35aafeeda90&fields=id&fields=name HTTP/1.1" status: 200 len: 405 time: 0.0447757
2026-04-07 01:17:32.797 9 INFO neutron.db.segments_db [None req-7f9eefb4-d4a5-4b69-a278-079d712af2f3 e28d91eeda564b7e9c95d723d251ce02 443dfa9cc1ee461a931975bea200f265 - - - -] Added segment c4edb6a1-f3a3-40f7-a6d8-1e013c8af643 of type geneve for network 9a1b8047-06ca-4699-9a07-b4987ad6198a
2026-04-07 01:17:32.917 9 INFO neutron.db.ovn_revision_numbers_db [None req-7f9eefb4-d4a5-4b69-a278-079d712af2f3 e28d91eeda564b7e9c95d723d251ce02 443dfa9cc1ee461a931975bea200f265 - - - -] Successfully bumped revision number for resource 9a1b8047-06ca-4699-9a07-b4987ad6198a (type: networks) to 1
2026-04-07 01:17:33.145 9 WARNING neutron.scheduler.dhcp_agent_scheduler [None req-7f9eefb4-d4a5-4b69-a278-079d712af2f3 e28d91eeda564b7e9c95d723d251ce02 443dfa9cc1ee461a931975bea200f265 - - - -] No more DHCP agents
2026-04-07 01:17:33.148 9 WARNING neutron.api.rpc.agentnotifiers.dhcp_rpc_agent_api [None req-7f9eefb4-d4a5-4b69-a278-079d712af2f3 e28d91eeda564b7e9c95d723d251ce02 443dfa9cc1ee461a931975bea200f265 - - - -] Unable to schedule network 9a1b8047-06ca-4699-9a07-b4987ad6198a: no agents available; will retry on subsequent port and subnet creation events.
2026-04-07 01:17:33.238 9 INFO neutron.db.ovn_revision_numbers_db [None req-7f9eefb4-d4a5-4b69-a278-079d712af2f3 e28d91eeda564b7e9c95d723d251ce02 443dfa9cc1ee461a931975bea200f265 - - - -] Successfully bumped revision number for resource fde92622-5eb3-4182-aa43-a831ac2c7286 (type: ports) to 1
2026-04-07 01:17:33.266 10 INFO neutron.db.ovn_revision_numbers_db [None req-95a5936a-28ea-4ee8-86b6-c12ae9f2f5f1 2de2ec4e10b5434699edd7d80aea63a2 376d36ea2fb84aeca058828a48b1fc4b - - - -] Successfully bumped revision number for resource 44ab0bbd-e237-4dd3-a5b2-9bc13094a7c9 (type: security_groups) to 1
2026-04-07 01:17:33.279 9 INFO neutron.wsgi [None req-7f9eefb4-d4a5-4b69-a278-079d712af2f3 e28d91eeda564b7e9c95d723d251ce02 443dfa9cc1ee461a931975bea200f265 - - - -] 10.0.0.78 "POST /v2.0/networks HTTP/1.1" status: 201 len: 829 time: 0.5896363
2026-04-07 01:17:33.315 10 INFO neutron.db.ovn_revision_numbers_db [None req-db7c0fb1-70e3-4fcc-b7a1-855f7fb72b6d 2de2ec4e10b5434699edd7d80aea63a2 376d36ea2fb84aeca058828a48b1fc4b - - default default] Successfully bumped revision number for resource 0d6e6a65-1cdf-4fd1-8c7d-afcf01b832ce (type: security_groups) to 1
2026-04-07 01:17:33.351 10 INFO neutron.wsgi [None req-db7c0fb1-70e3-4fcc-b7a1-855f7fb72b6d 2de2ec4e10b5434699edd7d80aea63a2 376d36ea2fb84aeca058828a48b1fc4b - - default default] 10.0.0.78 "GET /v2.0/security-groups?tenant_id=bbea002ddc1e44ca9121be7f80ca0d41&name=default HTTP/1.1" status: 200 len: 2996 time: 0.2321260
2026-04-07 01:17:33.353 10 INFO neutron.db.segments_db [None req-95a5936a-28ea-4ee8-86b6-c12ae9f2f5f1 2de2ec4e10b5434699edd7d80aea63a2 376d36ea2fb84aeca058828a48b1fc4b - - - -] Added segment f22b6308-e1fb-41de-9ef0-1a0a54ca4f80 of type geneve for network 6a61b2fb-a09f-4dd2-b137-548d3662dd3e
2026-04-07 01:17:33.534 10 INFO neutron.db.ovn_revision_numbers_db [None req-95a5936a-28ea-4ee8-86b6-c12ae9f2f5f1 2de2ec4e10b5434699edd7d80aea63a2 376d36ea2fb84aeca058828a48b1fc4b - - - -] Successfully bumped revision number for resource 6a61b2fb-a09f-4dd2-b137-548d3662dd3e (type: networks) to 1
2026-04-07 01:17:33.557 9 INFO neutron.wsgi [None req-ecec41c7-ce95-472d-bb36-6e7ef2b53508 2de2ec4e10b5434699edd7d80aea63a2 376d36ea2fb84aeca058828a48b1fc4b - - - -] 10.0.0.78 "DELETE /v2.0/security-groups/0d6e6a65-1cdf-4fd1-8c7d-afcf01b832ce HTTP/1.1" status: 204 len: 168 time: 0.1930211
2026-04-07 01:17:33.708 10 WARNING neutron.scheduler.dhcp_agent_scheduler [None req-e6d81521-c6a5-4b97-b55d-04b6d4e3dfa5 e28d91eeda564b7e9c95d723d251ce02 443dfa9cc1ee461a931975bea200f265 - - - -] No more DHCP agents
2026-04-07 01:17:33.711 10 WARNING neutron.api.rpc.agentnotifiers.dhcp_rpc_agent_api [None req-e6d81521-c6a5-4b97-b55d-04b6d4e3dfa5 e28d91eeda564b7e9c95d723d251ce02 443dfa9cc1ee461a931975bea200f265 - - - -] Unable to schedule network 9a1b8047-06ca-4699-9a07-b4987ad6198a: no agents available; will retry on subsequent port and subnet creation events.
2026-04-07 01:17:33.762 10 WARNING neutron.scheduler.dhcp_agent_scheduler [None req-95a5936a-28ea-4ee8-86b6-c12ae9f2f5f1 2de2ec4e10b5434699edd7d80aea63a2 376d36ea2fb84aeca058828a48b1fc4b - - - -] No more DHCP agents
2026-04-07 01:17:33.765 10 WARNING neutron.api.rpc.agentnotifiers.dhcp_rpc_agent_api [None req-95a5936a-28ea-4ee8-86b6-c12ae9f2f5f1 2de2ec4e10b5434699edd7d80aea63a2 376d36ea2fb84aeca058828a48b1fc4b - - - -] Unable to schedule network 6a61b2fb-a09f-4dd2-b137-548d3662dd3e: no agents available; will retry on subsequent port and subnet creation events.
2026-04-07 01:17:34.144 10 INFO neutron.wsgi [req-ead8475b-490c-4f0a-ab1a-b2eae9f7cbdf req-9d9e7ed7-d5cb-40ea-8859-f84187554499 ebe6d569ea3d4f2b834821297430bb65 33f14bb57dc0414cbbc120d11fa06335 - - default default] 10.0.0.171 "GET /v2.0/ports?device_id=9e7bea7e-226e-4b2a-988f-7ab59e3fce76 HTTP/1.1" status: 200 len: 1208 time: 0.0693059
2026-04-07 01:17:34.199 10 INFO neutron.services.segments.plugin [-] Segment d4092ba2-5066-4efa-af95-51bf403a63e2 resource provider aggregate not found
2026-04-07 01:17:34.204 10 INFO neutron.services.segments.plugin [-] Segment d4092ba2-5066-4efa-af95-51bf403a63e2 resource provider aggregate not found
2026-04-07 01:17:34.209 10 INFO neutron.db.ovn_revision_numbers_db [None req-95a5936a-28ea-4ee8-86b6-c12ae9f2f5f1 2de2ec4e10b5434699edd7d80aea63a2 376d36ea2fb84aeca058828a48b1fc4b - - - -] Successfully bumped revision number for resource 682bb5f2-bcfc-43b2-a1b6-bc47242e738b (type: ports) to 1
2026-04-07 01:17:34.232 10 INFO neutron.services.segments.plugin [-] Segment d4092ba2-5066-4efa-af95-51bf403a63e2 resource provider not found; error: Placement Client Error (4xx): {"errors": [{"status": 404, "title": "Not Found", "detail": "The resource could not be found.\n\n No resource provider with uuid d4092ba2-5066-4efa-af95-51bf403a63e2 found for delete ", "request_id": "req-31c7856b-9f33-4bf5-8505-0a9417245dcf"}]}
2026-04-07 01:17:34.234 10 INFO neutron.services.segments.plugin [-] Segment d4092ba2-5066-4efa-af95-51bf403a63e2 resource provider not found; error: Placement Client Error (4xx): {"errors": [{"status": 404, "title": "Not Found", "detail": "The resource could not be found.\n\n No resource provider with uuid d4092ba2-5066-4efa-af95-51bf403a63e2 found for delete ", "request_id": "req-2c89edb8-8110-42e6-9a00-a5a91cccb8b2"}]}
2026-04-07 01:17:34.260 10 INFO neutron.wsgi [None req-95a5936a-28ea-4ee8-86b6-c12ae9f2f5f1 2de2ec4e10b5434699edd7d80aea63a2 376d36ea2fb84aeca058828a48b1fc4b - - - -] 10.0.0.78 "POST /v2.0/networks HTTP/1.1" status: 201 len: 942 time: 1.4638803
2026-04-07 01:17:34.264 10 INFO neutron.wsgi [req-ead8475b-490c-4f0a-ab1a-b2eae9f7cbdf req-9d3096e9-98ba-419d-b496-559dd68fd792 ebe6d569ea3d4f2b834821297430bb65 33f14bb57dc0414cbbc120d11fa06335 - - default default] 10.0.0.171 "GET /v2.0/security-groups?id=9452e881-adef-48a0-9e6d-652142b045b4&id=2d59925d-d3aa-49c4-85fc-c35aafeeda90&fields=id&fields=name HTTP/1.1" status: 200 len: 405 time: 0.1046185
2026-04-07 01:17:34.424 9 WARNING neutron.scheduler.dhcp_agent_scheduler [None req-a6c48e78-523c-4538-b185-d686bcea33e0 2de2ec4e10b5434699edd7d80aea63a2 376d36ea2fb84aeca058828a48b1fc4b - - - -] No more DHCP agents
2026-04-07 01:17:34.427 9 WARNING neutron.api.rpc.agentnotifiers.dhcp_rpc_agent_api [None req-a6c48e78-523c-4538-b185-d686bcea33e0 2de2ec4e10b5434699edd7d80aea63a2 376d36ea2fb84aeca058828a48b1fc4b - - - -] Unable to schedule network 6a61b2fb-a09f-4dd2-b137-548d3662dd3e: no agents available; will retry on subsequent port and subnet creation events.
2026-04-07 01:17:34.518 9 WARNING neutron.plugins.ml2.drivers.ovn.mech_driver.ovsdb.ovn_client [None req-126ef58e-08ad-43f9-a7ec-660b06e6fa23 - - - - - -] No port found with ID dec17d77-66ec-47d7-8e97-6a88a5f6ce78: RuntimeError: No port found with ID dec17d77-66ec-47d7-8e97-6a88a5f6ce78
2026-04-07 01:17:34.519 9 INFO neutron.plugins.ml2.drivers.ovn.mech_driver.mech_driver [None req-126ef58e-08ad-43f9-a7ec-660b06e6fa23 - - - - - -] OVN reports status up for port: 34a9d0b0-e02a-4b7c-9de1-dc93431033ab
2026-04-07 01:17:34.534 10 WARNING neutron.plugins.ml2.drivers.ovn.mech_driver.ovsdb.ovn_client [None req-d973d1cf-d5bc-452b-a482-37fcd50962da - - - - - -] No hosting information found for port 22b2fe12-7af8-474b-96d2-07c20380b974: RuntimeError: No hosting information found for port 22b2fe12-7af8-474b-96d2-07c20380b974
2026-04-07 01:17:34.539 9 INFO neutron.plugins.ml2.plugin [None req-126ef58e-08ad-43f9-a7ec-660b06e6fa23 - - - - - -] Attempt 1 to provision port 34a9d0b0-e02a-4b7c-9de1-dc93431033ab
2026-04-07 01:17:34.576 10 INFO neutron.db.ovn_revision_numbers_db [None req-e6d81521-c6a5-4b97-b55d-04b6d4e3dfa5 e28d91eeda564b7e9c95d723d251ce02 443dfa9cc1ee461a931975bea200f265 - - - -] Successfully bumped revision number for resource fde92622-5eb3-4182-aa43-a831ac2c7286 (type: ports) to 2
2026-04-07 01:17:34.590 10 INFO neutron.db.ovn_revision_numbers_db [None req-e6d81521-c6a5-4b97-b55d-04b6d4e3dfa5 e28d91eeda564b7e9c95d723d251ce02 443dfa9cc1ee461a931975bea200f265 - - - -] Successfully bumped revision number for resource de3d38db-8260-431a-b41a-beddfbce984d (type: subnets) to 0
2026-04-07 01:17:34.607 10 INFO neutron.wsgi [None req-e6d81521-c6a5-4b97-b55d-04b6d4e3dfa5 e28d91eeda564b7e9c95d723d251ce02 443dfa9cc1ee461a931975bea200f265 - - - -] 10.0.0.78 "POST /v2.0/subnets HTTP/1.1" status: 201 len: 801 time: 1.3216436
2026-04-07 01:17:34.666 9 INFO neutron.notifiers.nova [-] Nova event matching ['req-a20d1be1-6bff-4215-9313-b560984e416f'] response: {'server_uuid': '9e7bea7e-226e-4b2a-988f-7ab59e3fce76', 'name': 'network-vif-plugged', 'status': 'completed', 'tag': '34a9d0b0-e02a-4b7c-9de1-dc93431033ab', 'code': 200}
2026-04-07 01:17:34.819 10 INFO neutron.db.ovn_revision_numbers_db [None req-6507a05d-14be-43be-a88c-a7adaf906e62 e28d91eeda564b7e9c95d723d251ce02 443dfa9cc1ee461a931975bea200f265 - - - -] Successfully bumped revision number for resource e4ab0f89-1ded-4178-ae85-ad6a827bdfa8 (type: routers) to 1
2026-04-07 01:17:34.833 10 INFO neutron.wsgi [None req-6507a05d-14be-43be-a88c-a7adaf906e62 e28d91eeda564b7e9c95d723d251ce02 443dfa9cc1ee461a931975bea200f265 - - - -] 10.0.0.78 "POST /v2.0/routers HTTP/1.1" status: 201 len: 687 time: 0.2198727
2026-04-07 01:17:34.864 9 INFO neutron.db.ovn_revision_numbers_db [None req-126ef58e-08ad-43f9-a7ec-660b06e6fa23 - - - - - -] Successfully bumped revision number for resource 34a9d0b0-e02a-4b7c-9de1-dc93431033ab (type: ports) to 4
2026-04-07 01:17:34.983 9 INFO neutron.db.ovn_revision_numbers_db [None req-a6c48e78-523c-4538-b185-d686bcea33e0 2de2ec4e10b5434699edd7d80aea63a2 376d36ea2fb84aeca058828a48b1fc4b - - - -] Successfully bumped revision number for resource 682bb5f2-bcfc-43b2-a1b6-bc47242e738b (type: ports) to 2
2026-04-07 01:17:34.997 9 INFO neutron.db.ovn_revision_numbers_db [None req-a6c48e78-523c-4538-b185-d686bcea33e0 2de2ec4e10b5434699edd7d80aea63a2 376d36ea2fb84aeca058828a48b1fc4b - - - -] Successfully bumped revision number for resource a0297ced-684e-4560-8182-5cdd8fddbe6b (type: subnets) to 0
2026-04-07 01:17:35.013 9 INFO neutron.wsgi [None req-a6c48e78-523c-4538-b185-d686bcea33e0 2de2ec4e10b5434699edd7d80aea63a2 376d36ea2fb84aeca058828a48b1fc4b - - - -] 10.0.0.78 "POST /v2.0/subnets HTTP/1.1" status: 201 len: 862 time: 0.7464614 /var/lib/openstack/lib/python3.10/site-packages/pycadf/identifier.py:71: UserWarning: Invalid uuid: neutron. To ensure interoperability, identifiers should be a valid uuid. warnings.warn(('Invalid uuid: %s. To ensure interoperability, '
2026-04-07 01:17:35.165 10 WARNING neutron.scheduler.dhcp_agent_scheduler [None req-0cde4e1a-2b54-491b-a420-2698d2f7ef59 e28d91eeda564b7e9c95d723d251ce02 443dfa9cc1ee461a931975bea200f265 - - - -] No more DHCP agents
2026-04-07 01:17:35.169 10 WARNING neutron.api.rpc.agentnotifiers.dhcp_rpc_agent_api [None req-0cde4e1a-2b54-491b-a420-2698d2f7ef59 e28d91eeda564b7e9c95d723d251ce02 443dfa9cc1ee461a931975bea200f265 - - - -] Unable to schedule network 9a1b8047-06ca-4699-9a07-b4987ad6198a: no agents available; will retry on subsequent port and subnet creation events. /var/lib/openstack/lib/python3.10/site-packages/pycadf/identifier.py:71: UserWarning: Invalid uuid: neutron. To ensure interoperability, identifiers should be a valid uuid. warnings.warn(('Invalid uuid: %s. To ensure interoperability, '
2026-04-07 01:17:35.372 10 INFO neutron.wsgi [req-18d35e76-568a-4652-8e33-d8ae918930dc req-b8ba2f2d-5942-4bfb-8f1e-38a78b95c551 ebe6d569ea3d4f2b834821297430bb65 33f14bb57dc0414cbbc120d11fa06335 - - default default] 10.0.0.171 "GET /v2.0/ports?device_id=9e7bea7e-226e-4b2a-988f-7ab59e3fce76 HTTP/1.1" status: 200 len: 1210 time: 0.0481980
2026-04-07 01:17:35.373 10 INFO neutron.db.ovn_revision_numbers_db [None req-0cde4e1a-2b54-491b-a420-2698d2f7ef59 e28d91eeda564b7e9c95d723d251ce02 443dfa9cc1ee461a931975bea200f265 - - - -] Successfully bumped revision number for resource dc17b8e1-aca8-4cd6-866d-6ae3778f915c (type: ports) to 1
2026-04-07 01:17:35.408 10 INFO neutron.wsgi [None req-0cde4e1a-2b54-491b-a420-2698d2f7ef59 e28d91eeda564b7e9c95d723d251ce02 443dfa9cc1ee461a931975bea200f265 - - - -] 10.0.0.78 "POST /v2.0/ports HTTP/1.1" status: 201 len: 1147 time: 0.5700898
2026-04-07 01:17:35.493 10 INFO neutron.wsgi [req-18d35e76-568a-4652-8e33-d8ae918930dc req-e58437d4-692a-4ecb-92fa-ed80310e451b ebe6d569ea3d4f2b834821297430bb65 33f14bb57dc0414cbbc120d11fa06335 - - default default] 10.0.0.171 "GET /v2.0/security-groups?id=9452e881-adef-48a0-9e6d-652142b045b4&id=2d59925d-d3aa-49c4-85fc-c35aafeeda90&fields=id&fields=name HTTP/1.1" status: 200 len: 405 time: 0.1084042
2026-04-07 01:17:35.688 9 INFO neutron.wsgi [req-1b5fc0bd-2f0f-46d1-b47f-0a3e284e261b req-6378e081-040b-4516-ae89-102cb849b6dc ebe6d569ea3d4f2b834821297430bb65 33f14bb57dc0414cbbc120d11fa06335 - - default default] 10.0.0.171 "GET /v2.0/ports?device_id=9e7bea7e-226e-4b2a-988f-7ab59e3fce76 HTTP/1.1" status: 200 len: 1210 time: 0.1269495
2026-04-07 01:17:35.863 9 INFO neutron.plugins.ml2.drivers.ovn.mech_driver.mech_driver [None req-126ef58e-08ad-43f9-a7ec-660b06e6fa23 - - - - - -] OVN reports status up for port: dc17b8e1-aca8-4cd6-866d-6ae3778f915c
2026-04-07 01:17:35.868 10 INFO neutron.db.ovn_revision_numbers_db [None req-7e1cd92d-581f-4371-afea-020d07701ac4 e28d91eeda564b7e9c95d723d251ce02 443dfa9cc1ee461a931975bea200f265 - - default default] Successfully bumped revision number for resource dc17b8e1-aca8-4cd6-866d-6ae3778f915c (type: router_ports) to 2
2026-04-07 01:17:35.888 9 INFO neutron.plugins.ml2.plugin [None req-126ef58e-08ad-43f9-a7ec-660b06e6fa23 - - - - - -] Attempt 1 to provision port dc17b8e1-aca8-4cd6-866d-6ae3778f915c
2026-04-07 01:17:35.939 9 WARNING neutron.scheduler.dhcp_agent_scheduler [None req-fdd240d9-b7b5-45fd-acf6-43f61d04f65c 2de2ec4e10b5434699edd7d80aea63a2 376d36ea2fb84aeca058828a48b1fc4b - - - -] No more DHCP agents
2026-04-07 01:17:35.950 9 WARNING neutron.api.rpc.agentnotifiers.dhcp_rpc_agent_api [None req-fdd240d9-b7b5-45fd-acf6-43f61d04f65c 2de2ec4e10b5434699edd7d80aea63a2 376d36ea2fb84aeca058828a48b1fc4b - - - -] Unable to schedule network 97a2ea9d-c987-4844-aa76-716df499f90b: no agents available; will retry on subsequent port and subnet creation events.
2026-04-07 01:17:36.030 9 INFO neutron.db.l3_db [None req-0e6cc0d0-12ca-4d4b-9de8-51ad1ef9cfec ebe6d569ea3d4f2b834821297430bb65 33f14bb57dc0414cbbc120d11fa06335 - - - -] Floating IP f3565c50-7bfb-41fb-99ce-e88893508cf1 associated. External IP: 10.96.250.215, port: 34a9d0b0-e02a-4b7c-9de1-dc93431033ab.
2026-04-07 01:17:36.064 10 INFO neutron.db.ovn_revision_numbers_db [None req-7e1cd92d-581f-4371-afea-020d07701ac4 e28d91eeda564b7e9c95d723d251ce02 443dfa9cc1ee461a931975bea200f265 - - default default] Successfully bumped revision number for resource dc17b8e1-aca8-4cd6-866d-6ae3778f915c (type: ports) to 2
2026-04-07 01:17:36.263 9 INFO neutron.db.ovn_revision_numbers_db [None req-fdd240d9-b7b5-45fd-acf6-43f61d04f65c 2de2ec4e10b5434699edd7d80aea63a2 376d36ea2fb84aeca058828a48b1fc4b - - - -] Successfully bumped revision number for resource 495f0143-b91a-404d-a4b1-81a0b0de2847 (type: ports) to 1
2026-04-07 01:17:36.315 9 INFO neutron.db.ovn_revision_numbers_db [None req-0e6cc0d0-12ca-4d4b-9de8-51ad1ef9cfec ebe6d569ea3d4f2b834821297430bb65 33f14bb57dc0414cbbc120d11fa06335 - - - -] Successfully bumped revision number for resource f3565c50-7bfb-41fb-99ce-e88893508cf1 (type: floatingips) to 1
2026-04-07 01:17:36.390 9 INFO neutron.db.ovn_revision_numbers_db [None req-126ef58e-08ad-43f9-a7ec-660b06e6fa23 - - - - - -] Successfully bumped revision number for resource dc17b8e1-aca8-4cd6-866d-6ae3778f915c (type: ports) to 3
2026-04-07 01:17:36.488 9 INFO neutron.db.ovn_revision_numbers_db [None req-0e6cc0d0-12ca-4d4b-9de8-51ad1ef9cfec ebe6d569ea3d4f2b834821297430bb65 33f14bb57dc0414cbbc120d11fa06335 - - - -] Successfully bumped revision number for resource f3565c50-7bfb-41fb-99ce-e88893508cf1 (type: floatingips) to 2
2026-04-07 01:17:36.535 9 INFO neutron.wsgi [None req-0e6cc0d0-12ca-4d4b-9de8-51ad1ef9cfec ebe6d569ea3d4f2b834821297430bb65 33f14bb57dc0414cbbc120d11fa06335 - - - -] 10.0.0.78 "PUT /v2.0/floatingips/f3565c50-7bfb-41fb-99ce-e88893508cf1 HTTP/1.1" status: 200 len: 1049 time: 0.8346107
2026-04-07 01:17:36.541 10 INFO neutron.db.ovn_revision_numbers_db [None req-7e1cd92d-581f-4371-afea-020d07701ac4 e28d91eeda564b7e9c95d723d251ce02 443dfa9cc1ee461a931975bea200f265 - - default default] Successfully bumped revision number for resource dc17b8e1-aca8-4cd6-866d-6ae3778f915c (type: router_ports) to 4
2026-04-07 01:17:36.683 10 INFO neutron.db.ovn_revision_numbers_db [None req-7e1cd92d-581f-4371-afea-020d07701ac4 e28d91eeda564b7e9c95d723d251ce02 443dfa9cc1ee461a931975bea200f265 - - default default] Successfully bumped revision number for resource dc17b8e1-aca8-4cd6-866d-6ae3778f915c (type: ports) to 4
2026-04-07 01:17:36.722 9 INFO neutron.notifiers.nova [-] Nova event matching ['req-8821a689-90df-4811-9c8a-185183d115e5'] response: {'server_uuid': '9e7bea7e-226e-4b2a-988f-7ab59e3fce76', 'name': 'network-vif-plugged', 'status': 'completed', 'tag': '34a9d0b0-e02a-4b7c-9de1-dc93431033ab', 'code': 200}
2026-04-07 01:17:36.722 9 INFO neutron.notifiers.nova [-] Nova event matching ['req-8821a689-90df-4811-9c8a-185183d115e5'] response: {'name': 'network-changed', 'server_uuid': '9e7bea7e-226e-4b2a-988f-7ab59e3fce76', 'tag': '34a9d0b0-e02a-4b7c-9de1-dc93431033ab', 'status': 'completed', 'code': 200}
2026-04-07 01:17:36.756 10 WARNING neutron.scheduler.dhcp_agent_scheduler [None req-7e1cd92d-581f-4371-afea-020d07701ac4 e28d91eeda564b7e9c95d723d251ce02 443dfa9cc1ee461a931975bea200f265 - - default default] No more DHCP agents
2026-04-07 01:17:36.757 10 WARNING neutron.api.rpc.agentnotifiers.dhcp_rpc_agent_api [None req-7e1cd92d-581f-4371-afea-020d07701ac4 e28d91eeda564b7e9c95d723d251ce02 443dfa9cc1ee461a931975bea200f265 - - default default] Unable to schedule network 9a1b8047-06ca-4699-9a07-b4987ad6198a: no agents available; will retry on subsequent port and subnet creation events. /var/lib/openstack/lib/python3.10/site-packages/pycadf/identifier.py:71: UserWarning: Invalid uuid: neutron. To ensure interoperability, identifiers should be a valid uuid. warnings.warn(('Invalid uuid: %s. To ensure interoperability, '
2026-04-07 01:17:36.802 9 INFO neutron.wsgi [req-fd73f151-0d17-4d34-9306-8e47f5b895f6 req-ae3bb8be-2106-48ce-852b-e0bd7fb443dc 0af61b1f3a0f4b8396f868ae7c7a61d9 e4f484039e694525971575f21e0e6b00 - - 0041f4aab5cb4ad2b9d4fd8d7cd3dc10 0041f4aab5cb4ad2b9d4fd8d7cd3dc10] 199.19.213.133 "GET /v2.0/ports?tenant_id=33f14bb57dc0414cbbc120d11fa06335&device_id=9e7bea7e-226e-4b2a-988f-7ab59e3fce76 HTTP/1.1" status: 200 len: 1400 time: 0.0537231
2026-04-07 01:17:36.890 9 INFO neutron.wsgi [req-fd73f151-0d17-4d34-9306-8e47f5b895f6 req-d367e9ab-05a2-4d4e-9bd6-48dec34e148b 0af61b1f3a0f4b8396f868ae7c7a61d9 e4f484039e694525971575f21e0e6b00 - - 0041f4aab5cb4ad2b9d4fd8d7cd3dc10 0041f4aab5cb4ad2b9d4fd8d7cd3dc10] 199.19.213.133 "GET /v2.0/networks?id=a7a4e2a2-04cc-439a-9869-fa7fb064264c HTTP/1.1" status: 200 len: 970 time: 0.0820878
2026-04-07 01:17:36.937 10 INFO neutron.db.ovn_revision_numbers_db [None req-7e1cd92d-581f-4371-afea-020d07701ac4 e28d91eeda564b7e9c95d723d251ce02 443dfa9cc1ee461a931975bea200f265 - - - -] Successfully bumped revision number for resource dc17b8e1-aca8-4cd6-866d-6ae3778f915c (type: router_ports) to 4
2026-04-07 01:17:36.941 10 INFO neutron.wsgi [None req-7e1cd92d-581f-4371-afea-020d07701ac4 e28d91eeda564b7e9c95d723d251ce02 443dfa9cc1ee461a931975bea200f265 - - - -] 10.0.0.78 "PUT /v2.0/routers/e4ab0f89-1ded-4178-ae85-ad6a827bdfa8/add_router_interface HTTP/1.1" status: 200 len: 503 time: 1.5285509 /var/lib/openstack/lib/python3.10/site-packages/pycadf/identifier.py:71: UserWarning: Invalid uuid: neutron. To ensure interoperability, identifiers should be a valid uuid. warnings.warn(('Invalid uuid: %s. To ensure interoperability, '
2026-04-07 01:17:36.984 10 INFO neutron.wsgi [None req-58e5457f-2053-4670-aef4-e4c315fdcf3f e28d91eeda564b7e9c95d723d251ce02 443dfa9cc1ee461a931975bea200f265 - - default default] 10.0.0.78 "GET /v2.0/ports/dc17b8e1-aca8-4cd6-866d-6ae3778f915c HTTP/1.1" status: 200 len: 1205 time: 0.0301375
2026-04-07 01:17:37.207 9 INFO neutron.wsgi [req-fd73f151-0d17-4d34-9306-8e47f5b895f6 req-0a62e050-5ef2-409d-9766-5fb2121ce17c 0af61b1f3a0f4b8396f868ae7c7a61d9 e4f484039e694525971575f21e0e6b00 - - 0041f4aab5cb4ad2b9d4fd8d7cd3dc10 0041f4aab5cb4ad2b9d4fd8d7cd3dc10] 199.19.213.133 "GET /v2.0/floatingips?fixed_ip_address=10.100.0.3&port_id=34a9d0b0-e02a-4b7c-9de1-dc93431033ab HTTP/1.1" status: 200 len: 1059 time: 0.3119271
2026-04-07 01:17:37.274 9 INFO neutron.wsgi [req-fd73f151-0d17-4d34-9306-8e47f5b895f6 req-eb1be08e-ef72-4407-9e30-c7ff04e2c997 0af61b1f3a0f4b8396f868ae7c7a61d9 e4f484039e694525971575f21e0e6b00 - - 0041f4aab5cb4ad2b9d4fd8d7cd3dc10 0041f4aab5cb4ad2b9d4fd8d7cd3dc10] 199.19.213.133 "GET /v2.0/subnets?id=efc4fdb2-89b1-4280-bc9b-b9bdaf1acfa5 HTTP/1.1" status: 200 len: 865 time: 0.0596085
2026-04-07 01:17:37.305 9 INFO neutron.wsgi [req-fd73f151-0d17-4d34-9306-8e47f5b895f6 req-9bfb6734-2909-4c41-964f-1858897f588b 0af61b1f3a0f4b8396f868ae7c7a61d9 e4f484039e694525971575f21e0e6b00 - - 0041f4aab5cb4ad2b9d4fd8d7cd3dc10 0041f4aab5cb4ad2b9d4fd8d7cd3dc10] 199.19.213.133 "GET /v2.0/ports?network_id=a7a4e2a2-04cc-439a-9869-fa7fb064264c&device_owner=network%3Adhcp HTTP/1.1" status: 200 len: 210 time: 0.0269217
2026-04-07 01:17:37.341 10 INFO neutron.plugins.ml2.drivers.ovn.mech_driver.ovsdb.ovsdb_monitor [None req-bf462cbd-6544-4106-85b7-84fbc171acb2 - - - - - -] Router 69b5aa23-1b2d-42eb-ba7e-54d023f17e42 is bound to host instance
2026-04-07 01:17:37.353 9 INFO neutron.db.ovn_revision_numbers_db [None req-fdd240d9-b7b5-45fd-acf6-43f61d04f65c 2de2ec4e10b5434699edd7d80aea63a2 376d36ea2fb84aeca058828a48b1fc4b - - - -] Successfully bumped revision number for resource 495f0143-b91a-404d-a4b1-81a0b0de2847 (type: router_ports) to 1
2026-04-07 01:17:37.385 9 INFO neutron.wsgi [req-fd73f151-0d17-4d34-9306-8e47f5b895f6 req-16e2924a-c1cf-428a-8056-92488c258209 0af61b1f3a0f4b8396f868ae7c7a61d9 e4f484039e694525971575f21e0e6b00 - - 0041f4aab5cb4ad2b9d4fd8d7cd3dc10 0041f4aab5cb4ad2b9d4fd8d7cd3dc10] 199.19.213.133 "GET /v2.0/networks/a7a4e2a2-04cc-439a-9869-fa7fb064264c?fields=segments HTTP/1.1" status: 200 len: 212 time: 0.0750442
2026-04-07 01:17:37.449 9 INFO neutron.db.ovn_revision_numbers_db [None req-fdd240d9-b7b5-45fd-acf6-43f61d04f65c 2de2ec4e10b5434699edd7d80aea63a2 376d36ea2fb84aeca058828a48b1fc4b - - - -] Successfully bumped revision number for resource 69b5aa23-1b2d-42eb-ba7e-54d023f17e42 (type: routers) to 3
2026-04-07 01:17:37.460 9 INFO neutron.wsgi [req-fd73f151-0d17-4d34-9306-8e47f5b895f6 req-c94c6565-d240-41be-92d5-3b08a4413dc2 0af61b1f3a0f4b8396f868ae7c7a61d9 e4f484039e694525971575f21e0e6b00 - - 0041f4aab5cb4ad2b9d4fd8d7cd3dc10 0041f4aab5cb4ad2b9d4fd8d7cd3dc10] 199.19.213.133 "GET /v2.0/networks/a7a4e2a2-04cc-439a-9869-fa7fb064264c?fields=provider%3Aphysical_network&fields=provider%3Anetwork_type HTTP/1.1" status: 200 len: 277 time: 0.0572333
2026-04-07 01:17:37.471 9 INFO neutron.wsgi [None req-fdd240d9-b7b5-45fd-acf6-43f61d04f65c 2de2ec4e10b5434699edd7d80aea63a2 376d36ea2fb84aeca058828a48b1fc4b - - - -] 10.0.0.78 "POST /v2.0/routers HTTP/1.1" status: 201 len: 873 time: 2.4504881
2026-04-07 01:17:37.901 9 WARNING neutron.scheduler.dhcp_agent_scheduler [None req-2cc6d03c-8a16-4c49-bbeb-924ac326f7e6 2de2ec4e10b5434699edd7d80aea63a2 376d36ea2fb84aeca058828a48b1fc4b - - default default] No more DHCP agents
2026-04-07 01:17:37.904 9 WARNING neutron.api.rpc.agentnotifiers.dhcp_rpc_agent_api [None req-2cc6d03c-8a16-4c49-bbeb-924ac326f7e6 2de2ec4e10b5434699edd7d80aea63a2 376d36ea2fb84aeca058828a48b1fc4b - - default default] Unable to schedule network 6a61b2fb-a09f-4dd2-b137-548d3662dd3e: no agents available; will retry on subsequent port and subnet creation events.
2026-04-07 01:17:37.963 10 INFO neutron.wsgi [None req-39244ee5-608a-49f8-a60d-fe2742e06dda e28d91eeda564b7e9c95d723d251ce02 443dfa9cc1ee461a931975bea200f265 - - - -] 10.0.0.78 "PUT /v2.0/routers/e4ab0f89-1ded-4178-ae85-ad6a827bdfa8/remove_router_interface HTTP/1.1" status: 200 len: 503 time: 0.9736421 /var/lib/openstack/lib/python3.10/site-packages/pycadf/identifier.py:71: UserWarning: Invalid uuid: neutron. To ensure interoperability, identifiers should be a valid uuid. warnings.warn(('Invalid uuid: %s. To ensure interoperability, '
2026-04-07 01:17:38.044 9 INFO neutron.db.ovn_revision_numbers_db [None req-2cc6d03c-8a16-4c49-bbeb-924ac326f7e6 2de2ec4e10b5434699edd7d80aea63a2 376d36ea2fb84aeca058828a48b1fc4b - - default default] Successfully bumped revision number for resource d648e9a1-dc41-494c-94e6-9ef1382be5b1 (type: ports) to 1
2026-04-07 01:17:38.066 10 INFO neutron.api.v2.resource [None req-5ff69d11-387c-4783-8bdb-aa20365bba16 e28d91eeda564b7e9c95d723d251ce02 443dfa9cc1ee461a931975bea200f265 - - default default] remove_router_interface failed (client error): The resource could not be found.
2026-04-07 01:17:38.067 10 INFO neutron.wsgi [None req-5ff69d11-387c-4783-8bdb-aa20365bba16 e28d91eeda564b7e9c95d723d251ce02 443dfa9cc1ee461a931975bea200f265 - - default default] 10.0.0.78 "PUT /v2.0/routers/e4ab0f89-1ded-4178-ae85-ad6a827bdfa8/remove_router_interface HTTP/1.1" status: 404 len: 398 time: 0.0970230
2026-04-07 01:17:38.097 10 INFO neutron.wsgi [None req-4a6b3d23-9fac-403d-8f88-bcae87ff3aaf e28d91eeda564b7e9c95d723d251ce02 443dfa9cc1ee461a931975bea200f265 - - default default] 10.0.0.78 "GET /v2.0/ports?device_id=e4ab0f89-1ded-4178-ae85-ad6a827bdfa8 HTTP/1.1" status: 200 len: 205 time: 0.0227444
2026-04-07 01:17:38.244 10 INFO neutron.db.ovn_revision_numbers_db [None req-bf462cbd-6544-4106-85b7-84fbc171acb2 - - - - - -] Successfully bumped revision number for resource 495f0143-b91a-404d-a4b1-81a0b0de2847 (type: ports) to 1
2026-04-07 01:17:38.357 9 INFO neutron.wsgi [None req-b6dc228a-abb4-4e3d-a072-c39ae1bc2fc3 e28d91eeda564b7e9c95d723d251ce02 443dfa9cc1ee461a931975bea200f265 - - - -] 10.0.0.78 "DELETE /v2.0/routers/e4ab0f89-1ded-4178-ae85-ad6a827bdfa8 HTTP/1.1" status: 204 len: 168 time: 0.2551873
2026-04-07 01:17:38.597 10 INFO neutron.db.ovn_revision_numbers_db [None req-bf462cbd-6544-4106-85b7-84fbc171acb2 - - - - - -] Successfully bumped revision number for resource 495f0143-b91a-404d-a4b1-81a0b0de2847 (type: router_ports) to 3
2026-04-07 01:17:38.620 10 INFO neutron.plugins.ml2.drivers.ovn.mech_driver.mech_driver [None req-d973d1cf-d5bc-452b-a482-37fcd50962da - - - - - -] OVN reports status up for port: d648e9a1-dc41-494c-94e6-9ef1382be5b1
2026-04-07 01:17:38.623 9 INFO neutron.db.ovn_revision_numbers_db [None req-2cc6d03c-8a16-4c49-bbeb-924ac326f7e6 2de2ec4e10b5434699edd7d80aea63a2 376d36ea2fb84aeca058828a48b1fc4b - - default default] Successfully bumped revision number for resource d648e9a1-dc41-494c-94e6-9ef1382be5b1 (type: router_ports) to 2
2026-04-07 01:17:38.635 10 INFO neutron.plugins.ml2.plugin [None req-d973d1cf-d5bc-452b-a482-37fcd50962da - - - - - -] Attempt 1 to provision port d648e9a1-dc41-494c-94e6-9ef1382be5b1
2026-04-07 01:17:38.697 10 INFO neutron.wsgi [None req-637ef153-912b-4d65-973b-862c92d9ac67 e28d91eeda564b7e9c95d723d251ce02 443dfa9cc1ee461a931975bea200f265 - - - -] 10.0.0.78 "DELETE /v2.0/subnets/de3d38db-8260-431a-b41a-beddfbce984d HTTP/1.1" status: 204 len: 168 time: 0.3331158
2026-04-07 01:17:38.792 9 INFO neutron.db.ovn_revision_numbers_db [None req-2cc6d03c-8a16-4c49-bbeb-924ac326f7e6 2de2ec4e10b5434699edd7d80aea63a2 376d36ea2fb84aeca058828a48b1fc4b - - default default] Successfully bumped revision number for resource d648e9a1-dc41-494c-94e6-9ef1382be5b1 (type: ports) to 2
2026-04-07 01:17:38.797 10 INFO neutron.db.ovn_revision_numbers_db [None req-bf462cbd-6544-4106-85b7-84fbc171acb2 - - - - - -] Successfully bumped revision number for resource 495f0143-b91a-404d-a4b1-81a0b0de2847 (type: ports) to 2
2026-04-07 01:17:38.889 9 WARNING neutron.scheduler.dhcp_agent_scheduler [None req-2cc6d03c-8a16-4c49-bbeb-924ac326f7e6 2de2ec4e10b5434699edd7d80aea63a2 376d36ea2fb84aeca058828a48b1fc4b - - default default] No more DHCP agents
2026-04-07 01:17:38.902 9 WARNING neutron.api.rpc.agentnotifiers.dhcp_rpc_agent_api [None req-2cc6d03c-8a16-4c49-bbeb-924ac326f7e6 2de2ec4e10b5434699edd7d80aea63a2 376d36ea2fb84aeca058828a48b1fc4b - - default default] Unable to schedule network 6a61b2fb-a09f-4dd2-b137-548d3662dd3e: no agents available; will retry on subsequent port and subnet creation events.
2026-04-07 01:17:38.972 10 INFO neutron.db.ovn_revision_numbers_db [None req-d973d1cf-d5bc-452b-a482-37fcd50962da - - - - - -] Successfully bumped revision number for resource d648e9a1-dc41-494c-94e6-9ef1382be5b1 (type: ports) to 3
2026-04-07 01:17:39.078 10 INFO neutron.db.ovn_revision_numbers_db [None req-bf462cbd-6544-4106-85b7-84fbc171acb2 - - - - - -] Successfully bumped revision number for resource 495f0143-b91a-404d-a4b1-81a0b0de2847 (type: ports) to 4
2026-04-07 01:17:39.116 10 INFO neutron.db.ovn_revision_numbers_db [None req-d973d1cf-d5bc-452b-a482-37fcd50962da - - - - - -] Successfully bumped revision number for resource d648e9a1-dc41-494c-94e6-9ef1382be5b1 (type: router_ports) to 3
2026-04-07 01:17:39.149 9 INFO neutron.services.segments.plugin [-] Segment c4edb6a1-f3a3-40f7-a6d8-1e013c8af643 resource provider aggregate not found
2026-04-07 01:17:39.165 9 INFO neutron.services.segments.plugin [-] Segment c4edb6a1-f3a3-40f7-a6d8-1e013c8af643 resource provider aggregate not found
2026-04-07 01:17:39.194 9 INFO neutron.services.segments.plugin [-] Segment c4edb6a1-f3a3-40f7-a6d8-1e013c8af643 resource provider not found; error: Placement Client Error (4xx): {"errors": [{"status": 404, "title": "Not Found", "detail": "The resource could not be found.\n\n No resource provider with uuid c4edb6a1-f3a3-40f7-a6d8-1e013c8af643 found for delete ", "request_id": "req-8a9835f8-f851-45d5-9ed9-52a381a45005"}]}
2026-04-07 01:17:39.195 9 INFO neutron.services.segments.plugin [-] Segment c4edb6a1-f3a3-40f7-a6d8-1e013c8af643 resource provider not found; error: Placement Client Error (4xx): {"errors": [{"status": 404, "title": "Not Found", "detail": "The resource could not be found.\n\n No resource provider with uuid c4edb6a1-f3a3-40f7-a6d8-1e013c8af643 found for delete ", "request_id": "req-30a5e5f8-f116-457b-90a8-7774c7440aa5"}]}
2026-04-07 01:17:39.224 9 INFO neutron.wsgi [None req-c3d96277-94cc-4b0d-905f-e12122897302 e28d91eeda564b7e9c95d723d251ce02 443dfa9cc1ee461a931975bea200f265 - - - -] 10.0.0.78 "DELETE /v2.0/networks/9a1b8047-06ca-4699-9a07-b4987ad6198a HTTP/1.1" status: 204 len: 168 time: 0.5183938
2026-04-07 01:17:39.339 9 INFO neutron.db.segments_db [None req-5048d7f4-e987-41bf-8cd9-c89f833de568 e28d91eeda564b7e9c95d723d251ce02 443dfa9cc1ee461a931975bea200f265 - - - -] Added segment 093e5bb6-e45c-430a-898d-3a916c371f56 of type geneve for network 692a2157-7f20-4b5c-9299-aac6752ab61b
2026-04-07 01:17:39.358 10 INFO neutron.db.ovn_revision_numbers_db [None req-bf462cbd-6544-4106-85b7-84fbc171acb2 - - - - - -] Successfully bumped revision number for resource 495f0143-b91a-404d-a4b1-81a0b0de2847 (type: router_ports) to 4
2026-04-07 01:17:39.824 9 INFO neutron.db.ovn_revision_numbers_db [None req-5048d7f4-e987-41bf-8cd9-c89f833de568 e28d91eeda564b7e9c95d723d251ce02 443dfa9cc1ee461a931975bea200f265 - - - -] Successfully bumped revision number for resource 692a2157-7f20-4b5c-9299-aac6752ab61b (type: networks) to 1
2026-04-07 01:17:40.062 9 WARNING neutron.scheduler.dhcp_agent_scheduler [None req-5048d7f4-e987-41bf-8cd9-c89f833de568 e28d91eeda564b7e9c95d723d251ce02 443dfa9cc1ee461a931975bea200f265 - - - -] No more DHCP agents
2026-04-07 01:17:40.066 9 WARNING neutron.api.rpc.agentnotifiers.dhcp_rpc_agent_api [None req-5048d7f4-e987-41bf-8cd9-c89f833de568 e28d91eeda564b7e9c95d723d251ce02 443dfa9cc1ee461a931975bea200f265 - - - -] Unable to schedule network 692a2157-7f20-4b5c-9299-aac6752ab61b: no agents available; will retry on subsequent port and subnet creation events.
2026-04-07 01:17:40.106 9 INFO neutron.db.ovn_revision_numbers_db [None req-2cc6d03c-8a16-4c49-bbeb-924ac326f7e6 2de2ec4e10b5434699edd7d80aea63a2 376d36ea2fb84aeca058828a48b1fc4b - - - -] Successfully bumped revision number for resource d648e9a1-dc41-494c-94e6-9ef1382be5b1 (type: router_ports) to 3
2026-04-07 01:17:40.108 9 INFO neutron.wsgi [None req-2cc6d03c-8a16-4c49-bbeb-924ac326f7e6 2de2ec4e10b5434699edd7d80aea63a2 376d36ea2fb84aeca058828a48b1fc4b - - - -] 10.0.0.78 "PUT /v2.0/routers/69b5aa23-1b2d-42eb-ba7e-54d023f17e42/add_router_interface HTTP/1.1" status: 200 len: 503 time: 2.6333079
2026-04-07 01:17:40.166 9 INFO neutron.db.ovn_revision_numbers_db [None req-5048d7f4-e987-41bf-8cd9-c89f833de568 e28d91eeda564b7e9c95d723d251ce02 443dfa9cc1ee461a931975bea200f265 - - - -] Successfully bumped revision number for resource 44e8cc87-f17f-4a20-9a7a-857b2346cfd8 (type: ports) to 1
2026-04-07 01:17:40.188 9 INFO neutron.wsgi [None req-5048d7f4-e987-41bf-8cd9-c89f833de568 e28d91eeda564b7e9c95d723d251ce02 443dfa9cc1ee461a931975bea200f265 - - - -] 10.0.0.78 "POST /v2.0/networks HTTP/1.1" status: 201 len: 829 time: 0.9544921
2026-04-07 01:17:40.443 9 WARNING neutron.scheduler.dhcp_agent_scheduler [None req-306c5a35-9876-4dc0-a8b0-261ad85e08e7 e28d91eeda564b7e9c95d723d251ce02 443dfa9cc1ee461a931975bea200f265 - - - -] No more DHCP agents
2026-04-07 01:17:40.444 9 WARNING neutron.api.rpc.agentnotifiers.dhcp_rpc_agent_api [None req-306c5a35-9876-4dc0-a8b0-261ad85e08e7 e28d91eeda564b7e9c95d723d251ce02 443dfa9cc1ee461a931975bea200f265 - - - -] Unable to schedule network 692a2157-7f20-4b5c-9299-aac6752ab61b: no agents available; will retry on subsequent port and subnet creation events.
2026-04-07 01:17:40.900 9 INFO neutron.db.ovn_revision_numbers_db [None req-306c5a35-9876-4dc0-a8b0-261ad85e08e7 e28d91eeda564b7e9c95d723d251ce02 443dfa9cc1ee461a931975bea200f265 - - - -] Successfully bumped revision number for resource 44e8cc87-f17f-4a20-9a7a-857b2346cfd8 (type: ports) to 2
2026-04-07 01:17:40.915 9 INFO neutron.db.ovn_revision_numbers_db [None req-306c5a35-9876-4dc0-a8b0-261ad85e08e7 e28d91eeda564b7e9c95d723d251ce02 443dfa9cc1ee461a931975bea200f265 - - - -] Successfully bumped revision number for resource cc9d12f8-b010-4836-bf21-4c5bd6b25d01 (type: subnets) to 0
2026-04-07 01:17:40.937 9 INFO neutron.wsgi [None req-306c5a35-9876-4dc0-a8b0-261ad85e08e7 e28d91eeda564b7e9c95d723d251ce02 443dfa9cc1ee461a931975bea200f265 - - - -] 10.0.0.78 "POST /v2.0/subnets HTTP/1.1" status: 201 len: 801 time: 0.7431839
2026-04-07 01:17:41.092 9 INFO neutron.db.ovn_revision_numbers_db [None req-fe86dc71-cc93-4e0b-bd5e-1277aa090961 e28d91eeda564b7e9c95d723d251ce02 443dfa9cc1ee461a931975bea200f265 - - - -] Successfully bumped revision number for resource d81b9e25-7324-4a80-a838-1f57c22077c2 (type: routers) to 1
2026-04-07 01:17:41.112 9 INFO neutron.wsgi [None req-fe86dc71-cc93-4e0b-bd5e-1277aa090961 e28d91eeda564b7e9c95d723d251ce02 443dfa9cc1ee461a931975bea200f265 - - - -] 10.0.0.78 "POST /v2.0/routers HTTP/1.1" status: 201 len: 687 time: 0.1702225
2026-04-07 01:17:41.500 9 WARNING neutron.scheduler.dhcp_agent_scheduler [None req-117962ea-2536-4644-b0dd-b587a51ba490 e28d91eeda564b7e9c95d723d251ce02 443dfa9cc1ee461a931975bea200f265 - - default default] No more DHCP agents
2026-04-07 01:17:41.502 9 WARNING neutron.api.rpc.agentnotifiers.dhcp_rpc_agent_api [None req-117962ea-2536-4644-b0dd-b587a51ba490 e28d91eeda564b7e9c95d723d251ce02 443dfa9cc1ee461a931975bea200f265 - - default default] Unable to schedule network 692a2157-7f20-4b5c-9299-aac6752ab61b: no agents available; will retry on subsequent port and subnet creation events.
2026-04-07 01:17:41.663 9 INFO neutron.db.ovn_revision_numbers_db [None req-117962ea-2536-4644-b0dd-b587a51ba490 e28d91eeda564b7e9c95d723d251ce02 443dfa9cc1ee461a931975bea200f265 - - default default] Successfully bumped revision number for resource 36ceb2c9-3d27-4ec6-ba4a-250a635fc515 (type: ports) to 1
2026-04-07 01:17:41.973 9 WARNING neutron.plugins.ml2.drivers.ovn.mech_driver.ovsdb.ovn_client [None req-126ef58e-08ad-43f9-a7ec-660b06e6fa23 - - - - - -] No port found with ID dc17b8e1-aca8-4cd6-866d-6ae3778f915c: RuntimeError: No port found with ID dc17b8e1-aca8-4cd6-866d-6ae3778f915c
2026-04-07 01:17:42.019 9 INFO neutron.plugins.ml2.drivers.ovn.mech_driver.mech_driver [None req-126ef58e-08ad-43f9-a7ec-660b06e6fa23 - - - - - -] OVN reports status up for port: 495f0143-b91a-404d-a4b1-81a0b0de2847
2026-04-07 01:17:42.040 9 INFO neutron.plugins.ml2.plugin [None req-126ef58e-08ad-43f9-a7ec-660b06e6fa23 - - - - - -] Attempt 1 to provision port 495f0143-b91a-404d-a4b1-81a0b0de2847
2026-04-07 01:17:42.128 9 INFO neutron.db.ovn_revision_numbers_db [None req-117962ea-2536-4644-b0dd-b587a51ba490 e28d91eeda564b7e9c95d723d251ce02 443dfa9cc1ee461a931975bea200f265 - - default default] Successfully bumped revision number for resource 36ceb2c9-3d27-4ec6-ba4a-250a635fc515 (type: router_ports) to 2
2026-04-07 01:17:42.274 9 INFO neutron.db.ovn_revision_numbers_db [None req-117962ea-2536-4644-b0dd-b587a51ba490 e28d91eeda564b7e9c95d723d251ce02 443dfa9cc1ee461a931975bea200f265 - - default default] Successfully bumped revision number for resource 36ceb2c9-3d27-4ec6-ba4a-250a635fc515 (type: ports) to 2
2026-04-07 01:17:42.337 9 WARNING neutron.scheduler.dhcp_agent_scheduler [None req-117962ea-2536-4644-b0dd-b587a51ba490 e28d91eeda564b7e9c95d723d251ce02 443dfa9cc1ee461a931975bea200f265 - - default default] No more DHCP agents
2026-04-07 01:17:42.338 9 WARNING neutron.api.rpc.agentnotifiers.dhcp_rpc_agent_api [None req-117962ea-2536-4644-b0dd-b587a51ba490 e28d91eeda564b7e9c95d723d251ce02 443dfa9cc1ee461a931975bea200f265 - - default default] Unable to schedule network 692a2157-7f20-4b5c-9299-aac6752ab61b: no agents available; will retry on subsequent port and subnet creation events.
2026-04-07 01:17:42.362 10 INFO neutron.wsgi [req-f1d8be28-33c5-4cc2-bda9-1594ea45dbd0 req-68882bc2-db09-4cc7-aef8-2a3c99561083 785e210d135349d685fce855a6203990 ff08cd7f6a714889918f0184c507d07b - - default default] 10.0.0.171 "GET /v2.0/networks?id=6a61b2fb-a09f-4dd2-b137-548d3662dd3e HTTP/1.1" status: 200 len: 871 time: 0.1320984
2026-04-07 01:17:42.380 10 INFO neutron.wsgi [req-f1d8be28-33c5-4cc2-bda9-1594ea45dbd0 req-4a34a154-78b8-42a9-8ef4-21890b2ad5e7 785e210d135349d685fce855a6203990 ff08cd7f6a714889918f0184c507d07b - - default default] 10.0.0.171 "GET /v2.0/quotas/ff08cd7f6a714889918f0184c507d07b HTTP/1.1" status: 200 len: 386 time: 0.0114005
2026-04-07 01:17:42.499 9 INFO neutron.db.ovn_revision_numbers_db [None req-117962ea-2536-4644-b0dd-b587a51ba490 e28d91eeda564b7e9c95d723d251ce02 443dfa9cc1ee461a931975bea200f265 - - - -] Successfully bumped revision number for resource 36ceb2c9-3d27-4ec6-ba4a-250a635fc515 (type: router_ports) to 2
