2026-04-07 01:17:42.503 9 INFO neutron.wsgi [None req-117962ea-2536-4644-b0dd-b587a51ba490 e28d91eeda564b7e9c95d723d251ce02 443dfa9cc1ee461a931975bea200f265 - - - -] 10.0.0.78 "PUT /v2.0/routers/d81b9e25-7324-4a80-a838-1f57c22077c2/add_router_interface HTTP/1.1" status: 200 len: 503 time: 1.3868005 /var/lib/openstack/lib/python3.10/site-packages/pycadf/identifier.py:71: UserWarning: Invalid uuid: neutron. To ensure interoperability, identifiers should be a valid uuid. warnings.warn(('Invalid uuid: %s. To ensure interoperability, '
2026-04-07 01:17:42.545 9 INFO neutron.wsgi [None req-0b60ec8f-0790-419e-a127-ed23a5879953 e28d91eeda564b7e9c95d723d251ce02 443dfa9cc1ee461a931975bea200f265 - - default default] 10.0.0.78 "GET /v2.0/ports/36ceb2c9-3d27-4ec6-ba4a-250a635fc515 HTTP/1.1" status: 200 len: 1135 time: 0.0350356
2026-04-07 01:17:42.579 9 INFO neutron.wsgi [None req-74c25153-2d39-4c45-a5d2-34ba5e989c78 e28d91eeda564b7e9c95d723d251ce02 443dfa9cc1ee461a931975bea200f265 - - default default] 10.0.0.78 "GET /v2.0/ports/36ceb2c9-3d27-4ec6-ba4a-250a635fc515 HTTP/1.1" status: 200 len: 1135 time: 0.0279877
2026-04-07 01:17:42.777 10 INFO neutron.wsgi [req-f1d8be28-33c5-4cc2-bda9-1594ea45dbd0 req-efaa588a-01e4-475d-ae15-ad2837f12596 785e210d135349d685fce855a6203990 ff08cd7f6a714889918f0184c507d07b - - default default] 10.0.0.171 "GET /v2.0/ports?tenant_id=ff08cd7f6a714889918f0184c507d07b&fields=id HTTP/1.1" status: 200 len: 302 time: 0.3906605
2026-04-07 01:17:42.839 10 INFO neutron.wsgi [req-f1d8be28-33c5-4cc2-bda9-1594ea45dbd0 req-3d643ec2-ae36-4ee6-92de-cc66cbe2a44f 0af61b1f3a0f4b8396f868ae7c7a61d9 e4f484039e694525971575f21e0e6b00 - - 0041f4aab5cb4ad2b9d4fd8d7cd3dc10 0041f4aab5cb4ad2b9d4fd8d7cd3dc10] 10.0.0.171 "GET /v2.0/networks/6a61b2fb-a09f-4dd2-b137-548d3662dd3e?fields=segments HTTP/1.1" status: 200 len: 212 time: 0.0547507
2026-04-07 01:17:42.910 10 INFO neutron.wsgi [req-f1d8be28-33c5-4cc2-bda9-1594ea45dbd0 req-62b2dafe-fe3d-49ef-bf5f-77eb8cc81c4a 0af61b1f3a0f4b8396f868ae7c7a61d9 e4f484039e694525971575f21e0e6b00 - - 0041f4aab5cb4ad2b9d4fd8d7cd3dc10 0041f4aab5cb4ad2b9d4fd8d7cd3dc10] 10.0.0.171 "GET /v2.0/networks/6a61b2fb-a09f-4dd2-b137-548d3662dd3e?fields=provider%3Aphysical_network&fields=provider%3Anetwork_type HTTP/1.1" status: 200 len: 277 time: 0.0610366
2026-04-07 01:17:43.036 9 INFO neutron.wsgi [req-17502b3c-afe9-4a47-81f0-97f19868418e req-8fca888a-489c-4925-bf42-9e0243db18b6 785e210d135349d685fce855a6203990 ff08cd7f6a714889918f0184c507d07b - - default default] 10.0.0.171 "GET /v2.0/ports?device_id=5825bac4-1493-4829-9980-79dfa1207531 HTTP/1.1" status: 200 len: 210 time: 0.0255723
2026-04-07 01:17:43.613 9 INFO neutron.wsgi [None req-ee336126-613a-4844-9490-9b8a3f767a02 e28d91eeda564b7e9c95d723d251ce02 443dfa9cc1ee461a931975bea200f265 - - default default] 10.0.0.78 "GET /v2.0/ports/36ceb2c9-3d27-4ec6-ba4a-250a635fc515 HTTP/1.1" status: 200 len: 1135 time: 0.0290844
2026-04-07 01:17:43.705 9 INFO neutron.wsgi [req-f1d8be28-33c5-4cc2-bda9-1594ea45dbd0 req-f3e386d8-4d96-4de5-af53-1301a2f26763 785e210d135349d685fce855a6203990 ff08cd7f6a714889918f0184c507d07b - - default default] 199.19.213.133 "GET /v2.0/networks?id=6a61b2fb-a09f-4dd2-b137-548d3662dd3e HTTP/1.1" status: 200 len: 871 time: 0.0628221
2026-04-07 01:17:44.044 9 WARNING neutron.scheduler.dhcp_agent_scheduler [None req-cf250325-a5b1-4c6f-ac81-48cb3bb31f44 785e210d135349d685fce855a6203990 ff08cd7f6a714889918f0184c507d07b - - - -] No more DHCP agents
2026-04-07 01:17:44.048 9 WARNING neutron.api.rpc.agentnotifiers.dhcp_rpc_agent_api [None req-cf250325-a5b1-4c6f-ac81-48cb3bb31f44 785e210d135349d685fce855a6203990 ff08cd7f6a714889918f0184c507d07b - - - -] Unable to schedule network 6a61b2fb-a09f-4dd2-b137-548d3662dd3e: no agents available; will retry on subsequent port and subnet creation events.
2026-04-07 01:17:44.127 10 INFO neutron.wsgi [req-f84d8241-b86a-4724-8301-b25a76be554f req-930e12cc-acc3-4a86-9830-5091fed63e33 785e210d135349d685fce855a6203990 ff08cd7f6a714889918f0184c507d07b - - default default] 10.0.0.171 "GET /v2.0/ports?device_id=5825bac4-1493-4829-9980-79dfa1207531 HTTP/1.1" status: 200 len: 1156 time: 0.0302472
2026-04-07 01:17:44.162 10 INFO neutron.wsgi [req-f84d8241-b86a-4724-8301-b25a76be554f req-d080de5f-7eaf-404c-aad0-83d0bc04fea6 785e210d135349d685fce855a6203990 ff08cd7f6a714889918f0184c507d07b - - default default] 10.0.0.171 "GET /v2.0/security-groups?id=44ab0bbd-e237-4dd3-a5b2-9bc13094a7c9&fields=id&fields=name HTTP/1.1" status: 200 len: 286 time: 0.0298545
2026-04-07 01:17:44.207 9 INFO neutron.db.ovn_revision_numbers_db [None req-cf250325-a5b1-4c6f-ac81-48cb3bb31f44 785e210d135349d685fce855a6203990 ff08cd7f6a714889918f0184c507d07b - - - -] Successfully bumped revision number for resource 939a99d6-aca0-48e9-9532-c430f3a59b14 (type: ports) to 1
2026-04-07 01:17:44.226 9 INFO neutron.wsgi [None req-cf250325-a5b1-4c6f-ac81-48cb3bb31f44 785e210d135349d685fce855a6203990 ff08cd7f6a714889918f0184c507d07b - - - -] 199.19.213.133 "POST /v2.0/ports HTTP/1.1" status: 201 len: 1158 time: 0.5123322 /var/lib/openstack/lib/python3.10/site-packages/pycadf/identifier.py:71: UserWarning: Invalid uuid: neutron. To ensure interoperability, identifiers should be a valid uuid. warnings.warn(('Invalid uuid: %s. To ensure interoperability, '
2026-04-07 01:17:44.337 10 WARNING neutron.plugins.ml2.drivers.ovn.mech_driver.ovsdb.ovn_client [None req-d973d1cf-d5bc-452b-a482-37fcd50962da - - - - - -] No hosting information found for port d648e9a1-dc41-494c-94e6-9ef1382be5b1: RuntimeError: No hosting information found for port d648e9a1-dc41-494c-94e6-9ef1382be5b1
2026-04-07 01:17:44.337 10 INFO neutron.plugins.ml2.drivers.ovn.mech_driver.mech_driver [None req-d973d1cf-d5bc-452b-a482-37fcd50962da - - - - - -] OVN reports status up for port: 36ceb2c9-3d27-4ec6-ba4a-250a635fc515
2026-04-07 01:17:44.344 10 INFO neutron.plugins.ml2.plugin [None req-d973d1cf-d5bc-452b-a482-37fcd50962da - - - - - -] Attempt 1 to provision port 36ceb2c9-3d27-4ec6-ba4a-250a635fc515
2026-04-07 01:17:44.614 9 INFO neutron.wsgi [-] 10.0.0.47 "GET / HTTP/1.1" status: 200 len: 247 time: 0.0016010
2026-04-07 01:17:44.616 9 INFO neutron.wsgi [-] 10.0.0.47 "GET / HTTP/1.1" status: 200 len: 247 time: 0.0012062
2026-04-07 01:17:44.664 9 INFO neutron.wsgi [None req-480828d9-ce41-4529-9616-d4710e93a688 e28d91eeda564b7e9c95d723d251ce02 443dfa9cc1ee461a931975bea200f265 - - default default] 10.0.0.78 "GET /v2.0/ports/36ceb2c9-3d27-4ec6-ba4a-250a635fc515 HTTP/1.1" status: 200 len: 1137 time: 0.0451901
2026-04-07 01:17:44.664 10 INFO neutron.db.ovn_revision_numbers_db [None req-d973d1cf-d5bc-452b-a482-37fcd50962da - - - - - -] Successfully bumped revision number for resource 36ceb2c9-3d27-4ec6-ba4a-250a635fc515 (type: ports) to 3
2026-04-07 01:17:44.866 10 INFO neutron.db.ovn_revision_numbers_db [None req-d973d1cf-d5bc-452b-a482-37fcd50962da - - - - - -] Successfully bumped revision number for resource 36ceb2c9-3d27-4ec6-ba4a-250a635fc515 (type: router_ports) to 3
2026-04-07 01:17:44.874 9 INFO neutron.db.ovn_revision_numbers_db [None req-fb087446-1c69-4357-9e3c-59ae5f73c100 0af61b1f3a0f4b8396f868ae7c7a61d9 e4f484039e694525971575f21e0e6b00 - - - -] Successfully bumped revision number for resource 939a99d6-aca0-48e9-9532-c430f3a59b14 (type: ports) to 2
2026-04-07 01:17:45.033 9 INFO neutron.db.ovn_revision_numbers_db [None req-fb087446-1c69-4357-9e3c-59ae5f73c100 0af61b1f3a0f4b8396f868ae7c7a61d9 e4f484039e694525971575f21e0e6b00 - - - -] Successfully bumped revision number for resource 939a99d6-aca0-48e9-9532-c430f3a59b14 (type: ports) to 2
2026-04-07 01:17:45.049 9 INFO neutron.wsgi [None req-fb087446-1c69-4357-9e3c-59ae5f73c100 0af61b1f3a0f4b8396f868ae7c7a61d9 e4f484039e694525971575f21e0e6b00 - - - -] 199.19.213.133 "PUT /v2.0/ports/939a99d6-aca0-48e9-9532-c430f3a59b14 HTTP/1.1" status: 200 len: 1328 time: 0.8151894 /var/lib/openstack/lib/python3.10/site-packages/pycadf/identifier.py:71: UserWarning: Invalid uuid: neutron. To ensure interoperability, identifiers should be a valid uuid. warnings.warn(('Invalid uuid: %s. To ensure interoperability, '
2026-04-07 01:17:45.094 9 INFO neutron.notifiers.nova [-] Nova event matching ['req-4aa784fe-fe66-46ad-8930-c1ce146e6d35'] response: {'name': 'network-changed', 'server_uuid': '5825bac4-1493-4829-9980-79dfa1207531', 'tag': '939a99d6-aca0-48e9-9532-c430f3a59b14', 'status': 'completed', 'code': 200}
2026-04-07 01:17:45.115 9 INFO neutron.wsgi [req-f1d8be28-33c5-4cc2-bda9-1594ea45dbd0 req-630a422f-1759-4634-90b4-307269826108 0af61b1f3a0f4b8396f868ae7c7a61d9 e4f484039e694525971575f21e0e6b00 - - 0041f4aab5cb4ad2b9d4fd8d7cd3dc10 0041f4aab5cb4ad2b9d4fd8d7cd3dc10] 199.19.213.133 "GET /v2.0/ports?tenant_id=ff08cd7f6a714889918f0184c507d07b&device_id=5825bac4-1493-4829-9980-79dfa1207531 HTTP/1.1" status: 200 len: 1359 time: 0.0323935
2026-04-07 01:17:45.144 9 INFO neutron.wsgi [req-f1d8be28-33c5-4cc2-bda9-1594ea45dbd0 req-5cf27a24-d4e2-430e-a40d-dad833da3734 0af61b1f3a0f4b8396f868ae7c7a61d9 e4f484039e694525971575f21e0e6b00 - - 0041f4aab5cb4ad2b9d4fd8d7cd3dc10 0041f4aab5cb4ad2b9d4fd8d7cd3dc10] 199.19.213.133 "GET /v2.0/floatingips?fixed_ip_address=10.100.0.8&port_id=939a99d6-aca0-48e9-9532-c430f3a59b14 HTTP/1.1" status: 200 len: 217 time: 0.0233998
2026-04-07 01:17:45.182 9 INFO neutron.wsgi [req-f1d8be28-33c5-4cc2-bda9-1594ea45dbd0 req-678683af-d8d9-4c39-b534-a3389f636458 0af61b1f3a0f4b8396f868ae7c7a61d9 e4f484039e694525971575f21e0e6b00 - - 0041f4aab5cb4ad2b9d4fd8d7cd3dc10 0041f4aab5cb4ad2b9d4fd8d7cd3dc10] 199.19.213.133 "GET /v2.0/subnets?id=a0297ced-684e-4560-8182-5cdd8fddbe6b HTTP/1.1" status: 200 len: 865 time: 0.0315807
2026-04-07 01:17:45.208 9 INFO neutron.wsgi [req-f1d8be28-33c5-4cc2-bda9-1594ea45dbd0 req-ccfd64fe-f6a7-4bdd-8550-cf0a41871de3 0af61b1f3a0f4b8396f868ae7c7a61d9 e4f484039e694525971575f21e0e6b00 - - 0041f4aab5cb4ad2b9d4fd8d7cd3dc10 0041f4aab5cb4ad2b9d4fd8d7cd3dc10] 199.19.213.133 "GET /v2.0/ports?network_id=6a61b2fb-a09f-4dd2-b137-548d3662dd3e&device_owner=network%3Adhcp HTTP/1.1" status: 200 len: 210 time: 0.0190129
2026-04-07 01:17:45.282 9 INFO neutron.wsgi [req-f1d8be28-33c5-4cc2-bda9-1594ea45dbd0 req-4321a9e3-86c7-4211-85d5-55fbdad4c6ce 0af61b1f3a0f4b8396f868ae7c7a61d9 e4f484039e694525971575f21e0e6b00 - - 0041f4aab5cb4ad2b9d4fd8d7cd3dc10 0041f4aab5cb4ad2b9d4fd8d7cd3dc10] 199.19.213.133 "GET /v2.0/networks/6a61b2fb-a09f-4dd2-b137-548d3662dd3e?fields=segments HTTP/1.1" status: 200 len: 212 time: 0.0651164
2026-04-07 01:17:45.305 10 INFO neutron.wsgi [req-82f6cf5d-d8be-4f0d-be18-0ee7b8868a94 req-d95ce0b4-55a2-40bf-8a97-85a5511c6f92 785e210d135349d685fce855a6203990 ff08cd7f6a714889918f0184c507d07b - - default default] 10.0.0.171 "GET /v2.0/ports?device_id=5825bac4-1493-4829-9980-79dfa1207531 HTTP/1.1" status: 200 len: 1168 time: 0.0677164
2026-04-07 01:17:45.352 9 INFO neutron.wsgi [req-f1d8be28-33c5-4cc2-bda9-1594ea45dbd0 req-6cc1e0ce-a36d-4945-8b52-f8243a4c90c7 0af61b1f3a0f4b8396f868ae7c7a61d9 e4f484039e694525971575f21e0e6b00 - - 0041f4aab5cb4ad2b9d4fd8d7cd3dc10 0041f4aab5cb4ad2b9d4fd8d7cd3dc10] 199.19.213.133 "GET /v2.0/networks/6a61b2fb-a09f-4dd2-b137-548d3662dd3e?fields=provider%3Aphysical_network&fields=provider%3Anetwork_type HTTP/1.1" status: 200 len: 277 time: 0.0645525
2026-04-07 01:17:45.359 10 INFO neutron.wsgi [req-82f6cf5d-d8be-4f0d-be18-0ee7b8868a94 req-e523d921-9a84-4e76-984e-064982a5de0d 785e210d135349d685fce855a6203990 ff08cd7f6a714889918f0184c507d07b - - default default] 10.0.0.171 "GET /v2.0/security-groups?id=44ab0bbd-e237-4dd3-a5b2-9bc13094a7c9&fields=id&fields=name HTTP/1.1" status: 200 len: 286 time: 0.0369356
2026-04-07 01:17:45.436 9 INFO neutron.wsgi [req-cd8ff2b8-0b67-42a9-8a55-b9d028fdb6fa req-13d60571-cb89-4a93-8e58-9b705bc3e3b3 0af61b1f3a0f4b8396f868ae7c7a61d9 e4f484039e694525971575f21e0e6b00 - - 0041f4aab5cb4ad2b9d4fd8d7cd3dc10 0041f4aab5cb4ad2b9d4fd8d7cd3dc10] 199.19.213.133 "GET /v2.0/ports?tenant_id=ff08cd7f6a714889918f0184c507d07b&device_id=5825bac4-1493-4829-9980-79dfa1207531 HTTP/1.1" status: 200 len: 1359 time: 0.0405993
2026-04-07 01:17:45.437 10 INFO neutron.wsgi [None req-9dccc776-6cd8-442c-a311-2075f526f036 e28d91eeda564b7e9c95d723d251ce02 443dfa9cc1ee461a931975bea200f265 - - - -] 10.0.0.78 "PUT /v2.0/routers/d81b9e25-7324-4a80-a838-1f57c22077c2/remove_router_interface HTTP/1.1" status: 200 len: 503 time: 0.7659283 /var/lib/openstack/lib/python3.10/site-packages/pycadf/identifier.py:71: UserWarning: Invalid uuid: neutron. To ensure interoperability, identifiers should be a valid uuid. warnings.warn(('Invalid uuid: %s. To ensure interoperability, '
2026-04-07 01:17:45.487 10 INFO neutron.wsgi [None req-a609877f-1ddc-4da4-b4b7-8c1583b5ef61 e28d91eeda564b7e9c95d723d251ce02 443dfa9cc1ee461a931975bea200f265 - - default default] 10.0.0.78 "GET /v2.0/ports?device_id=d81b9e25-7324-4a80-a838-1f57c22077c2 HTTP/1.1" status: 200 len: 205 time: 0.0446539
2026-04-07 01:17:45.526 9 INFO neutron.wsgi [req-cd8ff2b8-0b67-42a9-8a55-b9d028fdb6fa req-555840d6-d620-4c0f-ba4c-a79e471111cf 0af61b1f3a0f4b8396f868ae7c7a61d9 e4f484039e694525971575f21e0e6b00 - - 0041f4aab5cb4ad2b9d4fd8d7cd3dc10 0041f4aab5cb4ad2b9d4fd8d7cd3dc10] 199.19.213.133 "GET /v2.0/networks?id=6a61b2fb-a09f-4dd2-b137-548d3662dd3e HTTP/1.1" status: 200 len: 970 time: 0.0852091
2026-04-07 01:17:45.564 9 INFO neutron.wsgi [req-cd8ff2b8-0b67-42a9-8a55-b9d028fdb6fa req-425b60b0-953d-4021-9b2d-b13c7a7018b4 0af61b1f3a0f4b8396f868ae7c7a61d9 e4f484039e694525971575f21e0e6b00 - - 0041f4aab5cb4ad2b9d4fd8d7cd3dc10 0041f4aab5cb4ad2b9d4fd8d7cd3dc10] 199.19.213.133 "GET /v2.0/floatingips?fixed_ip_address=10.100.0.8&port_id=939a99d6-aca0-48e9-9532-c430f3a59b14 HTTP/1.1" status: 200 len: 217 time: 0.0326850
2026-04-07 01:17:45.613 9 INFO neutron.wsgi [req-cd8ff2b8-0b67-42a9-8a55-b9d028fdb6fa req-a2e305b3-af29-4571-a0a4-c11236a9ff88 0af61b1f3a0f4b8396f868ae7c7a61d9 e4f484039e694525971575f21e0e6b00 - - 0041f4aab5cb4ad2b9d4fd8d7cd3dc10 0041f4aab5cb4ad2b9d4fd8d7cd3dc10] 199.19.213.133 "GET /v2.0/subnets?id=a0297ced-684e-4560-8182-5cdd8fddbe6b HTTP/1.1" status: 200 len: 865 time: 0.0446329
2026-04-07 01:17:45.650 9 INFO neutron.wsgi [req-cd8ff2b8-0b67-42a9-8a55-b9d028fdb6fa req-95498d6e-43f8-4a8c-9f39-6fea5c1e4af0 0af61b1f3a0f4b8396f868ae7c7a61d9 e4f484039e694525971575f21e0e6b00 - - 0041f4aab5cb4ad2b9d4fd8d7cd3dc10 0041f4aab5cb4ad2b9d4fd8d7cd3dc10] 199.19.213.133 "GET /v2.0/ports?network_id=6a61b2fb-a09f-4dd2-b137-548d3662dd3e&device_owner=network%3Adhcp HTTP/1.1" status: 200 len: 210 time: 0.0290341
2026-04-07 01:17:45.722 9 INFO neutron.wsgi [req-cd8ff2b8-0b67-42a9-8a55-b9d028fdb6fa req-31428fb0-a6c2-413a-b962-aee5844e780b 0af61b1f3a0f4b8396f868ae7c7a61d9 e4f484039e694525971575f21e0e6b00 - - 0041f4aab5cb4ad2b9d4fd8d7cd3dc10 0041f4aab5cb4ad2b9d4fd8d7cd3dc10] 199.19.213.133 "GET /v2.0/networks/6a61b2fb-a09f-4dd2-b137-548d3662dd3e?fields=segments HTTP/1.1" status: 200 len: 212 time: 0.0675786
2026-04-07 01:17:45.725 10 INFO neutron.wsgi [None req-f61f2a0b-ea45-441c-996f-ea8be1647bd6 e28d91eeda564b7e9c95d723d251ce02 443dfa9cc1ee461a931975bea200f265 - - - -] 10.0.0.78 "DELETE /v2.0/routers/d81b9e25-7324-4a80-a838-1f57c22077c2 HTTP/1.1" status: 204 len: 168 time: 0.2333257
2026-04-07 01:17:45.811 9 INFO neutron.wsgi [req-cd8ff2b8-0b67-42a9-8a55-b9d028fdb6fa req-bbd13b8a-131b-4640-91e0-caec73c404d0 0af61b1f3a0f4b8396f868ae7c7a61d9 e4f484039e694525971575f21e0e6b00 - - 0041f4aab5cb4ad2b9d4fd8d7cd3dc10 0041f4aab5cb4ad2b9d4fd8d7cd3dc10] 199.19.213.133 "GET /v2.0/networks/6a61b2fb-a09f-4dd2-b137-548d3662dd3e?fields=provider%3Aphysical_network&fields=provider%3Anetwork_type HTTP/1.1" status: 200 len: 277 time: 0.0763600
2026-04-07 01:17:45.963 10 INFO neutron.wsgi [None req-4076417a-ab84-4932-bcbf-bd38b06bb370 e28d91eeda564b7e9c95d723d251ce02 443dfa9cc1ee461a931975bea200f265 - - - -] 10.0.0.78 "DELETE /v2.0/subnets/cc9d12f8-b010-4836-bf21-4c5bd6b25d01 HTTP/1.1" status: 204 len: 168 time: 0.2317715
2026-04-07 01:17:46.339 10 INFO neutron.services.segments.plugin [-] Segment 093e5bb6-e45c-430a-898d-3a916c371f56 resource provider aggregate not found
2026-04-07 01:17:46.356 10 INFO neutron.services.segments.plugin [-] Segment 093e5bb6-e45c-430a-898d-3a916c371f56 resource provider aggregate not found
2026-04-07 01:17:46.361 10 INFO neutron.services.segments.plugin [-] Segment 093e5bb6-e45c-430a-898d-3a916c371f56 resource provider not found; error: Placement Client Error (4xx): {"errors": [{"status": 404, "title": "Not Found", "detail": "The resource could not be found.\n\n No resource provider with uuid 093e5bb6-e45c-430a-898d-3a916c371f56 found for delete ", "request_id": "req-d3343829-1b4c-4b5b-aa6f-7fe0aa2b75f7"}]}
2026-04-07 01:17:46.380 10 INFO neutron.services.segments.plugin [-] Segment 093e5bb6-e45c-430a-898d-3a916c371f56 resource provider not found; error: Placement Client Error (4xx): {"errors": [{"status": 404, "title": "Not Found", "detail": "The resource could not be found.\n\n No resource provider with uuid 093e5bb6-e45c-430a-898d-3a916c371f56 found for delete ", "request_id": "req-cd96e4be-bed7-44fe-867e-2b9dc04562de"}]}
2026-04-07 01:17:46.389 10 INFO neutron.wsgi [None req-79c50f93-9fa1-44a1-87b0-cddaeb26c1c5 e28d91eeda564b7e9c95d723d251ce02 443dfa9cc1ee461a931975bea200f265 - - - -] 10.0.0.78 "DELETE /v2.0/networks/692a2157-7f20-4b5c-9299-aac6752ab61b HTTP/1.1" status: 204 len: 168 time: 0.4211547
2026-04-07 01:17:46.459 10 INFO neutron.wsgi [req-903aa807-d024-462e-93ad-f33612be7977 req-7ed97925-9298-49e8-8602-ed444d14429e 785e210d135349d685fce855a6203990 ff08cd7f6a714889918f0184c507d07b - - default default] 10.0.0.171 "GET /v2.0/ports?device_id=5825bac4-1493-4829-9980-79dfa1207531 HTTP/1.1" status: 200 len: 1168 time: 0.0337195
2026-04-07 01:17:46.501 10 INFO neutron.wsgi [req-903aa807-d024-462e-93ad-f33612be7977 req-1d7d7a64-6607-433f-b728-cb0ec2a575cb 785e210d135349d685fce855a6203990 ff08cd7f6a714889918f0184c507d07b - - default default] 10.0.0.171 "GET /v2.0/security-groups?id=44ab0bbd-e237-4dd3-a5b2-9bc13094a7c9&fields=id&fields=name HTTP/1.1" status: 200 len: 286 time: 0.0322411
2026-04-07 01:17:46.836 9 WARNING neutron.scheduler.dhcp_agent_scheduler [None req-63fefd21-b90f-4f0b-ae4a-2cee96d44689 e28d91eeda564b7e9c95d723d251ce02 443dfa9cc1ee461a931975bea200f265 - - - -] No more DHCP agents
2026-04-07 01:17:46.838 9 WARNING neutron.api.rpc.agentnotifiers.dhcp_rpc_agent_api [None req-63fefd21-b90f-4f0b-ae4a-2cee96d44689 e28d91eeda564b7e9c95d723d251ce02 443dfa9cc1ee461a931975bea200f265 - - - -] Unable to schedule network 97a2ea9d-c987-4844-aa76-716df499f90b: no agents available; will retry on subsequent port and subnet creation events.
2026-04-07 01:17:46.972 9 INFO neutron.db.ovn_revision_numbers_db [None req-63fefd21-b90f-4f0b-ae4a-2cee96d44689 e28d91eeda564b7e9c95d723d251ce02 443dfa9cc1ee461a931975bea200f265 - - - -] Successfully bumped revision number for resource 764482eb-d181-4abd-ac63-30032106d6e5 (type: ports) to 1
2026-04-07 01:17:46.976 10 INFO neutron.db.ovn_revision_numbers_db [None req-72b9a5e5-7623-4fe7-8f4a-d0978e585312 2de2ec4e10b5434699edd7d80aea63a2 376d36ea2fb84aeca058828a48b1fc4b - - default default] Successfully bumped revision number for resource 33760f1b-bf56-48dd-8630-308d448e183e (type: security_groups) to 1
2026-04-07 01:17:47.000 10 INFO neutron.wsgi [None req-72b9a5e5-7623-4fe7-8f4a-d0978e585312 2de2ec4e10b5434699edd7d80aea63a2 376d36ea2fb84aeca058828a48b1fc4b - - default default] 10.0.0.78 "GET /v2.0/security-groups?tenant_id=8f9e7299d5194794ae62189adf2b16ed&name=default HTTP/1.1" status: 200 len: 2996 time: 0.2396319
2026-04-07 01:17:47.179 10 INFO neutron.wsgi [None req-cbd677b8-0dca-41c1-afe6-e8144c79dc28 2de2ec4e10b5434699edd7d80aea63a2 376d36ea2fb84aeca058828a48b1fc4b - - - -] 10.0.0.78 "DELETE /v2.0/security-groups/33760f1b-bf56-48dd-8630-308d448e183e HTTP/1.1" status: 204 len: 168 time: 0.1729062
2026-04-07 01:17:47.587 9 INFO neutron.db.ovn_revision_numbers_db [None req-63fefd21-b90f-4f0b-ae4a-2cee96d44689 e28d91eeda564b7e9c95d723d251ce02 443dfa9cc1ee461a931975bea200f265 - - - -] Successfully bumped revision number for resource 764482eb-d181-4abd-ac63-30032106d6e5 (type: router_ports) to 1
2026-04-07 01:17:47.672 9 INFO neutron.wsgi [req-236b9b66-2c2f-45a5-bd63-b53a9351799f req-f5cb8596-44d8-40a0-9ee2-c762f89825e6 785e210d135349d685fce855a6203990 ff08cd7f6a714889918f0184c507d07b - - default default] 10.0.0.171 "GET /v2.0/ports?device_id=5825bac4-1493-4829-9980-79dfa1207531 HTTP/1.1" status: 200 len: 1168 time: 0.1061039
2026-04-07 01:17:47.672 9 INFO neutron.db.ovn_revision_numbers_db [None req-63fefd21-b90f-4f0b-ae4a-2cee96d44689 e28d91eeda564b7e9c95d723d251ce02 443dfa9cc1ee461a931975bea200f265 - - - -] Successfully bumped revision number for resource 91bc8c6b-5d77-43df-a783-76e2991b8def (type: routers) to 3
2026-04-07 01:17:47.692 9 INFO neutron.wsgi [None req-63fefd21-b90f-4f0b-ae4a-2cee96d44689 e28d91eeda564b7e9c95d723d251ce02 443dfa9cc1ee461a931975bea200f265 - - - -] 10.0.0.78 "POST /v2.0/routers HTTP/1.1" status: 201 len: 867 time: 1.2971756
2026-04-07 01:17:47.708 9 INFO neutron.wsgi [req-236b9b66-2c2f-45a5-bd63-b53a9351799f req-9d39fd13-7397-493b-b536-c79fd7990b88 785e210d135349d685fce855a6203990 ff08cd7f6a714889918f0184c507d07b - - default default] 10.0.0.171 "GET /v2.0/security-groups?id=44ab0bbd-e237-4dd3-a5b2-9bc13094a7c9&fields=id&fields=name HTTP/1.1" status: 200 len: 286 time: 0.0298376
2026-04-07 01:17:47.771 10 INFO neutron.wsgi [None req-8ed85ba5-e204-45b3-ad27-5275c508b557 e28d91eeda564b7e9c95d723d251ce02 443dfa9cc1ee461a931975bea200f265 - - default default] 10.0.0.78 "GET /v2.0/routers/91bc8c6b-5d77-43df-a783-76e2991b8def HTTP/1.1" status: 200 len: 868 time: 0.0734618
2026-04-07 01:17:47.848 10 INFO neutron.wsgi [None req-b982c4b8-5387-4455-a702-5836af72ec14 e28d91eeda564b7e9c95d723d251ce02 443dfa9cc1ee461a931975bea200f265 - - default default] 10.0.0.78 "GET /v2.0/routers HTTP/1.1" status: 200 len: 871 time: 0.0717955
2026-04-07 01:17:48.284 10 INFO neutron.db.ovn_revision_numbers_db [None req-846d029f-119c-4c63-89ec-7cbf420607ca e28d91eeda564b7e9c95d723d251ce02 443dfa9cc1ee461a931975bea200f265 - - - -] Successfully bumped revision number for resource 91bc8c6b-5d77-43df-a783-76e2991b8def (type: routers) to 4
2026-04-07 01:17:48.287 10 INFO neutron.wsgi [None req-846d029f-119c-4c63-89ec-7cbf420607ca e28d91eeda564b7e9c95d723d251ce02 443dfa9cc1ee461a931975bea200f265 - - - -] 10.0.0.78 "PUT /v2.0/routers/91bc8c6b-5d77-43df-a783-76e2991b8def HTTP/1.1" status: 200 len: 875 time: 0.4344959
2026-04-07 01:17:48.638 10 INFO neutron.wsgi [None req-1a17fd45-1162-47d8-8b1d-dedb44726eff e28d91eeda564b7e9c95d723d251ce02 443dfa9cc1ee461a931975bea200f265 - - default default] 10.0.0.78 "GET /v2.0/routers/91bc8c6b-5d77-43df-a783-76e2991b8def HTTP/1.1" status: 200 len: 875 time: 0.3447065
2026-04-07 01:17:48.669 10 INFO neutron.wsgi [None req-482b14c0-5a2e-42ce-95f0-6d4424cbe32c e28d91eeda564b7e9c95d723d251ce02 443dfa9cc1ee461a931975bea200f265 - - default default] 10.0.0.78 "GET /v2.0/ports?device_id=91bc8c6b-5d77-43df-a783-76e2991b8def HTTP/1.1" status: 200 len: 205 time: 0.0254159
2026-04-07 01:17:48.878 10 INFO neutron.wsgi [req-72c91c45-7eed-4b31-a8d0-4f68cd6d75a4 req-531457af-5575-470e-8d24-69830019e110 785e210d135349d685fce855a6203990 ff08cd7f6a714889918f0184c507d07b - - default default] 10.0.0.171 "GET /v2.0/ports?device_id=5825bac4-1493-4829-9980-79dfa1207531 HTTP/1.1" status: 200 len: 1168 time: 0.1107733
2026-04-07 01:17:48.918 10 INFO neutron.wsgi [req-72c91c45-7eed-4b31-a8d0-4f68cd6d75a4 req-2d3f8e0e-867c-41f1-a4a1-edb4112cc62d 785e210d135349d685fce855a6203990 ff08cd7f6a714889918f0184c507d07b - - default default] 10.0.0.171 "GET /v2.0/security-groups?id=44ab0bbd-e237-4dd3-a5b2-9bc13094a7c9&fields=id&fields=name HTTP/1.1" status: 200 len: 286 time: 0.0317006
2026-04-07 01:17:49.363 10 INFO neutron.wsgi [None req-6a382c2f-155e-477f-8f5c-44a32989021a e28d91eeda564b7e9c95d723d251ce02 443dfa9cc1ee461a931975bea200f265 - - - -] 10.0.0.78 "DELETE /v2.0/routers/91bc8c6b-5d77-43df-a783-76e2991b8def HTTP/1.1" status: 204 len: 168 time: 0.6897879
2026-04-07 01:17:49.391 10 INFO neutron.wsgi [None req-e2608f7a-8f31-41c0-807c-54269e5cfd2a e28d91eeda564b7e9c95d723d251ce02 443dfa9cc1ee461a931975bea200f265 - - default default] 10.0.0.78 "GET /v2.0/ports?device_id=91bc8c6b-5d77-43df-a783-76e2991b8def HTTP/1.1" status: 200 len: 205 time: 0.0217946
2026-04-07 01:17:49.421 10 INFO neutron.api.v2.resource [None req-4be91413-742e-4d0c-8185-d3817e4238c1 e28d91eeda564b7e9c95d723d251ce02 443dfa9cc1ee461a931975bea200f265 - - - -] delete failed (client error): The resource could not be found.
2026-04-07 01:17:49.423 10 INFO neutron.wsgi [None req-4be91413-742e-4d0c-8185-d3817e4238c1 e28d91eeda564b7e9c95d723d251ce02 443dfa9cc1ee461a931975bea200f265 - - - -] 10.0.0.78 "DELETE /v2.0/routers/91bc8c6b-5d77-43df-a783-76e2991b8def HTTP/1.1" status: 404 len: 336 time: 0.0259922
2026-04-07 01:17:49.470 10 INFO neutron.wsgi [None req-4b611855-760c-4bda-b9da-351318233f29 e28d91eeda564b7e9c95d723d251ce02 443dfa9cc1ee461a931975bea200f265 - - default default] 10.0.0.78 "GET /v2.0/ports?device_id=d81b9e25-7324-4a80-a838-1f57c22077c2 HTTP/1.1" status: 200 len: 205 time: 0.0413771
2026-04-07 01:17:49.517 9 INFO neutron.api.v2.resource [None req-22b16da3-dd0a-40a1-bb81-3df195b69538 e28d91eeda564b7e9c95d723d251ce02 443dfa9cc1ee461a931975bea200f265 - - - -] delete failed (client error): The resource could not be found.
2026-04-07 01:17:49.518 9 INFO neutron.wsgi [None req-22b16da3-dd0a-40a1-bb81-3df195b69538 e28d91eeda564b7e9c95d723d251ce02 443dfa9cc1ee461a931975bea200f265 - - - -] 10.0.0.78 "DELETE /v2.0/routers/d81b9e25-7324-4a80-a838-1f57c22077c2 HTTP/1.1" status: 404 len: 336 time: 0.0431402
2026-04-07 01:17:49.549 9 INFO neutron.pecan_wsgi.hooks.translation [None req-0176e5e6-8349-4558-8ff6-fc8808077a2e e28d91eeda564b7e9c95d723d251ce02 443dfa9cc1ee461a931975bea200f265 - - - -] DELETE failed (client error): The resource could not be found.
2026-04-07 01:17:49.552 9 INFO neutron.wsgi [None req-0176e5e6-8349-4558-8ff6-fc8808077a2e e28d91eeda564b7e9c95d723d251ce02 443dfa9cc1ee461a931975bea200f265 - - - -] 10.0.0.78 "DELETE /v2.0/subnets/cc9d12f8-b010-4836-bf21-4c5bd6b25d01 HTTP/1.1" status: 404 len: 337 time: 0.0288706
2026-04-07 01:17:49.584 9 INFO neutron.wsgi [None req-69a1e1fe-87ef-480f-9d6b-2bbf734474ab e28d91eeda564b7e9c95d723d251ce02 443dfa9cc1ee461a931975bea200f265 - - default default] 10.0.0.78 "GET /v2.0/ports?device_id=e4ab0f89-1ded-4178-ae85-ad6a827bdfa8 HTTP/1.1" status: 200 len: 205 time: 0.0280688
2026-04-07 01:17:49.614 9 INFO neutron.api.v2.resource [None req-edd33c85-d06a-407a-9430-5c11e4916aca e28d91eeda564b7e9c95d723d251ce02 443dfa9cc1ee461a931975bea200f265 - - - -] delete failed (client error): The resource could not be found.
2026-04-07 01:17:49.616 9 INFO neutron.wsgi [None req-edd33c85-d06a-407a-9430-5c11e4916aca e28d91eeda564b7e9c95d723d251ce02 443dfa9cc1ee461a931975bea200f265 - - - -] 10.0.0.78 "DELETE /v2.0/routers/e4ab0f89-1ded-4178-ae85-ad6a827bdfa8 HTTP/1.1" status: 404 len: 336 time: 0.0270348
2026-04-07 01:17:49.645 9 INFO neutron.pecan_wsgi.hooks.translation [None req-c9c3f528-e704-438f-b4b8-2861cfbc3af0 e28d91eeda564b7e9c95d723d251ce02 443dfa9cc1ee461a931975bea200f265 - - - -] DELETE failed (client error): The resource could not be found.
2026-04-07 01:17:49.647 9 INFO neutron.wsgi [None req-c9c3f528-e704-438f-b4b8-2861cfbc3af0 e28d91eeda564b7e9c95d723d251ce02 443dfa9cc1ee461a931975bea200f265 - - - -] 10.0.0.78 "DELETE /v2.0/subnets/de3d38db-8260-431a-b41a-beddfbce984d HTTP/1.1" status: 404 len: 337 time: 0.0257087
2026-04-07 01:17:49.674 9 INFO neutron.wsgi [None req-7e342f44-8c57-463b-8ca9-e26e3578e503 e28d91eeda564b7e9c95d723d251ce02 443dfa9cc1ee461a931975bea200f265 - - default default] 10.0.0.78 "GET /v2.0/ports?device_id=e0d2c554-be04-446e-9284-e3c35752e315 HTTP/1.1" status: 200 len: 205 time: 0.0225170
2026-04-07 01:17:49.719 9 INFO neutron.api.v2.resource [None req-95d9ca83-5ca3-4134-8cab-76c25007ba57 e28d91eeda564b7e9c95d723d251ce02 443dfa9cc1ee461a931975bea200f265 - - - -] delete failed (client error): The resource could not be found.
2026-04-07 01:17:49.721 9 INFO neutron.wsgi [None req-95d9ca83-5ca3-4134-8cab-76c25007ba57 e28d91eeda564b7e9c95d723d251ce02 443dfa9cc1ee461a931975bea200f265 - - - -] 10.0.0.78 "DELETE /v2.0/routers/e0d2c554-be04-446e-9284-e3c35752e315 HTTP/1.1" status: 404 len: 336 time: 0.0271223
2026-04-07 01:17:49.744 9 INFO neutron.pecan_wsgi.hooks.translation [None req-baf9c404-b38f-4bad-abb4-93c55710be59 e28d91eeda564b7e9c95d723d251ce02 443dfa9cc1ee461a931975bea200f265 - - - -] DELETE failed (client error): The resource could not be found.
2026-04-07 01:17:49.746 9 INFO neutron.wsgi [None req-baf9c404-b38f-4bad-abb4-93c55710be59 e28d91eeda564b7e9c95d723d251ce02 443dfa9cc1ee461a931975bea200f265 - - - -] 10.0.0.78 "DELETE /v2.0/subnets/4d21b5d0-fb3f-4cdb-9696-dd823fcc5d8b HTTP/1.1" status: 404 len: 337 time: 0.0212567
2026-04-07 01:17:49.772 9 INFO neutron.pecan_wsgi.hooks.translation [None req-d23c4790-9b3d-4241-8546-38d3433317cf e28d91eeda564b7e9c95d723d251ce02 443dfa9cc1ee461a931975bea200f265 - - - -] DELETE failed (client error): The resource could not be found.
2026-04-07 01:17:49.774 9 INFO neutron.wsgi [None req-d23c4790-9b3d-4241-8546-38d3433317cf e28d91eeda564b7e9c95d723d251ce02 443dfa9cc1ee461a931975bea200f265 - - - -] 10.0.0.78 "DELETE /v2.0/subnets/42aff1ea-801f-4770-a858-11b0a4d44cf3 HTTP/1.1" status: 404 len: 337 time: 0.0231409
2026-04-07 01:17:49.989 10 WARNING neutron.plugins.ml2.drivers.ovn.mech_driver.ovsdb.ovn_client [None req-d973d1cf-d5bc-452b-a482-37fcd50962da - - - - - -] No port found with ID 36ceb2c9-3d27-4ec6-ba4a-250a635fc515: RuntimeError: No port found with ID 36ceb2c9-3d27-4ec6-ba4a-250a635fc515
2026-04-07 01:17:49.990 10 INFO neutron.plugins.ml2.drivers.ovn.mech_driver.mech_driver [None req-d973d1cf-d5bc-452b-a482-37fcd50962da - - - - - -] OVN reports status up for port: 939a99d6-aca0-48e9-9532-c430f3a59b14
2026-04-07 01:17:49.998 10 INFO neutron.plugins.ml2.plugin [None req-d973d1cf-d5bc-452b-a482-37fcd50962da - - - - - -] Attempt 1 to provision port 939a99d6-aca0-48e9-9532-c430f3a59b14
2026-04-07 01:17:50.015 9 INFO neutron.wsgi [req-0eb4cc5b-3f17-45b0-8355-f3cd6b14a358 req-874abdcb-4f4e-421d-84cd-6dd0de509a53 785e210d135349d685fce855a6203990 ff08cd7f6a714889918f0184c507d07b - - default default] 10.0.0.171 "GET /v2.0/ports?device_id=5825bac4-1493-4829-9980-79dfa1207531 HTTP/1.1" status: 200 len: 1168 time: 0.0368369
2026-04-07 01:17:50.051 9 INFO neutron.wsgi [req-0eb4cc5b-3f17-45b0-8355-f3cd6b14a358 req-a0f9410e-dba9-412c-b2cb-d952cd3d8aa4 785e210d135349d685fce855a6203990 ff08cd7f6a714889918f0184c507d07b - - default default] 10.0.0.171 "GET /v2.0/security-groups?id=44ab0bbd-e237-4dd3-a5b2-9bc13094a7c9&fields=id&fields=name HTTP/1.1" status: 200 len: 286 time: 0.0313213
2026-04-07 01:17:50.103 10 INFO neutron.notifiers.nova [-] Nova event matching ['req-2641f768-51d7-4376-9dd7-2312c027667b'] response: {'server_uuid': '5825bac4-1493-4829-9980-79dfa1207531', 'name': 'network-vif-plugged', 'status': 'completed', 'tag': '939a99d6-aca0-48e9-9532-c430f3a59b14', 'code': 200}
2026-04-07 01:17:50.309 10 INFO neutron.db.ovn_revision_numbers_db [None req-d973d1cf-d5bc-452b-a482-37fcd50962da - - - - - -] Successfully bumped revision number for resource 939a99d6-aca0-48e9-9532-c430f3a59b14 (type: ports) to 4
2026-04-07 01:17:50.360 10 INFO neutron.plugins.ml2.drivers.ovn.mech_driver.mech_driver [None req-d973d1cf-d5bc-452b-a482-37fcd50962da - - - - - -] OVN reports status up for port: 764482eb-d181-4abd-ac63-30032106d6e5 /var/lib/openstack/lib/python3.10/site-packages/pycadf/identifier.py:71: UserWarning: Invalid uuid: neutron. To ensure interoperability, identifiers should be a valid uuid. warnings.warn(('Invalid uuid: %s. To ensure interoperability, '
2026-04-07 01:17:50.491 10 INFO neutron.wsgi [None req-3c977b6c-721c-4d36-80ab-c8a49d090b75 2de2ec4e10b5434699edd7d80aea63a2 376d36ea2fb84aeca058828a48b1fc4b - - default default] 10.0.0.78 "GET /v2.0/security-groups?tenant_id=443dfa9cc1ee461a931975bea200f265&name=default HTTP/1.1" status: 200 len: 2996 time: 0.2208230
2026-04-07 01:17:50.673 10 INFO neutron.wsgi [None req-ab850252-99d4-45bb-88c7-ba72c4880dc2 2de2ec4e10b5434699edd7d80aea63a2 376d36ea2fb84aeca058828a48b1fc4b - - - -] 10.0.0.78 "DELETE /v2.0/security-groups/c0401a9e-7a92-4feb-a277-4d4176610202 HTTP/1.1" status: 204 len: 168 time: 0.1773765
2026-04-07 01:17:51.154 9 INFO neutron.wsgi [req-62562fab-99f2-4ea5-89a0-17fd4ce9081b req-12cdcf97-5040-4aa4-a390-b3cafb8e3369 785e210d135349d685fce855a6203990 ff08cd7f6a714889918f0184c507d07b - - default default] 10.0.0.171 "GET /v2.0/ports?device_id=5825bac4-1493-4829-9980-79dfa1207531 HTTP/1.1" status: 200 len: 1170 time: 0.0304441
2026-04-07 01:17:51.189 9 INFO neutron.wsgi [req-62562fab-99f2-4ea5-89a0-17fd4ce9081b req-c13c431b-5461-4ecd-991e-9b50cb04931d 785e210d135349d685fce855a6203990 ff08cd7f6a714889918f0184c507d07b - - default default] 10.0.0.171 "GET /v2.0/security-groups?id=44ab0bbd-e237-4dd3-a5b2-9bc13094a7c9&fields=id&fields=name HTTP/1.1" status: 200 len: 286 time: 0.0300367
2026-04-07 01:17:51.755 9 INFO neutron.wsgi [req-8a5ba834-de24-4842-a372-ab126f7631ba req-fa464993-dc05-4f5b-b9b8-b51b8b1d71fd 785e210d135349d685fce855a6203990 ff08cd7f6a714889918f0184c507d07b - - default default] 10.0.0.171 "GET /v2.0/ports?device_id=5825bac4-1493-4829-9980-79dfa1207531 HTTP/1.1" status: 200 len: 1170 time: 0.0587356
2026-04-07 01:17:51.763 10 INFO neutron.plugins.ml2.drivers.ovn.mech_driver.mech_driver [None req-d973d1cf-d5bc-452b-a482-37fcd50962da - - - - - -] OVN reports status down for port: 939a99d6-aca0-48e9-9532-c430f3a59b14
2026-04-07 01:17:51.796 9 INFO neutron.wsgi [req-8a5ba834-de24-4842-a372-ab126f7631ba req-b6b26510-0810-40ce-b5c8-1954e7ac093c 785e210d135349d685fce855a6203990 ff08cd7f6a714889918f0184c507d07b - - default default] 10.0.0.171 "GET /v2.0/security-groups?id=44ab0bbd-e237-4dd3-a5b2-9bc13094a7c9&fields=id&fields=name HTTP/1.1" status: 200 len: 286 time: 0.0339715
2026-04-07 01:17:52.036 9 INFO neutron.wsgi [req-1f9bb46e-953f-4f4e-a02f-972c874b4f6d req-d070acc5-2a11-47ae-8653-f276a2d8358a 785e210d135349d685fce855a6203990 ff08cd7f6a714889918f0184c507d07b - - default default] 199.19.213.133 "GET /v2.0/ports?device_id=5825bac4-1493-4829-9980-79dfa1207531 HTTP/1.1" status: 200 len: 1168 time: 0.0350642
2026-04-07 01:17:52.049 10 INFO neutron.db.ovn_revision_numbers_db [None req-d973d1cf-d5bc-452b-a482-37fcd50962da - - - - - -] Successfully bumped revision number for resource 939a99d6-aca0-48e9-9532-c430f3a59b14 (type: ports) to 5
2026-04-07 01:17:52.145 10 INFO neutron.notifiers.nova [-] Nova event matching ['req-e0791780-c381-4097-b876-f187e016ef11'] response: {'server_uuid': '5825bac4-1493-4829-9980-79dfa1207531', 'name': 'network-vif-plugged', 'status': 'completed', 'tag': '939a99d6-aca0-48e9-9532-c430f3a59b14', 'code': 200}
2026-04-07 01:17:52.145 10 INFO neutron.notifiers.nova [-] Nova event matching ['req-e0791780-c381-4097-b876-f187e016ef11'] response: {'server_uuid': '5825bac4-1493-4829-9980-79dfa1207531', 'name': 'network-vif-unplugged', 'status': 'completed', 'tag': '939a99d6-aca0-48e9-9532-c430f3a59b14', 'code': 200}
2026-04-07 01:17:52.145 10 INFO neutron.notifiers.nova [-] Nova event matching ['req-e0791780-c381-4097-b876-f187e016ef11'] response: {'server_uuid': '5825bac4-1493-4829-9980-79dfa1207531', 'name': 'network-vif-plugged', 'status': 'completed', 'tag': '939a99d6-aca0-48e9-9532-c430f3a59b14', 'code': 200} /var/lib/openstack/lib/python3.10/site-packages/pycadf/identifier.py:71: UserWarning: Invalid uuid: neutron. To ensure interoperability, identifiers should be a valid uuid. warnings.warn(('Invalid uuid: %s. To ensure interoperability, '
2026-04-07 01:17:52.278 10 INFO neutron.wsgi [req-eafda993-be4e-45bc-bc8b-fd764c53c0a1 req-4e1227f8-04cb-4209-966d-8aacc0a9c1b4 ebe6d569ea3d4f2b834821297430bb65 33f14bb57dc0414cbbc120d11fa06335 - - default default] 10.0.0.171 "GET /v2.0/ports?device_id=9e7bea7e-226e-4b2a-988f-7ab59e3fce76 HTTP/1.1" status: 200 len: 1210 time: 0.1189139
2026-04-07 01:17:52.311 9 INFO neutron.wsgi [None req-c08a303b-781b-4afb-b230-f8315babe61b 785e210d135349d685fce855a6203990 ff08cd7f6a714889918f0184c507d07b - - - -] 199.19.213.133 "DELETE /v2.0/ports/939a99d6-aca0-48e9-9532-c430f3a59b14 HTTP/1.1" status: 204 len: 173 time: 0.2702408
2026-04-07 01:17:52.346 9 INFO neutron.notifiers.nova [-] Nova event matching ['req-37d7e17e-73cd-4e88-bbf8-6d2ba5e719d3'] response: {'server_uuid': '5825bac4-1493-4829-9980-79dfa1207531', 'name': 'network-vif-deleted', 'tag': '939a99d6-aca0-48e9-9532-c430f3a59b14', 'status': 'completed', 'code': 200}
2026-04-07 01:17:52.351 10 INFO neutron.wsgi [req-eafda993-be4e-45bc-bc8b-fd764c53c0a1 req-a14cbcd4-c2cb-4e75-a1ab-4ad82427ecc0 ebe6d569ea3d4f2b834821297430bb65 33f14bb57dc0414cbbc120d11fa06335 - - default default] 10.0.0.171 "GET /v2.0/security-groups?id=9452e881-adef-48a0-9e6d-652142b045b4&id=2d59925d-d3aa-49c4-85fc-c35aafeeda90&fields=id&fields=name HTTP/1.1" status: 200 len: 405 time: 0.0645213
2026-04-07 01:17:52.593 10 INFO neutron.wsgi [None req-4d90c436-8afa-4a1b-81b9-4467e9e33aa4 d20e5a4684b54f5a9e10f4be65857708 eddea8e658684de69f4945d033195609 - - default default] 10.0.0.78 "GET /v2.0/ports?device_id=9e7bea7e-226e-4b2a-988f-7ab59e3fce76 HTTP/1.1" status: 200 len: 1395 time: 0.2180090
2026-04-07 01:17:52.921 9 INFO neutron.wsgi [None req-f04a7483-342a-4f95-be2d-9bae133f0ff2 ebe6d569ea3d4f2b834821297430bb65 33f14bb57dc0414cbbc120d11fa06335 - - default default] 10.0.0.78 "GET /v2.0/floatingips?floating_network_id=97a2ea9d-c987-4844-aa76-716df499f90b&port_id=34a9d0b0-e02a-4b7c-9de1-dc93431033ab HTTP/1.1" status: 200 len: 1054 time: 0.3234887
2026-04-07 01:17:52.926 9 INFO neutron.db.ovn_revision_numbers_db [None req-3a6cf2fe-b019-47ac-8720-c2024da71bd7 59ffc6935351465d80b3bb823131fba2 977b638d2cf8443fb0d62455c14fd57c - - - -] Successfully bumped revision number for resource 9a780ec9-1185-49d8-940b-7ddf4d9023b4 (type: security_groups) to 1
2026-04-07 01:17:52.994 9 INFO neutron.db.ovn_revision_numbers_db [None req-3a6cf2fe-b019-47ac-8720-c2024da71bd7 59ffc6935351465d80b3bb823131fba2 977b638d2cf8443fb0d62455c14fd57c - - - -] Successfully bumped revision number for resource cc207f32-4a7f-40d7-979d-cc7b22e17a63 (type: security_groups) to 1
2026-04-07 01:17:53.017 9 INFO neutron.wsgi [None req-3a6cf2fe-b019-47ac-8720-c2024da71bd7 59ffc6935351465d80b3bb823131fba2 977b638d2cf8443fb0d62455c14fd57c - - - -] 10.0.0.78 "POST /v2.0/security-groups HTTP/1.1" status: 201 len: 1761 time: 0.6235681
2026-04-07 01:17:53.055 9 INFO neutron.wsgi [None req-008550da-5793-404e-baef-9f1fd9560f16 59ffc6935351465d80b3bb823131fba2 977b638d2cf8443fb0d62455c14fd57c - - default default] 10.0.0.78 "GET /v2.0/security-groups HTTP/1.1" status: 200 len: 4539 time: 0.0339370
2026-04-07 01:17:53.130 9 INFO neutron.db.ovn_revision_numbers_db [None req-baebf1d4-71b1-4c9d-b2ef-3eb63fa7eb93 59ffc6935351465d80b3bb823131fba2 977b638d2cf8443fb0d62455c14fd57c - - - -] Successfully bumped revision number for resource cc207f32-4a7f-40d7-979d-cc7b22e17a63 (type: security_groups) to 2
2026-04-07 01:17:53.134 9 INFO neutron.wsgi [None req-baebf1d4-71b1-4c9d-b2ef-3eb63fa7eb93 59ffc6935351465d80b3bb823131fba2 977b638d2cf8443fb0d62455c14fd57c - - - -] 10.0.0.78 "PUT /v2.0/security-groups/cc207f32-4a7f-40d7-979d-cc7b22e17a63 HTTP/1.1" status: 200 len: 1794 time: 0.0734158
2026-04-07 01:17:53.176 10 INFO neutron.wsgi [None req-fb47d423-5330-4358-826a-7a0fb7995b24 59ffc6935351465d80b3bb823131fba2 977b638d2cf8443fb0d62455c14fd57c - - default default] 10.0.0.78 "GET /v2.0/security-groups/cc207f32-4a7f-40d7-979d-cc7b22e17a63 HTTP/1.1" status: 200 len: 1794 time: 0.0357964
2026-04-07 01:17:53.254 10 INFO neutron.wsgi [req-39582381-8099-44ab-8856-6d16c6c6d34c req-bd893d14-d232-40b8-a285-bc5a44934f41 0af61b1f3a0f4b8396f868ae7c7a61d9 e4f484039e694525971575f21e0e6b00 - - 0041f4aab5cb4ad2b9d4fd8d7cd3dc10 0041f4aab5cb4ad2b9d4fd8d7cd3dc10] 10.0.0.88 "GET /v2.0/ports?device_id=9e7bea7e-226e-4b2a-988f-7ab59e3fce76 HTTP/1.1" status: 200 len: 1400 time: 0.0526264
2026-04-07 01:17:53.312 10 INFO neutron.wsgi [req-39582381-8099-44ab-8856-6d16c6c6d34c req-517e0b66-319a-4335-8194-73d985fb8b5e 0af61b1f3a0f4b8396f868ae7c7a61d9 e4f484039e694525971575f21e0e6b00 - - 0041f4aab5cb4ad2b9d4fd8d7cd3dc10 0041f4aab5cb4ad2b9d4fd8d7cd3dc10] 10.0.0.88 "GET /v2.0/security-groups?id=2d59925d-d3aa-49c4-85fc-c35aafeeda90&id=9452e881-adef-48a0-9e6d-652142b045b4&fields=id&fields=name HTTP/1.1" status: 200 len: 405 time: 0.0501640
2026-04-07 01:17:53.345 10 INFO neutron.wsgi [None req-69215349-9740-480b-a1c2-9dfd465f1a90 59ffc6935351465d80b3bb823131fba2 977b638d2cf8443fb0d62455c14fd57c - - - -] 10.0.0.78 "DELETE /v2.0/security-groups/cc207f32-4a7f-40d7-979d-cc7b22e17a63 HTTP/1.1" status: 204 len: 168 time: 0.1641431
2026-04-07 01:17:53.383 10 INFO neutron.wsgi [None req-c26f6ed9-1757-46f6-8e06-164cd5c8b806 59ffc6935351465d80b3bb823131fba2 977b638d2cf8443fb0d62455c14fd57c - - default default] 10.0.0.78 "GET /v2.0/security-groups HTTP/1.1" status: 200 len: 2996 time: 0.0325134
2026-04-07 01:17:53.402 10 INFO neutron.api.v2.resource [None req-41a4010d-e29e-456a-b4cb-f8ed35e4031f 59ffc6935351465d80b3bb823131fba2 977b638d2cf8443fb0d62455c14fd57c - - - -] delete failed (client error): The resource could not be found.
2026-04-07 01:17:53.403 10 INFO neutron.wsgi [None req-41a4010d-e29e-456a-b4cb-f8ed35e4031f 59ffc6935351465d80b3bb823131fba2 977b638d2cf8443fb0d62455c14fd57c - - - -] 10.0.0.78 "DELETE /v2.0/security-groups/cc207f32-4a7f-40d7-979d-cc7b22e17a63 HTTP/1.1" status: 404 len: 347 time: 0.0135548
2026-04-07 01:17:53.515 10 INFO neutron.db.ovn_revision_numbers_db [None req-94d6b516-b784-4388-a524-19de02a9aa86 59ffc6935351465d80b3bb823131fba2 977b638d2cf8443fb0d62455c14fd57c - - - -] Successfully bumped revision number for resource eaaac562-7f68-456e-8ccd-6d58b8ce5df3 (type: security_groups) to 1
2026-04-07 01:17:53.536 10 INFO neutron.wsgi [None req-94d6b516-b784-4388-a524-19de02a9aa86 59ffc6935351465d80b3bb823131fba2 977b638d2cf8443fb0d62455c14fd57c - - - -] 10.0.0.78 "POST /v2.0/security-groups HTTP/1.1" status: 201 len: 1760 time: 0.1248620
2026-04-07 01:17:53.640 10 INFO neutron.db.ovn_revision_numbers_db [None req-60f3d341-5256-4340-bedc-4e35ed3b27e2 59ffc6935351465d80b3bb823131fba2 977b638d2cf8443fb0d62455c14fd57c - - - -] Successfully bumped revision number for resource 1d6d23e9-9620-41e1-a1e3-f6db96286f2a (type: security_group_rules) to 0
2026-04-07 01:17:53.665 10 INFO neutron.wsgi [None req-60f3d341-5256-4340-bedc-4e35ed3b27e2 59ffc6935351465d80b3bb823131fba2 977b638d2cf8443fb0d62455c14fd57c - - - -] 10.0.0.78 "POST /v2.0/security-group-rules HTTP/1.1" status: 201 len: 768 time: 0.1235347
2026-04-07 01:17:53.685 10 INFO neutron.wsgi [None req-8bc02e52-f27b-4aa4-90b9-9bd521ed1172 59ffc6935351465d80b3bb823131fba2 977b638d2cf8443fb0d62455c14fd57c - - default default] 10.0.0.78 "GET /v2.0/security-group-rules/1d6d23e9-9620-41e1-a1e3-f6db96286f2a HTTP/1.1" status: 200 len: 763 time: 0.0155559
2026-04-07 01:17:53.726 9 INFO neutron.wsgi [None req-373406e9-efdf-4424-aa99-99e7a2d31b65 59ffc6935351465d80b3bb823131fba2 977b638d2cf8443fb0d62455c14fd57c - - default default] 10.0.0.78 "GET /v2.0/security-group-rules HTTP/1.1" status: 200 len: 4113 time: 0.0358269
2026-04-07 01:17:53.832 9 INFO neutron.wsgi [None req-3a28521f-5863-4487-a6eb-3beb09619cf2 59ffc6935351465d80b3bb823131fba2 977b638d2cf8443fb0d62455c14fd57c - - - -] 10.0.0.78 "DELETE /v2.0/security-group-rules/1d6d23e9-9620-41e1-a1e3-f6db96286f2a HTTP/1.1" status: 204 len: 168 time: 0.1014225
2026-04-07 01:17:53.867 9 INFO neutron.wsgi [None req-55f00152-b0f6-4182-a9c6-807569258776 59ffc6935351465d80b3bb823131fba2 977b638d2cf8443fb0d62455c14fd57c - - default default] 10.0.0.78 "GET /v2.0/security-group-rules HTTP/1.1" status: 200 len: 3567 time: 0.0274768
2026-04-07 01:17:53.982 9 INFO neutron.db.ovn_revision_numbers_db [None req-8e90d379-981c-4a26-a17e-0b38482c8915 59ffc6935351465d80b3bb823131fba2 977b638d2cf8443fb0d62455c14fd57c - - - -] Successfully bumped revision number for resource 132fa32d-50c1-41a5-8944-c64b20f8a8a8 (type: security_group_rules) to 0
2026-04-07 01:17:54.013 9 INFO neutron.wsgi [None req-8e90d379-981c-4a26-a17e-0b38482c8915 59ffc6935351465d80b3bb823131fba2 977b638d2cf8443fb0d62455c14fd57c - - - -] 10.0.0.78 "POST /v2.0/security-group-rules HTTP/1.1" status: 201 len: 768 time: 0.1412373
2026-04-07 01:17:54.032 9 INFO neutron.wsgi [None req-ab0e962d-b422-4721-8a45-dcbc56178284 59ffc6935351465d80b3bb823131fba2 977b638d2cf8443fb0d62455c14fd57c - - default default] 10.0.0.78 "GET /v2.0/security-group-rules/132fa32d-50c1-41a5-8944-c64b20f8a8a8 HTTP/1.1" status: 200 len: 763 time: 0.0139198
2026-04-07 01:17:54.085 9 INFO neutron.wsgi [None req-44125fa9-3a38-413d-bc84-ed599f5fb16e 59ffc6935351465d80b3bb823131fba2 977b638d2cf8443fb0d62455c14fd57c - - default default] 10.0.0.78 "GET /v2.0/security-group-rules HTTP/1.1" status: 200 len: 4113 time: 0.0489409
2026-04-07 01:17:54.212 9 INFO neutron.wsgi [None req-d74d5104-ee72-4030-8be0-3e911851c08b 59ffc6935351465d80b3bb823131fba2 977b638d2cf8443fb0d62455c14fd57c - - - -] 10.0.0.78 "DELETE /v2.0/security-group-rules/132fa32d-50c1-41a5-8944-c64b20f8a8a8 HTTP/1.1" status: 204 len: 168 time: 0.1178503
2026-04-07 01:17:54.247 9 INFO neutron.wsgi [None req-39682754-a4fa-48cd-9578-de04d728828a 59ffc6935351465d80b3bb823131fba2 977b638d2cf8443fb0d62455c14fd57c - - default default] 10.0.0.78 "GET /v2.0/security-group-rules HTTP/1.1" status: 200 len: 3567 time: 0.0303717
2026-04-07 01:17:54.274 9 INFO neutron.db.securitygroups_db [None req-94292316-5618-45c5-a135-a71de4e9da38 59ffc6935351465d80b3bb823131fba2 977b638d2cf8443fb0d62455c14fd57c - - - -] Project 977b638d2cf8443fb0d62455c14fd57c added a security group rule with legacy IPv6 ICMP protocol name icmp, ipv6-icmp should be used instead. It was automatically converted.
2026-04-07 01:17:54.359 9 INFO neutron.db.ovn_revision_numbers_db [None req-94292316-5618-45c5-a135-a71de4e9da38 59ffc6935351465d80b3bb823131fba2 977b638d2cf8443fb0d62455c14fd57c - - - -] Successfully bumped revision number for resource 9b094b8d-fdf1-410d-aef5-0ff62e78fd7d (type: security_group_rules) to 0
2026-04-07 01:17:54.382 9 INFO neutron.wsgi [None req-94292316-5618-45c5-a135-a71de4e9da38 59ffc6935351465d80b3bb823131fba2 977b638d2cf8443fb0d62455c14fd57c - - - -] 10.0.0.78 "POST /v2.0/security-group-rules HTTP/1.1" status: 201 len: 774 time: 0.1300530
2026-04-07 01:17:54.404 10 INFO neutron.wsgi [None req-583b306a-a5a9-4247-9613-8a7bbb2e007d 59ffc6935351465d80b3bb823131fba2 977b638d2cf8443fb0d62455c14fd57c - - default default] 10.0.0.78 "GET /v2.0/security-group-rules/9b094b8d-fdf1-410d-aef5-0ff62e78fd7d HTTP/1.1" status: 200 len: 769 time: 0.0179694
2026-04-07 01:17:54.444 9 INFO neutron.wsgi [None req-3a9313e3-518b-4cc0-a687-ce0f6af0086a 59ffc6935351465d80b3bb823131fba2 977b638d2cf8443fb0d62455c14fd57c - - default default] 10.0.0.78 "GET /v2.0/security-group-rules HTTP/1.1" status: 200 len: 4119 time: 0.0348532
2026-04-07 01:17:54.541 9 INFO neutron.wsgi [None req-7cd5f7c0-474b-4854-8cc1-4286c347ec7d 59ffc6935351465d80b3bb823131fba2 977b638d2cf8443fb0d62455c14fd57c - - - -] 10.0.0.78 "DELETE /v2.0/security-group-rules/9b094b8d-fdf1-410d-aef5-0ff62e78fd7d HTTP/1.1" status: 204 len: 168 time: 0.0929031
2026-04-07 01:17:54.583 9 INFO neutron.wsgi [None req-3c864e44-9f56-4468-af12-dd095e152f38 59ffc6935351465d80b3bb823131fba2 977b638d2cf8443fb0d62455c14fd57c - - default default] 10.0.0.78 "GET /v2.0/security-group-rules HTTP/1.1" status: 200 len: 3567 time: 0.0326972
2026-04-07 01:17:54.698 9 INFO neutron.wsgi [None req-11ee5744-d99a-4de7-9906-0bbd0b748f1b 59ffc6935351465d80b3bb823131fba2 977b638d2cf8443fb0d62455c14fd57c - - - -] 10.0.0.78 "DELETE /v2.0/security-groups/eaaac562-7f68-456e-8ccd-6d58b8ce5df3 HTTP/1.1" status: 204 len: 168 time: 0.1110418
2026-04-07 01:17:54.733 9 INFO neutron.wsgi [None req-7ad70aec-a111-482f-bf23-cfddcbebe9dd 59ffc6935351465d80b3bb823131fba2 977b638d2cf8443fb0d62455c14fd57c - - default default] 10.0.0.78 "GET /v2.0/security-groups HTTP/1.1" status: 200 len: 2996 time: 0.0305493
2026-04-07 01:17:54.770 9 INFO neutron.wsgi [None req-6e4a5456-9d0d-4efe-a078-857b4c31f6b1 59ffc6935351465d80b3bb823131fba2 977b638d2cf8443fb0d62455c14fd57c - - default default] 10.0.0.78 "GET /v2.0/security-groups HTTP/1.1" status: 200 len: 2996 time: 0.0301988
2026-04-07 01:17:55.141 10 INFO neutron.wsgi [None req-944bc7e8-3a38-4803-ade7-41651acfba94 2de2ec4e10b5434699edd7d80aea63a2 376d36ea2fb84aeca058828a48b1fc4b - - - -] 10.0.0.78 "PUT /v2.0/routers/69b5aa23-1b2d-42eb-ba7e-54d023f17e42/remove_router_interface HTTP/1.1" status: 200 len: 503 time: 1.1000450 /var/lib/openstack/lib/python3.10/site-packages/pycadf/identifier.py:71: UserWarning: Invalid uuid: neutron. To ensure interoperability, identifiers should be a valid uuid. warnings.warn(('Invalid uuid: %s. To ensure interoperability, '
2026-04-07 01:17:55.368 10 INFO neutron.wsgi [req-337e1c07-8302-40dd-ba4d-b5ef44b4835f req-f5112526-3c0d-4edd-bc34-c2184c030488 ebe6d569ea3d4f2b834821297430bb65 33f14bb57dc0414cbbc120d11fa06335 - - default default] 10.0.0.171 "GET /v2.0/ports?device_id=9e7bea7e-226e-4b2a-988f-7ab59e3fce76 HTTP/1.1" status: 200 len: 1210 time: 0.0353515
2026-04-07 01:17:55.400 9 INFO neutron.plugins.ml2.drivers.ovn.mech_driver.mech_driver [None req-126ef58e-08ad-43f9-a7ec-660b06e6fa23 - - - - - -] OVN reports status down for port: 34a9d0b0-e02a-4b7c-9de1-dc93431033ab
