2026-04-07 01:18:32.469 9 INFO neutron.notifiers.nova [-] Nova event matching ['req-c7be0a87-f5fd-4f4e-8217-89ce6faf7c90'] response: {'name': 'network-changed', 'server_uuid': '1b470d9a-111c-40e4-825c-92a344440b22', 'tag': '88710423-1ff6-4c23-b99b-93de067a421c', 'status': 'completed', 'code': 200}
2026-04-07 01:18:32.498 9 INFO neutron.wsgi [req-377e2fdf-7bf4-4c74-a80b-37287987a19a req-3cb1bc00-4886-48d0-b039-1de6826750ac 0af61b1f3a0f4b8396f868ae7c7a61d9 e4f484039e694525971575f21e0e6b00 - - 0041f4aab5cb4ad2b9d4fd8d7cd3dc10 0041f4aab5cb4ad2b9d4fd8d7cd3dc10] 199.19.213.133 "GET /v2.0/ports?tenant_id=84236631f02f428ca66ff0a22b82b7ca&device_id=1b470d9a-111c-40e4-825c-92a344440b22 HTTP/1.1" status: 200 len: 1588 time: 0.0450623
2026-04-07 01:18:32.503 10 WARNING neutron.scheduler.dhcp_agent_scheduler [None req-bf805e90-7e55-4222-83e4-2c64501e2eb1 aec463432e5d494ea7e110558d509180 464fcbce23434d8daaecad7d6a143e6c - - - -] No more DHCP agents
2026-04-07 01:18:32.506 10 WARNING neutron.api.rpc.agentnotifiers.dhcp_rpc_agent_api [None req-bf805e90-7e55-4222-83e4-2c64501e2eb1 aec463432e5d494ea7e110558d509180 464fcbce23434d8daaecad7d6a143e6c - - - -] Unable to schedule network 29aba97b-93f2-47aa-82ce-93d512c0c22e: no agents available; will retry on subsequent port and subnet creation events.
2026-04-07 01:18:32.535 9 INFO neutron.wsgi [req-377e2fdf-7bf4-4c74-a80b-37287987a19a req-1c5fb752-d43a-44e9-8cb0-58175a3ed597 0af61b1f3a0f4b8396f868ae7c7a61d9 e4f484039e694525971575f21e0e6b00 - - 0041f4aab5cb4ad2b9d4fd8d7cd3dc10 0041f4aab5cb4ad2b9d4fd8d7cd3dc10] 199.19.213.133 "GET /v2.0/floatingips?fixed_ip_address=10.2.2.10&port_id=88710423-1ff6-4c23-b99b-93de067a421c HTTP/1.1" status: 200 len: 217 time: 0.0309229
2026-04-07 01:18:32.574 10 INFO neutron.db.ovn_revision_numbers_db [None req-bf805e90-7e55-4222-83e4-2c64501e2eb1 aec463432e5d494ea7e110558d509180 464fcbce23434d8daaecad7d6a143e6c - - - -] Successfully bumped revision number for resource 19a6f11b-c407-4fff-b27e-eb2c8d15e487 (type: ports) to 1
2026-04-07 01:18:32.577 9 INFO neutron.wsgi [req-377e2fdf-7bf4-4c74-a80b-37287987a19a req-38eb2fce-7197-4de9-b938-e26e5218366a 0af61b1f3a0f4b8396f868ae7c7a61d9 e4f484039e694525971575f21e0e6b00 - - 0041f4aab5cb4ad2b9d4fd8d7cd3dc10 0041f4aab5cb4ad2b9d4fd8d7cd3dc10] 199.19.213.133 "GET /v2.0/floatingips?fixed_ip_address=fd77%3A1457%3A4cf0%3A26a8%3A%3A257&port_id=88710423-1ff6-4c23-b99b-93de067a421c HTTP/1.1" status: 200 len: 217 time: 0.0339592
2026-04-07 01:18:32.597 10 INFO neutron.wsgi [None req-bf805e90-7e55-4222-83e4-2c64501e2eb1 aec463432e5d494ea7e110558d509180 464fcbce23434d8daaecad7d6a143e6c - - - -] 10.0.0.78 "POST /v2.0/networks HTTP/1.1" status: 201 len: 830 time: 0.7416101
2026-04-07 01:18:32.637 9 INFO neutron.wsgi [req-377e2fdf-7bf4-4c74-a80b-37287987a19a req-3973cfae-4c0d-4f4d-93a9-e34be9c8c0b7 0af61b1f3a0f4b8396f868ae7c7a61d9 e4f484039e694525971575f21e0e6b00 - - 0041f4aab5cb4ad2b9d4fd8d7cd3dc10 0041f4aab5cb4ad2b9d4fd8d7cd3dc10] 199.19.213.133 "GET /v2.0/subnets?id=47b334fd-d182-4dd3-bf3c-83a78c78ba1c&id=b96202f9-6fa9-4ce8-afd1-1af4195ed976 HTTP/1.1" status: 200 len: 1566 time: 0.0494866
2026-04-07 01:18:32.672 9 INFO neutron.wsgi [req-377e2fdf-7bf4-4c74-a80b-37287987a19a req-105fd016-ed40-466f-9fc4-b4238e87779b 0af61b1f3a0f4b8396f868ae7c7a61d9 e4f484039e694525971575f21e0e6b00 - - 0041f4aab5cb4ad2b9d4fd8d7cd3dc10 0041f4aab5cb4ad2b9d4fd8d7cd3dc10] 199.19.213.133 "GET /v2.0/ports?network_id=85c1f3cb-6797-4448-8f48-eeb6b280bc96&device_owner=network%3Adhcp HTTP/1.1" status: 200 len: 210 time: 0.0294311
2026-04-07 01:18:32.708 9 INFO neutron.wsgi [req-377e2fdf-7bf4-4c74-a80b-37287987a19a req-a1c81f12-2cd1-4043-bc33-4e6df42cc4d0 0af61b1f3a0f4b8396f868ae7c7a61d9 e4f484039e694525971575f21e0e6b00 - - 0041f4aab5cb4ad2b9d4fd8d7cd3dc10 0041f4aab5cb4ad2b9d4fd8d7cd3dc10] 199.19.213.133 "GET /v2.0/ports?network_id=85c1f3cb-6797-4448-8f48-eeb6b280bc96&device_owner=network%3Adhcp HTTP/1.1" status: 200 len: 210 time: 0.0274248
2026-04-07 01:18:32.771 9 INFO neutron.wsgi [req-377e2fdf-7bf4-4c74-a80b-37287987a19a req-dbc6792c-2046-4453-aa6e-316c6d053c44 0af61b1f3a0f4b8396f868ae7c7a61d9 e4f484039e694525971575f21e0e6b00 - - 0041f4aab5cb4ad2b9d4fd8d7cd3dc10 0041f4aab5cb4ad2b9d4fd8d7cd3dc10] 199.19.213.133 "GET /v2.0/networks/85c1f3cb-6797-4448-8f48-eeb6b280bc96?fields=segments HTTP/1.1" status: 200 len: 212 time: 0.0584238
2026-04-07 01:18:32.831 9 INFO neutron.wsgi [req-377e2fdf-7bf4-4c74-a80b-37287987a19a req-4d429f1c-d344-44c2-9dee-209760ef757e 0af61b1f3a0f4b8396f868ae7c7a61d9 e4f484039e694525971575f21e0e6b00 - - 0041f4aab5cb4ad2b9d4fd8d7cd3dc10 0041f4aab5cb4ad2b9d4fd8d7cd3dc10] 199.19.213.133 "GET /v2.0/networks/85c1f3cb-6797-4448-8f48-eeb6b280bc96?fields=provider%3Aphysical_network&fields=provider%3Anetwork_type HTTP/1.1" status: 200 len: 277 time: 0.0519967
2026-04-07 01:18:32.842 10 WARNING neutron.scheduler.dhcp_agent_scheduler [None req-7481760f-962d-45ba-b03b-047e8f75d2e2 aec463432e5d494ea7e110558d509180 464fcbce23434d8daaecad7d6a143e6c - - - -] No more DHCP agents
2026-04-07 01:18:32.845 10 WARNING neutron.api.rpc.agentnotifiers.dhcp_rpc_agent_api [None req-7481760f-962d-45ba-b03b-047e8f75d2e2 aec463432e5d494ea7e110558d509180 464fcbce23434d8daaecad7d6a143e6c - - - -] Unable to schedule network 29aba97b-93f2-47aa-82ce-93d512c0c22e: no agents available; will retry on subsequent port and subnet creation events.
2026-04-07 01:18:32.917 9 INFO neutron.wsgi [req-889a7a53-edbe-4859-8e38-26c87cc518e2 req-a5101865-c874-47b7-b804-97829782ab5d 0af61b1f3a0f4b8396f868ae7c7a61d9 e4f484039e694525971575f21e0e6b00 - - 0041f4aab5cb4ad2b9d4fd8d7cd3dc10 0041f4aab5cb4ad2b9d4fd8d7cd3dc10] 199.19.213.133 "GET /v2.0/ports?tenant_id=84236631f02f428ca66ff0a22b82b7ca&device_id=1b470d9a-111c-40e4-825c-92a344440b22 HTTP/1.1" status: 200 len: 1588 time: 0.0399494
2026-04-07 01:18:32.934 10 INFO neutron.db.ovn_revision_numbers_db [None req-7481760f-962d-45ba-b03b-047e8f75d2e2 aec463432e5d494ea7e110558d509180 464fcbce23434d8daaecad7d6a143e6c - - - -] Successfully bumped revision number for resource 127881d4-7494-471b-9fd5-742b4aede80a (type: ports) to 1
2026-04-07 01:18:32.962 10 INFO neutron.wsgi [None req-7481760f-962d-45ba-b03b-047e8f75d2e2 aec463432e5d494ea7e110558d509180 464fcbce23434d8daaecad7d6a143e6c - - - -] 10.0.0.78 "POST /v2.0/ports HTTP/1.1" status: 201 len: 942 time: 0.3606060 /var/lib/openstack/lib/python3.10/site-packages/pycadf/identifier.py:71: UserWarning: Invalid uuid: neutron. To ensure interoperability, identifiers should be a valid uuid. warnings.warn(('Invalid uuid: %s. To ensure interoperability, '
2026-04-07 01:18:32.991 9 INFO neutron.wsgi [req-889a7a53-edbe-4859-8e38-26c87cc518e2 req-6d3dc959-4616-461b-8bdd-dc877920c02d 0af61b1f3a0f4b8396f868ae7c7a61d9 e4f484039e694525971575f21e0e6b00 - - 0041f4aab5cb4ad2b9d4fd8d7cd3dc10 0041f4aab5cb4ad2b9d4fd8d7cd3dc10] 199.19.213.133 "GET /v2.0/networks?id=85c1f3cb-6797-4448-8f48-eeb6b280bc96 HTTP/1.1" status: 200 len: 1003 time: 0.0680168
2026-04-07 01:18:33.029 9 INFO neutron.wsgi [req-889a7a53-edbe-4859-8e38-26c87cc518e2 req-dc27983b-7bc5-4a97-964d-a5e55ef30a85 0af61b1f3a0f4b8396f868ae7c7a61d9 e4f484039e694525971575f21e0e6b00 - - 0041f4aab5cb4ad2b9d4fd8d7cd3dc10 0041f4aab5cb4ad2b9d4fd8d7cd3dc10] 199.19.213.133 "GET /v2.0/floatingips?fixed_ip_address=10.2.2.10&port_id=88710423-1ff6-4c23-b99b-93de067a421c HTTP/1.1" status: 200 len: 217 time: 0.0304608
2026-04-07 01:18:33.069 9 INFO neutron.plugins.ml2.drivers.ovn.mech_driver.mech_driver [None req-126ef58e-08ad-43f9-a7ec-660b06e6fa23 - - - - - -] OVN reports status up for port: 88710423-1ff6-4c23-b99b-93de067a421c
2026-04-07 01:18:33.071 9 INFO neutron.wsgi [req-889a7a53-edbe-4859-8e38-26c87cc518e2 req-dd2765b3-7601-4f6d-a887-e7d1e98ab91c 0af61b1f3a0f4b8396f868ae7c7a61d9 e4f484039e694525971575f21e0e6b00 - - 0041f4aab5cb4ad2b9d4fd8d7cd3dc10 0041f4aab5cb4ad2b9d4fd8d7cd3dc10] 199.19.213.133 "GET /v2.0/floatingips?fixed_ip_address=fd77%3A1457%3A4cf0%3A26a8%3A%3A257&port_id=88710423-1ff6-4c23-b99b-93de067a421c HTTP/1.1" status: 200 len: 217 time: 0.0347528
2026-04-07 01:18:33.089 9 INFO neutron.plugins.ml2.plugin [None req-126ef58e-08ad-43f9-a7ec-660b06e6fa23 - - - - - -] Attempt 1 to provision port 88710423-1ff6-4c23-b99b-93de067a421c
2026-04-07 01:18:33.132 9 INFO neutron.wsgi [req-889a7a53-edbe-4859-8e38-26c87cc518e2 req-19a370a0-2c58-4c32-877f-28b61f19f91b 0af61b1f3a0f4b8396f868ae7c7a61d9 e4f484039e694525971575f21e0e6b00 - - 0041f4aab5cb4ad2b9d4fd8d7cd3dc10 0041f4aab5cb4ad2b9d4fd8d7cd3dc10] 199.19.213.133 "GET /v2.0/subnets?id=47b334fd-d182-4dd3-bf3c-83a78c78ba1c&id=b96202f9-6fa9-4ce8-afd1-1af4195ed976 HTTP/1.1" status: 200 len: 1566 time: 0.0544024
2026-04-07 01:18:33.181 9 INFO neutron.wsgi [req-889a7a53-edbe-4859-8e38-26c87cc518e2 req-dab35fe6-150f-459d-a9da-9bd7609c2d81 0af61b1f3a0f4b8396f868ae7c7a61d9 e4f484039e694525971575f21e0e6b00 - - 0041f4aab5cb4ad2b9d4fd8d7cd3dc10 0041f4aab5cb4ad2b9d4fd8d7cd3dc10] 199.19.213.133 "GET /v2.0/ports?network_id=85c1f3cb-6797-4448-8f48-eeb6b280bc96&device_owner=network%3Adhcp HTTP/1.1" status: 200 len: 210 time: 0.0394664
2026-04-07 01:18:33.215 9 INFO neutron.wsgi [req-889a7a53-edbe-4859-8e38-26c87cc518e2 req-c193ec7c-67ac-4b67-ab52-f9719e5ff153 0af61b1f3a0f4b8396f868ae7c7a61d9 e4f484039e694525971575f21e0e6b00 - - 0041f4aab5cb4ad2b9d4fd8d7cd3dc10 0041f4aab5cb4ad2b9d4fd8d7cd3dc10] 199.19.213.133 "GET /v2.0/ports?network_id=85c1f3cb-6797-4448-8f48-eeb6b280bc96&device_owner=network%3Adhcp HTTP/1.1" status: 200 len: 210 time: 0.0243981
2026-04-07 01:18:33.227 10 INFO neutron.wsgi [None req-2dd4faa0-f053-43a8-b389-16fad8bc2616 aec463432e5d494ea7e110558d509180 464fcbce23434d8daaecad7d6a143e6c - - - -] 10.0.0.78 "POST /v2.0/trunks HTTP/1.1" status: 201 len: 608 time: 0.2583952
2026-04-07 01:18:33.263 10 INFO neutron.wsgi [None req-89d8850e-07ba-4742-bdbe-8e3100971958 aec463432e5d494ea7e110558d509180 464fcbce23434d8daaecad7d6a143e6c - - - -] 10.0.0.78 "PUT /v2.0/trunks/1950829e-6dca-416b-99eb-32c246df5b37/tags HTTP/1.1" status: 200 len: 218 time: 0.0304725
2026-04-07 01:18:33.282 10 INFO neutron.wsgi [None req-49d0b284-0dea-4904-bd73-c3c8edf46cf1 aec463432e5d494ea7e110558d509180 464fcbce23434d8daaecad7d6a143e6c - - default default] 10.0.0.78 "GET /v2.0/trunks/1950829e-6dca-416b-99eb-32c246df5b37/tags HTTP/1.1" status: 200 len: 218 time: 0.0146933
2026-04-07 01:18:33.298 9 INFO neutron.wsgi [req-889a7a53-edbe-4859-8e38-26c87cc518e2 req-2f7a08d2-3c07-44d1-b5cf-016bd5958fa3 0af61b1f3a0f4b8396f868ae7c7a61d9 e4f484039e694525971575f21e0e6b00 - - 0041f4aab5cb4ad2b9d4fd8d7cd3dc10 0041f4aab5cb4ad2b9d4fd8d7cd3dc10] 199.19.213.133 "GET /v2.0/networks/85c1f3cb-6797-4448-8f48-eeb6b280bc96?fields=segments HTTP/1.1" status: 200 len: 212 time: 0.0768611
2026-04-07 01:18:33.311 10 INFO neutron.wsgi [None req-ebd6d85a-4ee8-479d-b0d0-a248d44ff507 aec463432e5d494ea7e110558d509180 464fcbce23434d8daaecad7d6a143e6c - - - -] 10.0.0.78 "PUT /v2.0/trunks/1950829e-6dca-416b-99eb-32c246df5b37/tags/green HTTP/1.1" status: 201 len: 201 time: 0.0235136
2026-04-07 01:18:33.328 10 INFO neutron.wsgi [None req-a7c30f42-9f0f-42e6-ac3b-be80be71765a aec463432e5d494ea7e110558d509180 464fcbce23434d8daaecad7d6a143e6c - - default default] 10.0.0.78 "GET /v2.0/trunks/1950829e-6dca-416b-99eb-32c246df5b37/tags HTTP/1.1" status: 200 len: 227 time: 0.0139477
2026-04-07 01:18:33.349 10 INFO neutron.wsgi [None req-5fe02b7a-46c4-48d3-894f-586983056afc aec463432e5d494ea7e110558d509180 464fcbce23434d8daaecad7d6a143e6c - - - -] 10.0.0.78 "PUT /v2.0/trunks/1950829e-6dca-416b-99eb-32c246df5b37/tags/red HTTP/1.1" status: 201 len: 201 time: 0.0155892
2026-04-07 01:18:33.369 10 INFO neutron.wsgi [None req-0ca8aadf-0359-408f-96f0-5d45fd6274c0 aec463432e5d494ea7e110558d509180 464fcbce23434d8daaecad7d6a143e6c - - default default] 10.0.0.78 "GET /v2.0/trunks/1950829e-6dca-416b-99eb-32c246df5b37/tags HTTP/1.1" status: 200 len: 227 time: 0.0140886
2026-04-07 01:18:33.404 9 INFO neutron.wsgi [req-889a7a53-edbe-4859-8e38-26c87cc518e2 req-45870476-b1cc-4e24-9008-8f7e0c571888 0af61b1f3a0f4b8396f868ae7c7a61d9 e4f484039e694525971575f21e0e6b00 - - 0041f4aab5cb4ad2b9d4fd8d7cd3dc10 0041f4aab5cb4ad2b9d4fd8d7cd3dc10] 199.19.213.133 "GET /v2.0/networks/85c1f3cb-6797-4448-8f48-eeb6b280bc96?fields=provider%3Aphysical_network&fields=provider%3Anetwork_type HTTP/1.1" status: 200 len: 277 time: 0.0879724
2026-04-07 01:18:33.411 10 INFO neutron.wsgi [None req-4afb7f35-9bd8-4934-97a7-3658f18d79c7 aec463432e5d494ea7e110558d509180 464fcbce23434d8daaecad7d6a143e6c - - - -] 10.0.0.78 "PUT /v2.0/trunks/1950829e-6dca-416b-99eb-32c246df5b37/tags/black.or.white HTTP/1.1" status: 201 len: 201 time: 0.0377908
2026-04-07 01:18:33.422 9 INFO neutron.db.ovn_revision_numbers_db [None req-126ef58e-08ad-43f9-a7ec-660b06e6fa23 - - - - - -] Successfully bumped revision number for resource 88710423-1ff6-4c23-b99b-93de067a421c (type: ports) to 4
2026-04-07 01:18:33.436 9 INFO neutron.wsgi [None req-a526411c-9b70-4a2d-8f3a-5dd31be39c2d aec463432e5d494ea7e110558d509180 464fcbce23434d8daaecad7d6a143e6c - - default default] 10.0.0.78 "GET /v2.0/trunks/1950829e-6dca-416b-99eb-32c246df5b37/tags HTTP/1.1" status: 200 len: 245 time: 0.0185304
2026-04-07 01:18:33.470 10 INFO neutron.wsgi [None req-14e8d434-2daf-42d5-b492-c5ef98e0d892 aec463432e5d494ea7e110558d509180 464fcbce23434d8daaecad7d6a143e6c - - - -] 10.0.0.78 "PUT /v2.0/trunks/1950829e-6dca-416b-99eb-32c246df5b37/tags HTTP/1.1" status: 200 len: 230 time: 0.0292094 /var/lib/openstack/lib/python3.10/site-packages/pycadf/identifier.py:71: UserWarning: Invalid uuid: neutron. To ensure interoperability, identifiers should be a valid uuid. warnings.warn(('Invalid uuid: %s. To ensure interoperability, '
2026-04-07 01:18:33.488 9 INFO neutron.wsgi [None req-c21708a3-1ab5-42bd-bc08-e6c5fb07bace aec463432e5d494ea7e110558d509180 464fcbce23434d8daaecad7d6a143e6c - - default default] 10.0.0.78 "GET /v2.0/trunks/1950829e-6dca-416b-99eb-32c246df5b37/tags HTTP/1.1" status: 200 len: 230 time: 0.0128257
2026-04-07 01:18:33.502 9 INFO neutron.wsgi [None req-a4a02f92-1c29-447d-99bd-6410dce92378 aec463432e5d494ea7e110558d509180 464fcbce23434d8daaecad7d6a143e6c - - default default] 10.0.0.78 "GET /v2.0/trunks/1950829e-6dca-416b-99eb-32c246df5b37/tags/red HTTP/1.1" status: 204 len: 168 time: 0.0093155
2026-04-07 01:18:33.514 9 INFO neutron.api.v2.resource [None req-5b2e1bd5-f07c-43c5-ae20-7e597dea07ce aec463432e5d494ea7e110558d509180 464fcbce23434d8daaecad7d6a143e6c - - default default] show failed (client error): The resource could not be found.
2026-04-07 01:18:33.515 9 INFO neutron.wsgi [None req-5b2e1bd5-f07c-43c5-ae20-7e597dea07ce aec463432e5d494ea7e110558d509180 464fcbce23434d8daaecad7d6a143e6c - - default default] 10.0.0.78 "GET /v2.0/trunks/1950829e-6dca-416b-99eb-32c246df5b37/tags/green HTTP/1.1" status: 404 len: 299 time: 0.0094347
2026-04-07 01:18:33.542 9 INFO neutron.wsgi [None req-d3f5e7d1-58af-4a70-8255-9139feb9ff57 aec463432e5d494ea7e110558d509180 464fcbce23434d8daaecad7d6a143e6c - - - -] 10.0.0.78 "DELETE /v2.0/trunks/1950829e-6dca-416b-99eb-32c246df5b37/tags/red HTTP/1.1" status: 204 len: 168 time: 0.0222030
2026-04-07 01:18:33.556 9 INFO neutron.wsgi [None req-4d6ce2c9-deb2-4f7f-a7d0-2ffa13d5c03f aec463432e5d494ea7e110558d509180 464fcbce23434d8daaecad7d6a143e6c - - default default] 10.0.0.78 "GET /v2.0/trunks/1950829e-6dca-416b-99eb-32c246df5b37/tags HTTP/1.1" status: 200 len: 223 time: 0.0106535
2026-04-07 01:18:33.571 9 INFO neutron.api.v2.resource [None req-f00e91dd-2e94-41ec-a449-2a0d9c3ec7e6 aec463432e5d494ea7e110558d509180 464fcbce23434d8daaecad7d6a143e6c - - - -] delete failed (client error): The resource could not be found.
2026-04-07 01:18:33.572 9 INFO neutron.wsgi [None req-f00e91dd-2e94-41ec-a449-2a0d9c3ec7e6 aec463432e5d494ea7e110558d509180 464fcbce23434d8daaecad7d6a143e6c - - - -] 10.0.0.78 "DELETE /v2.0/trunks/1950829e-6dca-416b-99eb-32c246df5b37/tags/green HTTP/1.1" status: 404 len: 299 time: 0.0117633
2026-04-07 01:18:33.596 9 INFO neutron.wsgi [None req-ae9efc81-e396-47aa-8119-55ad29f81ab0 aec463432e5d494ea7e110558d509180 464fcbce23434d8daaecad7d6a143e6c - - - -] 10.0.0.78 "DELETE /v2.0/trunks/1950829e-6dca-416b-99eb-32c246df5b37/tags HTTP/1.1" status: 204 len: 168 time: 0.0204113
2026-04-07 01:18:33.610 9 INFO neutron.wsgi [None req-2a33fce8-7469-44f3-b5e4-6a9aa4bd84ce aec463432e5d494ea7e110558d509180 464fcbce23434d8daaecad7d6a143e6c - - default default] 10.0.0.78 "GET /v2.0/trunks/1950829e-6dca-416b-99eb-32c246df5b37/tags HTTP/1.1" status: 200 len: 205 time: 0.0093966
2026-04-07 01:18:33.632 9 INFO neutron.wsgi [None req-8b6c602f-da2a-4b0f-8ac2-fee729c0104c aec463432e5d494ea7e110558d509180 464fcbce23434d8daaecad7d6a143e6c - - default default] 10.0.0.78 "GET /v2.0/trunks/1950829e-6dca-416b-99eb-32c246df5b37 HTTP/1.1" status: 200 len: 603 time: 0.0174818
2026-04-07 01:18:33.749 9 INFO neutron.wsgi [None req-997863b0-40f1-4f76-a0ab-1c055cc3d2e3 aec463432e5d494ea7e110558d509180 464fcbce23434d8daaecad7d6a143e6c - - default default] 10.0.0.78 "GET /v2.0/ports/127881d4-7494-471b-9fd5-742b4aede80a HTTP/1.1" status: 200 len: 1020 time: 0.1116855
2026-04-07 01:18:33.870 9 INFO neutron.wsgi [None req-405046de-4e57-459b-a818-d161f4aa6805 aec463432e5d494ea7e110558d509180 464fcbce23434d8daaecad7d6a143e6c - - - -] 10.0.0.78 "DELETE /v2.0/trunks/1950829e-6dca-416b-99eb-32c246df5b37 HTTP/1.1" status: 204 len: 168 time: 0.1161656
2026-04-07 01:18:34.143 9 INFO neutron.wsgi [None req-910323f2-62fe-4ac0-bb2e-b453e2a45e7e aec463432e5d494ea7e110558d509180 464fcbce23434d8daaecad7d6a143e6c - - - -] 10.0.0.78 "DELETE /v2.0/ports/127881d4-7494-471b-9fd5-742b4aede80a HTTP/1.1" status: 204 len: 168 time: 0.2679427
2026-04-07 01:18:34.506 9 INFO neutron.services.segments.plugin [-] Segment 7ebdea7a-54f6-4178-97e1-24de8602948b resource provider aggregate not found
2026-04-07 01:18:34.511 9 INFO neutron.notifiers.nova [-] Nova event matching ['req-317b7397-d1a8-448f-9545-6593ab773526'] response: {'server_uuid': '1b470d9a-111c-40e4-825c-92a344440b22', 'name': 'network-vif-plugged', 'status': 'completed', 'tag': '88710423-1ff6-4c23-b99b-93de067a421c', 'code': 200}
2026-04-07 01:18:34.511 9 INFO neutron.notifiers.nova [-] Nova event matching ['req-317b7397-d1a8-448f-9545-6593ab773526'] response: {'server_uuid': '1b470d9a-111c-40e4-825c-92a344440b22', 'name': 'network-vif-plugged', 'status': 'completed', 'tag': '88710423-1ff6-4c23-b99b-93de067a421c', 'code': 200}
2026-04-07 01:18:34.511 9 INFO neutron.services.segments.plugin [-] Segment 7ebdea7a-54f6-4178-97e1-24de8602948b resource provider aggregate not found
2026-04-07 01:18:34.527 9 INFO neutron.services.segments.plugin [-] Segment 7ebdea7a-54f6-4178-97e1-24de8602948b resource provider not found; error: Placement Client Error (4xx): {"errors": [{"status": 404, "title": "Not Found", "detail": "The resource could not be found.\n\n No resource provider with uuid 7ebdea7a-54f6-4178-97e1-24de8602948b found for delete ", "request_id": "req-9a6054bd-a750-4732-8a33-c8ba84ff1d99"}]}
2026-04-07 01:18:34.551 9 INFO neutron.services.segments.plugin [-] Segment 7ebdea7a-54f6-4178-97e1-24de8602948b resource provider not found; error: Placement Client Error (4xx): {"errors": [{"status": 404, "title": "Not Found", "detail": "The resource could not be found.\n\n No resource provider with uuid 7ebdea7a-54f6-4178-97e1-24de8602948b found for delete ", "request_id": "req-3c0cbfd0-5861-4acc-9912-75ef834d6473"}]}
2026-04-07 01:18:34.581 9 INFO neutron.wsgi [None req-9e538dd6-afa9-4c57-836a-cb6fd236042d aec463432e5d494ea7e110558d509180 464fcbce23434d8daaecad7d6a143e6c - - - -] 10.0.0.78 "DELETE /v2.0/networks/29aba97b-93f2-47aa-82ce-93d512c0c22e HTTP/1.1" status: 204 len: 168 time: 0.4330401
2026-04-07 01:18:35.067 10 INFO neutron.wsgi [req-42c64436-5631-46b5-8177-6c9eacb67050 req-354db105-2763-47f4-ba1e-1828291bd26f 0af61b1f3a0f4b8396f868ae7c7a61d9 e4f484039e694525971575f21e0e6b00 - - 0041f4aab5cb4ad2b9d4fd8d7cd3dc10 0041f4aab5cb4ad2b9d4fd8d7cd3dc10] 10.0.0.88 "GET /v2.0/ports?device_id=3845b431-7852-435f-a614-d89f869902d8 HTTP/1.1" status: 200 len: 1365 time: 0.0385621
2026-04-07 01:18:35.114 10 INFO neutron.wsgi [req-42c64436-5631-46b5-8177-6c9eacb67050 req-f30a9447-4567-4b97-a330-fadffdbccb78 0af61b1f3a0f4b8396f868ae7c7a61d9 e4f484039e694525971575f21e0e6b00 - - 0041f4aab5cb4ad2b9d4fd8d7cd3dc10 0041f4aab5cb4ad2b9d4fd8d7cd3dc10] 10.0.0.88 "GET /v2.0/security-groups?id=0603636f-bf54-4e1f-a60e-1ac33d6112c6&fields=id&fields=name HTTP/1.1" status: 200 len: 313 time: 0.0378718
2026-04-07 01:18:35.142 9 WARNING neutron.scheduler.dhcp_agent_scheduler [None req-9f454fb6-39dc-4618-aeeb-1cfa513ac3bf 47e086c941654735b59b6288cebdcaa5 1d22ed55bd2b4c5bbb077d2f8af7a7f8 - - - -] No more DHCP agents
2026-04-07 01:18:35.145 9 WARNING neutron.api.rpc.agentnotifiers.dhcp_rpc_agent_api [None req-9f454fb6-39dc-4618-aeeb-1cfa513ac3bf 47e086c941654735b59b6288cebdcaa5 1d22ed55bd2b4c5bbb077d2f8af7a7f8 - - - -] Unable to schedule network 97a2ea9d-c987-4844-aa76-716df499f90b: no agents available; will retry on subsequent port and subnet creation events.
2026-04-07 01:18:35.212 9 INFO neutron.wsgi [req-993aa947-ec9a-4817-bd1d-97723b86420d req-7c041e72-ae4c-4d94-8f3c-1ac6e416bb0e 2694feadad9a4221b86711f9c377bf8c 84236631f02f428ca66ff0a22b82b7ca - - default default] 10.0.0.171 "GET /v2.0/ports?device_id=1b470d9a-111c-40e4-825c-92a344440b22 HTTP/1.1" status: 200 len: 1400 time: 0.0979984
2026-04-07 01:18:35.273 9 INFO neutron.wsgi [req-993aa947-ec9a-4817-bd1d-97723b86420d req-02da3a13-818f-4af4-a34c-fc457f14c46f 2694feadad9a4221b86711f9c377bf8c 84236631f02f428ca66ff0a22b82b7ca - - default default] 10.0.0.171 "GET /v2.0/security-groups?id=8ca5b6c9-f503-43bc-8256-2ad700120a57&fields=id&fields=name HTTP/1.1" status: 200 len: 309 time: 0.0507212
2026-04-07 01:18:35.371 9 INFO neutron.wsgi [None req-cf0342d3-6c18-4706-a67e-4fa361d22ee1 2694feadad9a4221b86711f9c377bf8c 84236631f02f428ca66ff0a22b82b7ca - - default default] 10.0.0.78 "GET /v2.0/ports?network_id=85c1f3cb-6797-4448-8f48-eeb6b280bc96&mac_address=fa%3A16%3A3e%3A93%3Ae1%3A85 HTTP/1.1" status: 200 len: 1395 time: 0.0602307
2026-04-07 01:18:35.540 9 INFO neutron.db.ovn_revision_numbers_db [None req-9f454fb6-39dc-4618-aeeb-1cfa513ac3bf 47e086c941654735b59b6288cebdcaa5 1d22ed55bd2b4c5bbb077d2f8af7a7f8 - - - -] Successfully bumped revision number for resource 91632eca-1966-4597-8896-26d77b653452 (type: floatingips) to 0
2026-04-07 01:18:35.564 9 INFO neutron.wsgi [None req-9f454fb6-39dc-4618-aeeb-1cfa513ac3bf 47e086c941654735b59b6288cebdcaa5 1d22ed55bd2b4c5bbb077d2f8af7a7f8 - - - -] 10.0.0.78 "POST /v2.0/floatingips HTTP/1.1" status: 201 len: 751 time: 1.0098701
2026-04-07 01:18:35.626 9 INFO neutron.wsgi [None req-82426480-d19c-4e49-ba48-d9e7f969c0d7 47e086c941654735b59b6288cebdcaa5 1d22ed55bd2b4c5bbb077d2f8af7a7f8 - - - -] 10.0.0.78 "PUT /v2.0/floatingips/91632eca-1966-4597-8896-26d77b653452/tags HTTP/1.1" status: 200 len: 218 time: 0.0555496
2026-04-07 01:18:35.643 10 WARNING neutron.scheduler.dhcp_agent_scheduler [None req-0b49c0f4-9ef5-4798-865f-befca4c08eb7 2694feadad9a4221b86711f9c377bf8c 84236631f02f428ca66ff0a22b82b7ca - - - -] No more DHCP agents
2026-04-07 01:18:35.647 10 WARNING neutron.api.rpc.agentnotifiers.dhcp_rpc_agent_api [None req-0b49c0f4-9ef5-4798-865f-befca4c08eb7 2694feadad9a4221b86711f9c377bf8c 84236631f02f428ca66ff0a22b82b7ca - - - -] Unable to schedule network 97a2ea9d-c987-4844-aa76-716df499f90b: no agents available; will retry on subsequent port and subnet creation events.
2026-04-07 01:18:35.662 9 INFO neutron.wsgi [None req-c5e2cc2a-758c-4206-ba8a-d1e37490aaa1 47e086c941654735b59b6288cebdcaa5 1d22ed55bd2b4c5bbb077d2f8af7a7f8 - - default default] 10.0.0.78 "GET /v2.0/floatingips/91632eca-1966-4597-8896-26d77b653452/tags HTTP/1.1" status: 200 len: 218 time: 0.0322187
2026-04-07 01:18:35.667 10 INFO neutron.db.ovn_revision_numbers_db [None req-ca8ddf0e-366c-4575-bdc1-1810c2283897 2de2ec4e10b5434699edd7d80aea63a2 376d36ea2fb84aeca058828a48b1fc4b - - default default] Successfully bumped revision number for resource 2bab9f04-c196-4ee0-8901-149a0566a60d (type: security_groups) to 1
2026-04-07 01:18:35.695 10 INFO neutron.wsgi [None req-ca8ddf0e-366c-4575-bdc1-1810c2283897 2de2ec4e10b5434699edd7d80aea63a2 376d36ea2fb84aeca058828a48b1fc4b - - default default] 10.0.0.78 "GET /v2.0/security-groups?tenant_id=748fdefa90c84caea61447ecc873de60&name=default HTTP/1.1" status: 200 len: 2996 time: 0.3534997
2026-04-07 01:18:35.709 9 INFO neutron.wsgi [None req-ab3e46f5-b7bb-4454-b2fd-e100aeeeb47c 47e086c941654735b59b6288cebdcaa5 1d22ed55bd2b4c5bbb077d2f8af7a7f8 - - - -] 10.0.0.78 "PUT /v2.0/floatingips/91632eca-1966-4597-8896-26d77b653452/tags/green HTTP/1.1" status: 201 len: 201 time: 0.0411811
2026-04-07 01:18:35.745 9 INFO neutron.wsgi [None req-3cf254ea-d648-4de3-bbf2-bc537e23d8cb 47e086c941654735b59b6288cebdcaa5 1d22ed55bd2b4c5bbb077d2f8af7a7f8 - - default default] 10.0.0.78 "GET /v2.0/floatingips/91632eca-1966-4597-8896-26d77b653452/tags HTTP/1.1" status: 200 len: 227 time: 0.0310655
2026-04-07 01:18:35.776 9 INFO neutron.wsgi [None req-eedea40b-2cfc-4513-840c-07fc937eefcf 47e086c941654735b59b6288cebdcaa5 1d22ed55bd2b4c5bbb077d2f8af7a7f8 - - - -] 10.0.0.78 "PUT /v2.0/floatingips/91632eca-1966-4597-8896-26d77b653452/tags/red HTTP/1.1" status: 201 len: 201 time: 0.0263426
2026-04-07 01:18:36.078 9 INFO neutron.wsgi [None req-134b190a-9d5f-4124-9830-97bbd970632c 47e086c941654735b59b6288cebdcaa5 1d22ed55bd2b4c5bbb077d2f8af7a7f8 - - default default] 10.0.0.78 "GET /v2.0/floatingips/91632eca-1966-4597-8896-26d77b653452/tags HTTP/1.1" status: 200 len: 227 time: 0.2958605
2026-04-07 01:18:36.122 9 INFO neutron.wsgi [None req-ab888687-acb7-4790-b112-4641ba64103c 47e086c941654735b59b6288cebdcaa5 1d22ed55bd2b4c5bbb077d2f8af7a7f8 - - - -] 10.0.0.78 "PUT /v2.0/floatingips/91632eca-1966-4597-8896-26d77b653452/tags/black.or.white HTTP/1.1" status: 201 len: 201 time: 0.0391202
2026-04-07 01:18:36.156 9 INFO neutron.wsgi [None req-da765577-df6a-42ff-ae58-72f3e3b5c163 47e086c941654735b59b6288cebdcaa5 1d22ed55bd2b4c5bbb077d2f8af7a7f8 - - default default] 10.0.0.78 "GET /v2.0/floatingips/91632eca-1966-4597-8896-26d77b653452/tags HTTP/1.1" status: 200 len: 245 time: 0.0292487
2026-04-07 01:18:36.205 9 INFO neutron.wsgi [None req-342d6caf-64af-4934-9954-1756f67d7d19 47e086c941654735b59b6288cebdcaa5 1d22ed55bd2b4c5bbb077d2f8af7a7f8 - - - -] 10.0.0.78 "PUT /v2.0/floatingips/91632eca-1966-4597-8896-26d77b653452/tags HTTP/1.1" status: 200 len: 230 time: 0.0417457
2026-04-07 01:18:36.240 9 INFO neutron.wsgi [None req-46110903-c24b-4765-88dd-869bde115f38 47e086c941654735b59b6288cebdcaa5 1d22ed55bd2b4c5bbb077d2f8af7a7f8 - - default default] 10.0.0.78 "GET /v2.0/floatingips/91632eca-1966-4597-8896-26d77b653452/tags HTTP/1.1" status: 200 len: 230 time: 0.0302868
2026-04-07 01:18:36.260 9 INFO neutron.wsgi [None req-b4fa289f-cb40-4d00-b5ed-4074c53186cb 2de2ec4e10b5434699edd7d80aea63a2 376d36ea2fb84aeca058828a48b1fc4b - - - -] 10.0.0.78 "DELETE /v2.0/security-groups/2bab9f04-c196-4ee0-8901-149a0566a60d HTTP/1.1" status: 204 len: 168 time: 0.5591478
2026-04-07 01:18:36.279 9 INFO neutron.wsgi [None req-f6ab4343-8126-4eb7-9acb-ab7583005dd1 47e086c941654735b59b6288cebdcaa5 1d22ed55bd2b4c5bbb077d2f8af7a7f8 - - default default] 10.0.0.78 "GET /v2.0/floatingips/91632eca-1966-4597-8896-26d77b653452/tags/red HTTP/1.1" status: 204 len: 168 time: 0.0315280
2026-04-07 01:18:36.310 9 INFO neutron.api.v2.resource [None req-5ddd9127-85f0-4739-a209-3791e43a8bdb 47e086c941654735b59b6288cebdcaa5 1d22ed55bd2b4c5bbb077d2f8af7a7f8 - - default default] show failed (client error): The resource could not be found.
2026-04-07 01:18:36.311 9 INFO neutron.wsgi [None req-5ddd9127-85f0-4739-a209-3791e43a8bdb 47e086c941654735b59b6288cebdcaa5 1d22ed55bd2b4c5bbb077d2f8af7a7f8 - - default default] 10.0.0.78 "GET /v2.0/floatingips/91632eca-1966-4597-8896-26d77b653452/tags/green HTTP/1.1" status: 404 len: 299 time: 0.0275166
2026-04-07 01:18:36.321 10 INFO neutron.wsgi [req-d09bec3c-5efd-4c1a-b83b-adda6413ede9 req-8d83b453-a6c4-411d-8fb4-bd9b2d964f04 0af61b1f3a0f4b8396f868ae7c7a61d9 e4f484039e694525971575f21e0e6b00 - - 0041f4aab5cb4ad2b9d4fd8d7cd3dc10 0041f4aab5cb4ad2b9d4fd8d7cd3dc10] 10.0.0.88 "GET /v2.0/ports?device_id=23b499f0-3d2f-4fa6-b315-07c39b054ff2 HTTP/1.1" status: 200 len: 1582 time: 0.3159060
2026-04-07 01:18:36.353 9 INFO neutron.wsgi [None req-36021144-d7a4-4faa-9838-04e463d5b769 47e086c941654735b59b6288cebdcaa5 1d22ed55bd2b4c5bbb077d2f8af7a7f8 - - - -] 10.0.0.78 "DELETE /v2.0/floatingips/91632eca-1966-4597-8896-26d77b653452/tags/red HTTP/1.1" status: 204 len: 168 time: 0.0367064
2026-04-07 01:18:36.362 10 INFO neutron.wsgi [req-d09bec3c-5efd-4c1a-b83b-adda6413ede9 req-07c9889a-0701-43c9-b8b5-e608a3469643 0af61b1f3a0f4b8396f868ae7c7a61d9 e4f484039e694525971575f21e0e6b00 - - 0041f4aab5cb4ad2b9d4fd8d7cd3dc10 0041f4aab5cb4ad2b9d4fd8d7cd3dc10] 10.0.0.88 "GET /v2.0/security-groups?id=8ca5b6c9-f503-43bc-8256-2ad700120a57&fields=id&fields=name HTTP/1.1" status: 200 len: 309 time: 0.0336196
2026-04-07 01:18:36.381 9 INFO neutron.wsgi [None req-3ee5a026-f8d6-4e7c-9e00-46c453afd2a4 47e086c941654735b59b6288cebdcaa5 1d22ed55bd2b4c5bbb077d2f8af7a7f8 - - default default] 10.0.0.78 "GET /v2.0/floatingips/91632eca-1966-4597-8896-26d77b653452/tags HTTP/1.1" status: 200 len: 223 time: 0.0222456
2026-04-07 01:18:36.434 9 INFO neutron.api.v2.resource [None req-d4f138ad-941e-432b-a439-26a53745d76c 47e086c941654735b59b6288cebdcaa5 1d22ed55bd2b4c5bbb077d2f8af7a7f8 - - - -] delete failed (client error): The resource could not be found.
2026-04-07 01:18:36.435 9 INFO neutron.wsgi [None req-d4f138ad-941e-432b-a439-26a53745d76c 47e086c941654735b59b6288cebdcaa5 1d22ed55bd2b4c5bbb077d2f8af7a7f8 - - - -] 10.0.0.78 "DELETE /v2.0/floatingips/91632eca-1966-4597-8896-26d77b653452/tags/green HTTP/1.1" status: 404 len: 299 time: 0.0497236
2026-04-07 01:18:36.465 10 INFO neutron.db.l3_db [None req-0b49c0f4-9ef5-4798-865f-befca4c08eb7 2694feadad9a4221b86711f9c377bf8c 84236631f02f428ca66ff0a22b82b7ca - - - -] Floating IP af6d7fce-6b44-4c04-812f-40bbe88f2a4a associated. External IP: 10.96.250.215, port: 88710423-1ff6-4c23-b99b-93de067a421c.
2026-04-07 01:18:36.469 9 INFO neutron.wsgi [None req-7637e66a-359d-4c29-a1f1-4f323017a8c8 2de2ec4e10b5434699edd7d80aea63a2 376d36ea2fb84aeca058828a48b1fc4b - - default default] 10.0.0.78 "GET /v2.0/security-groups?tenant_id=464fcbce23434d8daaecad7d6a143e6c&name=default HTTP/1.1" status: 200 len: 2996 time: 0.0501993
2026-04-07 01:18:36.505 9 INFO neutron.wsgi [None req-2f26fd7e-c25d-41fa-a115-926eef2f38d5 47e086c941654735b59b6288cebdcaa5 1d22ed55bd2b4c5bbb077d2f8af7a7f8 - - - -] 10.0.0.78 "DELETE /v2.0/floatingips/91632eca-1966-4597-8896-26d77b653452/tags HTTP/1.1" status: 204 len: 168 time: 0.0645645
2026-04-07 01:18:36.538 9 INFO neutron.wsgi [None req-68e8b961-247a-4b9d-80be-f845713ec9d5 47e086c941654735b59b6288cebdcaa5 1d22ed55bd2b4c5bbb077d2f8af7a7f8 - - default default] 10.0.0.78 "GET /v2.0/floatingips/91632eca-1966-4597-8896-26d77b653452/tags HTTP/1.1" status: 200 len: 205 time: 0.0278101
2026-04-07 01:18:36.693 10 INFO neutron.db.ovn_revision_numbers_db [None req-0b49c0f4-9ef5-4798-865f-befca4c08eb7 2694feadad9a4221b86711f9c377bf8c 84236631f02f428ca66ff0a22b82b7ca - - - -] Successfully bumped revision number for resource af6d7fce-6b44-4c04-812f-40bbe88f2a4a (type: floatingips) to 0
2026-04-07 01:18:36.775 10 INFO neutron.db.ovn_revision_numbers_db [None req-0b49c0f4-9ef5-4798-865f-befca4c08eb7 2694feadad9a4221b86711f9c377bf8c 84236631f02f428ca66ff0a22b82b7ca - - - -] Successfully bumped revision number for resource af6d7fce-6b44-4c04-812f-40bbe88f2a4a (type: floatingips) to 1
2026-04-07 01:18:36.783 9 INFO neutron.wsgi [None req-a4a127ee-51f5-45b5-86b8-85dba803a20c 2de2ec4e10b5434699edd7d80aea63a2 376d36ea2fb84aeca058828a48b1fc4b - - - -] 10.0.0.78 "DELETE /v2.0/security-groups/06490298-0812-4871-ade2-74dbe60a8142 HTTP/1.1" status: 204 len: 168 time: 0.3081121
2026-04-07 01:18:36.815 10 INFO neutron.wsgi [None req-0b49c0f4-9ef5-4798-865f-befca4c08eb7 2694feadad9a4221b86711f9c377bf8c 84236631f02f428ca66ff0a22b82b7ca - - - -] 10.0.0.78 "POST /v2.0/floatingips HTTP/1.1" status: 201 len: 1053 time: 1.4388235
2026-04-07 01:18:36.855 10 INFO neutron.notifiers.nova [-] Nova event matching ['req-797f3030-5d1a-4433-99be-50258303fa17'] response: {'name': 'network-changed', 'server_uuid': '1b470d9a-111c-40e4-825c-92a344440b22', 'tag': '88710423-1ff6-4c23-b99b-93de067a421c', 'status': 'completed', 'code': 200}
2026-04-07 01:18:36.910 9 INFO neutron.wsgi [req-1c2c50c6-8f9a-4ec5-83a6-0eb9ba04cf84 req-0cbf77a0-e0c5-46d5-a7a4-c891daa65af4 0af61b1f3a0f4b8396f868ae7c7a61d9 e4f484039e694525971575f21e0e6b00 - - 0041f4aab5cb4ad2b9d4fd8d7cd3dc10 0041f4aab5cb4ad2b9d4fd8d7cd3dc10] 199.19.213.133 "GET /v2.0/ports?tenant_id=84236631f02f428ca66ff0a22b82b7ca&device_id=1b470d9a-111c-40e4-825c-92a344440b22 HTTP/1.1" status: 200 len: 1590 time: 0.0333650
2026-04-07 01:18:36.924 9 INFO neutron.wsgi [None req-2f7564e7-95f7-4438-a96f-95222ea1bf82 47e086c941654735b59b6288cebdcaa5 1d22ed55bd2b4c5bbb077d2f8af7a7f8 - - - -] 10.0.0.78 "DELETE /v2.0/floatingips/91632eca-1966-4597-8896-26d77b653452 HTTP/1.1" status: 204 len: 168 time: 0.3803408
2026-04-07 01:18:36.992 9 INFO neutron.wsgi [req-1c2c50c6-8f9a-4ec5-83a6-0eb9ba04cf84 req-978c280e-0b37-467d-b8d7-8ceea633ed6d 0af61b1f3a0f4b8396f868ae7c7a61d9 e4f484039e694525971575f21e0e6b00 - - 0041f4aab5cb4ad2b9d4fd8d7cd3dc10 0041f4aab5cb4ad2b9d4fd8d7cd3dc10] 199.19.213.133 "GET /v2.0/networks?id=85c1f3cb-6797-4448-8f48-eeb6b280bc96 HTTP/1.1" status: 200 len: 1003 time: 0.0670373
2026-04-07 01:18:37.050 9 INFO neutron.wsgi [req-1c2c50c6-8f9a-4ec5-83a6-0eb9ba04cf84 req-f625140d-1e53-4121-a24f-4c833c679d23 0af61b1f3a0f4b8396f868ae7c7a61d9 e4f484039e694525971575f21e0e6b00 - - 0041f4aab5cb4ad2b9d4fd8d7cd3dc10 0041f4aab5cb4ad2b9d4fd8d7cd3dc10] 199.19.213.133 "GET /v2.0/floatingips?fixed_ip_address=10.2.2.10&port_id=88710423-1ff6-4c23-b99b-93de067a421c HTTP/1.1" status: 200 len: 1058 time: 0.0511782
2026-04-07 01:18:37.079 9 INFO neutron.wsgi [req-1c2c50c6-8f9a-4ec5-83a6-0eb9ba04cf84 req-13726cb0-6883-415c-ab40-a2a999cbd317 0af61b1f3a0f4b8396f868ae7c7a61d9 e4f484039e694525971575f21e0e6b00 - - 0041f4aab5cb4ad2b9d4fd8d7cd3dc10 0041f4aab5cb4ad2b9d4fd8d7cd3dc10] 199.19.213.133 "GET /v2.0/floatingips?fixed_ip_address=fd77%3A1457%3A4cf0%3A26a8%3A%3A257&port_id=88710423-1ff6-4c23-b99b-93de067a421c HTTP/1.1" status: 200 len: 217 time: 0.0214138
2026-04-07 01:18:37.122 9 INFO neutron.wsgi [req-1c2c50c6-8f9a-4ec5-83a6-0eb9ba04cf84 req-f79e4d05-8fda-4dd9-87fc-a7adac4cf21f 0af61b1f3a0f4b8396f868ae7c7a61d9 e4f484039e694525971575f21e0e6b00 - - 0041f4aab5cb4ad2b9d4fd8d7cd3dc10 0041f4aab5cb4ad2b9d4fd8d7cd3dc10] 199.19.213.133 "GET /v2.0/subnets?id=47b334fd-d182-4dd3-bf3c-83a78c78ba1c&id=b96202f9-6fa9-4ce8-afd1-1af4195ed976 HTTP/1.1" status: 200 len: 1566 time: 0.0362990
2026-04-07 01:18:37.156 9 INFO neutron.wsgi [req-1c2c50c6-8f9a-4ec5-83a6-0eb9ba04cf84 req-14550b7c-1b4d-4aa4-8304-a5a89902d5c1 0af61b1f3a0f4b8396f868ae7c7a61d9 e4f484039e694525971575f21e0e6b00 - - 0041f4aab5cb4ad2b9d4fd8d7cd3dc10 0041f4aab5cb4ad2b9d4fd8d7cd3dc10] 199.19.213.133 "GET /v2.0/ports?network_id=85c1f3cb-6797-4448-8f48-eeb6b280bc96&device_owner=network%3Adhcp HTTP/1.1" status: 200 len: 210 time: 0.0251272
2026-04-07 01:18:37.182 9 INFO neutron.wsgi [req-1c2c50c6-8f9a-4ec5-83a6-0eb9ba04cf84 req-bbfea3d2-afb5-4c65-984c-0fb99630eead 0af61b1f3a0f4b8396f868ae7c7a61d9 e4f484039e694525971575f21e0e6b00 - - 0041f4aab5cb4ad2b9d4fd8d7cd3dc10 0041f4aab5cb4ad2b9d4fd8d7cd3dc10] 199.19.213.133 "GET /v2.0/ports?network_id=85c1f3cb-6797-4448-8f48-eeb6b280bc96&device_owner=network%3Adhcp HTTP/1.1" status: 200 len: 210 time: 0.0198107 /var/lib/openstack/lib/python3.10/site-packages/pycadf/identifier.py:71: UserWarning: Invalid uuid: neutron. To ensure interoperability, identifiers should be a valid uuid. warnings.warn(('Invalid uuid: %s. To ensure interoperability, '
2026-04-07 01:18:37.246 9 INFO neutron.wsgi [req-1c2c50c6-8f9a-4ec5-83a6-0eb9ba04cf84 req-bf351340-8e27-4916-9ec9-dd34eaef746a 0af61b1f3a0f4b8396f868ae7c7a61d9 e4f484039e694525971575f21e0e6b00 - - 0041f4aab5cb4ad2b9d4fd8d7cd3dc10 0041f4aab5cb4ad2b9d4fd8d7cd3dc10] 199.19.213.133 "GET /v2.0/networks/85c1f3cb-6797-4448-8f48-eeb6b280bc96?fields=segments HTTP/1.1" status: 200 len: 212 time: 0.0568635
2026-04-07 01:18:37.276 10 INFO neutron.wsgi [None req-039da78e-2101-40ba-aebf-382a79044d81 807245f2d818405ba91438cab6b04b98 36e7a33de47c4605a77fcb07d2882929 - - default default] 10.0.0.78 "GET /v2.0/ports?project_id=f53361ab75e24ce1a85dd0ead70c1d1a&network_id=70da58b5-e0f6-4e4f-a961-fa81cc2564da HTTP/1.1" status: 200 len: 3466 time: 0.0620422
2026-04-07 01:18:37.304 9 INFO neutron.wsgi [req-1c2c50c6-8f9a-4ec5-83a6-0eb9ba04cf84 req-4a72c579-70ed-48dc-b0d7-b78fefb2554f 0af61b1f3a0f4b8396f868ae7c7a61d9 e4f484039e694525971575f21e0e6b00 - - 0041f4aab5cb4ad2b9d4fd8d7cd3dc10 0041f4aab5cb4ad2b9d4fd8d7cd3dc10] 199.19.213.133 "GET /v2.0/networks/85c1f3cb-6797-4448-8f48-eeb6b280bc96?fields=provider%3Aphysical_network&fields=provider%3Anetwork_type HTTP/1.1" status: 200 len: 277 time: 0.0511122
2026-04-07 01:18:37.572 9 INFO neutron.wsgi [None req-60e56ea3-86fe-4787-bb02-f0e70ba37c73 807245f2d818405ba91438cab6b04b98 36e7a33de47c4605a77fcb07d2882929 - - default default] 10.0.0.78 "GET /v2.0/subnets?network_id=97a2ea9d-c987-4844-aa76-716df499f90b HTTP/1.1" status: 200 len: 838 time: 0.0392139
2026-04-07 01:18:37.941 9 INFO neutron.db.l3_db [None req-c1c5d3ca-5b31-445a-8dcb-dc676f2203d9 f2ae8420becb4338b5f3f5ab54d9da82 f53361ab75e24ce1a85dd0ead70c1d1a - - - -] Floating IP 437d3df4-04af-4c2f-ba96-f73634fa3ec9 disassociated. External IP: 10.96.250.219, port: 53eb3294-9e93-4721-ac86-43aa4dabab30.
2026-04-07 01:18:38.004 9 INFO neutron.db.ovn_revision_numbers_db [None req-c1c5d3ca-5b31-445a-8dcb-dc676f2203d9 f2ae8420becb4338b5f3f5ab54d9da82 f53361ab75e24ce1a85dd0ead70c1d1a - - - -] Successfully bumped revision number for resource 437d3df4-04af-4c2f-ba96-f73634fa3ec9 (type: floatingips) to 2
2026-04-07 01:18:38.082 9 INFO neutron.db.ovn_revision_numbers_db [None req-95a49937-2286-470b-a418-e9c05b0ba4fe 2de2ec4e10b5434699edd7d80aea63a2 376d36ea2fb84aeca058828a48b1fc4b - - default default] Successfully bumped revision number for resource 34d63d42-d084-441d-9513-88e2249a0ccf (type: security_groups) to 1
2026-04-07 01:18:38.095 9 INFO neutron.wsgi [None req-c1c5d3ca-5b31-445a-8dcb-dc676f2203d9 f2ae8420becb4338b5f3f5ab54d9da82 f53361ab75e24ce1a85dd0ead70c1d1a - - - -] 10.0.0.78 "PUT /v2.0/floatingips/437d3df4-04af-4c2f-ba96-f73634fa3ec9 HTTP/1.1" status: 200 len: 748 time: 0.3060291
2026-04-07 01:18:38.114 9 INFO neutron.wsgi [None req-95a49937-2286-470b-a418-e9c05b0ba4fe 2de2ec4e10b5434699edd7d80aea63a2 376d36ea2fb84aeca058828a48b1fc4b - - default default] 10.0.0.78 "GET /v2.0/security-groups?tenant_id=1d22ed55bd2b4c5bbb077d2f8af7a7f8&name=default HTTP/1.1" status: 200 len: 2996 time: 0.4475129 /var/lib/openstack/lib/python3.10/site-packages/pycadf/identifier.py:71: UserWarning: Invalid uuid: neutron. To ensure interoperability, identifiers should be a valid uuid. warnings.warn(('Invalid uuid: %s. To ensure interoperability, '
2026-04-07 01:18:38.149 9 INFO neutron.notifiers.nova [-] Nova event matching ['req-0b683e4e-6066-40ce-83ce-6e1df0757f89'] response: {'name': 'network-changed', 'server_uuid': '3845b431-7852-435f-a614-d89f869902d8', 'tag': '53eb3294-9e93-4721-ac86-43aa4dabab30', 'status': 'completed', 'code': 200}
2026-04-07 01:18:38.155 10 INFO neutron.wsgi [None req-da4e2ef3-84c5-420f-a57a-7a666071c25a f2ae8420becb4338b5f3f5ab54d9da82 f53361ab75e24ce1a85dd0ead70c1d1a - - default default] 10.0.0.78 "GET /v2.0/floatingips/437d3df4-04af-4c2f-ba96-f73634fa3ec9 HTTP/1.1" status: 200 len: 746 time: 0.0548258
2026-04-07 01:18:38.209 9 INFO neutron.wsgi [req-d58a57bf-2e06-4fe2-9eed-f4abf8875ecc req-fd6ed531-caf4-4858-a3f1-7a3117e29859 0af61b1f3a0f4b8396f868ae7c7a61d9 e4f484039e694525971575f21e0e6b00 - - 0041f4aab5cb4ad2b9d4fd8d7cd3dc10 0041f4aab5cb4ad2b9d4fd8d7cd3dc10] 199.19.213.133 "GET /v2.0/ports?tenant_id=f53361ab75e24ce1a85dd0ead70c1d1a&device_id=3845b431-7852-435f-a614-d89f869902d8 HTTP/1.1" status: 200 len: 1365 time: 0.0425975
2026-04-07 01:18:38.281 9 INFO neutron.wsgi [req-d58a57bf-2e06-4fe2-9eed-f4abf8875ecc req-dab8b406-4348-42db-9e57-c2680ae37d79 0af61b1f3a0f4b8396f868ae7c7a61d9 e4f484039e694525971575f21e0e6b00 - - 0041f4aab5cb4ad2b9d4fd8d7cd3dc10 0041f4aab5cb4ad2b9d4fd8d7cd3dc10] 199.19.213.133 "GET /v2.0/networks?id=70da58b5-e0f6-4e4f-a961-fa81cc2564da HTTP/1.1" status: 200 len: 958 time: 0.0662179
2026-04-07 01:18:38.322 9 INFO neutron.wsgi [req-d58a57bf-2e06-4fe2-9eed-f4abf8875ecc req-6a5a0a6e-c4c7-493f-9e45-f98beb1c3482 0af61b1f3a0f4b8396f868ae7c7a61d9 e4f484039e694525971575f21e0e6b00 - - 0041f4aab5cb4ad2b9d4fd8d7cd3dc10 0041f4aab5cb4ad2b9d4fd8d7cd3dc10] 199.19.213.133 "GET /v2.0/floatingips?fixed_ip_address=10.100.0.11&port_id=53eb3294-9e93-4721-ac86-43aa4dabab30 HTTP/1.1" status: 200 len: 217 time: 0.0345023
2026-04-07 01:18:38.374 9 INFO neutron.wsgi [req-d58a57bf-2e06-4fe2-9eed-f4abf8875ecc req-a3af8c89-93c5-4887-90e3-d80975582b7f 0af61b1f3a0f4b8396f868ae7c7a61d9 e4f484039e694525971575f21e0e6b00 - - 0041f4aab5cb4ad2b9d4fd8d7cd3dc10 0041f4aab5cb4ad2b9d4fd8d7cd3dc10] 199.19.213.133 "GET /v2.0/subnets?id=617e90f7-1600-4717-8958-1b7a7e7a5a79 HTTP/1.1" status: 200 len: 852 time: 0.0445163
2026-04-07 01:18:38.385 9 INFO neutron.wsgi [None req-1c19a027-b941-46a8-b283-db0cee3b9f51 2de2ec4e10b5434699edd7d80aea63a2 376d36ea2fb84aeca058828a48b1fc4b - - - -] 10.0.0.78 "DELETE /v2.0/security-groups/34d63d42-d084-441d-9513-88e2249a0ccf HTTP/1.1" status: 204 len: 168 time: 0.2651210
2026-04-07 01:18:38.407 9 INFO neutron.wsgi [req-d58a57bf-2e06-4fe2-9eed-f4abf8875ecc req-8c12912e-f62e-416c-bca7-7d2297a76c1e 0af61b1f3a0f4b8396f868ae7c7a61d9 e4f484039e694525971575f21e0e6b00 - - 0041f4aab5cb4ad2b9d4fd8d7cd3dc10 0041f4aab5cb4ad2b9d4fd8d7cd3dc10] 199.19.213.133 "GET /v2.0/ports?network_id=70da58b5-e0f6-4e4f-a961-fa81cc2564da&device_owner=network%3Adhcp HTTP/1.1" status: 200 len: 210 time: 0.0251980
2026-04-07 01:18:38.475 9 INFO neutron.wsgi [req-d58a57bf-2e06-4fe2-9eed-f4abf8875ecc req-f737098b-b1fc-46c2-92a0-20e9f734179f 0af61b1f3a0f4b8396f868ae7c7a61d9 e4f484039e694525971575f21e0e6b00 - - 0041f4aab5cb4ad2b9d4fd8d7cd3dc10 0041f4aab5cb4ad2b9d4fd8d7cd3dc10] 199.19.213.133 "GET /v2.0/networks/70da58b5-e0f6-4e4f-a961-fa81cc2564da?fields=segments HTTP/1.1" status: 200 len: 212 time: 0.0583515
2026-04-07 01:18:38.543 9 INFO neutron.wsgi [req-d58a57bf-2e06-4fe2-9eed-f4abf8875ecc req-7d204d8b-10ed-47b5-8053-8e8753fa9b83 0af61b1f3a0f4b8396f868ae7c7a61d9 e4f484039e694525971575f21e0e6b00 - - 0041f4aab5cb4ad2b9d4fd8d7cd3dc10 0041f4aab5cb4ad2b9d4fd8d7cd3dc10] 199.19.213.133 "GET /v2.0/networks/70da58b5-e0f6-4e4f-a961-fa81cc2564da?fields=provider%3Aphysical_network&fields=provider%3Anetwork_type HTTP/1.1" status: 200 len: 277 time: 0.0597165
2026-04-07 01:18:38.651 9 INFO neutron.db.ovn_revision_numbers_db [None req-ff2f8e0f-2966-484d-ac46-5f8b8a1a89d3 2de2ec4e10b5434699edd7d80aea63a2 376d36ea2fb84aeca058828a48b1fc4b - - default default] Successfully bumped revision number for resource fb801162-1b31-4722-a413-d63885407ba9 (type: security_groups) to 1
2026-04-07 01:18:38.676 9 INFO neutron.wsgi [None req-ff2f8e0f-2966-484d-ac46-5f8b8a1a89d3 2de2ec4e10b5434699edd7d80aea63a2 376d36ea2fb84aeca058828a48b1fc4b - - default default] 10.0.0.78 "GET /v2.0/security-groups?tenant_id=38944700786241eb812508d419e588bf&name=default HTTP/1.1" status: 200 len: 2996 time: 0.1254258
2026-04-07 01:18:38.865 9 INFO neutron.wsgi [None req-691b2bb2-d88d-4f35-a1bf-69640dbdec9f 2de2ec4e10b5434699edd7d80aea63a2 376d36ea2fb84aeca058828a48b1fc4b - - - -] 10.0.0.78 "DELETE /v2.0/security-groups/fb801162-1b31-4722-a413-d63885407ba9 HTTP/1.1" status: 204 len: 168 time: 0.1839807
2026-04-07 01:18:39.336 9 INFO neutron.db.ovn_revision_numbers_db [None req-53adada1-e6fc-4f02-ad67-acb407f6dccf f2ae8420becb4338b5f3f5ab54d9da82 f53361ab75e24ce1a85dd0ead70c1d1a - - - -] Successfully bumped revision number for resource 79f58222-1cb7-4ecf-8a03-0d3529803969 (type: security_groups) to 1
2026-04-07 01:18:39.354 9 INFO neutron.wsgi [None req-53adada1-e6fc-4f02-ad67-acb407f6dccf f2ae8420becb4338b5f3f5ab54d9da82 f53361ab75e24ce1a85dd0ead70c1d1a - - - -] 10.0.0.78 "POST /v2.0/security-groups HTTP/1.1" status: 201 len: 1811 time: 0.1170635
2026-04-07 01:18:39.468 9 INFO neutron.db.ovn_revision_numbers_db [None req-447fa540-c308-45a2-a1ae-3220d8b1f2c9 f2ae8420becb4338b5f3f5ab54d9da82 f53361ab75e24ce1a85dd0ead70c1d1a - - - -] Successfully bumped revision number for resource 18ccbcc2-fc79-4328-83c4-65f396900c3a (type: security_group_rules) to 0
2026-04-07 01:18:39.489 9 INFO neutron.wsgi [None req-447fa540-c308-45a2-a1ae-3220d8b1f2c9 f2ae8420becb4338b5f3f5ab54d9da82 f53361ab75e24ce1a85dd0ead70c1d1a - - - -] 10.0.0.78 "POST /v2.0/security-group-rules HTTP/1.1" status: 201 len: 764 time: 0.1292677
2026-04-07 01:18:39.589 9 INFO neutron.db.ovn_revision_numbers_db [None req-65cf136a-b702-4476-82da-7ae406a81537 f2ae8420becb4338b5f3f5ab54d9da82 f53361ab75e24ce1a85dd0ead70c1d1a - - - -] Successfully bumped revision number for resource 2e0771bf-ec6b-4689-8484-f117dd86c537 (type: security_group_rules) to 0
2026-04-07 01:18:39.612 9 INFO neutron.wsgi [None req-65cf136a-b702-4476-82da-7ae406a81537 f2ae8420becb4338b5f3f5ab54d9da82 f53361ab75e24ce1a85dd0ead70c1d1a - - - -] 10.0.0.78 "POST /v2.0/security-group-rules HTTP/1.1" status: 201 len: 763 time: 0.1180744
2026-04-07 01:18:39.734 9 INFO neutron.db.ovn_revision_numbers_db [None req-eba1c66b-a2c2-4011-895b-7595943eceb5 f2ae8420becb4338b5f3f5ab54d9da82 f53361ab75e24ce1a85dd0ead70c1d1a - - - -] Successfully bumped revision number for resource 40ddec5f-6995-49ff-9043-58b8568410cb (type: security_group_rules) to 0
2026-04-07 01:18:39.762 9 INFO neutron.wsgi [None req-eba1c66b-a2c2-4011-895b-7595943eceb5 f2ae8420becb4338b5f3f5ab54d9da82 f53361ab75e24ce1a85dd0ead70c1d1a - - - -] 10.0.0.78 "POST /v2.0/security-group-rules HTTP/1.1" status: 201 len: 769 time: 0.1439502
2026-04-07 01:18:39.918 10 INFO neutron.db.ovn_revision_numbers_db [None req-a837a406-8ac0-4cea-9244-923f880eb33e f2ae8420becb4338b5f3f5ab54d9da82 f53361ab75e24ce1a85dd0ead70c1d1a - - - -] Successfully bumped revision number for resource 8fbff95d-7973-4dc6-95ca-cf8596f161ad (type: security_group_rules) to 0
2026-04-07 01:18:39.946 10 INFO neutron.wsgi [None req-a837a406-8ac0-4cea-9244-923f880eb33e f2ae8420becb4338b5f3f5ab54d9da82 f53361ab75e24ce1a85dd0ead70c1d1a - - - -] 10.0.0.78 "POST /v2.0/security-group-rules HTTP/1.1" status: 201 len: 768 time: 0.1764972
2026-04-07 01:18:39.978 9 INFO neutron.db.securitygroups_db [None req-85794f1b-977c-480b-b4e6-392d5b58f33f f2ae8420becb4338b5f3f5ab54d9da82 f53361ab75e24ce1a85dd0ead70c1d1a - - - -] Project f53361ab75e24ce1a85dd0ead70c1d1a added a security group rule with legacy IPv6 ICMP protocol name icmp, ipv6-icmp should be used instead. It was automatically converted.
2026-04-07 01:18:40.075 9 INFO neutron.db.ovn_revision_numbers_db [None req-85794f1b-977c-480b-b4e6-392d5b58f33f f2ae8420becb4338b5f3f5ab54d9da82 f53361ab75e24ce1a85dd0ead70c1d1a - - - -] Successfully bumped revision number for resource f2e9020b-cd75-411e-8366-62e45784aeac (type: security_group_rules) to 0
2026-04-07 01:18:40.110 9 INFO neutron.wsgi [None req-85794f1b-977c-480b-b4e6-392d5b58f33f f2ae8420becb4338b5f3f5ab54d9da82 f53361ab75e24ce1a85dd0ead70c1d1a - - - -] 10.0.0.78 "POST /v2.0/security-group-rules HTTP/1.1" status: 201 len: 774 time: 0.1564703
2026-04-07 01:18:40.145 10 INFO neutron.db.securitygroups_db [None req-8cc82f12-865f-4398-a47c-7bdcedc7969a f2ae8420becb4338b5f3f5ab54d9da82 f53361ab75e24ce1a85dd0ead70c1d1a - - - -] Project f53361ab75e24ce1a85dd0ead70c1d1a added a security group rule with legacy IPv6 ICMP protocol name icmp, ipv6-icmp should be used instead. It was automatically converted.
2026-04-07 01:18:40.257 10 INFO neutron.db.ovn_revision_numbers_db [None req-8cc82f12-865f-4398-a47c-7bdcedc7969a f2ae8420becb4338b5f3f5ab54d9da82 f53361ab75e24ce1a85dd0ead70c1d1a - - - -] Successfully bumped revision number for resource 5d06d3a3-dc56-4fe5-acc0-24b6ee90865b (type: security_group_rules) to 0
2026-04-07 01:18:40.313 10 INFO neutron.wsgi [None req-8cc82f12-865f-4398-a47c-7bdcedc7969a f2ae8420becb4338b5f3f5ab54d9da82 f53361ab75e24ce1a85dd0ead70c1d1a - - - -] 10.0.0.78 "POST /v2.0/security-group-rules HTTP/1.1" status: 201 len: 773 time: 0.1992335
2026-04-07 01:18:40.426 9 INFO neutron.db.ovn_revision_numbers_db [None req-48e129b9-3bfd-4ddb-95e4-ad8c5ad04e88 1f02fc3d4e6d4b0aa7ab765cfd03960e d613bf83956744889faf67e1c010c4ce - - - -] Successfully bumped revision number for resource 265525fd-2840-4adb-865b-eb43449fdebf (type: security_groups) to 1
2026-04-07 01:18:40.481 9 INFO neutron.db.segments_db [None req-48e129b9-3bfd-4ddb-95e4-ad8c5ad04e88 1f02fc3d4e6d4b0aa7ab765cfd03960e d613bf83956744889faf67e1c010c4ce - - - -] Added segment bae522cc-d49c-4564-8bf3-cf2c91df035a of type geneve for network 4272fd2a-96b6-41b1-a8c4-8ab568188fd7
2026-04-07 01:18:40.620 9 INFO neutron.db.ovn_revision_numbers_db [None req-48e129b9-3bfd-4ddb-95e4-ad8c5ad04e88 1f02fc3d4e6d4b0aa7ab765cfd03960e d613bf83956744889faf67e1c010c4ce - - - -] Successfully bumped revision number for resource 4272fd2a-96b6-41b1-a8c4-8ab568188fd7 (type: networks) to 1
2026-04-07 01:18:40.856 9 WARNING neutron.scheduler.dhcp_agent_scheduler [None req-48e129b9-3bfd-4ddb-95e4-ad8c5ad04e88 1f02fc3d4e6d4b0aa7ab765cfd03960e d613bf83956744889faf67e1c010c4ce - - - -] No more DHCP agents
