2026-04-07 01:16:13.476 9 WARNING neutron.api.rpc.agentnotifiers.dhcp_rpc_agent_api [None req-61457962-a45d-4893-8ea9-4e13d560cab1 2de2ec4e10b5434699edd7d80aea63a2 376d36ea2fb84aeca058828a48b1fc4b - - - -] Unable to schedule network 82ddf535-37a4-4d1f-9cf0-5aefb8f5e6a7: no agents available; will retry on subsequent port and subnet creation events.
2026-04-07 01:16:13.537 9 INFO neutron.db.ovn_revision_numbers_db [None req-61457962-a45d-4893-8ea9-4e13d560cab1 2de2ec4e10b5434699edd7d80aea63a2 376d36ea2fb84aeca058828a48b1fc4b - - - -] Successfully bumped revision number for resource 6e979d21-7ab3-4109-806d-262af544029b (type: ports) to 1
2026-04-07 01:16:13.555 9 INFO neutron.wsgi [None req-61457962-a45d-4893-8ea9-4e13d560cab1 2de2ec4e10b5434699edd7d80aea63a2 376d36ea2fb84aeca058828a48b1fc4b - - - -] 10.0.0.78 "POST /v2.0/networks HTTP/1.1" status: 201 len: 946 time: 0.7751994
2026-04-07 01:16:13.716 10 INFO neutron.db.ovn_revision_numbers_db [None req-2274435c-975f-4fc3-8506-08bd349b66d4 2de2ec4e10b5434699edd7d80aea63a2 376d36ea2fb84aeca058828a48b1fc4b - - default default] Successfully bumped revision number for resource a24e8a19-da34-49c6-b651-15d3866783cc (type: security_groups) to 1
2026-04-07 01:16:13.732 9 WARNING neutron.scheduler.dhcp_agent_scheduler [None req-508ff38d-bfe8-4ec6-86d6-17d24d9c386e 2de2ec4e10b5434699edd7d80aea63a2 376d36ea2fb84aeca058828a48b1fc4b - - - -] No more DHCP agents
2026-04-07 01:16:13.733 10 INFO neutron.wsgi [None req-2274435c-975f-4fc3-8506-08bd349b66d4 2de2ec4e10b5434699edd7d80aea63a2 376d36ea2fb84aeca058828a48b1fc4b - - default default] 10.0.0.78 "GET /v2.0/security-groups?tenant_id=55e49b571fa445ea8e80e463ba782ca3&name=default HTTP/1.1" status: 200 len: 2996 time: 0.2391787
2026-04-07 01:16:13.734 9 WARNING neutron.api.rpc.agentnotifiers.dhcp_rpc_agent_api [None req-508ff38d-bfe8-4ec6-86d6-17d24d9c386e 2de2ec4e10b5434699edd7d80aea63a2 376d36ea2fb84aeca058828a48b1fc4b - - - -] Unable to schedule network 82ddf535-37a4-4d1f-9cf0-5aefb8f5e6a7: no agents available; will retry on subsequent port and subnet creation events.
2026-04-07 01:16:13.874 10 INFO neutron.wsgi [None req-33870e56-46ca-4de6-a9f6-f5cf2f29b097 2de2ec4e10b5434699edd7d80aea63a2 376d36ea2fb84aeca058828a48b1fc4b - - - -] 10.0.0.78 "DELETE /v2.0/security-groups/a24e8a19-da34-49c6-b651-15d3866783cc HTTP/1.1" status: 204 len: 168 time: 0.1350679
2026-04-07 01:16:14.114 10 INFO neutron.db.ovn_revision_numbers_db [None req-5ba7c67c-5de2-4f15-b00b-103f92dc18a0 2de2ec4e10b5434699edd7d80aea63a2 376d36ea2fb84aeca058828a48b1fc4b - - default default] Successfully bumped revision number for resource dbb0aeb3-533d-4013-9d77-413c7b9fc9a8 (type: security_groups) to 1
2026-04-07 01:16:14.136 10 INFO neutron.wsgi [None req-5ba7c67c-5de2-4f15-b00b-103f92dc18a0 2de2ec4e10b5434699edd7d80aea63a2 376d36ea2fb84aeca058828a48b1fc4b - - default default] 10.0.0.78 "GET /v2.0/security-groups?tenant_id=d143d0312e084414a90cb5f5bd294097&name=default HTTP/1.1" status: 200 len: 2996 time: 0.1177578
2026-04-07 01:16:14.193 9 INFO neutron.db.ovn_revision_numbers_db [None req-508ff38d-bfe8-4ec6-86d6-17d24d9c386e 2de2ec4e10b5434699edd7d80aea63a2 376d36ea2fb84aeca058828a48b1fc4b - - - -] Successfully bumped revision number for resource 6e979d21-7ab3-4109-806d-262af544029b (type: ports) to 2
2026-04-07 01:16:14.209 9 INFO neutron.db.ovn_revision_numbers_db [None req-508ff38d-bfe8-4ec6-86d6-17d24d9c386e 2de2ec4e10b5434699edd7d80aea63a2 376d36ea2fb84aeca058828a48b1fc4b - - - -] Successfully bumped revision number for resource 73517ebb-90d7-4132-8962-517e63ea73c9 (type: subnets) to 0
2026-04-07 01:16:14.224 9 INFO neutron.wsgi [None req-508ff38d-bfe8-4ec6-86d6-17d24d9c386e 2de2ec4e10b5434699edd7d80aea63a2 376d36ea2fb84aeca058828a48b1fc4b - - - -] 10.0.0.78 "POST /v2.0/subnets HTTP/1.1" status: 201 len: 866 time: 0.6635053
2026-04-07 01:16:14.321 10 INFO neutron.wsgi [None req-7effcc09-7d13-423e-bc07-2c742f8436be 2de2ec4e10b5434699edd7d80aea63a2 376d36ea2fb84aeca058828a48b1fc4b - - - -] 10.0.0.78 "DELETE /v2.0/security-groups/dbb0aeb3-533d-4013-9d77-413c7b9fc9a8 HTTP/1.1" status: 204 len: 168 time: 0.1806583
2026-04-07 01:16:14.483 9 INFO neutron.wsgi [req-33e15668-3c55-4632-a5c4-593010afa157 req-cb2fcbe2-dbad-423d-86d5-385cd23f23c8 e527d8078fdc4b86be1c47ac5be9ee5c 00b0cfe780b04e358530839899e3ce43 - - default default] 10.0.0.171 "GET /v2.0/ports?device_id=690084ab-e977-47b0-af9e-6a44a1a388ca HTTP/1.1" status: 200 len: 1170 time: 0.1135602
2026-04-07 01:16:14.540 9 INFO neutron.wsgi [req-33e15668-3c55-4632-a5c4-593010afa157 req-184d0ab5-4212-4b52-ba4a-1bb53e65a5c2 e527d8078fdc4b86be1c47ac5be9ee5c 00b0cfe780b04e358530839899e3ce43 - - default default] 10.0.0.171 "GET /v2.0/security-groups?id=3a9527f6-907e-4764-87d2-f26026f0256b&fields=id&fields=name HTTP/1.1" status: 200 len: 313 time: 0.0427570
2026-04-07 01:16:14.612 9 INFO neutron.wsgi [-] 10.0.0.47 "GET / HTTP/1.1" status: 200 len: 247 time: 0.0017071
2026-04-07 01:16:14.614 10 INFO neutron.wsgi [-] 10.0.0.47 "GET / HTTP/1.1" status: 200 len: 247 time: 0.0028999
2026-04-07 01:16:14.753 9 INFO neutron.wsgi [req-4c98c06f-c34a-4eda-b437-bc22df4f3ef7 req-be72eaf5-ccc0-44da-9c38-7e92ab490e37 e527d8078fdc4b86be1c47ac5be9ee5c 00b0cfe780b04e358530839899e3ce43 - - default default] 10.0.0.171 "GET /v2.0/ports?device_id=690084ab-e977-47b0-af9e-6a44a1a388ca HTTP/1.1" status: 200 len: 1170 time: 0.0422328
2026-04-07 01:16:14.759 9 WARNING neutron.scheduler.dhcp_agent_scheduler [None req-0b749dde-32e7-4dec-9e72-e00fee652b7c 2de2ec4e10b5434699edd7d80aea63a2 376d36ea2fb84aeca058828a48b1fc4b - - - -] No more DHCP agents
2026-04-07 01:16:14.761 9 WARNING neutron.api.rpc.agentnotifiers.dhcp_rpc_agent_api [None req-0b749dde-32e7-4dec-9e72-e00fee652b7c 2de2ec4e10b5434699edd7d80aea63a2 376d36ea2fb84aeca058828a48b1fc4b - - - -] Unable to schedule network 97a2ea9d-c987-4844-aa76-716df499f90b: no agents available; will retry on subsequent port and subnet creation events.
2026-04-07 01:16:14.788 10 INFO neutron.plugins.ml2.drivers.ovn.mech_driver.mech_driver [None req-d973d1cf-d5bc-452b-a482-37fcd50962da - - - - - -] OVN reports status down for port: 1d5037e9-fe40-45ed-89bf-643e4479ae85
2026-04-07 01:16:14.802 9 INFO neutron.wsgi [req-4c98c06f-c34a-4eda-b437-bc22df4f3ef7 req-63103a53-d0d2-4673-bdeb-bce1a58021e6 e527d8078fdc4b86be1c47ac5be9ee5c 00b0cfe780b04e358530839899e3ce43 - - default default] 10.0.0.171 "GET /v2.0/security-groups?id=3a9527f6-907e-4764-87d2-f26026f0256b&fields=id&fields=name HTTP/1.1" status: 200 len: 313 time: 0.0393078
2026-04-07 01:16:14.905 9 INFO neutron.db.ovn_revision_numbers_db [None req-0b749dde-32e7-4dec-9e72-e00fee652b7c 2de2ec4e10b5434699edd7d80aea63a2 376d36ea2fb84aeca058828a48b1fc4b - - - -] Successfully bumped revision number for resource 4436a3b8-fd8a-42a7-bc3f-00553dea5055 (type: ports) to 1
2026-04-07 01:16:14.918 10 INFO neutron.notifiers.nova [-] Nova event matching ['req-7691f7a9-8e83-47d4-bb5b-0ffe13b44521'] response: {'server_uuid': '690084ab-e977-47b0-af9e-6a44a1a388ca', 'name': 'network-vif-unplugged', 'status': 'completed', 'tag': '1d5037e9-fe40-45ed-89bf-643e4479ae85', 'code': 200}
2026-04-07 01:16:15.057 9 INFO neutron.wsgi [req-609b0c35-f8fe-438a-99ef-8ac0c76b1aa6 req-28fd274f-c6e8-4167-840c-082510673037 e527d8078fdc4b86be1c47ac5be9ee5c 00b0cfe780b04e358530839899e3ce43 - - default default] 199.19.213.133 "GET /v2.0/ports?device_id=690084ab-e977-47b0-af9e-6a44a1a388ca HTTP/1.1" status: 200 len: 1168 time: 0.0357924
2026-04-07 01:16:15.059 10 INFO neutron.db.ovn_revision_numbers_db [None req-d973d1cf-d5bc-452b-a482-37fcd50962da - - - - - -] Successfully bumped revision number for resource 1d5037e9-fe40-45ed-89bf-643e4479ae85 (type: ports) to 7
2026-04-07 01:16:15.674 9 INFO neutron.db.l3_db [None req-798d83c6-6650-4272-a9a2-6281a4084289 e527d8078fdc4b86be1c47ac5be9ee5c 00b0cfe780b04e358530839899e3ce43 - - - -] Floating IP ee653737-88a5-4e03-af05-3142cb7ea53f disassociated. External IP: 10.96.250.204, port: 1d5037e9-fe40-45ed-89bf-643e4479ae85. /var/lib/openstack/lib/python3.10/site-packages/pycadf/identifier.py:71: UserWarning: Invalid uuid: neutron. To ensure interoperability, identifiers should be a valid uuid. warnings.warn(('Invalid uuid: %s. To ensure interoperability, '
2026-04-07 01:16:15.948 9 INFO neutron.wsgi [req-7dccdcff-11ae-46fd-b5d1-c5d51fcd672b req-629ab3dc-43f0-4e44-af55-58f043e5c827 e527d8078fdc4b86be1c47ac5be9ee5c 00b0cfe780b04e358530839899e3ce43 - - default default] 10.0.0.171 "GET /v2.0/ports?device_id=690084ab-e977-47b0-af9e-6a44a1a388ca HTTP/1.1" status: 200 len: 1168 time: 0.0691621
2026-04-07 01:16:15.976 9 INFO neutron.plugins.ml2.drivers.ovn.mech_driver.mech_driver [None req-126ef58e-08ad-43f9-a7ec-660b06e6fa23 - - - - - -] OVN reports status up for port: 4436a3b8-fd8a-42a7-bc3f-00553dea5055
2026-04-07 01:16:16.000 9 INFO neutron.plugins.ml2.drivers.ovn.mech_driver.ovsdb.ovsdb_monitor [None req-1a0c5071-89e1-49d4-8263-c013d39c1914 - - - - - -] Router 8e00ba97-db36-406c-9ad4-5fb0b25bb8e6 is bound to host instance
2026-04-07 01:16:16.002 9 INFO neutron.db.ovn_revision_numbers_db [None req-0b749dde-32e7-4dec-9e72-e00fee652b7c 2de2ec4e10b5434699edd7d80aea63a2 376d36ea2fb84aeca058828a48b1fc4b - - - -] Successfully bumped revision number for resource 4436a3b8-fd8a-42a7-bc3f-00553dea5055 (type: router_ports) to 1
2026-04-07 01:16:16.048 9 INFO neutron.db.ovn_revision_numbers_db [None req-d19d4c4a-43cd-436e-93e8-66eb461c970f 2de2ec4e10b5434699edd7d80aea63a2 376d36ea2fb84aeca058828a48b1fc4b - - default default] Successfully bumped revision number for resource c1a9fb01-dfe7-4fb4-8aa6-e31a79ab48a1 (type: security_groups) to 1
2026-04-07 01:16:16.058 9 INFO neutron.plugins.ml2.plugin [None req-126ef58e-08ad-43f9-a7ec-660b06e6fa23 - - - - - -] Attempt 1 to provision port 4436a3b8-fd8a-42a7-bc3f-00553dea5055
2026-04-07 01:16:16.061 9 INFO neutron.wsgi [req-7dccdcff-11ae-46fd-b5d1-c5d51fcd672b req-03afa289-a9ae-490d-9535-ccd2a16e177d e527d8078fdc4b86be1c47ac5be9ee5c 00b0cfe780b04e358530839899e3ce43 - - default default] 10.0.0.171 "GET /v2.0/security-groups?id=3a9527f6-907e-4764-87d2-f26026f0256b&fields=id&fields=name HTTP/1.1" status: 200 len: 313 time: 0.1005256
2026-04-07 01:16:16.113 9 INFO neutron.wsgi [None req-d19d4c4a-43cd-436e-93e8-66eb461c970f 2de2ec4e10b5434699edd7d80aea63a2 376d36ea2fb84aeca058828a48b1fc4b - - default default] 10.0.0.78 "GET /v2.0/security-groups?tenant_id=841353fd504f4d3e8560e641748b084e&name=default HTTP/1.1" status: 200 len: 2996 time: 0.4449325
2026-04-07 01:16:16.186 9 INFO neutron.wsgi [None req-798d83c6-6650-4272-a9a2-6281a4084289 e527d8078fdc4b86be1c47ac5be9ee5c 00b0cfe780b04e358530839899e3ce43 - - - -] 199.19.213.133 "DELETE /v2.0/ports/1d5037e9-fe40-45ed-89bf-643e4479ae85 HTTP/1.1" status: 204 len: 173 time: 1.1236475
2026-04-07 01:16:16.196 9 INFO neutron.db.ovn_revision_numbers_db [None req-0b749dde-32e7-4dec-9e72-e00fee652b7c 2de2ec4e10b5434699edd7d80aea63a2 376d36ea2fb84aeca058828a48b1fc4b - - - -] Successfully bumped revision number for resource 8e00ba97-db36-406c-9ad4-5fb0b25bb8e6 (type: routers) to 3
2026-04-07 01:16:16.245 9 INFO neutron.notifiers.nova [-] Nova event matching ['req-1fb97f9b-2e45-4ad6-bf8d-1fa357e285e0'] response: {'server_uuid': '690084ab-e977-47b0-af9e-6a44a1a388ca', 'name': 'network-vif-deleted', 'tag': '1d5037e9-fe40-45ed-89bf-643e4479ae85', 'status': 'completed', 'code': 200}
2026-04-07 01:16:16.248 9 INFO neutron.wsgi [None req-0b749dde-32e7-4dec-9e72-e00fee652b7c 2de2ec4e10b5434699edd7d80aea63a2 376d36ea2fb84aeca058828a48b1fc4b - - - -] 10.0.0.78 "POST /v2.0/routers HTTP/1.1" status: 201 len: 877 time: 2.0185952 /var/lib/openstack/lib/python3.10/site-packages/pycadf/identifier.py:71: UserWarning: Invalid uuid: neutron. To ensure interoperability, identifiers should be a valid uuid. warnings.warn(('Invalid uuid: %s. To ensure interoperability, '
2026-04-07 01:16:16.521 9 INFO neutron.wsgi [None req-8daada19-3d08-4d9f-8018-0e3d1b350898 2de2ec4e10b5434699edd7d80aea63a2 376d36ea2fb84aeca058828a48b1fc4b - - - -] 10.0.0.78 "DELETE /v2.0/security-groups/c1a9fb01-dfe7-4fb4-8aa6-e31a79ab48a1 HTTP/1.1" status: 204 len: 168 time: 0.3963370
2026-04-07 01:16:16.702 10 WARNING neutron.scheduler.dhcp_agent_scheduler [None req-fe04b27e-3dc3-4791-96fa-802daf52d269 2de2ec4e10b5434699edd7d80aea63a2 376d36ea2fb84aeca058828a48b1fc4b - - default default] No more DHCP agents
2026-04-07 01:16:16.705 10 WARNING neutron.api.rpc.agentnotifiers.dhcp_rpc_agent_api [None req-fe04b27e-3dc3-4791-96fa-802daf52d269 2de2ec4e10b5434699edd7d80aea63a2 376d36ea2fb84aeca058828a48b1fc4b - - default default] Unable to schedule network 82ddf535-37a4-4d1f-9cf0-5aefb8f5e6a7: no agents available; will retry on subsequent port and subnet creation events.
2026-04-07 01:16:16.722 9 INFO neutron.db.ovn_revision_numbers_db [None req-1a0c5071-89e1-49d4-8263-c013d39c1914 - - - - - -] Successfully bumped revision number for resource 4436a3b8-fd8a-42a7-bc3f-00553dea5055 (type: ports) to 1
2026-04-07 01:16:16.858 10 INFO neutron.db.ovn_revision_numbers_db [None req-fe04b27e-3dc3-4791-96fa-802daf52d269 2de2ec4e10b5434699edd7d80aea63a2 376d36ea2fb84aeca058828a48b1fc4b - - default default] Successfully bumped revision number for resource 2cd34bc4-69be-435d-8120-763954b8590b (type: ports) to 1
2026-04-07 01:16:16.967 10 INFO neutron.notifiers.nova [-] Nova event matching ['req-f5dc5a69-0cac-4328-a1ee-7101195557bf'] response: {'server_uuid': '690084ab-e977-47b0-af9e-6a44a1a388ca', 'name': 'network-vif-plugged', 'status': 'completed', 'tag': '1d5037e9-fe40-45ed-89bf-643e4479ae85', 'code': 200}
2026-04-07 01:16:17.189 9 INFO neutron.db.ovn_revision_numbers_db [None req-1a0c5071-89e1-49d4-8263-c013d39c1914 - - - - - -] Successfully bumped revision number for resource 4436a3b8-fd8a-42a7-bc3f-00553dea5055 (type: router_ports) to 3
2026-04-07 01:16:17.273 10 INFO neutron.plugins.ml2.drivers.ovn.mech_driver.mech_driver [None req-d973d1cf-d5bc-452b-a482-37fcd50962da - - - - - -] OVN reports status up for port: 2cd34bc4-69be-435d-8120-763954b8590b
2026-04-07 01:16:17.280 10 INFO neutron.plugins.ml2.plugin [None req-d973d1cf-d5bc-452b-a482-37fcd50962da - - - - - -] Attempt 1 to provision port 2cd34bc4-69be-435d-8120-763954b8590b
2026-04-07 01:16:17.294 10 INFO neutron.db.ovn_revision_numbers_db [None req-fe04b27e-3dc3-4791-96fa-802daf52d269 2de2ec4e10b5434699edd7d80aea63a2 376d36ea2fb84aeca058828a48b1fc4b - - default default] Successfully bumped revision number for resource 2cd34bc4-69be-435d-8120-763954b8590b (type: router_ports) to 2
2026-04-07 01:16:17.308 9 INFO neutron.wsgi [None req-d7882554-e89e-40f9-a959-d681119019db e527d8078fdc4b86be1c47ac5be9ee5c 00b0cfe780b04e358530839899e3ce43 - - - -] 10.0.0.78 "DELETE /v2.0/security-groups/3a9527f6-907e-4764-87d2-f26026f0256b HTTP/1.1" status: 204 len: 168 time: 0.1728208
2026-04-07 01:16:17.338 9 INFO neutron.api.v2.resource [None req-9f8d82eb-89f2-492e-a03c-1e3f47091ccb e527d8078fdc4b86be1c47ac5be9ee5c 00b0cfe780b04e358530839899e3ce43 - - default default] show failed (client error): The resource could not be found.
2026-04-07 01:16:17.339 9 INFO neutron.wsgi [None req-9f8d82eb-89f2-492e-a03c-1e3f47091ccb e527d8078fdc4b86be1c47ac5be9ee5c 00b0cfe780b04e358530839899e3ce43 - - default default] 10.0.0.78 "GET /v2.0/security-groups/3a9527f6-907e-4764-87d2-f26026f0256b HTTP/1.1" status: 404 len: 347 time: 0.0155139
2026-04-07 01:16:17.403 9 INFO neutron.db.ovn_revision_numbers_db [None req-1a0c5071-89e1-49d4-8263-c013d39c1914 - - - - - -] Successfully bumped revision number for resource 4436a3b8-fd8a-42a7-bc3f-00553dea5055 (type: ports) to 2
2026-04-07 01:16:17.481 10 INFO neutron.db.ovn_revision_numbers_db [None req-fe04b27e-3dc3-4791-96fa-802daf52d269 2de2ec4e10b5434699edd7d80aea63a2 376d36ea2fb84aeca058828a48b1fc4b - - default default] Successfully bumped revision number for resource 2cd34bc4-69be-435d-8120-763954b8590b (type: ports) to 2
2026-04-07 01:16:17.595 10 WARNING neutron.scheduler.dhcp_agent_scheduler [None req-fe04b27e-3dc3-4791-96fa-802daf52d269 2de2ec4e10b5434699edd7d80aea63a2 376d36ea2fb84aeca058828a48b1fc4b - - default default] No more DHCP agents
2026-04-07 01:16:17.596 10 WARNING neutron.api.rpc.agentnotifiers.dhcp_rpc_agent_api [None req-fe04b27e-3dc3-4791-96fa-802daf52d269 2de2ec4e10b5434699edd7d80aea63a2 376d36ea2fb84aeca058828a48b1fc4b - - default default] Unable to schedule network 82ddf535-37a4-4d1f-9cf0-5aefb8f5e6a7: no agents available; will retry on subsequent port and subnet creation events.
2026-04-07 01:16:17.622 10 INFO neutron.db.ovn_revision_numbers_db [None req-d973d1cf-d5bc-452b-a482-37fcd50962da - - - - - -] Successfully bumped revision number for resource 2cd34bc4-69be-435d-8120-763954b8590b (type: ports) to 3
2026-04-07 01:16:17.734 9 INFO neutron.db.ovn_revision_numbers_db [None req-1a0c5071-89e1-49d4-8263-c013d39c1914 - - - - - -] Successfully bumped revision number for resource 4436a3b8-fd8a-42a7-bc3f-00553dea5055 (type: ports) to 4
2026-04-07 01:16:17.843 9 INFO neutron.wsgi [None req-24a159b4-7d60-494e-84f5-ae4256536762 e527d8078fdc4b86be1c47ac5be9ee5c 00b0cfe780b04e358530839899e3ce43 - - - -] 10.0.0.78 "DELETE /v2.0/floatingips/ee653737-88a5-4e03-af05-3142cb7ea53f HTTP/1.1" status: 204 len: 168 time: 0.5008812
2026-04-07 01:16:18.036 10 INFO neutron.db.ovn_revision_numbers_db [None req-d973d1cf-d5bc-452b-a482-37fcd50962da - - - - - -] Successfully bumped revision number for resource 2cd34bc4-69be-435d-8120-763954b8590b (type: router_ports) to 3
2026-04-07 01:16:18.070 9 INFO neutron.db.ovn_revision_numbers_db [None req-1a0c5071-89e1-49d4-8263-c013d39c1914 - - - - - -] Successfully bumped revision number for resource 4436a3b8-fd8a-42a7-bc3f-00553dea5055 (type: router_ports) to 4
2026-04-07 01:16:18.468 10 WARNING keystonemiddleware.audit [None req-d94328f2-36ad-40af-b713-5118173ce9b1 - - - - - -] Skipping service tempest-service-760178078 as it have no endpoints.
2026-04-07 01:16:18.472 10 INFO neutron.wsgi [None req-f4d6ad43-ddfd-439e-bd41-a80be5a358e4 1fddfdb999654ac8b6d528ea3fb65bd5 12834aa50cd44b4ab0870d9bdeee428b - - default default] 10.0.0.78 "GET /v2.0/extensions HTTP/1.1" status: 200 len: 16520 time: 0.1482301
2026-04-07 01:16:18.482 9 WARNING keystonemiddleware.audit [None req-631ab89c-c80c-4b3c-91f5-f35919a6daa2 - - - - - -] Skipping service tempest-service-760178078 as it have no endpoints.
2026-04-07 01:16:18.484 9 INFO neutron.wsgi [None req-689963fb-938a-48cb-b8bd-8ee781410544 1fddfdb999654ac8b6d528ea3fb65bd5 12834aa50cd44b4ab0870d9bdeee428b - - default default] 10.0.0.78 "GET /v2.0/extensions/address-group HTTP/1.1" status: 200 len: 353 time: 0.0050201
2026-04-07 01:16:18.491 10 WARNING keystonemiddleware.audit [None req-ae9d08c7-2c5c-46a5-ba3b-344d5bc727c8 - - - - - -] Skipping service tempest-service-760178078 as it have no endpoints.
2026-04-07 01:16:18.494 10 INFO neutron.wsgi [None req-2cab24d6-f46b-4780-baaf-580d46dd32a4 1fddfdb999654ac8b6d528ea3fb65bd5 12834aa50cd44b4ab0870d9bdeee428b - - default default] 10.0.0.78 "GET /v2.0/extensions/address-scope HTTP/1.1" status: 200 len: 357 time: 0.0053930
2026-04-07 01:16:18.494 10 INFO neutron.db.ovn_revision_numbers_db [None req-fe04b27e-3dc3-4791-96fa-802daf52d269 2de2ec4e10b5434699edd7d80aea63a2 376d36ea2fb84aeca058828a48b1fc4b - - - -] Successfully bumped revision number for resource 2cd34bc4-69be-435d-8120-763954b8590b (type: router_ports) to 3
2026-04-07 01:16:18.497 10 INFO neutron.wsgi [None req-fe04b27e-3dc3-4791-96fa-802daf52d269 2de2ec4e10b5434699edd7d80aea63a2 376d36ea2fb84aeca058828a48b1fc4b - - - -] 10.0.0.78 "PUT /v2.0/routers/8e00ba97-db36-406c-9ad4-5fb0b25bb8e6/add_router_interface HTTP/1.1" status: 200 len: 503 time: 2.2429328
2026-04-07 01:16:18.499 10 WARNING keystonemiddleware.audit [None req-52793108-13d9-4a92-8e98-131cce602a0a - - - - - -] Skipping service tempest-service-760178078 as it have no endpoints.
2026-04-07 01:16:18.502 10 INFO neutron.wsgi [None req-e814a1ab-fb19-4a71-9ffa-b087f2e86f3a 1fddfdb999654ac8b6d528ea3fb65bd5 12834aa50cd44b4ab0870d9bdeee428b - - default default] 10.0.0.78 "GET /v2.0/extensions/agent HTTP/1.1" status: 200 len: 347 time: 0.0044253
2026-04-07 01:16:18.508 9 WARNING keystonemiddleware.audit [None req-5c5c2e6b-3765-4a41-b5b3-dfb560c717a9 - - - - - -] Skipping service tempest-service-760178078 as it have no endpoints.
2026-04-07 01:16:18.511 9 INFO neutron.wsgi [None req-c0ee6d2e-5dda-4b41-88ce-8c791f21ca37 1fddfdb999654ac8b6d528ea3fb65bd5 12834aa50cd44b4ab0870d9bdeee428b - - default default] 10.0.0.78 "GET /v2.0/extensions/allowed-address-pairs HTTP/1.1" status: 200 len: 378 time: 0.0044289
2026-04-07 01:16:18.520 10 WARNING keystonemiddleware.audit [None req-ae9050d4-15e1-40c1-b6ab-49a4a4bc30c2 - - - - - -] Skipping service tempest-service-760178078 as it have no endpoints.
2026-04-07 01:16:18.523 10 INFO neutron.wsgi [None req-3c90bb77-4d0b-40ad-96ab-b64b205f5bc6 1fddfdb999654ac8b6d528ea3fb65bd5 12834aa50cd44b4ab0870d9bdeee428b - - default default] 10.0.0.78 "GET /v2.0/extensions/auto-allocated-topology HTTP/1.1" status: 200 len: 394 time: 0.0067489
2026-04-07 01:16:18.529 10 WARNING keystonemiddleware.audit [None req-f25293d5-d054-4973-9ecc-604efe372414 - - - - - -] Skipping service tempest-service-760178078 as it have no endpoints.
2026-04-07 01:16:18.532 10 INFO neutron.wsgi [None req-5dcac222-5927-4477-b10a-3ab6d7a88b75 1fddfdb999654ac8b6d528ea3fb65bd5 12834aa50cd44b4ab0870d9bdeee428b - - default default] 10.0.0.78 "GET /v2.0/extensions/availability_zone HTTP/1.1" status: 200 len: 372 time: 0.0055141
2026-04-07 01:16:18.537 10 WARNING keystonemiddleware.audit [None req-0f8f8727-7ac2-45a1-9623-4d8a3bec54cc - - - - - -] Skipping service tempest-service-760178078 as it have no endpoints.
2026-04-07 01:16:18.540 10 INFO neutron.wsgi [None req-f4b684c3-59de-4647-878b-b841eac7ba8d 1fddfdb999654ac8b6d528ea3fb65bd5 12834aa50cd44b4ab0870d9bdeee428b - - default default] 10.0.0.78 "GET /v2.0/extensions/default-subnetpools HTTP/1.1" status: 200 len: 405 time: 0.0044599
2026-04-07 01:16:18.545 10 WARNING keystonemiddleware.audit [None req-c2bd5d4e-5832-4ba9-ab2b-f2c0e140efcc - - - - - -] Skipping service tempest-service-760178078 as it have no endpoints.
2026-04-07 01:16:18.547 10 INFO neutron.wsgi [None req-18e76484-be03-4b83-9ddf-e3244e18a852 1fddfdb999654ac8b6d528ea3fb65bd5 12834aa50cd44b4ab0870d9bdeee428b - - default default] 10.0.0.78 "GET /v2.0/extensions/dhcp_agent_scheduler HTTP/1.1" status: 200 len: 381 time: 0.0045869
2026-04-07 01:16:18.552 10 WARNING keystonemiddleware.audit [None req-23fe814e-8f22-44e8-9d24-81c01e7a4415 - - - - - -] Skipping service tempest-service-760178078 as it have no endpoints.
2026-04-07 01:16:18.555 10 INFO neutron.wsgi [None req-fa73f2ab-106d-4417-956b-b1824f6994df 1fddfdb999654ac8b6d528ea3fb65bd5 12834aa50cd44b4ab0870d9bdeee428b - - default default] 10.0.0.78 "GET /v2.0/extensions/dns-integration HTTP/1.1" status: 200 len: 366 time: 0.0046880
2026-04-07 01:16:18.560 10 WARNING keystonemiddleware.audit [None req-f7c3154d-2a25-4346-8ced-b1632b18440a - - - - - -] Skipping service tempest-service-760178078 as it have no endpoints.
2026-04-07 01:16:18.564 10 INFO neutron.wsgi [None req-72add9d1-2038-46f1-b71e-49dbf4c5dae5 1fddfdb999654ac8b6d528ea3fb65bd5 12834aa50cd44b4ab0870d9bdeee428b - - default default] 10.0.0.78 "GET /v2.0/extensions/dns-domain-ports HTTP/1.1" status: 200 len: 399 time: 0.0058763
2026-04-07 01:16:18.569 9 WARNING keystonemiddleware.audit [None req-de14f08c-5c04-4702-9b82-25e1546eff91 - - - - - -] Skipping service tempest-service-760178078 as it have no endpoints.
2026-04-07 01:16:18.572 9 INFO neutron.wsgi [None req-94539736-46e0-4302-ac05-43c6a1a0668d 1fddfdb999654ac8b6d528ea3fb65bd5 12834aa50cd44b4ab0870d9bdeee428b - - default default] 10.0.0.78 "GET /v2.0/extensions/dns-integration-domain-keywords HTTP/1.1" status: 200 len: 477 time: 0.0048368
2026-04-07 01:16:18.589 9 WARNING keystonemiddleware.audit [None req-2c89ffc4-3992-4bfd-9554-bf19d1ae6950 - - - - - -] Skipping service tempest-service-760178078 as it have no endpoints.
2026-04-07 01:16:18.591 9 INFO neutron.wsgi [None req-7dbfad3c-b03d-4c9f-8fa2-8a186d42a5d4 1fddfdb999654ac8b6d528ea3fb65bd5 12834aa50cd44b4ab0870d9bdeee428b - - default default] 10.0.0.78 "GET /v2.0/extensions/external-net HTTP/1.1" status: 200 len: 394 time: 0.0162249
2026-04-07 01:16:18.598 10 WARNING keystonemiddleware.audit [None req-d3ab44e2-8cdb-434f-bf71-223a7b25abea - - - - - -] Skipping service tempest-service-760178078 as it have no endpoints.
2026-04-07 01:16:18.602 10 INFO neutron.wsgi [None req-430de5db-e310-4fa5-8baf-17f2aab87c2b 1fddfdb999654ac8b6d528ea3fb65bd5 12834aa50cd44b4ab0870d9bdeee428b - - default default] 10.0.0.78 "GET /v2.0/extensions/extra_dhcp_opt HTTP/1.1" status: 200 len: 498 time: 0.0063477
2026-04-07 01:16:18.607 10 WARNING keystonemiddleware.audit [None req-62691dd2-3245-445e-9920-81dd6234d89c - - - - - -] Skipping service tempest-service-760178078 as it have no endpoints.
2026-04-07 01:16:18.610 10 INFO neutron.wsgi [None req-ce205a09-0298-4eee-8575-6d04e35429cb 1fddfdb999654ac8b6d528ea3fb65bd5 12834aa50cd44b4ab0870d9bdeee428b - - default default] 10.0.0.78 "GET /v2.0/extensions/extraroute HTTP/1.1" status: 200 len: 375 time: 0.0043719
2026-04-07 01:16:18.615 10 WARNING keystonemiddleware.audit [None req-4cef6691-f275-4842-a495-a910aac53448 - - - - - -] Skipping service tempest-service-760178078 as it have no endpoints.
2026-04-07 01:16:18.618 10 INFO neutron.wsgi [None req-13a18120-450d-4d3a-af81-faeb031c69f5 1fddfdb999654ac8b6d528ea3fb65bd5 12834aa50cd44b4ab0870d9bdeee428b - - default default] 10.0.0.78 "GET /v2.0/extensions/filter-validation HTTP/1.1" status: 200 len: 392 time: 0.0048738
2026-04-07 01:16:18.627 10 WARNING keystonemiddleware.audit [None req-a75c3134-c959-46f7-a4bb-67bfbeb19811 - - - - - -] Skipping service tempest-service-760178078 as it have no endpoints.
2026-04-07 01:16:18.630 10 INFO neutron.wsgi [None req-2b5b3eb6-315b-4da0-be2f-c313818459e4 1fddfdb999654ac8b6d528ea3fb65bd5 12834aa50cd44b4ab0870d9bdeee428b - - default default] 10.0.0.78 "GET /v2.0/extensions/floating-ip-port-forwarding-detail HTTP/1.1" status: 200 len: 465 time: 0.0085652
2026-04-07 01:16:18.636 10 WARNING keystonemiddleware.audit [None req-98693572-6c39-4341-b606-1ece5ce3e0c9 - - - - - -] Skipping service tempest-service-760178078 as it have no endpoints.
2026-04-07 01:16:18.639 10 INFO neutron.wsgi [None req-a70ee0a5-45da-41ef-9b01-5ab003b2bd7a 1fddfdb999654ac8b6d528ea3fb65bd5 12834aa50cd44b4ab0870d9bdeee428b - - default default] 10.0.0.78 "GET /v2.0/extensions/fip-port-details HTTP/1.1" status: 200 len: 406 time: 0.0045772
2026-04-07 01:16:18.645 10 WARNING keystonemiddleware.audit [None req-a08be966-18d0-46e9-b433-dc9765669ff0 - - - - - -] Skipping service tempest-service-760178078 as it have no endpoints.
2026-04-07 01:16:18.647 10 INFO neutron.wsgi [None req-fb6eaa86-1684-4cc9-8c6e-b5825f59a9a3 1fddfdb999654ac8b6d528ea3fb65bd5 12834aa50cd44b4ab0870d9bdeee428b - - default default] 10.0.0.78 "GET /v2.0/extensions/flavors HTTP/1.1" status: 200 len: 387 time: 0.0043106
2026-04-07 01:16:18.652 10 WARNING keystonemiddleware.audit [None req-a644a41a-1215-4e7b-92ea-0093b3b49579 - - - - - -] Skipping service tempest-service-760178078 as it have no endpoints.
2026-04-07 01:16:18.655 10 INFO neutron.wsgi [None req-c11ea343-49fd-464b-8c4f-c7aa9121bd8f 1fddfdb999654ac8b6d528ea3fb65bd5 12834aa50cd44b4ab0870d9bdeee428b - - default default] 10.0.0.78 "GET /v2.0/extensions/floatingip-pools HTTP/1.1" status: 200 len: 382 time: 0.0043826
2026-04-07 01:16:18.662 10 WARNING keystonemiddleware.audit [None req-e0a0051c-c7ee-40ce-b47a-1204f27bffdc - - - - - -] Skipping service tempest-service-760178078 as it have no endpoints.
2026-04-07 01:16:18.665 10 INFO neutron.wsgi [None req-fea7a650-cc1f-448b-aceb-7129f1826b26 1fddfdb999654ac8b6d528ea3fb65bd5 12834aa50cd44b4ab0870d9bdeee428b - - default default] 10.0.0.78 "GET /v2.0/extensions/ip_allocation HTTP/1.1" status: 200 len: 356 time: 0.0050123
2026-04-07 01:16:18.671 10 WARNING keystonemiddleware.audit [None req-72d5e4e5-3d1c-4271-bb51-c4186a54cce1 - - - - - -] Skipping service tempest-service-760178078 as it have no endpoints.
2026-04-07 01:16:18.673 10 INFO neutron.wsgi [None req-edc8f34a-d07a-4100-b962-c84e20feb400 1fddfdb999654ac8b6d528ea3fb65bd5 12834aa50cd44b4ab0870d9bdeee428b - - default default] 10.0.0.78 "GET /v2.0/extensions/l2_adjacency HTTP/1.1" status: 200 len: 372 time: 0.0047565
2026-04-07 01:16:18.678 10 WARNING keystonemiddleware.audit [None req-9263b77f-9452-43fc-b037-34481b254093 - - - - - -] Skipping service tempest-service-760178078 as it have no endpoints.
2026-04-07 01:16:18.681 10 INFO neutron.wsgi [None req-326690bf-b959-42ea-9b0d-703e8eefebc8 1fddfdb999654ac8b6d528ea3fb65bd5 12834aa50cd44b4ab0870d9bdeee428b - - default default] 10.0.0.78 "GET /v2.0/extensions/router HTTP/1.1" status: 200 len: 450 time: 0.0045187
2026-04-07 01:16:18.690 10 WARNING keystonemiddleware.audit [None req-3b08dff8-e322-42da-9c54-7dc76f306d81 - - - - - -] Skipping service tempest-service-760178078 as it have no endpoints.
2026-04-07 01:16:18.693 10 INFO neutron.wsgi [None req-5ab8c806-15c0-4890-897d-e48dd9029907 1fddfdb999654ac8b6d528ea3fb65bd5 12834aa50cd44b4ab0870d9bdeee428b - - default default] 10.0.0.78 "GET /v2.0/extensions/ext-gw-mode HTTP/1.1" status: 200 len: 462 time: 0.0045714
2026-04-07 01:16:18.701 10 WARNING keystonemiddleware.audit [None req-9dd2a465-8f8d-4744-8b53-d3e9ce2c8136 - - - - - -] Skipping service tempest-service-760178078 as it have no endpoints.
2026-04-07 01:16:18.703 10 INFO neutron.wsgi [None req-0db40e66-57d9-4c15-b1ef-c49035fa124f 1fddfdb999654ac8b6d528ea3fb65bd5 12834aa50cd44b4ab0870d9bdeee428b - - default default] 10.0.0.78 "GET /v2.0/extensions/logging HTTP/1.1" status: 200 len: 407 time: 0.0052085
2026-04-07 01:16:18.711 10 WARNING keystonemiddleware.audit [None req-a113a434-96b2-4f35-9a8b-bb04fae2b7e8 - - - - - -] Skipping service tempest-service-760178078 as it have no endpoints.
2026-04-07 01:16:18.715 10 INFO neutron.wsgi [None req-0837f98f-4674-4b05-9113-5d36c480dfbb 1fddfdb999654ac8b6d528ea3fb65bd5 12834aa50cd44b4ab0870d9bdeee428b - - default default] 10.0.0.78 "GET /v2.0/extensions/multi-provider HTTP/1.1" status: 200 len: 406 time: 0.0063946
2026-04-07 01:16:18.720 10 WARNING keystonemiddleware.audit [None req-afeb33d3-b707-4c5e-9e03-6fae4b20d80e - - - - - -] Skipping service tempest-service-760178078 as it have no endpoints.
2026-04-07 01:16:18.723 10 INFO neutron.wsgi [None req-152fc836-d8ed-48c5-9789-5527801c3ee9 1fddfdb999654ac8b6d528ea3fb65bd5 12834aa50cd44b4ab0870d9bdeee428b - - default default] 10.0.0.78 "GET /v2.0/extensions/net-mtu HTTP/1.1" status: 200 len: 370 time: 0.0045800
2026-04-07 01:16:18.728 10 WARNING keystonemiddleware.audit [None req-d5e400d3-c66e-49d4-9979-c7d600076a0b - - - - - -] Skipping service tempest-service-760178078 as it have no endpoints.
2026-04-07 01:16:18.730 10 INFO neutron.wsgi [None req-1a0e7438-dec7-497d-b3a5-119bc7877708 1fddfdb999654ac8b6d528ea3fb65bd5 12834aa50cd44b4ab0870d9bdeee428b - - default default] 10.0.0.78 "GET /v2.0/extensions/net-mtu-writable HTTP/1.1" status: 200 len: 401 time: 0.0032754
2026-04-07 01:16:18.735 10 WARNING keystonemiddleware.audit [None req-527cbe0b-828c-4337-9e82-3df1eb43d28f - - - - - -] Skipping service tempest-service-760178078 as it have no endpoints.
2026-04-07 01:16:18.738 10 INFO neutron.wsgi [None req-80ded7f0-ba10-4e68-8212-8234302db83e 1fddfdb999654ac8b6d528ea3fb65bd5 12834aa50cd44b4ab0870d9bdeee428b - - default default] 10.0.0.78 "GET /v2.0/extensions/network_availability_zone HTTP/1.1" status: 200 len: 394 time: 0.0048542
2026-04-07 01:16:18.744 10 WARNING keystonemiddleware.audit [None req-c187e823-2dc8-4cb6-85c4-dd015db463d4 - - - - - -] Skipping service tempest-service-760178078 as it have no endpoints.
2026-04-07 01:16:18.746 10 INFO neutron.wsgi [None req-8a751027-340d-4d03-87f6-281fb4fcc679 1fddfdb999654ac8b6d528ea3fb65bd5 12834aa50cd44b4ab0870d9bdeee428b - - default default] 10.0.0.78 "GET /v2.0/extensions/network-ip-availability HTTP/1.1" status: 200 len: 410 time: 0.0044169
2026-04-07 01:16:18.752 10 WARNING keystonemiddleware.audit [None req-f34eba66-08ea-441f-9da3-84b51d4f98a9 - - - - - -] Skipping service tempest-service-760178078 as it have no endpoints.
2026-04-07 01:16:18.754 10 INFO neutron.wsgi [None req-544dc680-43dc-4be1-9221-fce13f961c35 1fddfdb999654ac8b6d528ea3fb65bd5 12834aa50cd44b4ab0870d9bdeee428b - - default default] 10.0.0.78 "GET /v2.0/extensions/pagination HTTP/1.1" status: 200 len: 386 time: 0.0046470
2026-04-07 01:16:18.762 10 WARNING keystonemiddleware.audit [None req-4d72d248-e00f-4860-a8f4-99c98520ce06 - - - - - -] Skipping service tempest-service-760178078 as it have no endpoints.
2026-04-07 01:16:18.767 10 INFO neutron.wsgi [None req-78639b45-7f24-4ec5-8364-4ad17b4975b6 1fddfdb999654ac8b6d528ea3fb65bd5 12834aa50cd44b4ab0870d9bdeee428b - - default default] 10.0.0.78 "GET /v2.0/extensions/port-device-profile HTTP/1.1" status: 200 len: 383 time: 0.0085180
2026-04-07 01:16:18.773 10 WARNING keystonemiddleware.audit [None req-fa0a2fba-15a2-476b-9e73-0edbd83c77d7 - - - - - -] Skipping service tempest-service-760178078 as it have no endpoints.
2026-04-07 01:16:18.775 10 INFO neutron.wsgi [None req-c56e093e-f4aa-439e-bac6-00675460061a 1fddfdb999654ac8b6d528ea3fb65bd5 12834aa50cd44b4ab0870d9bdeee428b - - default default] 10.0.0.78 "GET /v2.0/extensions/port-mac-address-regenerate HTTP/1.1" status: 200 len: 403 time: 0.0054443
2026-04-07 01:16:18.781 10 WARNING keystonemiddleware.audit [None req-c8d5739d-3825-4399-87fd-e010fae39018 - - - - - -] Skipping service tempest-service-760178078 as it have no endpoints.
2026-04-07 01:16:18.785 10 INFO neutron.wsgi [None req-f17d841b-afef-42ff-9f4f-93530193142d 1fddfdb999654ac8b6d528ea3fb65bd5 12834aa50cd44b4ab0870d9bdeee428b - - default default] 10.0.0.78 "GET /v2.0/extensions/port-numa-affinity-policy HTTP/1.1" status: 200 len: 392 time: 0.0062895
2026-04-07 01:16:18.795 10 WARNING keystonemiddleware.audit [None req-424ab24d-f627-47dc-9d47-169ac809832b - - - - - -] Skipping service tempest-service-760178078 as it have no endpoints.
2026-04-07 01:16:18.800 10 INFO neutron.wsgi [None req-8ecee5ba-ca80-4305-90d1-b85ebaaee13c 1fddfdb999654ac8b6d528ea3fb65bd5 12834aa50cd44b4ab0870d9bdeee428b - - default default] 10.0.0.78 "GET /v2.0/extensions/port-resource-request HTTP/1.1" status: 200 len: 379 time: 0.0106549
2026-04-07 01:16:18.806 10 WARNING keystonemiddleware.audit [None req-fa5d02e0-11c4-47e0-bd30-96242a7a97f8 - - - - - -] Skipping service tempest-service-760178078 as it have no endpoints.
2026-04-07 01:16:18.809 10 INFO neutron.wsgi [None req-ec5b8310-a2e4-4c7f-9a8c-b57da7a02530 1fddfdb999654ac8b6d528ea3fb65bd5 12834aa50cd44b4ab0870d9bdeee428b - - default default] 10.0.0.78 "GET /v2.0/extensions/port-resource-request-groups HTTP/1.1" status: 200 len: 465 time: 0.0054059
2026-04-07 01:16:18.817 10 WARNING keystonemiddleware.audit [None req-7d5b0824-93a4-4745-bc43-1cf2944f7b5e - - - - - -] Skipping service tempest-service-760178078 as it have no endpoints.
2026-04-07 01:16:18.820 10 INFO neutron.wsgi [None req-47099762-8c6b-476b-aa17-6c2598ff8fe8 1fddfdb999654ac8b6d528ea3fb65bd5 12834aa50cd44b4ab0870d9bdeee428b - - default default] 10.0.0.78 "GET /v2.0/extensions/binding HTTP/1.1" status: 200 len: 387 time: 0.0057521
2026-04-07 01:16:18.845 9 WARNING keystonemiddleware.audit [None req-464406c7-3db0-49a2-a6f4-682df92c6721 - - - - - -] Skipping service tempest-service-760178078 as it have no endpoints.
2026-04-07 01:16:18.848 9 INFO neutron.wsgi [None req-be6cbe87-8b72-46e4-9bb2-689790fc68fa 1fddfdb999654ac8b6d528ea3fb65bd5 12834aa50cd44b4ab0870d9bdeee428b - - default default] 10.0.0.78 "GET /v2.0/extensions/binding-extended HTTP/1.1" status: 200 len: 406 time: 0.0216796
2026-04-07 01:16:18.856 10 WARNING keystonemiddleware.audit [None req-615e9834-bbd9-4033-be17-8114e8db78b8 - - - - - -] Skipping service tempest-service-760178078 as it have no endpoints.
2026-04-07 01:16:18.860 10 INFO neutron.wsgi [None req-ec235168-26d1-44c0-adfa-151115121bed 1fddfdb999654ac8b6d528ea3fb65bd5 12834aa50cd44b4ab0870d9bdeee428b - - default default] 10.0.0.78 "GET /v2.0/extensions/port-security HTTP/1.1" status: 200 len: 354 time: 0.0071895
2026-04-07 01:16:18.867 10 WARNING keystonemiddleware.audit [None req-c0a84d52-cca4-4132-8875-78f8779be94e - - - - - -] Skipping service tempest-service-760178078 as it have no endpoints.
2026-04-07 01:16:18.870 10 INFO neutron.wsgi [None req-6780cc16-4a0c-435a-8e1e-da7b09afee02 1fddfdb999654ac8b6d528ea3fb65bd5 12834aa50cd44b4ab0870d9bdeee428b - - default default] 10.0.0.78 "GET /v2.0/extensions/project-id HTTP/1.1" status: 200 len: 398 time: 0.0059884
2026-04-07 01:16:18.877 10 WARNING keystonemiddleware.audit [None req-cda70a4e-9efc-4cf8-9b92-efe92b4cc09f - - - - - -] Skipping service tempest-service-760178078 as it have no endpoints.
2026-04-07 01:16:18.881 10 INFO neutron.wsgi [None req-06e42f6c-6615-40f5-9cfa-0d755d2b87a5 1fddfdb999654ac8b6d528ea3fb65bd5 12834aa50cd44b4ab0870d9bdeee428b - - default default] 10.0.0.78 "GET /v2.0/extensions/provider HTTP/1.1" status: 200 len: 385 time: 0.0062454
2026-04-07 01:16:18.888 10 WARNING keystonemiddleware.audit [None req-8042e30a-74d3-479c-85ac-b9cb25295d8b - - - - - -] Skipping service tempest-service-760178078 as it have no endpoints.
2026-04-07 01:16:18.891 10 INFO neutron.wsgi [None req-ac437296-7567-4922-86f2-6ad0c3e5d47c 1fddfdb999654ac8b6d528ea3fb65bd5 12834aa50cd44b4ab0870d9bdeee428b - - default default] 10.0.0.78 "GET /v2.0/extensions/qos HTTP/1.1" status: 200 len: 360 time: 0.0063200
2026-04-07 01:16:18.902 10 WARNING keystonemiddleware.audit [None req-de3bd3e2-a415-4ee5-8a4e-164315d4a68a - - - - - -] Skipping service tempest-service-760178078 as it have no endpoints.
2026-04-07 01:16:18.907 10 INFO neutron.wsgi [None req-606a3cb8-0df2-4fda-8074-db87a95f3f78 1fddfdb999654ac8b6d528ea3fb65bd5 12834aa50cd44b4ab0870d9bdeee428b - - default default] 10.0.0.78 "GET /v2.0/extensions/qos-bw-limit-direction HTTP/1.1" status: 200 len: 452 time: 0.0086789
2026-04-07 01:16:18.913 10 WARNING keystonemiddleware.audit [None req-a1e71285-6766-41fc-a0fb-b59914bfa480 - - - - - -] Skipping service tempest-service-760178078 as it have no endpoints.
2026-04-07 01:16:18.915 10 INFO neutron.wsgi [None req-9699c142-833d-431b-a1d0-1e45441ece5a 1fddfdb999654ac8b6d528ea3fb65bd5 12834aa50cd44b4ab0870d9bdeee428b - - default default] 10.0.0.78 "GET /v2.0/extensions/qos-bw-minimum-ingress HTTP/1.1" status: 200 len: 445 time: 0.0035615
2026-04-07 01:16:18.922 10 WARNING keystonemiddleware.audit [None req-893ef3c0-664a-43ae-b9d8-b16e7916b00f - - - - - -] Skipping service tempest-service-760178078 as it have no endpoints.
2026-04-07 01:16:18.925 10 INFO neutron.wsgi [None req-ee270c65-d8b2-4b71-a32b-e781ddd87f3f 1fddfdb999654ac8b6d528ea3fb65bd5 12834aa50cd44b4ab0870d9bdeee428b - - default default] 10.0.0.78 "GET /v2.0/extensions/qos-default HTTP/1.1" status: 200 len: 377 time: 0.0047209
2026-04-07 01:16:18.930 10 WARNING keystonemiddleware.audit [None req-f9b436bf-d30f-431d-88c0-621ab7aa1cf5 - - - - - -] Skipping service tempest-service-760178078 as it have no endpoints.
2026-04-07 01:16:18.933 10 INFO neutron.wsgi [None req-ed54567b-24e2-4cc6-b1bd-6d0f3b75b042 1fddfdb999654ac8b6d528ea3fb65bd5 12834aa50cd44b4ab0870d9bdeee428b - - default default] 10.0.0.78 "GET /v2.0/extensions/qos-fip HTTP/1.1" status: 200 len: 372 time: 0.0050132
2026-04-07 01:16:18.941 10 WARNING keystonemiddleware.audit [None req-a92eea73-1f4e-4438-9c52-3443073e1f5f - - - - - -] Skipping service tempest-service-760178078 as it have no endpoints.
2026-04-07 01:16:18.944 10 INFO neutron.wsgi [None req-fa3b421d-a08f-4882-9c3e-e7d9ed9325eb 1fddfdb999654ac8b6d528ea3fb65bd5 12834aa50cd44b4ab0870d9bdeee428b - - default default] 10.0.0.78 "GET /v2.0/extensions/qos-gateway-ip HTTP/1.1" status: 200 len: 391 time: 0.0053620
2026-04-07 01:16:18.950 10 WARNING keystonemiddleware.audit [None req-470fdb15-a487-46a2-b9d0-c338f2ea8be0 - - - - - -] Skipping service tempest-service-760178078 as it have no endpoints.
2026-04-07 01:16:18.953 10 INFO neutron.wsgi [None req-32adfbad-e959-40f7-866c-700176685329 1fddfdb999654ac8b6d528ea3fb65bd5 12834aa50cd44b4ab0870d9bdeee428b - - default default] 10.0.0.78 "GET /v2.0/extensions/qos-port-network-policy HTTP/1.1" status: 200 len: 403 time: 0.0050657
2026-04-07 01:16:18.961 10 WARNING keystonemiddleware.audit [None req-c430a6f7-6b90-492b-93be-9fbb5344d7ee - - - - - -] Skipping service tempest-service-760178078 as it have no endpoints.
2026-04-07 01:16:18.964 10 INFO neutron.wsgi [None req-1ee40bf8-26d8-41a8-97ff-9733427c6034 1fddfdb999654ac8b6d528ea3fb65bd5 12834aa50cd44b4ab0870d9bdeee428b - - default default] 10.0.0.78 "GET /v2.0/extensions/qos-pps-minimum HTTP/1.1" status: 200 len: 397 time: 0.0046532
2026-04-07 01:16:18.971 10 WARNING keystonemiddleware.audit [None req-2ad0b766-7e37-49df-8b37-8d8963704f83 - - - - - -] Skipping service tempest-service-760178078 as it have no endpoints.
2026-04-07 01:16:18.974 10 INFO neutron.wsgi [None req-cb4f0107-2043-43a6-b4ec-d9f4c3ca8a3d 1fddfdb999654ac8b6d528ea3fb65bd5 12834aa50cd44b4ab0870d9bdeee428b - - default default] 10.0.0.78 "GET /v2.0/extensions/qos-pps-minimum-rule-alias HTTP/1.1" status: 200 len: 471 time: 0.0056076
2026-04-07 01:16:18.983 10 WARNING keystonemiddleware.audit [None req-6ffec5aa-ecc2-40a3-8bdd-2f1d9208447a - - - - - -] Skipping service tempest-service-760178078 as it have no endpoints.
2026-04-07 01:16:18.987 10 INFO neutron.wsgi [None req-32fbcc27-c421-425d-8904-6d9243120ede 1fddfdb999654ac8b6d528ea3fb65bd5 12834aa50cd44b4ab0870d9bdeee428b - - default default] 10.0.0.78 "GET /v2.0/extensions/qos-pps HTTP/1.1" status: 200 len: 389 time: 0.0076728
2026-04-07 01:16:18.996 10 WARNING keystonemiddleware.audit [None req-9dac148e-5e95-4012-ad59-3edeb1676847 - - - - - -] Skipping service tempest-service-760178078 as it have no endpoints.
2026-04-07 01:16:18.999 10 INFO neutron.wsgi [None req-92fc00f4-7fa5-48cf-b79d-21ebd40114fa 1fddfdb999654ac8b6d528ea3fb65bd5 12834aa50cd44b4ab0870d9bdeee428b - - default default] 10.0.0.78 "GET /v2.0/extensions/qos-rule-type-details HTTP/1.1" status: 200 len: 423 time: 0.0077984
2026-04-07 01:16:19.008 9 WARNING keystonemiddleware.audit [None req-d71ad258-c1cb-4f69-bb9d-50cc559ca36b - - - - - -] Skipping service tempest-service-760178078 as it have no endpoints.
2026-04-07 01:16:19.011 9 INFO neutron.wsgi [None req-47650655-31c0-4ad2-aff9-00df7e79a1a5 1fddfdb999654ac8b6d528ea3fb65bd5 12834aa50cd44b4ab0870d9bdeee428b - - default default] 10.0.0.78 "GET /v2.0/extensions/qos-rule-type-filter HTTP/1.1" status: 200 len: 567 time: 0.0055296
2026-04-07 01:16:19.022 10 WARNING keystonemiddleware.audit [None req-2725eb88-c23e-4206-ae70-62d9d246b278 - - - - - -] Skipping service tempest-service-760178078 as it have no endpoints.
2026-04-07 01:16:19.026 10 INFO neutron.wsgi [None req-9ba10da9-bb50-4a5c-af05-522076349615 1fddfdb999654ac8b6d528ea3fb65bd5 12834aa50cd44b4ab0870d9bdeee428b - - default default] 10.0.0.78 "GET /v2.0/extensions/qos-rules-alias HTTP/1.1" status: 200 len: 448 time: 0.0071740
2026-04-07 01:16:19.042 10 WARNING keystonemiddleware.audit [None req-115133be-9f5f-43be-988c-7510002fdbc1 - - - - - -] Skipping service tempest-service-760178078 as it have no endpoints.
2026-04-07 01:16:19.046 10 INFO neutron.wsgi [None req-c5250d9a-bcda-4dc8-beb8-9a24512f9416 1fddfdb999654ac8b6d528ea3fb65bd5 12834aa50cd44b4ab0870d9bdeee428b - - default default] 10.0.0.78 "GET /v2.0/extensions/quota-check-limit HTTP/1.1" status: 200 len: 420 time: 0.0070124
2026-04-07 01:16:19.051 9 INFO neutron.wsgi [None req-d4473e4d-ed06-4fd0-bb22-a99bbf0ebd30 2de2ec4e10b5434699edd7d80aea63a2 376d36ea2fb84aeca058828a48b1fc4b - - - -] 10.0.0.78 "PUT /v2.0/routers/0dfb551d-8307-4d08-b04f-9dcee4448e84/remove_router_interface HTTP/1.1" status: 200 len: 503 time: 1.2034042
2026-04-07 01:16:19.055 10 WARNING keystonemiddleware.audit [None req-77d2acd8-887f-45fe-a277-c1152eb407cf - - - - - -] Skipping service tempest-service-760178078 as it have no endpoints.
2026-04-07 01:16:19.059 10 INFO neutron.wsgi [None req-79210f37-5a6e-4df8-9b8b-972c7d357231 1fddfdb999654ac8b6d528ea3fb65bd5 12834aa50cd44b4ab0870d9bdeee428b - - default default] 10.0.0.78 "GET /v2.0/extensions/quotas HTTP/1.1" status: 200 len: 386 time: 0.0073078 /var/lib/openstack/lib/python3.10/site-packages/pycadf/identifier.py:71: UserWarning: Invalid uuid: neutron. To ensure interoperability, identifiers should be a valid uuid. warnings.warn(('Invalid uuid: %s. To ensure interoperability, '
2026-04-07 01:16:19.076 10 WARNING keystonemiddleware.audit [None req-52b404a7-bca4-4767-ab65-831b2c4ed790 - - - - - -] Skipping service tempest-service-760178078 as it have no endpoints.
2026-04-07 01:16:19.079 10 INFO neutron.wsgi [None req-12a69de8-2b6d-4cba-b529-019617a8d6cc 1fddfdb999654ac8b6d528ea3fb65bd5 12834aa50cd44b4ab0870d9bdeee428b - - default default] 10.0.0.78 "GET /v2.0/extensions/quota_details HTTP/1.1" status: 200 len: 407 time: 0.0080957
2026-04-07 01:16:19.086 10 WARNING keystonemiddleware.audit [None req-f4857740-8ae9-4451-a9ae-fc2d07223d17 - - - - - -] Skipping service tempest-service-760178078 as it have no endpoints.
2026-04-07 01:16:19.090 10 INFO neutron.wsgi [None req-6410fb28-75c1-4fac-a803-ca25c81008f6 1fddfdb999654ac8b6d528ea3fb65bd5 12834aa50cd44b4ab0870d9bdeee428b - - default default] 10.0.0.78 "GET /v2.0/extensions/rbac-policies HTTP/1.1" status: 200 len: 417 time: 0.0062609
2026-04-07 01:16:19.098 10 WARNING keystonemiddleware.audit [None req-301bc0ac-6272-4709-ad06-ce65fcc1b4ce - - - - - -] Skipping service tempest-service-760178078 as it have no endpoints.
2026-04-07 01:16:19.101 10 INFO neutron.wsgi [None req-6c5c8d21-168c-4f07-b0d9-4aa48cd699d1 1fddfdb999654ac8b6d528ea3fb65bd5 12834aa50cd44b4ab0870d9bdeee428b - - default default] 10.0.0.78 "GET /v2.0/extensions/rbac-address-scope HTTP/1.1" status: 200 len: 384 time: 0.0068617
2026-04-07 01:16:19.109 10 WARNING keystonemiddleware.audit [None req-1c140dc2-9e6a-49df-86d9-ac354caf119c - - - - - -] Skipping service tempest-service-760178078 as it have no endpoints.
2026-04-07 01:16:19.115 10 INFO neutron.wsgi [None req-05510858-3255-45a8-b827-d55600316122 1fddfdb999654ac8b6d528ea3fb65bd5 12834aa50cd44b4ab0870d9bdeee428b - - default default] 10.0.0.78 "GET /v2.0/extensions/rbac-security-groups HTTP/1.1" status: 200 len: 404 time: 0.0086093
2026-04-07 01:16:19.121 10 WARNING keystonemiddleware.audit [None req-5fe40622-50b5-453f-bd82-df547d5e36d1 - - - - - -] Skipping service tempest-service-760178078 as it have no endpoints.
2026-04-07 01:16:19.125 10 INFO neutron.wsgi [None req-0f15a76f-389c-419e-92c9-8db10234bc81 1fddfdb999654ac8b6d528ea3fb65bd5 12834aa50cd44b4ab0870d9bdeee428b - - default default] 10.0.0.78 "GET /v2.0/extensions/revision-if-match HTTP/1.1" status: 200 len: 441 time: 0.0070279
2026-04-07 01:16:19.131 10 WARNING keystonemiddleware.audit [None req-f63ae1a7-3226-417b-b1d6-312345751228 - - - - - -] Skipping service tempest-service-760178078 as it have no endpoints.
2026-04-07 01:16:19.134 10 INFO neutron.wsgi [None req-1647fa33-4305-4f13-9b3a-f103e7f63695 1fddfdb999654ac8b6d528ea3fb65bd5 12834aa50cd44b4ab0870d9bdeee428b - - default default] 10.0.0.78 "GET /v2.0/extensions/standard-attr-revisions HTTP/1.1" status: 200 len: 423 time: 0.0042622
2026-04-07 01:16:19.140 10 WARNING keystonemiddleware.audit [None req-603c455d-6c01-443f-810b-d5f3fe4daff6 - - - - - -] Skipping service tempest-service-760178078 as it have no endpoints.
2026-04-07 01:16:19.144 10 INFO neutron.wsgi [None req-8dc63ca8-799f-45b5-b455-9c0dbba87f5b 1fddfdb999654ac8b6d528ea3fb65bd5 12834aa50cd44b4ab0870d9bdeee428b - - default default] 10.0.0.78 "GET /v2.0/extensions/router_availability_zone HTTP/1.1" status: 200 len: 391 time: 0.0058930
2026-04-07 01:16:19.150 10 WARNING keystonemiddleware.audit [None req-f804f534-bc6f-4112-bcaa-20ffa42495d3 - - - - - -] Skipping service tempest-service-760178078 as it have no endpoints.
2026-04-07 01:16:19.153 10 INFO neutron.wsgi [None req-8b8e75eb-6a1f-432c-a5d3-a3712dc2970a 1fddfdb999654ac8b6d528ea3fb65bd5 12834aa50cd44b4ab0870d9bdeee428b - - default default] 10.0.0.78 "GET /v2.0/extensions/security-groups-normalized-cidr HTTP/1.1" status: 200 len: 445 time: 0.0058994
2026-04-07 01:16:19.161 10 WARNING keystonemiddleware.audit [None req-3515d50c-1129-42e8-9d08-7a5ece7f8a6c - - - - - -] Skipping service tempest-service-760178078 as it have no endpoints.
2026-04-07 01:16:19.165 10 INFO neutron.wsgi [None req-376d1f05-deb1-4d69-ae3f-82021e298bb8 1fddfdb999654ac8b6d528ea3fb65bd5 12834aa50cd44b4ab0870d9bdeee428b - - default default] 10.0.0.78 "GET /v2.0/extensions/security-groups-remote-address-group HTTP/1.1" status: 200 len: 448 time: 0.0075309
2026-04-07 01:16:19.176 10 WARNING keystonemiddleware.audit [None req-37b8fdbc-32e3-47fd-bbc2-de51a719a098 - - - - - -] Skipping service tempest-service-760178078 as it have no endpoints.
2026-04-07 01:16:19.179 10 INFO neutron.wsgi [None req-8526b95a-e376-432e-a800-aaec13908309 1fddfdb999654ac8b6d528ea3fb65bd5 12834aa50cd44b4ab0870d9bdeee428b - - default default] 10.0.0.78 "GET /v2.0/extensions/security-groups-shared-filtering HTTP/1.1" status: 200 len: 435 time: 0.0058663
2026-04-07 01:16:19.188 10 WARNING keystonemiddleware.audit [None req-eb42de30-0e63-4161-9c30-539a9d6b6b9f - - - - - -] Skipping service tempest-service-760178078 as it have no endpoints.
2026-04-07 01:16:19.191 10 INFO neutron.wsgi [None req-85a714a1-c004-4f81-8e17-7adf356c2009 1fddfdb999654ac8b6d528ea3fb65bd5 12834aa50cd44b4ab0870d9bdeee428b - - default default] 10.0.0.78 "GET /v2.0/extensions/security-group HTTP/1.1" status: 200 len: 364 time: 0.0075111
