2026-04-07 01:16:19.198 10 WARNING keystonemiddleware.audit [None req-e5822abf-e5e2-4b1c-95f9-67e0e320f4bc - - - - - -] Skipping service tempest-service-760178078 as it have no endpoints.
2026-04-07 01:16:19.201 10 INFO neutron.wsgi [None req-39433177-d8f7-4641-9a37-0187e32cb023 1fddfdb999654ac8b6d528ea3fb65bd5 12834aa50cd44b4ab0870d9bdeee428b - - default default] 10.0.0.78 "GET /v2.0/extensions/segment HTTP/1.1" status: 200 len: 339 time: 0.0051906
2026-04-07 01:16:19.209 10 WARNING keystonemiddleware.audit [None req-8dd0742f-4b49-4c2b-b787-655b71b4efae - - - - - -] Skipping service tempest-service-760178078 as it have no endpoints.
2026-04-07 01:16:19.212 10 INFO neutron.wsgi [None req-37d7fd1d-dc2c-41fe-b5a2-fa939d1b4f7b 1fddfdb999654ac8b6d528ea3fb65bd5 12834aa50cd44b4ab0870d9bdeee428b - - default default] 10.0.0.78 "GET /v2.0/extensions/segments-peer-subnet-host-routes HTTP/1.1" status: 200 len: 427 time: 0.0074880
2026-04-07 01:16:19.221 10 WARNING keystonemiddleware.audit [None req-6262df59-fe97-487d-bc46-3a0eeb327fdb - - - - - -] Skipping service tempest-service-760178078 as it have no endpoints.
2026-04-07 01:16:19.227 10 INFO neutron.wsgi [None req-77387147-1913-4911-96f1-4ccf35f095b7 1fddfdb999654ac8b6d528ea3fb65bd5 12834aa50cd44b4ab0870d9bdeee428b - - default default] 10.0.0.78 "GET /v2.0/extensions/service-type HTTP/1.1" status: 200 len: 415 time: 0.0055678
2026-04-07 01:16:19.234 10 WARNING keystonemiddleware.audit [None req-5d0a59c1-0536-4b58-974a-eb79256dcd8e - - - - - -] Skipping service tempest-service-760178078 as it have no endpoints.
2026-04-07 01:16:19.239 10 INFO neutron.wsgi [None req-917c2b0e-c1c3-4637-89d7-f89d3940b5d9 1fddfdb999654ac8b6d528ea3fb65bd5 12834aa50cd44b4ab0870d9bdeee428b - - default default] 10.0.0.78 "GET /v2.0/extensions/sorting HTTP/1.1" status: 200 len: 377 time: 0.0069163
2026-04-07 01:16:19.246 10 WARNING keystonemiddleware.audit [None req-b738ca21-c674-46c2-b320-f8e8c7c1e619 - - - - - -] Skipping service tempest-service-760178078 as it have no endpoints.
2026-04-07 01:16:19.251 10 INFO neutron.wsgi [None req-fa43c5bf-28fc-46c5-bed0-8402ccf42cf3 1fddfdb999654ac8b6d528ea3fb65bd5 12834aa50cd44b4ab0870d9bdeee428b - - default default] 10.0.0.78 "GET /v2.0/extensions/standard-attr-segment HTTP/1.1" status: 200 len: 406 time: 0.0082414
2026-04-07 01:16:19.258 10 WARNING keystonemiddleware.audit [None req-760b400c-8756-44db-b5e6-bd485d62f64f - - - - - -] Skipping service tempest-service-760178078 as it have no endpoints.
2026-04-07 01:16:19.261 10 INFO neutron.wsgi [None req-16d01701-50b5-4566-904b-e8b6db3cf9ca 1fddfdb999654ac8b6d528ea3fb65bd5 12834aa50cd44b4ab0870d9bdeee428b - - default default] 10.0.0.78 "GET /v2.0/extensions/standard-attr-description HTTP/1.1" status: 200 len: 408 time: 0.0052972
2026-04-07 01:16:19.266 10 WARNING keystonemiddleware.audit [None req-40a08df2-064a-47a7-aa78-d13d79374e20 - - - - - -] Skipping service tempest-service-760178078 as it have no endpoints.
2026-04-07 01:16:19.268 10 INFO neutron.wsgi [None req-81ce8d8d-1956-40f5-9ec8-a7bbaa7744dd 1fddfdb999654ac8b6d528ea3fb65bd5 12834aa50cd44b4ab0870d9bdeee428b - - default default] 10.0.0.78 "GET /v2.0/extensions/stateful-security-group HTTP/1.1" status: 200 len: 402 time: 0.0039351
2026-04-07 01:16:19.274 10 WARNING keystonemiddleware.audit [None req-f4c38fe5-58ee-40bf-b195-f007a8e5bbd4 - - - - - -] Skipping service tempest-service-760178078 as it have no endpoints.
2026-04-07 01:16:19.278 10 INFO neutron.wsgi [None req-286466d3-9985-4f2a-951b-4a92580ec279 1fddfdb999654ac8b6d528ea3fb65bd5 12834aa50cd44b4ab0870d9bdeee428b - - default default] 10.0.0.78 "GET /v2.0/extensions/subnet-dns-publish-fixed-ip HTTP/1.1" status: 200 len: 421 time: 0.0061815
2026-04-07 01:16:19.284 10 WARNING keystonemiddleware.audit [None req-dbda7815-cd86-45ea-8086-319ac4f59bd5 - - - - - -] Skipping service tempest-service-760178078 as it have no endpoints.
2026-04-07 01:16:19.286 10 INFO neutron.wsgi [None req-2ceae6bf-f5fb-4110-8c8d-75c7fe56c0c1 1fddfdb999654ac8b6d528ea3fb65bd5 12834aa50cd44b4ab0870d9bdeee428b - - default default] 10.0.0.78 "GET /v2.0/extensions/subnet-segmentid-writable HTTP/1.1" status: 200 len: 421 time: 0.0041392
2026-04-07 01:16:19.292 10 WARNING keystonemiddleware.audit [None req-81826932-7b43-4207-86c7-b403ecc1776a - - - - - -] Skipping service tempest-service-760178078 as it have no endpoints.
2026-04-07 01:16:19.295 10 INFO neutron.wsgi [None req-5ceebe6b-37c4-4df8-9f80-a566897bc4ea 1fddfdb999654ac8b6d528ea3fb65bd5 12834aa50cd44b4ab0870d9bdeee428b - - default default] 10.0.0.78 "GET /v2.0/extensions/subnet-service-types HTTP/1.1" status: 200 len: 400 time: 0.0061452
2026-04-07 01:16:19.301 10 WARNING keystonemiddleware.audit [None req-e9b8ad1a-bf62-4658-93b3-b2a58669ded7 - - - - - -] Skipping service tempest-service-760178078 as it have no endpoints.
2026-04-07 01:16:19.305 10 INFO neutron.wsgi [None req-982289a6-fa62-4ad2-aa6a-3dd3849c234d 1fddfdb999654ac8b6d528ea3fb65bd5 12834aa50cd44b4ab0870d9bdeee428b - - default default] 10.0.0.78 "GET /v2.0/extensions/subnet_allocation HTTP/1.1" status: 200 len: 388 time: 0.0055220
2026-04-07 01:16:19.311 10 WARNING keystonemiddleware.audit [None req-ac9c8b87-9cb4-432a-bd47-8a5a7493daa0 - - - - - -] Skipping service tempest-service-760178078 as it have no endpoints.
2026-04-07 01:16:19.314 10 INFO neutron.wsgi [None req-336a596d-1be5-41b0-b790-9d6b1f4f3892 1fddfdb999654ac8b6d528ea3fb65bd5 12834aa50cd44b4ab0870d9bdeee428b - - default default] 10.0.0.78 "GET /v2.0/extensions/subnetpool-prefix-ops HTTP/1.1" status: 200 len: 418 time: 0.0058503
2026-04-07 01:16:19.319 10 WARNING keystonemiddleware.audit [None req-65839cf3-e76d-4241-992c-866c93896c94 - - - - - -] Skipping service tempest-service-760178078 as it have no endpoints.
2026-04-07 01:16:19.323 10 INFO neutron.wsgi [None req-27f63465-6fdd-4d60-82b5-e9ef0483f710 1fddfdb999654ac8b6d528ea3fb65bd5 12834aa50cd44b4ab0870d9bdeee428b - - default default] 10.0.0.78 "GET /v2.0/extensions/standard-attr-tag HTTP/1.1" status: 200 len: 537 time: 0.0055261
2026-04-07 01:16:19.329 10 WARNING keystonemiddleware.audit [None req-64b96c27-f395-48c7-ad9a-d4fa94d4ff2a - - - - - -] Skipping service tempest-service-760178078 as it have no endpoints.
2026-04-07 01:16:19.332 10 INFO neutron.wsgi [None req-5e035e7c-c7f9-4f6f-9252-193ce69029f7 1fddfdb999654ac8b6d528ea3fb65bd5 12834aa50cd44b4ab0870d9bdeee428b - - default default] 10.0.0.78 "GET /v2.0/extensions/standard-attr-timestamp HTTP/1.1" status: 200 len: 449 time: 0.0059626
2026-04-07 01:16:19.340 10 WARNING keystonemiddleware.audit [None req-e05a6bf4-3272-471c-83b7-f4465d9ba4b9 - - - - - -] Skipping service tempest-service-760178078 as it have no endpoints.
2026-04-07 01:16:19.344 10 INFO neutron.wsgi [None req-12307e65-409b-4da6-80f7-2c0f6db99541 1fddfdb999654ac8b6d528ea3fb65bd5 12834aa50cd44b4ab0870d9bdeee428b - - default default] 10.0.0.78 "GET /v2.0/extensions/trunk HTTP/1.1" status: 200 len: 358 time: 0.0067594
2026-04-07 01:16:19.354 10 WARNING keystonemiddleware.audit [None req-74dab246-3763-478b-b527-8b0935780ddc - - - - - -] Skipping service tempest-service-760178078 as it have no endpoints.
2026-04-07 01:16:19.358 10 INFO neutron.wsgi [None req-deb74b2e-3224-4f9c-8ecc-512bd6c5b6cb 1fddfdb999654ac8b6d528ea3fb65bd5 12834aa50cd44b4ab0870d9bdeee428b - - default default] 10.0.0.78 "GET /v2.0/extensions/trunk-details HTTP/1.1" status: 200 len: 362 time: 0.0073926
2026-04-07 01:16:19.470 9 INFO neutron.db.ovn_revision_numbers_db [None req-28189f54-11db-47b4-9e15-d709377eee02 e5856a1a9d784b74be21afb65917e397 b937e56005e147e9aeea17088b893442 - - - -] Successfully bumped revision number for resource c04e8b9e-071b-4bdc-b2db-9b37abfd3546 (type: security_groups) to 1
2026-04-07 01:16:19.505 9 INFO neutron.wsgi [None req-28189f54-11db-47b4-9e15-d709377eee02 e5856a1a9d784b74be21afb65917e397 b937e56005e147e9aeea17088b893442 - - - -] 10.0.0.78 "POST /v2.0/security-groups HTTP/1.1" status: 201 len: 1794 time: 0.2030649
2026-04-07 01:16:19.625 10 INFO neutron.db.ovn_revision_numbers_db [None req-d66fe09a-838c-4559-8098-982ca884e3d1 e5856a1a9d784b74be21afb65917e397 b937e56005e147e9aeea17088b893442 - - - -] Successfully bumped revision number for resource fdb46e87-624a-43af-aa22-52862dcffe5e (type: security_group_rules) to 0
2026-04-07 01:16:19.665 10 INFO neutron.wsgi [None req-d66fe09a-838c-4559-8098-982ca884e3d1 e5856a1a9d784b74be21afb65917e397 b937e56005e147e9aeea17088b893442 - - - -] 10.0.0.78 "POST /v2.0/security-group-rules HTTP/1.1" status: 201 len: 764 time: 0.1550753
2026-04-07 01:16:19.895 10 INFO neutron.db.ovn_revision_numbers_db [None req-fb26a0ef-72a8-440c-8e20-de7fd85fb3f7 e5856a1a9d784b74be21afb65917e397 b937e56005e147e9aeea17088b893442 - - - -] Successfully bumped revision number for resource f94a5a9e-e243-4a74-beee-e96d3eb94754 (type: security_group_rules) to 0
2026-04-07 01:16:19.928 10 INFO neutron.wsgi [None req-fb26a0ef-72a8-440c-8e20-de7fd85fb3f7 e5856a1a9d784b74be21afb65917e397 b937e56005e147e9aeea17088b893442 - - - -] 10.0.0.78 "POST /v2.0/security-group-rules HTTP/1.1" status: 201 len: 769 time: 0.2571650
2026-04-07 01:16:19.943 10 INFO neutron.db.ovn_revision_numbers_db [None req-e31f299c-1dc0-4044-a479-046661df155f 2de2ec4e10b5434699edd7d80aea63a2 376d36ea2fb84aeca058828a48b1fc4b - - default default] Successfully bumped revision number for resource 6937a62c-86af-4406-9ded-3dc9e62e0641 (type: security_groups) to 1
2026-04-07 01:16:19.986 10 INFO neutron.wsgi [None req-e31f299c-1dc0-4044-a479-046661df155f 2de2ec4e10b5434699edd7d80aea63a2 376d36ea2fb84aeca058828a48b1fc4b - - default default] 10.0.0.78 "GET /v2.0/security-groups?tenant_id=b6a7f6b978ab4f17ba0652fab2966199&name=default HTTP/1.1" status: 200 len: 2996 time: 0.5308208
2026-04-07 01:16:20.062 9 INFO neutron.wsgi [None req-ae3fa466-75a1-4913-8859-56558a9f4620 2de2ec4e10b5434699edd7d80aea63a2 376d36ea2fb84aeca058828a48b1fc4b - - - -] 10.0.0.78 "DELETE /v2.0/routers/0dfb551d-8307-4d08-b04f-9dcee4448e84 HTTP/1.1" status: 204 len: 168 time: 1.0029075
2026-04-07 01:16:20.152 10 INFO neutron.db.ovn_revision_numbers_db [None req-fbdd3e60-21cf-43a1-84a4-b65b245b5413 2de2ec4e10b5434699edd7d80aea63a2 376d36ea2fb84aeca058828a48b1fc4b - - default default] Successfully bumped revision number for resource 2c0fb2ef-c16e-4b8a-997c-4f631aea4555 (type: security_groups) to 1
2026-04-07 01:16:20.183 10 INFO neutron.wsgi [None req-fbdd3e60-21cf-43a1-84a4-b65b245b5413 2de2ec4e10b5434699edd7d80aea63a2 376d36ea2fb84aeca058828a48b1fc4b - - default default] 10.0.0.78 "GET /v2.0/security-groups?tenant_id=12834aa50cd44b4ab0870d9bdeee428b&name=default HTTP/1.1" status: 200 len: 2996 time: 0.2645910
2026-04-07 01:16:20.294 10 WARNING neutron.scheduler.dhcp_agent_scheduler [None req-8f674ee6-99f8-4490-ab94-fe207bfde824 e5856a1a9d784b74be21afb65917e397 b937e56005e147e9aeea17088b893442 - - - -] No more DHCP agents
2026-04-07 01:16:20.297 10 WARNING neutron.api.rpc.agentnotifiers.dhcp_rpc_agent_api [None req-8f674ee6-99f8-4490-ab94-fe207bfde824 e5856a1a9d784b74be21afb65917e397 b937e56005e147e9aeea17088b893442 - - - -] Unable to schedule network 97a2ea9d-c987-4844-aa76-716df499f90b: no agents available; will retry on subsequent port and subnet creation events.
2026-04-07 01:16:20.319 9 INFO neutron.wsgi [None req-3017718a-1e6c-4c24-99a3-8aada0b07609 2de2ec4e10b5434699edd7d80aea63a2 376d36ea2fb84aeca058828a48b1fc4b - - - -] 10.0.0.78 "DELETE /v2.0/subnets/580bceec-c0cd-42ab-8586-879581abe249 HTTP/1.1" status: 204 len: 168 time: 0.2529786
2026-04-07 01:16:20.348 10 INFO neutron.wsgi [None req-931003cf-ded8-482d-bec4-3e68aa0e3d61 2de2ec4e10b5434699edd7d80aea63a2 376d36ea2fb84aeca058828a48b1fc4b - - - -] 10.0.0.78 "DELETE /v2.0/security-groups/6937a62c-86af-4406-9ded-3dc9e62e0641 HTTP/1.1" status: 204 len: 168 time: 0.3544095
2026-04-07 01:16:20.513 9 INFO neutron.wsgi [None req-87292770-4325-41b7-b39a-d21d45b53c44 2de2ec4e10b5434699edd7d80aea63a2 376d36ea2fb84aeca058828a48b1fc4b - - - -] 10.0.0.78 "DELETE /v2.0/security-groups/2c0fb2ef-c16e-4b8a-997c-4f631aea4555 HTTP/1.1" status: 204 len: 168 time: 0.3177183
2026-04-07 01:16:20.627 10 INFO neutron.db.ovn_revision_numbers_db [None req-8f674ee6-99f8-4490-ab94-fe207bfde824 e5856a1a9d784b74be21afb65917e397 b937e56005e147e9aeea17088b893442 - - - -] Successfully bumped revision number for resource 01bd8aeb-9d50-4861-a669-c421f25b94f2 (type: floatingips) to 0
2026-04-07 01:16:20.648 10 INFO neutron.wsgi [None req-8f674ee6-99f8-4490-ab94-fe207bfde824 e5856a1a9d784b74be21afb65917e397 b937e56005e147e9aeea17088b893442 - - - -] 10.0.0.78 "POST /v2.0/floatingips HTTP/1.1" status: 201 len: 751 time: 0.7158904
2026-04-07 01:16:20.657 10 INFO neutron.db.ovn_revision_numbers_db [None req-e2595cea-44bc-421b-b321-4e72e373497a 2de2ec4e10b5434699edd7d80aea63a2 376d36ea2fb84aeca058828a48b1fc4b - - default default] Successfully bumped revision number for resource 31843638-2c68-48ec-b3d0-caaea6f93173 (type: security_groups) to 1
2026-04-07 01:16:20.680 10 INFO neutron.wsgi [None req-e2595cea-44bc-421b-b321-4e72e373497a 2de2ec4e10b5434699edd7d80aea63a2 376d36ea2fb84aeca058828a48b1fc4b - - default default] 10.0.0.78 "GET /v2.0/security-groups?tenant_id=a5733e0e2b0e4c8e8a122beb39053410&name=default HTTP/1.1" status: 200 len: 2996 time: 0.1664233
2026-04-07 01:16:20.729 9 INFO neutron.services.segments.plugin [-] Segment 70141b7a-6125-40db-a8ea-e0f0e9e37726 resource provider aggregate not found
2026-04-07 01:16:20.733 9 INFO neutron.services.segments.plugin [-] Segment 70141b7a-6125-40db-a8ea-e0f0e9e37726 resource provider aggregate not found
2026-04-07 01:16:20.747 9 INFO neutron.services.segments.plugin [-] Segment 70141b7a-6125-40db-a8ea-e0f0e9e37726 resource provider not found; error: Placement Client Error (4xx): {"errors": [{"status": 404, "title": "Not Found", "detail": "The resource could not be found.\n\n No resource provider with uuid 70141b7a-6125-40db-a8ea-e0f0e9e37726 found for delete ", "request_id": "req-584ed61c-5c81-4aa5-b0a8-b4096d053c45"}]}
2026-04-07 01:16:20.749 9 INFO neutron.services.segments.plugin [-] Segment 70141b7a-6125-40db-a8ea-e0f0e9e37726 resource provider not found; error: Placement Client Error (4xx): {"errors": [{"status": 404, "title": "Not Found", "detail": "The resource could not be found.\n\n No resource provider with uuid 70141b7a-6125-40db-a8ea-e0f0e9e37726 found for delete ", "request_id": "req-bc597e53-eb1f-46dd-aa92-81d9493e37b6"}]}
2026-04-07 01:16:20.782 9 INFO neutron.wsgi [None req-5e26e9db-248c-4b96-8e15-c587cfdef1fd 2de2ec4e10b5434699edd7d80aea63a2 376d36ea2fb84aeca058828a48b1fc4b - - - -] 10.0.0.78 "DELETE /v2.0/networks/a088e416-9d58-45f6-86db-f25bd8c6194b HTTP/1.1" status: 204 len: 168 time: 0.4524543
2026-04-07 01:16:20.896 10 INFO neutron.wsgi [None req-877b7b8c-4adc-43fa-8682-a6bc1acc4b22 2de2ec4e10b5434699edd7d80aea63a2 376d36ea2fb84aeca058828a48b1fc4b - - - -] 10.0.0.78 "DELETE /v2.0/security-groups/31843638-2c68-48ec-b3d0-caaea6f93173 HTTP/1.1" status: 204 len: 168 time: 0.2121205
2026-04-07 01:16:21.036 10 INFO neutron.wsgi [None req-8390b239-f2e1-4bbd-b661-465d1938e4aa 2de2ec4e10b5434699edd7d80aea63a2 376d36ea2fb84aeca058828a48b1fc4b - - default default] 10.0.0.78 "GET /v2.0/security-groups?tenant_id=00b0cfe780b04e358530839899e3ce43&name=default HTTP/1.1" status: 200 len: 2992 time: 0.0277314
2026-04-07 01:16:21.143 9 INFO neutron.wsgi [req-977a1406-293b-4a2b-af89-1f39f13b744a req-df569d6a-17a6-438f-a983-d2e208978895 e5856a1a9d784b74be21afb65917e397 b937e56005e147e9aeea17088b893442 - - default default] 10.0.0.171 "GET /v2.0/security-groups?name=tempest-securitygroup--661966161&fields=id&tenant_id=b937e56005e147e9aeea17088b893442 HTTP/1.1" status: 200 len: 267 time: 0.0486629
2026-04-07 01:16:21.218 9 INFO neutron.wsgi [req-977a1406-293b-4a2b-af89-1f39f13b744a req-52f5e6fe-5523-4ccb-a627-72aad552297a e5856a1a9d784b74be21afb65917e397 b937e56005e147e9aeea17088b893442 - - default default] 10.0.0.171 "GET /v2.0/networks?id=82ddf535-37a4-4d1f-9cf0-5aefb8f5e6a7 HTTP/1.1" status: 200 len: 875 time: 0.0689814
2026-04-07 01:16:21.239 10 INFO neutron.wsgi [None req-3ec0bdd7-b68c-4093-a623-664f5a4aa5c6 2de2ec4e10b5434699edd7d80aea63a2 376d36ea2fb84aeca058828a48b1fc4b - - - -] 10.0.0.78 "DELETE /v2.0/security-groups/ed0ca995-cd36-4a4a-aee6-cda5f1ef14ca HTTP/1.1" status: 204 len: 168 time: 0.1976676
2026-04-07 01:16:21.246 9 INFO neutron.wsgi [req-977a1406-293b-4a2b-af89-1f39f13b744a req-00864931-f4c6-476e-8a8c-21e3f220f36c e5856a1a9d784b74be21afb65917e397 b937e56005e147e9aeea17088b893442 - - default default] 10.0.0.171 "GET /v2.0/quotas/b937e56005e147e9aeea17088b893442 HTTP/1.1" status: 200 len: 386 time: 0.0234737
2026-04-07 01:16:21.339 9 INFO neutron.wsgi [req-977a1406-293b-4a2b-af89-1f39f13b744a req-f827c0cf-6daa-4ebc-b3f2-103393b57e5c e5856a1a9d784b74be21afb65917e397 b937e56005e147e9aeea17088b893442 - - default default] 10.0.0.171 "GET /v2.0/ports?tenant_id=b937e56005e147e9aeea17088b893442&fields=id HTTP/1.1" status: 200 len: 302 time: 0.0877843
2026-04-07 01:16:21.414 9 INFO neutron.wsgi [req-977a1406-293b-4a2b-af89-1f39f13b744a req-9270d122-7240-4831-becb-ae6e5c14bbdf 0af61b1f3a0f4b8396f868ae7c7a61d9 e4f484039e694525971575f21e0e6b00 - - 0041f4aab5cb4ad2b9d4fd8d7cd3dc10 0041f4aab5cb4ad2b9d4fd8d7cd3dc10] 10.0.0.171 "GET /v2.0/networks/82ddf535-37a4-4d1f-9cf0-5aefb8f5e6a7?fields=segments HTTP/1.1" status: 200 len: 212 time: 0.0625226
2026-04-07 01:16:21.487 9 INFO neutron.wsgi [req-977a1406-293b-4a2b-af89-1f39f13b744a req-89a30532-8b2f-4447-879a-bdbd8fa703c7 0af61b1f3a0f4b8396f868ae7c7a61d9 e4f484039e694525971575f21e0e6b00 - - 0041f4aab5cb4ad2b9d4fd8d7cd3dc10 0041f4aab5cb4ad2b9d4fd8d7cd3dc10] 10.0.0.171 "GET /v2.0/networks/82ddf535-37a4-4d1f-9cf0-5aefb8f5e6a7?fields=provider%3Aphysical_network&fields=provider%3Anetwork_type HTTP/1.1" status: 200 len: 277 time: 0.0664003
2026-04-07 01:16:21.665 10 INFO neutron.wsgi [req-8856f26e-56f7-443a-bbdf-f6d746738e2a req-f984da70-3f49-4dcc-8625-0d25a6e74344 e5856a1a9d784b74be21afb65917e397 b937e56005e147e9aeea17088b893442 - - default default] 10.0.0.171 "GET /v2.0/ports?device_id=ae0b9677-f3d3-43f7-a269-ff8f53b517e6 HTTP/1.1" status: 200 len: 210 time: 0.0188968
2026-04-07 01:16:22.394 9 INFO neutron.wsgi [req-977a1406-293b-4a2b-af89-1f39f13b744a req-f6aeb7b7-cda8-4627-b885-4b0271436a01 e5856a1a9d784b74be21afb65917e397 b937e56005e147e9aeea17088b893442 - - default default] 199.19.213.133 "GET /v2.0/networks?id=82ddf535-37a4-4d1f-9cf0-5aefb8f5e6a7 HTTP/1.1" status: 200 len: 875 time: 0.1013362
2026-04-07 01:16:22.442 9 INFO neutron.wsgi [req-977a1406-293b-4a2b-af89-1f39f13b744a req-2d62c694-2598-4c71-89e1-f27c59fe1fef e5856a1a9d784b74be21afb65917e397 b937e56005e147e9aeea17088b893442 - - default default] 199.19.213.133 "GET /v2.0/security-groups?fields=id&fields=name&tenant_id=b937e56005e147e9aeea17088b893442 HTTP/1.1" status: 200 len: 379 time: 0.0419827
2026-04-07 01:16:22.760 9 INFO neutron.wsgi [req-4a802af1-c594-4414-b729-69658ff8d6bc req-e67eb50f-943f-46ac-bc6d-70ccc9a39e8f e5856a1a9d784b74be21afb65917e397 b937e56005e147e9aeea17088b893442 - - default default] 10.0.0.171 "GET /v2.0/ports?device_id=ae0b9677-f3d3-43f7-a269-ff8f53b517e6 HTTP/1.1" status: 200 len: 210 time: 0.0213165
2026-04-07 01:16:22.881 9 WARNING neutron.scheduler.dhcp_agent_scheduler [None req-0f07e397-0399-4dea-be5d-44df3a61978d e5856a1a9d784b74be21afb65917e397 b937e56005e147e9aeea17088b893442 - - - -] No more DHCP agents
2026-04-07 01:16:22.883 10 INFO neutron.db.ovn_revision_numbers_db [None req-5df00972-b48e-43d2-bd68-fd19f83c43af a6bfc832925b44e58112ef2d7569c98f 71118df634b04e4eb7c67a80ca4e5e03 - - - -] Successfully bumped revision number for resource 77f05a7e-ca3e-4bd5-ab46-79e546178cbe (type: security_groups) to 1
2026-04-07 01:16:22.884 9 WARNING neutron.api.rpc.agentnotifiers.dhcp_rpc_agent_api [None req-0f07e397-0399-4dea-be5d-44df3a61978d e5856a1a9d784b74be21afb65917e397 b937e56005e147e9aeea17088b893442 - - - -] Unable to schedule network 82ddf535-37a4-4d1f-9cf0-5aefb8f5e6a7: no agents available; will retry on subsequent port and subnet creation events.
2026-04-07 01:16:22.901 10 WARNING neutron.plugins.ml2.drivers.ovn.mech_driver.ovsdb.ovn_client [None req-d973d1cf-d5bc-452b-a482-37fcd50962da - - - - - -] No hosting information found for port 2cd34bc4-69be-435d-8120-763954b8590b: RuntimeError: No hosting information found for port 2cd34bc4-69be-435d-8120-763954b8590b
2026-04-07 01:16:22.940 10 INFO neutron.db.segments_db [None req-5df00972-b48e-43d2-bd68-fd19f83c43af a6bfc832925b44e58112ef2d7569c98f 71118df634b04e4eb7c67a80ca4e5e03 - - - -] Added segment 5d872d5c-dd6c-4fd1-a581-98cd06de35f7 of type geneve for network f32d7b73-d5b5-46f0-81d2-1fdb11d2bc0b
2026-04-07 01:16:23.055 9 INFO neutron.db.ovn_revision_numbers_db [None req-0f07e397-0399-4dea-be5d-44df3a61978d e5856a1a9d784b74be21afb65917e397 b937e56005e147e9aeea17088b893442 - - - -] Successfully bumped revision number for resource bd967d60-398e-43ad-afa4-afaec38c5dea (type: ports) to 1
2026-04-07 01:16:23.086 9 INFO neutron.wsgi [None req-0f07e397-0399-4dea-be5d-44df3a61978d e5856a1a9d784b74be21afb65917e397 b937e56005e147e9aeea17088b893442 - - - -] 199.19.213.133 "POST /v2.0/ports HTTP/1.1" status: 201 len: 1158 time: 0.6214292 /var/lib/openstack/lib/python3.10/site-packages/pycadf/identifier.py:71: UserWarning: Invalid uuid: neutron. To ensure interoperability, identifiers should be a valid uuid. warnings.warn(('Invalid uuid: %s. To ensure interoperability, '
2026-04-07 01:16:23.179 10 INFO neutron.db.ovn_revision_numbers_db [None req-5df00972-b48e-43d2-bd68-fd19f83c43af a6bfc832925b44e58112ef2d7569c98f 71118df634b04e4eb7c67a80ca4e5e03 - - - -] Successfully bumped revision number for resource f32d7b73-d5b5-46f0-81d2-1fdb11d2bc0b (type: networks) to 1
2026-04-07 01:16:23.413 10 WARNING neutron.scheduler.dhcp_agent_scheduler [None req-5df00972-b48e-43d2-bd68-fd19f83c43af a6bfc832925b44e58112ef2d7569c98f 71118df634b04e4eb7c67a80ca4e5e03 - - - -] No more DHCP agents
2026-04-07 01:16:23.418 10 WARNING neutron.api.rpc.agentnotifiers.dhcp_rpc_agent_api [None req-5df00972-b48e-43d2-bd68-fd19f83c43af a6bfc832925b44e58112ef2d7569c98f 71118df634b04e4eb7c67a80ca4e5e03 - - - -] Unable to schedule network f32d7b73-d5b5-46f0-81d2-1fdb11d2bc0b: no agents available; will retry on subsequent port and subnet creation events.
2026-04-07 01:16:23.480 10 INFO neutron.db.ovn_revision_numbers_db [None req-5df00972-b48e-43d2-bd68-fd19f83c43af a6bfc832925b44e58112ef2d7569c98f 71118df634b04e4eb7c67a80ca4e5e03 - - - -] Successfully bumped revision number for resource 1429168f-ef4b-42b0-ad33-e1a492c250d7 (type: ports) to 1
2026-04-07 01:16:23.501 10 INFO neutron.wsgi [None req-5df00972-b48e-43d2-bd68-fd19f83c43af a6bfc832925b44e58112ef2d7569c98f 71118df634b04e4eb7c67a80ca4e5e03 - - - -] 10.0.0.78 "POST /v2.0/networks HTTP/1.1" status: 201 len: 847 time: 1.0258596
2026-04-07 01:16:23.607 9 INFO neutron.db.ovn_revision_numbers_db [None req-de3c0304-843b-4d8b-836b-4e5cf53e50f5 0af61b1f3a0f4b8396f868ae7c7a61d9 e4f484039e694525971575f21e0e6b00 - - - -] Successfully bumped revision number for resource bd967d60-398e-43ad-afa4-afaec38c5dea (type: ports) to 2
2026-04-07 01:16:23.760 10 WARNING neutron.scheduler.dhcp_agent_scheduler [None req-fc51bb90-945a-46dd-82b3-5eb33a1f8617 a6bfc832925b44e58112ef2d7569c98f 71118df634b04e4eb7c67a80ca4e5e03 - - - -] No more DHCP agents
2026-04-07 01:16:23.761 10 WARNING neutron.api.rpc.agentnotifiers.dhcp_rpc_agent_api [None req-fc51bb90-945a-46dd-82b3-5eb33a1f8617 a6bfc832925b44e58112ef2d7569c98f 71118df634b04e4eb7c67a80ca4e5e03 - - - -] Unable to schedule network f32d7b73-d5b5-46f0-81d2-1fdb11d2bc0b: no agents available; will retry on subsequent port and subnet creation events.
2026-04-07 01:16:23.771 10 INFO neutron.db.ovn_revision_numbers_db [None req-fc51bb90-945a-46dd-82b3-5eb33a1f8617 a6bfc832925b44e58112ef2d7569c98f 71118df634b04e4eb7c67a80ca4e5e03 - - - -] Successfully bumped revision number for resource 912155c4-966d-452b-998c-f0d92cd766af (type: subnets) to 0
2026-04-07 01:16:23.792 10 INFO neutron.wsgi [None req-fc51bb90-945a-46dd-82b3-5eb33a1f8617 a6bfc832925b44e58112ef2d7569c98f 71118df634b04e4eb7c67a80ca4e5e03 - - - -] 10.0.0.78 "POST /v2.0/subnets HTTP/1.1" status: 201 len: 802 time: 0.2861214
2026-04-07 01:16:23.818 9 INFO neutron.db.ovn_revision_numbers_db [None req-de3c0304-843b-4d8b-836b-4e5cf53e50f5 0af61b1f3a0f4b8396f868ae7c7a61d9 e4f484039e694525971575f21e0e6b00 - - - -] Successfully bumped revision number for resource bd967d60-398e-43ad-afa4-afaec38c5dea (type: ports) to 2
2026-04-07 01:16:23.835 9 INFO neutron.wsgi [None req-de3c0304-843b-4d8b-836b-4e5cf53e50f5 0af61b1f3a0f4b8396f868ae7c7a61d9 e4f484039e694525971575f21e0e6b00 - - - -] 199.19.213.133 "PUT /v2.0/ports/bd967d60-398e-43ad-afa4-afaec38c5dea HTTP/1.1" status: 200 len: 1328 time: 0.7427082
2026-04-07 01:16:23.874 9 INFO neutron.notifiers.nova [-] Nova event matching ['req-6f269e7a-82ae-49e9-978d-9f21c7306a69'] response: {'name': 'network-changed', 'server_uuid': 'ae0b9677-f3d3-43f7-a269-ff8f53b517e6', 'tag': 'bd967d60-398e-43ad-afa4-afaec38c5dea', 'status': 'completed', 'code': 200} /var/lib/openstack/lib/python3.10/site-packages/pycadf/identifier.py:71: UserWarning: Invalid uuid: neutron. To ensure interoperability, identifiers should be a valid uuid. warnings.warn(('Invalid uuid: %s. To ensure interoperability, '
2026-04-07 01:16:23.904 9 INFO neutron.wsgi [req-977a1406-293b-4a2b-af89-1f39f13b744a req-71a0ea34-1ee6-4714-a2a9-4e9b6457d750 0af61b1f3a0f4b8396f868ae7c7a61d9 e4f484039e694525971575f21e0e6b00 - - 0041f4aab5cb4ad2b9d4fd8d7cd3dc10 0041f4aab5cb4ad2b9d4fd8d7cd3dc10] 199.19.213.133 "GET /v2.0/ports?tenant_id=b937e56005e147e9aeea17088b893442&device_id=ae0b9677-f3d3-43f7-a269-ff8f53b517e6 HTTP/1.1" status: 200 len: 1359 time: 0.0299573
2026-04-07 01:16:23.938 9 INFO neutron.wsgi [req-977a1406-293b-4a2b-af89-1f39f13b744a req-a961015c-6524-41e7-bd0e-6120cbb20739 0af61b1f3a0f4b8396f868ae7c7a61d9 e4f484039e694525971575f21e0e6b00 - - 0041f4aab5cb4ad2b9d4fd8d7cd3dc10 0041f4aab5cb4ad2b9d4fd8d7cd3dc10] 199.19.213.133 "GET /v2.0/floatingips?fixed_ip_address=10.100.0.9&port_id=bd967d60-398e-43ad-afa4-afaec38c5dea HTTP/1.1" status: 200 len: 217 time: 0.0238206
2026-04-07 01:16:23.975 9 INFO neutron.wsgi [req-977a1406-293b-4a2b-af89-1f39f13b744a req-28c8838c-8adf-4425-8a44-e9385da2b804 0af61b1f3a0f4b8396f868ae7c7a61d9 e4f484039e694525971575f21e0e6b00 - - 0041f4aab5cb4ad2b9d4fd8d7cd3dc10 0041f4aab5cb4ad2b9d4fd8d7cd3dc10] 199.19.213.133 "GET /v2.0/subnets?id=73517ebb-90d7-4132-8962-517e63ea73c9 HTTP/1.1" status: 200 len: 869 time: 0.0304577
2026-04-07 01:16:24.007 9 INFO neutron.wsgi [req-977a1406-293b-4a2b-af89-1f39f13b744a req-8d67db23-570f-4070-b35a-2f858bdfc371 0af61b1f3a0f4b8396f868ae7c7a61d9 e4f484039e694525971575f21e0e6b00 - - 0041f4aab5cb4ad2b9d4fd8d7cd3dc10 0041f4aab5cb4ad2b9d4fd8d7cd3dc10] 199.19.213.133 "GET /v2.0/ports?network_id=82ddf535-37a4-4d1f-9cf0-5aefb8f5e6a7&device_owner=network%3Adhcp HTTP/1.1" status: 200 len: 210 time: 0.0253215
2026-04-07 01:16:24.028 10 INFO neutron.wsgi [req-0aa02466-d320-4c45-8f5e-b21a5ab3edd6 req-9250e481-0cb4-473e-a171-200bf5410fec e5856a1a9d784b74be21afb65917e397 b937e56005e147e9aeea17088b893442 - - default default] 10.0.0.171 "GET /v2.0/ports?device_id=ae0b9677-f3d3-43f7-a269-ff8f53b517e6 HTTP/1.1" status: 200 len: 1168 time: 0.1893220
2026-04-07 01:16:24.074 9 INFO neutron.wsgi [req-977a1406-293b-4a2b-af89-1f39f13b744a req-798499dd-73ca-482f-9301-a7ecc682bdd9 0af61b1f3a0f4b8396f868ae7c7a61d9 e4f484039e694525971575f21e0e6b00 - - 0041f4aab5cb4ad2b9d4fd8d7cd3dc10 0041f4aab5cb4ad2b9d4fd8d7cd3dc10] 199.19.213.133 "GET /v2.0/networks/82ddf535-37a4-4d1f-9cf0-5aefb8f5e6a7?fields=segments HTTP/1.1" status: 200 len: 212 time: 0.0578547
2026-04-07 01:16:24.100 10 INFO neutron.wsgi [req-0aa02466-d320-4c45-8f5e-b21a5ab3edd6 req-ab68dac6-c282-4509-ba17-68b5e52e71f7 e5856a1a9d784b74be21afb65917e397 b937e56005e147e9aeea17088b893442 - - default default] 10.0.0.171 "GET /v2.0/security-groups?id=c04e8b9e-071b-4bdc-b2db-9b37abfd3546&fields=id&fields=name HTTP/1.1" status: 200 len: 312 time: 0.0614030
2026-04-07 01:16:24.131 9 INFO neutron.wsgi [req-977a1406-293b-4a2b-af89-1f39f13b744a req-154b498a-2e98-427e-a51b-907f364700dc 0af61b1f3a0f4b8396f868ae7c7a61d9 e4f484039e694525971575f21e0e6b00 - - 0041f4aab5cb4ad2b9d4fd8d7cd3dc10 0041f4aab5cb4ad2b9d4fd8d7cd3dc10] 199.19.213.133 "GET /v2.0/networks/82ddf535-37a4-4d1f-9cf0-5aefb8f5e6a7?fields=provider%3Aphysical_network&fields=provider%3Anetwork_type HTTP/1.1" status: 200 len: 277 time: 0.0488071
2026-04-07 01:16:24.211 9 INFO neutron.wsgi [req-682c2cc5-9b09-4119-b591-b4c2088e233e req-bec9155b-a01a-48d5-9252-fff4f948b831 0af61b1f3a0f4b8396f868ae7c7a61d9 e4f484039e694525971575f21e0e6b00 - - 0041f4aab5cb4ad2b9d4fd8d7cd3dc10 0041f4aab5cb4ad2b9d4fd8d7cd3dc10] 199.19.213.133 "GET /v2.0/ports?tenant_id=b937e56005e147e9aeea17088b893442&device_id=ae0b9677-f3d3-43f7-a269-ff8f53b517e6 HTTP/1.1" status: 200 len: 1359 time: 0.0353754
2026-04-07 01:16:24.276 9 INFO neutron.wsgi [req-682c2cc5-9b09-4119-b591-b4c2088e233e req-434f407d-282e-4fce-a812-b2059faf55bc 0af61b1f3a0f4b8396f868ae7c7a61d9 e4f484039e694525971575f21e0e6b00 - - 0041f4aab5cb4ad2b9d4fd8d7cd3dc10 0041f4aab5cb4ad2b9d4fd8d7cd3dc10] 199.19.213.133 "GET /v2.0/networks?id=82ddf535-37a4-4d1f-9cf0-5aefb8f5e6a7 HTTP/1.1" status: 200 len: 974 time: 0.0581708
2026-04-07 01:16:24.315 9 INFO neutron.wsgi [req-682c2cc5-9b09-4119-b591-b4c2088e233e req-a5e5e57d-c8d3-44b8-89b6-8a4e7fc9063a 0af61b1f3a0f4b8396f868ae7c7a61d9 e4f484039e694525971575f21e0e6b00 - - 0041f4aab5cb4ad2b9d4fd8d7cd3dc10 0041f4aab5cb4ad2b9d4fd8d7cd3dc10] 199.19.213.133 "GET /v2.0/floatingips?fixed_ip_address=10.100.0.9&port_id=bd967d60-398e-43ad-afa4-afaec38c5dea HTTP/1.1" status: 200 len: 217 time: 0.0332901
2026-04-07 01:16:24.334 9 INFO neutron.plugins.ml2.drivers.ovn.mech_driver.mech_driver [None req-126ef58e-08ad-43f9-a7ec-660b06e6fa23 - - - - - -] OVN reports status up for port: bd967d60-398e-43ad-afa4-afaec38c5dea
2026-04-07 01:16:24.354 9 INFO neutron.plugins.ml2.plugin [None req-126ef58e-08ad-43f9-a7ec-660b06e6fa23 - - - - - -] Attempt 1 to provision port bd967d60-398e-43ad-afa4-afaec38c5dea
2026-04-07 01:16:24.381 9 INFO neutron.wsgi [req-682c2cc5-9b09-4119-b591-b4c2088e233e req-645b5069-b46e-4885-81e3-05bb527c7ffe 0af61b1f3a0f4b8396f868ae7c7a61d9 e4f484039e694525971575f21e0e6b00 - - 0041f4aab5cb4ad2b9d4fd8d7cd3dc10 0041f4aab5cb4ad2b9d4fd8d7cd3dc10] 199.19.213.133 "GET /v2.0/subnets?id=73517ebb-90d7-4132-8962-517e63ea73c9 HTTP/1.1" status: 200 len: 869 time: 0.0608587
2026-04-07 01:16:24.410 9 INFO neutron.wsgi [req-682c2cc5-9b09-4119-b591-b4c2088e233e req-55e050a4-34e7-495d-bbd2-54a0b378e4fd 0af61b1f3a0f4b8396f868ae7c7a61d9 e4f484039e694525971575f21e0e6b00 - - 0041f4aab5cb4ad2b9d4fd8d7cd3dc10 0041f4aab5cb4ad2b9d4fd8d7cd3dc10] 199.19.213.133 "GET /v2.0/ports?network_id=82ddf535-37a4-4d1f-9cf0-5aefb8f5e6a7&device_owner=network%3Adhcp HTTP/1.1" status: 200 len: 210 time: 0.0223901
2026-04-07 01:16:24.421 10 WARNING neutron.scheduler.dhcp_agent_scheduler [None req-26388862-290d-4a72-a77b-7472bf01d327 a6bfc832925b44e58112ef2d7569c98f 71118df634b04e4eb7c67a80ca4e5e03 - - - -] No more DHCP agents
2026-04-07 01:16:24.423 10 WARNING neutron.api.rpc.agentnotifiers.dhcp_rpc_agent_api [None req-26388862-290d-4a72-a77b-7472bf01d327 a6bfc832925b44e58112ef2d7569c98f 71118df634b04e4eb7c67a80ca4e5e03 - - - -] Unable to schedule network 97a2ea9d-c987-4844-aa76-716df499f90b: no agents available; will retry on subsequent port and subnet creation events.
2026-04-07 01:16:24.502 9 INFO neutron.wsgi [req-682c2cc5-9b09-4119-b591-b4c2088e233e req-11f58e7c-7011-4895-a1c7-43dde3a2f5f7 0af61b1f3a0f4b8396f868ae7c7a61d9 e4f484039e694525971575f21e0e6b00 - - 0041f4aab5cb4ad2b9d4fd8d7cd3dc10 0041f4aab5cb4ad2b9d4fd8d7cd3dc10] 199.19.213.133 "GET /v2.0/networks/82ddf535-37a4-4d1f-9cf0-5aefb8f5e6a7?fields=segments HTTP/1.1" status: 200 len: 212 time: 0.0780394
2026-04-07 01:16:24.558 10 INFO neutron.db.ovn_revision_numbers_db [None req-26388862-290d-4a72-a77b-7472bf01d327 a6bfc832925b44e58112ef2d7569c98f 71118df634b04e4eb7c67a80ca4e5e03 - - - -] Successfully bumped revision number for resource eaf3322d-8ea8-4e40-91d0-5eb2d841f3d0 (type: ports) to 1
2026-04-07 01:16:24.623 9 INFO neutron.wsgi [req-682c2cc5-9b09-4119-b591-b4c2088e233e req-6370b03f-8fe8-48c1-aabe-f09e1c541ea0 0af61b1f3a0f4b8396f868ae7c7a61d9 e4f484039e694525971575f21e0e6b00 - - 0041f4aab5cb4ad2b9d4fd8d7cd3dc10 0041f4aab5cb4ad2b9d4fd8d7cd3dc10] 199.19.213.133 "GET /v2.0/networks/82ddf535-37a4-4d1f-9cf0-5aefb8f5e6a7?fields=provider%3Aphysical_network&fields=provider%3Anetwork_type HTTP/1.1" status: 200 len: 277 time: 0.1122723
2026-04-07 01:16:24.703 9 INFO neutron.db.ovn_revision_numbers_db [None req-126ef58e-08ad-43f9-a7ec-660b06e6fa23 - - - - - -] Successfully bumped revision number for resource bd967d60-398e-43ad-afa4-afaec38c5dea (type: ports) to 4 /var/lib/openstack/lib/python3.10/site-packages/pycadf/identifier.py:71: UserWarning: Invalid uuid: neutron. To ensure interoperability, identifiers should be a valid uuid. warnings.warn(('Invalid uuid: %s. To ensure interoperability, '
2026-04-07 01:16:25.201 9 INFO neutron.wsgi [req-f44a75a5-5dd4-4d65-ad8c-e5112d2ae443 req-1ed3db06-48bb-4486-91cd-d4f3b4de898c e5856a1a9d784b74be21afb65917e397 b937e56005e147e9aeea17088b893442 - - default default] 10.0.0.171 "GET /v2.0/ports?device_id=ae0b9677-f3d3-43f7-a269-ff8f53b517e6 HTTP/1.1" status: 200 len: 1170 time: 0.0393915
2026-04-07 01:16:25.246 9 INFO neutron.wsgi [req-f44a75a5-5dd4-4d65-ad8c-e5112d2ae443 req-02a6bd09-94e7-4d57-b193-22275ecbc283 e5856a1a9d784b74be21afb65917e397 b937e56005e147e9aeea17088b893442 - - default default] 10.0.0.171 "GET /v2.0/security-groups?id=c04e8b9e-071b-4bdc-b2db-9b37abfd3546&fields=id&fields=name HTTP/1.1" status: 200 len: 312 time: 0.0368681
2026-04-07 01:16:25.422 9 INFO neutron.plugins.ml2.drivers.ovn.mech_driver.mech_driver [None req-126ef58e-08ad-43f9-a7ec-660b06e6fa23 - - - - - -] OVN reports status up for port: eaf3322d-8ea8-4e40-91d0-5eb2d841f3d0
2026-04-07 01:16:25.433 9 INFO neutron.plugins.ml2.plugin [None req-126ef58e-08ad-43f9-a7ec-660b06e6fa23 - - - - - -] Attempt 1 to provision port eaf3322d-8ea8-4e40-91d0-5eb2d841f3d0
2026-04-07 01:16:25.435 10 INFO neutron.db.ovn_revision_numbers_db [None req-26388862-290d-4a72-a77b-7472bf01d327 a6bfc832925b44e58112ef2d7569c98f 71118df634b04e4eb7c67a80ca4e5e03 - - - -] Successfully bumped revision number for resource eaf3322d-8ea8-4e40-91d0-5eb2d841f3d0 (type: router_ports) to 1
2026-04-07 01:16:25.486 10 INFO neutron.db.ovn_revision_numbers_db [None req-ff6e8d29-4d6b-40f7-b705-42809e1b59f3 2de2ec4e10b5434699edd7d80aea63a2 376d36ea2fb84aeca058828a48b1fc4b - - default default] Successfully bumped revision number for resource b4793500-54ea-49d9-91c4-24c5534b823b (type: security_groups) to 1
2026-04-07 01:16:25.514 10 INFO neutron.wsgi [None req-ff6e8d29-4d6b-40f7-b705-42809e1b59f3 2de2ec4e10b5434699edd7d80aea63a2 376d36ea2fb84aeca058828a48b1fc4b - - default default] 10.0.0.78 "GET /v2.0/security-groups?tenant_id=685815dae2ed44c5a70670f1645a0736&name=default HTTP/1.1" status: 200 len: 2996 time: 0.3747518
2026-04-07 01:16:25.526 10 INFO neutron.db.ovn_revision_numbers_db [None req-26388862-290d-4a72-a77b-7472bf01d327 a6bfc832925b44e58112ef2d7569c98f 71118df634b04e4eb7c67a80ca4e5e03 - - - -] Successfully bumped revision number for resource e93cc064-e2d2-4822-9c55-596e334e8946 (type: routers) to 3
2026-04-07 01:16:25.542 10 INFO neutron.wsgi [None req-26388862-290d-4a72-a77b-7472bf01d327 a6bfc832925b44e58112ef2d7569c98f 71118df634b04e4eb7c67a80ca4e5e03 - - - -] 10.0.0.78 "POST /v2.0/routers HTTP/1.1" status: 201 len: 875 time: 1.7444954
2026-04-07 01:16:25.703 9 INFO neutron.wsgi [None req-5ee675a6-f951-45c9-961c-ee917a2591c9 2de2ec4e10b5434699edd7d80aea63a2 376d36ea2fb84aeca058828a48b1fc4b - - - -] 10.0.0.78 "DELETE /v2.0/security-groups/b4793500-54ea-49d9-91c4-24c5534b823b HTTP/1.1" status: 204 len: 168 time: 0.1847019
2026-04-07 01:16:25.913 9 INFO neutron.notifiers.nova [-] Nova event matching ['req-3aa88384-a467-443f-bd88-eaa47716ba51'] response: {'server_uuid': 'ae0b9677-f3d3-43f7-a269-ff8f53b517e6', 'name': 'network-vif-plugged', 'status': 'completed', 'tag': 'bd967d60-398e-43ad-afa4-afaec38c5dea', 'code': 200}
2026-04-07 01:16:25.914 9 INFO neutron.notifiers.nova [-] Nova event matching ['req-3aa88384-a467-443f-bd88-eaa47716ba51'] response: {'server_uuid': 'ae0b9677-f3d3-43f7-a269-ff8f53b517e6', 'name': 'network-vif-plugged', 'status': 'completed', 'tag': 'bd967d60-398e-43ad-afa4-afaec38c5dea', 'code': 200}
2026-04-07 01:16:25.989 10 INFO neutron.db.ovn_revision_numbers_db [None req-5e8f0a6e-b5ea-4e9c-a654-0a646aabda5f 2de2ec4e10b5434699edd7d80aea63a2 376d36ea2fb84aeca058828a48b1fc4b - - default default] Successfully bumped revision number for resource 7fd0925a-bc06-4c86-89a6-66fbbb41cfa3 (type: security_groups) to 1
2026-04-07 01:16:26.018 10 INFO neutron.wsgi [None req-5e8f0a6e-b5ea-4e9c-a654-0a646aabda5f 2de2ec4e10b5434699edd7d80aea63a2 376d36ea2fb84aeca058828a48b1fc4b - - default default] 10.0.0.78 "GET /v2.0/security-groups?tenant_id=7c6a3666a24a452895f24473a1f727fc&name=default HTTP/1.1" status: 200 len: 2996 time: 0.1830988
2026-04-07 01:16:26.080 10 WARNING neutron.scheduler.dhcp_agent_scheduler [None req-6a4f6481-9848-4d39-a36e-122f777da6d4 a6bfc832925b44e58112ef2d7569c98f 71118df634b04e4eb7c67a80ca4e5e03 - - default default] No more DHCP agents
2026-04-07 01:16:26.084 10 WARNING neutron.api.rpc.agentnotifiers.dhcp_rpc_agent_api [None req-6a4f6481-9848-4d39-a36e-122f777da6d4 a6bfc832925b44e58112ef2d7569c98f 71118df634b04e4eb7c67a80ca4e5e03 - - default default] Unable to schedule network f32d7b73-d5b5-46f0-81d2-1fdb11d2bc0b: no agents available; will retry on subsequent port and subnet creation events.
2026-04-07 01:16:26.228 10 INFO neutron.db.ovn_revision_numbers_db [None req-6a4f6481-9848-4d39-a36e-122f777da6d4 a6bfc832925b44e58112ef2d7569c98f 71118df634b04e4eb7c67a80ca4e5e03 - - default default] Successfully bumped revision number for resource fa9550ed-506c-4dad-a614-98271f060782 (type: ports) to 1
2026-04-07 01:16:26.260 9 INFO neutron.wsgi [None req-3a725be4-4f4b-4eb6-8d40-25423472730d 2de2ec4e10b5434699edd7d80aea63a2 376d36ea2fb84aeca058828a48b1fc4b - - - -] 10.0.0.78 "DELETE /v2.0/security-groups/7fd0925a-bc06-4c86-89a6-66fbbb41cfa3 HTTP/1.1" status: 204 len: 168 time: 0.2341428
2026-04-07 01:16:26.397 9 INFO neutron.wsgi [req-6f33d946-5fd1-418f-9c33-9efb1cd9db17 req-3dcfcab5-992a-4897-a13c-11595eebd11e e5856a1a9d784b74be21afb65917e397 b937e56005e147e9aeea17088b893442 - - default default] 10.0.0.171 "GET /v2.0/ports?device_id=ae0b9677-f3d3-43f7-a269-ff8f53b517e6 HTTP/1.1" status: 200 len: 1170 time: 0.0779183
2026-04-07 01:16:26.453 9 INFO neutron.wsgi [req-6f33d946-5fd1-418f-9c33-9efb1cd9db17 req-b03d8b2c-7958-439e-99f0-17c3c53b0690 e5856a1a9d784b74be21afb65917e397 b937e56005e147e9aeea17088b893442 - - default default] 10.0.0.171 "GET /v2.0/security-groups?id=c04e8b9e-071b-4bdc-b2db-9b37abfd3546&fields=id&fields=name HTTP/1.1" status: 200 len: 312 time: 0.0391648
2026-04-07 01:16:26.576 10 INFO neutron.wsgi [req-69ce3ae6-5331-4ffb-b550-058bcd8ff4c2 req-c261e268-1d1e-4149-b50d-34cf6ca50159 e5856a1a9d784b74be21afb65917e397 b937e56005e147e9aeea17088b893442 - - default default] 10.0.0.171 "GET /v2.0/ports?device_id=ae0b9677-f3d3-43f7-a269-ff8f53b517e6 HTTP/1.1" status: 200 len: 1170 time: 0.0528035
2026-04-07 01:16:26.811 10 INFO neutron.db.ovn_revision_numbers_db [None req-6a4f6481-9848-4d39-a36e-122f777da6d4 a6bfc832925b44e58112ef2d7569c98f 71118df634b04e4eb7c67a80ca4e5e03 - - default default] Successfully bumped revision number for resource fa9550ed-506c-4dad-a614-98271f060782 (type: router_ports) to 2
2026-04-07 01:16:26.885 9 INFO neutron.db.l3_db [None req-450a78dc-256c-444a-b066-aadc6084aee5 e5856a1a9d784b74be21afb65917e397 b937e56005e147e9aeea17088b893442 - - - -] Floating IP 01bd8aeb-9d50-4861-a669-c421f25b94f2 associated. External IP: 10.96.250.206, port: bd967d60-398e-43ad-afa4-afaec38c5dea.
2026-04-07 01:16:26.958 10 INFO neutron.db.ovn_revision_numbers_db [None req-6a4f6481-9848-4d39-a36e-122f777da6d4 a6bfc832925b44e58112ef2d7569c98f 71118df634b04e4eb7c67a80ca4e5e03 - - default default] Successfully bumped revision number for resource fa9550ed-506c-4dad-a614-98271f060782 (type: ports) to 2
2026-04-07 01:16:27.058 10 WARNING neutron.scheduler.dhcp_agent_scheduler [None req-6a4f6481-9848-4d39-a36e-122f777da6d4 a6bfc832925b44e58112ef2d7569c98f 71118df634b04e4eb7c67a80ca4e5e03 - - default default] No more DHCP agents
2026-04-07 01:16:27.062 10 WARNING neutron.api.rpc.agentnotifiers.dhcp_rpc_agent_api [None req-6a4f6481-9848-4d39-a36e-122f777da6d4 a6bfc832925b44e58112ef2d7569c98f 71118df634b04e4eb7c67a80ca4e5e03 - - default default] Unable to schedule network f32d7b73-d5b5-46f0-81d2-1fdb11d2bc0b: no agents available; will retry on subsequent port and subnet creation events.
2026-04-07 01:16:27.195 10 INFO neutron.db.ovn_revision_numbers_db [None req-e8cabfbe-85c4-415b-85f6-e75ba5ccb034 2de2ec4e10b5434699edd7d80aea63a2 376d36ea2fb84aeca058828a48b1fc4b - - default default] Successfully bumped revision number for resource ab6a3982-4e61-4793-8444-4c3aa09e6dc2 (type: security_groups) to 1
2026-04-07 01:16:27.222 10 INFO neutron.wsgi [None req-e8cabfbe-85c4-415b-85f6-e75ba5ccb034 2de2ec4e10b5434699edd7d80aea63a2 376d36ea2fb84aeca058828a48b1fc4b - - default default] 10.0.0.78 "GET /v2.0/security-groups?tenant_id=fd4d226aa90e4dd99e05b5c06169c55c&name=default HTTP/1.1" status: 200 len: 2996 time: 0.3232691
2026-04-07 01:16:27.278 9 INFO neutron.db.ovn_revision_numbers_db [None req-450a78dc-256c-444a-b066-aadc6084aee5 e5856a1a9d784b74be21afb65917e397 b937e56005e147e9aeea17088b893442 - - - -] Successfully bumped revision number for resource 01bd8aeb-9d50-4861-a669-c421f25b94f2 (type: floatingips) to 1
2026-04-07 01:16:27.396 9 INFO neutron.db.ovn_revision_numbers_db [None req-450a78dc-256c-444a-b066-aadc6084aee5 e5856a1a9d784b74be21afb65917e397 b937e56005e147e9aeea17088b893442 - - - -] Successfully bumped revision number for resource 01bd8aeb-9d50-4861-a669-c421f25b94f2 (type: floatingips) to 2
2026-04-07 01:16:27.419 9 INFO neutron.wsgi [None req-450a78dc-256c-444a-b066-aadc6084aee5 e5856a1a9d784b74be21afb65917e397 b937e56005e147e9aeea17088b893442 - - - -] 10.0.0.78 "PUT /v2.0/floatingips/01bd8aeb-9d50-4861-a669-c421f25b94f2 HTTP/1.1" status: 200 len: 1049 time: 0.8282280
2026-04-07 01:16:27.438 10 INFO neutron.db.ovn_revision_numbers_db [None req-6a4f6481-9848-4d39-a36e-122f777da6d4 a6bfc832925b44e58112ef2d7569c98f 71118df634b04e4eb7c67a80ca4e5e03 - - - -] Successfully bumped revision number for resource fa9550ed-506c-4dad-a614-98271f060782 (type: router_ports) to 2
2026-04-07 01:16:27.441 10 INFO neutron.wsgi [None req-6a4f6481-9848-4d39-a36e-122f777da6d4 a6bfc832925b44e58112ef2d7569c98f 71118df634b04e4eb7c67a80ca4e5e03 - - - -] 10.0.0.78 "PUT /v2.0/routers/e93cc064-e2d2-4822-9c55-596e334e8946/add_router_interface HTTP/1.1" status: 200 len: 503 time: 1.8940539
2026-04-07 01:16:27.442 9 INFO neutron.wsgi [None req-3abde6f4-53c7-4911-b587-112951172105 2de2ec4e10b5434699edd7d80aea63a2 376d36ea2fb84aeca058828a48b1fc4b - - - -] 10.0.0.78 "DELETE /v2.0/security-groups/ab6a3982-4e61-4793-8444-4c3aa09e6dc2 HTTP/1.1" status: 204 len: 168 time: 0.2144682
2026-04-07 01:16:27.505 9 INFO neutron.wsgi [req-b32f0f1d-ed7d-4657-b4ec-5642924f4a1f req-170de65d-1a33-454b-ab94-40daa8640f21 e5856a1a9d784b74be21afb65917e397 b937e56005e147e9aeea17088b893442 - - default default] 10.0.0.171 "GET /v2.0/ports?device_id=ae0b9677-f3d3-43f7-a269-ff8f53b517e6 HTTP/1.1" status: 200 len: 1170 time: 0.0365961 /var/lib/openstack/lib/python3.10/site-packages/pycadf/identifier.py:71: UserWarning: Invalid uuid: neutron. To ensure interoperability, identifiers should be a valid uuid. warnings.warn(('Invalid uuid: %s. To ensure interoperability, '
2026-04-07 01:16:27.544 9 INFO neutron.wsgi [req-b32f0f1d-ed7d-4657-b4ec-5642924f4a1f req-fc793707-8b21-4723-b11e-2cbeca8bc84d e5856a1a9d784b74be21afb65917e397 b937e56005e147e9aeea17088b893442 - - default default] 10.0.0.171 "GET /v2.0/security-groups?id=c04e8b9e-071b-4bdc-b2db-9b37abfd3546&fields=id&fields=name HTTP/1.1" status: 200 len: 312 time: 0.0308683
2026-04-07 01:16:27.638 10 INFO neutron.db.ovn_revision_numbers_db [None req-737ca5ae-b2b8-45ae-b0ae-0d8e81e99a68 2de2ec4e10b5434699edd7d80aea63a2 376d36ea2fb84aeca058828a48b1fc4b - - default default] Successfully bumped revision number for resource 7a0977f8-7e8d-48c7-92ae-245686e1b8dd (type: security_groups) to 1
2026-04-07 01:16:27.671 10 INFO neutron.wsgi [None req-737ca5ae-b2b8-45ae-b0ae-0d8e81e99a68 2de2ec4e10b5434699edd7d80aea63a2 376d36ea2fb84aeca058828a48b1fc4b - - default default] 10.0.0.78 "GET /v2.0/security-groups?tenant_id=4e2c46b604954fb6a9f46f68fcdbb69f&name=default HTTP/1.1" status: 200 len: 2996 time: 0.1472144
2026-04-07 01:16:27.865 9 WARNING neutron.scheduler.dhcp_agent_scheduler [None req-5a891fca-c823-43d9-a225-aa7425cd84d9 a6bfc832925b44e58112ef2d7569c98f 71118df634b04e4eb7c67a80ca4e5e03 - - - -] No more DHCP agents
2026-04-07 01:16:27.869 9 WARNING neutron.api.rpc.agentnotifiers.dhcp_rpc_agent_api [None req-5a891fca-c823-43d9-a225-aa7425cd84d9 a6bfc832925b44e58112ef2d7569c98f 71118df634b04e4eb7c67a80ca4e5e03 - - - -] Unable to schedule network f32d7b73-d5b5-46f0-81d2-1fdb11d2bc0b: no agents available; will retry on subsequent port and subnet creation events.
2026-04-07 01:16:27.951 9 INFO neutron.notifiers.nova [-] Nova event matching ['req-9d485948-c405-4282-8299-94225db03586'] response: {'name': 'network-changed', 'server_uuid': 'ae0b9677-f3d3-43f7-a269-ff8f53b517e6', 'tag': 'bd967d60-398e-43ad-afa4-afaec38c5dea', 'status': 'completed', 'code': 200} /var/lib/openstack/lib/python3.10/site-packages/pycadf/identifier.py:71: UserWarning: Invalid uuid: neutron. To ensure interoperability, identifiers should be a valid uuid. warnings.warn(('Invalid uuid: %s. To ensure interoperability, '
2026-04-07 01:16:28.025 9 INFO neutron.wsgi [req-4984140a-aad9-4f0c-9c36-4d76e8ba5271 req-5a7a016f-aad5-456f-9e1a-f3d80f67d4ce 0af61b1f3a0f4b8396f868ae7c7a61d9 e4f484039e694525971575f21e0e6b00 - - 0041f4aab5cb4ad2b9d4fd8d7cd3dc10 0041f4aab5cb4ad2b9d4fd8d7cd3dc10] 199.19.213.133 "GET /v2.0/ports?tenant_id=b937e56005e147e9aeea17088b893442&device_id=ae0b9677-f3d3-43f7-a269-ff8f53b517e6 HTTP/1.1" status: 200 len: 1361 time: 0.0507798
2026-04-07 01:16:28.087 9 INFO neutron.db.ovn_revision_numbers_db [None req-5a891fca-c823-43d9-a225-aa7425cd84d9 a6bfc832925b44e58112ef2d7569c98f 71118df634b04e4eb7c67a80ca4e5e03 - - - -] Successfully bumped revision number for resource 635a5e3d-5e5b-4f88-93ec-b24b97f25239 (type: ports) to 1
2026-04-07 01:16:28.111 9 INFO neutron.wsgi [req-4984140a-aad9-4f0c-9c36-4d76e8ba5271 req-3017acf9-8cdd-4140-909c-963a0e27a4a3 0af61b1f3a0f4b8396f868ae7c7a61d9 e4f484039e694525971575f21e0e6b00 - - 0041f4aab5cb4ad2b9d4fd8d7cd3dc10 0041f4aab5cb4ad2b9d4fd8d7cd3dc10] 199.19.213.133 "GET /v2.0/networks?id=82ddf535-37a4-4d1f-9cf0-5aefb8f5e6a7 HTTP/1.1" status: 200 len: 974 time: 0.0789115
2026-04-07 01:16:28.113 9 INFO neutron.wsgi [None req-5a891fca-c823-43d9-a225-aa7425cd84d9 a6bfc832925b44e58112ef2d7569c98f 71118df634b04e4eb7c67a80ca4e5e03 - - - -] 10.0.0.78 "POST /v2.0/ports HTTP/1.1" status: 201 len: 1154 time: 0.6669071
2026-04-07 01:16:28.140 10 INFO neutron.wsgi [req-65cdc0da-b2c6-4c86-8217-27a53e84232c req-2724a05c-db6d-4b82-b0b9-98473950d522 e5856a1a9d784b74be21afb65917e397 b937e56005e147e9aeea17088b893442 - - default default] 10.0.0.171 "GET /v2.0/ports?device_id=ae0b9677-f3d3-43f7-a269-ff8f53b517e6 HTTP/1.1" status: 200 len: 1170 time: 0.2913027
2026-04-07 01:16:28.157 9 INFO neutron.wsgi [req-4984140a-aad9-4f0c-9c36-4d76e8ba5271 req-8d216c32-df63-44cc-ae02-380382d43a22 0af61b1f3a0f4b8396f868ae7c7a61d9 e4f484039e694525971575f21e0e6b00 - - 0041f4aab5cb4ad2b9d4fd8d7cd3dc10 0041f4aab5cb4ad2b9d4fd8d7cd3dc10] 199.19.213.133 "GET /v2.0/floatingips?fixed_ip_address=10.100.0.9&port_id=bd967d60-398e-43ad-afa4-afaec38c5dea HTTP/1.1" status: 200 len: 1059 time: 0.0406702
2026-04-07 01:16:28.192 10 INFO neutron.wsgi [req-65cdc0da-b2c6-4c86-8217-27a53e84232c req-703ba84d-df61-4bcc-858c-bd1d3533fb7e e5856a1a9d784b74be21afb65917e397 b937e56005e147e9aeea17088b893442 - - default default] 10.0.0.171 "GET /v2.0/security-groups?id=c04e8b9e-071b-4bdc-b2db-9b37abfd3546&fields=id&fields=name HTTP/1.1" status: 200 len: 312 time: 0.0420508
2026-04-07 01:16:28.200 9 INFO neutron.wsgi [req-812648ff-d676-4e2c-87bf-de513903e6f8 req-7fc900da-cc14-4bb6-8003-39589cb0c3fe e5856a1a9d784b74be21afb65917e397 b937e56005e147e9aeea17088b893442 - - default default] 199.19.213.133 "GET /v2.0/ports?device_id=ae0b9677-f3d3-43f7-a269-ff8f53b517e6 HTTP/1.1" status: 200 len: 1170 time: 0.0450053
2026-04-07 01:16:28.221 10 INFO neutron.wsgi [None req-c7af3d70-e1d7-40e0-966a-b733ab382fc3 2de2ec4e10b5434699edd7d80aea63a2 376d36ea2fb84aeca058828a48b1fc4b - - - -] 10.0.0.78 "DELETE /v2.0/security-groups/7a0977f8-7e8d-48c7-92ae-245686e1b8dd HTTP/1.1" status: 204 len: 168 time: 0.5442650
2026-04-07 01:16:28.226 9 INFO neutron.wsgi [req-4984140a-aad9-4f0c-9c36-4d76e8ba5271 req-fb2f423f-2934-48ea-95b3-ca223b502441 0af61b1f3a0f4b8396f868ae7c7a61d9 e4f484039e694525971575f21e0e6b00 - - 0041f4aab5cb4ad2b9d4fd8d7cd3dc10 0041f4aab5cb4ad2b9d4fd8d7cd3dc10] 199.19.213.133 "GET /v2.0/subnets?id=73517ebb-90d7-4132-8962-517e63ea73c9 HTTP/1.1" status: 200 len: 869 time: 0.0605457
