2026-04-07 01:16:28.258 9 INFO neutron.wsgi [req-4984140a-aad9-4f0c-9c36-4d76e8ba5271 req-2365c38b-b8d0-43e6-a70d-4b75c5fb8dc8 0af61b1f3a0f4b8396f868ae7c7a61d9 e4f484039e694525971575f21e0e6b00 - - 0041f4aab5cb4ad2b9d4fd8d7cd3dc10 0041f4aab5cb4ad2b9d4fd8d7cd3dc10] 199.19.213.133 "GET /v2.0/ports?network_id=82ddf535-37a4-4d1f-9cf0-5aefb8f5e6a7&device_owner=network%3Adhcp HTTP/1.1" status: 200 len: 210 time: 0.0256987
2026-04-07 01:16:28.332 9 INFO neutron.wsgi [req-4984140a-aad9-4f0c-9c36-4d76e8ba5271 req-5958aea1-d9e6-4ee2-8d9c-5847a676087d 0af61b1f3a0f4b8396f868ae7c7a61d9 e4f484039e694525971575f21e0e6b00 - - 0041f4aab5cb4ad2b9d4fd8d7cd3dc10 0041f4aab5cb4ad2b9d4fd8d7cd3dc10] 199.19.213.133 "GET /v2.0/networks/82ddf535-37a4-4d1f-9cf0-5aefb8f5e6a7?fields=segments HTTP/1.1" status: 200 len: 212 time: 0.0630481
2026-04-07 01:16:28.418 9 INFO neutron.wsgi [req-4984140a-aad9-4f0c-9c36-4d76e8ba5271 req-f6454aaa-0442-42dd-b030-e79f2d76ba55 0af61b1f3a0f4b8396f868ae7c7a61d9 e4f484039e694525971575f21e0e6b00 - - 0041f4aab5cb4ad2b9d4fd8d7cd3dc10 0041f4aab5cb4ad2b9d4fd8d7cd3dc10] 199.19.213.133 "GET /v2.0/networks/82ddf535-37a4-4d1f-9cf0-5aefb8f5e6a7?fields=provider%3Aphysical_network&fields=provider%3Anetwork_type HTTP/1.1" status: 200 len: 277 time: 0.0768211
2026-04-07 01:16:28.480 10 WARNING neutron.scheduler.dhcp_agent_scheduler [None req-d03a389d-2df9-4ffa-837b-4bc908b10327 a6bfc832925b44e58112ef2d7569c98f 71118df634b04e4eb7c67a80ca4e5e03 - - - -] No more DHCP agents
2026-04-07 01:16:28.483 10 WARNING neutron.api.rpc.agentnotifiers.dhcp_rpc_agent_api [None req-d03a389d-2df9-4ffa-837b-4bc908b10327 a6bfc832925b44e58112ef2d7569c98f 71118df634b04e4eb7c67a80ca4e5e03 - - - -] Unable to schedule network f32d7b73-d5b5-46f0-81d2-1fdb11d2bc0b: no agents available; will retry on subsequent port and subnet creation events.
2026-04-07 01:16:28.550 9 INFO neutron.db.l3_db [None req-d6749567-b8d6-45d4-b637-1e13c9c28909 e5856a1a9d784b74be21afb65917e397 b937e56005e147e9aeea17088b893442 - - - -] Floating IP 01bd8aeb-9d50-4861-a669-c421f25b94f2 disassociated. External IP: 10.96.250.206, port: bd967d60-398e-43ad-afa4-afaec38c5dea.
2026-04-07 01:16:28.651 10 INFO neutron.db.ovn_revision_numbers_db [None req-d03a389d-2df9-4ffa-837b-4bc908b10327 a6bfc832925b44e58112ef2d7569c98f 71118df634b04e4eb7c67a80ca4e5e03 - - - -] Successfully bumped revision number for resource 42f7a6ac-dfc2-4932-a8d5-477c3c7a6fbf (type: ports) to 1
2026-04-07 01:16:28.674 10 INFO neutron.wsgi [None req-d03a389d-2df9-4ffa-837b-4bc908b10327 a6bfc832925b44e58112ef2d7569c98f 71118df634b04e4eb7c67a80ca4e5e03 - - - -] 10.0.0.78 "POST /v2.0/ports HTTP/1.1" status: 201 len: 1158 time: 0.5528054 /var/lib/openstack/lib/python3.10/site-packages/pycadf/identifier.py:71: UserWarning: Invalid uuid: neutron. To ensure interoperability, identifiers should be a valid uuid. warnings.warn(('Invalid uuid: %s. To ensure interoperability, '
2026-04-07 01:16:28.733 9 INFO neutron.wsgi [None req-d6749567-b8d6-45d4-b637-1e13c9c28909 e5856a1a9d784b74be21afb65917e397 b937e56005e147e9aeea17088b893442 - - - -] 199.19.213.133 "DELETE /v2.0/ports/bd967d60-398e-43ad-afa4-afaec38c5dea HTTP/1.1" status: 204 len: 173 time: 0.5288265
2026-04-07 01:16:28.960 10 WARNING neutron.scheduler.dhcp_agent_scheduler [None req-7671a6a1-5cfa-4106-aa27-7abd092a037c a6bfc832925b44e58112ef2d7569c98f 71118df634b04e4eb7c67a80ca4e5e03 - - - -] No more DHCP agents
2026-04-07 01:16:28.961 9 INFO neutron.db.ovn_revision_numbers_db [None req-c63414c1-16ed-40b9-9620-b66628300012 2de2ec4e10b5434699edd7d80aea63a2 376d36ea2fb84aeca058828a48b1fc4b - - default default] Successfully bumped revision number for resource 5e292a2b-94a4-4f91-88dc-2ff76c208baa (type: security_groups) to 1
2026-04-07 01:16:28.962 10 WARNING neutron.api.rpc.agentnotifiers.dhcp_rpc_agent_api [None req-7671a6a1-5cfa-4106-aa27-7abd092a037c a6bfc832925b44e58112ef2d7569c98f 71118df634b04e4eb7c67a80ca4e5e03 - - - -] Unable to schedule network 97a2ea9d-c987-4844-aa76-716df499f90b: no agents available; will retry on subsequent port and subnet creation events.
2026-04-07 01:16:28.985 9 INFO neutron.wsgi [None req-c63414c1-16ed-40b9-9620-b66628300012 2de2ec4e10b5434699edd7d80aea63a2 376d36ea2fb84aeca058828a48b1fc4b - - default default] 10.0.0.78 "GET /v2.0/security-groups?tenant_id=3d4df8109afb4b739083d30b3e5320bd&name=default HTTP/1.1" status: 200 len: 2996 time: 0.2472599
2026-04-07 01:16:29.156 9 INFO neutron.wsgi [None req-20d83812-744f-4a44-b264-c4e541811897 2de2ec4e10b5434699edd7d80aea63a2 376d36ea2fb84aeca058828a48b1fc4b - - - -] 10.0.0.78 "DELETE /v2.0/security-groups/5e292a2b-94a4-4f91-88dc-2ff76c208baa HTTP/1.1" status: 204 len: 168 time: 0.1667376
2026-04-07 01:16:29.390 10 INFO neutron.db.l3_db [None req-7671a6a1-5cfa-4106-aa27-7abd092a037c a6bfc832925b44e58112ef2d7569c98f 71118df634b04e4eb7c67a80ca4e5e03 - - - -] Floating IP 6d4911e7-6f1a-4a0b-8662-c5ac66faadc9 associated. External IP: 10.96.250.218, port: 42f7a6ac-dfc2-4932-a8d5-477c3c7a6fbf.
2026-04-07 01:16:29.472 10 INFO neutron.wsgi [None req-8d41bf0d-75ab-4a1a-8d7d-c9e74abe9f5a e5856a1a9d784b74be21afb65917e397 b937e56005e147e9aeea17088b893442 - - - -] 10.0.0.78 "DELETE /v2.0/security-groups/c04e8b9e-071b-4bdc-b2db-9b37abfd3546 HTTP/1.1" status: 204 len: 168 time: 0.2004750
2026-04-07 01:16:29.493 9 INFO neutron.api.v2.resource [None req-6c115522-4bb8-4cec-acb6-c8dd27a2ce3d e5856a1a9d784b74be21afb65917e397 b937e56005e147e9aeea17088b893442 - - default default] show failed (client error): The resource could not be found.
2026-04-07 01:16:29.495 9 INFO neutron.wsgi [None req-6c115522-4bb8-4cec-acb6-c8dd27a2ce3d e5856a1a9d784b74be21afb65917e397 b937e56005e147e9aeea17088b893442 - - default default] 10.0.0.78 "GET /v2.0/security-groups/c04e8b9e-071b-4bdc-b2db-9b37abfd3546 HTTP/1.1" status: 404 len: 347 time: 0.0168178
2026-04-07 01:16:29.558 10 INFO neutron.db.ovn_revision_numbers_db [None req-7671a6a1-5cfa-4106-aa27-7abd092a037c a6bfc832925b44e58112ef2d7569c98f 71118df634b04e4eb7c67a80ca4e5e03 - - - -] Successfully bumped revision number for resource 6d4911e7-6f1a-4a0b-8662-c5ac66faadc9 (type: floatingips) to 0
2026-04-07 01:16:29.614 10 INFO neutron.wsgi [-] 10.0.0.47 "GET / HTTP/1.1" status: 200 len: 247 time: 0.0014641
2026-04-07 01:16:29.615 10 INFO neutron.wsgi [-] 10.0.0.47 "GET / HTTP/1.1" status: 200 len: 247 time: 0.0009224
2026-04-07 01:16:29.651 10 INFO neutron.db.ovn_revision_numbers_db [None req-7671a6a1-5cfa-4106-aa27-7abd092a037c a6bfc832925b44e58112ef2d7569c98f 71118df634b04e4eb7c67a80ca4e5e03 - - - -] Successfully bumped revision number for resource 6d4911e7-6f1a-4a0b-8662-c5ac66faadc9 (type: floatingips) to 1
2026-04-07 01:16:29.687 10 INFO neutron.wsgi [None req-7671a6a1-5cfa-4106-aa27-7abd092a037c a6bfc832925b44e58112ef2d7569c98f 71118df634b04e4eb7c67a80ca4e5e03 - - - -] 10.0.0.78 "POST /v2.0/floatingips HTTP/1.1" status: 201 len: 1042 time: 1.0071952
2026-04-07 01:16:29.824 10 INFO neutron.db.l3_db [None req-3d62f932-580b-48df-a128-5811a7632f4b a6bfc832925b44e58112ef2d7569c98f 71118df634b04e4eb7c67a80ca4e5e03 - - - -] Floating IP 6d4911e7-6f1a-4a0b-8662-c5ac66faadc9 disassociated. External IP: 10.96.250.218, port: 42f7a6ac-dfc2-4932-a8d5-477c3c7a6fbf.
2026-04-07 01:16:29.830 9 INFO neutron.wsgi [None req-0ccbcb51-b499-471e-95b1-24b3278db5c3 e5856a1a9d784b74be21afb65917e397 b937e56005e147e9aeea17088b893442 - - - -] 10.0.0.78 "DELETE /v2.0/floatingips/01bd8aeb-9d50-4861-a669-c421f25b94f2 HTTP/1.1" status: 204 len: 168 time: 0.3302710
2026-04-07 01:16:29.847 10 INFO neutron.db.ovn_revision_numbers_db [None req-3d62f932-580b-48df-a128-5811a7632f4b a6bfc832925b44e58112ef2d7569c98f 71118df634b04e4eb7c67a80ca4e5e03 - - - -] Successfully bumped revision number for resource 6d4911e7-6f1a-4a0b-8662-c5ac66faadc9 (type: floatingips) to 2
2026-04-07 01:16:29.915 10 INFO neutron.wsgi [None req-3d62f932-580b-48df-a128-5811a7632f4b a6bfc832925b44e58112ef2d7569c98f 71118df634b04e4eb7c67a80ca4e5e03 - - - -] 10.0.0.78 "PUT /v2.0/floatingips/6d4911e7-6f1a-4a0b-8662-c5ac66faadc9 HTTP/1.1" status: 200 len: 748 time: 0.2233818
2026-04-07 01:16:29.993 9 INFO neutron.notifiers.nova [-] Nova event matching ['req-a6ca811a-d6e6-4242-9051-e1e457980c03'] response: {'server_uuid': 'ae0b9677-f3d3-43f7-a269-ff8f53b517e6', 'name': 'network-vif-deleted', 'tag': 'bd967d60-398e-43ad-afa4-afaec38c5dea', 'status': 'completed', 'code': 200}
2026-04-07 01:16:30.397 9 INFO neutron.wsgi [None req-b72484c1-dc5e-408c-8859-3cf29c682f78 a6bfc832925b44e58112ef2d7569c98f 71118df634b04e4eb7c67a80ca4e5e03 - - - -] 10.0.0.78 "DELETE /v2.0/floatingips/6d4911e7-6f1a-4a0b-8662-c5ac66faadc9 HTTP/1.1" status: 204 len: 168 time: 0.4764235
2026-04-07 01:16:30.737 10 WARNING neutron.scheduler.dhcp_agent_scheduler [None req-c7f8d67b-7581-4afb-a2a5-df8e73076b7a a6bfc832925b44e58112ef2d7569c98f 71118df634b04e4eb7c67a80ca4e5e03 - - - -] No more DHCP agents
2026-04-07 01:16:30.738 10 WARNING neutron.api.rpc.agentnotifiers.dhcp_rpc_agent_api [None req-c7f8d67b-7581-4afb-a2a5-df8e73076b7a a6bfc832925b44e58112ef2d7569c98f 71118df634b04e4eb7c67a80ca4e5e03 - - - -] Unable to schedule network 97a2ea9d-c987-4844-aa76-716df499f90b: no agents available; will retry on subsequent port and subnet creation events.
2026-04-07 01:16:30.836 9 WARNING neutron.plugins.ml2.drivers.ovn.mech_driver.ovsdb.ovn_client [None req-126ef58e-08ad-43f9-a7ec-660b06e6fa23 - - - - - -] No hosting information found for port eaf3322d-8ea8-4e40-91d0-5eb2d841f3d0: RuntimeError: No hosting information found for port eaf3322d-8ea8-4e40-91d0-5eb2d841f3d0
2026-04-07 01:16:30.837 9 INFO neutron.plugins.ml2.drivers.ovn.mech_driver.mech_driver [None req-126ef58e-08ad-43f9-a7ec-660b06e6fa23 - - - - - -] OVN reports status up for port: fa9550ed-506c-4dad-a614-98271f060782
2026-04-07 01:16:30.863 9 INFO neutron.plugins.ml2.plugin [None req-126ef58e-08ad-43f9-a7ec-660b06e6fa23 - - - - - -] Attempt 1 to provision port fa9550ed-506c-4dad-a614-98271f060782
2026-04-07 01:16:31.109 10 INFO neutron.db.l3_db [None req-c7f8d67b-7581-4afb-a2a5-df8e73076b7a a6bfc832925b44e58112ef2d7569c98f 71118df634b04e4eb7c67a80ca4e5e03 - - - -] Floating IP 029d0a31-7ece-4888-a267-c023dc598aa3 associated. External IP: 10.96.250.212, port: 635a5e3d-5e5b-4f88-93ec-b24b97f25239.
2026-04-07 01:16:31.207 9 INFO neutron.db.ovn_revision_numbers_db [None req-126ef58e-08ad-43f9-a7ec-660b06e6fa23 - - - - - -] Successfully bumped revision number for resource fa9550ed-506c-4dad-a614-98271f060782 (type: ports) to 3 /var/lib/openstack/lib/python3.10/site-packages/pycadf/identifier.py:71: UserWarning: Invalid uuid: neutron. To ensure interoperability, identifiers should be a valid uuid. warnings.warn(('Invalid uuid: %s. To ensure interoperability, '
2026-04-07 01:16:31.313 10 INFO neutron.db.ovn_revision_numbers_db [None req-c7f8d67b-7581-4afb-a2a5-df8e73076b7a a6bfc832925b44e58112ef2d7569c98f 71118df634b04e4eb7c67a80ca4e5e03 - - - -] Successfully bumped revision number for resource 029d0a31-7ece-4888-a267-c023dc598aa3 (type: floatingips) to 0
2026-04-07 01:16:31.379 9 INFO neutron.wsgi [None req-43721474-95b6-4728-8256-8a266b0f2c5c 2de2ec4e10b5434699edd7d80aea63a2 376d36ea2fb84aeca058828a48b1fc4b - - - -] 10.0.0.78 "PUT /v2.0/routers/8e00ba97-db36-406c-9ad4-5fb0b25bb8e6/remove_router_interface HTTP/1.1" status: 200 len: 503 time: 1.5393224 /var/lib/openstack/lib/python3.10/site-packages/pycadf/identifier.py:71: UserWarning: Invalid uuid: neutron. To ensure interoperability, identifiers should be a valid uuid. warnings.warn(('Invalid uuid: %s. To ensure interoperability, '
2026-04-07 01:16:31.408 10 INFO neutron.db.ovn_revision_numbers_db [None req-c7f8d67b-7581-4afb-a2a5-df8e73076b7a a6bfc832925b44e58112ef2d7569c98f 71118df634b04e4eb7c67a80ca4e5e03 - - - -] Successfully bumped revision number for resource 029d0a31-7ece-4888-a267-c023dc598aa3 (type: floatingips) to 1
2026-04-07 01:16:31.418 9 INFO neutron.db.ovn_revision_numbers_db [None req-126ef58e-08ad-43f9-a7ec-660b06e6fa23 - - - - - -] Successfully bumped revision number for resource fa9550ed-506c-4dad-a614-98271f060782 (type: router_ports) to 3
2026-04-07 01:16:31.448 10 INFO neutron.wsgi [None req-c7f8d67b-7581-4afb-a2a5-df8e73076b7a a6bfc832925b44e58112ef2d7569c98f 71118df634b04e4eb7c67a80ca4e5e03 - - - -] 10.0.0.78 "POST /v2.0/floatingips HTTP/1.1" status: 201 len: 1041 time: 1.0434926
2026-04-07 01:16:31.449 10 INFO neutron.db.ovn_revision_numbers_db [None req-af83968f-0a2d-4112-b4f9-6cdf91b63f0c 2613aa3e0b7b41bca32eb1b47a66ef05 c36c076d72b84c23b96e3e7d53204849 - - - -] Successfully bumped revision number for resource 568219bc-3c22-40e3-b0b4-ead0e3e80c95 (type: security_groups) to 1
2026-04-07 01:16:31.512 10 INFO neutron.db.segments_db [None req-af83968f-0a2d-4112-b4f9-6cdf91b63f0c 2613aa3e0b7b41bca32eb1b47a66ef05 c36c076d72b84c23b96e3e7d53204849 - - - -] Added segment 094cafcc-ec3f-4013-8a25-3fb555f6ab09 of type geneve for network 14260e60-5be0-4f18-87ee-102584fd688d
2026-04-07 01:16:31.515 9 INFO neutron.wsgi [None req-0ee6f8e2-7701-4cf1-9fb7-d4d77beef983 a6bfc832925b44e58112ef2d7569c98f 71118df634b04e4eb7c67a80ca4e5e03 - - default default] 10.0.0.78 "GET /v2.0/floatingips/029d0a31-7ece-4888-a267-c023dc598aa3 HTTP/1.1" status: 200 len: 1038 time: 0.0606637
2026-04-07 01:16:31.606 10 INFO neutron.wsgi [None req-091f1133-a52f-41de-84da-a675a947eeb6 a6bfc832925b44e58112ef2d7569c98f 71118df634b04e4eb7c67a80ca4e5e03 - - default default] 10.0.0.78 "GET /v2.0/floatingips HTTP/1.1" status: 200 len: 1041 time: 0.0825608
2026-04-07 01:16:31.691 10 INFO neutron.db.segments_db [None req-af83968f-0a2d-4112-b4f9-6cdf91b63f0c 2613aa3e0b7b41bca32eb1b47a66ef05 c36c076d72b84c23b96e3e7d53204849 - - - -] Added segment b506cdc2-4716-40ce-aada-786327dcd377 of type geneve for network 8be3a22d-a9b4-432a-9754-c779fbdf3579
2026-04-07 01:16:32.092 9 INFO neutron.wsgi [None req-7dce1b80-3b73-48e6-b098-c7156516bf7f 2de2ec4e10b5434699edd7d80aea63a2 376d36ea2fb84aeca058828a48b1fc4b - - - -] 10.0.0.78 "DELETE /v2.0/routers/8e00ba97-db36-406c-9ad4-5fb0b25bb8e6 HTTP/1.1" status: 204 len: 168 time: 0.7053649
2026-04-07 01:16:32.098 10 INFO neutron.db.ovn_revision_numbers_db [None req-af83968f-0a2d-4112-b4f9-6cdf91b63f0c 2613aa3e0b7b41bca32eb1b47a66ef05 c36c076d72b84c23b96e3e7d53204849 - - - -] Successfully bumped revision number for resource 14260e60-5be0-4f18-87ee-102584fd688d (type: networks) to 1
2026-04-07 01:16:32.231 10 INFO neutron.db.l3_db [None req-f3982e9d-c5f6-48a1-b713-c84f73c1c969 a6bfc832925b44e58112ef2d7569c98f 71118df634b04e4eb7c67a80ca4e5e03 - - - -] Floating IP 029d0a31-7ece-4888-a267-c023dc598aa3 associated. External IP: 10.96.250.212, port: 635a5e3d-5e5b-4f88-93ec-b24b97f25239.
2026-04-07 01:16:32.312 9 INFO neutron.wsgi [None req-26eb5b6c-ee82-4c84-83a6-89927d787e6a 2de2ec4e10b5434699edd7d80aea63a2 376d36ea2fb84aeca058828a48b1fc4b - - - -] 10.0.0.78 "DELETE /v2.0/subnets/73517ebb-90d7-4132-8962-517e63ea73c9 HTTP/1.1" status: 204 len: 168 time: 0.2149916
2026-04-07 01:16:32.410 10 WARNING neutron.scheduler.dhcp_agent_scheduler [None req-af83968f-0a2d-4112-b4f9-6cdf91b63f0c 2613aa3e0b7b41bca32eb1b47a66ef05 c36c076d72b84c23b96e3e7d53204849 - - - -] No more DHCP agents
2026-04-07 01:16:32.414 10 WARNING neutron.api.rpc.agentnotifiers.dhcp_rpc_agent_api [None req-af83968f-0a2d-4112-b4f9-6cdf91b63f0c 2613aa3e0b7b41bca32eb1b47a66ef05 c36c076d72b84c23b96e3e7d53204849 - - - -] Unable to schedule network 14260e60-5be0-4f18-87ee-102584fd688d: no agents available; will retry on subsequent port and subnet creation events.
2026-04-07 01:16:32.431 10 INFO neutron.db.ovn_revision_numbers_db [None req-5572a18c-e7fa-44fc-87bd-fafe452a5a18 2de2ec4e10b5434699edd7d80aea63a2 376d36ea2fb84aeca058828a48b1fc4b - - default default] Successfully bumped revision number for resource 16925924-baf3-4964-b77d-73cf895c3bb2 (type: security_groups) to 1
2026-04-07 01:16:32.462 10 INFO neutron.wsgi [None req-5572a18c-e7fa-44fc-87bd-fafe452a5a18 2de2ec4e10b5434699edd7d80aea63a2 376d36ea2fb84aeca058828a48b1fc4b - - default default] 10.0.0.78 "GET /v2.0/security-groups?tenant_id=b2ec394e92974e7890cebec79fee5935&name=default HTTP/1.1" status: 200 len: 2996 time: 0.4228132
2026-04-07 01:16:32.573 10 INFO neutron.db.ovn_revision_numbers_db [None req-f3982e9d-c5f6-48a1-b713-c84f73c1c969 a6bfc832925b44e58112ef2d7569c98f 71118df634b04e4eb7c67a80ca4e5e03 - - - -] Successfully bumped revision number for resource 029d0a31-7ece-4888-a267-c023dc598aa3 (type: floatingips) to 2
2026-04-07 01:16:32.623 10 INFO neutron.db.ovn_revision_numbers_db [None req-af83968f-0a2d-4112-b4f9-6cdf91b63f0c 2613aa3e0b7b41bca32eb1b47a66ef05 c36c076d72b84c23b96e3e7d53204849 - - - -] Successfully bumped revision number for resource 2b34a845-a91e-45ed-88c8-772bd9ce7fa2 (type: ports) to 1
2026-04-07 01:16:32.685 9 INFO neutron.services.segments.plugin [-] Segment 0f47a241-bd79-4d46-8037-0eb1f4988d67 resource provider aggregate not found
2026-04-07 01:16:32.692 9 INFO neutron.services.segments.plugin [-] Segment 0f47a241-bd79-4d46-8037-0eb1f4988d67 resource provider aggregate not found
2026-04-07 01:16:32.696 10 INFO neutron.db.ovn_revision_numbers_db [None req-af83968f-0a2d-4112-b4f9-6cdf91b63f0c 2613aa3e0b7b41bca32eb1b47a66ef05 c36c076d72b84c23b96e3e7d53204849 - - - -] Successfully bumped revision number for resource 8be3a22d-a9b4-432a-9754-c779fbdf3579 (type: networks) to 1
2026-04-07 01:16:32.699 10 INFO neutron.db.ovn_revision_numbers_db [None req-f3982e9d-c5f6-48a1-b713-c84f73c1c969 a6bfc832925b44e58112ef2d7569c98f 71118df634b04e4eb7c67a80ca4e5e03 - - - -] Successfully bumped revision number for resource 029d0a31-7ece-4888-a267-c023dc598aa3 (type: floatingips) to 3
2026-04-07 01:16:32.716 9 INFO neutron.services.segments.plugin [-] Segment 0f47a241-bd79-4d46-8037-0eb1f4988d67 resource provider not found; error: Placement Client Error (4xx): {"errors": [{"status": 404, "title": "Not Found", "detail": "The resource could not be found.\n\n No resource provider with uuid 0f47a241-bd79-4d46-8037-0eb1f4988d67 found for delete ", "request_id": "req-0febda38-a059-4832-9d5f-ba1cd60feca0"}]}
2026-04-07 01:16:32.717 9 INFO neutron.services.segments.plugin [-] Segment 0f47a241-bd79-4d46-8037-0eb1f4988d67 resource provider not found; error: Placement Client Error (4xx): {"errors": [{"status": 404, "title": "Not Found", "detail": "The resource could not be found.\n\n No resource provider with uuid 0f47a241-bd79-4d46-8037-0eb1f4988d67 found for delete ", "request_id": "req-9c53f21c-a47a-4647-8806-949d0dba73e5"}]}
2026-04-07 01:16:32.726 9 INFO neutron.wsgi [None req-e4dfd497-1453-4a63-95e4-604a59b057fa 2de2ec4e10b5434699edd7d80aea63a2 376d36ea2fb84aeca058828a48b1fc4b - - - -] 10.0.0.78 "DELETE /v2.0/networks/82ddf535-37a4-4d1f-9cf0-5aefb8f5e6a7 HTTP/1.1" status: 204 len: 168 time: 0.4080706
2026-04-07 01:16:32.776 10 INFO neutron.wsgi [None req-f3982e9d-c5f6-48a1-b713-c84f73c1c969 a6bfc832925b44e58112ef2d7569c98f 71118df634b04e4eb7c67a80ca4e5e03 - - - -] 10.0.0.78 "PUT /v2.0/floatingips/029d0a31-7ece-4888-a267-c023dc598aa3 HTTP/1.1" status: 200 len: 1039 time: 1.1603293 /var/lib/openstack/lib/python3.10/site-packages/pycadf/identifier.py:71: UserWarning: Invalid uuid: neutron. To ensure interoperability, identifiers should be a valid uuid. warnings.warn(('Invalid uuid: %s. To ensure interoperability, '
2026-04-07 01:16:32.878 10 INFO neutron.wsgi [None req-28de21b3-52c6-498f-83ac-7ea4b518959b 2de2ec4e10b5434699edd7d80aea63a2 376d36ea2fb84aeca058828a48b1fc4b - - default default] 10.0.0.78 "GET /v2.0/security-groups?tenant_id=b937e56005e147e9aeea17088b893442&name=default HTTP/1.1" status: 200 len: 2996 time: 0.0459268
2026-04-07 01:16:32.912 9 INFO neutron.db.l3_db [None req-84080c0d-c8f6-481d-bbaa-a94312538b78 a6bfc832925b44e58112ef2d7569c98f 71118df634b04e4eb7c67a80ca4e5e03 - - - -] Floating IP 029d0a31-7ece-4888-a267-c023dc598aa3 disassociated. External IP: 10.96.250.212, port: 42f7a6ac-dfc2-4932-a8d5-477c3c7a6fbf.
2026-04-07 01:16:32.913 10 INFO neutron.wsgi [None req-e896d19b-9bec-43f4-9e07-0347d46b7f66 2de2ec4e10b5434699edd7d80aea63a2 376d36ea2fb84aeca058828a48b1fc4b - - - -] 10.0.0.78 "DELETE /v2.0/security-groups/16925924-baf3-4964-b77d-73cf895c3bb2 HTTP/1.1" status: 204 len: 168 time: 0.4367085
2026-04-07 01:16:32.929 9 INFO neutron.db.ovn_revision_numbers_db [None req-84080c0d-c8f6-481d-bbaa-a94312538b78 a6bfc832925b44e58112ef2d7569c98f 71118df634b04e4eb7c67a80ca4e5e03 - - - -] Successfully bumped revision number for resource 029d0a31-7ece-4888-a267-c023dc598aa3 (type: floatingips) to 4
2026-04-07 01:16:32.963 10 WARNING neutron.scheduler.dhcp_agent_scheduler [None req-af83968f-0a2d-4112-b4f9-6cdf91b63f0c 2613aa3e0b7b41bca32eb1b47a66ef05 c36c076d72b84c23b96e3e7d53204849 - - - -] No more DHCP agents
2026-04-07 01:16:32.967 10 WARNING neutron.api.rpc.agentnotifiers.dhcp_rpc_agent_api [None req-af83968f-0a2d-4112-b4f9-6cdf91b63f0c 2613aa3e0b7b41bca32eb1b47a66ef05 c36c076d72b84c23b96e3e7d53204849 - - - -] Unable to schedule network 8be3a22d-a9b4-432a-9754-c779fbdf3579: no agents available; will retry on subsequent port and subnet creation events.
2026-04-07 01:16:32.995 9 INFO neutron.wsgi [None req-84080c0d-c8f6-481d-bbaa-a94312538b78 a6bfc832925b44e58112ef2d7569c98f 71118df634b04e4eb7c67a80ca4e5e03 - - - -] 10.0.0.78 "PUT /v2.0/floatingips/029d0a31-7ece-4888-a267-c023dc598aa3 HTTP/1.1" status: 200 len: 748 time: 0.2124689
2026-04-07 01:16:33.052 10 INFO neutron.db.ovn_revision_numbers_db [None req-af83968f-0a2d-4112-b4f9-6cdf91b63f0c 2613aa3e0b7b41bca32eb1b47a66ef05 c36c076d72b84c23b96e3e7d53204849 - - - -] Successfully bumped revision number for resource ab995aa5-126b-4268-a68e-edb0f9ca1fa8 (type: ports) to 1 /var/lib/openstack/lib/python3.10/site-packages/pycadf/identifier.py:71: UserWarning: Invalid uuid: neutron. To ensure interoperability, identifiers should be a valid uuid. warnings.warn(('Invalid uuid: %s. To ensure interoperability, '
2026-04-07 01:16:33.080 10 INFO neutron.wsgi [None req-af83968f-0a2d-4112-b4f9-6cdf91b63f0c 2613aa3e0b7b41bca32eb1b47a66ef05 c36c076d72b84c23b96e3e7d53204849 - - - -] 10.0.0.78 "POST /v2.0/networks HTTP/1.1" status: 201 len: 1446 time: 1.9893830
2026-04-07 01:16:33.209 10 INFO neutron.wsgi [None req-611dc630-cc5a-42c1-a8ef-ae9465fd4d2e 2613aa3e0b7b41bca32eb1b47a66ef05 c36c076d72b84c23b96e3e7d53204849 - - default default] 10.0.0.78 "GET /v2.0/networks HTTP/1.1" status: 200 len: 2052 time: 0.1240518
2026-04-07 01:16:33.291 10 INFO neutron.db.ovn_revision_numbers_db [None req-10ffcbac-a81a-419e-959f-7b562cb541c0 2de2ec4e10b5434699edd7d80aea63a2 376d36ea2fb84aeca058828a48b1fc4b - - default default] Successfully bumped revision number for resource c559ab4d-ab76-4ec1-8ee9-c9950aa5970d (type: security_groups) to 1
2026-04-07 01:16:33.294 10 INFO neutron.wsgi [None req-d4f45894-39d2-4569-87db-29acc6ef6e86 2de2ec4e10b5434699edd7d80aea63a2 376d36ea2fb84aeca058828a48b1fc4b - - - -] 10.0.0.78 "DELETE /v2.0/security-groups/25ece6c9-1e14-43fe-a70e-25e0b477cba6 HTTP/1.1" status: 204 len: 168 time: 0.4119520
2026-04-07 01:16:33.314 10 INFO neutron.wsgi [None req-10ffcbac-a81a-419e-959f-7b562cb541c0 2de2ec4e10b5434699edd7d80aea63a2 376d36ea2fb84aeca058828a48b1fc4b - - default default] 10.0.0.78 "GET /v2.0/security-groups?tenant_id=a64f5de2926f461eb65859ee438f4c83&name=default HTTP/1.1" status: 200 len: 2996 time: 0.2428169
2026-04-07 01:16:33.561 9 INFO neutron.wsgi [None req-d16ce9ac-906b-4af1-96a7-71eec24ee98f 2de2ec4e10b5434699edd7d80aea63a2 376d36ea2fb84aeca058828a48b1fc4b - - - -] 10.0.0.78 "DELETE /v2.0/security-groups/c559ab4d-ab76-4ec1-8ee9-c9950aa5970d HTTP/1.1" status: 204 len: 168 time: 0.2416527
2026-04-07 01:16:33.573 9 INFO neutron.wsgi [None req-73fa89d4-515c-44b7-83b2-fad1512dabb2 a6bfc832925b44e58112ef2d7569c98f 71118df634b04e4eb7c67a80ca4e5e03 - - - -] 10.0.0.78 "DELETE /v2.0/floatingips/029d0a31-7ece-4888-a267-c023dc598aa3 HTTP/1.1" status: 204 len: 168 time: 0.5706456
2026-04-07 01:16:33.602 9 INFO neutron.api.v2.resource [None req-7bf965d1-f08f-438e-a386-ee43aedc72bc a6bfc832925b44e58112ef2d7569c98f 71118df634b04e4eb7c67a80ca4e5e03 - - - -] delete failed (client error): The resource could not be found.
2026-04-07 01:16:33.603 9 INFO neutron.wsgi [None req-7bf965d1-f08f-438e-a386-ee43aedc72bc a6bfc832925b44e58112ef2d7569c98f 71118df634b04e4eb7c67a80ca4e5e03 - - - -] 10.0.0.78 "DELETE /v2.0/floatingips/029d0a31-7ece-4888-a267-c023dc598aa3 HTTP/1.1" status: 404 len: 345 time: 0.0249364
2026-04-07 01:16:33.635 10 INFO neutron.services.segments.plugin [-] Segment 094cafcc-ec3f-4013-8a25-3fb555f6ab09 resource provider aggregate not found
2026-04-07 01:16:33.641 10 INFO neutron.services.segments.plugin [-] Segment 094cafcc-ec3f-4013-8a25-3fb555f6ab09 resource provider aggregate not found
2026-04-07 01:16:33.679 10 INFO neutron.services.segments.plugin [-] Segment 094cafcc-ec3f-4013-8a25-3fb555f6ab09 resource provider not found; error: Placement Client Error (4xx): {"errors": [{"status": 404, "title": "Not Found", "detail": "The resource could not be found.\n\n No resource provider with uuid 094cafcc-ec3f-4013-8a25-3fb555f6ab09 found for delete ", "request_id": "req-24070776-728a-4452-b1c7-8be030ce0735"}]}
2026-04-07 01:16:33.684 10 INFO neutron.services.segments.plugin [-] Segment 094cafcc-ec3f-4013-8a25-3fb555f6ab09 resource provider not found; error: Placement Client Error (4xx): {"errors": [{"status": 404, "title": "Not Found", "detail": "The resource could not be found.\n\n No resource provider with uuid 094cafcc-ec3f-4013-8a25-3fb555f6ab09 found for delete ", "request_id": "req-0d57d848-eef4-4968-b530-1d3b757246cf"}]}
2026-04-07 01:16:33.755 10 INFO neutron.wsgi [None req-89f3d96f-20b0-404f-83f5-ecafd19603a9 2613aa3e0b7b41bca32eb1b47a66ef05 c36c076d72b84c23b96e3e7d53204849 - - - -] 10.0.0.78 "DELETE /v2.0/networks/14260e60-5be0-4f18-87ee-102584fd688d HTTP/1.1" status: 204 len: 168 time: 0.5410900
2026-04-07 01:16:34.051 9 INFO neutron.wsgi [None req-155306c0-4424-4ca2-977f-85ea6de58696 a6bfc832925b44e58112ef2d7569c98f 71118df634b04e4eb7c67a80ca4e5e03 - - - -] 10.0.0.78 "DELETE /v2.0/ports/42f7a6ac-dfc2-4932-a8d5-477c3c7a6fbf HTTP/1.1" status: 204 len: 168 time: 0.4404385
2026-04-07 01:16:34.230 9 INFO neutron.wsgi [None req-32e921a4-22b6-4afc-9fe1-ac5a75377de0 2613aa3e0b7b41bca32eb1b47a66ef05 c36c076d72b84c23b96e3e7d53204849 - - - -] 10.0.0.78 "DELETE /v2.0/networks/8be3a22d-a9b4-432a-9754-c779fbdf3579 HTTP/1.1" status: 204 len: 168 time: 0.4678144
2026-04-07 01:16:34.377 9 INFO neutron.wsgi [None req-f23c041e-7a9e-4ba6-95e9-cdd0423c526b 2613aa3e0b7b41bca32eb1b47a66ef05 c36c076d72b84c23b96e3e7d53204849 - - default default] 10.0.0.78 "GET /v2.0/networks HTTP/1.1" status: 200 len: 845 time: 0.1339681
2026-04-07 01:16:34.430 10 INFO neutron.wsgi [None req-f2cb62bc-42ee-462a-a500-2609cabfa3e6 a6bfc832925b44e58112ef2d7569c98f 71118df634b04e4eb7c67a80ca4e5e03 - - - -] 10.0.0.78 "DELETE /v2.0/ports/635a5e3d-5e5b-4f88-93ec-b24b97f25239 HTTP/1.1" status: 204 len: 168 time: 0.3735485
2026-04-07 01:16:34.515 9 INFO neutron.db.segments_db [None req-8f35151c-72dc-43c4-9290-b0027af46e4b 2613aa3e0b7b41bca32eb1b47a66ef05 c36c076d72b84c23b96e3e7d53204849 - - - -] Added segment 83268dd8-f053-4cb3-ba40-9951f6458619 of type geneve for network 55fc0a58-a402-46ee-a9c8-e9e73a647909
2026-04-07 01:16:34.533 10 INFO neutron.wsgi [None req-8ac0e5aa-9db8-4647-a635-f08a60b735e7 a6bfc832925b44e58112ef2d7569c98f 71118df634b04e4eb7c67a80ca4e5e03 - - default default] 10.0.0.78 "GET /v2.0/ports?device_id=e93cc064-e2d2-4822-9c55-596e334e8946 HTTP/1.1" status: 200 len: 1140 time: 0.1001792
2026-04-07 01:16:34.687 9 INFO neutron.db.ovn_revision_numbers_db [None req-8f35151c-72dc-43c4-9290-b0027af46e4b 2613aa3e0b7b41bca32eb1b47a66ef05 c36c076d72b84c23b96e3e7d53204849 - - - -] Successfully bumped revision number for resource 55fc0a58-a402-46ee-a9c8-e9e73a647909 (type: networks) to 1
2026-04-07 01:16:34.739 9 INFO neutron.services.segments.plugin [-] Segment b506cdc2-4716-40ce-aada-786327dcd377 resource provider aggregate not found
2026-04-07 01:16:34.744 9 INFO neutron.services.segments.plugin [-] Segment b506cdc2-4716-40ce-aada-786327dcd377 resource provider aggregate not found
2026-04-07 01:16:34.761 9 INFO neutron.services.segments.plugin [-] Segment b506cdc2-4716-40ce-aada-786327dcd377 resource provider not found; error: Placement Client Error (4xx): {"errors": [{"status": 404, "title": "Not Found", "detail": "The resource could not be found.\n\n No resource provider with uuid b506cdc2-4716-40ce-aada-786327dcd377 found for delete ", "request_id": "req-703930be-88e0-497e-9777-bf11e9711d60"}]}
2026-04-07 01:16:34.762 9 INFO neutron.services.segments.plugin [-] Segment b506cdc2-4716-40ce-aada-786327dcd377 resource provider not found; error: Placement Client Error (4xx): {"errors": [{"status": 404, "title": "Not Found", "detail": "The resource could not be found.\n\n No resource provider with uuid b506cdc2-4716-40ce-aada-786327dcd377 found for delete ", "request_id": "req-ed0f89fa-ed81-4394-af50-289b59e1983a"}]}
2026-04-07 01:16:34.920 9 WARNING neutron.scheduler.dhcp_agent_scheduler [None req-8f35151c-72dc-43c4-9290-b0027af46e4b 2613aa3e0b7b41bca32eb1b47a66ef05 c36c076d72b84c23b96e3e7d53204849 - - - -] No more DHCP agents
2026-04-07 01:16:34.921 9 WARNING neutron.api.rpc.agentnotifiers.dhcp_rpc_agent_api [None req-8f35151c-72dc-43c4-9290-b0027af46e4b 2613aa3e0b7b41bca32eb1b47a66ef05 c36c076d72b84c23b96e3e7d53204849 - - - -] Unable to schedule network 55fc0a58-a402-46ee-a9c8-e9e73a647909: no agents available; will retry on subsequent port and subnet creation events.
2026-04-07 01:16:34.995 9 INFO neutron.db.ovn_revision_numbers_db [None req-8f35151c-72dc-43c4-9290-b0027af46e4b 2613aa3e0b7b41bca32eb1b47a66ef05 c36c076d72b84c23b96e3e7d53204849 - - - -] Successfully bumped revision number for resource 2ad4a384-9f55-46e6-8dbd-fe3779fcf46b (type: ports) to 1
2026-04-07 01:16:35.023 9 INFO neutron.wsgi [None req-8f35151c-72dc-43c4-9290-b0027af46e4b 2613aa3e0b7b41bca32eb1b47a66ef05 c36c076d72b84c23b96e3e7d53204849 - - - -] 10.0.0.78 "POST /v2.0/networks HTTP/1.1" status: 201 len: 849 time: 0.6364791
2026-04-07 01:16:35.104 9 INFO neutron.db.segments_db [None req-ceefc3d9-b024-48b5-93df-47d18f2daf49 2613aa3e0b7b41bca32eb1b47a66ef05 c36c076d72b84c23b96e3e7d53204849 - - - -] Added segment 0f2b58a5-4467-4dbf-a60d-980c7a29b96c of type geneve for network e93b872f-770d-4e2a-b366-79a2bc4c0f76
2026-04-07 01:16:35.221 9 INFO neutron.db.ovn_revision_numbers_db [None req-ceefc3d9-b024-48b5-93df-47d18f2daf49 2613aa3e0b7b41bca32eb1b47a66ef05 c36c076d72b84c23b96e3e7d53204849 - - - -] Successfully bumped revision number for resource e93b872f-770d-4e2a-b366-79a2bc4c0f76 (type: networks) to 1
2026-04-07 01:16:35.412 9 WARNING neutron.scheduler.dhcp_agent_scheduler [None req-ceefc3d9-b024-48b5-93df-47d18f2daf49 2613aa3e0b7b41bca32eb1b47a66ef05 c36c076d72b84c23b96e3e7d53204849 - - - -] No more DHCP agents
2026-04-07 01:16:35.414 9 WARNING neutron.api.rpc.agentnotifiers.dhcp_rpc_agent_api [None req-ceefc3d9-b024-48b5-93df-47d18f2daf49 2613aa3e0b7b41bca32eb1b47a66ef05 c36c076d72b84c23b96e3e7d53204849 - - - -] Unable to schedule network e93b872f-770d-4e2a-b366-79a2bc4c0f76: no agents available; will retry on subsequent port and subnet creation events.
2026-04-07 01:16:35.423 10 INFO neutron.wsgi [None req-188a0c7b-7d64-4472-9852-f3729797e7f0 a6bfc832925b44e58112ef2d7569c98f 71118df634b04e4eb7c67a80ca4e5e03 - - - -] 10.0.0.78 "PUT /v2.0/routers/e93cc064-e2d2-4822-9c55-596e334e8946/remove_router_interface HTTP/1.1" status: 200 len: 503 time: 0.8854668 /var/lib/openstack/lib/python3.10/site-packages/pycadf/identifier.py:71: UserWarning: Invalid uuid: neutron. To ensure interoperability, identifiers should be a valid uuid. warnings.warn(('Invalid uuid: %s. To ensure interoperability, '
2026-04-07 01:16:35.476 9 INFO neutron.db.ovn_revision_numbers_db [None req-ceefc3d9-b024-48b5-93df-47d18f2daf49 2613aa3e0b7b41bca32eb1b47a66ef05 c36c076d72b84c23b96e3e7d53204849 - - - -] Successfully bumped revision number for resource 6861383f-6e92-4f9c-9e13-97fb48381665 (type: ports) to 1
2026-04-07 01:16:35.495 9 INFO neutron.wsgi [None req-ceefc3d9-b024-48b5-93df-47d18f2daf49 2613aa3e0b7b41bca32eb1b47a66ef05 c36c076d72b84c23b96e3e7d53204849 - - - -] 10.0.0.78 "POST /v2.0/networks HTTP/1.1" status: 201 len: 848 time: 0.4662988
2026-04-07 01:16:35.957 9 WARNING neutron.scheduler.dhcp_agent_scheduler [None req-45c18124-aab4-4e70-a40a-9ec5ee2698b6 2613aa3e0b7b41bca32eb1b47a66ef05 c36c076d72b84c23b96e3e7d53204849 - - - -] No more DHCP agents
2026-04-07 01:16:35.959 9 WARNING neutron.api.rpc.agentnotifiers.dhcp_rpc_agent_api [None req-45c18124-aab4-4e70-a40a-9ec5ee2698b6 2613aa3e0b7b41bca32eb1b47a66ef05 c36c076d72b84c23b96e3e7d53204849 - - - -] Unable to schedule network 55fc0a58-a402-46ee-a9c8-e9e73a647909: no agents available; will retry on subsequent port and subnet creation events.
2026-04-07 01:16:36.027 9 INFO neutron.db.ovn_revision_numbers_db [None req-45c18124-aab4-4e70-a40a-9ec5ee2698b6 2613aa3e0b7b41bca32eb1b47a66ef05 c36c076d72b84c23b96e3e7d53204849 - - - -] Successfully bumped revision number for resource 87c52227-8f59-4a75-b4fa-77e4eb143a97 (type: ports) to 1
2026-04-07 01:16:36.045 9 WARNING neutron.scheduler.dhcp_agent_scheduler [None req-45c18124-aab4-4e70-a40a-9ec5ee2698b6 2613aa3e0b7b41bca32eb1b47a66ef05 c36c076d72b84c23b96e3e7d53204849 - - - -] No more DHCP agents
2026-04-07 01:16:36.046 9 WARNING neutron.api.rpc.agentnotifiers.dhcp_rpc_agent_api [None req-45c18124-aab4-4e70-a40a-9ec5ee2698b6 2613aa3e0b7b41bca32eb1b47a66ef05 c36c076d72b84c23b96e3e7d53204849 - - - -] Unable to schedule network e93b872f-770d-4e2a-b366-79a2bc4c0f76: no agents available; will retry on subsequent port and subnet creation events.
2026-04-07 01:16:36.120 9 INFO neutron.db.ovn_revision_numbers_db [None req-45c18124-aab4-4e70-a40a-9ec5ee2698b6 2613aa3e0b7b41bca32eb1b47a66ef05 c36c076d72b84c23b96e3e7d53204849 - - - -] Successfully bumped revision number for resource 5ac44f53-7092-49fe-84fd-049b5f84b828 (type: ports) to 1
2026-04-07 01:16:36.144 9 INFO neutron.wsgi [None req-45c18124-aab4-4e70-a40a-9ec5ee2698b6 2613aa3e0b7b41bca32eb1b47a66ef05 c36c076d72b84c23b96e3e7d53204849 - - - -] 10.0.0.78 "POST /v2.0/ports HTTP/1.1" status: 201 len: 1705 time: 0.6436682 /var/lib/openstack/lib/python3.10/site-packages/pycadf/identifier.py:71: UserWarning: Invalid uuid: neutron. To ensure interoperability, identifiers should be a valid uuid. warnings.warn(('Invalid uuid: %s. To ensure interoperability, '
2026-04-07 01:16:36.292 10 INFO neutron.wsgi [None req-e0257dae-d18a-46a3-8304-b38fb539e2df a6bfc832925b44e58112ef2d7569c98f 71118df634b04e4eb7c67a80ca4e5e03 - - - -] 10.0.0.78 "DELETE /v2.0/routers/e93cc064-e2d2-4822-9c55-596e334e8946 HTTP/1.1" status: 204 len: 168 time: 0.8639598
2026-04-07 01:16:36.448 10 INFO neutron.db.ovn_revision_numbers_db [None req-e4632ff5-01d4-4b59-a421-18724c6f6ae9 2de2ec4e10b5434699edd7d80aea63a2 376d36ea2fb84aeca058828a48b1fc4b - - default default] Successfully bumped revision number for resource 7e552c8a-2342-4d4a-b47d-b9187f2291a3 (type: security_groups) to 1
2026-04-07 01:16:36.469 9 INFO neutron.wsgi [None req-644232eb-24c9-4f0e-a565-a2193a5e0521 2613aa3e0b7b41bca32eb1b47a66ef05 c36c076d72b84c23b96e3e7d53204849 - - default default] 10.0.0.78 "GET /v2.0/ports HTTP/1.1" status: 200 len: 3212 time: 0.3199313
2026-04-07 01:16:36.480 10 INFO neutron.wsgi [None req-e4632ff5-01d4-4b59-a421-18724c6f6ae9 2de2ec4e10b5434699edd7d80aea63a2 376d36ea2fb84aeca058828a48b1fc4b - - default default] 10.0.0.78 "GET /v2.0/security-groups?tenant_id=ea10a7ccf65d49179be46f639484771f&name=default HTTP/1.1" status: 200 len: 2996 time: 0.3961284
2026-04-07 01:16:36.510 10 INFO neutron.wsgi [None req-30525e16-4421-41ce-a2bb-6c5e807e50fb a6bfc832925b44e58112ef2d7569c98f 71118df634b04e4eb7c67a80ca4e5e03 - - - -] 10.0.0.78 "DELETE /v2.0/subnets/912155c4-966d-452b-998c-f0d92cd766af HTTP/1.1" status: 204 len: 168 time: 0.2138004
2026-04-07 01:16:36.655 10 INFO neutron.wsgi [None req-c0029cb1-6017-412e-bd30-64c44dd1ffcb 2de2ec4e10b5434699edd7d80aea63a2 376d36ea2fb84aeca058828a48b1fc4b - - - -] 10.0.0.78 "DELETE /v2.0/security-groups/7e552c8a-2342-4d4a-b47d-b9187f2291a3 HTTP/1.1" status: 204 len: 168 time: 0.1690640
2026-04-07 01:16:36.769 9 INFO neutron.wsgi [None req-36f2b298-2c23-4a94-9689-15fa0c2ba8e2 2613aa3e0b7b41bca32eb1b47a66ef05 c36c076d72b84c23b96e3e7d53204849 - - - -] 10.0.0.78 "DELETE /v2.0/ports/87c52227-8f59-4a75-b4fa-77e4eb143a97 HTTP/1.1" status: 204 len: 168 time: 0.2953737
2026-04-07 01:16:36.921 9 INFO neutron.services.segments.plugin [-] Segment 5d872d5c-dd6c-4fd1-a581-98cd06de35f7 resource provider aggregate not found
2026-04-07 01:16:36.926 9 INFO neutron.services.segments.plugin [-] Segment 5d872d5c-dd6c-4fd1-a581-98cd06de35f7 resource provider aggregate not found
2026-04-07 01:16:36.954 9 INFO neutron.services.segments.plugin [-] Segment 5d872d5c-dd6c-4fd1-a581-98cd06de35f7 resource provider not found; error: Placement Client Error (4xx): {"errors": [{"status": 404, "title": "Not Found", "detail": "The resource could not be found.\n\n No resource provider with uuid 5d872d5c-dd6c-4fd1-a581-98cd06de35f7 found for delete ", "request_id": "req-2dbc982a-2daf-4d77-979f-abfcffae4298"}]}
2026-04-07 01:16:36.970 9 INFO neutron.services.segments.plugin [-] Segment 5d872d5c-dd6c-4fd1-a581-98cd06de35f7 resource provider not found; error: Placement Client Error (4xx): {"errors": [{"status": 404, "title": "Not Found", "detail": "The resource could not be found.\n\n No resource provider with uuid 5d872d5c-dd6c-4fd1-a581-98cd06de35f7 found for delete ", "request_id": "req-32a4b92a-c5a5-40e0-b7a4-d0629d4d05bb"}]}
2026-04-07 01:16:36.983 9 INFO neutron.wsgi [None req-d1d17078-2ab1-4e5d-a973-e7ec65c82303 a6bfc832925b44e58112ef2d7569c98f 71118df634b04e4eb7c67a80ca4e5e03 - - - -] 10.0.0.78 "DELETE /v2.0/networks/f32d7b73-d5b5-46f0-81d2-1fdb11d2bc0b HTTP/1.1" status: 204 len: 168 time: 0.4675028
2026-04-07 01:16:37.045 10 INFO neutron.wsgi [None req-b2b37379-fc18-45d4-9902-07edd2cd74ed 2613aa3e0b7b41bca32eb1b47a66ef05 c36c076d72b84c23b96e3e7d53204849 - - - -] 10.0.0.78 "DELETE /v2.0/ports/5ac44f53-7092-49fe-84fd-049b5f84b828 HTTP/1.1" status: 204 len: 168 time: 0.2697043
2026-04-07 01:16:37.194 10 INFO neutron.wsgi [None req-140523e4-d5dc-4197-960e-504807e72c07 2613aa3e0b7b41bca32eb1b47a66ef05 c36c076d72b84c23b96e3e7d53204849 - - default default] 10.0.0.78 "GET /v2.0/ports HTTP/1.1" status: 200 len: 1718 time: 0.1416564
2026-04-07 01:16:37.277 9 WARNING neutron.plugins.ml2.drivers.ovn.mech_driver.ovsdb.ovn_client [None req-126ef58e-08ad-43f9-a7ec-660b06e6fa23 - - - - - -] No port found with ID fa9550ed-506c-4dad-a614-98271f060782: RuntimeError: No port found with ID fa9550ed-506c-4dad-a614-98271f060782
2026-04-07 01:16:37.278 9 INFO neutron.plugins.ml2.drivers.ovn.mech_driver.mech_driver [None req-126ef58e-08ad-43f9-a7ec-660b06e6fa23 - - - - - -] OVN reports status down for port: bd967d60-398e-43ad-afa4-afaec38c5dea
2026-04-07 01:16:37.294 10 INFO neutron.db.segments_db [None req-ebbe7dfa-02e4-4f00-b5b7-a034e0c9e3b0 2613aa3e0b7b41bca32eb1b47a66ef05 c36c076d72b84c23b96e3e7d53204849 - - - -] Added segment f1529a71-5868-4540-a995-8e5b5f45327c of type geneve for network 4919d651-faa0-44f1-b1c8-9894a81728d2
2026-04-07 01:16:37.416 10 INFO neutron.db.ovn_revision_numbers_db [None req-ebbe7dfa-02e4-4f00-b5b7-a034e0c9e3b0 2613aa3e0b7b41bca32eb1b47a66ef05 c36c076d72b84c23b96e3e7d53204849 - - - -] Successfully bumped revision number for resource 4919d651-faa0-44f1-b1c8-9894a81728d2 (type: networks) to 1
2026-04-07 01:16:37.630 10 WARNING neutron.scheduler.dhcp_agent_scheduler [None req-ebbe7dfa-02e4-4f00-b5b7-a034e0c9e3b0 2613aa3e0b7b41bca32eb1b47a66ef05 c36c076d72b84c23b96e3e7d53204849 - - - -] No more DHCP agents
2026-04-07 01:16:37.633 10 WARNING neutron.api.rpc.agentnotifiers.dhcp_rpc_agent_api [None req-ebbe7dfa-02e4-4f00-b5b7-a034e0c9e3b0 2613aa3e0b7b41bca32eb1b47a66ef05 c36c076d72b84c23b96e3e7d53204849 - - - -] Unable to schedule network 4919d651-faa0-44f1-b1c8-9894a81728d2: no agents available; will retry on subsequent port and subnet creation events.
2026-04-07 01:16:37.657 10 INFO neutron.wsgi [None req-d36ed8d5-2327-4831-8e0b-4b10d05d0abb 2de2ec4e10b5434699edd7d80aea63a2 376d36ea2fb84aeca058828a48b1fc4b - - default default] 10.0.0.78 "GET /v2.0/security-groups?tenant_id=71118df634b04e4eb7c67a80ca4e5e03&name=default HTTP/1.1" status: 200 len: 2996 time: 0.1495550 /var/lib/openstack/lib/python3.10/site-packages/pycadf/identifier.py:71: UserWarning: Invalid uuid: neutron. To ensure interoperability, identifiers should be a valid uuid. warnings.warn(('Invalid uuid: %s. To ensure interoperability, '
2026-04-07 01:16:37.719 10 INFO neutron.db.ovn_revision_numbers_db [None req-ebbe7dfa-02e4-4f00-b5b7-a034e0c9e3b0 2613aa3e0b7b41bca32eb1b47a66ef05 c36c076d72b84c23b96e3e7d53204849 - - - -] Successfully bumped revision number for resource ab6e79f2-2bb7-46dd-98be-a05a3b5dcfee (type: ports) to 1
2026-04-07 01:16:37.743 10 INFO neutron.wsgi [None req-ebbe7dfa-02e4-4f00-b5b7-a034e0c9e3b0 2613aa3e0b7b41bca32eb1b47a66ef05 c36c076d72b84c23b96e3e7d53204849 - - - -] 10.0.0.78 "POST /v2.0/networks HTTP/1.1" status: 201 len: 848 time: 0.5403636
2026-04-07 01:16:37.835 10 INFO neutron.db.segments_db [None req-7b99dce3-bfdc-4ab2-8d18-8feda21fb0b6 2613aa3e0b7b41bca32eb1b47a66ef05 c36c076d72b84c23b96e3e7d53204849 - - - -] Added segment 71a202cd-54c0-4316-a59d-ec5932c8c0f3 of type geneve for network a9157373-945d-4737-ab3c-baf6f15f4117
2026-04-07 01:16:37.848 9 INFO neutron.wsgi [None req-5565bbff-2c98-4544-b142-c9210c51bb35 2de2ec4e10b5434699edd7d80aea63a2 376d36ea2fb84aeca058828a48b1fc4b - - - -] 10.0.0.78 "DELETE /v2.0/security-groups/77f05a7e-ca3e-4bd5-ab46-79e546178cbe HTTP/1.1" status: 204 len: 168 time: 0.1842780
2026-04-07 01:16:37.995 10 INFO neutron.db.ovn_revision_numbers_db [None req-7b99dce3-bfdc-4ab2-8d18-8feda21fb0b6 2613aa3e0b7b41bca32eb1b47a66ef05 c36c076d72b84c23b96e3e7d53204849 - - - -] Successfully bumped revision number for resource a9157373-945d-4737-ab3c-baf6f15f4117 (type: networks) to 1
2026-04-07 01:16:38.199 10 WARNING neutron.scheduler.dhcp_agent_scheduler [None req-7b99dce3-bfdc-4ab2-8d18-8feda21fb0b6 2613aa3e0b7b41bca32eb1b47a66ef05 c36c076d72b84c23b96e3e7d53204849 - - - -] No more DHCP agents
2026-04-07 01:16:38.201 10 WARNING neutron.api.rpc.agentnotifiers.dhcp_rpc_agent_api [None req-7b99dce3-bfdc-4ab2-8d18-8feda21fb0b6 2613aa3e0b7b41bca32eb1b47a66ef05 c36c076d72b84c23b96e3e7d53204849 - - - -] Unable to schedule network a9157373-945d-4737-ab3c-baf6f15f4117: no agents available; will retry on subsequent port and subnet creation events.
2026-04-07 01:16:38.267 10 INFO neutron.db.ovn_revision_numbers_db [None req-7b99dce3-bfdc-4ab2-8d18-8feda21fb0b6 2613aa3e0b7b41bca32eb1b47a66ef05 c36c076d72b84c23b96e3e7d53204849 - - - -] Successfully bumped revision number for resource 0870a154-058d-4f61-9981-6552bd841248 (type: ports) to 1
2026-04-07 01:16:38.290 10 INFO neutron.wsgi [None req-7b99dce3-bfdc-4ab2-8d18-8feda21fb0b6 2613aa3e0b7b41bca32eb1b47a66ef05 c36c076d72b84c23b96e3e7d53204849 - - - -] 10.0.0.78 "POST /v2.0/networks HTTP/1.1" status: 201 len: 849 time: 0.5397041
2026-04-07 01:16:38.809 10 WARNING neutron.scheduler.dhcp_agent_scheduler [None req-cf8e8063-7385-4580-afe9-6be34c9916fc 2613aa3e0b7b41bca32eb1b47a66ef05 c36c076d72b84c23b96e3e7d53204849 - - - -] No more DHCP agents
2026-04-07 01:16:38.811 10 WARNING neutron.api.rpc.agentnotifiers.dhcp_rpc_agent_api [None req-cf8e8063-7385-4580-afe9-6be34c9916fc 2613aa3e0b7b41bca32eb1b47a66ef05 c36c076d72b84c23b96e3e7d53204849 - - - -] Unable to schedule network 4919d651-faa0-44f1-b1c8-9894a81728d2: no agents available; will retry on subsequent port and subnet creation events.
2026-04-07 01:16:39.267 10 INFO neutron.db.ovn_revision_numbers_db [None req-cf8e8063-7385-4580-afe9-6be34c9916fc 2613aa3e0b7b41bca32eb1b47a66ef05 c36c076d72b84c23b96e3e7d53204849 - - - -] Successfully bumped revision number for resource ab6e79f2-2bb7-46dd-98be-a05a3b5dcfee (type: ports) to 2
2026-04-07 01:16:39.284 10 INFO neutron.db.ovn_revision_numbers_db [None req-cf8e8063-7385-4580-afe9-6be34c9916fc 2613aa3e0b7b41bca32eb1b47a66ef05 c36c076d72b84c23b96e3e7d53204849 - - - -] Successfully bumped revision number for resource 6dbdb749-05d7-44ea-a451-8cd6c593eaa1 (type: subnets) to 0
2026-04-07 01:16:39.323 10 WARNING neutron.scheduler.dhcp_agent_scheduler [None req-cf8e8063-7385-4580-afe9-6be34c9916fc 2613aa3e0b7b41bca32eb1b47a66ef05 c36c076d72b84c23b96e3e7d53204849 - - - -] No more DHCP agents
2026-04-07 01:16:39.335 10 WARNING neutron.api.rpc.agentnotifiers.dhcp_rpc_agent_api [None req-cf8e8063-7385-4580-afe9-6be34c9916fc 2613aa3e0b7b41bca32eb1b47a66ef05 c36c076d72b84c23b96e3e7d53204849 - - - -] Unable to schedule network a9157373-945d-4737-ab3c-baf6f15f4117: no agents available; will retry on subsequent port and subnet creation events.
2026-04-07 01:16:39.832 10 INFO neutron.db.ovn_revision_numbers_db [None req-cf8e8063-7385-4580-afe9-6be34c9916fc 2613aa3e0b7b41bca32eb1b47a66ef05 c36c076d72b84c23b96e3e7d53204849 - - - -] Successfully bumped revision number for resource 0870a154-058d-4f61-9981-6552bd841248 (type: ports) to 2
2026-04-07 01:16:39.846 10 INFO neutron.db.ovn_revision_numbers_db [None req-cf8e8063-7385-4580-afe9-6be34c9916fc 2613aa3e0b7b41bca32eb1b47a66ef05 c36c076d72b84c23b96e3e7d53204849 - - - -] Successfully bumped revision number for resource e130682f-e674-4afc-9c3c-16fbfc3050e2 (type: subnets) to 0
2026-04-07 01:16:39.862 10 INFO neutron.wsgi [None req-cf8e8063-7385-4580-afe9-6be34c9916fc 2613aa3e0b7b41bca32eb1b47a66ef05 c36c076d72b84c23b96e3e7d53204849 - - - -] 10.0.0.78 "POST /v2.0/subnets HTTP/1.1" status: 201 len: 1425 time: 1.5362780
2026-04-07 01:16:39.923 10 INFO neutron.wsgi [None req-22b9b224-79a3-4fbf-9492-23f669ed837e 2613aa3e0b7b41bca32eb1b47a66ef05 c36c076d72b84c23b96e3e7d53204849 - - default default] 10.0.0.78 "GET /v2.0/subnets HTTP/1.1" status: 200 len: 2033 time: 0.0574703
2026-04-07 01:16:40.189 9 INFO neutron.wsgi [None req-caf46471-39c6-4879-95b9-a05f7b04b666 2613aa3e0b7b41bca32eb1b47a66ef05 c36c076d72b84c23b96e3e7d53204849 - - - -] 10.0.0.78 "DELETE /v2.0/subnets/6dbdb749-05d7-44ea-a451-8cd6c593eaa1 HTTP/1.1" status: 204 len: 168 time: 0.2587161
2026-04-07 01:16:40.191 9 INFO neutron.db.ovn_revision_numbers_db [None req-b98411df-54c3-40c5-9a53-c89ddff80173 2de2ec4e10b5434699edd7d80aea63a2 376d36ea2fb84aeca058828a48b1fc4b - - default default] Successfully bumped revision number for resource 7f2509e2-59b7-4114-9bea-92f0183c53e5 (type: security_groups) to 1
2026-04-07 01:16:40.211 9 INFO neutron.wsgi [None req-b98411df-54c3-40c5-9a53-c89ddff80173 2de2ec4e10b5434699edd7d80aea63a2 376d36ea2fb84aeca058828a48b1fc4b - - default default] 10.0.0.78 "GET /v2.0/security-groups?tenant_id=5a7cf327d80e4e4f85f909db5a1202d3&name=default HTTP/1.1" status: 200 len: 2996 time: 0.3117313
2026-04-07 01:16:40.415 10 INFO neutron.wsgi [None req-bdb69605-e4c2-4a9f-8374-559ef9411a3c 2613aa3e0b7b41bca32eb1b47a66ef05 c36c076d72b84c23b96e3e7d53204849 - - - -] 10.0.0.78 "DELETE /v2.0/subnets/e130682f-e674-4afc-9c3c-16fbfc3050e2 HTTP/1.1" status: 204 len: 168 time: 0.2169132
2026-04-07 01:16:40.443 9 INFO neutron.wsgi [None req-fe64d34b-ba2f-4e19-8305-f112f62c5dba 2de2ec4e10b5434699edd7d80aea63a2 376d36ea2fb84aeca058828a48b1fc4b - - - -] 10.0.0.78 "DELETE /v2.0/security-groups/7f2509e2-59b7-4114-9bea-92f0183c53e5 HTTP/1.1" status: 204 len: 168 time: 0.2263889
2026-04-07 01:16:40.462 10 INFO neutron.wsgi [None req-804a5981-be0b-4434-b574-f01a62f5a0f8 2613aa3e0b7b41bca32eb1b47a66ef05 c36c076d72b84c23b96e3e7d53204849 - - default default] 10.0.0.78 "GET /v2.0/subnets HTTP/1.1" status: 200 len: 820 time: 0.0390379
2026-04-07 01:16:40.729 10 INFO neutron.db.ovn_revision_numbers_db [None req-b39233b1-4a06-4b94-9ed0-f17c7077c960 2de2ec4e10b5434699edd7d80aea63a2 376d36ea2fb84aeca058828a48b1fc4b - - default default] Successfully bumped revision number for resource 48256ede-33ef-4b86-be6c-328e5a0759bf (type: security_groups) to 1
2026-04-07 01:16:40.751 10 INFO neutron.wsgi [None req-b39233b1-4a06-4b94-9ed0-f17c7077c960 2de2ec4e10b5434699edd7d80aea63a2 376d36ea2fb84aeca058828a48b1fc4b - - default default] 10.0.0.78 "GET /v2.0/security-groups?tenant_id=72fbb238ede74f389e7e91e7103791cd&name=default HTTP/1.1" status: 200 len: 2996 time: 0.1386499
2026-04-07 01:16:40.845 9 INFO neutron.services.segments.plugin [-] Segment 71a202cd-54c0-4316-a59d-ec5932c8c0f3 resource provider aggregate not found
2026-04-07 01:16:40.850 9 INFO neutron.services.segments.plugin [-] Segment 71a202cd-54c0-4316-a59d-ec5932c8c0f3 resource provider aggregate not found
2026-04-07 01:16:40.874 9 INFO neutron.services.segments.plugin [-] Segment 71a202cd-54c0-4316-a59d-ec5932c8c0f3 resource provider not found; error: Placement Client Error (4xx): {"errors": [{"status": 404, "title": "Not Found", "detail": "The resource could not be found.\n\n No resource provider with uuid 71a202cd-54c0-4316-a59d-ec5932c8c0f3 found for delete ", "request_id": "req-f24c249a-ca8e-4b7d-a4bf-ea38cc294e79"}]}
2026-04-07 01:16:40.877 9 INFO neutron.services.segments.plugin [-] Segment 71a202cd-54c0-4316-a59d-ec5932c8c0f3 resource provider not found; error: Placement Client Error (4xx): {"errors": [{"status": 404, "title": "Not Found", "detail": "The resource could not be found.\n\n No resource provider with uuid 71a202cd-54c0-4316-a59d-ec5932c8c0f3 found for delete ", "request_id": "req-adf0e03b-eccf-4c1d-b603-70d45fd50bf0"}]}
2026-04-07 01:16:40.886 9 INFO neutron.wsgi [None req-269c0da9-8fa9-4a3f-8402-a1cf7d18c3f2 2613aa3e0b7b41bca32eb1b47a66ef05 c36c076d72b84c23b96e3e7d53204849 - - - -] 10.0.0.78 "DELETE /v2.0/networks/a9157373-945d-4737-ab3c-baf6f15f4117 HTTP/1.1" status: 204 len: 168 time: 0.4142857
