2026-05-20 01:29:48.883 7 INFO cinder.api.openstack.wsgi [req-1f8a516c-446d-4b6d-bee7-f915531a03c2 req-b95b8e73-b255-40d4-a275-2d2303132734 7bede31d5c98409aa995b59a4a7bce33 0e2f762eda734aa5b63f75b8fedf3bdb - - default default] http://cinder-api.openstack.svc.cluster.local:8776/v3/0e2f762eda734aa5b63f75b8fedf3bdb/volumes/b06eea0a-42b7-4ec7-a4c1-6919d518c91b returned with HTTP 200 [pid: 7|app: 0|req: 341/680] 199.204.45.222 () {36 vars in 1072 bytes} [Wed May 20 01:29:48 2026] GET /v3/0e2f762eda734aa5b63f75b8fedf3bdb/volumes/b06eea0a-42b7-4ec7-a4c1-6919d518c91b => generated 1439 bytes in 55 msecs (HTTP/1.1 200) 7 headers in 287 bytes (1 switches on core 0) /var/lib/openstack/lib/python3.10/site-packages/pycadf/identifier.py:71: UserWarning: Invalid uuid: cinderv3. To ensure interoperability, identifiers should be a valid uuid. warnings.warn(('Invalid uuid: %s. To ensure interoperability, '
2026-05-20 01:29:50.901 8 INFO cinder.api.openstack.wsgi [req-1f8a516c-446d-4b6d-bee7-f915531a03c2 req-30845e66-8249-4345-bfdb-01c4955fb6d6 7bede31d5c98409aa995b59a4a7bce33 0e2f762eda734aa5b63f75b8fedf3bdb - - default default] PUT http://cinder-api.openstack.svc.cluster.local:8776/v3/0e2f762eda734aa5b63f75b8fedf3bdb/attachments/edec35a9-e0ac-4e82-abd2-0c16ffee5e3f /var/lib/openstack/lib/python3.10/site-packages/oslo_context/context.py:100: DeprecationWarning: Policy enforcement is depending on the value of is_admin. This key is deprecated. Please update your policy file to use the standard policy values. warnings.warn('Policy enforcement is depending on the value of '
2026-05-20 01:29:51.692 8 INFO cinder.api.openstack.wsgi [req-1f8a516c-446d-4b6d-bee7-f915531a03c2 req-30845e66-8249-4345-bfdb-01c4955fb6d6 7bede31d5c98409aa995b59a4a7bce33 0e2f762eda734aa5b63f75b8fedf3bdb - - default default] http://cinder-api.openstack.svc.cluster.local:8776/v3/0e2f762eda734aa5b63f75b8fedf3bdb/attachments/edec35a9-e0ac-4e82-abd2-0c16ffee5e3f returned with HTTP 200 [pid: 8|app: 0|req: 340/681] 199.204.45.222 () {40 vars in 1133 bytes} [Wed May 20 01:29:50 2026] PUT /v3/0e2f762eda734aa5b63f75b8fedf3bdb/attachments/edec35a9-e0ac-4e82-abd2-0c16ffee5e3f => generated 775 bytes in 802 msecs (HTTP/1.1 200) 7 headers in 286 bytes (1 switches on core 0) /var/lib/openstack/lib/python3.10/site-packages/pycadf/identifier.py:71: UserWarning: Invalid uuid: cinderv3. To ensure interoperability, identifiers should be a valid uuid. warnings.warn(('Invalid uuid: %s. To ensure interoperability, '
2026-05-20 01:29:51.754 7 INFO cinder.api.openstack.wsgi [req-1f8a516c-446d-4b6d-bee7-f915531a03c2 req-c7916c89-18c9-48d7-ab10-1d9026fda833 7bede31d5c98409aa995b59a4a7bce33 0e2f762eda734aa5b63f75b8fedf3bdb - - default default] POST http://cinder-api.openstack.svc.cluster.local:8776/v3/0e2f762eda734aa5b63f75b8fedf3bdb/attachments/edec35a9-e0ac-4e82-abd2-0c16ffee5e3f/action /var/lib/openstack/lib/python3.10/site-packages/oslo_context/context.py:100: DeprecationWarning: Policy enforcement is depending on the value of is_admin. This key is deprecated. Please update your policy file to use the standard policy values. warnings.warn('Policy enforcement is depending on the value of '
2026-05-20 01:29:51.843 7 INFO cinder.api.openstack.wsgi [req-1f8a516c-446d-4b6d-bee7-f915531a03c2 req-c7916c89-18c9-48d7-ab10-1d9026fda833 7bede31d5c98409aa995b59a4a7bce33 0e2f762eda734aa5b63f75b8fedf3bdb - - default default] http://cinder-api.openstack.svc.cluster.local:8776/v3/0e2f762eda734aa5b63f75b8fedf3bdb/attachments/edec35a9-e0ac-4e82-abd2-0c16ffee5e3f/action returned with HTTP 204 [pid: 7|app: 0|req: 342/682] 199.204.45.222 () {40 vars in 1147 bytes} [Wed May 20 01:29:51 2026] POST /v3/0e2f762eda734aa5b63f75b8fedf3bdb/attachments/edec35a9-e0ac-4e82-abd2-0c16ffee5e3f/action => generated 0 bytes in 101 msecs (HTTP/1.1 204) 7 headers in 292 bytes (1 switches on core 0) /var/lib/openstack/lib/python3.10/site-packages/pycadf/identifier.py:71: UserWarning: Invalid uuid: cinderv3. To ensure interoperability, identifiers should be a valid uuid. warnings.warn(('Invalid uuid: %s. To ensure interoperability, '
2026-05-20 01:29:56.868 8 INFO cinder.api.openstack.wsgi [req-a9c1a671-fe93-4722-af3c-7ff35da61ee6 req-512209f4-3530-485d-a067-b7704d4434b1 7bede31d5c98409aa995b59a4a7bce33 0e2f762eda734aa5b63f75b8fedf3bdb - - default default] DELETE http://cinder-api.openstack.svc.cluster.local:8776/v3/0e2f762eda734aa5b63f75b8fedf3bdb/attachments/edec35a9-e0ac-4e82-abd2-0c16ffee5e3f /var/lib/openstack/lib/python3.10/site-packages/oslo_context/context.py:100: DeprecationWarning: Policy enforcement is depending on the value of is_admin. This key is deprecated. Please update your policy file to use the standard policy values. warnings.warn('Policy enforcement is depending on the value of '
2026-05-20 01:29:56.955 8 INFO cinder.api.openstack.wsgi [req-a9c1a671-fe93-4722-af3c-7ff35da61ee6 req-512209f4-3530-485d-a067-b7704d4434b1 7bede31d5c98409aa995b59a4a7bce33 0e2f762eda734aa5b63f75b8fedf3bdb - - default default] http://cinder-api.openstack.svc.cluster.local:8776/v3/0e2f762eda734aa5b63f75b8fedf3bdb/attachments/edec35a9-e0ac-4e82-abd2-0c16ffee5e3f returned with HTTP 200 [pid: 8|app: 0|req: 341/683] 199.204.45.222 () {38 vars in 1102 bytes} [Wed May 20 01:29:56 2026] DELETE /v3/0e2f762eda734aa5b63f75b8fedf3bdb/attachments/edec35a9-e0ac-4e82-abd2-0c16ffee5e3f => generated 19 bytes in 95 msecs (HTTP/1.1 200) 7 headers in 285 bytes (1 switches on core 0) /var/lib/openstack/lib/python3.10/site-packages/pycadf/identifier.py:71: UserWarning: Invalid uuid: cinderv3. To ensure interoperability, identifiers should be a valid uuid. warnings.warn(('Invalid uuid: %s. To ensure interoperability, '
2026-05-20 01:29:56.971 7 INFO cinder.api.openstack.wsgi [req-a9c1a671-fe93-4722-af3c-7ff35da61ee6 req-8f637e44-3f0f-4df3-ba96-49540dc47c1e 7bede31d5c98409aa995b59a4a7bce33 0e2f762eda734aa5b63f75b8fedf3bdb - - default default] DELETE http://cinder-api.openstack.svc.cluster.local:8776/v3/0e2f762eda734aa5b63f75b8fedf3bdb/volumes/b06eea0a-42b7-4ec7-a4c1-6919d518c91b
2026-05-20 01:29:56.971 7 INFO cinder.api.v3.volumes [req-a9c1a671-fe93-4722-af3c-7ff35da61ee6 req-8f637e44-3f0f-4df3-ba96-49540dc47c1e 7bede31d5c98409aa995b59a4a7bce33 0e2f762eda734aa5b63f75b8fedf3bdb - - default default] Delete volume with id: b06eea0a-42b7-4ec7-a4c1-6919d518c91b  /var/lib/openstack/lib/python3.10/site-packages/oslo_context/context.py:100: DeprecationWarning: Policy enforcement is depending on the value of is_admin. This key is deprecated. Please update your policy file to use the standard policy values. warnings.warn('Policy enforcement is depending on the value of '
2026-05-20 01:29:56.982 7 INFO cinder.volume.api [req-a9c1a671-fe93-4722-af3c-7ff35da61ee6 req-8f637e44-3f0f-4df3-ba96-49540dc47c1e 7bede31d5c98409aa995b59a4a7bce33 0e2f762eda734aa5b63f75b8fedf3bdb - - default default] Volume info retrieved successfully.
2026-05-20 01:29:57.015 7 INFO cinder.volume.api [req-a9c1a671-fe93-4722-af3c-7ff35da61ee6 req-8f637e44-3f0f-4df3-ba96-49540dc47c1e 7bede31d5c98409aa995b59a4a7bce33 0e2f762eda734aa5b63f75b8fedf3bdb - - default default] Delete volume request issued successfully.
2026-05-20 01:29:57.016 7 INFO cinder.api.openstack.wsgi [req-a9c1a671-fe93-4722-af3c-7ff35da61ee6 req-8f637e44-3f0f-4df3-ba96-49540dc47c1e 7bede31d5c98409aa995b59a4a7bce33 0e2f762eda734aa5b63f75b8fedf3bdb - - default default] http://cinder-api.openstack.svc.cluster.local:8776/v3/0e2f762eda734aa5b63f75b8fedf3bdb/volumes/b06eea0a-42b7-4ec7-a4c1-6919d518c91b returned with HTTP 202 [pid: 7|app: 0|req: 343/684] 199.204.45.222 () {36 vars in 1053 bytes} [Wed May 20 01:29:56 2026] DELETE /v3/0e2f762eda734aa5b63f75b8fedf3bdb/volumes/b06eea0a-42b7-4ec7-a4c1-6919d518c91b => generated 0 bytes in 54 msecs (HTTP/1.1 202) 6 headers in 233 bytes (1 switches on core 0) /var/lib/openstack/lib/python3.10/site-packages/pycadf/identifier.py:71: UserWarning: Invalid uuid: cinderv3. To ensure interoperability, identifiers should be a valid uuid. warnings.warn(('Invalid uuid: %s. To ensure interoperability, '
2026-05-20 01:29:58.498 8 INFO cinder.api.openstack.wsgi [None req-30622d66-c70a-4a9d-8a9c-e5765edc22d9 c417a03ba52148e69569a166cb68af77 a5c8c3f5f2144973b66e77b4263e3b15 - - default default] GET http://cinder-api.openstack.svc.cluster.local:8776/v3/a5c8c3f5f2144973b66e77b4263e3b15/os-services /var/lib/openstack/lib/python3.10/site-packages/oslo_context/context.py:100: DeprecationWarning: Policy enforcement is depending on the value of is_admin. This key is deprecated. Please update your policy file to use the standard policy values. warnings.warn('Policy enforcement is depending on the value of '
2026-05-20 01:29:58.505 8 INFO cinder.api.openstack.wsgi [None req-30622d66-c70a-4a9d-8a9c-e5765edc22d9 c417a03ba52148e69569a166cb68af77 a5c8c3f5f2144973b66e77b4263e3b15 - - default default] http://cinder-api.openstack.svc.cluster.local:8776/v3/a5c8c3f5f2144973b66e77b4263e3b15/os-services returned with HTTP 200 [pid: 8|app: 0|req: 342/685] 10.0.0.76 () {28 vars in 643 bytes} [Wed May 20 01:29:58 2026] GET /v3/a5c8c3f5f2144973b66e77b4263e3b15/os-services => generated 646 bytes in 254 msecs (HTTP/1.1 200) 7 headers in 285 bytes (1 switches on core 0) /var/lib/openstack/lib/python3.10/site-packages/pycadf/identifier.py:71: UserWarning: Invalid uuid: cinderv3. To ensure interoperability, identifiers should be a valid uuid. warnings.warn(('Invalid uuid: %s. To ensure interoperability, '
2026-05-20 01:29:58.602 7 INFO cinder.api.openstack.wsgi [None req-d4e91459-55c7-4bdc-95bb-5c5280058be2 c417a03ba52148e69569a166cb68af77 a5c8c3f5f2144973b66e77b4263e3b15 - - default default] GET http://cinder-api.openstack.svc.cluster.local:8776/v3/a5c8c3f5f2144973b66e77b4263e3b15/os-quota-sets/0abe6f858c1442c395b87fb5dd2e8b9e?usage=true
2026-05-20 01:29:58.626 7 INFO cinder.api.openstack.wsgi [None req-d4e91459-55c7-4bdc-95bb-5c5280058be2 c417a03ba52148e69569a166cb68af77 a5c8c3f5f2144973b66e77b4263e3b15 - - default default] http://cinder-api.openstack.svc.cluster.local:8776/v3/a5c8c3f5f2144973b66e77b4263e3b15/os-quota-sets/0abe6f858c1442c395b87fb5dd2e8b9e?usage=true returned with HTTP 200 [pid: 7|app: 0|req: 344/686] 10.0.0.76 () {28 vars in 734 bytes} [Wed May 20 01:29:58 2026] GET /v3/a5c8c3f5f2144973b66e77b4263e3b15/os-quota-sets/0abe6f858c1442c395b87fb5dd2e8b9e?usage=true => generated 847 bytes in 34 msecs (HTTP/1.1 200) 7 headers in 285 bytes (1 switches on core 0)
2026-05-20 01:29:58.640 8 INFO cinder.api.openstack.wsgi [None req-d1caa6af-e12a-49ad-9009-b260c1ea1873 c417a03ba52148e69569a166cb68af77 a5c8c3f5f2144973b66e77b4263e3b15 - - default default] GET http://cinder-api.openstack.svc.cluster.local:8776/v3/a5c8c3f5f2144973b66e77b4263e3b15/os-quota-sets/0e2f762eda734aa5b63f75b8fedf3bdb?usage=true
2026-05-20 01:29:58.666 8 INFO cinder.api.openstack.wsgi [None req-d1caa6af-e12a-49ad-9009-b260c1ea1873 c417a03ba52148e69569a166cb68af77 a5c8c3f5f2144973b66e77b4263e3b15 - - default default] http://cinder-api.openstack.svc.cluster.local:8776/v3/a5c8c3f5f2144973b66e77b4263e3b15/os-quota-sets/0e2f762eda734aa5b63f75b8fedf3bdb?usage=true returned with HTTP 200 [pid: 8|app: 0|req: 343/687] 10.0.0.76 () {28 vars in 734 bytes} [Wed May 20 01:29:58 2026] GET /v3/a5c8c3f5f2144973b66e77b4263e3b15/os-quota-sets/0e2f762eda734aa5b63f75b8fedf3bdb?usage=true => generated 847 bytes in 35 msecs (HTTP/1.1 200) 7 headers in 285 bytes (1 switches on core 0)
2026-05-20 01:29:58.695 7 INFO cinder.api.openstack.wsgi [None req-6f09c29d-f671-4b8c-a739-83d53453a5f8 c417a03ba52148e69569a166cb68af77 a5c8c3f5f2144973b66e77b4263e3b15 - - default default] GET http://cinder-api.openstack.svc.cluster.local:8776/v3/a5c8c3f5f2144973b66e77b4263e3b15/os-quota-sets/81d3892b141749d7af59f9646c5104fb?usage=true
2026-05-20 01:29:58.734 7 INFO cinder.api.openstack.wsgi [None req-6f09c29d-f671-4b8c-a739-83d53453a5f8 c417a03ba52148e69569a166cb68af77 a5c8c3f5f2144973b66e77b4263e3b15 - - default default] http://cinder-api.openstack.svc.cluster.local:8776/v3/a5c8c3f5f2144973b66e77b4263e3b15/os-quota-sets/81d3892b141749d7af59f9646c5104fb?usage=true returned with HTTP 200 [pid: 7|app: 0|req: 345/688] 10.0.0.76 () {28 vars in 734 bytes} [Wed May 20 01:29:58 2026] GET /v3/a5c8c3f5f2144973b66e77b4263e3b15/os-quota-sets/81d3892b141749d7af59f9646c5104fb?usage=true => generated 845 bytes in 63 msecs (HTTP/1.1 200) 7 headers in 285 bytes (1 switches on core 0)
2026-05-20 01:29:58.747 8 INFO cinder.api.openstack.wsgi [None req-f75c6eca-5fab-49cb-bb5c-84ad93d5cd7c c417a03ba52148e69569a166cb68af77 a5c8c3f5f2144973b66e77b4263e3b15 - - default default] GET http://cinder-api.openstack.svc.cluster.local:8776/v3/a5c8c3f5f2144973b66e77b4263e3b15/os-quota-sets/a5c8c3f5f2144973b66e77b4263e3b15?usage=true
2026-05-20 01:29:58.770 8 INFO cinder.api.openstack.wsgi [None req-f75c6eca-5fab-49cb-bb5c-84ad93d5cd7c c417a03ba52148e69569a166cb68af77 a5c8c3f5f2144973b66e77b4263e3b15 - - default default] http://cinder-api.openstack.svc.cluster.local:8776/v3/a5c8c3f5f2144973b66e77b4263e3b15/os-quota-sets/a5c8c3f5f2144973b66e77b4263e3b15?usage=true returned with HTTP 200 [pid: 8|app: 0|req: 344/689] 10.0.0.76 () {28 vars in 734 bytes} [Wed May 20 01:29:58 2026] GET /v3/a5c8c3f5f2144973b66e77b4263e3b15/os-quota-sets/a5c8c3f5f2144973b66e77b4263e3b15?usage=true => generated 845 bytes in 32 msecs (HTTP/1.1 200) 7 headers in 285 bytes (1 switches on core 0)
2026-05-20 01:29:58.786 7 INFO cinder.api.openstack.wsgi [None req-802fa2b6-9aa8-4e7a-b578-04e0e572a53c c417a03ba52148e69569a166cb68af77 a5c8c3f5f2144973b66e77b4263e3b15 - - default default] GET http://cinder-api.openstack.svc.cluster.local:8776/v3/a5c8c3f5f2144973b66e77b4263e3b15/os-quota-sets/ad9ec06e2ced4ca6bde33bb7b6770887?usage=true
2026-05-20 01:29:58.809 7 INFO cinder.api.openstack.wsgi [None req-802fa2b6-9aa8-4e7a-b578-04e0e572a53c c417a03ba52148e69569a166cb68af77 a5c8c3f5f2144973b66e77b4263e3b15 - - default default] http://cinder-api.openstack.svc.cluster.local:8776/v3/a5c8c3f5f2144973b66e77b4263e3b15/os-quota-sets/ad9ec06e2ced4ca6bde33bb7b6770887?usage=true returned with HTTP 200 [pid: 7|app: 0|req: 346/690] 10.0.0.76 () {28 vars in 734 bytes} [Wed May 20 01:29:58 2026] GET /v3/a5c8c3f5f2144973b66e77b4263e3b15/os-quota-sets/ad9ec06e2ced4ca6bde33bb7b6770887?usage=true => generated 847 bytes in 34 msecs (HTTP/1.1 200) 7 headers in 285 bytes (1 switches on core 0)
2026-05-20 01:29:58.825 8 INFO cinder.api.openstack.wsgi [None req-9274bf1c-8361-4e78-a7f1-abb10bd9807e c417a03ba52148e69569a166cb68af77 a5c8c3f5f2144973b66e77b4263e3b15 - - default default] GET http://cinder-api.openstack.svc.cluster.local:8776/v3/a5c8c3f5f2144973b66e77b4263e3b15/os-quota-sets/be967335fbc0450a9bb624ef6959343c?usage=true
2026-05-20 01:29:58.851 8 INFO cinder.api.openstack.wsgi [None req-9274bf1c-8361-4e78-a7f1-abb10bd9807e c417a03ba52148e69569a166cb68af77 a5c8c3f5f2144973b66e77b4263e3b15 - - default default] http://cinder-api.openstack.svc.cluster.local:8776/v3/a5c8c3f5f2144973b66e77b4263e3b15/os-quota-sets/be967335fbc0450a9bb624ef6959343c?usage=true returned with HTTP 200 [pid: 8|app: 0|req: 345/691] 10.0.0.76 () {28 vars in 734 bytes} [Wed May 20 01:29:58 2026] GET /v3/a5c8c3f5f2144973b66e77b4263e3b15/os-quota-sets/be967335fbc0450a9bb624ef6959343c?usage=true => generated 847 bytes in 38 msecs (HTTP/1.1 200) 7 headers in 285 bytes (1 switches on core 0)
2026-05-20 01:29:58.864 7 INFO cinder.api.openstack.wsgi [None req-3f695f1b-cc7b-4742-a621-a07fd862cff8 c417a03ba52148e69569a166cb68af77 a5c8c3f5f2144973b66e77b4263e3b15 - - default default] GET http://cinder-api.openstack.svc.cluster.local:8776/v3/a5c8c3f5f2144973b66e77b4263e3b15/os-quota-sets/c7513f05f6134e839ea14320361ff506?usage=true
2026-05-20 01:29:58.867 8 INFO cinder.api.openstack.wsgi [None req-9274bf1c-8361-4e78-a7f1-abb10bd9807e c417a03ba52148e69569a166cb68af77 a5c8c3f5f2144973b66e77b4263e3b15 - - default default] GET http://10.0.0.228:8776/
2026-05-20 01:29:58.868 8 INFO cinder.api.openstack.wsgi [None req-9274bf1c-8361-4e78-a7f1-abb10bd9807e c417a03ba52148e69569a166cb68af77 a5c8c3f5f2144973b66e77b4263e3b15 - - default default] http://10.0.0.228:8776/ returned with HTTP 300
2026-05-20 01:29:58.869 8 INFO cinder.api.openstack.wsgi [None req-9274bf1c-8361-4e78-a7f1-abb10bd9807e c417a03ba52148e69569a166cb68af77 a5c8c3f5f2144973b66e77b4263e3b15 - - default default] GET http://10.0.0.228:8776/
2026-05-20 01:29:58.870 8 INFO cinder.api.openstack.wsgi [None req-9274bf1c-8361-4e78-a7f1-abb10bd9807e c417a03ba52148e69569a166cb68af77 a5c8c3f5f2144973b66e77b4263e3b15 - - default default] http://10.0.0.228:8776/ returned with HTTP 300
2026-05-20 01:29:58.889 7 INFO cinder.api.openstack.wsgi [None req-3f695f1b-cc7b-4742-a621-a07fd862cff8 c417a03ba52148e69569a166cb68af77 a5c8c3f5f2144973b66e77b4263e3b15 - - default default] http://cinder-api.openstack.svc.cluster.local:8776/v3/a5c8c3f5f2144973b66e77b4263e3b15/os-quota-sets/c7513f05f6134e839ea14320361ff506?usage=true returned with HTTP 200 [pid: 7|app: 0|req: 347/694] 10.0.0.76 () {28 vars in 734 bytes} [Wed May 20 01:29:58 2026] GET /v3/a5c8c3f5f2144973b66e77b4263e3b15/os-quota-sets/c7513f05f6134e839ea14320361ff506?usage=true => generated 847 bytes in 35 msecs (HTTP/1.1 200) 7 headers in 285 bytes (1 switches on core 0)
2026-05-20 01:29:58.904 8 INFO cinder.api.openstack.wsgi [None req-2f013b19-0f4b-438a-8c5c-475082d216d7 c417a03ba52148e69569a166cb68af77 a5c8c3f5f2144973b66e77b4263e3b15 - - default default] GET http://cinder-api.openstack.svc.cluster.local:8776/v3/a5c8c3f5f2144973b66e77b4263e3b15/os-quota-sets/cbb26e44b4554c088859e9d8f2612820?usage=true
2026-05-20 01:29:58.930 8 INFO cinder.api.openstack.wsgi [None req-2f013b19-0f4b-438a-8c5c-475082d216d7 c417a03ba52148e69569a166cb68af77 a5c8c3f5f2144973b66e77b4263e3b15 - - default default] http://cinder-api.openstack.svc.cluster.local:8776/v3/a5c8c3f5f2144973b66e77b4263e3b15/os-quota-sets/cbb26e44b4554c088859e9d8f2612820?usage=true returned with HTTP 200 [pid: 8|app: 0|req: 348/695] 10.0.0.76 () {28 vars in 734 bytes} [Wed May 20 01:29:58 2026] GET /v3/a5c8c3f5f2144973b66e77b4263e3b15/os-quota-sets/cbb26e44b4554c088859e9d8f2612820?usage=true => generated 847 bytes in 37 msecs (HTTP/1.1 200) 7 headers in 285 bytes (1 switches on core 0)
2026-05-20 01:29:58.945 7 INFO cinder.api.openstack.wsgi [None req-b72ae483-0d2f-4d4c-9a23-84ad0e2d208a c417a03ba52148e69569a166cb68af77 a5c8c3f5f2144973b66e77b4263e3b15 - - default default] GET http://cinder-api.openstack.svc.cluster.local:8776/v3/a5c8c3f5f2144973b66e77b4263e3b15/volumes/detail?all_tenants=true
2026-05-20 01:29:58.955 7 INFO cinder.volume.api [None req-b72ae483-0d2f-4d4c-9a23-84ad0e2d208a c417a03ba52148e69569a166cb68af77 a5c8c3f5f2144973b66e77b4263e3b15 - - default default] Get all volumes completed successfully.
2026-05-20 01:29:58.958 7 INFO cinder.api.openstack.wsgi [None req-b72ae483-0d2f-4d4c-9a23-84ad0e2d208a c417a03ba52148e69569a166cb68af77 a5c8c3f5f2144973b66e77b4263e3b15 - - default default] http://cinder-api.openstack.svc.cluster.local:8776/v3/a5c8c3f5f2144973b66e77b4263e3b15/volumes/detail?all_tenants=true returned with HTTP 200 [pid: 7|app: 0|req: 348/696] 10.0.0.76 () {28 vars in 682 bytes} [Wed May 20 01:29:58 2026] GET /v3/a5c8c3f5f2144973b66e77b4263e3b15/volumes/detail?all_tenants=true => generated 15 bytes in 21 msecs (HTTP/1.1 200) 7 headers in 284 bytes (1 switches on core 0)
2026-05-20 01:29:58.971 8 INFO cinder.api.openstack.wsgi [None req-6ca78716-6bb8-4252-a8c6-9505a13dd905 c417a03ba52148e69569a166cb68af77 a5c8c3f5f2144973b66e77b4263e3b15 - - default default] GET http://cinder-api.openstack.svc.cluster.local:8776/v3/a5c8c3f5f2144973b66e77b4263e3b15/snapshots?all_tenants=true
2026-05-20 01:29:58.980 8 INFO cinder.volume.api [None req-6ca78716-6bb8-4252-a8c6-9505a13dd905 c417a03ba52148e69569a166cb68af77 a5c8c3f5f2144973b66e77b4263e3b15 - - default default] Get all snapshots completed successfully.
2026-05-20 01:29:58.980 8 INFO cinder.api.openstack.wsgi [None req-6ca78716-6bb8-4252-a8c6-9505a13dd905 c417a03ba52148e69569a166cb68af77 a5c8c3f5f2144973b66e77b4263e3b15 - - default default] http://cinder-api.openstack.svc.cluster.local:8776/v3/a5c8c3f5f2144973b66e77b4263e3b15/snapshots?all_tenants=true returned with HTTP 200 [pid: 8|app: 0|req: 349/697] 10.0.0.76 () {28 vars in 672 bytes} [Wed May 20 01:29:58 2026] GET /v3/a5c8c3f5f2144973b66e77b4263e3b15/snapshots?all_tenants=true => generated 17 bytes in 18 msecs (HTTP/1.1 200) 7 headers in 284 bytes (1 switches on core 0)
2026-05-20 01:29:58.990 7 INFO cinder.api.openstack.wsgi [None req-b1fd6c63-e140-4fe0-a9b6-ac34039c3507 c417a03ba52148e69569a166cb68af77 a5c8c3f5f2144973b66e77b4263e3b15 - - default default] GET http://cinder-api.openstack.svc.cluster.local:8776/v3/a5c8c3f5f2144973b66e77b4263e3b15/volumes/detail?all_tenants=true
2026-05-20 01:29:59.001 7 INFO cinder.volume.api [None req-b1fd6c63-e140-4fe0-a9b6-ac34039c3507 c417a03ba52148e69569a166cb68af77 a5c8c3f5f2144973b66e77b4263e3b15 - - default default] Get all volumes completed successfully.
2026-05-20 01:29:59.003 7 INFO cinder.api.openstack.wsgi [None req-b1fd6c63-e140-4fe0-a9b6-ac34039c3507 c417a03ba52148e69569a166cb68af77 a5c8c3f5f2144973b66e77b4263e3b15 - - default default] http://cinder-api.openstack.svc.cluster.local:8776/v3/a5c8c3f5f2144973b66e77b4263e3b15/volumes/detail?all_tenants=true returned with HTTP 200 [pid: 7|app: 0|req: 349/698] 10.0.0.76 () {28 vars in 682 bytes} [Wed May 20 01:29:58 2026] GET /v3/a5c8c3f5f2144973b66e77b4263e3b15/volumes/detail?all_tenants=true => generated 15 bytes in 19 msecs (HTTP/1.1 200) 7 headers in 284 bytes (1 switches on core 0)
2026-05-20 01:29:59.019 8 INFO cinder.api.openstack.wsgi [None req-841033c6-4abe-4e5d-ab8c-5dd2af9d6d64 c417a03ba52148e69569a166cb68af77 a5c8c3f5f2144973b66e77b4263e3b15 - - default default] GET http://cinder-api.openstack.svc.cluster.local:8776/v3/a5c8c3f5f2144973b66e77b4263e3b15/scheduler-stats/get_pools?detail=true
2026-05-20 01:29:59.037 8 INFO cinder.api.openstack.wsgi [None req-841033c6-4abe-4e5d-ab8c-5dd2af9d6d64 c417a03ba52148e69569a166cb68af77 a5c8c3f5f2144973b66e77b4263e3b15 - - default default] http://cinder-api.openstack.svc.cluster.local:8776/v3/a5c8c3f5f2144973b66e77b4263e3b15/scheduler-stats/get_pools?detail=true returned with HTTP 200 [pid: 8|app: 0|req: 350/699] 10.0.0.76 () {28 vars in 694 bytes} [Wed May 20 01:29:59 2026] GET /v3/a5c8c3f5f2144973b66e77b4263e3b15/scheduler-stats/get_pools?detail=true => generated 670 bytes in 29 msecs (HTTP/1.1 200) 7 headers in 285 bytes (1 switches on core 0)
2026-05-20 01:30:08.866 7 INFO cinder.api.openstack.wsgi [None req-b1fd6c63-e140-4fe0-a9b6-ac34039c3507 c417a03ba52148e69569a166cb68af77 a5c8c3f5f2144973b66e77b4263e3b15 - - default default] GET http://10.0.0.228:8776/
2026-05-20 01:30:08.866 8 INFO cinder.api.openstack.wsgi [None req-841033c6-4abe-4e5d-ab8c-5dd2af9d6d64 c417a03ba52148e69569a166cb68af77 a5c8c3f5f2144973b66e77b4263e3b15 - - default default] GET http://10.0.0.228:8776/
2026-05-20 01:30:08.868 7 INFO cinder.api.openstack.wsgi [None req-b1fd6c63-e140-4fe0-a9b6-ac34039c3507 c417a03ba52148e69569a166cb68af77 a5c8c3f5f2144973b66e77b4263e3b15 - - default default] http://10.0.0.228:8776/ returned with HTTP 300
2026-05-20 01:30:08.868 8 INFO cinder.api.openstack.wsgi [None req-841033c6-4abe-4e5d-ab8c-5dd2af9d6d64 c417a03ba52148e69569a166cb68af77 a5c8c3f5f2144973b66e77b4263e3b15 - - default default] http://10.0.0.228:8776/ returned with HTTP 300
2026-05-20 01:30:18.867 8 INFO cinder.api.openstack.wsgi [None req-841033c6-4abe-4e5d-ab8c-5dd2af9d6d64 c417a03ba52148e69569a166cb68af77 a5c8c3f5f2144973b66e77b4263e3b15 - - default default] GET http://10.0.0.228:8776/
2026-05-20 01:30:18.867 7 INFO cinder.api.openstack.wsgi [None req-b1fd6c63-e140-4fe0-a9b6-ac34039c3507 c417a03ba52148e69569a166cb68af77 a5c8c3f5f2144973b66e77b4263e3b15 - - default default] GET http://10.0.0.228:8776/
2026-05-20 01:30:18.868 8 INFO cinder.api.openstack.wsgi [None req-841033c6-4abe-4e5d-ab8c-5dd2af9d6d64 c417a03ba52148e69569a166cb68af77 a5c8c3f5f2144973b66e77b4263e3b15 - - default default] http://10.0.0.228:8776/ returned with HTTP 300
2026-05-20 01:30:18.869 7 INFO cinder.api.openstack.wsgi [None req-b1fd6c63-e140-4fe0-a9b6-ac34039c3507 c417a03ba52148e69569a166cb68af77 a5c8c3f5f2144973b66e77b4263e3b15 - - default default] http://10.0.0.228:8776/ returned with HTTP 300
2026-05-20 01:30:28.867 7 INFO cinder.api.openstack.wsgi [None req-b1fd6c63-e140-4fe0-a9b6-ac34039c3507 c417a03ba52148e69569a166cb68af77 a5c8c3f5f2144973b66e77b4263e3b15 - - default default] GET http://10.0.0.228:8776/
2026-05-20 01:30:28.867 8 INFO cinder.api.openstack.wsgi [None req-841033c6-4abe-4e5d-ab8c-5dd2af9d6d64 c417a03ba52148e69569a166cb68af77 a5c8c3f5f2144973b66e77b4263e3b15 - - default default] GET http://10.0.0.228:8776/
2026-05-20 01:30:28.869 7 INFO cinder.api.openstack.wsgi [None req-b1fd6c63-e140-4fe0-a9b6-ac34039c3507 c417a03ba52148e69569a166cb68af77 a5c8c3f5f2144973b66e77b4263e3b15 - - default default] http://10.0.0.228:8776/ returned with HTTP 300
2026-05-20 01:30:28.869 8 INFO cinder.api.openstack.wsgi [None req-841033c6-4abe-4e5d-ab8c-5dd2af9d6d64 c417a03ba52148e69569a166cb68af77 a5c8c3f5f2144973b66e77b4263e3b15 - - default default] http://10.0.0.228:8776/ returned with HTTP 300
2026-05-20 01:30:38.866 7 INFO cinder.api.openstack.wsgi [None req-b1fd6c63-e140-4fe0-a9b6-ac34039c3507 c417a03ba52148e69569a166cb68af77 a5c8c3f5f2144973b66e77b4263e3b15 - - default default] GET http://10.0.0.228:8776/
2026-05-20 01:30:38.866 8 INFO cinder.api.openstack.wsgi [None req-841033c6-4abe-4e5d-ab8c-5dd2af9d6d64 c417a03ba52148e69569a166cb68af77 a5c8c3f5f2144973b66e77b4263e3b15 - - default default] GET http://10.0.0.228:8776/
2026-05-20 01:30:38.868 7 INFO cinder.api.openstack.wsgi [None req-b1fd6c63-e140-4fe0-a9b6-ac34039c3507 c417a03ba52148e69569a166cb68af77 a5c8c3f5f2144973b66e77b4263e3b15 - - default default] http://10.0.0.228:8776/ returned with HTTP 300
2026-05-20 01:30:38.868 8 INFO cinder.api.openstack.wsgi [None req-841033c6-4abe-4e5d-ab8c-5dd2af9d6d64 c417a03ba52148e69569a166cb68af77 a5c8c3f5f2144973b66e77b4263e3b15 - - default default] http://10.0.0.228:8776/ returned with HTTP 300
2026-05-20 01:30:48.867 8 INFO cinder.api.openstack.wsgi [None req-841033c6-4abe-4e5d-ab8c-5dd2af9d6d64 c417a03ba52148e69569a166cb68af77 a5c8c3f5f2144973b66e77b4263e3b15 - - default default] GET http://10.0.0.228:8776/
2026-05-20 01:30:48.867 7 INFO cinder.api.openstack.wsgi [None req-b1fd6c63-e140-4fe0-a9b6-ac34039c3507 c417a03ba52148e69569a166cb68af77 a5c8c3f5f2144973b66e77b4263e3b15 - - default default] GET http://10.0.0.228:8776/
2026-05-20 01:30:48.867 8 INFO cinder.api.openstack.wsgi [None req-841033c6-4abe-4e5d-ab8c-5dd2af9d6d64 c417a03ba52148e69569a166cb68af77 a5c8c3f5f2144973b66e77b4263e3b15 - - default default] http://10.0.0.228:8776/ returned with HTTP 300
2026-05-20 01:30:48.868 7 INFO cinder.api.openstack.wsgi [None req-b1fd6c63-e140-4fe0-a9b6-ac34039c3507 c417a03ba52148e69569a166cb68af77 a5c8c3f5f2144973b66e77b4263e3b15 - - default default] http://10.0.0.228:8776/ returned with HTTP 300
2026-05-20 01:30:58.534 8 INFO cinder.api.openstack.wsgi [None req-fa8741f2-3c02-483f-8c03-cace6ac3e105 c417a03ba52148e69569a166cb68af77 a5c8c3f5f2144973b66e77b4263e3b15 - - default default] GET http://cinder-api.openstack.svc.cluster.local:8776/v3/a5c8c3f5f2144973b66e77b4263e3b15/os-quota-sets/2bea9c2f715040d5ab247b2ac79df464?usage=true
2026-05-20 01:30:58.564 8 INFO cinder.api.openstack.wsgi [None req-fa8741f2-3c02-483f-8c03-cace6ac3e105 c417a03ba52148e69569a166cb68af77 a5c8c3f5f2144973b66e77b4263e3b15 - - default default] http://cinder-api.openstack.svc.cluster.local:8776/v3/a5c8c3f5f2144973b66e77b4263e3b15/os-quota-sets/2bea9c2f715040d5ab247b2ac79df464?usage=true returned with HTTP 200 [pid: 8|app: 0|req: 356/710] 10.0.0.76 () {28 vars in 734 bytes} [Wed May 20 01:30:58 2026] GET /v3/a5c8c3f5f2144973b66e77b4263e3b15/os-quota-sets/2bea9c2f715040d5ab247b2ac79df464?usage=true => generated 847 bytes in 244 msecs (HTTP/1.1 200) 7 headers in 285 bytes (1 switches on core 0)
2026-05-20 01:30:58.577 7 INFO cinder.api.openstack.wsgi [None req-9af34a84-d630-4318-8039-70657e9dddac c417a03ba52148e69569a166cb68af77 a5c8c3f5f2144973b66e77b4263e3b15 - - default default] GET http://cinder-api.openstack.svc.cluster.local:8776/v3/a5c8c3f5f2144973b66e77b4263e3b15/os-quota-sets/3ad18abfd027493f97c68f72528cb9dd?usage=true
2026-05-20 01:30:58.614 7 INFO cinder.api.openstack.wsgi [None req-9af34a84-d630-4318-8039-70657e9dddac c417a03ba52148e69569a166cb68af77 a5c8c3f5f2144973b66e77b4263e3b15 - - default default] http://cinder-api.openstack.svc.cluster.local:8776/v3/a5c8c3f5f2144973b66e77b4263e3b15/os-quota-sets/3ad18abfd027493f97c68f72528cb9dd?usage=true returned with HTTP 200 [pid: 7|app: 0|req: 355/711] 10.0.0.76 () {28 vars in 734 bytes} [Wed May 20 01:30:58 2026] GET /v3/a5c8c3f5f2144973b66e77b4263e3b15/os-quota-sets/3ad18abfd027493f97c68f72528cb9dd?usage=true => generated 847 bytes in 46 msecs (HTTP/1.1 200) 7 headers in 285 bytes (1 switches on core 0)
2026-05-20 01:30:58.628 8 INFO cinder.api.openstack.wsgi [None req-dd2b60f5-8ec7-472b-b685-770e2f48e56a c417a03ba52148e69569a166cb68af77 a5c8c3f5f2144973b66e77b4263e3b15 - - default default] GET http://cinder-api.openstack.svc.cluster.local:8776/v3/a5c8c3f5f2144973b66e77b4263e3b15/os-quota-sets/81d3892b141749d7af59f9646c5104fb?usage=true
2026-05-20 01:30:58.683 8 INFO cinder.api.openstack.wsgi [None req-dd2b60f5-8ec7-472b-b685-770e2f48e56a c417a03ba52148e69569a166cb68af77 a5c8c3f5f2144973b66e77b4263e3b15 - - default default] http://cinder-api.openstack.svc.cluster.local:8776/v3/a5c8c3f5f2144973b66e77b4263e3b15/os-quota-sets/81d3892b141749d7af59f9646c5104fb?usage=true returned with HTTP 200 [pid: 8|app: 0|req: 357/712] 10.0.0.76 () {28 vars in 734 bytes} [Wed May 20 01:30:58 2026] GET /v3/a5c8c3f5f2144973b66e77b4263e3b15/os-quota-sets/81d3892b141749d7af59f9646c5104fb?usage=true => generated 845 bytes in 64 msecs (HTTP/1.1 200) 7 headers in 285 bytes (1 switches on core 0)
2026-05-20 01:30:58.709 7 INFO cinder.api.openstack.wsgi [None req-03446108-1841-4edb-b6b0-cc8fdd447426 c417a03ba52148e69569a166cb68af77 a5c8c3f5f2144973b66e77b4263e3b15 - - default default] GET http://cinder-api.openstack.svc.cluster.local:8776/v3/a5c8c3f5f2144973b66e77b4263e3b15/os-quota-sets/835468ac0f1347d1885752f30c1a395e?usage=true
2026-05-20 01:30:58.761 7 INFO cinder.api.openstack.wsgi [None req-03446108-1841-4edb-b6b0-cc8fdd447426 c417a03ba52148e69569a166cb68af77 a5c8c3f5f2144973b66e77b4263e3b15 - - default default] http://cinder-api.openstack.svc.cluster.local:8776/v3/a5c8c3f5f2144973b66e77b4263e3b15/os-quota-sets/835468ac0f1347d1885752f30c1a395e?usage=true returned with HTTP 200 [pid: 7|app: 0|req: 356/713] 10.0.0.76 () {28 vars in 734 bytes} [Wed May 20 01:30:58 2026] GET /v3/a5c8c3f5f2144973b66e77b4263e3b15/os-quota-sets/835468ac0f1347d1885752f30c1a395e?usage=true => generated 847 bytes in 75 msecs (HTTP/1.1 200) 7 headers in 285 bytes (1 switches on core 0)
2026-05-20 01:30:58.779 8 INFO cinder.api.openstack.wsgi [None req-3d70c013-ac1e-40f9-bb5c-36b8ccf77b25 c417a03ba52148e69569a166cb68af77 a5c8c3f5f2144973b66e77b4263e3b15 - - default default] GET http://cinder-api.openstack.svc.cluster.local:8776/v3/a5c8c3f5f2144973b66e77b4263e3b15/os-quota-sets/a5c8c3f5f2144973b66e77b4263e3b15?usage=true
2026-05-20 01:30:58.802 8 INFO cinder.api.openstack.wsgi [None req-3d70c013-ac1e-40f9-bb5c-36b8ccf77b25 c417a03ba52148e69569a166cb68af77 a5c8c3f5f2144973b66e77b4263e3b15 - - default default] http://cinder-api.openstack.svc.cluster.local:8776/v3/a5c8c3f5f2144973b66e77b4263e3b15/os-quota-sets/a5c8c3f5f2144973b66e77b4263e3b15?usage=true returned with HTTP 200 [pid: 8|app: 0|req: 358/714] 10.0.0.76 () {28 vars in 734 bytes} [Wed May 20 01:30:58 2026] GET /v3/a5c8c3f5f2144973b66e77b4263e3b15/os-quota-sets/a5c8c3f5f2144973b66e77b4263e3b15?usage=true => generated 845 bytes in 36 msecs (HTTP/1.1 200) 7 headers in 285 bytes (1 switches on core 0)
2026-05-20 01:30:58.815 7 INFO cinder.api.openstack.wsgi [None req-bf89f926-092b-47ba-8e1b-bbc532a880d2 c417a03ba52148e69569a166cb68af77 a5c8c3f5f2144973b66e77b4263e3b15 - - default default] GET http://cinder-api.openstack.svc.cluster.local:8776/v3/a5c8c3f5f2144973b66e77b4263e3b15/os-quota-sets/ad9ec06e2ced4ca6bde33bb7b6770887?usage=true
2026-05-20 01:30:58.853 7 INFO cinder.api.openstack.wsgi [None req-bf89f926-092b-47ba-8e1b-bbc532a880d2 c417a03ba52148e69569a166cb68af77 a5c8c3f5f2144973b66e77b4263e3b15 - - default default] http://cinder-api.openstack.svc.cluster.local:8776/v3/a5c8c3f5f2144973b66e77b4263e3b15/os-quota-sets/ad9ec06e2ced4ca6bde33bb7b6770887?usage=true returned with HTTP 200 [pid: 7|app: 0|req: 357/715] 10.0.0.76 () {28 vars in 734 bytes} [Wed May 20 01:30:58 2026] GET /v3/a5c8c3f5f2144973b66e77b4263e3b15/os-quota-sets/ad9ec06e2ced4ca6bde33bb7b6770887?usage=true => generated 847 bytes in 49 msecs (HTTP/1.1 200) 7 headers in 285 bytes (1 switches on core 0)
2026-05-20 01:30:58.866 7 INFO cinder.api.openstack.wsgi [None req-bf89f926-092b-47ba-8e1b-bbc532a880d2 c417a03ba52148e69569a166cb68af77 a5c8c3f5f2144973b66e77b4263e3b15 - - default default] GET http://10.0.0.228:8776/
2026-05-20 01:30:58.867 8 INFO cinder.api.openstack.wsgi [None req-1a384955-5e28-403c-b086-4e7f3b6310c9 c417a03ba52148e69569a166cb68af77 a5c8c3f5f2144973b66e77b4263e3b15 - - default default] GET http://cinder-api.openstack.svc.cluster.local:8776/v3/a5c8c3f5f2144973b66e77b4263e3b15/volumes/detail?all_tenants=true
2026-05-20 01:30:58.867 7 INFO cinder.api.openstack.wsgi [None req-bf89f926-092b-47ba-8e1b-bbc532a880d2 c417a03ba52148e69569a166cb68af77 a5c8c3f5f2144973b66e77b4263e3b15 - - default default] http://10.0.0.228:8776/ returned with HTTP 300
2026-05-20 01:30:58.869 7 INFO cinder.api.openstack.wsgi [None req-bf89f926-092b-47ba-8e1b-bbc532a880d2 c417a03ba52148e69569a166cb68af77 a5c8c3f5f2144973b66e77b4263e3b15 - - default default] GET http://10.0.0.228:8776/
2026-05-20 01:30:58.869 7 INFO cinder.api.openstack.wsgi [None req-bf89f926-092b-47ba-8e1b-bbc532a880d2 c417a03ba52148e69569a166cb68af77 a5c8c3f5f2144973b66e77b4263e3b15 - - default default] http://10.0.0.228:8776/ returned with HTTP 300
2026-05-20 01:30:58.881 8 INFO cinder.volume.api [None req-1a384955-5e28-403c-b086-4e7f3b6310c9 c417a03ba52148e69569a166cb68af77 a5c8c3f5f2144973b66e77b4263e3b15 - - default default] Get all volumes completed successfully.
2026-05-20 01:30:58.883 8 INFO cinder.api.openstack.wsgi [None req-1a384955-5e28-403c-b086-4e7f3b6310c9 c417a03ba52148e69569a166cb68af77 a5c8c3f5f2144973b66e77b4263e3b15 - - default default] http://cinder-api.openstack.svc.cluster.local:8776/v3/a5c8c3f5f2144973b66e77b4263e3b15/volumes/detail?all_tenants=true returned with HTTP 200 [pid: 8|app: 0|req: 359/718] 10.0.0.76 () {28 vars in 682 bytes} [Wed May 20 01:30:58 2026] GET /v3/a5c8c3f5f2144973b66e77b4263e3b15/volumes/detail?all_tenants=true => generated 15 bytes in 24 msecs (HTTP/1.1 200) 7 headers in 284 bytes (1 switches on core 0)
2026-05-20 01:30:58.897 7 INFO cinder.api.openstack.wsgi [None req-86ffb522-3052-43c8-a9ba-17d7385c4ff0 c417a03ba52148e69569a166cb68af77 a5c8c3f5f2144973b66e77b4263e3b15 - - default default] GET http://cinder-api.openstack.svc.cluster.local:8776/v3/a5c8c3f5f2144973b66e77b4263e3b15/os-services
2026-05-20 01:30:58.903 7 INFO cinder.api.openstack.wsgi [None req-86ffb522-3052-43c8-a9ba-17d7385c4ff0 c417a03ba52148e69569a166cb68af77 a5c8c3f5f2144973b66e77b4263e3b15 - - default default] http://cinder-api.openstack.svc.cluster.local:8776/v3/a5c8c3f5f2144973b66e77b4263e3b15/os-services returned with HTTP 200 [pid: 7|app: 0|req: 360/719] 10.0.0.76 () {28 vars in 643 bytes} [Wed May 20 01:30:58 2026] GET /v3/a5c8c3f5f2144973b66e77b4263e3b15/os-services => generated 646 bytes in 13 msecs (HTTP/1.1 200) 7 headers in 285 bytes (1 switches on core 0)
2026-05-20 01:30:58.923 8 INFO cinder.api.openstack.wsgi [None req-cefa174a-35a1-409e-afbc-fa8a91f8d6e4 c417a03ba52148e69569a166cb68af77 a5c8c3f5f2144973b66e77b4263e3b15 - - default default] GET http://cinder-api.openstack.svc.cluster.local:8776/v3/a5c8c3f5f2144973b66e77b4263e3b15/volumes/detail?all_tenants=true
2026-05-20 01:30:58.931 8 INFO cinder.volume.api [None req-cefa174a-35a1-409e-afbc-fa8a91f8d6e4 c417a03ba52148e69569a166cb68af77 a5c8c3f5f2144973b66e77b4263e3b15 - - default default] Get all volumes completed successfully.
2026-05-20 01:30:58.934 8 INFO cinder.api.openstack.wsgi [None req-cefa174a-35a1-409e-afbc-fa8a91f8d6e4 c417a03ba52148e69569a166cb68af77 a5c8c3f5f2144973b66e77b4263e3b15 - - default default] http://cinder-api.openstack.svc.cluster.local:8776/v3/a5c8c3f5f2144973b66e77b4263e3b15/volumes/detail?all_tenants=true returned with HTTP 200 [pid: 8|app: 0|req: 360/720] 10.0.0.76 () {28 vars in 682 bytes} [Wed May 20 01:30:58 2026] GET /v3/a5c8c3f5f2144973b66e77b4263e3b15/volumes/detail?all_tenants=true => generated 15 bytes in 20 msecs (HTTP/1.1 200) 7 headers in 284 bytes (1 switches on core 0)
2026-05-20 01:30:58.949 7 INFO cinder.api.openstack.wsgi [None req-62d437d0-0260-4467-be12-0e7113cf8759 c417a03ba52148e69569a166cb68af77 a5c8c3f5f2144973b66e77b4263e3b15 - - default default] GET http://cinder-api.openstack.svc.cluster.local:8776/v3/a5c8c3f5f2144973b66e77b4263e3b15/snapshots?all_tenants=true
2026-05-20 01:30:58.971 7 INFO cinder.volume.api [None req-62d437d0-0260-4467-be12-0e7113cf8759 c417a03ba52148e69569a166cb68af77 a5c8c3f5f2144973b66e77b4263e3b15 - - default default] Get all snapshots completed successfully.
2026-05-20 01:30:58.971 7 INFO cinder.api.openstack.wsgi [None req-62d437d0-0260-4467-be12-0e7113cf8759 c417a03ba52148e69569a166cb68af77 a5c8c3f5f2144973b66e77b4263e3b15 - - default default] http://cinder-api.openstack.svc.cluster.local:8776/v3/a5c8c3f5f2144973b66e77b4263e3b15/snapshots?all_tenants=true returned with HTTP 200 [pid: 7|app: 0|req: 361/721] 10.0.0.76 () {28 vars in 672 bytes} [Wed May 20 01:30:58 2026] GET /v3/a5c8c3f5f2144973b66e77b4263e3b15/snapshots?all_tenants=true => generated 17 bytes in 33 msecs (HTTP/1.1 200) 7 headers in 284 bytes (1 switches on core 0)
2026-05-20 01:30:58.991 8 INFO cinder.api.openstack.wsgi [None req-fbc0ee98-cbca-4aeb-9dbb-8f9fbad028db c417a03ba52148e69569a166cb68af77 a5c8c3f5f2144973b66e77b4263e3b15 - - default default] GET http://cinder-api.openstack.svc.cluster.local:8776/v3/a5c8c3f5f2144973b66e77b4263e3b15/scheduler-stats/get_pools?detail=true
2026-05-20 01:30:59.011 8 INFO cinder.api.openstack.wsgi [None req-fbc0ee98-cbca-4aeb-9dbb-8f9fbad028db c417a03ba52148e69569a166cb68af77 a5c8c3f5f2144973b66e77b4263e3b15 - - default default] http://cinder-api.openstack.svc.cluster.local:8776/v3/a5c8c3f5f2144973b66e77b4263e3b15/scheduler-stats/get_pools?detail=true returned with HTTP 200 [pid: 8|app: 0|req: 361/722] 10.0.0.76 () {28 vars in 694 bytes} [Wed May 20 01:30:58 2026] GET /v3/a5c8c3f5f2144973b66e77b4263e3b15/scheduler-stats/get_pools?detail=true => generated 670 bytes in 30 msecs (HTTP/1.1 200) 7 headers in 285 bytes (1 switches on core 0)
2026-05-20 01:31:08.866 7 INFO cinder.api.openstack.wsgi [None req-62d437d0-0260-4467-be12-0e7113cf8759 c417a03ba52148e69569a166cb68af77 a5c8c3f5f2144973b66e77b4263e3b15 - - default default] GET http://10.0.0.228:8776/
2026-05-20 01:31:08.867 8 INFO cinder.api.openstack.wsgi [None req-fbc0ee98-cbca-4aeb-9dbb-8f9fbad028db c417a03ba52148e69569a166cb68af77 a5c8c3f5f2144973b66e77b4263e3b15 - - default default] GET http://10.0.0.228:8776/
2026-05-20 01:31:08.867 7 INFO cinder.api.openstack.wsgi [None req-62d437d0-0260-4467-be12-0e7113cf8759 c417a03ba52148e69569a166cb68af77 a5c8c3f5f2144973b66e77b4263e3b15 - - default default] http://10.0.0.228:8776/ returned with HTTP 300
2026-05-20 01:31:08.868 8 INFO cinder.api.openstack.wsgi [None req-fbc0ee98-cbca-4aeb-9dbb-8f9fbad028db c417a03ba52148e69569a166cb68af77 a5c8c3f5f2144973b66e77b4263e3b15 - - default default] http://10.0.0.228:8776/ returned with HTTP 300
2026-05-20 01:31:18.866 7 INFO cinder.api.openstack.wsgi [None req-62d437d0-0260-4467-be12-0e7113cf8759 c417a03ba52148e69569a166cb68af77 a5c8c3f5f2144973b66e77b4263e3b15 - - default default] GET http://10.0.0.228:8776/
2026-05-20 01:31:18.867 8 INFO cinder.api.openstack.wsgi [None req-fbc0ee98-cbca-4aeb-9dbb-8f9fbad028db c417a03ba52148e69569a166cb68af77 a5c8c3f5f2144973b66e77b4263e3b15 - - default default] GET http://10.0.0.228:8776/
2026-05-20 01:31:18.867 7 INFO cinder.api.openstack.wsgi [None req-62d437d0-0260-4467-be12-0e7113cf8759 c417a03ba52148e69569a166cb68af77 a5c8c3f5f2144973b66e77b4263e3b15 - - default default] http://10.0.0.228:8776/ returned with HTTP 300
2026-05-20 01:31:18.868 8 INFO cinder.api.openstack.wsgi [None req-fbc0ee98-cbca-4aeb-9dbb-8f9fbad028db c417a03ba52148e69569a166cb68af77 a5c8c3f5f2144973b66e77b4263e3b15 - - default default] http://10.0.0.228:8776/ returned with HTTP 300
2026-05-20 01:31:28.867 7 INFO cinder.api.openstack.wsgi [None req-62d437d0-0260-4467-be12-0e7113cf8759 c417a03ba52148e69569a166cb68af77 a5c8c3f5f2144973b66e77b4263e3b15 - - default default] GET http://10.0.0.228:8776/
2026-05-20 01:31:28.867 8 INFO cinder.api.openstack.wsgi [None req-fbc0ee98-cbca-4aeb-9dbb-8f9fbad028db c417a03ba52148e69569a166cb68af77 a5c8c3f5f2144973b66e77b4263e3b15 - - default default] GET http://10.0.0.228:8776/
2026-05-20 01:31:28.869 8 INFO cinder.api.openstack.wsgi [None req-fbc0ee98-cbca-4aeb-9dbb-8f9fbad028db c417a03ba52148e69569a166cb68af77 a5c8c3f5f2144973b66e77b4263e3b15 - - default default] http://10.0.0.228:8776/ returned with HTTP 300
2026-05-20 01:31:28.869 7 INFO cinder.api.openstack.wsgi [None req-62d437d0-0260-4467-be12-0e7113cf8759 c417a03ba52148e69569a166cb68af77 a5c8c3f5f2144973b66e77b4263e3b15 - - default default] http://10.0.0.228:8776/ returned with HTTP 300
2026-05-20 01:31:38.866 7 INFO cinder.api.openstack.wsgi [None req-62d437d0-0260-4467-be12-0e7113cf8759 c417a03ba52148e69569a166cb68af77 a5c8c3f5f2144973b66e77b4263e3b15 - - default default] GET http://10.0.0.228:8776/
2026-05-20 01:31:38.866 8 INFO cinder.api.openstack.wsgi [None req-fbc0ee98-cbca-4aeb-9dbb-8f9fbad028db c417a03ba52148e69569a166cb68af77 a5c8c3f5f2144973b66e77b4263e3b15 - - default default] GET http://10.0.0.228:8776/
2026-05-20 01:31:38.867 7 INFO cinder.api.openstack.wsgi [None req-62d437d0-0260-4467-be12-0e7113cf8759 c417a03ba52148e69569a166cb68af77 a5c8c3f5f2144973b66e77b4263e3b15 - - default default] http://10.0.0.228:8776/ returned with HTTP 300
2026-05-20 01:31:38.867 8 INFO cinder.api.openstack.wsgi [None req-fbc0ee98-cbca-4aeb-9dbb-8f9fbad028db c417a03ba52148e69569a166cb68af77 a5c8c3f5f2144973b66e77b4263e3b15 - - default default] http://10.0.0.228:8776/ returned with HTTP 300
2026-05-20 01:31:48.866 7 INFO cinder.api.openstack.wsgi [None req-62d437d0-0260-4467-be12-0e7113cf8759 c417a03ba52148e69569a166cb68af77 a5c8c3f5f2144973b66e77b4263e3b15 - - default default] GET http://10.0.0.228:8776/
2026-05-20 01:31:48.866 8 INFO cinder.api.openstack.wsgi [None req-fbc0ee98-cbca-4aeb-9dbb-8f9fbad028db c417a03ba52148e69569a166cb68af77 a5c8c3f5f2144973b66e77b4263e3b15 - - default default] GET http://10.0.0.228:8776/
2026-05-20 01:31:48.867 8 INFO cinder.api.openstack.wsgi [None req-fbc0ee98-cbca-4aeb-9dbb-8f9fbad028db c417a03ba52148e69569a166cb68af77 a5c8c3f5f2144973b66e77b4263e3b15 - - default default] http://10.0.0.228:8776/ returned with HTTP 300
2026-05-20 01:31:48.868 7 INFO cinder.api.openstack.wsgi [None req-62d437d0-0260-4467-be12-0e7113cf8759 c417a03ba52148e69569a166cb68af77 a5c8c3f5f2144973b66e77b4263e3b15 - - default default] http://10.0.0.228:8776/ returned with HTTP 300
2026-05-20 01:31:56.638 7 INFO cinder.api.openstack.wsgi [None req-48b60c5a-b24d-4c70-9a73-a0f4f3a05269 e755a673dfd24414b1b52ec00b6ea46b 1e1f3b5d5473427ca7a2475e38da94bf - - default default] GET http://cinder-api.openstack.svc.cluster.local:8776/v3/1e1f3b5d5473427ca7a2475e38da94bf/volumes
2026-05-20 01:31:56.674 7 INFO cinder.volume.api [None req-48b60c5a-b24d-4c70-9a73-a0f4f3a05269 e755a673dfd24414b1b52ec00b6ea46b 1e1f3b5d5473427ca7a2475e38da94bf - - default default] Get all volumes completed successfully.
2026-05-20 01:31:56.674 7 INFO cinder.api.openstack.wsgi [None req-48b60c5a-b24d-4c70-9a73-a0f4f3a05269 e755a673dfd24414b1b52ec00b6ea46b 1e1f3b5d5473427ca7a2475e38da94bf - - default default] http://cinder-api.openstack.svc.cluster.local:8776/v3/1e1f3b5d5473427ca7a2475e38da94bf/volumes returned with HTTP 200 [pid: 7|app: 0|req: 367/733] 10.0.0.239 () {32 vars in 700 bytes} [Wed May 20 01:31:56 2026] GET /v3/1e1f3b5d5473427ca7a2475e38da94bf/volumes => generated 15 bytes in 222 msecs (HTTP/1.1 200) 7 headers in 284 bytes (1 switches on core 0)
2026-05-20 01:31:56.691 8 INFO cinder.api.openstack.wsgi [None req-291a9d60-15a0-4843-833d-a69f76e8158f e755a673dfd24414b1b52ec00b6ea46b 1e1f3b5d5473427ca7a2475e38da94bf - - default default] POST http://cinder-api.openstack.svc.cluster.local:8776/v3/1e1f3b5d5473427ca7a2475e38da94bf/volumes
2026-05-20 01:31:56.694 8 INFO cinder.api.v3.volumes [None req-291a9d60-15a0-4843-833d-a69f76e8158f e755a673dfd24414b1b52ec00b6ea46b 1e1f3b5d5473427ca7a2475e38da94bf - - default default] Create volume of 1 GB
2026-05-20 01:31:56.705 8 INFO cinder.volume.api [None req-291a9d60-15a0-4843-833d-a69f76e8158f e755a673dfd24414b1b52ec00b6ea46b 1e1f3b5d5473427ca7a2475e38da94bf - - default default] Availability Zones retrieved successfully. /var/lib/openstack/lib/python3.10/site-packages/taskflow/engines/action_engine/process_executor.py:17: DeprecationWarning: The asyncore module is deprecated and will be removed in Python 3.12. The recommended replacement is asyncio import asyncore
2026-05-20 01:31:57.011 8 INFO cinder.volume.api [None req-291a9d60-15a0-4843-833d-a69f76e8158f e755a673dfd24414b1b52ec00b6ea46b 1e1f3b5d5473427ca7a2475e38da94bf - - default default] Create volume request issued successfully.
2026-05-20 01:31:57.012 8 INFO cinder.api.openstack.wsgi [None req-291a9d60-15a0-4843-833d-a69f76e8158f e755a673dfd24414b1b52ec00b6ea46b 1e1f3b5d5473427ca7a2475e38da94bf - - default default] http://cinder-api.openstack.svc.cluster.local:8776/v3/1e1f3b5d5473427ca7a2475e38da94bf/volumes returned with HTTP 202 [pid: 8|app: 0|req: 367/734] 10.0.0.239 () {34 vars in 722 bytes} [Wed May 20 01:31:56 2026] POST /v3/1e1f3b5d5473427ca7a2475e38da94bf/volumes => generated 875 bytes in 330 msecs (HTTP/1.1 202) 7 headers in 291 bytes (1 switches on core 0)
2026-05-20 01:31:57.033 7 INFO cinder.api.openstack.wsgi [None req-5aacd239-5911-4d86-b47c-ae0c7a7512f6 e755a673dfd24414b1b52ec00b6ea46b 1e1f3b5d5473427ca7a2475e38da94bf - - default default] GET http://cinder-api.openstack.svc.cluster.local:8776/v3/1e1f3b5d5473427ca7a2475e38da94bf/volumes/32584d55-e211-4a72-a9f7-3080eb9157dd /var/lib/openstack/lib/python3.10/site-packages/oslo_context/context.py:100: DeprecationWarning: Policy enforcement is depending on the value of is_admin. This key is deprecated. Please update your policy file to use the standard policy values. warnings.warn('Policy enforcement is depending on the value of '
2026-05-20 01:31:57.052 7 INFO cinder.volume.api [None req-5aacd239-5911-4d86-b47c-ae0c7a7512f6 e755a673dfd24414b1b52ec00b6ea46b 1e1f3b5d5473427ca7a2475e38da94bf - - default default] Volume info retrieved successfully.
2026-05-20 01:31:57.061 7 INFO cinder.api.openstack.wsgi [None req-5aacd239-5911-4d86-b47c-ae0c7a7512f6 e755a673dfd24414b1b52ec00b6ea46b 1e1f3b5d5473427ca7a2475e38da94bf - - default default] http://cinder-api.openstack.svc.cluster.local:8776/v3/1e1f3b5d5473427ca7a2475e38da94bf/volumes/32584d55-e211-4a72-a9f7-3080eb9157dd returned with HTTP 200 [pid: 7|app: 0|req: 368/735] 10.0.0.239 () {32 vars in 774 bytes} [Wed May 20 01:31:57 2026] GET /v3/1e1f3b5d5473427ca7a2475e38da94bf/volumes/32584d55-e211-4a72-a9f7-3080eb9157dd => generated 943 bytes in 35 msecs (HTTP/1.1 200) 7 headers in 285 bytes (1 switches on core 0) /var/lib/openstack/lib/python3.10/site-packages/pycadf/identifier.py:71: UserWarning: Invalid uuid: cinderv3. To ensure interoperability, identifiers should be a valid uuid. warnings.warn(('Invalid uuid: %s. To ensure interoperability, '
2026-05-20 01:31:58.090 8 INFO cinder.api.openstack.wsgi [None req-1a6bd772-b299-4d3f-9b6c-188f80398b87 e755a673dfd24414b1b52ec00b6ea46b 1e1f3b5d5473427ca7a2475e38da94bf - - default default] GET http://cinder-api.openstack.svc.cluster.local:8776/v3/1e1f3b5d5473427ca7a2475e38da94bf/volumes/32584d55-e211-4a72-a9f7-3080eb9157dd /var/lib/openstack/lib/python3.10/site-packages/oslo_context/context.py:100: DeprecationWarning: Policy enforcement is depending on the value of is_admin. This key is deprecated. Please update your policy file to use the standard policy values. warnings.warn('Policy enforcement is depending on the value of '
2026-05-20 01:31:58.108 8 INFO cinder.volume.api [None req-1a6bd772-b299-4d3f-9b6c-188f80398b87 e755a673dfd24414b1b52ec00b6ea46b 1e1f3b5d5473427ca7a2475e38da94bf - - default default] Volume info retrieved successfully.
2026-05-20 01:31:58.118 8 INFO cinder.api.openstack.wsgi [None req-1a6bd772-b299-4d3f-9b6c-188f80398b87 e755a673dfd24414b1b52ec00b6ea46b 1e1f3b5d5473427ca7a2475e38da94bf - - default default] http://cinder-api.openstack.svc.cluster.local:8776/v3/1e1f3b5d5473427ca7a2475e38da94bf/volumes/32584d55-e211-4a72-a9f7-3080eb9157dd returned with HTTP 200 [pid: 8|app: 0|req: 368/736] 10.0.0.239 () {32 vars in 774 bytes} [Wed May 20 01:31:58 2026] GET /v3/1e1f3b5d5473427ca7a2475e38da94bf/volumes/32584d55-e211-4a72-a9f7-3080eb9157dd => generated 968 bytes in 38 msecs (HTTP/1.1 200) 7 headers in 285 bytes (1 switches on core 0) /var/lib/openstack/lib/python3.10/site-packages/pycadf/identifier.py:71: UserWarning: Invalid uuid: cinderv3. To ensure interoperability, identifiers should be a valid uuid. warnings.warn(('Invalid uuid: %s. To ensure interoperability, '
