2026-05-18 19:01:43.075 7 INFO cinder.api.openstack.wsgi [None req-e8c6faaf-f4c3-4930-89f7-8f7b947fe30f 6f4d987e5ce24f40994e2107d609af59 524bfc2325c74a77ad5d15ca48ca5071 - - default default] GET http://cinder-api.openstack.svc.cluster.local:8776/v3/524bfc2325c74a77ad5d15ca48ca5071/os-quota-sets/f81f7568a02a4917ae9227fa53acb4f8?usage=true
2026-05-18 19:01:43.092 7 INFO cinder.api.openstack.wsgi [None req-e8c6faaf-f4c3-4930-89f7-8f7b947fe30f 6f4d987e5ce24f40994e2107d609af59 524bfc2325c74a77ad5d15ca48ca5071 - - default default] http://cinder-api.openstack.svc.cluster.local:8776/v3/524bfc2325c74a77ad5d15ca48ca5071/os-quota-sets/f81f7568a02a4917ae9227fa53acb4f8?usage=true returned with HTTP 200 [pid: 7|app: 0|req: 447/899] 10.0.0.70 () {28 vars in 735 bytes} [Mon May 18 19:01:43 2026] GET /v3/524bfc2325c74a77ad5d15ca48ca5071/os-quota-sets/f81f7568a02a4917ae9227fa53acb4f8?usage=true => generated 845 bytes in 25 msecs (HTTP/1.1 200) 7 headers in 285 bytes (1 switches on core 0)
2026-05-18 19:01:50.574 7 INFO cinder.api.openstack.wsgi [None req-e8c6faaf-f4c3-4930-89f7-8f7b947fe30f 6f4d987e5ce24f40994e2107d609af59 524bfc2325c74a77ad5d15ca48ca5071 - - default default] GET http://10.0.0.227:8776/
2026-05-18 19:01:50.574 8 INFO cinder.api.openstack.wsgi [None req-d1d35209-44a2-4d75-8b30-dc7b63e3880c 6f4d987e5ce24f40994e2107d609af59 524bfc2325c74a77ad5d15ca48ca5071 - - default default] GET http://10.0.0.227:8776/
2026-05-18 19:01:50.575 7 INFO cinder.api.openstack.wsgi [None req-e8c6faaf-f4c3-4930-89f7-8f7b947fe30f 6f4d987e5ce24f40994e2107d609af59 524bfc2325c74a77ad5d15ca48ca5071 - - default default] http://10.0.0.227:8776/ returned with HTTP 300
2026-05-18 19:01:50.575 8 INFO cinder.api.openstack.wsgi [None req-d1d35209-44a2-4d75-8b30-dc7b63e3880c 6f4d987e5ce24f40994e2107d609af59 524bfc2325c74a77ad5d15ca48ca5071 - - default default] http://10.0.0.227:8776/ returned with HTTP 300
2026-05-18 19:01:59.552 7 INFO cinder.api.openstack.wsgi [None req-4d336fc5-592c-441b-bcaf-b3d6acabcf51 6f4d987e5ce24f40994e2107d609af59 524bfc2325c74a77ad5d15ca48ca5071 - - default default] POST http://cinder-api.openstack.svc.cluster.local:8776/v3/524bfc2325c74a77ad5d15ca48ca5071/volumes
2026-05-18 19:02:00.014 7 INFO cinder.api.v3.volumes [None req-4d336fc5-592c-441b-bcaf-b3d6acabcf51 6f4d987e5ce24f40994e2107d609af59 524bfc2325c74a77ad5d15ca48ca5071 - - default default] Create volume of 16 GB
2026-05-18 19:02:00.020 7 INFO cinder.volume.api [None req-4d336fc5-592c-441b-bcaf-b3d6acabcf51 6f4d987e5ce24f40994e2107d609af59 524bfc2325c74a77ad5d15ca48ca5071 - - default default] Availability Zones retrieved successfully.
2026-05-18 19:02:00.216 7 INFO cinder.volume.api [None req-4d336fc5-592c-441b-bcaf-b3d6acabcf51 6f4d987e5ce24f40994e2107d609af59 524bfc2325c74a77ad5d15ca48ca5071 - - default default] Create volume request issued successfully.
2026-05-18 19:02:00.217 7 INFO cinder.api.openstack.wsgi [None req-4d336fc5-592c-441b-bcaf-b3d6acabcf51 6f4d987e5ce24f40994e2107d609af59 524bfc2325c74a77ad5d15ca48ca5071 - - default default] http://cinder-api.openstack.svc.cluster.local:8776/v3/524bfc2325c74a77ad5d15ca48ca5071/volumes returned with HTTP 202 [pid: 7|app: 0|req: 449/902] 199.19.213.174 () {34 vars in 734 bytes} [Mon May 18 19:01:59 2026] POST /v3/524bfc2325c74a77ad5d15ca48ca5071/volumes => generated 846 bytes in 741 msecs (HTTP/1.1 202) 7 headers in 291 bytes (1 switches on core 0)
2026-05-18 19:02:00.233 8 INFO cinder.api.openstack.wsgi [req-4d336fc5-592c-441b-bcaf-b3d6acabcf51 req-6c3a82b1-d60d-46af-b12c-e07d33662574 6f4d987e5ce24f40994e2107d609af59 524bfc2325c74a77ad5d15ca48ca5071 - - default default] GET http://cinder-api.openstack.svc.cluster.local:8776/v3/524bfc2325c74a77ad5d15ca48ca5071/volumes/0f1cc4dc-9fa3-4d23-baf6-2e02f2cecb42 /var/lib/openstack/lib/python3.12/site-packages/oslo_context/context.py:101: DeprecationWarning: Policy enforcement is depending on the value of is_admin. This key is deprecated. Please update your policy file to use the standard policy values. warnings.warn(
2026-05-18 19:02:00.267 8 INFO cinder.volume.api [req-4d336fc5-592c-441b-bcaf-b3d6acabcf51 req-6c3a82b1-d60d-46af-b12c-e07d33662574 6f4d987e5ce24f40994e2107d609af59 524bfc2325c74a77ad5d15ca48ca5071 - - default default] Volume info retrieved successfully.
2026-05-18 19:02:00.274 8 INFO cinder.api.openstack.wsgi [req-4d336fc5-592c-441b-bcaf-b3d6acabcf51 req-6c3a82b1-d60d-46af-b12c-e07d33662574 6f4d987e5ce24f40994e2107d609af59 524bfc2325c74a77ad5d15ca48ca5071 - - default default] http://cinder-api.openstack.svc.cluster.local:8776/v3/524bfc2325c74a77ad5d15ca48ca5071/volumes/0f1cc4dc-9fa3-4d23-baf6-2e02f2cecb42 returned with HTTP 200 [pid: 8|app: 0|req: 454/903] 199.19.213.174 () {32 vars in 825 bytes} [Mon May 18 19:02:00 2026] GET /v3/524bfc2325c74a77ad5d15ca48ca5071/volumes/0f1cc4dc-9fa3-4d23-baf6-2e02f2cecb42 => generated 1025 bytes in 50 msecs (HTTP/1.1 200) 7 headers in 286 bytes (1 switches on core 0)
2026-05-18 19:02:00.574 8 INFO cinder.api.openstack.wsgi [req-4d336fc5-592c-441b-bcaf-b3d6acabcf51 req-6c3a82b1-d60d-46af-b12c-e07d33662574 6f4d987e5ce24f40994e2107d609af59 524bfc2325c74a77ad5d15ca48ca5071 - - default default] GET http://10.0.0.227:8776/
2026-05-18 19:02:00.574 7 INFO cinder.api.openstack.wsgi [None req-4d336fc5-592c-441b-bcaf-b3d6acabcf51 6f4d987e5ce24f40994e2107d609af59 524bfc2325c74a77ad5d15ca48ca5071 - - default default] GET http://10.0.0.227:8776/
2026-05-18 19:02:00.575 8 INFO cinder.api.openstack.wsgi [req-4d336fc5-592c-441b-bcaf-b3d6acabcf51 req-6c3a82b1-d60d-46af-b12c-e07d33662574 6f4d987e5ce24f40994e2107d609af59 524bfc2325c74a77ad5d15ca48ca5071 - - default default] http://10.0.0.227:8776/ returned with HTTP 300
2026-05-18 19:02:00.575 7 INFO cinder.api.openstack.wsgi [None req-4d336fc5-592c-441b-bcaf-b3d6acabcf51 6f4d987e5ce24f40994e2107d609af59 524bfc2325c74a77ad5d15ca48ca5071 - - default default] http://10.0.0.227:8776/ returned with HTTP 300 /var/lib/openstack/lib/python3.12/site-packages/pycadf/identifier.py:70: UserWarning: Invalid uuid: cinderv3. To ensure interoperability, identifiers should be a valid uuid. warnings.warn(('Invalid uuid: %s. To ensure interoperability, '
2026-05-18 19:02:05.292 8 INFO cinder.api.openstack.wsgi [req-4d336fc5-592c-441b-bcaf-b3d6acabcf51 req-d9204cbc-56c5-4f6b-8c79-aad8e2b6d1f6 6f4d987e5ce24f40994e2107d609af59 524bfc2325c74a77ad5d15ca48ca5071 - - default default] GET http://cinder-api.openstack.svc.cluster.local:8776/v3/524bfc2325c74a77ad5d15ca48ca5071/volumes/0f1cc4dc-9fa3-4d23-baf6-2e02f2cecb42 /var/lib/openstack/lib/python3.12/site-packages/oslo_context/context.py:101: DeprecationWarning: Policy enforcement is depending on the value of is_admin. This key is deprecated. Please update your policy file to use the standard policy values. warnings.warn(
2026-05-18 19:02:05.306 8 INFO cinder.volume.api [req-4d336fc5-592c-441b-bcaf-b3d6acabcf51 req-d9204cbc-56c5-4f6b-8c79-aad8e2b6d1f6 6f4d987e5ce24f40994e2107d609af59 524bfc2325c74a77ad5d15ca48ca5071 - - default default] Volume info retrieved successfully.
2026-05-18 19:02:05.311 8 INFO cinder.api.openstack.wsgi [req-4d336fc5-592c-441b-bcaf-b3d6acabcf51 req-d9204cbc-56c5-4f6b-8c79-aad8e2b6d1f6 6f4d987e5ce24f40994e2107d609af59 524bfc2325c74a77ad5d15ca48ca5071 - - default default] http://cinder-api.openstack.svc.cluster.local:8776/v3/524bfc2325c74a77ad5d15ca48ca5071/volumes/0f1cc4dc-9fa3-4d23-baf6-2e02f2cecb42 returned with HTTP 200 [pid: 8|app: 0|req: 456/906] 199.19.213.174 () {32 vars in 825 bytes} [Mon May 18 19:02:05 2026] GET /v3/524bfc2325c74a77ad5d15ca48ca5071/volumes/0f1cc4dc-9fa3-4d23-baf6-2e02f2cecb42 => generated 1489 bytes in 28 msecs (HTTP/1.1 200) 7 headers in 286 bytes (1 switches on core 0) /var/lib/openstack/lib/python3.12/site-packages/pycadf/identifier.py:70: UserWarning: Invalid uuid: cinderv3. To ensure interoperability, identifiers should be a valid uuid. warnings.warn(('Invalid uuid: %s. To ensure interoperability, '
2026-05-18 19:02:05.825 7 INFO cinder.api.openstack.wsgi [req-7fc47086-523a-43c4-9f4f-87a970d07a71 req-a9ce8522-8cbe-4f71-b707-c2cbdf3d7052 6f4d987e5ce24f40994e2107d609af59 524bfc2325c74a77ad5d15ca48ca5071 - - default default] GET http://cinder-api.openstack.svc.cluster.local:8776/v3/524bfc2325c74a77ad5d15ca48ca5071/volumes/0f1cc4dc-9fa3-4d23-baf6-2e02f2cecb42 /var/lib/openstack/lib/python3.12/site-packages/oslo_context/context.py:101: DeprecationWarning: Policy enforcement is depending on the value of is_admin. This key is deprecated. Please update your policy file to use the standard policy values. warnings.warn(
2026-05-18 19:02:05.841 7 INFO cinder.volume.api [req-7fc47086-523a-43c4-9f4f-87a970d07a71 req-a9ce8522-8cbe-4f71-b707-c2cbdf3d7052 6f4d987e5ce24f40994e2107d609af59 524bfc2325c74a77ad5d15ca48ca5071 - - default default] Volume info retrieved successfully.
2026-05-18 19:02:05.847 7 INFO cinder.api.openstack.wsgi [req-7fc47086-523a-43c4-9f4f-87a970d07a71 req-a9ce8522-8cbe-4f71-b707-c2cbdf3d7052 6f4d987e5ce24f40994e2107d609af59 524bfc2325c74a77ad5d15ca48ca5071 - - default default] http://cinder-api.openstack.svc.cluster.local:8776/v3/524bfc2325c74a77ad5d15ca48ca5071/volumes/0f1cc4dc-9fa3-4d23-baf6-2e02f2cecb42 returned with HTTP 200 [pid: 7|app: 0|req: 451/907] 10.0.0.78 () {34 vars in 1027 bytes} [Mon May 18 19:02:05 2026] GET /v3/524bfc2325c74a77ad5d15ca48ca5071/volumes/0f1cc4dc-9fa3-4d23-baf6-2e02f2cecb42 => generated 1489 bytes in 32 msecs (HTTP/1.1 200) 7 headers in 286 bytes (1 switches on core 0) /var/lib/openstack/lib/python3.12/site-packages/pycadf/identifier.py:70: UserWarning: Invalid uuid: cinderv3. To ensure interoperability, identifiers should be a valid uuid. warnings.warn(('Invalid uuid: %s. To ensure interoperability, '
2026-05-18 19:02:06.247 8 INFO cinder.api.openstack.wsgi [req-7fc47086-523a-43c4-9f4f-87a970d07a71 req-31b651dd-dcb2-4e76-b02a-0c73f40aeb77 6f4d987e5ce24f40994e2107d609af59 524bfc2325c74a77ad5d15ca48ca5071 - - default default] GET http://cinder-api.openstack.svc.cluster.local:8776/v3/524bfc2325c74a77ad5d15ca48ca5071/volumes/0f1cc4dc-9fa3-4d23-baf6-2e02f2cecb42 /var/lib/openstack/lib/python3.12/site-packages/oslo_context/context.py:101: DeprecationWarning: Policy enforcement is depending on the value of is_admin. This key is deprecated. Please update your policy file to use the standard policy values. warnings.warn(
2026-05-18 19:02:06.263 8 INFO cinder.volume.api [req-7fc47086-523a-43c4-9f4f-87a970d07a71 req-31b651dd-dcb2-4e76-b02a-0c73f40aeb77 6f4d987e5ce24f40994e2107d609af59 524bfc2325c74a77ad5d15ca48ca5071 - - default default] Volume info retrieved successfully.
2026-05-18 19:02:06.269 8 INFO cinder.api.openstack.wsgi [req-7fc47086-523a-43c4-9f4f-87a970d07a71 req-31b651dd-dcb2-4e76-b02a-0c73f40aeb77 6f4d987e5ce24f40994e2107d609af59 524bfc2325c74a77ad5d15ca48ca5071 - - default default] http://cinder-api.openstack.svc.cluster.local:8776/v3/524bfc2325c74a77ad5d15ca48ca5071/volumes/0f1cc4dc-9fa3-4d23-baf6-2e02f2cecb42 returned with HTTP 200 [pid: 8|app: 0|req: 457/908] 10.0.0.78 () {34 vars in 1027 bytes} [Mon May 18 19:02:06 2026] GET /v3/524bfc2325c74a77ad5d15ca48ca5071/volumes/0f1cc4dc-9fa3-4d23-baf6-2e02f2cecb42 => generated 1489 bytes in 29 msecs (HTTP/1.1 200) 7 headers in 286 bytes (1 switches on core 0)
2026-05-18 19:02:06.280 7 INFO cinder.api.openstack.wsgi [req-7fc47086-523a-43c4-9f4f-87a970d07a71 req-a9ce8522-8cbe-4f71-b707-c2cbdf3d7052 6f4d987e5ce24f40994e2107d609af59 524bfc2325c74a77ad5d15ca48ca5071 - - default default] GET http://cinder-api.openstack.svc.cluster.local:8776/
2026-05-18 19:02:06.281 7 INFO cinder.api.openstack.wsgi [req-7fc47086-523a-43c4-9f4f-87a970d07a71 req-a9ce8522-8cbe-4f71-b707-c2cbdf3d7052 6f4d987e5ce24f40994e2107d609af59 524bfc2325c74a77ad5d15ca48ca5071 - - default default] http://cinder-api.openstack.svc.cluster.local:8776/ returned with HTTP 300 [pid: 7|app: 0|req: 452/909] 10.0.0.78 () {32 vars in 828 bytes} [Mon May 18 19:02:06 2026] GET / => generated 411 bytes in 2 msecs (HTTP/1.1 300) 5 headers in 169 bytes (1 switches on core 0) /var/lib/openstack/lib/python3.12/site-packages/pycadf/identifier.py:70: UserWarning: Invalid uuid: cinderv3. To ensure interoperability, identifiers should be a valid uuid. warnings.warn(('Invalid uuid: %s. To ensure interoperability, '
2026-05-18 19:02:06.293 8 INFO cinder.api.openstack.wsgi [req-7fc47086-523a-43c4-9f4f-87a970d07a71 req-a2205317-bce4-4e4b-a00c-8385941a9eb5 6f4d987e5ce24f40994e2107d609af59 524bfc2325c74a77ad5d15ca48ca5071 - - default default] POST http://cinder-api.openstack.svc.cluster.local:8776/v3/524bfc2325c74a77ad5d15ca48ca5071/attachments /var/lib/openstack/lib/python3.12/site-packages/oslo_context/context.py:101: DeprecationWarning: Policy enforcement is depending on the value of is_admin. This key is deprecated. Please update your policy file to use the standard policy values. warnings.warn(
2026-05-18 19:02:06.342 8 INFO cinder.api.openstack.wsgi [req-7fc47086-523a-43c4-9f4f-87a970d07a71 req-a2205317-bce4-4e4b-a00c-8385941a9eb5 6f4d987e5ce24f40994e2107d609af59 524bfc2325c74a77ad5d15ca48ca5071 - - default default] http://cinder-api.openstack.svc.cluster.local:8776/v3/524bfc2325c74a77ad5d15ca48ca5071/attachments returned with HTTP 200 [pid: 8|app: 0|req: 458/910] 10.0.0.78 () {40 vars in 1056 bytes} [Mon May 18 19:02:06 2026] POST /v3/524bfc2325c74a77ad5d15ca48ca5071/attachments => generated 273 bytes in 55 msecs (HTTP/1.1 200) 7 headers in 286 bytes (1 switches on core 0) /var/lib/openstack/lib/python3.12/site-packages/pycadf/identifier.py:70: UserWarning: Invalid uuid: cinderv3. To ensure interoperability, identifiers should be a valid uuid. warnings.warn(('Invalid uuid: %s. To ensure interoperability, '
2026-05-18 19:02:09.706 7 INFO cinder.api.openstack.wsgi [req-4d336fc5-592c-441b-bcaf-b3d6acabcf51 req-b9e7114f-2e57-4fd1-9d2d-dca48dc9d1b3 6f4d987e5ce24f40994e2107d609af59 524bfc2325c74a77ad5d15ca48ca5071 - - default default] GET http://cinder-api.openstack.svc.cluster.local:8776/v3/524bfc2325c74a77ad5d15ca48ca5071/volumes/0f1cc4dc-9fa3-4d23-baf6-2e02f2cecb42 /var/lib/openstack/lib/python3.12/site-packages/oslo_context/context.py:101: DeprecationWarning: Policy enforcement is depending on the value of is_admin. This key is deprecated. Please update your policy file to use the standard policy values. warnings.warn(
2026-05-18 19:02:09.723 7 INFO cinder.volume.api [req-4d336fc5-592c-441b-bcaf-b3d6acabcf51 req-b9e7114f-2e57-4fd1-9d2d-dca48dc9d1b3 6f4d987e5ce24f40994e2107d609af59 524bfc2325c74a77ad5d15ca48ca5071 - - default default] Volume info retrieved successfully.
2026-05-18 19:02:09.728 7 INFO cinder.api.openstack.wsgi [req-4d336fc5-592c-441b-bcaf-b3d6acabcf51 req-b9e7114f-2e57-4fd1-9d2d-dca48dc9d1b3 6f4d987e5ce24f40994e2107d609af59 524bfc2325c74a77ad5d15ca48ca5071 - - default default] http://cinder-api.openstack.svc.cluster.local:8776/v3/524bfc2325c74a77ad5d15ca48ca5071/volumes/0f1cc4dc-9fa3-4d23-baf6-2e02f2cecb42 returned with HTTP 200 [pid: 7|app: 0|req: 453/911] 199.19.213.174 () {32 vars in 825 bytes} [Mon May 18 19:02:09 2026] GET /v3/524bfc2325c74a77ad5d15ca48ca5071/volumes/0f1cc4dc-9fa3-4d23-baf6-2e02f2cecb42 => generated 1488 bytes in 30 msecs (HTTP/1.1 200) 7 headers in 286 bytes (1 switches on core 0)
2026-05-18 19:02:10.573 8 INFO cinder.api.openstack.wsgi [req-7fc47086-523a-43c4-9f4f-87a970d07a71 req-a2205317-bce4-4e4b-a00c-8385941a9eb5 6f4d987e5ce24f40994e2107d609af59 524bfc2325c74a77ad5d15ca48ca5071 - - default default] GET http://10.0.0.227:8776/
2026-05-18 19:02:10.573 7 INFO cinder.api.openstack.wsgi [req-4d336fc5-592c-441b-bcaf-b3d6acabcf51 req-b9e7114f-2e57-4fd1-9d2d-dca48dc9d1b3 6f4d987e5ce24f40994e2107d609af59 524bfc2325c74a77ad5d15ca48ca5071 - - default default] GET http://10.0.0.227:8776/
2026-05-18 19:02:10.574 7 INFO cinder.api.openstack.wsgi [req-4d336fc5-592c-441b-bcaf-b3d6acabcf51 req-b9e7114f-2e57-4fd1-9d2d-dca48dc9d1b3 6f4d987e5ce24f40994e2107d609af59 524bfc2325c74a77ad5d15ca48ca5071 - - default default] http://10.0.0.227:8776/ returned with HTTP 300
2026-05-18 19:02:10.575 8 INFO cinder.api.openstack.wsgi [req-7fc47086-523a-43c4-9f4f-87a970d07a71 req-a2205317-bce4-4e4b-a00c-8385941a9eb5 6f4d987e5ce24f40994e2107d609af59 524bfc2325c74a77ad5d15ca48ca5071 - - default default] http://10.0.0.227:8776/ returned with HTTP 300
2026-05-18 19:02:11.704 7 INFO cinder.api.openstack.wsgi [req-4d336fc5-592c-441b-bcaf-b3d6acabcf51 req-b9e7114f-2e57-4fd1-9d2d-dca48dc9d1b3 6f4d987e5ce24f40994e2107d609af59 524bfc2325c74a77ad5d15ca48ca5071 - - default default] GET http://cinder-api.openstack.svc.cluster.local:8776/
2026-05-18 19:02:11.705 7 INFO cinder.api.openstack.wsgi [req-4d336fc5-592c-441b-bcaf-b3d6acabcf51 req-b9e7114f-2e57-4fd1-9d2d-dca48dc9d1b3 6f4d987e5ce24f40994e2107d609af59 524bfc2325c74a77ad5d15ca48ca5071 - - default default] http://cinder-api.openstack.svc.cluster.local:8776/ returned with HTTP 300 [pid: 7|app: 0|req: 455/914] 199.19.213.174 () {32 vars in 840 bytes} [Mon May 18 19:02:11 2026] GET / => generated 411 bytes in 1 msecs (HTTP/1.1 300) 5 headers in 169 bytes (1 switches on core 0) /var/lib/openstack/lib/python3.12/site-packages/pycadf/identifier.py:70: UserWarning: Invalid uuid: cinderv3. To ensure interoperability, identifiers should be a valid uuid. warnings.warn(('Invalid uuid: %s. To ensure interoperability, '
2026-05-18 19:02:11.715 8 INFO cinder.api.openstack.wsgi [req-7fc47086-523a-43c4-9f4f-87a970d07a71 req-c267c1e4-6e00-45df-b15f-4bec5695af14 6f4d987e5ce24f40994e2107d609af59 524bfc2325c74a77ad5d15ca48ca5071 - - default default] GET http://cinder-api.openstack.svc.cluster.local:8776/v3/524bfc2325c74a77ad5d15ca48ca5071/volumes/0f1cc4dc-9fa3-4d23-baf6-2e02f2cecb42 /var/lib/openstack/lib/python3.12/site-packages/oslo_context/context.py:101: DeprecationWarning: Policy enforcement is depending on the value of is_admin. This key is deprecated. Please update your policy file to use the standard policy values. warnings.warn(
2026-05-18 19:02:11.731 8 INFO cinder.volume.api [req-7fc47086-523a-43c4-9f4f-87a970d07a71 req-c267c1e4-6e00-45df-b15f-4bec5695af14 6f4d987e5ce24f40994e2107d609af59 524bfc2325c74a77ad5d15ca48ca5071 - - default default] Volume info retrieved successfully.
2026-05-18 19:02:11.738 8 INFO cinder.api.openstack.wsgi [req-7fc47086-523a-43c4-9f4f-87a970d07a71 req-c267c1e4-6e00-45df-b15f-4bec5695af14 6f4d987e5ce24f40994e2107d609af59 524bfc2325c74a77ad5d15ca48ca5071 - - default default] http://cinder-api.openstack.svc.cluster.local:8776/v3/524bfc2325c74a77ad5d15ca48ca5071/volumes/0f1cc4dc-9fa3-4d23-baf6-2e02f2cecb42 returned with HTTP 200 [pid: 8|app: 0|req: 460/915] 199.19.213.174 () {36 vars in 1073 bytes} [Mon May 18 19:02:11 2026] GET /v3/524bfc2325c74a77ad5d15ca48ca5071/volumes/0f1cc4dc-9fa3-4d23-baf6-2e02f2cecb42 => generated 1712 bytes in 32 msecs (HTTP/1.1 200) 7 headers in 287 bytes (1 switches on core 0) /var/lib/openstack/lib/python3.12/site-packages/pycadf/identifier.py:70: UserWarning: Invalid uuid: cinderv3. To ensure interoperability, identifiers should be a valid uuid. warnings.warn(('Invalid uuid: %s. To ensure interoperability, '
2026-05-18 19:02:11.817 7 INFO cinder.api.openstack.wsgi [req-7fc47086-523a-43c4-9f4f-87a970d07a71 req-807a2e0c-76a5-4e9c-9b11-5f00820e10cf 6f4d987e5ce24f40994e2107d609af59 524bfc2325c74a77ad5d15ca48ca5071 - - default default] PUT http://cinder-api.openstack.svc.cluster.local:8776/v3/524bfc2325c74a77ad5d15ca48ca5071/attachments/6a0a47ce-f358-45b1-b0fc-21c8699d19ba /var/lib/openstack/lib/python3.12/site-packages/oslo_context/context.py:101: DeprecationWarning: Policy enforcement is depending on the value of is_admin. This key is deprecated. Please update your policy file to use the standard policy values. warnings.warn( /var/lib/openstack/lib/python3.12/site-packages/pycadf/identifier.py:70: UserWarning: Invalid uuid: cinderv3. To ensure interoperability, identifiers should be a valid uuid. warnings.warn(('Invalid uuid: %s. To ensure interoperability, '
2026-05-18 19:02:12.685 8 INFO cinder.api.openstack.wsgi [req-4d336fc5-592c-441b-bcaf-b3d6acabcf51 req-4d873532-f660-4f81-af33-a6eab9602462 6f4d987e5ce24f40994e2107d609af59 524bfc2325c74a77ad5d15ca48ca5071 - - default default] GET http://cinder-api.openstack.svc.cluster.local:8776/v3/524bfc2325c74a77ad5d15ca48ca5071/volumes/0f1cc4dc-9fa3-4d23-baf6-2e02f2cecb42 /var/lib/openstack/lib/python3.12/site-packages/oslo_context/context.py:101: DeprecationWarning: Policy enforcement is depending on the value of is_admin. This key is deprecated. Please update your policy file to use the standard policy values. warnings.warn(
2026-05-18 19:02:12.704 8 INFO cinder.volume.api [req-4d336fc5-592c-441b-bcaf-b3d6acabcf51 req-4d873532-f660-4f81-af33-a6eab9602462 6f4d987e5ce24f40994e2107d609af59 524bfc2325c74a77ad5d15ca48ca5071 - - default default] Volume info retrieved successfully.
2026-05-18 19:02:12.712 8 INFO cinder.api.openstack.wsgi [req-4d336fc5-592c-441b-bcaf-b3d6acabcf51 req-4d873532-f660-4f81-af33-a6eab9602462 6f4d987e5ce24f40994e2107d609af59 524bfc2325c74a77ad5d15ca48ca5071 - - default default] http://cinder-api.openstack.svc.cluster.local:8776/v3/524bfc2325c74a77ad5d15ca48ca5071/volumes/0f1cc4dc-9fa3-4d23-baf6-2e02f2cecb42 returned with HTTP 200 [pid: 8|app: 0|req: 461/916] 199.19.213.174 () {32 vars in 825 bytes} [Mon May 18 19:02:12 2026] GET /v3/524bfc2325c74a77ad5d15ca48ca5071/volumes/0f1cc4dc-9fa3-4d23-baf6-2e02f2cecb42 => generated 1489 bytes in 33 msecs (HTTP/1.1 200) 7 headers in 286 bytes (1 switches on core 0)
2026-05-18 19:02:12.849 7 INFO cinder.api.openstack.wsgi [req-7fc47086-523a-43c4-9f4f-87a970d07a71 req-807a2e0c-76a5-4e9c-9b11-5f00820e10cf 6f4d987e5ce24f40994e2107d609af59 524bfc2325c74a77ad5d15ca48ca5071 - - default default] http://cinder-api.openstack.svc.cluster.local:8776/v3/524bfc2325c74a77ad5d15ca48ca5071/attachments/6a0a47ce-f358-45b1-b0fc-21c8699d19ba returned with HTTP 200 [pid: 7|app: 0|req: 456/917] 199.19.213.174 () {40 vars in 1135 bytes} [Mon May 18 19:02:11 2026] PUT /v3/524bfc2325c74a77ad5d15ca48ca5071/attachments/6a0a47ce-f358-45b1-b0fc-21c8699d19ba => generated 802 bytes in 1050 msecs (HTTP/1.1 200) 7 headers in 286 bytes (1 switches on core 0) /var/lib/openstack/lib/python3.12/site-packages/pycadf/identifier.py:70: UserWarning: Invalid uuid: cinderv3. To ensure interoperability, identifiers should be a valid uuid. warnings.warn(('Invalid uuid: %s. To ensure interoperability, '
2026-05-18 19:02:13.382 8 INFO cinder.api.openstack.wsgi [req-7fc47086-523a-43c4-9f4f-87a970d07a71 req-047e5d14-3bb6-4a89-b82c-5fd967e314d4 6f4d987e5ce24f40994e2107d609af59 524bfc2325c74a77ad5d15ca48ca5071 - - default default] POST http://cinder-api.openstack.svc.cluster.local:8776/v3/524bfc2325c74a77ad5d15ca48ca5071/attachments/6a0a47ce-f358-45b1-b0fc-21c8699d19ba/action /var/lib/openstack/lib/python3.12/site-packages/oslo_context/context.py:101: DeprecationWarning: Policy enforcement is depending on the value of is_admin. This key is deprecated. Please update your policy file to use the standard policy values. warnings.warn(
2026-05-18 19:02:13.421 8 INFO cinder.api.openstack.wsgi [req-7fc47086-523a-43c4-9f4f-87a970d07a71 req-047e5d14-3bb6-4a89-b82c-5fd967e314d4 6f4d987e5ce24f40994e2107d609af59 524bfc2325c74a77ad5d15ca48ca5071 - - default default] http://cinder-api.openstack.svc.cluster.local:8776/v3/524bfc2325c74a77ad5d15ca48ca5071/attachments/6a0a47ce-f358-45b1-b0fc-21c8699d19ba/action returned with HTTP 204 [pid: 8|app: 0|req: 462/918] 199.19.213.174 () {40 vars in 1148 bytes} [Mon May 18 19:02:13 2026] POST /v3/524bfc2325c74a77ad5d15ca48ca5071/attachments/6a0a47ce-f358-45b1-b0fc-21c8699d19ba/action => generated 0 bytes in 47 msecs (HTTP/1.1 204) 7 headers in 292 bytes (1 switches on core 0) /var/lib/openstack/lib/python3.12/site-packages/pycadf/identifier.py:70: UserWarning: Invalid uuid: cinderv3. To ensure interoperability, identifiers should be a valid uuid. warnings.warn(('Invalid uuid: %s. To ensure interoperability, '
2026-05-18 19:02:15.632 7 INFO cinder.api.openstack.wsgi [req-4d336fc5-592c-441b-bcaf-b3d6acabcf51 req-439299c7-7158-4e05-97c7-c67bf2db20c7 6f4d987e5ce24f40994e2107d609af59 524bfc2325c74a77ad5d15ca48ca5071 - - default default] GET http://cinder-api.openstack.svc.cluster.local:8776/v3/524bfc2325c74a77ad5d15ca48ca5071/volumes/0f1cc4dc-9fa3-4d23-baf6-2e02f2cecb42 /var/lib/openstack/lib/python3.12/site-packages/oslo_context/context.py:101: DeprecationWarning: Policy enforcement is depending on the value of is_admin. This key is deprecated. Please update your policy file to use the standard policy values. warnings.warn(
2026-05-18 19:02:15.647 7 INFO cinder.volume.api [req-4d336fc5-592c-441b-bcaf-b3d6acabcf51 req-439299c7-7158-4e05-97c7-c67bf2db20c7 6f4d987e5ce24f40994e2107d609af59 524bfc2325c74a77ad5d15ca48ca5071 - - default default] Volume info retrieved successfully.
2026-05-18 19:02:15.652 7 INFO cinder.api.openstack.wsgi [req-4d336fc5-592c-441b-bcaf-b3d6acabcf51 req-439299c7-7158-4e05-97c7-c67bf2db20c7 6f4d987e5ce24f40994e2107d609af59 524bfc2325c74a77ad5d15ca48ca5071 - - default default] http://cinder-api.openstack.svc.cluster.local:8776/v3/524bfc2325c74a77ad5d15ca48ca5071/volumes/0f1cc4dc-9fa3-4d23-baf6-2e02f2cecb42 returned with HTTP 200 [pid: 7|app: 0|req: 457/919] 199.19.213.174 () {32 vars in 825 bytes} [Mon May 18 19:02:15 2026] GET /v3/524bfc2325c74a77ad5d15ca48ca5071/volumes/0f1cc4dc-9fa3-4d23-baf6-2e02f2cecb42 => generated 1787 bytes in 25 msecs (HTTP/1.1 200) 7 headers in 286 bytes (1 switches on core 0) /var/lib/openstack/lib/python3.12/site-packages/pycadf/identifier.py:70: UserWarning: Invalid uuid: cinderv3. To ensure interoperability, identifiers should be a valid uuid. warnings.warn(('Invalid uuid: %s. To ensure interoperability, '
2026-05-18 19:02:18.707 8 INFO cinder.api.openstack.wsgi [req-4d336fc5-592c-441b-bcaf-b3d6acabcf51 req-4481ee96-6d29-4849-9ac5-79c56b5047f0 6f4d987e5ce24f40994e2107d609af59 524bfc2325c74a77ad5d15ca48ca5071 - - default default] GET http://cinder-api.openstack.svc.cluster.local:8776/v3/524bfc2325c74a77ad5d15ca48ca5071/volumes/0f1cc4dc-9fa3-4d23-baf6-2e02f2cecb42 /var/lib/openstack/lib/python3.12/site-packages/oslo_context/context.py:101: DeprecationWarning: Policy enforcement is depending on the value of is_admin. This key is deprecated. Please update your policy file to use the standard policy values. warnings.warn(
2026-05-18 19:02:18.737 8 INFO cinder.volume.api [req-4d336fc5-592c-441b-bcaf-b3d6acabcf51 req-4481ee96-6d29-4849-9ac5-79c56b5047f0 6f4d987e5ce24f40994e2107d609af59 524bfc2325c74a77ad5d15ca48ca5071 - - default default] Volume info retrieved successfully.
2026-05-18 19:02:18.743 8 INFO cinder.api.openstack.wsgi [req-4d336fc5-592c-441b-bcaf-b3d6acabcf51 req-4481ee96-6d29-4849-9ac5-79c56b5047f0 6f4d987e5ce24f40994e2107d609af59 524bfc2325c74a77ad5d15ca48ca5071 - - default default] http://cinder-api.openstack.svc.cluster.local:8776/v3/524bfc2325c74a77ad5d15ca48ca5071/volumes/0f1cc4dc-9fa3-4d23-baf6-2e02f2cecb42 returned with HTTP 200 [pid: 8|app: 0|req: 463/920] 199.19.213.174 () {32 vars in 825 bytes} [Mon May 18 19:02:18 2026] GET /v3/524bfc2325c74a77ad5d15ca48ca5071/volumes/0f1cc4dc-9fa3-4d23-baf6-2e02f2cecb42 => generated 1787 bytes in 44 msecs (HTTP/1.1 200) 7 headers in 286 bytes (1 switches on core 0)
2026-05-18 19:02:20.574 8 INFO cinder.api.openstack.wsgi [req-4d336fc5-592c-441b-bcaf-b3d6acabcf51 req-4481ee96-6d29-4849-9ac5-79c56b5047f0 6f4d987e5ce24f40994e2107d609af59 524bfc2325c74a77ad5d15ca48ca5071 - - default default] GET http://10.0.0.227:8776/
2026-05-18 19:02:20.575 8 INFO cinder.api.openstack.wsgi [req-4d336fc5-592c-441b-bcaf-b3d6acabcf51 req-4481ee96-6d29-4849-9ac5-79c56b5047f0 6f4d987e5ce24f40994e2107d609af59 524bfc2325c74a77ad5d15ca48ca5071 - - default default] http://10.0.0.227:8776/ returned with HTTP 300
2026-05-18 19:02:20.574 7 INFO cinder.api.openstack.wsgi [req-4d336fc5-592c-441b-bcaf-b3d6acabcf51 req-439299c7-7158-4e05-97c7-c67bf2db20c7 6f4d987e5ce24f40994e2107d609af59 524bfc2325c74a77ad5d15ca48ca5071 - - default default] GET http://10.0.0.227:8776/
2026-05-18 19:02:20.577 7 INFO cinder.api.openstack.wsgi [req-4d336fc5-592c-441b-bcaf-b3d6acabcf51 req-439299c7-7158-4e05-97c7-c67bf2db20c7 6f4d987e5ce24f40994e2107d609af59 524bfc2325c74a77ad5d15ca48ca5071 - - default default] http://10.0.0.227:8776/ returned with HTTP 300 /var/lib/openstack/lib/python3.12/site-packages/pycadf/identifier.py:70: UserWarning: Invalid uuid: cinderv3. To ensure interoperability, identifiers should be a valid uuid. warnings.warn(('Invalid uuid: %s. To ensure interoperability, '
2026-05-18 19:02:21.572 8 INFO cinder.api.openstack.wsgi [req-4d336fc5-592c-441b-bcaf-b3d6acabcf51 req-0c6f296e-ccea-4d88-b091-22a7c8958473 6f4d987e5ce24f40994e2107d609af59 524bfc2325c74a77ad5d15ca48ca5071 - - default default] GET http://cinder-api.openstack.svc.cluster.local:8776/v3/524bfc2325c74a77ad5d15ca48ca5071/volumes/0f1cc4dc-9fa3-4d23-baf6-2e02f2cecb42 /var/lib/openstack/lib/python3.12/site-packages/oslo_context/context.py:101: DeprecationWarning: Policy enforcement is depending on the value of is_admin. This key is deprecated. Please update your policy file to use the standard policy values. warnings.warn(
2026-05-18 19:02:21.592 8 INFO cinder.volume.api [req-4d336fc5-592c-441b-bcaf-b3d6acabcf51 req-0c6f296e-ccea-4d88-b091-22a7c8958473 6f4d987e5ce24f40994e2107d609af59 524bfc2325c74a77ad5d15ca48ca5071 - - default default] Volume info retrieved successfully.
2026-05-18 19:02:21.597 8 INFO cinder.api.openstack.wsgi [req-4d336fc5-592c-441b-bcaf-b3d6acabcf51 req-0c6f296e-ccea-4d88-b091-22a7c8958473 6f4d987e5ce24f40994e2107d609af59 524bfc2325c74a77ad5d15ca48ca5071 - - default default] http://cinder-api.openstack.svc.cluster.local:8776/v3/524bfc2325c74a77ad5d15ca48ca5071/volumes/0f1cc4dc-9fa3-4d23-baf6-2e02f2cecb42 returned with HTTP 200 [pid: 8|app: 0|req: 465/923] 199.19.213.174 () {32 vars in 825 bytes} [Mon May 18 19:02:21 2026] GET /v3/524bfc2325c74a77ad5d15ca48ca5071/volumes/0f1cc4dc-9fa3-4d23-baf6-2e02f2cecb42 => generated 1787 bytes in 31 msecs (HTTP/1.1 200) 7 headers in 286 bytes (1 switches on core 0)
2026-05-18 19:02:30.573 7 INFO cinder.api.openstack.wsgi [req-4d336fc5-592c-441b-bcaf-b3d6acabcf51 req-439299c7-7158-4e05-97c7-c67bf2db20c7 6f4d987e5ce24f40994e2107d609af59 524bfc2325c74a77ad5d15ca48ca5071 - - default default] GET http://10.0.0.227:8776/
2026-05-18 19:02:30.573 8 INFO cinder.api.openstack.wsgi [req-4d336fc5-592c-441b-bcaf-b3d6acabcf51 req-0c6f296e-ccea-4d88-b091-22a7c8958473 6f4d987e5ce24f40994e2107d609af59 524bfc2325c74a77ad5d15ca48ca5071 - - default default] GET http://10.0.0.227:8776/
2026-05-18 19:02:30.573 7 INFO cinder.api.openstack.wsgi [req-4d336fc5-592c-441b-bcaf-b3d6acabcf51 req-439299c7-7158-4e05-97c7-c67bf2db20c7 6f4d987e5ce24f40994e2107d609af59 524bfc2325c74a77ad5d15ca48ca5071 - - default default] http://10.0.0.227:8776/ returned with HTTP 300
2026-05-18 19:02:30.574 8 INFO cinder.api.openstack.wsgi [req-4d336fc5-592c-441b-bcaf-b3d6acabcf51 req-0c6f296e-ccea-4d88-b091-22a7c8958473 6f4d987e5ce24f40994e2107d609af59 524bfc2325c74a77ad5d15ca48ca5071 - - default default] http://10.0.0.227:8776/ returned with HTTP 300
2026-05-18 19:02:40.573 8 INFO cinder.api.openstack.wsgi [req-4d336fc5-592c-441b-bcaf-b3d6acabcf51 req-0c6f296e-ccea-4d88-b091-22a7c8958473 6f4d987e5ce24f40994e2107d609af59 524bfc2325c74a77ad5d15ca48ca5071 - - default default] GET http://10.0.0.227:8776/
2026-05-18 19:02:40.573 7 INFO cinder.api.openstack.wsgi [req-4d336fc5-592c-441b-bcaf-b3d6acabcf51 req-439299c7-7158-4e05-97c7-c67bf2db20c7 6f4d987e5ce24f40994e2107d609af59 524bfc2325c74a77ad5d15ca48ca5071 - - default default] GET http://10.0.0.227:8776/
2026-05-18 19:02:40.575 8 INFO cinder.api.openstack.wsgi [req-4d336fc5-592c-441b-bcaf-b3d6acabcf51 req-0c6f296e-ccea-4d88-b091-22a7c8958473 6f4d987e5ce24f40994e2107d609af59 524bfc2325c74a77ad5d15ca48ca5071 - - default default] http://10.0.0.227:8776/ returned with HTTP 300
2026-05-18 19:02:40.575 7 INFO cinder.api.openstack.wsgi [req-4d336fc5-592c-441b-bcaf-b3d6acabcf51 req-439299c7-7158-4e05-97c7-c67bf2db20c7 6f4d987e5ce24f40994e2107d609af59 524bfc2325c74a77ad5d15ca48ca5071 - - default default] http://10.0.0.227:8776/ returned with HTTP 300 /var/lib/openstack/lib/python3.12/site-packages/pycadf/identifier.py:70: UserWarning: Invalid uuid: cinderv3. To ensure interoperability, identifiers should be a valid uuid. warnings.warn(('Invalid uuid: %s. To ensure interoperability, '
2026-05-18 19:02:42.095 8 INFO cinder.api.openstack.wsgi [None req-2ec7edbf-5a94-4178-b328-6bf425bbc0f7 6f4d987e5ce24f40994e2107d609af59 524bfc2325c74a77ad5d15ca48ca5071 - - default default] GET http://cinder-api.openstack.svc.cluster.local:8776/v3/524bfc2325c74a77ad5d15ca48ca5071/scheduler-stats/get_pools?detail=true
2026-05-18 19:02:42.600 8 INFO cinder.api.openstack.wsgi [None req-2ec7edbf-5a94-4178-b328-6bf425bbc0f7 6f4d987e5ce24f40994e2107d609af59 524bfc2325c74a77ad5d15ca48ca5071 - - default default] http://cinder-api.openstack.svc.cluster.local:8776/v3/524bfc2325c74a77ad5d15ca48ca5071/scheduler-stats/get_pools?detail=true returned with HTTP 200 [pid: 8|app: 0|req: 468/928] 10.0.0.70 () {28 vars in 695 bytes} [Mon May 18 19:02:42 2026] GET /v3/524bfc2325c74a77ad5d15ca48ca5071/scheduler-stats/get_pools?detail=true => generated 671 bytes in 584 msecs (HTTP/1.1 200) 7 headers in 285 bytes (1 switches on core 0) /var/lib/openstack/lib/python3.12/site-packages/pycadf/identifier.py:70: UserWarning: Invalid uuid: cinderv3. To ensure interoperability, identifiers should be a valid uuid. warnings.warn(('Invalid uuid: %s. To ensure interoperability, '
2026-05-18 19:02:42.615 7 INFO cinder.api.openstack.wsgi [None req-d4b87b6c-2bf8-4c5d-ba4e-ca73464ef632 6f4d987e5ce24f40994e2107d609af59 524bfc2325c74a77ad5d15ca48ca5071 - - default default] GET http://cinder-api.openstack.svc.cluster.local:8776/v3/524bfc2325c74a77ad5d15ca48ca5071/volumes/detail?all_tenants=true
2026-05-18 19:02:42.639 7 INFO cinder.volume.api [None req-d4b87b6c-2bf8-4c5d-ba4e-ca73464ef632 6f4d987e5ce24f40994e2107d609af59 524bfc2325c74a77ad5d15ca48ca5071 - - default default] Get all volumes completed successfully. /var/lib/openstack/lib/python3.12/site-packages/oslo_context/context.py:101: DeprecationWarning: Policy enforcement is depending on the value of is_admin. This key is deprecated. Please update your policy file to use the standard policy values. warnings.warn(
2026-05-18 19:02:42.651 7 INFO cinder.api.openstack.wsgi [None req-d4b87b6c-2bf8-4c5d-ba4e-ca73464ef632 6f4d987e5ce24f40994e2107d609af59 524bfc2325c74a77ad5d15ca48ca5071 - - default default] http://cinder-api.openstack.svc.cluster.local:8776/v3/524bfc2325c74a77ad5d15ca48ca5071/volumes/detail?all_tenants=true returned with HTTP 200 [pid: 7|app: 0|req: 461/929] 10.0.0.70 () {28 vars in 683 bytes} [Mon May 18 19:02:42 2026] GET /v3/524bfc2325c74a77ad5d15ca48ca5071/volumes/detail?all_tenants=true => generated 1790 bytes in 45 msecs (HTTP/1.1 200) 7 headers in 286 bytes (1 switches on core 0)
2026-05-18 19:02:42.719 8 INFO cinder.api.openstack.wsgi [None req-696f7e4f-7102-4407-a30b-d985946cbfc2 6f4d987e5ce24f40994e2107d609af59 524bfc2325c74a77ad5d15ca48ca5071 - - default default] GET http://cinder-api.openstack.svc.cluster.local:8776/v3/524bfc2325c74a77ad5d15ca48ca5071/os-quota-sets/03a8625ecb74444987fdf2aa850993fd?usage=true
2026-05-18 19:02:42.752 8 INFO cinder.api.openstack.wsgi [None req-696f7e4f-7102-4407-a30b-d985946cbfc2 6f4d987e5ce24f40994e2107d609af59 524bfc2325c74a77ad5d15ca48ca5071 - - default default] http://cinder-api.openstack.svc.cluster.local:8776/v3/524bfc2325c74a77ad5d15ca48ca5071/os-quota-sets/03a8625ecb74444987fdf2aa850993fd?usage=true returned with HTTP 200 [pid: 8|app: 0|req: 469/930] 10.0.0.70 () {28 vars in 735 bytes} [Mon May 18 19:02:42 2026] GET /v3/524bfc2325c74a77ad5d15ca48ca5071/os-quota-sets/03a8625ecb74444987fdf2aa850993fd?usage=true => generated 847 bytes in 42 msecs (HTTP/1.1 200) 7 headers in 285 bytes (1 switches on core 0) /var/lib/openstack/lib/python3.12/site-packages/pycadf/identifier.py:70: UserWarning: Invalid uuid: cinderv3. To ensure interoperability, identifiers should be a valid uuid. warnings.warn(('Invalid uuid: %s. To ensure interoperability, '
2026-05-18 19:02:42.762 7 INFO cinder.api.openstack.wsgi [None req-440a5219-8e8a-40f4-bf0f-4c15d3f3f256 6f4d987e5ce24f40994e2107d609af59 524bfc2325c74a77ad5d15ca48ca5071 - - default default] GET http://cinder-api.openstack.svc.cluster.local:8776/v3/524bfc2325c74a77ad5d15ca48ca5071/os-quota-sets/524bfc2325c74a77ad5d15ca48ca5071?usage=true
2026-05-18 19:02:42.792 7 INFO cinder.api.openstack.wsgi [None req-440a5219-8e8a-40f4-bf0f-4c15d3f3f256 6f4d987e5ce24f40994e2107d609af59 524bfc2325c74a77ad5d15ca48ca5071 - - default default] http://cinder-api.openstack.svc.cluster.local:8776/v3/524bfc2325c74a77ad5d15ca48ca5071/os-quota-sets/524bfc2325c74a77ad5d15ca48ca5071?usage=true returned with HTTP 200 [pid: 7|app: 0|req: 462/931] 10.0.0.70 () {28 vars in 735 bytes} [Mon May 18 19:02:42 2026] GET /v3/524bfc2325c74a77ad5d15ca48ca5071/os-quota-sets/524bfc2325c74a77ad5d15ca48ca5071?usage=true => generated 847 bytes in 36 msecs (HTTP/1.1 200) 7 headers in 285 bytes (1 switches on core 0)
2026-05-18 19:02:42.805 8 INFO cinder.api.openstack.wsgi [None req-cca879a5-c05d-4e4f-afea-492cdc7ef82e 6f4d987e5ce24f40994e2107d609af59 524bfc2325c74a77ad5d15ca48ca5071 - - default default] GET http://cinder-api.openstack.svc.cluster.local:8776/v3/524bfc2325c74a77ad5d15ca48ca5071/os-quota-sets/7c925c4aaff04fceb0cc2aa818666c0d?usage=true
2026-05-18 19:02:42.832 8 INFO cinder.api.openstack.wsgi [None req-cca879a5-c05d-4e4f-afea-492cdc7ef82e 6f4d987e5ce24f40994e2107d609af59 524bfc2325c74a77ad5d15ca48ca5071 - - default default] http://cinder-api.openstack.svc.cluster.local:8776/v3/524bfc2325c74a77ad5d15ca48ca5071/os-quota-sets/7c925c4aaff04fceb0cc2aa818666c0d?usage=true returned with HTTP 200 [pid: 8|app: 0|req: 470/932] 10.0.0.70 () {28 vars in 735 bytes} [Mon May 18 19:02:42 2026] GET /v3/524bfc2325c74a77ad5d15ca48ca5071/os-quota-sets/7c925c4aaff04fceb0cc2aa818666c0d?usage=true => generated 847 bytes in 35 msecs (HTTP/1.1 200) 7 headers in 285 bytes (1 switches on core 0)
2026-05-18 19:02:42.841 7 INFO cinder.api.openstack.wsgi [None req-9f3916b6-c860-4349-a10e-dfb9c863b8c6 6f4d987e5ce24f40994e2107d609af59 524bfc2325c74a77ad5d15ca48ca5071 - - default default] GET http://cinder-api.openstack.svc.cluster.local:8776/v3/524bfc2325c74a77ad5d15ca48ca5071/os-quota-sets/85cc43bbfa6e41f8bbfc88911a2499fb?usage=true
2026-05-18 19:02:42.866 7 INFO cinder.api.openstack.wsgi [None req-9f3916b6-c860-4349-a10e-dfb9c863b8c6 6f4d987e5ce24f40994e2107d609af59 524bfc2325c74a77ad5d15ca48ca5071 - - default default] http://cinder-api.openstack.svc.cluster.local:8776/v3/524bfc2325c74a77ad5d15ca48ca5071/os-quota-sets/85cc43bbfa6e41f8bbfc88911a2499fb?usage=true returned with HTTP 200 [pid: 7|app: 0|req: 463/933] 10.0.0.70 () {28 vars in 735 bytes} [Mon May 18 19:02:42 2026] GET /v3/524bfc2325c74a77ad5d15ca48ca5071/os-quota-sets/85cc43bbfa6e41f8bbfc88911a2499fb?usage=true => generated 847 bytes in 30 msecs (HTTP/1.1 200) 7 headers in 285 bytes (1 switches on core 0)
2026-05-18 19:02:42.878 8 INFO cinder.api.openstack.wsgi [None req-8a1d96a8-2d86-4177-9cf0-8711bee812d0 6f4d987e5ce24f40994e2107d609af59 524bfc2325c74a77ad5d15ca48ca5071 - - default default] GET http://cinder-api.openstack.svc.cluster.local:8776/v3/524bfc2325c74a77ad5d15ca48ca5071/os-quota-sets/94641850bcac4d26bbd993431adbc4a9?usage=true
2026-05-18 19:02:42.906 8 INFO cinder.api.openstack.wsgi [None req-8a1d96a8-2d86-4177-9cf0-8711bee812d0 6f4d987e5ce24f40994e2107d609af59 524bfc2325c74a77ad5d15ca48ca5071 - - default default] http://cinder-api.openstack.svc.cluster.local:8776/v3/524bfc2325c74a77ad5d15ca48ca5071/os-quota-sets/94641850bcac4d26bbd993431adbc4a9?usage=true returned with HTTP 200 [pid: 8|app: 0|req: 471/934] 10.0.0.70 () {28 vars in 735 bytes} [Mon May 18 19:02:42 2026] GET /v3/524bfc2325c74a77ad5d15ca48ca5071/os-quota-sets/94641850bcac4d26bbd993431adbc4a9?usage=true => generated 847 bytes in 35 msecs (HTTP/1.1 200) 7 headers in 285 bytes (1 switches on core 0)
2026-05-18 19:02:42.916 7 INFO cinder.api.openstack.wsgi [None req-09b06547-0ca6-4abb-9b5d-7277e22b23df 6f4d987e5ce24f40994e2107d609af59 524bfc2325c74a77ad5d15ca48ca5071 - - default default] GET http://cinder-api.openstack.svc.cluster.local:8776/v3/524bfc2325c74a77ad5d15ca48ca5071/os-quota-sets/aa483a356d494ec2a502e9119cb134a0?usage=true
2026-05-18 19:02:42.944 7 INFO cinder.api.openstack.wsgi [None req-09b06547-0ca6-4abb-9b5d-7277e22b23df 6f4d987e5ce24f40994e2107d609af59 524bfc2325c74a77ad5d15ca48ca5071 - - default default] http://cinder-api.openstack.svc.cluster.local:8776/v3/524bfc2325c74a77ad5d15ca48ca5071/os-quota-sets/aa483a356d494ec2a502e9119cb134a0?usage=true returned with HTTP 200 [pid: 7|app: 0|req: 464/935] 10.0.0.70 () {28 vars in 735 bytes} [Mon May 18 19:02:42 2026] GET /v3/524bfc2325c74a77ad5d15ca48ca5071/os-quota-sets/aa483a356d494ec2a502e9119cb134a0?usage=true => generated 847 bytes in 34 msecs (HTTP/1.1 200) 7 headers in 285 bytes (1 switches on core 0)
2026-05-18 19:02:42.952 8 INFO cinder.api.openstack.wsgi [None req-381cc7f1-b0a1-49d8-9d69-315f3b0cdd61 6f4d987e5ce24f40994e2107d609af59 524bfc2325c74a77ad5d15ca48ca5071 - - default default] GET http://cinder-api.openstack.svc.cluster.local:8776/v3/524bfc2325c74a77ad5d15ca48ca5071/os-quota-sets/bf66bc73e55346e5be776522533245a3?usage=true
2026-05-18 19:02:42.977 8 INFO cinder.api.openstack.wsgi [None req-381cc7f1-b0a1-49d8-9d69-315f3b0cdd61 6f4d987e5ce24f40994e2107d609af59 524bfc2325c74a77ad5d15ca48ca5071 - - default default] http://cinder-api.openstack.svc.cluster.local:8776/v3/524bfc2325c74a77ad5d15ca48ca5071/os-quota-sets/bf66bc73e55346e5be776522533245a3?usage=true returned with HTTP 200 [pid: 8|app: 0|req: 472/936] 10.0.0.70 () {28 vars in 735 bytes} [Mon May 18 19:02:42 2026] GET /v3/524bfc2325c74a77ad5d15ca48ca5071/os-quota-sets/bf66bc73e55346e5be776522533245a3?usage=true => generated 847 bytes in 30 msecs (HTTP/1.1 200) 7 headers in 285 bytes (1 switches on core 0)
2026-05-18 19:02:42.988 7 INFO cinder.api.openstack.wsgi [None req-a65c732f-b569-4728-9224-5e7b544063ca 6f4d987e5ce24f40994e2107d609af59 524bfc2325c74a77ad5d15ca48ca5071 - - default default] GET http://cinder-api.openstack.svc.cluster.local:8776/v3/524bfc2325c74a77ad5d15ca48ca5071/os-quota-sets/cbe5dedf6c5f4a7ea97bbff025935c15?usage=true
2026-05-18 19:02:43.010 7 INFO cinder.api.openstack.wsgi [None req-a65c732f-b569-4728-9224-5e7b544063ca 6f4d987e5ce24f40994e2107d609af59 524bfc2325c74a77ad5d15ca48ca5071 - - default default] http://cinder-api.openstack.svc.cluster.local:8776/v3/524bfc2325c74a77ad5d15ca48ca5071/os-quota-sets/cbe5dedf6c5f4a7ea97bbff025935c15?usage=true returned with HTTP 200 [pid: 7|app: 0|req: 465/937] 10.0.0.70 () {28 vars in 735 bytes} [Mon May 18 19:02:42 2026] GET /v3/524bfc2325c74a77ad5d15ca48ca5071/os-quota-sets/cbe5dedf6c5f4a7ea97bbff025935c15?usage=true => generated 847 bytes in 27 msecs (HTTP/1.1 200) 7 headers in 285 bytes (1 switches on core 0)
2026-05-18 19:02:43.020 8 INFO cinder.api.openstack.wsgi [None req-eceb1277-a618-4a4d-b088-feebaf8cbb46 6f4d987e5ce24f40994e2107d609af59 524bfc2325c74a77ad5d15ca48ca5071 - - default default] GET http://cinder-api.openstack.svc.cluster.local:8776/v3/524bfc2325c74a77ad5d15ca48ca5071/os-quota-sets/d26099b4734c42db990f3254c21cf6c4?usage=true
2026-05-18 19:02:43.044 8 INFO cinder.api.openstack.wsgi [None req-eceb1277-a618-4a4d-b088-feebaf8cbb46 6f4d987e5ce24f40994e2107d609af59 524bfc2325c74a77ad5d15ca48ca5071 - - default default] http://cinder-api.openstack.svc.cluster.local:8776/v3/524bfc2325c74a77ad5d15ca48ca5071/os-quota-sets/d26099b4734c42db990f3254c21cf6c4?usage=true returned with HTTP 200 [pid: 8|app: 0|req: 473/938] 10.0.0.70 () {28 vars in 735 bytes} [Mon May 18 19:02:43 2026] GET /v3/524bfc2325c74a77ad5d15ca48ca5071/os-quota-sets/d26099b4734c42db990f3254c21cf6c4?usage=true => generated 847 bytes in 31 msecs (HTTP/1.1 200) 7 headers in 285 bytes (1 switches on core 0)
2026-05-18 19:02:43.053 7 INFO cinder.api.openstack.wsgi [None req-041cdd43-c215-45fe-83d5-12e202215b9d 6f4d987e5ce24f40994e2107d609af59 524bfc2325c74a77ad5d15ca48ca5071 - - default default] GET http://cinder-api.openstack.svc.cluster.local:8776/v3/524bfc2325c74a77ad5d15ca48ca5071/os-quota-sets/ea45084a21254511b3167ebf5123022f?usage=true
2026-05-18 19:02:43.076 7 INFO cinder.api.openstack.wsgi [None req-041cdd43-c215-45fe-83d5-12e202215b9d 6f4d987e5ce24f40994e2107d609af59 524bfc2325c74a77ad5d15ca48ca5071 - - default default] http://cinder-api.openstack.svc.cluster.local:8776/v3/524bfc2325c74a77ad5d15ca48ca5071/os-quota-sets/ea45084a21254511b3167ebf5123022f?usage=true returned with HTTP 200 [pid: 7|app: 0|req: 466/939] 10.0.0.70 () {28 vars in 735 bytes} [Mon May 18 19:02:43 2026] GET /v3/524bfc2325c74a77ad5d15ca48ca5071/os-quota-sets/ea45084a21254511b3167ebf5123022f?usage=true => generated 847 bytes in 29 msecs (HTTP/1.1 200) 7 headers in 285 bytes (1 switches on core 0)
2026-05-18 19:02:43.086 8 INFO cinder.api.openstack.wsgi [None req-17030526-11a3-432f-9f26-f1ef800fa57e 6f4d987e5ce24f40994e2107d609af59 524bfc2325c74a77ad5d15ca48ca5071 - - default default] GET http://cinder-api.openstack.svc.cluster.local:8776/v3/524bfc2325c74a77ad5d15ca48ca5071/os-quota-sets/f81f7568a02a4917ae9227fa53acb4f8?usage=true
2026-05-18 19:02:43.108 8 INFO cinder.api.openstack.wsgi [None req-17030526-11a3-432f-9f26-f1ef800fa57e 6f4d987e5ce24f40994e2107d609af59 524bfc2325c74a77ad5d15ca48ca5071 - - default default] http://cinder-api.openstack.svc.cluster.local:8776/v3/524bfc2325c74a77ad5d15ca48ca5071/os-quota-sets/f81f7568a02a4917ae9227fa53acb4f8?usage=true returned with HTTP 200 [pid: 8|app: 0|req: 474/940] 10.0.0.70 () {28 vars in 735 bytes} [Mon May 18 19:02:43 2026] GET /v3/524bfc2325c74a77ad5d15ca48ca5071/os-quota-sets/f81f7568a02a4917ae9227fa53acb4f8?usage=true => generated 845 bytes in 29 msecs (HTTP/1.1 200) 7 headers in 285 bytes (1 switches on core 0)
2026-05-18 19:02:43.118 7 INFO cinder.api.openstack.wsgi [None req-275bc3e9-7313-4885-816b-f8ded6784ee6 6f4d987e5ce24f40994e2107d609af59 524bfc2325c74a77ad5d15ca48ca5071 - - default default] GET http://cinder-api.openstack.svc.cluster.local:8776/v3/524bfc2325c74a77ad5d15ca48ca5071/os-services
2026-05-18 19:02:43.123 7 INFO cinder.api.openstack.wsgi [None req-275bc3e9-7313-4885-816b-f8ded6784ee6 6f4d987e5ce24f40994e2107d609af59 524bfc2325c74a77ad5d15ca48ca5071 - - default default] http://cinder-api.openstack.svc.cluster.local:8776/v3/524bfc2325c74a77ad5d15ca48ca5071/os-services returned with HTTP 200 [pid: 7|app: 0|req: 467/941] 10.0.0.70 () {28 vars in 644 bytes} [Mon May 18 19:02:43 2026] GET /v3/524bfc2325c74a77ad5d15ca48ca5071/os-services => generated 646 bytes in 11 msecs (HTTP/1.1 200) 7 headers in 285 bytes (1 switches on core 0)
2026-05-18 19:02:43.133 8 INFO cinder.api.openstack.wsgi [None req-1b931152-38de-4254-b95d-32adb38272b9 6f4d987e5ce24f40994e2107d609af59 524bfc2325c74a77ad5d15ca48ca5071 - - default default] GET http://cinder-api.openstack.svc.cluster.local:8776/v3/524bfc2325c74a77ad5d15ca48ca5071/volumes/detail?all_tenants=true
2026-05-18 19:02:43.147 8 INFO cinder.volume.api [None req-1b931152-38de-4254-b95d-32adb38272b9 6f4d987e5ce24f40994e2107d609af59 524bfc2325c74a77ad5d15ca48ca5071 - - default default] Get all volumes completed successfully. /var/lib/openstack/lib/python3.12/site-packages/oslo_context/context.py:101: DeprecationWarning: Policy enforcement is depending on the value of is_admin. This key is deprecated. Please update your policy file to use the standard policy values. warnings.warn(
2026-05-18 19:02:43.153 8 INFO cinder.api.openstack.wsgi [None req-1b931152-38de-4254-b95d-32adb38272b9 6f4d987e5ce24f40994e2107d609af59 524bfc2325c74a77ad5d15ca48ca5071 - - default default] http://cinder-api.openstack.svc.cluster.local:8776/v3/524bfc2325c74a77ad5d15ca48ca5071/volumes/detail?all_tenants=true returned with HTTP 200 [pid: 8|app: 0|req: 475/942] 10.0.0.70 () {28 vars in 683 bytes} [Mon May 18 19:02:43 2026] GET /v3/524bfc2325c74a77ad5d15ca48ca5071/volumes/detail?all_tenants=true => generated 1790 bytes in 25 msecs (HTTP/1.1 200) 7 headers in 286 bytes (1 switches on core 0)
2026-05-18 19:02:43.162 7 INFO cinder.api.openstack.wsgi [None req-50085857-a273-4d23-ac11-3441d4492997 6f4d987e5ce24f40994e2107d609af59 524bfc2325c74a77ad5d15ca48ca5071 - - default default] GET http://cinder-api.openstack.svc.cluster.local:8776/v3/524bfc2325c74a77ad5d15ca48ca5071/snapshots?all_tenants=true
2026-05-18 19:02:43.168 7 INFO cinder.volume.api [None req-50085857-a273-4d23-ac11-3441d4492997 6f4d987e5ce24f40994e2107d609af59 524bfc2325c74a77ad5d15ca48ca5071 - - default default] Get all snapshots completed successfully.
2026-05-18 19:02:43.168 7 INFO cinder.api.openstack.wsgi [None req-50085857-a273-4d23-ac11-3441d4492997 6f4d987e5ce24f40994e2107d609af59 524bfc2325c74a77ad5d15ca48ca5071 - - default default] http://cinder-api.openstack.svc.cluster.local:8776/v3/524bfc2325c74a77ad5d15ca48ca5071/snapshots?all_tenants=true returned with HTTP 200 [pid: 7|app: 0|req: 468/943] 10.0.0.70 () {28 vars in 673 bytes} [Mon May 18 19:02:43 2026] GET /v3/524bfc2325c74a77ad5d15ca48ca5071/snapshots?all_tenants=true => generated 17 bytes in 10 msecs (HTTP/1.1 200) 7 headers in 284 bytes (1 switches on core 0)
2026-05-18 19:02:50.574 7 INFO cinder.api.openstack.wsgi [None req-50085857-a273-4d23-ac11-3441d4492997 6f4d987e5ce24f40994e2107d609af59 524bfc2325c74a77ad5d15ca48ca5071 - - default default] GET http://10.0.0.227:8776/
2026-05-18 19:02:50.576 7 INFO cinder.api.openstack.wsgi [None req-50085857-a273-4d23-ac11-3441d4492997 6f4d987e5ce24f40994e2107d609af59 524bfc2325c74a77ad5d15ca48ca5071 - - default default] http://10.0.0.227:8776/ returned with HTTP 300
