2026-05-18 18:59:07.123 8 INFO placement.requestlog [None req-f8356abc-8d87-4b1a-a515-f7ed13339977 780109a2c9064296ad151c81007a1901 f81f7568a02a4917ae9227fa53acb4f8 - - dd376bb87fe4460a814637e5c41cf27f dd376bb87fe4460a814637e5c41cf27f] 10.0.0.34 "GET /resource_providers/2ee149a5-e7d2-41b1-bc7b-81e95257540d/aggregates" status: 404 len: 235 microversion: 1.1 [pid: 8|app: 0|req: 426/841] 10.0.0.34 () {32 vars in 815 bytes} [Mon May 18 18:59:07 2026] GET /resource_providers/2ee149a5-e7d2-41b1-bc7b-81e95257540d/aggregates => generated 235 bytes in 21 msecs (HTTP/1.1 404) 5 headers in 202 bytes (1 switches on core 0)
2026-05-18 18:59:07.134 7 INFO placement.requestlog [None req-d32b8fc7-2206-492a-ab64-bd15f2f7ca6a 780109a2c9064296ad151c81007a1901 f81f7568a02a4917ae9227fa53acb4f8 - - dd376bb87fe4460a814637e5c41cf27f dd376bb87fe4460a814637e5c41cf27f] 10.0.0.34 "DELETE /resource_providers/2ee149a5-e7d2-41b1-bc7b-81e95257540d" status: 404 len: 246 microversion: 1.1 [pid: 7|app: 0|req: 416/842] 10.0.0.34 () {34 vars in 815 bytes} [Mon May 18 18:59:07 2026] DELETE /resource_providers/2ee149a5-e7d2-41b1-bc7b-81e95257540d => generated 246 bytes in 11 msecs (HTTP/1.1 404) 6 headers in 231 bytes (1 switches on core 0)
2026-05-18 18:59:07.146 8 INFO placement.requestlog [None req-718af577-aef7-47dc-87fa-a593b65c6f80 780109a2c9064296ad151c81007a1901 f81f7568a02a4917ae9227fa53acb4f8 - - dd376bb87fe4460a814637e5c41cf27f dd376bb87fe4460a814637e5c41cf27f] 10.0.0.34 "DELETE /resource_providers/2ee149a5-e7d2-41b1-bc7b-81e95257540d" status: 404 len: 246 microversion: 1.1 [pid: 8|app: 0|req: 427/843] 10.0.0.34 () {34 vars in 815 bytes} [Mon May 18 18:59:07 2026] DELETE /resource_providers/2ee149a5-e7d2-41b1-bc7b-81e95257540d => generated 246 bytes in 14 msecs (HTTP/1.1 404) 6 headers in 231 bytes (1 switches on core 0)
2026-05-18 18:59:07.375 7 INFO placement.requestlog [req-52a47f6c-dff9-4beb-8828-f6046d95c14c req-f3d95c4b-f313-4c55-9873-c7153f0c60bf e6310886d2bd4417816034a4885e3585 f81f7568a02a4917ae9227fa53acb4f8 - - dd376bb87fe4460a814637e5c41cf27f dd376bb87fe4460a814637e5c41cf27f] 199.19.213.174 "GET /resource_providers/a6bd2afe-1cd0-4fb9-aa33-4d1f85a0d20e/allocations" status: 200 len: 353 microversion: 1.0 [pid: 7|app: 0|req: 417/844] 199.19.213.174 () {32 vars in 857 bytes} [Mon May 18 18:59:07 2026] GET /resource_providers/a6bd2afe-1cd0-4fb9-aa33-4d1f85a0d20e/allocations => generated 353 bytes in 16 msecs (HTTP/1.1 200) 6 headers in 224 bytes (1 switches on core 0)
2026-05-18 18:59:07.396 8 INFO placement.requestlog [req-52a47f6c-dff9-4beb-8828-f6046d95c14c req-b0a0ca72-1d65-4a8a-932e-4668f05a0e6a e6310886d2bd4417816034a4885e3585 f81f7568a02a4917ae9227fa53acb4f8 - - dd376bb87fe4460a814637e5c41cf27f dd376bb87fe4460a814637e5c41cf27f] 199.19.213.174 "GET /allocations/38845fcd-c460-4d47-8b34-043da30ce5be" status: 200 len: 258 microversion: 1.28 [pid: 8|app: 0|req: 428/845] 199.19.213.174 () {34 vars in 863 bytes} [Mon May 18 18:59:07 2026] GET /allocations/38845fcd-c460-4d47-8b34-043da30ce5be => generated 258 bytes in 15 msecs (HTTP/1.1 200) 8 headers in 296 bytes (1 switches on core 0)
2026-05-18 18:59:07.416 7 INFO placement.requestlog [req-52a47f6c-dff9-4beb-8828-f6046d95c14c req-266e5cbd-feef-4274-8544-4096145e2249 e6310886d2bd4417816034a4885e3585 f81f7568a02a4917ae9227fa53acb4f8 - - dd376bb87fe4460a814637e5c41cf27f dd376bb87fe4460a814637e5c41cf27f] 199.19.213.174 "GET /allocations/1e774543-d205-4565-a133-256acc88a3b3" status: 200 len: 258 microversion: 1.28 [pid: 7|app: 0|req: 418/846] 199.19.213.174 () {34 vars in 863 bytes} [Mon May 18 18:59:07 2026] GET /allocations/1e774543-d205-4565-a133-256acc88a3b3 => generated 258 bytes in 15 msecs (HTTP/1.1 200) 8 headers in 296 bytes (1 switches on core 0)
2026-05-18 18:59:07.432 8 INFO placement.requestlog [req-52a47f6c-dff9-4beb-8828-f6046d95c14c req-c084298f-7fe2-439e-9624-8277394d839c e6310886d2bd4417816034a4885e3585 f81f7568a02a4917ae9227fa53acb4f8 - - dd376bb87fe4460a814637e5c41cf27f dd376bb87fe4460a814637e5c41cf27f] 199.19.213.174 "GET /allocations/2506e45e-aae2-4073-861f-0786d94b3ac1" status: 200 len: 258 microversion: 1.28 [pid: 8|app: 0|req: 429/847] 199.19.213.174 () {34 vars in 863 bytes} [Mon May 18 18:59:07 2026] GET /allocations/2506e45e-aae2-4073-861f-0786d94b3ac1 => generated 258 bytes in 10 msecs (HTTP/1.1 200) 8 headers in 296 bytes (1 switches on core 0)
2026-05-18 18:59:08.411 7 INFO placement.requestlog [None req-bd6b35a4-6cd0-40b9-9a6c-e5b8617bdb9a - - - - - -] 10.0.0.7 "GET /" status: 200 len: 136 microversion: 1.0
2026-05-18 18:59:08.411 8 INFO placement.requestlog [None req-b7256a4d-1fe2-4761-a5ed-42377a8c318e - - - - - -] 10.0.0.7 "GET /" status: 200 len: 136 microversion: 1.0
2026-05-18 18:59:08.487 7 INFO placement.requestlog [req-52a47f6c-dff9-4beb-8828-f6046d95c14c req-4978d559-7adf-466e-afed-9ee8d83d7e56 e6310886d2bd4417816034a4885e3585 f81f7568a02a4917ae9227fa53acb4f8 - - dd376bb87fe4460a814637e5c41cf27f dd376bb87fe4460a814637e5c41cf27f] 199.19.213.174 "DELETE /allocations/2506e45e-aae2-4073-861f-0786d94b3ac1" status: 204 len: 0 microversion: 1.0 [pid: 7|app: 0|req: 420/850] 199.19.213.174 () {34 vars in 841 bytes} [Mon May 18 18:59:08 2026] DELETE /allocations/2506e45e-aae2-4073-861f-0786d94b3ac1 => generated 0 bytes in 35 msecs (HTTP/1.1 204) 5 headers in 198 bytes (1 switches on core 0)
2026-05-18 18:59:11.753 8 INFO placement.requestlog [None req-4116b646-cd38-483c-9d0f-0b05b59136df 780109a2c9064296ad151c81007a1901 f81f7568a02a4917ae9227fa53acb4f8 - - dd376bb87fe4460a814637e5c41cf27f dd376bb87fe4460a814637e5c41cf27f] 10.0.0.34 "GET /resource_providers/2abd0cb3-3069-4504-8f75-665589e9bd81/aggregates" status: 404 len: 235 microversion: 1.1 [pid: 8|app: 0|req: 431/851] 10.0.0.34 () {32 vars in 815 bytes} [Mon May 18 18:59:11 2026] GET /resource_providers/2abd0cb3-3069-4504-8f75-665589e9bd81/aggregates => generated 235 bytes in 8 msecs (HTTP/1.1 404) 5 headers in 202 bytes (1 switches on core 0)
2026-05-18 18:59:11.755 7 INFO placement.requestlog [None req-0a927c8b-8312-494e-830c-4154c4a4afe6 780109a2c9064296ad151c81007a1901 f81f7568a02a4917ae9227fa53acb4f8 - - dd376bb87fe4460a814637e5c41cf27f dd376bb87fe4460a814637e5c41cf27f] 10.0.0.34 "GET /resource_providers/2abd0cb3-3069-4504-8f75-665589e9bd81/aggregates" status: 404 len: 235 microversion: 1.1 [pid: 7|app: 0|req: 421/852] 10.0.0.34 () {32 vars in 815 bytes} [Mon May 18 18:59:11 2026] GET /resource_providers/2abd0cb3-3069-4504-8f75-665589e9bd81/aggregates => generated 235 bytes in 9 msecs (HTTP/1.1 404) 5 headers in 202 bytes (1 switches on core 0)
2026-05-18 18:59:11.770 8 INFO placement.requestlog [None req-0b3bd191-e3d6-4088-a98b-ba119b9a1029 780109a2c9064296ad151c81007a1901 f81f7568a02a4917ae9227fa53acb4f8 - - dd376bb87fe4460a814637e5c41cf27f dd376bb87fe4460a814637e5c41cf27f] 10.0.0.34 "DELETE /resource_providers/2abd0cb3-3069-4504-8f75-665589e9bd81" status: 404 len: 246 microversion: 1.1 [pid: 8|app: 0|req: 432/853] 10.0.0.34 () {34 vars in 815 bytes} [Mon May 18 18:59:11 2026] DELETE /resource_providers/2abd0cb3-3069-4504-8f75-665589e9bd81 => generated 246 bytes in 4 msecs (HTTP/1.1 404) 6 headers in 231 bytes (1 switches on core 0)
2026-05-18 18:59:11.771 7 INFO placement.requestlog [None req-12717de3-4cfc-4519-a0f0-239041333a6f 780109a2c9064296ad151c81007a1901 f81f7568a02a4917ae9227fa53acb4f8 - - dd376bb87fe4460a814637e5c41cf27f dd376bb87fe4460a814637e5c41cf27f] 10.0.0.34 "DELETE /resource_providers/2abd0cb3-3069-4504-8f75-665589e9bd81" status: 404 len: 246 microversion: 1.1 [pid: 7|app: 0|req: 422/854] 10.0.0.34 () {34 vars in 815 bytes} [Mon May 18 18:59:11 2026] DELETE /resource_providers/2abd0cb3-3069-4504-8f75-665589e9bd81 => generated 246 bytes in 6 msecs (HTTP/1.1 404) 6 headers in 231 bytes (1 switches on core 0)
2026-05-18 18:59:12.219 8 INFO placement.requestlog [req-eeefd867-9650-441c-b4db-14fc236780f7 req-32a5c285-ce95-4055-95b3-e4afcb142ca8 e6310886d2bd4417816034a4885e3585 f81f7568a02a4917ae9227fa53acb4f8 - - dd376bb87fe4460a814637e5c41cf27f dd376bb87fe4460a814637e5c41cf27f] 199.19.213.174 "GET /resource_providers/a6bd2afe-1cd0-4fb9-aa33-4d1f85a0d20e/allocations" status: 200 len: 253 microversion: 1.0 [pid: 8|app: 0|req: 433/855] 199.19.213.174 () {32 vars in 857 bytes} [Mon May 18 18:59:12 2026] GET /resource_providers/a6bd2afe-1cd0-4fb9-aa33-4d1f85a0d20e/allocations => generated 253 bytes in 14 msecs (HTTP/1.1 200) 6 headers in 224 bytes (1 switches on core 0)
2026-05-18 18:59:12.240 7 INFO placement.requestlog [req-eeefd867-9650-441c-b4db-14fc236780f7 req-8170a427-f7fd-468c-98d9-f3ac4322808c e6310886d2bd4417816034a4885e3585 f81f7568a02a4917ae9227fa53acb4f8 - - dd376bb87fe4460a814637e5c41cf27f dd376bb87fe4460a814637e5c41cf27f] 199.19.213.174 "GET /allocations/38845fcd-c460-4d47-8b34-043da30ce5be" status: 200 len: 258 microversion: 1.28 [pid: 7|app: 0|req: 423/856] 199.19.213.174 () {34 vars in 863 bytes} [Mon May 18 18:59:12 2026] GET /allocations/38845fcd-c460-4d47-8b34-043da30ce5be => generated 258 bytes in 17 msecs (HTTP/1.1 200) 8 headers in 296 bytes (1 switches on core 0)
2026-05-18 18:59:12.262 8 INFO placement.requestlog [req-eeefd867-9650-441c-b4db-14fc236780f7 req-82f65914-cac0-4923-845b-6caf5f9dcf4e e6310886d2bd4417816034a4885e3585 f81f7568a02a4917ae9227fa53acb4f8 - - dd376bb87fe4460a814637e5c41cf27f dd376bb87fe4460a814637e5c41cf27f] 199.19.213.174 "GET /allocations/1e774543-d205-4565-a133-256acc88a3b3" status: 200 len: 258 microversion: 1.28 [pid: 8|app: 0|req: 434/857] 199.19.213.174 () {34 vars in 863 bytes} [Mon May 18 18:59:12 2026] GET /allocations/1e774543-d205-4565-a133-256acc88a3b3 => generated 258 bytes in 17 msecs (HTTP/1.1 200) 8 headers in 296 bytes (1 switches on core 0)
2026-05-18 18:59:12.804 7 INFO placement.requestlog [None req-16086a51-b0ed-49c3-a77c-b6e698ac3801 780109a2c9064296ad151c81007a1901 f81f7568a02a4917ae9227fa53acb4f8 - - dd376bb87fe4460a814637e5c41cf27f dd376bb87fe4460a814637e5c41cf27f] 10.0.0.34 "GET /resource_providers/5cde2f2d-5720-4d63-a1d9-9516415cf4e1/aggregates" status: 404 len: 235 microversion: 1.1 [pid: 7|app: 0|req: 424/858] 10.0.0.34 () {32 vars in 815 bytes} [Mon May 18 18:59:12 2026] GET /resource_providers/5cde2f2d-5720-4d63-a1d9-9516415cf4e1/aggregates => generated 235 bytes in 7 msecs (HTTP/1.1 404) 5 headers in 202 bytes (1 switches on core 0)
2026-05-18 18:59:12.807 8 INFO placement.requestlog [None req-2dd08543-b8ee-4bb3-b114-40d2e2921ef6 780109a2c9064296ad151c81007a1901 f81f7568a02a4917ae9227fa53acb4f8 - - dd376bb87fe4460a814637e5c41cf27f dd376bb87fe4460a814637e5c41cf27f] 10.0.0.34 "GET /resource_providers/5cde2f2d-5720-4d63-a1d9-9516415cf4e1/aggregates" status: 404 len: 235 microversion: 1.1 [pid: 8|app: 0|req: 435/859] 10.0.0.34 () {32 vars in 815 bytes} [Mon May 18 18:59:12 2026] GET /resource_providers/5cde2f2d-5720-4d63-a1d9-9516415cf4e1/aggregates => generated 235 bytes in 9 msecs (HTTP/1.1 404) 5 headers in 202 bytes (1 switches on core 0)
2026-05-18 18:59:12.824 7 INFO placement.requestlog [None req-c76d2605-5920-4ed9-80b4-901b0e566b43 780109a2c9064296ad151c81007a1901 f81f7568a02a4917ae9227fa53acb4f8 - - dd376bb87fe4460a814637e5c41cf27f dd376bb87fe4460a814637e5c41cf27f] 10.0.0.34 "DELETE /resource_providers/5cde2f2d-5720-4d63-a1d9-9516415cf4e1" status: 404 len: 246 microversion: 1.1 [pid: 7|app: 0|req: 425/860] 10.0.0.34 () {34 vars in 815 bytes} [Mon May 18 18:59:12 2026] DELETE /resource_providers/5cde2f2d-5720-4d63-a1d9-9516415cf4e1 => generated 246 bytes in 7 msecs (HTTP/1.1 404) 6 headers in 231 bytes (1 switches on core 0)
2026-05-18 18:59:12.826 8 INFO placement.requestlog [None req-689f9d33-da3b-45f9-8f02-f447c19c8974 780109a2c9064296ad151c81007a1901 f81f7568a02a4917ae9227fa53acb4f8 - - dd376bb87fe4460a814637e5c41cf27f dd376bb87fe4460a814637e5c41cf27f] 10.0.0.34 "DELETE /resource_providers/5cde2f2d-5720-4d63-a1d9-9516415cf4e1" status: 404 len: 246 microversion: 1.1 [pid: 8|app: 0|req: 436/861] 10.0.0.34 () {34 vars in 815 bytes} [Mon May 18 18:59:12 2026] DELETE /resource_providers/5cde2f2d-5720-4d63-a1d9-9516415cf4e1 => generated 246 bytes in 8 msecs (HTTP/1.1 404) 6 headers in 231 bytes (1 switches on core 0)
2026-05-18 18:59:13.313 7 INFO placement.requestlog [req-eeefd867-9650-441c-b4db-14fc236780f7 req-b59a35e6-b662-44ee-b0de-13ad00ece8ba e6310886d2bd4417816034a4885e3585 f81f7568a02a4917ae9227fa53acb4f8 - - dd376bb87fe4460a814637e5c41cf27f dd376bb87fe4460a814637e5c41cf27f] 199.19.213.174 "DELETE /allocations/38845fcd-c460-4d47-8b34-043da30ce5be" status: 204 len: 0 microversion: 1.0 [pid: 7|app: 0|req: 426/862] 199.19.213.174 () {34 vars in 841 bytes} [Mon May 18 18:59:13 2026] DELETE /allocations/38845fcd-c460-4d47-8b34-043da30ce5be => generated 0 bytes in 27 msecs (HTTP/1.1 204) 5 headers in 198 bytes (1 switches on core 0)
2026-05-18 18:59:13.792 8 INFO placement.requestlog [None req-7af60030-9ad8-46a8-8ecb-5654e60fd7d5 780109a2c9064296ad151c81007a1901 f81f7568a02a4917ae9227fa53acb4f8 - - dd376bb87fe4460a814637e5c41cf27f dd376bb87fe4460a814637e5c41cf27f] 10.0.0.34 "GET /resource_providers/048dc9bd-064b-4330-89f7-dbed8b0d86ae/aggregates" status: 404 len: 235 microversion: 1.1 [pid: 8|app: 0|req: 437/863] 10.0.0.34 () {32 vars in 815 bytes} [Mon May 18 18:59:13 2026] GET /resource_providers/048dc9bd-064b-4330-89f7-dbed8b0d86ae/aggregates => generated 235 bytes in 10 msecs (HTTP/1.1 404) 5 headers in 202 bytes (1 switches on core 0)
2026-05-18 18:59:13.794 7 INFO placement.requestlog [None req-80c62561-919e-43b9-8770-eeea78ca690c 780109a2c9064296ad151c81007a1901 f81f7568a02a4917ae9227fa53acb4f8 - - dd376bb87fe4460a814637e5c41cf27f dd376bb87fe4460a814637e5c41cf27f] 10.0.0.34 "GET /resource_providers/048dc9bd-064b-4330-89f7-dbed8b0d86ae/aggregates" status: 404 len: 235 microversion: 1.1 [pid: 7|app: 0|req: 427/864] 10.0.0.34 () {32 vars in 815 bytes} [Mon May 18 18:59:13 2026] GET /resource_providers/048dc9bd-064b-4330-89f7-dbed8b0d86ae/aggregates => generated 235 bytes in 10 msecs (HTTP/1.1 404) 5 headers in 202 bytes (1 switches on core 0)
2026-05-18 18:59:13.815 8 INFO placement.requestlog [None req-d611c5e5-72c9-4904-a4bf-6cf6efb7d74f 780109a2c9064296ad151c81007a1901 f81f7568a02a4917ae9227fa53acb4f8 - - dd376bb87fe4460a814637e5c41cf27f dd376bb87fe4460a814637e5c41cf27f] 10.0.0.34 "DELETE /resource_providers/048dc9bd-064b-4330-89f7-dbed8b0d86ae" status: 404 len: 246 microversion: 1.1 [pid: 8|app: 0|req: 438/865] 10.0.0.34 () {34 vars in 815 bytes} [Mon May 18 18:59:13 2026] DELETE /resource_providers/048dc9bd-064b-4330-89f7-dbed8b0d86ae => generated 246 bytes in 10 msecs (HTTP/1.1 404) 6 headers in 231 bytes (1 switches on core 0)
2026-05-18 18:59:13.817 7 INFO placement.requestlog [None req-781820ad-7075-47aa-90a0-7f89613628a6 780109a2c9064296ad151c81007a1901 f81f7568a02a4917ae9227fa53acb4f8 - - dd376bb87fe4460a814637e5c41cf27f dd376bb87fe4460a814637e5c41cf27f] 10.0.0.34 "DELETE /resource_providers/048dc9bd-064b-4330-89f7-dbed8b0d86ae" status: 404 len: 246 microversion: 1.1 [pid: 7|app: 0|req: 428/866] 10.0.0.34 () {34 vars in 815 bytes} [Mon May 18 18:59:13 2026] DELETE /resource_providers/048dc9bd-064b-4330-89f7-dbed8b0d86ae => generated 246 bytes in 10 msecs (HTTP/1.1 404) 6 headers in 231 bytes (1 switches on core 0)
2026-05-18 18:59:13.843 7 INFO placement.requestlog [None req-60209813-4872-432e-8444-ef5deee03541 780109a2c9064296ad151c81007a1901 f81f7568a02a4917ae9227fa53acb4f8 - - dd376bb87fe4460a814637e5c41cf27f dd376bb87fe4460a814637e5c41cf27f] 10.0.0.34 "GET /resource_providers/7172f351-6572-4f3f-a0bf-225ec79944c2/aggregates" status: 404 len: 235 microversion: 1.1 [pid: 7|app: 0|req: 429/867] 10.0.0.34 () {32 vars in 815 bytes} [Mon May 18 18:59:13 2026] GET /resource_providers/7172f351-6572-4f3f-a0bf-225ec79944c2/aggregates => generated 235 bytes in 8 msecs (HTTP/1.1 404) 5 headers in 202 bytes (1 switches on core 0)
2026-05-18 18:59:13.845 8 INFO placement.requestlog [req-fcc9c4c6-0e43-43ea-9557-15584e112b5c req-d1b44699-8add-4dd5-9a6b-87c320b74ebd e6310886d2bd4417816034a4885e3585 f81f7568a02a4917ae9227fa53acb4f8 - - dd376bb87fe4460a814637e5c41cf27f dd376bb87fe4460a814637e5c41cf27f] 199.19.213.174 "GET /resource_providers/a6bd2afe-1cd0-4fb9-aa33-4d1f85a0d20e/allocations" status: 200 len: 153 microversion: 1.0 [pid: 8|app: 0|req: 439/868] 199.19.213.174 () {32 vars in 857 bytes} [Mon May 18 18:59:13 2026] GET /resource_providers/a6bd2afe-1cd0-4fb9-aa33-4d1f85a0d20e/allocations => generated 153 bytes in 13 msecs (HTTP/1.1 200) 6 headers in 224 bytes (1 switches on core 0)
2026-05-18 18:59:13.857 7 INFO placement.requestlog [None req-2a58b5b8-ac52-4ed2-a9a1-41d48ff69091 780109a2c9064296ad151c81007a1901 f81f7568a02a4917ae9227fa53acb4f8 - - dd376bb87fe4460a814637e5c41cf27f dd376bb87fe4460a814637e5c41cf27f] 10.0.0.34 "GET /resource_providers/7172f351-6572-4f3f-a0bf-225ec79944c2/aggregates" status: 404 len: 235 microversion: 1.1 [pid: 7|app: 0|req: 430/869] 10.0.0.34 () {32 vars in 815 bytes} [Mon May 18 18:59:13 2026] GET /resource_providers/7172f351-6572-4f3f-a0bf-225ec79944c2/aggregates => generated 235 bytes in 7 msecs (HTTP/1.1 404) 5 headers in 202 bytes (1 switches on core 0)
2026-05-18 18:59:13.864 7 INFO placement.requestlog [None req-15d1a1e3-7ec1-4518-bfdb-995aae1be898 780109a2c9064296ad151c81007a1901 f81f7568a02a4917ae9227fa53acb4f8 - - dd376bb87fe4460a814637e5c41cf27f dd376bb87fe4460a814637e5c41cf27f] 10.0.0.34 "DELETE /resource_providers/7172f351-6572-4f3f-a0bf-225ec79944c2" status: 404 len: 246 microversion: 1.1 [pid: 7|app: 0|req: 431/870] 10.0.0.34 () {34 vars in 815 bytes} [Mon May 18 18:59:13 2026] DELETE /resource_providers/7172f351-6572-4f3f-a0bf-225ec79944c2 => generated 246 bytes in 6 msecs (HTTP/1.1 404) 6 headers in 231 bytes (1 switches on core 0)
2026-05-18 18:59:13.868 8 INFO placement.requestlog [req-fcc9c4c6-0e43-43ea-9557-15584e112b5c req-84798760-44c4-454a-90df-58769b7a0d0b e6310886d2bd4417816034a4885e3585 f81f7568a02a4917ae9227fa53acb4f8 - - dd376bb87fe4460a814637e5c41cf27f dd376bb87fe4460a814637e5c41cf27f] 199.19.213.174 "GET /allocations/1e774543-d205-4565-a133-256acc88a3b3" status: 200 len: 258 microversion: 1.28 [pid: 8|app: 0|req: 440/871] 199.19.213.174 () {34 vars in 863 bytes} [Mon May 18 18:59:13 2026] GET /allocations/1e774543-d205-4565-a133-256acc88a3b3 => generated 258 bytes in 16 msecs (HTTP/1.1 200) 8 headers in 296 bytes (1 switches on core 0)
2026-05-18 18:59:13.881 7 INFO placement.requestlog [None req-d1baf989-ba73-4aaa-b16b-f19b744eab14 780109a2c9064296ad151c81007a1901 f81f7568a02a4917ae9227fa53acb4f8 - - dd376bb87fe4460a814637e5c41cf27f dd376bb87fe4460a814637e5c41cf27f] 10.0.0.34 "DELETE /resource_providers/7172f351-6572-4f3f-a0bf-225ec79944c2" status: 404 len: 246 microversion: 1.1 [pid: 7|app: 0|req: 432/872] 10.0.0.34 () {34 vars in 815 bytes} [Mon May 18 18:59:13 2026] DELETE /resource_providers/7172f351-6572-4f3f-a0bf-225ec79944c2 => generated 246 bytes in 12 msecs (HTTP/1.1 404) 6 headers in 231 bytes (1 switches on core 0)
2026-05-18 18:59:13.889 8 INFO placement.requestlog [None req-a232eb8b-5444-4fe4-abeb-a8d0870c89b4 780109a2c9064296ad151c81007a1901 f81f7568a02a4917ae9227fa53acb4f8 - - dd376bb87fe4460a814637e5c41cf27f dd376bb87fe4460a814637e5c41cf27f] 10.0.0.34 "GET /resource_providers/b0d294b3-631b-43d5-a9f2-2ce271064672/aggregates" status: 404 len: 235 microversion: 1.1 [pid: 8|app: 0|req: 441/873] 10.0.0.34 () {32 vars in 815 bytes} [Mon May 18 18:59:13 2026] GET /resource_providers/b0d294b3-631b-43d5-a9f2-2ce271064672/aggregates => generated 235 bytes in 13 msecs (HTTP/1.1 404) 5 headers in 202 bytes (1 switches on core 0)
2026-05-18 18:59:13.916 7 INFO placement.requestlog [None req-a2e9cea4-f1d8-4d99-b9f8-1a361f1234f9 780109a2c9064296ad151c81007a1901 f81f7568a02a4917ae9227fa53acb4f8 - - dd376bb87fe4460a814637e5c41cf27f dd376bb87fe4460a814637e5c41cf27f] 10.0.0.34 "DELETE /resource_providers/b0d294b3-631b-43d5-a9f2-2ce271064672" status: 404 len: 246 microversion: 1.1 [pid: 7|app: 0|req: 433/874] 10.0.0.34 () {34 vars in 815 bytes} [Mon May 18 18:59:13 2026] DELETE /resource_providers/b0d294b3-631b-43d5-a9f2-2ce271064672 => generated 246 bytes in 13 msecs (HTTP/1.1 404) 6 headers in 231 bytes (1 switches on core 0)
2026-05-18 18:59:13.923 8 INFO placement.requestlog [None req-64187d34-bb09-4fa3-b69b-157c92f97023 780109a2c9064296ad151c81007a1901 f81f7568a02a4917ae9227fa53acb4f8 - - dd376bb87fe4460a814637e5c41cf27f dd376bb87fe4460a814637e5c41cf27f] 10.0.0.34 "GET /resource_providers/b0d294b3-631b-43d5-a9f2-2ce271064672/aggregates" status: 404 len: 235 microversion: 1.1 [pid: 8|app: 0|req: 442/875] 10.0.0.34 () {32 vars in 815 bytes} [Mon May 18 18:59:13 2026] GET /resource_providers/b0d294b3-631b-43d5-a9f2-2ce271064672/aggregates => generated 235 bytes in 14 msecs (HTTP/1.1 404) 5 headers in 202 bytes (1 switches on core 0)
2026-05-18 18:59:13.944 7 INFO placement.requestlog [None req-4aeb136e-a4df-425a-a833-47df868b8656 780109a2c9064296ad151c81007a1901 f81f7568a02a4917ae9227fa53acb4f8 - - dd376bb87fe4460a814637e5c41cf27f dd376bb87fe4460a814637e5c41cf27f] 10.0.0.34 "DELETE /resource_providers/b0d294b3-631b-43d5-a9f2-2ce271064672" status: 404 len: 246 microversion: 1.1 [pid: 7|app: 0|req: 434/876] 10.0.0.34 () {34 vars in 815 bytes} [Mon May 18 18:59:13 2026] DELETE /resource_providers/b0d294b3-631b-43d5-a9f2-2ce271064672 => generated 246 bytes in 12 msecs (HTTP/1.1 404) 6 headers in 231 bytes (1 switches on core 0)
2026-05-18 18:59:14.926 8 INFO placement.requestlog [req-fcc9c4c6-0e43-43ea-9557-15584e112b5c req-4b7969fa-a18c-4e98-89a4-71240aab8297 e6310886d2bd4417816034a4885e3585 f81f7568a02a4917ae9227fa53acb4f8 - - dd376bb87fe4460a814637e5c41cf27f dd376bb87fe4460a814637e5c41cf27f] 199.19.213.174 "DELETE /allocations/1e774543-d205-4565-a133-256acc88a3b3" status: 204 len: 0 microversion: 1.0 [pid: 8|app: 0|req: 443/877] 199.19.213.174 () {34 vars in 841 bytes} [Mon May 18 18:59:14 2026] DELETE /allocations/1e774543-d205-4565-a133-256acc88a3b3 => generated 0 bytes in 28 msecs (HTTP/1.1 204) 5 headers in 198 bytes (1 switches on core 0)
2026-05-18 18:59:16.440 7 INFO placement.requestlog [None req-5f501c66-250d-418a-b254-0c69a6d00369 780109a2c9064296ad151c81007a1901 f81f7568a02a4917ae9227fa53acb4f8 - - dd376bb87fe4460a814637e5c41cf27f dd376bb87fe4460a814637e5c41cf27f] 10.0.0.34 "GET /resource_providers/84a691fb-23cf-499d-b306-133e9604a77c/aggregates" status: 404 len: 235 microversion: 1.1 [pid: 7|app: 0|req: 435/878] 10.0.0.34 () {32 vars in 815 bytes} [Mon May 18 18:59:16 2026] GET /resource_providers/84a691fb-23cf-499d-b306-133e9604a77c/aggregates => generated 235 bytes in 10 msecs (HTTP/1.1 404) 5 headers in 202 bytes (1 switches on core 0)
2026-05-18 18:59:16.442 8 INFO placement.requestlog [None req-1c5ebf47-007a-4e29-b252-9183da2cc5a7 780109a2c9064296ad151c81007a1901 f81f7568a02a4917ae9227fa53acb4f8 - - dd376bb87fe4460a814637e5c41cf27f dd376bb87fe4460a814637e5c41cf27f] 10.0.0.34 "GET /resource_providers/84a691fb-23cf-499d-b306-133e9604a77c/aggregates" status: 404 len: 235 microversion: 1.1 [pid: 8|app: 0|req: 444/879] 10.0.0.34 () {32 vars in 815 bytes} [Mon May 18 18:59:16 2026] GET /resource_providers/84a691fb-23cf-499d-b306-133e9604a77c/aggregates => generated 235 bytes in 11 msecs (HTTP/1.1 404) 5 headers in 202 bytes (1 switches on core 0)
2026-05-18 18:59:16.462 7 INFO placement.requestlog [None req-7d72e980-e0b9-4098-b89e-db1d7f98f04c 780109a2c9064296ad151c81007a1901 f81f7568a02a4917ae9227fa53acb4f8 - - dd376bb87fe4460a814637e5c41cf27f dd376bb87fe4460a814637e5c41cf27f] 10.0.0.34 "DELETE /resource_providers/84a691fb-23cf-499d-b306-133e9604a77c" status: 404 len: 246 microversion: 1.1 [pid: 7|app: 0|req: 436/880] 10.0.0.34 () {34 vars in 815 bytes} [Mon May 18 18:59:16 2026] DELETE /resource_providers/84a691fb-23cf-499d-b306-133e9604a77c => generated 246 bytes in 11 msecs (HTTP/1.1 404) 6 headers in 231 bytes (1 switches on core 0)
2026-05-18 18:59:16.468 8 INFO placement.requestlog [None req-1e76d559-1a9c-4cde-a496-e00136fef95c 780109a2c9064296ad151c81007a1901 f81f7568a02a4917ae9227fa53acb4f8 - - dd376bb87fe4460a814637e5c41cf27f dd376bb87fe4460a814637e5c41cf27f] 10.0.0.34 "DELETE /resource_providers/84a691fb-23cf-499d-b306-133e9604a77c" status: 404 len: 246 microversion: 1.1 [pid: 8|app: 0|req: 445/881] 10.0.0.34 () {34 vars in 815 bytes} [Mon May 18 18:59:16 2026] DELETE /resource_providers/84a691fb-23cf-499d-b306-133e9604a77c => generated 246 bytes in 11 msecs (HTTP/1.1 404) 6 headers in 231 bytes (1 switches on core 0)
2026-05-18 18:59:18.410 7 INFO placement.requestlog [None req-73cd1057-21e4-4b43-aa69-16b58c8f56cf - - - - - -] 10.0.0.7 "GET /" status: 200 len: 136 microversion: 1.0
2026-05-18 18:59:18.410 8 INFO placement.requestlog [None req-96293f70-5918-4fae-933d-79d1d43104ba - - - - - -] 10.0.0.7 "GET /" status: 200 len: 136 microversion: 1.0
2026-05-18 18:59:19.756 7 INFO placement.requestlog [None req-d41355b8-7d79-47c8-9d54-ed2020e51543 780109a2c9064296ad151c81007a1901 f81f7568a02a4917ae9227fa53acb4f8 - - dd376bb87fe4460a814637e5c41cf27f dd376bb87fe4460a814637e5c41cf27f] 10.0.0.34 "GET /resource_providers/185e2331-8678-4120-9b99-a664d369c18c/aggregates" status: 404 len: 235 microversion: 1.1 [pid: 7|app: 0|req: 438/884] 10.0.0.34 () {32 vars in 815 bytes} [Mon May 18 18:59:19 2026] GET /resource_providers/185e2331-8678-4120-9b99-a664d369c18c/aggregates => generated 235 bytes in 10 msecs (HTTP/1.1 404) 5 headers in 202 bytes (1 switches on core 0)
2026-05-18 18:59:19.763 8 INFO placement.requestlog [None req-5890c686-4b6f-4f32-a390-75b0da3d2c96 780109a2c9064296ad151c81007a1901 f81f7568a02a4917ae9227fa53acb4f8 - - dd376bb87fe4460a814637e5c41cf27f dd376bb87fe4460a814637e5c41cf27f] 10.0.0.34 "GET /resource_providers/185e2331-8678-4120-9b99-a664d369c18c/aggregates" status: 404 len: 235 microversion: 1.1 [pid: 8|app: 0|req: 447/885] 10.0.0.34 () {32 vars in 815 bytes} [Mon May 18 18:59:19 2026] GET /resource_providers/185e2331-8678-4120-9b99-a664d369c18c/aggregates => generated 235 bytes in 13 msecs (HTTP/1.1 404) 5 headers in 202 bytes (1 switches on core 0)
2026-05-18 18:59:19.789 8 INFO placement.requestlog [None req-5ae08863-69ad-4c16-b30a-1eb4b8e2f44d 780109a2c9064296ad151c81007a1901 f81f7568a02a4917ae9227fa53acb4f8 - - dd376bb87fe4460a814637e5c41cf27f dd376bb87fe4460a814637e5c41cf27f] 10.0.0.34 "DELETE /resource_providers/185e2331-8678-4120-9b99-a664d369c18c" status: 404 len: 246 microversion: 1.1 [pid: 8|app: 0|req: 448/886] 10.0.0.34 () {34 vars in 815 bytes} [Mon May 18 18:59:19 2026] DELETE /resource_providers/185e2331-8678-4120-9b99-a664d369c18c => generated 246 bytes in 17 msecs (HTTP/1.1 404) 6 headers in 231 bytes (1 switches on core 0)
2026-05-18 18:59:19.790 7 INFO placement.requestlog [None req-e7955910-eb44-4738-a6e2-f23c60335a45 780109a2c9064296ad151c81007a1901 f81f7568a02a4917ae9227fa53acb4f8 - - dd376bb87fe4460a814637e5c41cf27f dd376bb87fe4460a814637e5c41cf27f] 10.0.0.34 "DELETE /resource_providers/185e2331-8678-4120-9b99-a664d369c18c" status: 404 len: 246 microversion: 1.1 [pid: 7|app: 0|req: 439/887] 10.0.0.34 () {34 vars in 815 bytes} [Mon May 18 18:59:19 2026] DELETE /resource_providers/185e2331-8678-4120-9b99-a664d369c18c => generated 246 bytes in 19 msecs (HTTP/1.1 404) 6 headers in 231 bytes (1 switches on core 0)
2026-05-18 18:59:21.814 8 INFO placement.requestlog [None req-6a1e975f-5889-453b-ba2b-f524a36d7e7d 780109a2c9064296ad151c81007a1901 f81f7568a02a4917ae9227fa53acb4f8 - - dd376bb87fe4460a814637e5c41cf27f dd376bb87fe4460a814637e5c41cf27f] 10.0.0.34 "GET /resource_providers/3baf1f57-302a-49f8-8d47-98e67969f4df/aggregates" status: 404 len: 235 microversion: 1.1 [pid: 8|app: 0|req: 449/888] 10.0.0.34 () {32 vars in 815 bytes} [Mon May 18 18:59:21 2026] GET /resource_providers/3baf1f57-302a-49f8-8d47-98e67969f4df/aggregates => generated 235 bytes in 12 msecs (HTTP/1.1 404) 5 headers in 202 bytes (1 switches on core 0)
2026-05-18 18:59:21.820 7 INFO placement.requestlog [None req-2355bde9-7877-462a-84e0-288eee89501b 780109a2c9064296ad151c81007a1901 f81f7568a02a4917ae9227fa53acb4f8 - - dd376bb87fe4460a814637e5c41cf27f dd376bb87fe4460a814637e5c41cf27f] 10.0.0.34 "GET /resource_providers/3baf1f57-302a-49f8-8d47-98e67969f4df/aggregates" status: 404 len: 235 microversion: 1.1 [pid: 7|app: 0|req: 440/889] 10.0.0.34 () {32 vars in 815 bytes} [Mon May 18 18:59:21 2026] GET /resource_providers/3baf1f57-302a-49f8-8d47-98e67969f4df/aggregates => generated 235 bytes in 10 msecs (HTTP/1.1 404) 5 headers in 202 bytes (1 switches on core 0)
2026-05-18 18:59:21.841 7 INFO placement.requestlog [None req-52ee3cea-eab0-4e32-acbe-a073e29d019e 780109a2c9064296ad151c81007a1901 f81f7568a02a4917ae9227fa53acb4f8 - - dd376bb87fe4460a814637e5c41cf27f dd376bb87fe4460a814637e5c41cf27f] 10.0.0.34 "DELETE /resource_providers/3baf1f57-302a-49f8-8d47-98e67969f4df" status: 404 len: 246 microversion: 1.1
2026-05-18 18:59:21.841 8 INFO placement.requestlog [None req-46f4c8b7-b500-4a0a-baad-eb7bace27a6b 780109a2c9064296ad151c81007a1901 f81f7568a02a4917ae9227fa53acb4f8 - - dd376bb87fe4460a814637e5c41cf27f dd376bb87fe4460a814637e5c41cf27f] 10.0.0.34 "DELETE /resource_providers/3baf1f57-302a-49f8-8d47-98e67969f4df" status: 404 len: 246 microversion: 1.1 [pid: 7|app: 0|req: 441/890] 10.0.0.34 () {34 vars in 815 bytes} [Mon May 18 18:59:21 2026] DELETE /resource_providers/3baf1f57-302a-49f8-8d47-98e67969f4df => generated 246 bytes in 11 msecs (HTTP/1.1 404) 6 headers in 231 bytes (1 switches on core 0) [pid: 8|app: 0|req: 450/891] 10.0.0.34 () {34 vars in 815 bytes} [Mon May 18 18:59:21 2026] DELETE /resource_providers/3baf1f57-302a-49f8-8d47-98e67969f4df => generated 246 bytes in 12 msecs (HTTP/1.1 404) 6 headers in 231 bytes (1 switches on core 0)
2026-05-18 18:59:23.862 7 INFO placement.requestlog [None req-7ba1063d-54a5-48b7-9e70-e7b122d94bc2 780109a2c9064296ad151c81007a1901 f81f7568a02a4917ae9227fa53acb4f8 - - dd376bb87fe4460a814637e5c41cf27f dd376bb87fe4460a814637e5c41cf27f] 10.0.0.34 "GET /resource_providers/bf616360-db03-4a1e-b463-d77fea431dd6/aggregates" status: 404 len: 235 microversion: 1.1 [pid: 7|app: 0|req: 442/892] 10.0.0.34 () {32 vars in 815 bytes} [Mon May 18 18:59:23 2026] GET /resource_providers/bf616360-db03-4a1e-b463-d77fea431dd6/aggregates => generated 235 bytes in 10 msecs (HTTP/1.1 404) 5 headers in 202 bytes (1 switches on core 0)
2026-05-18 18:59:23.876 7 INFO placement.requestlog [None req-a79217cd-6d33-4d27-a5eb-adc378f9e3f6 780109a2c9064296ad151c81007a1901 f81f7568a02a4917ae9227fa53acb4f8 - - dd376bb87fe4460a814637e5c41cf27f dd376bb87fe4460a814637e5c41cf27f] 10.0.0.34 "DELETE /resource_providers/bf616360-db03-4a1e-b463-d77fea431dd6" status: 404 len: 246 microversion: 1.1 [pid: 7|app: 0|req: 443/893] 10.0.0.34 () {34 vars in 815 bytes} [Mon May 18 18:59:23 2026] DELETE /resource_providers/bf616360-db03-4a1e-b463-d77fea431dd6 => generated 246 bytes in 9 msecs (HTTP/1.1 404) 6 headers in 231 bytes (1 switches on core 0)
2026-05-18 18:59:23.880 8 INFO placement.requestlog [None req-57aa925d-14f4-4d8f-ab19-a6a0e950cec4 780109a2c9064296ad151c81007a1901 f81f7568a02a4917ae9227fa53acb4f8 - - dd376bb87fe4460a814637e5c41cf27f dd376bb87fe4460a814637e5c41cf27f] 10.0.0.34 "GET /resource_providers/bf616360-db03-4a1e-b463-d77fea431dd6/aggregates" status: 404 len: 235 microversion: 1.1 [pid: 8|app: 0|req: 451/894] 10.0.0.34 () {32 vars in 815 bytes} [Mon May 18 18:59:23 2026] GET /resource_providers/bf616360-db03-4a1e-b463-d77fea431dd6/aggregates => generated 235 bytes in 17 msecs (HTTP/1.1 404) 5 headers in 202 bytes (1 switches on core 0)
2026-05-18 18:59:23.921 7 INFO placement.requestlog [None req-a8063837-338c-4d2e-9d9d-63f61c349a12 780109a2c9064296ad151c81007a1901 f81f7568a02a4917ae9227fa53acb4f8 - - dd376bb87fe4460a814637e5c41cf27f dd376bb87fe4460a814637e5c41cf27f] 10.0.0.34 "DELETE /resource_providers/bf616360-db03-4a1e-b463-d77fea431dd6" status: 404 len: 246 microversion: 1.1 [pid: 7|app: 0|req: 444/895] 10.0.0.34 () {34 vars in 815 bytes} [Mon May 18 18:59:23 2026] DELETE /resource_providers/bf616360-db03-4a1e-b463-d77fea431dd6 => generated 246 bytes in 12 msecs (HTTP/1.1 404) 6 headers in 231 bytes (1 switches on core 0)
2026-05-18 18:59:24.146 8 INFO placement.requestlog [None req-6fbbb163-33bd-48ea-98af-ed7934980697 780109a2c9064296ad151c81007a1901 f81f7568a02a4917ae9227fa53acb4f8 - - dd376bb87fe4460a814637e5c41cf27f dd376bb87fe4460a814637e5c41cf27f] 10.0.0.34 "GET /resource_providers/0a1a18ba-2819-4475-b8d5-8b086c6d3c82/aggregates" status: 404 len: 235 microversion: 1.1 [pid: 8|app: 0|req: 452/896] 10.0.0.34 () {32 vars in 815 bytes} [Mon May 18 18:59:24 2026] GET /resource_providers/0a1a18ba-2819-4475-b8d5-8b086c6d3c82/aggregates => generated 235 bytes in 11 msecs (HTTP/1.1 404) 5 headers in 202 bytes (1 switches on core 0)
2026-05-18 18:59:24.151 7 INFO placement.requestlog [None req-8658b2a0-9b3b-43fe-bc35-2821ebbe824b 780109a2c9064296ad151c81007a1901 f81f7568a02a4917ae9227fa53acb4f8 - - dd376bb87fe4460a814637e5c41cf27f dd376bb87fe4460a814637e5c41cf27f] 10.0.0.34 "GET /resource_providers/0a1a18ba-2819-4475-b8d5-8b086c6d3c82/aggregates" status: 404 len: 235 microversion: 1.1 [pid: 7|app: 0|req: 445/897] 10.0.0.34 () {32 vars in 815 bytes} [Mon May 18 18:59:24 2026] GET /resource_providers/0a1a18ba-2819-4475-b8d5-8b086c6d3c82/aggregates => generated 235 bytes in 16 msecs (HTTP/1.1 404) 5 headers in 202 bytes (1 switches on core 0)
2026-05-18 18:59:24.168 8 INFO placement.requestlog [None req-c10e2ab7-e7f7-476a-97ba-40913f61f3ff 780109a2c9064296ad151c81007a1901 f81f7568a02a4917ae9227fa53acb4f8 - - dd376bb87fe4460a814637e5c41cf27f dd376bb87fe4460a814637e5c41cf27f] 10.0.0.34 "DELETE /resource_providers/0a1a18ba-2819-4475-b8d5-8b086c6d3c82" status: 404 len: 246 microversion: 1.1 [pid: 8|app: 0|req: 453/898] 10.0.0.34 () {34 vars in 815 bytes} [Mon May 18 18:59:24 2026] DELETE /resource_providers/0a1a18ba-2819-4475-b8d5-8b086c6d3c82 => generated 246 bytes in 10 msecs (HTTP/1.1 404) 6 headers in 231 bytes (1 switches on core 0)
2026-05-18 18:59:24.172 7 INFO placement.requestlog [None req-dc4b5d8e-a567-4aa6-afec-999f0e36b7b0 780109a2c9064296ad151c81007a1901 f81f7568a02a4917ae9227fa53acb4f8 - - dd376bb87fe4460a814637e5c41cf27f dd376bb87fe4460a814637e5c41cf27f] 10.0.0.34 "DELETE /resource_providers/0a1a18ba-2819-4475-b8d5-8b086c6d3c82" status: 404 len: 246 microversion: 1.1 [pid: 7|app: 0|req: 446/899] 10.0.0.34 () {34 vars in 815 bytes} [Mon May 18 18:59:24 2026] DELETE /resource_providers/0a1a18ba-2819-4475-b8d5-8b086c6d3c82 => generated 246 bytes in 14 msecs (HTTP/1.1 404) 6 headers in 231 bytes (1 switches on core 0)
2026-05-18 18:59:28.410 8 INFO placement.requestlog [None req-8b9194e1-c69f-4566-8a94-84ecf3014f28 - - - - - -] 10.0.0.7 "GET /" status: 200 len: 136 microversion: 1.0
2026-05-18 18:59:28.411 7 INFO placement.requestlog [None req-32ee47b1-fbb2-4c64-ae13-8ee1dd83b2ef - - - - - -] 10.0.0.7 "GET /" status: 200 len: 136 microversion: 1.0
2026-05-18 18:59:37.848 8 INFO placement.requestlog [req-405863c4-bc97-430c-b582-48305db9050b req-583dcb28-cbbf-49ba-819f-b7d5c80fcc8d e6310886d2bd4417816034a4885e3585 f81f7568a02a4917ae9227fa53acb4f8 - - dd376bb87fe4460a814637e5c41cf27f dd376bb87fe4460a814637e5c41cf27f] 199.19.213.174 "GET /resource_providers/a6bd2afe-1cd0-4fb9-aa33-4d1f85a0d20e/allocations" status: 200 len: 55 microversion: 1.0 [pid: 8|app: 0|req: 455/902] 199.19.213.174 () {32 vars in 857 bytes} [Mon May 18 18:59:37 2026] GET /resource_providers/a6bd2afe-1cd0-4fb9-aa33-4d1f85a0d20e/allocations => generated 55 bytes in 19 msecs (HTTP/1.1 200) 6 headers in 223 bytes (1 switches on core 0)
2026-05-18 18:59:37.867 7 INFO placement.requestlog [req-405863c4-bc97-430c-b582-48305db9050b req-2cb4b40d-0663-4a51-8d24-46218febd98c e6310886d2bd4417816034a4885e3585 f81f7568a02a4917ae9227fa53acb4f8 - - dd376bb87fe4460a814637e5c41cf27f dd376bb87fe4460a814637e5c41cf27f] 199.19.213.174 "GET /resource_providers/a6bd2afe-1cd0-4fb9-aa33-4d1f85a0d20e/allocations" status: 200 len: 55 microversion: 1.0 [pid: 7|app: 0|req: 448/903] 199.19.213.174 () {32 vars in 857 bytes} [Mon May 18 18:59:37 2026] GET /resource_providers/a6bd2afe-1cd0-4fb9-aa33-4d1f85a0d20e/allocations => generated 55 bytes in 14 msecs (HTTP/1.1 200) 6 headers in 223 bytes (1 switches on core 0)
2026-05-18 18:59:38.410 7 INFO placement.requestlog [None req-705795b0-51fd-40a6-bc7e-5f04c5d4951d - - - - - -] 10.0.0.7 "GET /" status: 200 len: 136 microversion: 1.0
2026-05-18 18:59:38.411 8 INFO placement.requestlog [None req-10821742-1409-4de8-b73c-eef773897312 - - - - - -] 10.0.0.7 "GET /" status: 200 len: 136 microversion: 1.0
2026-05-18 18:59:48.081 7 INFO placement.requestlog [None req-710cc223-74a7-4843-af61-099999c948f3 780109a2c9064296ad151c81007a1901 f81f7568a02a4917ae9227fa53acb4f8 - - dd376bb87fe4460a814637e5c41cf27f dd376bb87fe4460a814637e5c41cf27f] 10.0.0.34 "GET /resource_providers/3625a7c1-5959-4148-9002-0f4bf47ac30a/aggregates" status: 404 len: 235 microversion: 1.1 [pid: 7|app: 0|req: 450/906] 10.0.0.34 () {32 vars in 815 bytes} [Mon May 18 18:59:48 2026] GET /resource_providers/3625a7c1-5959-4148-9002-0f4bf47ac30a/aggregates => generated 235 bytes in 10 msecs (HTTP/1.1 404) 5 headers in 202 bytes (1 switches on core 0)
2026-05-18 18:59:48.082 8 INFO placement.requestlog [None req-a1595dbb-52ce-4d80-ad9c-ea2d1401f9ef 780109a2c9064296ad151c81007a1901 f81f7568a02a4917ae9227fa53acb4f8 - - dd376bb87fe4460a814637e5c41cf27f dd376bb87fe4460a814637e5c41cf27f] 10.0.0.34 "GET /resource_providers/3625a7c1-5959-4148-9002-0f4bf47ac30a/aggregates" status: 404 len: 235 microversion: 1.1 [pid: 8|app: 0|req: 457/907] 10.0.0.34 () {32 vars in 815 bytes} [Mon May 18 18:59:48 2026] GET /resource_providers/3625a7c1-5959-4148-9002-0f4bf47ac30a/aggregates => generated 235 bytes in 8 msecs (HTTP/1.1 404) 5 headers in 202 bytes (1 switches on core 0)
2026-05-18 18:59:48.100 8 INFO placement.requestlog [None req-f9d32df5-a6b6-483b-a92e-b9d4cf3ddc31 780109a2c9064296ad151c81007a1901 f81f7568a02a4917ae9227fa53acb4f8 - - dd376bb87fe4460a814637e5c41cf27f dd376bb87fe4460a814637e5c41cf27f] 10.0.0.34 "DELETE /resource_providers/3625a7c1-5959-4148-9002-0f4bf47ac30a" status: 404 len: 246 microversion: 1.1
2026-05-18 18:59:48.100 7 INFO placement.requestlog [None req-a667124b-d479-49bc-bfb7-fb126024ded2 780109a2c9064296ad151c81007a1901 f81f7568a02a4917ae9227fa53acb4f8 - - dd376bb87fe4460a814637e5c41cf27f dd376bb87fe4460a814637e5c41cf27f] 10.0.0.34 "DELETE /resource_providers/3625a7c1-5959-4148-9002-0f4bf47ac30a" status: 404 len: 246 microversion: 1.1 [pid: 8|app: 0|req: 458/908] 10.0.0.34 () {34 vars in 815 bytes} [Mon May 18 18:59:48 2026] DELETE /resource_providers/3625a7c1-5959-4148-9002-0f4bf47ac30a => generated 246 bytes in 6 msecs (HTTP/1.1 404) 6 headers in 231 bytes (1 switches on core 0) [pid: 7|app: 0|req: 451/909] 10.0.0.34 () {34 vars in 815 bytes} [Mon May 18 18:59:48 2026] DELETE /resource_providers/3625a7c1-5959-4148-9002-0f4bf47ac30a => generated 246 bytes in 7 msecs (HTTP/1.1 404) 6 headers in 231 bytes (1 switches on core 0)
2026-05-18 18:59:48.410 8 INFO placement.requestlog [None req-d072e2e2-a444-4177-a015-2de7a9d941d5 - - - - - -] 10.0.0.7 "GET /" status: 200 len: 136 microversion: 1.0
2026-05-18 18:59:48.410 7 INFO placement.requestlog [None req-6e62fd0c-e798-4872-ada3-3525892a6394 - - - - - -] 10.0.0.7 "GET /" status: 200 len: 136 microversion: 1.0
2026-05-18 18:59:50.197 8 INFO placement.requestlog [None req-334fd640-ce6a-4316-8906-2b6578665b76 780109a2c9064296ad151c81007a1901 f81f7568a02a4917ae9227fa53acb4f8 - - dd376bb87fe4460a814637e5c41cf27f dd376bb87fe4460a814637e5c41cf27f] 10.0.0.34 "GET /resource_providers/45c355c1-3eed-4d5c-92f5-77ef3a8489f2/aggregates" status: 404 len: 235 microversion: 1.1 [pid: 8|app: 0|req: 460/912] 10.0.0.34 () {32 vars in 815 bytes} [Mon May 18 18:59:50 2026] GET /resource_providers/45c355c1-3eed-4d5c-92f5-77ef3a8489f2/aggregates => generated 235 bytes in 8 msecs (HTTP/1.1 404) 5 headers in 202 bytes (1 switches on core 0)
2026-05-18 18:59:50.201 7 INFO placement.requestlog [None req-654b3db8-29b8-41e5-9573-fe65dccb04d2 780109a2c9064296ad151c81007a1901 f81f7568a02a4917ae9227fa53acb4f8 - - dd376bb87fe4460a814637e5c41cf27f dd376bb87fe4460a814637e5c41cf27f] 10.0.0.34 "GET /resource_providers/45c355c1-3eed-4d5c-92f5-77ef3a8489f2/aggregates" status: 404 len: 235 microversion: 1.1 [pid: 7|app: 0|req: 453/913] 10.0.0.34 () {32 vars in 815 bytes} [Mon May 18 18:59:50 2026] GET /resource_providers/45c355c1-3eed-4d5c-92f5-77ef3a8489f2/aggregates => generated 235 bytes in 8 msecs (HTTP/1.1 404) 5 headers in 202 bytes (1 switches on core 0)
2026-05-18 18:59:50.217 8 INFO placement.requestlog [None req-3925dcb8-b29f-4c39-99a9-21e2ebcc8ec0 780109a2c9064296ad151c81007a1901 f81f7568a02a4917ae9227fa53acb4f8 - - dd376bb87fe4460a814637e5c41cf27f dd376bb87fe4460a814637e5c41cf27f] 10.0.0.34 "DELETE /resource_providers/45c355c1-3eed-4d5c-92f5-77ef3a8489f2" status: 404 len: 246 microversion: 1.1 [pid: 8|app: 0|req: 461/914] 10.0.0.34 () {34 vars in 815 bytes} [Mon May 18 18:59:50 2026] DELETE /resource_providers/45c355c1-3eed-4d5c-92f5-77ef3a8489f2 => generated 246 bytes in 7 msecs (HTTP/1.1 404) 6 headers in 231 bytes (1 switches on core 0)
2026-05-18 18:59:50.229 7 INFO placement.requestlog [None req-c9902952-1961-4a1b-b5dd-b518f0177ebe 780109a2c9064296ad151c81007a1901 f81f7568a02a4917ae9227fa53acb4f8 - - dd376bb87fe4460a814637e5c41cf27f dd376bb87fe4460a814637e5c41cf27f] 10.0.0.34 "DELETE /resource_providers/45c355c1-3eed-4d5c-92f5-77ef3a8489f2" status: 404 len: 246 microversion: 1.1 [pid: 7|app: 0|req: 454/915] 10.0.0.34 () {34 vars in 815 bytes} [Mon May 18 18:59:50 2026] DELETE /resource_providers/45c355c1-3eed-4d5c-92f5-77ef3a8489f2 => generated 246 bytes in 8 msecs (HTTP/1.1 404) 6 headers in 231 bytes (1 switches on core 0)
2026-05-18 18:59:52.767 8 INFO placement.requestlog [req-a4c73ee4-ca91-4549-9674-b82a65a2c959 req-90d15257-5e6d-4f87-8640-86c2bb991e53 e6310886d2bd4417816034a4885e3585 f81f7568a02a4917ae9227fa53acb4f8 - - dd376bb87fe4460a814637e5c41cf27f dd376bb87fe4460a814637e5c41cf27f] 10.0.0.167 "GET /allocation_candidates?limit=1000&resources=DISK_GB%3A1%2CMEMORY_MB%3A512%2CVCPU%3A1&root_required=%21COMPUTE_STATUS_DISABLED" status: 200 len: 2781 microversion: 1.36 [pid: 8|app: 0|req: 462/916] 10.0.0.167 () {34 vars in 1012 bytes} [Mon May 18 18:59:52 2026] GET /allocation_candidates?limit=1000&resources=DISK_GB%3A1%2CMEMORY_MB%3A512%2CVCPU%3A1&root_required=%21COMPUTE_STATUS_DISABLED => generated 2781 bytes in 44 msecs (HTTP/1.1 200) 8 headers in 297 bytes (1 switches on core 0)
2026-05-18 18:59:52.799 7 INFO placement.requestlog [req-a4c73ee4-ca91-4549-9674-b82a65a2c959 req-009da333-5aca-440b-936d-dd9a694839de e6310886d2bd4417816034a4885e3585 f81f7568a02a4917ae9227fa53acb4f8 - - dd376bb87fe4460a814637e5c41cf27f dd376bb87fe4460a814637e5c41cf27f] 10.0.0.167 "GET /allocations/9e7994e8-aade-406b-9e56-ea1e8fbc97a4" status: 200 len: 19 microversion: 1.28 [pid: 7|app: 0|req: 455/917] 10.0.0.167 () {34 vars in 861 bytes} [Mon May 18 18:59:52 2026] GET /allocations/9e7994e8-aade-406b-9e56-ea1e8fbc97a4 => generated 19 bytes in 9 msecs (HTTP/1.1 200) 8 headers in 295 bytes (1 switches on core 0)
2026-05-18 18:59:52.884 8 INFO placement.requestlog [req-a4c73ee4-ca91-4549-9674-b82a65a2c959 req-d91eea90-c824-4b72-9e9a-ca7ca644a55c e6310886d2bd4417816034a4885e3585 f81f7568a02a4917ae9227fa53acb4f8 - - dd376bb87fe4460a814637e5c41cf27f dd376bb87fe4460a814637e5c41cf27f] 10.0.0.167 "PUT /allocations/9e7994e8-aade-406b-9e56-ea1e8fbc97a4" status: 204 len: 0 microversion: 1.36 [pid: 8|app: 0|req: 463/918] 10.0.0.167 () {38 vars in 914 bytes} [Mon May 18 18:59:52 2026] PUT /allocations/9e7994e8-aade-406b-9e56-ea1e8fbc97a4 => generated 0 bytes in 77 msecs (HTTP/1.1 204) 5 headers in 199 bytes (1 switches on core 0)
2026-05-18 18:59:53.702 8 INFO placement.requestlog [None req-4fd72b94-5e5a-4aec-a599-2cd9c9384073 780109a2c9064296ad151c81007a1901 f81f7568a02a4917ae9227fa53acb4f8 - - dd376bb87fe4460a814637e5c41cf27f dd376bb87fe4460a814637e5c41cf27f] 10.0.0.34 "GET /resource_providers/3a190204-70ad-4deb-a7f4-999fde5584ac/aggregates" status: 404 len: 235 microversion: 1.1 [pid: 8|app: 0|req: 464/919] 10.0.0.34 () {32 vars in 815 bytes} [Mon May 18 18:59:53 2026] GET /resource_providers/3a190204-70ad-4deb-a7f4-999fde5584ac/aggregates => generated 235 bytes in 9 msecs (HTTP/1.1 404) 5 headers in 202 bytes (1 switches on core 0)
2026-05-18 18:59:53.703 7 INFO placement.requestlog [None req-7628a12e-9a9f-4a8f-a990-4455a5a6c21f 780109a2c9064296ad151c81007a1901 f81f7568a02a4917ae9227fa53acb4f8 - - dd376bb87fe4460a814637e5c41cf27f dd376bb87fe4460a814637e5c41cf27f] 10.0.0.34 "GET /resource_providers/3a190204-70ad-4deb-a7f4-999fde5584ac/aggregates" status: 404 len: 235 microversion: 1.1 [pid: 7|app: 0|req: 456/920] 10.0.0.34 () {32 vars in 815 bytes} [Mon May 18 18:59:53 2026] GET /resource_providers/3a190204-70ad-4deb-a7f4-999fde5584ac/aggregates => generated 235 bytes in 14 msecs (HTTP/1.1 404) 5 headers in 202 bytes (1 switches on core 0)
2026-05-18 18:59:53.721 8 INFO placement.requestlog [None req-47821b24-d295-4732-99f0-3d1ba075ed19 780109a2c9064296ad151c81007a1901 f81f7568a02a4917ae9227fa53acb4f8 - - dd376bb87fe4460a814637e5c41cf27f dd376bb87fe4460a814637e5c41cf27f] 10.0.0.34 "DELETE /resource_providers/3a190204-70ad-4deb-a7f4-999fde5584ac" status: 404 len: 246 microversion: 1.1 [pid: 8|app: 0|req: 465/921] 10.0.0.34 () {34 vars in 815 bytes} [Mon May 18 18:59:53 2026] DELETE /resource_providers/3a190204-70ad-4deb-a7f4-999fde5584ac => generated 246 bytes in 8 msecs (HTTP/1.1 404) 6 headers in 231 bytes (1 switches on core 0)
2026-05-18 18:59:53.736 7 INFO placement.requestlog [None req-0d508814-992d-4edc-9de2-ac88f8303ab4 780109a2c9064296ad151c81007a1901 f81f7568a02a4917ae9227fa53acb4f8 - - dd376bb87fe4460a814637e5c41cf27f dd376bb87fe4460a814637e5c41cf27f] 10.0.0.34 "DELETE /resource_providers/3a190204-70ad-4deb-a7f4-999fde5584ac" status: 404 len: 246 microversion: 1.1 [pid: 7|app: 0|req: 457/922] 10.0.0.34 () {34 vars in 815 bytes} [Mon May 18 18:59:53 2026] DELETE /resource_providers/3a190204-70ad-4deb-a7f4-999fde5584ac => generated 246 bytes in 17 msecs (HTTP/1.1 404) 6 headers in 231 bytes (1 switches on core 0)
2026-05-18 18:59:54.369 8 INFO placement.requestlog [req-a4c73ee4-ca91-4549-9674-b82a65a2c959 req-db385884-c20f-46d4-ba3e-c8ab5a98eb6e e6310886d2bd4417816034a4885e3585 f81f7568a02a4917ae9227fa53acb4f8 - - dd376bb87fe4460a814637e5c41cf27f dd376bb87fe4460a814637e5c41cf27f] 199.19.213.174 "GET /allocations/9e7994e8-aade-406b-9e56-ea1e8fbc97a4" status: 200 len: 258 microversion: 1.28 [pid: 8|app: 0|req: 466/923] 199.19.213.174 () {34 vars in 863 bytes} [Mon May 18 18:59:54 2026] GET /allocations/9e7994e8-aade-406b-9e56-ea1e8fbc97a4 => generated 258 bytes in 16 msecs (HTTP/1.1 200) 8 headers in 296 bytes (1 switches on core 0)
2026-05-18 18:59:55.406 7 INFO placement.requestlog [req-a4c73ee4-ca91-4549-9674-b82a65a2c959 req-4f9ffbb3-8b3a-40b0-be3f-ec40146df27d e6310886d2bd4417816034a4885e3585 f81f7568a02a4917ae9227fa53acb4f8 - - dd376bb87fe4460a814637e5c41cf27f dd376bb87fe4460a814637e5c41cf27f] 199.19.213.174 "GET /resource_providers/a6bd2afe-1cd0-4fb9-aa33-4d1f85a0d20e/allocations" status: 200 len: 153 microversion: 1.0 [pid: 7|app: 0|req: 458/924] 199.19.213.174 () {32 vars in 857 bytes} [Mon May 18 18:59:55 2026] GET /resource_providers/a6bd2afe-1cd0-4fb9-aa33-4d1f85a0d20e/allocations => generated 153 bytes in 16 msecs (HTTP/1.1 200) 6 headers in 224 bytes (1 switches on core 0)
2026-05-18 18:59:55.420 8 INFO placement.requestlog [req-a4c73ee4-ca91-4549-9674-b82a65a2c959 req-e883a7d5-1409-4ff8-8c64-502bcc2c85e1 e6310886d2bd4417816034a4885e3585 f81f7568a02a4917ae9227fa53acb4f8 - - dd376bb87fe4460a814637e5c41cf27f dd376bb87fe4460a814637e5c41cf27f] 199.19.213.174 "GET /allocations/9e7994e8-aade-406b-9e56-ea1e8fbc97a4" status: 200 len: 258 microversion: 1.28 [pid: 8|app: 0|req: 467/925] 199.19.213.174 () {34 vars in 863 bytes} [Mon May 18 18:59:55 2026] GET /allocations/9e7994e8-aade-406b-9e56-ea1e8fbc97a4 => generated 258 bytes in 9 msecs (HTTP/1.1 200) 8 headers in 296 bytes (1 switches on core 0)
2026-05-18 18:59:55.527 7 INFO placement.requestlog [None req-7d3006f3-56cc-42ac-bfe2-2254f4ef4a1d 780109a2c9064296ad151c81007a1901 f81f7568a02a4917ae9227fa53acb4f8 - - dd376bb87fe4460a814637e5c41cf27f dd376bb87fe4460a814637e5c41cf27f] 10.0.0.34 "GET /resource_providers/b6b9b752-f644-4793-a58c-f19a5706c820/aggregates" status: 404 len: 235 microversion: 1.1 [pid: 7|app: 0|req: 459/926] 10.0.0.34 () {32 vars in 815 bytes} [Mon May 18 18:59:55 2026] GET /resource_providers/b6b9b752-f644-4793-a58c-f19a5706c820/aggregates => generated 235 bytes in 6 msecs (HTTP/1.1 404) 5 headers in 202 bytes (1 switches on core 0)
2026-05-18 18:59:55.531 8 INFO placement.requestlog [None req-378be872-855a-4431-b793-94b13ae37f63 780109a2c9064296ad151c81007a1901 f81f7568a02a4917ae9227fa53acb4f8 - - dd376bb87fe4460a814637e5c41cf27f dd376bb87fe4460a814637e5c41cf27f] 10.0.0.34 "GET /resource_providers/b6b9b752-f644-4793-a58c-f19a5706c820/aggregates" status: 404 len: 235 microversion: 1.1 [pid: 8|app: 0|req: 468/927] 10.0.0.34 () {32 vars in 815 bytes} [Mon May 18 18:59:55 2026] GET /resource_providers/b6b9b752-f644-4793-a58c-f19a5706c820/aggregates => generated 235 bytes in 9 msecs (HTTP/1.1 404) 5 headers in 202 bytes (1 switches on core 0)
