Feb 19 02:41:22.163189 np0000156486 devstack@m-api.service[47106]: DEBUG manila.quota [None req-a616cfe1-4d9c-4c5c-ba52-c1ab72f3292c tempest-ShareServerMigrationInvalidParametersCIFS-1979149056 tempest-ShareServerMigrationInvalidParametersCIFS-1979149056-project-admin] Committed reservations ['8ff2fbdf-5432-4c5b-85e1-dc9607758622', 'e4d8c34a-bcae-4273-8f01-dd74a077f99e', '039743f3-93ee-461d-b14f-0929e3b82ab3', '4ed64b0f-4ea6-4a8a-b3a0-97e46c25515a', '13674dff-fddc-446a-9be5-8f9fb9e3cbab', 'df1f6746-50d2-424c-aa5a-29add38c5139', 'd8fc80fb-a42c-4cc1-ac86-bd6b217d103f', '9527a911-25e2-4513-a0bb-5dbc3b159517'] {{(pid=47106) commit /opt/stack/manila/manila/quota.py:1066}}
Feb 19 02:41:22.224652 np0000156486 devstack@m-api.service[47106]: INFO manila.api.openstack.wsgi [None req-a616cfe1-4d9c-4c5c-ba52-c1ab72f3292c tempest-ShareServerMigrationInvalidParametersCIFS-1979149056 tempest-ShareServerMigrationInvalidParametersCIFS-1979149056-project-admin] https://199.19.213.35/share/v2/e4fd529015334644af275cb7730f4ba4/shares returned with HTTP 200
Feb 19 02:41:22.225311 np0000156486 devstack@m-api.service[47106]: [pid: 47106|app: 0|req: 137/268] 199.19.213.35 () {68 vars in 1400 bytes} [Thu Feb 19 02:41:22 2026] POST /share/v2/e4fd529015334644af275cb7730f4ba4/shares => generated 1421 bytes in 208 msecs (HTTP/1.1 200) 7 headers in 298 bytes (1 switches on core 0)
Feb 19 02:41:22.241751 np0000156486 devstack@m-api.service[47107]: INFO manila.api.openstack.wsgi [None req-3fd9c6f0-6c36-4c7f-ba75-14b6c2fcd36a tempest-ShareServerMigrationInvalidParametersCIFS-1979149056 tempest-ShareServerMigrationInvalidParametersCIFS-1979149056-project-admin] GET https://199.19.213.35/share/v2/e4fd529015334644af275cb7730f4ba4/shares/47e0764b-532e-4924-84ac-74f87f7872bc
Feb 19 02:41:22.242229 np0000156486 devstack@m-api.service[47107]: DEBUG manila.api.openstack.wsgi [None req-3fd9c6f0-6c36-4c7f-ba75-14b6c2fcd36a tempest-ShareServerMigrationInvalidParametersCIFS-1979149056 tempest-ShareServerMigrationInvalidParametersCIFS-1979149056-project-admin] Empty body provided in request {{(pid=47107) get_body /opt/stack/manila/manila/api/openstack/wsgi.py:652}}
Feb 19 02:41:22.242601 np0000156486 devstack@m-api.service[47107]: DEBUG manila.api.openstack.wsgi [None req-3fd9c6f0-6c36-4c7f-ba75-14b6c2fcd36a tempest-ShareServerMigrationInvalidParametersCIFS-1979149056 tempest-ShareServerMigrationInvalidParametersCIFS-1979149056-project-admin] Calling method 'ShareMixin.show' {{(pid=47107) _process_stack /opt/stack/manila/manila/api/openstack/wsgi.py:798}}
Feb 19 02:41:22.258229 np0000156486 devstack@m-api.service[47107]: INFO manila.api.openstack.wsgi [None req-3fd9c6f0-6c36-4c7f-ba75-14b6c2fcd36a tempest-ShareServerMigrationInvalidParametersCIFS-1979149056 tempest-ShareServerMigrationInvalidParametersCIFS-1979149056-project-admin] https://199.19.213.35/share/v2/e4fd529015334644af275cb7730f4ba4/shares/47e0764b-532e-4924-84ac-74f87f7872bc returned with HTTP 200
Feb 19 02:41:22.258956 np0000156486 devstack@m-api.service[47107]: [pid: 47107|app: 0|req: 132/269] 199.19.213.35 () {66 vars in 1489 bytes} [Thu Feb 19 02:41:22 2026] GET /share/v2/e4fd529015334644af275cb7730f4ba4/shares/47e0764b-532e-4924-84ac-74f87f7872bc => generated 1421 bytes in 22 msecs (HTTP/1.1 200) 7 headers in 298 bytes (1 switches on core 0)
Feb 19 02:41:22.718950 np0000156486 devstack@m-api.service[47106]: INFO manila.api.openstack.wsgi [None req-2e81bbcb-ca86-442f-b99b-afbcf0144f13 tempest-MigrationOppositeDriverModesNFSTest-256328029 tempest-MigrationOppositeDriverModesNFSTest-256328029-project-admin] GET https://199.19.213.35/share/v2/5b2fea01b086492396120b40738772c9/shares/98597367-8fbc-4889-af1d-d5b4d76f47a5
Feb 19 02:41:22.719699 np0000156486 devstack@m-api.service[47106]: DEBUG manila.api.openstack.wsgi [None req-2e81bbcb-ca86-442f-b99b-afbcf0144f13 tempest-MigrationOppositeDriverModesNFSTest-256328029 tempest-MigrationOppositeDriverModesNFSTest-256328029-project-admin] Empty body provided in request {{(pid=47106) get_body /opt/stack/manila/manila/api/openstack/wsgi.py:652}}
Feb 19 02:41:22.719872 np0000156486 devstack@m-api.service[47106]: DEBUG manila.api.openstack.wsgi [None req-2e81bbcb-ca86-442f-b99b-afbcf0144f13 tempest-MigrationOppositeDriverModesNFSTest-256328029 tempest-MigrationOppositeDriverModesNFSTest-256328029-project-admin] Calling method 'ShareMixin.show' {{(pid=47106) _process_stack /opt/stack/manila/manila/api/openstack/wsgi.py:798}}
Feb 19 02:41:22.742872 np0000156486 devstack@m-api.service[47106]: INFO manila.api.openstack.wsgi [None req-2e81bbcb-ca86-442f-b99b-afbcf0144f13 tempest-MigrationOppositeDriverModesNFSTest-256328029 tempest-MigrationOppositeDriverModesNFSTest-256328029-project-admin] https://199.19.213.35/share/v2/5b2fea01b086492396120b40738772c9/shares/98597367-8fbc-4889-af1d-d5b4d76f47a5 returned with HTTP 200
Feb 19 02:41:22.743646 np0000156486 devstack@m-api.service[47106]: [pid: 47106|app: 0|req: 138/270] 199.19.213.35 () {66 vars in 1489 bytes} [Thu Feb 19 02:41:22 2026] GET /share/v2/5b2fea01b086492396120b40738772c9/shares/98597367-8fbc-4889-af1d-d5b4d76f47a5 => generated 1532 bytes in 49 msecs (HTTP/1.1 200) 7 headers in 298 bytes (1 switches on core 0)
Feb 19 02:41:22.832956 np0000156486 devstack@m-api.service[47107]: INFO manila.api.openstack.wsgi [None req-7c955fc2-0d53-4848-863d-a03cd781822b tempest-MigrationCancelNFSTest-96930148 tempest-MigrationCancelNFSTest-96930148-project-admin] GET https://199.19.213.35/share/v2/a972ffcb41064cd5924e500cf459a3f1/shares/45533e6b-e3fe-487b-90a9-479a63ac19f2
Feb 19 02:41:22.833518 np0000156486 devstack@m-api.service[47107]: DEBUG manila.api.openstack.wsgi [None req-7c955fc2-0d53-4848-863d-a03cd781822b tempest-MigrationCancelNFSTest-96930148 tempest-MigrationCancelNFSTest-96930148-project-admin] Empty body provided in request {{(pid=47107) get_body /opt/stack/manila/manila/api/openstack/wsgi.py:652}}
Feb 19 02:41:22.833518 np0000156486 devstack@m-api.service[47107]: DEBUG manila.api.openstack.wsgi [None req-7c955fc2-0d53-4848-863d-a03cd781822b tempest-MigrationCancelNFSTest-96930148 tempest-MigrationCancelNFSTest-96930148-project-admin] Calling method 'ShareMixin.show' {{(pid=47107) _process_stack /opt/stack/manila/manila/api/openstack/wsgi.py:798}}
Feb 19 02:41:22.852699 np0000156486 devstack@m-api.service[47106]: INFO manila.api.openstack.wsgi [None req-a2a08f29-3bcc-4600-9a1f-dc8fab6f6157 tempest-ManageNFSShareNegativeTest-1530277548 tempest-ManageNFSShareNegativeTest-1530277548-project-admin] GET https://199.19.213.35/share/v2/661ed5a2230e45469474a6e97e36501b/shares/f57e919a-b08a-4456-9ba7-3aea37fca007
Feb 19 02:41:22.853024 np0000156486 devstack@m-api.service[47106]: DEBUG manila.api.openstack.wsgi [None req-a2a08f29-3bcc-4600-9a1f-dc8fab6f6157 tempest-ManageNFSShareNegativeTest-1530277548 tempest-ManageNFSShareNegativeTest-1530277548-project-admin] Empty body provided in request {{(pid=47106) get_body /opt/stack/manila/manila/api/openstack/wsgi.py:652}}
Feb 19 02:41:22.853304 np0000156486 devstack@m-api.service[47106]: DEBUG manila.api.openstack.wsgi [None req-a2a08f29-3bcc-4600-9a1f-dc8fab6f6157 tempest-ManageNFSShareNegativeTest-1530277548 tempest-ManageNFSShareNegativeTest-1530277548-project-admin] Calling method 'ShareMixin.show' {{(pid=47106) _process_stack /opt/stack/manila/manila/api/openstack/wsgi.py:798}}
Feb 19 02:41:22.871286 np0000156486 devstack@m-api.service[47107]: INFO manila.api.openstack.wsgi [None req-7c955fc2-0d53-4848-863d-a03cd781822b tempest-MigrationCancelNFSTest-96930148 tempest-MigrationCancelNFSTest-96930148-project-admin] https://199.19.213.35/share/v2/a972ffcb41064cd5924e500cf459a3f1/shares/45533e6b-e3fe-487b-90a9-479a63ac19f2 returned with HTTP 200
Feb 19 02:41:22.871791 np0000156486 devstack@m-api.service[47107]: [pid: 47107|app: 0|req: 133/271] 199.19.213.35 () {66 vars in 1489 bytes} [Thu Feb 19 02:41:22 2026] GET /share/v2/a972ffcb41064cd5924e500cf459a3f1/shares/45533e6b-e3fe-487b-90a9-479a63ac19f2 => generated 1534 bytes in 48 msecs (HTTP/1.1 200) 7 headers in 298 bytes (1 switches on core 0)
Feb 19 02:41:22.879341 np0000156486 devstack@m-api.service[47106]: INFO manila.api.openstack.wsgi [None req-a2a08f29-3bcc-4600-9a1f-dc8fab6f6157 tempest-ManageNFSShareNegativeTest-1530277548 tempest-ManageNFSShareNegativeTest-1530277548-project-admin] https://199.19.213.35/share/v2/661ed5a2230e45469474a6e97e36501b/shares/f57e919a-b08a-4456-9ba7-3aea37fca007 returned with HTTP 200
Feb 19 02:41:22.879721 np0000156486 devstack@m-api.service[47106]: [pid: 47106|app: 0|req: 139/272] 199.19.213.35 () {66 vars in 1489 bytes} [Thu Feb 19 02:41:22 2026] GET /share/v2/661ed5a2230e45469474a6e97e36501b/shares/f57e919a-b08a-4456-9ba7-3aea37fca007 => generated 1496 bytes in 30 msecs (HTTP/1.1 200) 7 headers in 298 bytes (1 switches on core 0)
Feb 19 02:41:23.366932 np0000156486 devstack@m-api.service[47107]: INFO manila.api.openstack.wsgi [None req-6bd50272-55ca-4568-bbcc-6343525d34c1 tempest-ShareMultiBackendTest-1316881618 tempest-ShareMultiBackendTest-1316881618-project-admin] GET https://199.19.213.35/share/v2/fc87fcadb99a42d0b4abaacd2296317b/shares/e5c22f2f-09d0-49ed-9192-17302263d75d
Feb 19 02:41:23.367307 np0000156486 devstack@m-api.service[47107]: DEBUG manila.api.openstack.wsgi [None req-6bd50272-55ca-4568-bbcc-6343525d34c1 tempest-ShareMultiBackendTest-1316881618 tempest-ShareMultiBackendTest-1316881618-project-admin] Empty body provided in request {{(pid=47107) get_body /opt/stack/manila/manila/api/openstack/wsgi.py:652}}
Feb 19 02:41:23.367742 np0000156486 devstack@m-api.service[47107]: DEBUG manila.api.openstack.wsgi [None req-6bd50272-55ca-4568-bbcc-6343525d34c1 tempest-ShareMultiBackendTest-1316881618 tempest-ShareMultiBackendTest-1316881618-project-admin] Calling method 'ShareMixin.show' {{(pid=47107) _process_stack /opt/stack/manila/manila/api/openstack/wsgi.py:798}}
Feb 19 02:41:23.383965 np0000156486 devstack@m-api.service[47107]: INFO manila.api.openstack.wsgi [None req-6bd50272-55ca-4568-bbcc-6343525d34c1 tempest-ShareMultiBackendTest-1316881618 tempest-ShareMultiBackendTest-1316881618-project-admin] https://199.19.213.35/share/v2/fc87fcadb99a42d0b4abaacd2296317b/shares/e5c22f2f-09d0-49ed-9192-17302263d75d returned with HTTP 200
Feb 19 02:41:23.384327 np0000156486 devstack@m-api.service[47107]: [pid: 47107|app: 0|req: 134/273] 199.19.213.35 () {66 vars in 1489 bytes} [Thu Feb 19 02:41:23 2026] GET /share/v2/fc87fcadb99a42d0b4abaacd2296317b/shares/e5c22f2f-09d0-49ed-9192-17302263d75d => generated 1548 bytes in 23 msecs (HTTP/1.1 200) 7 headers in 298 bytes (1 switches on core 0)
Feb 19 02:41:23.401270 np0000156486 devstack@m-api.service[47106]: INFO manila.api.openstack.wsgi [None req-f350bc4a-96cf-478c-9974-486fafa3c8a9 tempest-ShareMultiBackendTest-1316881618 tempest-ShareMultiBackendTest-1316881618-project-admin] GET https://199.19.213.35/share/v2/fc87fcadb99a42d0b4abaacd2296317b/shares/f79bc444-17ed-4c0a-b30d-358e80812d34
Feb 19 02:41:23.401931 np0000156486 devstack@m-api.service[47106]: DEBUG manila.api.openstack.wsgi [None req-f350bc4a-96cf-478c-9974-486fafa3c8a9 tempest-ShareMultiBackendTest-1316881618 tempest-ShareMultiBackendTest-1316881618-project-admin] Empty body provided in request {{(pid=47106) get_body /opt/stack/manila/manila/api/openstack/wsgi.py:652}}
Feb 19 02:41:23.402115 np0000156486 devstack@m-api.service[47106]: DEBUG manila.api.openstack.wsgi [None req-f350bc4a-96cf-478c-9974-486fafa3c8a9 tempest-ShareMultiBackendTest-1316881618 tempest-ShareMultiBackendTest-1316881618-project-admin] Calling method 'ShareMixin.show' {{(pid=47106) _process_stack /opt/stack/manila/manila/api/openstack/wsgi.py:798}}
Feb 19 02:41:23.419266 np0000156486 devstack@m-api.service[47107]: INFO manila.api.openstack.wsgi [None req-257369d3-847b-4b90-bff7-388eae307298 tempest-ExportLocationsNegativeTest-662901928 tempest-ExportLocationsNegativeTest-662901928-project-admin] GET https://199.19.213.35/share/v2/f8537431969a47ce89fc4999aba4982e/shares/111d00ae-645d-406e-b4aa-deb5042448a6
Feb 19 02:41:23.419664 np0000156486 devstack@m-api.service[47107]: DEBUG manila.api.openstack.wsgi [None req-257369d3-847b-4b90-bff7-388eae307298 tempest-ExportLocationsNegativeTest-662901928 tempest-ExportLocationsNegativeTest-662901928-project-admin] Empty body provided in request {{(pid=47107) get_body /opt/stack/manila/manila/api/openstack/wsgi.py:652}}
Feb 19 02:41:23.420035 np0000156486 devstack@m-api.service[47107]: DEBUG manila.api.openstack.wsgi [None req-257369d3-847b-4b90-bff7-388eae307298 tempest-ExportLocationsNegativeTest-662901928 tempest-ExportLocationsNegativeTest-662901928-project-admin] Calling method 'ShareMixin.show' {{(pid=47107) _process_stack /opt/stack/manila/manila/api/openstack/wsgi.py:798}}
Feb 19 02:41:23.427816 np0000156486 devstack@m-api.service[47106]: INFO manila.api.openstack.wsgi [None req-f350bc4a-96cf-478c-9974-486fafa3c8a9 tempest-ShareMultiBackendTest-1316881618 tempest-ShareMultiBackendTest-1316881618-project-admin] https://199.19.213.35/share/v2/fc87fcadb99a42d0b4abaacd2296317b/shares/f79bc444-17ed-4c0a-b30d-358e80812d34 returned with HTTP 200
Feb 19 02:41:23.428324 np0000156486 devstack@m-api.service[47106]: [pid: 47106|app: 0|req: 140/274] 199.19.213.35 () {66 vars in 1489 bytes} [Thu Feb 19 02:41:23 2026] GET /share/v2/fc87fcadb99a42d0b4abaacd2296317b/shares/f79bc444-17ed-4c0a-b30d-358e80812d34 => generated 1539 bytes in 32 msecs (HTTP/1.1 200) 7 headers in 298 bytes (1 switches on core 0)
Feb 19 02:41:23.438105 np0000156486 devstack@m-api.service[47107]: INFO manila.api.openstack.wsgi [None req-257369d3-847b-4b90-bff7-388eae307298 tempest-ExportLocationsNegativeTest-662901928 tempest-ExportLocationsNegativeTest-662901928-project-admin] https://199.19.213.35/share/v2/f8537431969a47ce89fc4999aba4982e/shares/111d00ae-645d-406e-b4aa-deb5042448a6 returned with HTTP 200
Feb 19 02:41:23.438538 np0000156486 devstack@m-api.service[47107]: [pid: 47107|app: 0|req: 135/275] 199.19.213.35 () {66 vars in 1489 bytes} [Thu Feb 19 02:41:23 2026] GET /share/v2/f8537431969a47ce89fc4999aba4982e/shares/111d00ae-645d-406e-b4aa-deb5042448a6 => generated 1498 bytes in 23 msecs (HTTP/1.1 200) 7 headers in 298 bytes (1 switches on core 0)
Feb 19 02:41:23.458877 np0000156486 devstack@m-api.service[47106]: INFO manila.api.openstack.wsgi [None req-7f533c64-43c0-4979-b77d-8b0a6c95c876 tempest-MigrationOfShareWithSnapshotNFSTest-2014802598 tempest-MigrationOfShareWithSnapshotNFSTest-2014802598-project-admin] GET https://199.19.213.35/share/v2/8647a7c773184f83a514e0fdc0bf21de/shares/2277c619-eea0-4cb5-b214-0706d3a43621
Feb 19 02:41:23.459327 np0000156486 devstack@m-api.service[47106]: DEBUG manila.api.openstack.wsgi [None req-7f533c64-43c0-4979-b77d-8b0a6c95c876 tempest-MigrationOfShareWithSnapshotNFSTest-2014802598 tempest-MigrationOfShareWithSnapshotNFSTest-2014802598-project-admin] Empty body provided in request {{(pid=47106) get_body /opt/stack/manila/manila/api/openstack/wsgi.py:652}}
Feb 19 02:41:23.459723 np0000156486 devstack@m-api.service[47106]: DEBUG manila.api.openstack.wsgi [None req-7f533c64-43c0-4979-b77d-8b0a6c95c876 tempest-MigrationOfShareWithSnapshotNFSTest-2014802598 tempest-MigrationOfShareWithSnapshotNFSTest-2014802598-project-admin] Calling method 'ShareMixin.show' {{(pid=47106) _process_stack /opt/stack/manila/manila/api/openstack/wsgi.py:798}}
Feb 19 02:41:23.480944 np0000156486 devstack@m-api.service[47106]: INFO manila.api.openstack.wsgi [None req-7f533c64-43c0-4979-b77d-8b0a6c95c876 tempest-MigrationOfShareWithSnapshotNFSTest-2014802598 tempest-MigrationOfShareWithSnapshotNFSTest-2014802598-project-admin] https://199.19.213.35/share/v2/8647a7c773184f83a514e0fdc0bf21de/shares/2277c619-eea0-4cb5-b214-0706d3a43621 returned with HTTP 200
Feb 19 02:41:23.481400 np0000156486 devstack@m-api.service[47106]: [pid: 47106|app: 0|req: 141/276] 199.19.213.35 () {66 vars in 1489 bytes} [Thu Feb 19 02:41:23 2026] GET /share/v2/8647a7c773184f83a514e0fdc0bf21de/shares/2277c619-eea0-4cb5-b214-0706d3a43621 => generated 1546 bytes in 27 msecs (HTTP/1.1 200) 7 headers in 298 bytes (1 switches on core 0)
Feb 19 02:41:23.599032 np0000156486 devstack@m-api.service[47107]: INFO manila.api.openstack.wsgi [None req-4c1d02bf-153d-4d6f-966d-99434ad1e9f3 tempest-AdminActionsNegativeTest-717195747 tempest-AdminActionsNegativeTest-717195747-project-admin] GET https://199.19.213.35/share/v2/c3e7ad552c144789be9c625bce4db120/shares/86bba8ff-55b2-4387-8ff5-6aa358fb19e8
Feb 19 02:41:23.599765 np0000156486 devstack@m-api.service[47107]: DEBUG manila.api.openstack.wsgi [None req-4c1d02bf-153d-4d6f-966d-99434ad1e9f3 tempest-AdminActionsNegativeTest-717195747 tempest-AdminActionsNegativeTest-717195747-project-admin] Empty body provided in request {{(pid=47107) get_body /opt/stack/manila/manila/api/openstack/wsgi.py:652}}
Feb 19 02:41:23.599914 np0000156486 devstack@m-api.service[47107]: DEBUG manila.api.openstack.wsgi [None req-4c1d02bf-153d-4d6f-966d-99434ad1e9f3 tempest-AdminActionsNegativeTest-717195747 tempest-AdminActionsNegativeTest-717195747-project-admin] Calling method 'ShareMixin.show' {{(pid=47107) _process_stack /opt/stack/manila/manila/api/openstack/wsgi.py:798}}
Feb 19 02:41:23.606451 np0000156486 devstack@m-api.service[47106]: INFO manila.api.openstack.wsgi [None req-b00d1988-c701-4da0-b695-c825d5cbaf08 tempest-ExportLocationsTest-1374948235 tempest-ExportLocationsTest-1374948235-project-admin] GET https://199.19.213.35/share/v2/48f39394d0fe4fdfb1cbe9f2dbc0b465/shares/aa313301-f7ea-4cee-83a2-2a16b7892ab7
Feb 19 02:41:23.606690 np0000156486 devstack@m-api.service[47106]: DEBUG manila.api.openstack.wsgi [None req-b00d1988-c701-4da0-b695-c825d5cbaf08 tempest-ExportLocationsTest-1374948235 tempest-ExportLocationsTest-1374948235-project-admin] Empty body provided in request {{(pid=47106) get_body /opt/stack/manila/manila/api/openstack/wsgi.py:652}}
Feb 19 02:41:23.606998 np0000156486 devstack@m-api.service[47106]: DEBUG manila.api.openstack.wsgi [None req-b00d1988-c701-4da0-b695-c825d5cbaf08 tempest-ExportLocationsTest-1374948235 tempest-ExportLocationsTest-1374948235-project-admin] Calling method 'ShareMixin.show' {{(pid=47106) _process_stack /opt/stack/manila/manila/api/openstack/wsgi.py:798}}
Feb 19 02:41:23.624199 np0000156486 devstack@m-api.service[47106]: INFO manila.api.openstack.wsgi [None req-b00d1988-c701-4da0-b695-c825d5cbaf08 tempest-ExportLocationsTest-1374948235 tempest-ExportLocationsTest-1374948235-project-admin] https://199.19.213.35/share/v2/48f39394d0fe4fdfb1cbe9f2dbc0b465/shares/aa313301-f7ea-4cee-83a2-2a16b7892ab7 returned with HTTP 200
Feb 19 02:41:23.624579 np0000156486 devstack@m-api.service[47106]: [pid: 47106|app: 0|req: 142/277] 199.19.213.35 () {66 vars in 1489 bytes} [Thu Feb 19 02:41:23 2026] GET /share/v2/48f39394d0fe4fdfb1cbe9f2dbc0b465/shares/aa313301-f7ea-4cee-83a2-2a16b7892ab7 => generated 1496 bytes in 21 msecs (HTTP/1.1 200) 7 headers in 298 bytes (2 switches on core 0)
Feb 19 02:41:23.627426 np0000156486 devstack@m-api.service[47107]: INFO manila.api.openstack.wsgi [None req-4c1d02bf-153d-4d6f-966d-99434ad1e9f3 tempest-AdminActionsNegativeTest-717195747 tempest-AdminActionsNegativeTest-717195747-project-admin] https://199.19.213.35/share/v2/c3e7ad552c144789be9c625bce4db120/shares/86bba8ff-55b2-4387-8ff5-6aa358fb19e8 returned with HTTP 200
Feb 19 02:41:23.627918 np0000156486 devstack@m-api.service[47107]: [pid: 47107|app: 0|req: 136/278] 199.19.213.35 () {66 vars in 1489 bytes} [Thu Feb 19 02:41:23 2026] GET /share/v2/c3e7ad552c144789be9c625bce4db120/shares/86bba8ff-55b2-4387-8ff5-6aa358fb19e8 => generated 1497 bytes in 35 msecs (HTTP/1.1 200) 7 headers in 298 bytes (1 switches on core 0)
Feb 19 02:41:23.659509 np0000156486 devstack@m-api.service[47106]: INFO manila.api.openstack.wsgi [None req-38028f67-f961-4ec7-a2f6-38414aa593fe tempest-ManageShareServersTest-454869015 tempest-ManageShareServersTest-454869015-project-admin] GET https://199.19.213.35/share/v2/d75d6ef12ef14d269774c72545a34984/shares/9c01aa9c-61f9-4b73-a8f6-ae9eb495acae
Feb 19 02:41:23.659738 np0000156486 devstack@m-api.service[47106]: DEBUG manila.api.openstack.wsgi [None req-38028f67-f961-4ec7-a2f6-38414aa593fe tempest-ManageShareServersTest-454869015 tempest-ManageShareServersTest-454869015-project-admin] Empty body provided in request {{(pid=47106) get_body /opt/stack/manila/manila/api/openstack/wsgi.py:652}}
Feb 19 02:41:23.659920 np0000156486 devstack@m-api.service[47106]: DEBUG manila.api.openstack.wsgi [None req-38028f67-f961-4ec7-a2f6-38414aa593fe tempest-ManageShareServersTest-454869015 tempest-ManageShareServersTest-454869015-project-admin] Calling method 'ShareMixin.show' {{(pid=47106) _process_stack /opt/stack/manila/manila/api/openstack/wsgi.py:798}}
Feb 19 02:41:23.677447 np0000156486 devstack@m-api.service[47106]: INFO manila.api.openstack.wsgi [None req-38028f67-f961-4ec7-a2f6-38414aa593fe tempest-ManageShareServersTest-454869015 tempest-ManageShareServersTest-454869015-project-admin] https://199.19.213.35/share/v2/d75d6ef12ef14d269774c72545a34984/shares/9c01aa9c-61f9-4b73-a8f6-ae9eb495acae returned with HTTP 200
Feb 19 02:41:23.677826 np0000156486 devstack@m-api.service[47106]: [pid: 47106|app: 0|req: 143/279] 199.19.213.35 () {66 vars in 1489 bytes} [Thu Feb 19 02:41:23 2026] GET /share/v2/d75d6ef12ef14d269774c72545a34984/shares/9c01aa9c-61f9-4b73-a8f6-ae9eb495acae => generated 1495 bytes in 21 msecs (HTTP/1.1 200) 7 headers in 298 bytes (1 switches on core 0)
Feb 19 02:41:23.724554 np0000156486 devstack@m-api.service[47107]: INFO manila.api.openstack.wsgi [None req-0dedff6b-db25-44c6-9ed3-5f7a24c811a6 tempest-ShareServersAdminTest-1960640379 tempest-ShareServersAdminTest-1960640379-project-admin] GET https://199.19.213.35/share/v2/8425996e598448f589bf4fb8c5661929/shares/7696f2f3-e63e-4672-8782-80ab680aca19
Feb 19 02:41:23.724847 np0000156486 devstack@m-api.service[47107]: DEBUG manila.api.openstack.wsgi [None req-0dedff6b-db25-44c6-9ed3-5f7a24c811a6 tempest-ShareServersAdminTest-1960640379 tempest-ShareServersAdminTest-1960640379-project-admin] Empty body provided in request {{(pid=47107) get_body /opt/stack/manila/manila/api/openstack/wsgi.py:652}}
Feb 19 02:41:23.725108 np0000156486 devstack@m-api.service[47107]: DEBUG manila.api.openstack.wsgi [None req-0dedff6b-db25-44c6-9ed3-5f7a24c811a6 tempest-ShareServersAdminTest-1960640379 tempest-ShareServersAdminTest-1960640379-project-admin] Calling method 'ShareMixin.show' {{(pid=47107) _process_stack /opt/stack/manila/manila/api/openstack/wsgi.py:798}}
Feb 19 02:41:23.739490 np0000156486 devstack@m-api.service[47107]: INFO manila.api.openstack.wsgi [None req-0dedff6b-db25-44c6-9ed3-5f7a24c811a6 tempest-ShareServersAdminTest-1960640379 tempest-ShareServersAdminTest-1960640379-project-admin] https://199.19.213.35/share/v2/8425996e598448f589bf4fb8c5661929/shares/7696f2f3-e63e-4672-8782-80ab680aca19 returned with HTTP 200
Feb 19 02:41:23.739892 np0000156486 devstack@m-api.service[47107]: [pid: 47107|app: 0|req: 137/280] 199.19.213.35 () {66 vars in 1489 bytes} [Thu Feb 19 02:41:23 2026] GET /share/v2/8425996e598448f589bf4fb8c5661929/shares/7696f2f3-e63e-4672-8782-80ab680aca19 => generated 1498 bytes in 21 msecs (HTTP/1.1 200) 7 headers in 298 bytes (1 switches on core 0)
Feb 19 02:41:24.221208 np0000156486 devstack@m-api.service[47106]: INFO manila.api.openstack.wsgi [None req-6d1cf981-fdf3-485d-9d3c-976c941d67e3 tempest-AdminActionsTest-740938310 tempest-AdminActionsTest-740938310-project-admin] GET https://199.19.213.35/share/v2/70a86a2e04d94e51b4d1d655d88de8d8/shares/de6858b9-7a08-4652-a872-614c323073cc
Feb 19 02:41:24.221804 np0000156486 devstack@m-api.service[47106]: DEBUG manila.api.openstack.wsgi [None req-6d1cf981-fdf3-485d-9d3c-976c941d67e3 tempest-AdminActionsTest-740938310 tempest-AdminActionsTest-740938310-project-admin] Empty body provided in request {{(pid=47106) get_body /opt/stack/manila/manila/api/openstack/wsgi.py:652}}
Feb 19 02:41:24.221804 np0000156486 devstack@m-api.service[47106]: DEBUG manila.api.openstack.wsgi [None req-6d1cf981-fdf3-485d-9d3c-976c941d67e3 tempest-AdminActionsTest-740938310 tempest-AdminActionsTest-740938310-project-admin] Calling method 'ShareMixin.show' {{(pid=47106) _process_stack /opt/stack/manila/manila/api/openstack/wsgi.py:798}}
Feb 19 02:41:24.243686 np0000156486 devstack@m-api.service[47106]: INFO manila.api.openstack.wsgi [None req-6d1cf981-fdf3-485d-9d3c-976c941d67e3 tempest-AdminActionsTest-740938310 tempest-AdminActionsTest-740938310-project-admin] https://199.19.213.35/share/v2/70a86a2e04d94e51b4d1d655d88de8d8/shares/de6858b9-7a08-4652-a872-614c323073cc returned with HTTP 200
Feb 19 02:41:24.244261 np0000156486 devstack@m-api.service[47106]: [pid: 47106|app: 0|req: 144/281] 199.19.213.35 () {66 vars in 1489 bytes} [Thu Feb 19 02:41:24 2026] GET /share/v2/70a86a2e04d94e51b4d1d655d88de8d8/shares/de6858b9-7a08-4652-a872-614c323073cc => generated 1497 bytes in 28 msecs (HTTP/1.1 200) 7 headers in 298 bytes (1 switches on core 0)
Feb 19 02:41:24.261753 np0000156486 devstack@m-api.service[47107]: INFO manila.api.openstack.wsgi [None req-3d7dcf59-5099-4a62-a424-98b4ff9c344c tempest-AdminActionsTest-740938310 tempest-AdminActionsTest-740938310-project-admin] GET https://199.19.213.35/share/v2/70a86a2e04d94e51b4d1d655d88de8d8/shares/de6858b9-7a08-4652-a872-614c323073cc
Feb 19 02:41:24.261753 np0000156486 devstack@m-api.service[47107]: DEBUG manila.api.openstack.wsgi [None req-3d7dcf59-5099-4a62-a424-98b4ff9c344c tempest-AdminActionsTest-740938310 tempest-AdminActionsTest-740938310-project-admin] Empty body provided in request {{(pid=47107) get_body /opt/stack/manila/manila/api/openstack/wsgi.py:652}}
Feb 19 02:41:24.261753 np0000156486 devstack@m-api.service[47107]: DEBUG manila.api.openstack.wsgi [None req-3d7dcf59-5099-4a62-a424-98b4ff9c344c tempest-AdminActionsTest-740938310 tempest-AdminActionsTest-740938310-project-admin] Calling method 'ShareMixin.show' {{(pid=47107) _process_stack /opt/stack/manila/manila/api/openstack/wsgi.py:798}}
Feb 19 02:41:24.291581 np0000156486 devstack@m-api.service[47106]: INFO manila.api.openstack.wsgi [None req-9c9e27bd-fe91-470e-bd58-0539eb83b39d tempest-SharesSchedulerHintsAdminTest-2009393131 tempest-SharesSchedulerHintsAdminTest-2009393131-project-admin] GET https://199.19.213.35/share/v2/68edb90c799c4db3b693fc54f79d620d/shares/c2315060-54e1-49e4-8e93-0e0d4cd2e100
Feb 19 02:41:24.291973 np0000156486 devstack@m-api.service[47106]: DEBUG manila.api.openstack.wsgi [None req-9c9e27bd-fe91-470e-bd58-0539eb83b39d tempest-SharesSchedulerHintsAdminTest-2009393131 tempest-SharesSchedulerHintsAdminTest-2009393131-project-admin] Empty body provided in request {{(pid=47106) get_body /opt/stack/manila/manila/api/openstack/wsgi.py:652}}
Feb 19 02:41:24.292390 np0000156486 devstack@m-api.service[47106]: DEBUG manila.api.openstack.wsgi [None req-9c9e27bd-fe91-470e-bd58-0539eb83b39d tempest-SharesSchedulerHintsAdminTest-2009393131 tempest-SharesSchedulerHintsAdminTest-2009393131-project-admin] Calling method 'ShareMixin.show' {{(pid=47106) _process_stack /opt/stack/manila/manila/api/openstack/wsgi.py:798}}
Feb 19 02:41:24.300781 np0000156486 devstack@m-api.service[47107]: INFO manila.api.openstack.wsgi [None req-3d7dcf59-5099-4a62-a424-98b4ff9c344c tempest-AdminActionsTest-740938310 tempest-AdminActionsTest-740938310-project-admin] https://199.19.213.35/share/v2/70a86a2e04d94e51b4d1d655d88de8d8/shares/de6858b9-7a08-4652-a872-614c323073cc returned with HTTP 200
Feb 19 02:41:24.300781 np0000156486 devstack@m-api.service[47107]: [pid: 47107|app: 0|req: 138/282] 199.19.213.35 () {66 vars in 1489 bytes} [Thu Feb 19 02:41:24 2026] GET /share/v2/70a86a2e04d94e51b4d1d655d88de8d8/shares/de6858b9-7a08-4652-a872-614c323073cc => generated 1497 bytes in 42 msecs (HTTP/1.1 200) 7 headers in 298 bytes (1 switches on core 0)
Feb 19 02:41:24.303741 np0000156486 devstack@m-api.service[47107]: INFO manila.api.openstack.wsgi [None req-4ab936a7-ebed-43f9-8fa0-b831400fa1ce tempest-ShareInstancesNegativeTest-1794600500 tempest-ShareInstancesNegativeTest-1794600500-project-admin] GET https://199.19.213.35/share/v2/ff581bf5763047ae9961bf3ed933c557/shares/d3e513af-9b67-4808-a36e-0ce415bdd044
Feb 19 02:41:24.303956 np0000156486 devstack@m-api.service[47107]: DEBUG manila.api.openstack.wsgi [None req-4ab936a7-ebed-43f9-8fa0-b831400fa1ce tempest-ShareInstancesNegativeTest-1794600500 tempest-ShareInstancesNegativeTest-1794600500-project-admin] Empty body provided in request {{(pid=47107) get_body /opt/stack/manila/manila/api/openstack/wsgi.py:652}}
Feb 19 02:41:24.304504 np0000156486 devstack@m-api.service[47107]: DEBUG manila.api.openstack.wsgi [None req-4ab936a7-ebed-43f9-8fa0-b831400fa1ce tempest-ShareInstancesNegativeTest-1794600500 tempest-ShareInstancesNegativeTest-1794600500-project-admin] Calling method 'ShareMixin.show' {{(pid=47107) _process_stack /opt/stack/manila/manila/api/openstack/wsgi.py:798}}
Feb 19 02:41:24.314174 np0000156486 devstack@m-api.service[47106]: INFO manila.api.openstack.wsgi [None req-9c9e27bd-fe91-470e-bd58-0539eb83b39d tempest-SharesSchedulerHintsAdminTest-2009393131 tempest-SharesSchedulerHintsAdminTest-2009393131-project-admin] https://199.19.213.35/share/v2/68edb90c799c4db3b693fc54f79d620d/shares/c2315060-54e1-49e4-8e93-0e0d4cd2e100 returned with HTTP 200
Feb 19 02:41:24.315289 np0000156486 devstack@m-api.service[47106]: [pid: 47106|app: 0|req: 145/283] 199.19.213.35 () {66 vars in 1489 bytes} [Thu Feb 19 02:41:24 2026] GET /share/v2/68edb90c799c4db3b693fc54f79d620d/shares/c2315060-54e1-49e4-8e93-0e0d4cd2e100 => generated 1499 bytes in 35 msecs (HTTP/1.1 200) 7 headers in 298 bytes (2 switches on core 0)
Feb 19 02:41:24.318046 np0000156486 devstack@m-api.service[47106]: INFO manila.api.openstack.wsgi [None req-ae50659b-5588-43c8-abfd-f26de1fd2463 tempest-AdminActionsTest-740938310 tempest-AdminActionsTest-740938310-project-admin] POST https://199.19.213.35/share/v2/70a86a2e04d94e51b4d1d655d88de8d8/shares
Feb 19 02:41:24.318798 np0000156486 devstack@m-api.service[47106]: DEBUG manila.api.openstack.wsgi [None req-ae50659b-5588-43c8-abfd-f26de1fd2463 tempest-AdminActionsTest-740938310 tempest-AdminActionsTest-740938310-project-admin] Action: 'create', calling method: Controller.__getattribute__..version_select, body: {"share": {"share_proto": "nfs", "description": "Tempest's share", "snapshot_id": null, "name": "tempest-tempest-created-share-1116031125", "size": 1, "metadata": {}, "is_public": false, "share_network_id": "7336d26e-8a77-4c49-af42-c9b021ddc198", "share_type": "aba7da2a-155b-4004-a814-43c0aa9c390e"}} {{(pid=47106) _process_stack /opt/stack/manila/manila/api/openstack/wsgi.py:796}}
Feb 19 02:41:24.319584 np0000156486 devstack@m-api.service[47106]: INFO manila.api.v2.shares [None req-ae50659b-5588-43c8-abfd-f26de1fd2463 tempest-AdminActionsTest-740938310 tempest-AdminActionsTest-740938310-project-admin] Create NFS share of 1 GB
Feb 19 02:41:24.320010 np0000156486 devstack@m-api.service[47107]: INFO manila.api.openstack.wsgi [None req-4ab936a7-ebed-43f9-8fa0-b831400fa1ce tempest-ShareInstancesNegativeTest-1794600500 tempest-ShareInstancesNegativeTest-1794600500-project-admin] https://199.19.213.35/share/v2/ff581bf5763047ae9961bf3ed933c557/shares/d3e513af-9b67-4808-a36e-0ce415bdd044 returned with HTTP 200
Feb 19 02:41:24.320587 np0000156486 devstack@m-api.service[47107]: [pid: 47107|app: 0|req: 139/284] 199.19.213.35 () {66 vars in 1489 bytes} [Thu Feb 19 02:41:24 2026] GET /share/v2/ff581bf5763047ae9961bf3ed933c557/shares/d3e513af-9b67-4808-a36e-0ce415bdd044 => generated 1499 bytes in 20 msecs (HTTP/1.1 200) 7 headers in 298 bytes (1 switches on core 0)
Feb 19 02:41:24.330641 np0000156486 devstack@m-api.service[47107]: INFO manila.api.openstack.wsgi [None req-dd752b9d-78cf-43dd-a3f3-5b94a775f4ba tempest-SharesSchedulerHintsAdminTest-2009393131 tempest-SharesSchedulerHintsAdminTest-2009393131-project-admin] GET https://199.19.213.35/share/v2/68edb90c799c4db3b693fc54f79d620d/shares/c2315060-54e1-49e4-8e93-0e0d4cd2e100
Feb 19 02:41:24.330641 np0000156486 devstack@m-api.service[47107]: DEBUG manila.api.openstack.wsgi [None req-dd752b9d-78cf-43dd-a3f3-5b94a775f4ba tempest-SharesSchedulerHintsAdminTest-2009393131 tempest-SharesSchedulerHintsAdminTest-2009393131-project-admin] Empty body provided in request {{(pid=47107) get_body /opt/stack/manila/manila/api/openstack/wsgi.py:652}}
Feb 19 02:41:24.330641 np0000156486 devstack@m-api.service[47107]: DEBUG manila.api.openstack.wsgi [None req-dd752b9d-78cf-43dd-a3f3-5b94a775f4ba tempest-SharesSchedulerHintsAdminTest-2009393131 tempest-SharesSchedulerHintsAdminTest-2009393131-project-admin] Calling method 'ShareMixin.show' {{(pid=47107) _process_stack /opt/stack/manila/manila/api/openstack/wsgi.py:798}}
Feb 19 02:41:24.347583 np0000156486 devstack@m-api.service[47107]: INFO manila.api.openstack.wsgi [None req-dd752b9d-78cf-43dd-a3f3-5b94a775f4ba tempest-SharesSchedulerHintsAdminTest-2009393131 tempest-SharesSchedulerHintsAdminTest-2009393131-project-admin] https://199.19.213.35/share/v2/68edb90c799c4db3b693fc54f79d620d/shares/c2315060-54e1-49e4-8e93-0e0d4cd2e100 returned with HTTP 200
Feb 19 02:41:24.347766 np0000156486 devstack@m-api.service[47107]: [pid: 47107|app: 0|req: 140/285] 199.19.213.35 () {66 vars in 1489 bytes} [Thu Feb 19 02:41:24 2026] GET /share/v2/68edb90c799c4db3b693fc54f79d620d/shares/c2315060-54e1-49e4-8e93-0e0d4cd2e100 => generated 1499 bytes in 23 msecs (HTTP/1.1 200) 7 headers in 298 bytes (1 switches on core 0)
Feb 19 02:41:24.352633 np0000156486 devstack@m-api.service[47107]: INFO manila.api.openstack.wsgi [None req-714aca7a-a90d-4848-8ce1-66d303afbe7e tempest-ShareInstancesNegativeTest-1794600500 tempest-ShareInstancesNegativeTest-1794600500-project-admin] GET https://199.19.213.35/share/v2/ff581bf5763047ae9961bf3ed933c557/share_instances?export_location_path=fake
Feb 19 02:41:24.352842 np0000156486 devstack@m-api.service[47107]: DEBUG manila.api.openstack.wsgi [None req-714aca7a-a90d-4848-8ce1-66d303afbe7e tempest-ShareInstancesNegativeTest-1794600500 tempest-ShareInstancesNegativeTest-1794600500-project-admin] Empty body provided in request {{(pid=47107) get_body /opt/stack/manila/manila/api/openstack/wsgi.py:652}}
Feb 19 02:41:24.353018 np0000156486 devstack@m-api.service[47107]: DEBUG manila.api.openstack.wsgi [None req-714aca7a-a90d-4848-8ce1-66d303afbe7e tempest-ShareInstancesNegativeTest-1794600500 tempest-ShareInstancesNegativeTest-1794600500-project-admin] Calling method 'Controller.__getattribute__..version_select' {{(pid=47107) _process_stack /opt/stack/manila/manila/api/openstack/wsgi.py:798}}
Feb 19 02:41:24.390982 np0000156486 devstack@m-api.service[47107]: INFO manila.api.openstack.wsgi [None req-714aca7a-a90d-4848-8ce1-66d303afbe7e tempest-ShareInstancesNegativeTest-1794600500 tempest-ShareInstancesNegativeTest-1794600500-project-admin] https://199.19.213.35/share/v2/ff581bf5763047ae9961bf3ed933c557/share_instances returned with HTTP 200
Feb 19 02:41:24.391706 np0000156486 devstack@m-api.service[47107]: [pid: 47107|app: 0|req: 141/286] 199.19.213.35 () {66 vars in 1456 bytes} [Thu Feb 19 02:41:24 2026] GET /share/v2/ff581bf5763047ae9961bf3ed933c557/share_instances?export_location_path=fake => generated 8838 bytes in 43 msecs (HTTP/1.1 200) 7 headers in 298 bytes (1 switches on core 0)
Feb 19 02:41:24.394429 np0000156486 devstack@m-api.service[47107]: INFO manila.api.openstack.wsgi [None req-65d21b71-8799-4a81-b368-d52793d52525 tempest-SharesSchedulerHintsAdminTest-2009393131 tempest-SharesSchedulerHintsAdminTest-2009393131-project-admin] POST https://199.19.213.35/share/v2/68edb90c799c4db3b693fc54f79d620d/shares
Feb 19 02:41:24.394825 np0000156486 devstack@m-api.service[47107]: DEBUG manila.api.openstack.wsgi [None req-65d21b71-8799-4a81-b368-d52793d52525 tempest-SharesSchedulerHintsAdminTest-2009393131 tempest-SharesSchedulerHintsAdminTest-2009393131-project-admin] Action: 'create', calling method: Controller.__getattribute__..version_select, body: {"share": {"share_proto": "nfs", "description": "Tempest's share", "snapshot_id": null, "name": "tempest-tempest-created-share-1170864029", "size": 1, "metadata": {}, "is_public": false, "share_network_id": "b2e7265c-f98e-4f9c-966c-0cfd581970e0", "share_type": "daecf9cf-1892-4644-9e69-ab4f222cbb1c", "scheduler_hints": {"only_host": "np0000156486@alpha#fake_pool_for_ALPHA"}}} {{(pid=47107) _process_stack /opt/stack/manila/manila/api/openstack/wsgi.py:796}}
Feb 19 02:41:24.395614 np0000156486 devstack@m-api.service[47107]: INFO manila.api.v2.shares [None req-65d21b71-8799-4a81-b368-d52793d52525 tempest-SharesSchedulerHintsAdminTest-2009393131 tempest-SharesSchedulerHintsAdminTest-2009393131-project-admin] Create NFS share of 1 GB
Feb 19 02:41:24.413790 np0000156486 devstack@m-api.service[47106]: DEBUG manila.quota [None req-ae50659b-5588-43c8-abfd-f26de1fd2463 tempest-AdminActionsTest-740938310 tempest-AdminActionsTest-740938310-project-admin] Created reservations ['dc4a9d5a-7291-401d-bbbb-b0a88797afad', 'bd9816cd-19de-4fa2-9304-6e6cd6950529', 'ba521cda-06b6-4b41-899a-f838c8330b96', 'c75bd887-daef-49c3-8059-3c75a2d1bfb2'] {{(pid=47106) reserve /opt/stack/manila/manila/quota.py:1038}}
Feb 19 02:41:24.472269 np0000156486 devstack@m-api.service[47106]: DEBUG manila.quota [None req-ae50659b-5588-43c8-abfd-f26de1fd2463 tempest-AdminActionsTest-740938310 tempest-AdminActionsTest-740938310-project-admin] Committed reservations ['dc4a9d5a-7291-401d-bbbb-b0a88797afad', 'bd9816cd-19de-4fa2-9304-6e6cd6950529', 'ba521cda-06b6-4b41-899a-f838c8330b96', 'c75bd887-daef-49c3-8059-3c75a2d1bfb2'] {{(pid=47106) commit /opt/stack/manila/manila/quota.py:1066}}
Feb 19 02:41:24.542312 np0000156486 devstack@m-api.service[47106]: INFO manila.api.openstack.wsgi [None req-ae50659b-5588-43c8-abfd-f26de1fd2463 tempest-AdminActionsTest-740938310 tempest-AdminActionsTest-740938310-project-admin] https://199.19.213.35/share/v2/70a86a2e04d94e51b4d1d655d88de8d8/shares returned with HTTP 200
Feb 19 02:41:24.543887 np0000156486 devstack@m-api.service[47106]: [pid: 47106|app: 0|req: 146/287] 199.19.213.35 () {68 vars in 1400 bytes} [Thu Feb 19 02:41:24 2026] POST /share/v2/70a86a2e04d94e51b4d1d655d88de8d8/shares => generated 1414 bytes in 227 msecs (HTTP/1.1 200) 7 headers in 298 bytes (2 switches on core 0)
Feb 19 02:41:24.547004 np0000156486 devstack@m-api.service[47106]: INFO manila.api.openstack.wsgi [None req-88c6f543-feaa-4a76-a957-6d1f29dba3a9 tempest-ShareInstancesNegativeTest-1794600500 tempest-ShareInstancesNegativeTest-1794600500-project-admin] GET https://199.19.213.35/share/v2/ff581bf5763047ae9961bf3ed933c557/share_instances?export_location_id=fake
Feb 19 02:41:24.547079 np0000156486 devstack@m-api.service[47106]: DEBUG manila.api.openstack.wsgi [None req-88c6f543-feaa-4a76-a957-6d1f29dba3a9 tempest-ShareInstancesNegativeTest-1794600500 tempest-ShareInstancesNegativeTest-1794600500-project-admin] Empty body provided in request {{(pid=47106) get_body /opt/stack/manila/manila/api/openstack/wsgi.py:652}}
Feb 19 02:41:24.547446 np0000156486 devstack@m-api.service[47106]: DEBUG manila.api.openstack.wsgi [None req-88c6f543-feaa-4a76-a957-6d1f29dba3a9 tempest-ShareInstancesNegativeTest-1794600500 tempest-ShareInstancesNegativeTest-1794600500-project-admin] Calling method 'Controller.__getattribute__..version_select' {{(pid=47106) _process_stack /opt/stack/manila/manila/api/openstack/wsgi.py:798}}
Feb 19 02:41:24.573915 np0000156486 devstack@m-api.service[47106]: INFO manila.api.openstack.wsgi [None req-88c6f543-feaa-4a76-a957-6d1f29dba3a9 tempest-ShareInstancesNegativeTest-1794600500 tempest-ShareInstancesNegativeTest-1794600500-project-admin] https://199.19.213.35/share/v2/ff581bf5763047ae9961bf3ed933c557/share_instances returned with HTTP 200
Feb 19 02:41:24.573915 np0000156486 devstack@m-api.service[47106]: [pid: 47106|app: 0|req: 147/288] 199.19.213.35 () {66 vars in 1452 bytes} [Thu Feb 19 02:41:24 2026] GET /share/v2/ff581bf5763047ae9961bf3ed933c557/share_instances?export_location_id=fake => generated 9274 bytes in 31 msecs (HTTP/1.1 200) 7 headers in 298 bytes (1 switches on core 0)
Feb 19 02:41:24.576818 np0000156486 devstack@m-api.service[47106]: INFO manila.api.openstack.wsgi [None req-029fc1c8-589b-4b30-a85e-0561d6203716 tempest-AdminActionsTest-740938310 tempest-AdminActionsTest-740938310-project-admin] GET https://199.19.213.35/share/v2/70a86a2e04d94e51b4d1d655d88de8d8/shares/f252704b-0b3e-4f94-a2e2-2fe5746bae3d
Feb 19 02:41:24.578317 np0000156486 devstack@m-api.service[47106]: DEBUG manila.api.openstack.wsgi [None req-029fc1c8-589b-4b30-a85e-0561d6203716 tempest-AdminActionsTest-740938310 tempest-AdminActionsTest-740938310-project-admin] Empty body provided in request {{(pid=47106) get_body /opt/stack/manila/manila/api/openstack/wsgi.py:652}}
Feb 19 02:41:24.578317 np0000156486 devstack@m-api.service[47106]: DEBUG manila.api.openstack.wsgi [None req-029fc1c8-589b-4b30-a85e-0561d6203716 tempest-AdminActionsTest-740938310 tempest-AdminActionsTest-740938310-project-admin] Calling method 'ShareMixin.show' {{(pid=47106) _process_stack /opt/stack/manila/manila/api/openstack/wsgi.py:798}}
Feb 19 02:41:24.591885 np0000156486 devstack@m-api.service[47106]: INFO manila.api.openstack.wsgi [None req-029fc1c8-589b-4b30-a85e-0561d6203716 tempest-AdminActionsTest-740938310 tempest-AdminActionsTest-740938310-project-admin] https://199.19.213.35/share/v2/70a86a2e04d94e51b4d1d655d88de8d8/shares/f252704b-0b3e-4f94-a2e2-2fe5746bae3d returned with HTTP 200
Feb 19 02:41:24.592360 np0000156486 devstack@m-api.service[47106]: [pid: 47106|app: 0|req: 148/289] 199.19.213.35 () {66 vars in 1489 bytes} [Thu Feb 19 02:41:24 2026] GET /share/v2/70a86a2e04d94e51b4d1d655d88de8d8/shares/f252704b-0b3e-4f94-a2e2-2fe5746bae3d => generated 1452 bytes in 18 msecs (HTTP/1.1 200) 7 headers in 298 bytes (1 switches on core 0)
Feb 19 02:41:24.595054 np0000156486 devstack@m-api.service[47106]: INFO manila.api.openstack.wsgi [None req-fc140b7d-d405-4b55-b315-69f1fb6eb288 tempest-ShareInstancesNegativeTest-1794600500 tempest-ShareInstancesNegativeTest-1794600500-project-admin] GET https://199.19.213.35/share/v2/ff581bf5763047ae9961bf3ed933c557/share_instances?export_location_path=fake_not_exist
Feb 19 02:41:24.595243 np0000156486 devstack@m-api.service[47106]: DEBUG manila.api.openstack.wsgi [None req-fc140b7d-d405-4b55-b315-69f1fb6eb288 tempest-ShareInstancesNegativeTest-1794600500 tempest-ShareInstancesNegativeTest-1794600500-project-admin] Empty body provided in request {{(pid=47106) get_body /opt/stack/manila/manila/api/openstack/wsgi.py:652}}
Feb 19 02:41:24.595411 np0000156486 devstack@m-api.service[47106]: DEBUG manila.api.openstack.wsgi [None req-fc140b7d-d405-4b55-b315-69f1fb6eb288 tempest-ShareInstancesNegativeTest-1794600500 tempest-ShareInstancesNegativeTest-1794600500-project-admin] Calling method 'Controller.__getattribute__..version_select' {{(pid=47106) _process_stack /opt/stack/manila/manila/api/openstack/wsgi.py:798}}
Feb 19 02:41:24.607589 np0000156486 devstack@m-api.service[47106]: INFO manila.api.openstack.wsgi [None req-fc140b7d-d405-4b55-b315-69f1fb6eb288 tempest-ShareInstancesNegativeTest-1794600500 tempest-ShareInstancesNegativeTest-1794600500-project-admin] https://199.19.213.35/share/v2/ff581bf5763047ae9961bf3ed933c557/share_instances?export_location_path=fake_not_exist returned with HTTP 200
Feb 19 02:41:24.608004 np0000156486 devstack@m-api.service[47106]: [pid: 47106|app: 0|req: 149/290] 199.19.213.35 () {66 vars in 1476 bytes} [Thu Feb 19 02:41:24 2026] GET /share/v2/ff581bf5763047ae9961bf3ed933c557/share_instances?export_location_path=fake_not_exist => generated 23 bytes in 15 msecs (HTTP/1.1 200) 7 headers in 296 bytes (1 switches on core 0)
Feb 19 02:41:24.620134 np0000156486 devstack@m-api.service[47107]: DEBUG manila.quota [None req-65d21b71-8799-4a81-b368-d52793d52525 tempest-SharesSchedulerHintsAdminTest-2009393131 tempest-SharesSchedulerHintsAdminTest-2009393131-project-admin] Created reservations ['a102ca8b-8ae0-49b7-aac0-885159ae89f3', '030fc185-b3da-4737-874b-85f0c27ae51b', '45a47630-70a9-44cf-9aec-84407eb54fd6', 'c4076770-6405-4e63-8e0e-2835ce29773b'] {{(pid=47107) reserve /opt/stack/manila/manila/quota.py:1038}}
Feb 19 02:41:24.620921 np0000156486 devstack@m-api.service[47106]: INFO manila.api.openstack.wsgi [None req-c83a6a12-58e4-453d-8744-0bda4b8cab69 tempest-ShareInstancesNegativeTest-1794600500 tempest-ShareInstancesNegativeTest-1794600500-project-admin] GET https://199.19.213.35/share/v2/ff581bf5763047ae9961bf3ed933c557/share_instances?export_location_id=fake_not_exist
Feb 19 02:41:24.621141 np0000156486 devstack@m-api.service[47106]: DEBUG manila.api.openstack.wsgi [None req-c83a6a12-58e4-453d-8744-0bda4b8cab69 tempest-ShareInstancesNegativeTest-1794600500 tempest-ShareInstancesNegativeTest-1794600500-project-admin] Empty body provided in request {{(pid=47106) get_body /opt/stack/manila/manila/api/openstack/wsgi.py:652}}
Feb 19 02:41:24.621277 np0000156486 devstack@m-api.service[47106]: DEBUG manila.api.openstack.wsgi [None req-c83a6a12-58e4-453d-8744-0bda4b8cab69 tempest-ShareInstancesNegativeTest-1794600500 tempest-ShareInstancesNegativeTest-1794600500-project-admin] Calling method 'Controller.__getattribute__..version_select' {{(pid=47106) _process_stack /opt/stack/manila/manila/api/openstack/wsgi.py:798}}
Feb 19 02:41:24.632762 np0000156486 devstack@m-api.service[47106]: INFO manila.api.openstack.wsgi [None req-c83a6a12-58e4-453d-8744-0bda4b8cab69 tempest-ShareInstancesNegativeTest-1794600500 tempest-ShareInstancesNegativeTest-1794600500-project-admin] https://199.19.213.35/share/v2/ff581bf5763047ae9961bf3ed933c557/share_instances?export_location_id=fake_not_exist returned with HTTP 200
Feb 19 02:41:24.633222 np0000156486 devstack@m-api.service[47106]: [pid: 47106|app: 0|req: 150/291] 199.19.213.35 () {66 vars in 1472 bytes} [Thu Feb 19 02:41:24 2026] GET /share/v2/ff581bf5763047ae9961bf3ed933c557/share_instances?export_location_id=fake_not_exist => generated 23 bytes in 14 msecs (HTTP/1.1 200) 7 headers in 296 bytes (2 switches on core 0)
Feb 19 02:41:24.647343 np0000156486 devstack@m-api.service[47106]: INFO manila.api.openstack.wsgi [None req-5d1e75d9-6428-4dfa-8e03-b7ee3cf040e0 tempest-ShareInstancesNegativeTest-1794600500 tempest-ShareInstancesNegativeTest-1794600500-project-admin] GET https://199.19.213.35/share/v2/ff581bf5763047ae9961bf3ed933c557/share-replicas/detail?share_id=d3e513af-9b67-4808-a36e-0ce415bdd044
Feb 19 02:41:24.647550 np0000156486 devstack@m-api.service[47106]: DEBUG manila.api.openstack.wsgi [None req-5d1e75d9-6428-4dfa-8e03-b7ee3cf040e0 tempest-ShareInstancesNegativeTest-1794600500 tempest-ShareInstancesNegativeTest-1794600500-project-admin] Empty body provided in request {{(pid=47106) get_body /opt/stack/manila/manila/api/openstack/wsgi.py:652}}
Feb 19 02:41:24.647722 np0000156486 devstack@m-api.service[47106]: DEBUG manila.api.openstack.wsgi [None req-5d1e75d9-6428-4dfa-8e03-b7ee3cf040e0 tempest-ShareInstancesNegativeTest-1794600500 tempest-ShareInstancesNegativeTest-1794600500-project-admin] Calling method 'Controller.__getattribute__..version_select' {{(pid=47106) _process_stack /opt/stack/manila/manila/api/openstack/wsgi.py:798}}
Feb 19 02:41:24.660450 np0000156486 devstack@m-api.service[47106]: INFO manila.api.openstack.wsgi [None req-5d1e75d9-6428-4dfa-8e03-b7ee3cf040e0 tempest-ShareInstancesNegativeTest-1794600500 tempest-ShareInstancesNegativeTest-1794600500-project-admin] https://199.19.213.35/share/v2/ff581bf5763047ae9961bf3ed933c557/share-replicas/detail?share_id=d3e513af-9b67-4808-a36e-0ce415bdd044 returned with HTTP 200
Feb 19 02:41:24.660921 np0000156486 devstack@m-api.service[47106]: [pid: 47106|app: 0|req: 151/292] 199.19.213.35 () {66 vars in 1514 bytes} [Thu Feb 19 02:41:24 2026] GET /share/v2/ff581bf5763047ae9961bf3ed933c557/share-replicas/detail?share_id=d3e513af-9b67-4808-a36e-0ce415bdd044 => generated 22 bytes in 16 msecs (HTTP/1.1 200) 7 headers in 296 bytes (2 switches on core 0)
Feb 19 02:41:24.675153 np0000156486 devstack@m-api.service[47106]: INFO manila.api.openstack.wsgi [None req-131ff4b8-c84e-433e-aea1-7c388be95354 tempest-ShareInstancesNegativeTest-1794600500 tempest-ShareInstancesNegativeTest-1794600500-project-admin] DELETE https://199.19.213.35/share/v2/ff581bf5763047ae9961bf3ed933c557/shares/d3e513af-9b67-4808-a36e-0ce415bdd044
Feb 19 02:41:24.675568 np0000156486 devstack@m-api.service[47106]: DEBUG manila.api.openstack.wsgi [None req-131ff4b8-c84e-433e-aea1-7c388be95354 tempest-ShareInstancesNegativeTest-1794600500 tempest-ShareInstancesNegativeTest-1794600500-project-admin] Empty body provided in request {{(pid=47106) get_body /opt/stack/manila/manila/api/openstack/wsgi.py:652}}
Feb 19 02:41:24.675916 np0000156486 devstack@m-api.service[47106]: DEBUG manila.api.openstack.wsgi [None req-131ff4b8-c84e-433e-aea1-7c388be95354 tempest-ShareInstancesNegativeTest-1794600500 tempest-ShareInstancesNegativeTest-1794600500-project-admin] Calling method 'ShareMixin.delete' {{(pid=47106) _process_stack /opt/stack/manila/manila/api/openstack/wsgi.py:798}}
Feb 19 02:41:24.676882 np0000156486 devstack@m-api.service[47106]: INFO manila.api.v2.shares [None req-131ff4b8-c84e-433e-aea1-7c388be95354 tempest-ShareInstancesNegativeTest-1794600500 tempest-ShareInstancesNegativeTest-1794600500-project-admin] Delete share with id: d3e513af-9b67-4808-a36e-0ce415bdd044
