Feb 19 02:41:26.585661 np0000156486 devstack@m-api.service[47107]: INFO manila.api.openstack.wsgi [None req-c1cb3eb7-7eef-4bdb-9bb0-6f2086217e57 tempest-MigrationOfShareWithSnapshotNFSTest-2014802598 tempest-MigrationOfShareWithSnapshotNFSTest-2014802598-project-admin] GET https://199.19.213.35/share/v2/8647a7c773184f83a514e0fdc0bf21de/shares/2277c619-eea0-4cb5-b214-0706d3a43621/export_locations
Feb 19 02:41:26.585661 np0000156486 devstack@m-api.service[47107]: DEBUG manila.api.openstack.wsgi [None req-c1cb3eb7-7eef-4bdb-9bb0-6f2086217e57 tempest-MigrationOfShareWithSnapshotNFSTest-2014802598 tempest-MigrationOfShareWithSnapshotNFSTest-2014802598-project-admin] Empty body provided in request {{(pid=47107) get_body /opt/stack/manila/manila/api/openstack/wsgi.py:652}}
Feb 19 02:41:26.585661 np0000156486 devstack@m-api.service[47107]: DEBUG manila.api.openstack.wsgi [None req-c1cb3eb7-7eef-4bdb-9bb0-6f2086217e57 tempest-MigrationOfShareWithSnapshotNFSTest-2014802598 tempest-MigrationOfShareWithSnapshotNFSTest-2014802598-project-admin] Calling method 'Controller.__getattribute__..version_select' {{(pid=47107) _process_stack /opt/stack/manila/manila/api/openstack/wsgi.py:798}}
Feb 19 02:41:26.598142 np0000156486 devstack@m-api.service[47106]: INFO manila.api.openstack.wsgi [None req-057c3f27-4d83-4e70-870a-5e70d2ce301d tempest-ShareMultiBackendTest-1316881618 tempest-ShareMultiBackendTest-1316881618-project-admin] https://199.19.213.35/share/v2/fc87fcadb99a42d0b4abaacd2296317b/shares/e5c22f2f-09d0-49ed-9192-17302263d75d returned with HTTP 200
Feb 19 02:41:26.598575 np0000156486 devstack@m-api.service[47106]: [pid: 47106|app: 0|req: 162/319] 199.19.213.35 () {66 vars in 1489 bytes} [Thu Feb 19 02:41:26 2026] GET /share/v2/fc87fcadb99a42d0b4abaacd2296317b/shares/e5c22f2f-09d0-49ed-9192-17302263d75d => generated 1548 bytes in 26 msecs (HTTP/1.1 200) 7 headers in 298 bytes (1 switches on core 0)
Feb 19 02:41:26.600795 np0000156486 devstack@m-api.service[47106]: INFO manila.api.openstack.wsgi [None req-cf34d9dc-964c-4bc4-aa6e-9636d570b1bd tempest-ExportLocationsNegativeTest-662901928 tempest-ExportLocationsNegativeTest-662901928-project-admin] GET https://199.19.213.35/share/v2/f8537431969a47ce89fc4999aba4982e/shares/111d00ae-645d-406e-b4aa-deb5042448a6/export_locations/fake-inexistent-share-instance-id
Feb 19 02:41:26.600991 np0000156486 devstack@m-api.service[47106]: DEBUG manila.api.openstack.wsgi [None req-cf34d9dc-964c-4bc4-aa6e-9636d570b1bd tempest-ExportLocationsNegativeTest-662901928 tempest-ExportLocationsNegativeTest-662901928-project-admin] Empty body provided in request {{(pid=47106) get_body /opt/stack/manila/manila/api/openstack/wsgi.py:652}}
Feb 19 02:41:26.601149 np0000156486 devstack@m-api.service[47106]: DEBUG manila.api.openstack.wsgi [None req-cf34d9dc-964c-4bc4-aa6e-9636d570b1bd tempest-ExportLocationsNegativeTest-662901928 tempest-ExportLocationsNegativeTest-662901928-project-admin] Calling method 'Controller.__getattribute__..version_select' {{(pid=47106) _process_stack /opt/stack/manila/manila/api/openstack/wsgi.py:798}}
Feb 19 02:41:26.645665 np0000156486 devstack@m-api.service[47106]: INFO manila.api.openstack.wsgi [None req-cf34d9dc-964c-4bc4-aa6e-9636d570b1bd tempest-ExportLocationsNegativeTest-662901928 tempest-ExportLocationsNegativeTest-662901928-project-admin] HTTP exception thrown: Export location 'fake-inexistent-share-instance-id' not found.
Feb 19 02:41:26.645959 np0000156486 devstack@m-api.service[47106]: INFO manila.api.openstack.wsgi [None req-cf34d9dc-964c-4bc4-aa6e-9636d570b1bd tempest-ExportLocationsNegativeTest-662901928 tempest-ExportLocationsNegativeTest-662901928-project-admin] https://199.19.213.35/share/v2/f8537431969a47ce89fc4999aba4982e/shares/111d00ae-645d-406e-b4aa-deb5042448a6/export_locations/fake-inexistent-share-instance-id returned with HTTP 404
Feb 19 02:41:26.646937 np0000156486 devstack@m-api.service[47106]: [pid: 47106|app: 0|req: 163/320] 199.19.213.35 () {66 vars in 1642 bytes} [Thu Feb 19 02:41:26 2026] GET /share/v2/f8537431969a47ce89fc4999aba4982e/shares/111d00ae-645d-406e-b4aa-deb5042448a6/export_locations/fake-inexistent-share-instance-id => generated 108 bytes in 48 msecs (HTTP/1.1 404) 7 headers in 304 bytes (1 switches on core 0)
Feb 19 02:41:26.651044 np0000156486 devstack@m-api.service[47106]: INFO manila.api.openstack.wsgi [None req-6e23a80a-8b83-435f-b13b-be44edd040ec tempest-ShareMultiBackendTest-1316881618 tempest-ShareMultiBackendTest-1316881618-project-admin] GET https://199.19.213.35/share/v2/fc87fcadb99a42d0b4abaacd2296317b/shares/f79bc444-17ed-4c0a-b30d-358e80812d34
Feb 19 02:41:26.651370 np0000156486 devstack@m-api.service[47106]: DEBUG manila.api.openstack.wsgi [None req-6e23a80a-8b83-435f-b13b-be44edd040ec tempest-ShareMultiBackendTest-1316881618 tempest-ShareMultiBackendTest-1316881618-project-admin] Empty body provided in request {{(pid=47106) get_body /opt/stack/manila/manila/api/openstack/wsgi.py:652}}
Feb 19 02:41:26.651687 np0000156486 devstack@m-api.service[47106]: DEBUG manila.api.openstack.wsgi [None req-6e23a80a-8b83-435f-b13b-be44edd040ec tempest-ShareMultiBackendTest-1316881618 tempest-ShareMultiBackendTest-1316881618-project-admin] Calling method 'ShareMixin.show' {{(pid=47106) _process_stack /opt/stack/manila/manila/api/openstack/wsgi.py:798}}
Feb 19 02:41:26.669627 np0000156486 devstack@m-api.service[47107]: INFO manila.api.openstack.wsgi [None req-c1cb3eb7-7eef-4bdb-9bb0-6f2086217e57 tempest-MigrationOfShareWithSnapshotNFSTest-2014802598 tempest-MigrationOfShareWithSnapshotNFSTest-2014802598-project-admin] https://199.19.213.35/share/v2/8647a7c773184f83a514e0fdc0bf21de/shares/2277c619-eea0-4cb5-b214-0706d3a43621/export_locations returned with HTTP 200
Feb 19 02:41:26.670314 np0000156486 devstack@m-api.service[47107]: [pid: 47107|app: 0|req: 158/321] 199.19.213.35 () {66 vars in 1540 bytes} [Thu Feb 19 02:41:26 2026] GET /share/v2/8647a7c773184f83a514e0fdc0bf21de/shares/2277c619-eea0-4cb5-b214-0706d3a43621/export_locations => generated 890 bytes in 88 msecs (HTTP/1.1 200) 7 headers in 297 bytes (2 switches on core 0)
Feb 19 02:41:26.672205 np0000156486 devstack@m-api.service[47106]: INFO manila.api.openstack.wsgi [None req-6e23a80a-8b83-435f-b13b-be44edd040ec tempest-ShareMultiBackendTest-1316881618 tempest-ShareMultiBackendTest-1316881618-project-admin] https://199.19.213.35/share/v2/fc87fcadb99a42d0b4abaacd2296317b/shares/f79bc444-17ed-4c0a-b30d-358e80812d34 returned with HTTP 200
Feb 19 02:41:26.672723 np0000156486 devstack@m-api.service[47106]: [pid: 47106|app: 0|req: 164/322] 199.19.213.35 () {66 vars in 1489 bytes} [Thu Feb 19 02:41:26 2026] GET /share/v2/fc87fcadb99a42d0b4abaacd2296317b/shares/f79bc444-17ed-4c0a-b30d-358e80812d34 => generated 1542 bytes in 25 msecs (HTTP/1.1 200) 7 headers in 298 bytes (1 switches on core 0)
Feb 19 02:41:26.672915 np0000156486 devstack@m-api.service[47107]: INFO manila.api.openstack.wsgi [None req-11d35062-e11c-44c2-88d7-88e414b9e833 tempest-ExportLocationsTest-1374948235 tempest-ExportLocationsTest-1374948235-project-admin] GET https://199.19.213.35/share/v2/48f39394d0fe4fdfb1cbe9f2dbc0b465/shares/aa313301-f7ea-4cee-83a2-2a16b7892ab7
Feb 19 02:41:26.673207 np0000156486 devstack@m-api.service[47107]: DEBUG manila.api.openstack.wsgi [None req-11d35062-e11c-44c2-88d7-88e414b9e833 tempest-ExportLocationsTest-1374948235 tempest-ExportLocationsTest-1374948235-project-admin] Empty body provided in request {{(pid=47107) get_body /opt/stack/manila/manila/api/openstack/wsgi.py:652}}
Feb 19 02:41:26.673564 np0000156486 devstack@m-api.service[47107]: DEBUG manila.api.openstack.wsgi [None req-11d35062-e11c-44c2-88d7-88e414b9e833 tempest-ExportLocationsTest-1374948235 tempest-ExportLocationsTest-1374948235-project-admin] Calling method 'ShareMixin.show' {{(pid=47107) _process_stack /opt/stack/manila/manila/api/openstack/wsgi.py:798}}
Feb 19 02:41:26.675176 np0000156486 devstack@m-api.service[47106]: INFO manila.api.openstack.wsgi [None req-732422f5-baa3-4a71-9e07-5a0bed3ac476 tempest-AdminActionsNegativeTest-717195747 tempest-AdminActionsNegativeTest-717195747-project-admin] GET https://199.19.213.35/share/v2/c3e7ad552c144789be9c625bce4db120/shares/86bba8ff-55b2-4387-8ff5-6aa358fb19e8
Feb 19 02:41:26.675410 np0000156486 devstack@m-api.service[47106]: DEBUG manila.api.openstack.wsgi [None req-732422f5-baa3-4a71-9e07-5a0bed3ac476 tempest-AdminActionsNegativeTest-717195747 tempest-AdminActionsNegativeTest-717195747-project-admin] Empty body provided in request {{(pid=47106) get_body /opt/stack/manila/manila/api/openstack/wsgi.py:652}}
Feb 19 02:41:26.675623 np0000156486 devstack@m-api.service[47106]: DEBUG manila.api.openstack.wsgi [None req-732422f5-baa3-4a71-9e07-5a0bed3ac476 tempest-AdminActionsNegativeTest-717195747 tempest-AdminActionsNegativeTest-717195747-project-admin] Calling method 'ShareMixin.show' {{(pid=47106) _process_stack /opt/stack/manila/manila/api/openstack/wsgi.py:798}}
Feb 19 02:41:26.690617 np0000156486 devstack@m-api.service[47107]: INFO manila.api.openstack.wsgi [None req-11d35062-e11c-44c2-88d7-88e414b9e833 tempest-ExportLocationsTest-1374948235 tempest-ExportLocationsTest-1374948235-project-admin] https://199.19.213.35/share/v2/48f39394d0fe4fdfb1cbe9f2dbc0b465/shares/aa313301-f7ea-4cee-83a2-2a16b7892ab7 returned with HTTP 200
Feb 19 02:41:26.690617 np0000156486 devstack@m-api.service[47107]: [pid: 47107|app: 0|req: 159/323] 199.19.213.35 () {66 vars in 1489 bytes} [Thu Feb 19 02:41:26 2026] GET /share/v2/48f39394d0fe4fdfb1cbe9f2dbc0b465/shares/aa313301-f7ea-4cee-83a2-2a16b7892ab7 => generated 1499 bytes in 19 msecs (HTTP/1.1 200) 7 headers in 298 bytes (1 switches on core 0)
Feb 19 02:41:26.692060 np0000156486 devstack@m-api.service[47106]: INFO manila.api.openstack.wsgi [None req-732422f5-baa3-4a71-9e07-5a0bed3ac476 tempest-AdminActionsNegativeTest-717195747 tempest-AdminActionsNegativeTest-717195747-project-admin] https://199.19.213.35/share/v2/c3e7ad552c144789be9c625bce4db120/shares/86bba8ff-55b2-4387-8ff5-6aa358fb19e8 returned with HTTP 200
Feb 19 02:41:26.692333 np0000156486 devstack@m-api.service[47107]: INFO manila.api.openstack.wsgi [None req-c6e6467c-dfb5-41a2-8f13-75ea022f68c0 tempest-ExportLocationsNegativeTest-662901928 tempest-ExportLocationsNegativeTest-662901928-project-admin] GET https://199.19.213.35/share/v2/f8537431969a47ce89fc4999aba4982e/share_instances/2e8715e4-eb5d-4287-a6d2-d006de74b570/export_locations/fake-inexistent-share-instance-id
Feb 19 02:41:26.692543 np0000156486 devstack@m-api.service[47106]: [pid: 47106|app: 0|req: 165/324] 199.19.213.35 () {66 vars in 1489 bytes} [Thu Feb 19 02:41:26 2026] GET /share/v2/c3e7ad552c144789be9c625bce4db120/shares/86bba8ff-55b2-4387-8ff5-6aa358fb19e8 => generated 1500 bytes in 19 msecs (HTTP/1.1 200) 7 headers in 298 bytes (1 switches on core 0)
Feb 19 02:41:26.692706 np0000156486 devstack@m-api.service[47107]: DEBUG manila.api.openstack.wsgi [None req-c6e6467c-dfb5-41a2-8f13-75ea022f68c0 tempest-ExportLocationsNegativeTest-662901928 tempest-ExportLocationsNegativeTest-662901928-project-admin] Empty body provided in request {{(pid=47107) get_body /opt/stack/manila/manila/api/openstack/wsgi.py:652}}
Feb 19 02:41:26.692931 np0000156486 devstack@m-api.service[47107]: DEBUG manila.api.openstack.wsgi [None req-c6e6467c-dfb5-41a2-8f13-75ea022f68c0 tempest-ExportLocationsNegativeTest-662901928 tempest-ExportLocationsNegativeTest-662901928-project-admin] Calling method 'Controller.__getattribute__..version_select' {{(pid=47107) _process_stack /opt/stack/manila/manila/api/openstack/wsgi.py:798}}
Feb 19 02:41:26.694999 np0000156486 devstack@m-api.service[47106]: INFO manila.api.openstack.wsgi [None req-61e66447-9e17-49fb-b9ae-ded2cf2b3d5d tempest-ShareMultiBackendTest-1316881618 tempest-ShareMultiBackendTest-1316881618-project-admin] GET https://199.19.213.35/share/v2/fc87fcadb99a42d0b4abaacd2296317b/shares/e5c22f2f-09d0-49ed-9192-17302263d75d
Feb 19 02:41:26.695263 np0000156486 devstack@m-api.service[47106]: DEBUG manila.api.openstack.wsgi [None req-61e66447-9e17-49fb-b9ae-ded2cf2b3d5d tempest-ShareMultiBackendTest-1316881618 tempest-ShareMultiBackendTest-1316881618-project-admin] Empty body provided in request {{(pid=47106) get_body /opt/stack/manila/manila/api/openstack/wsgi.py:652}}
Feb 19 02:41:26.695460 np0000156486 devstack@m-api.service[47106]: DEBUG manila.api.openstack.wsgi [None req-61e66447-9e17-49fb-b9ae-ded2cf2b3d5d tempest-ShareMultiBackendTest-1316881618 tempest-ShareMultiBackendTest-1316881618-project-admin] Calling method 'ShareMixin.show' {{(pid=47106) _process_stack /opt/stack/manila/manila/api/openstack/wsgi.py:798}}
Feb 19 02:41:26.717909 np0000156486 devstack@m-api.service[47106]: INFO manila.api.openstack.wsgi [None req-61e66447-9e17-49fb-b9ae-ded2cf2b3d5d tempest-ShareMultiBackendTest-1316881618 tempest-ShareMultiBackendTest-1316881618-project-admin] https://199.19.213.35/share/v2/fc87fcadb99a42d0b4abaacd2296317b/shares/e5c22f2f-09d0-49ed-9192-17302263d75d returned with HTTP 200
Feb 19 02:41:26.718581 np0000156486 devstack@m-api.service[47106]: [pid: 47106|app: 0|req: 166/325] 199.19.213.35 () {66 vars in 1488 bytes} [Thu Feb 19 02:41:26 2026] GET /share/v2/fc87fcadb99a42d0b4abaacd2296317b/shares/e5c22f2f-09d0-49ed-9192-17302263d75d => generated 1531 bytes in 25 msecs (HTTP/1.1 200) 7 headers in 297 bytes (1 switches on core 0)
Feb 19 02:41:26.721793 np0000156486 devstack@m-api.service[47106]: INFO manila.api.openstack.wsgi [None req-2383e857-4566-4283-91c8-b8244c7c6573 tempest-MigrationOfShareWithSnapshotNFSTest-2014802598 tempest-MigrationOfShareWithSnapshotNFSTest-2014802598-project-admin] POST https://199.19.213.35/share/v2/8647a7c773184f83a514e0fdc0bf21de/shares/2277c619-eea0-4cb5-b214-0706d3a43621/action
Feb 19 02:41:26.722494 np0000156486 devstack@m-api.service[47106]: DEBUG manila.api.openstack.wsgi [None req-2383e857-4566-4283-91c8-b8244c7c6573 tempest-MigrationOfShareWithSnapshotNFSTest-2014802598 tempest-MigrationOfShareWithSnapshotNFSTest-2014802598-project-admin] Action body: b'{"allow_access": {"access_type": "ip", "access_to": "50.50.50.50", "access_level": "rw"}}' {{(pid=47106) get_method /opt/stack/manila/manila/api/openstack/wsgi.py:912}}
Feb 19 02:41:26.722494 np0000156486 devstack@m-api.service[47106]: DEBUG manila.api.openstack.wsgi [None req-2383e857-4566-4283-91c8-b8244c7c6573 tempest-MigrationOfShareWithSnapshotNFSTest-2014802598 tempest-MigrationOfShareWithSnapshotNFSTest-2014802598-project-admin] Action: 'action', calling method: Controller.__getattribute__..version_select, body: {"allow_access": {"access_type": "ip", "access_to": "50.50.50.50", "access_level": "rw"}} {{(pid=47106) _process_stack /opt/stack/manila/manila/api/openstack/wsgi.py:796}}
Feb 19 02:41:26.762628 np0000156486 devstack@m-api.service[47107]: INFO manila.api.openstack.wsgi [None req-c6e6467c-dfb5-41a2-8f13-75ea022f68c0 tempest-ExportLocationsNegativeTest-662901928 tempest-ExportLocationsNegativeTest-662901928-project-admin] HTTP exception thrown: Export location fake-inexistent-share-instance-id could not be found.
Feb 19 02:41:26.764266 np0000156486 devstack@m-api.service[47107]: INFO manila.api.openstack.wsgi [None req-c6e6467c-dfb5-41a2-8f13-75ea022f68c0 tempest-ExportLocationsNegativeTest-662901928 tempest-ExportLocationsNegativeTest-662901928-project-admin] https://199.19.213.35/share/v2/f8537431969a47ce89fc4999aba4982e/share_instances/2e8715e4-eb5d-4287-a6d2-d006de74b570/export_locations/fake-inexistent-share-instance-id returned with HTTP 404
Feb 19 02:41:26.764266 np0000156486 devstack@m-api.service[47107]: [pid: 47107|app: 0|req: 160/326] 199.19.213.35 () {66 vars in 1669 bytes} [Thu Feb 19 02:41:26 2026] GET /share/v2/f8537431969a47ce89fc4999aba4982e/share_instances/2e8715e4-eb5d-4287-a6d2-d006de74b570/export_locations/fake-inexistent-share-instance-id => generated 115 bytes in 73 msecs (HTTP/1.1 404) 7 headers in 304 bytes (1 switches on core 0)
Feb 19 02:41:26.768328 np0000156486 devstack@m-api.service[47107]: INFO manila.api.openstack.wsgi [None req-a56cafc6-e532-440c-b483-1b8a6066de9a tempest-ManageShareServersTest-454869015 tempest-ManageShareServersTest-454869015-project-admin] GET https://199.19.213.35/share/v2/d75d6ef12ef14d269774c72545a34984/shares/9c01aa9c-61f9-4b73-a8f6-ae9eb495acae
Feb 19 02:41:26.768328 np0000156486 devstack@m-api.service[47107]: DEBUG manila.api.openstack.wsgi [None req-a56cafc6-e532-440c-b483-1b8a6066de9a tempest-ManageShareServersTest-454869015 tempest-ManageShareServersTest-454869015-project-admin] Empty body provided in request {{(pid=47107) get_body /opt/stack/manila/manila/api/openstack/wsgi.py:652}}
Feb 19 02:41:26.768328 np0000156486 devstack@m-api.service[47107]: DEBUG manila.api.openstack.wsgi [None req-a56cafc6-e532-440c-b483-1b8a6066de9a tempest-ManageShareServersTest-454869015 tempest-ManageShareServersTest-454869015-project-admin] Calling method 'ShareMixin.show' {{(pid=47107) _process_stack /opt/stack/manila/manila/api/openstack/wsgi.py:798}}
Feb 19 02:41:26.780662 np0000156486 devstack@m-api.service[47107]: INFO manila.api.openstack.wsgi [None req-a56cafc6-e532-440c-b483-1b8a6066de9a tempest-ManageShareServersTest-454869015 tempest-ManageShareServersTest-454869015-project-admin] https://199.19.213.35/share/v2/d75d6ef12ef14d269774c72545a34984/shares/9c01aa9c-61f9-4b73-a8f6-ae9eb495acae returned with HTTP 200
Feb 19 02:41:26.781021 np0000156486 devstack@m-api.service[47107]: [pid: 47107|app: 0|req: 161/327] 199.19.213.35 () {66 vars in 1489 bytes} [Thu Feb 19 02:41:26 2026] GET /share/v2/d75d6ef12ef14d269774c72545a34984/shares/9c01aa9c-61f9-4b73-a8f6-ae9eb495acae => generated 1498 bytes in 17 msecs (HTTP/1.1 200) 7 headers in 298 bytes (1 switches on core 0)
Feb 19 02:41:26.782897 np0000156486 devstack@m-api.service[47107]: INFO manila.api.openstack.wsgi [None req-21dbf744-cdd3-4a53-82a2-1b66ce1aae61 tempest-ExportLocationsTest-1374948235 tempest-ExportLocationsTest-1374948235-project-admin] GET https://199.19.213.35/share/v2/48f39394d0fe4fdfb1cbe9f2dbc0b465/shares/aa313301-f7ea-4cee-83a2-2a16b7892ab7
Feb 19 02:41:26.783552 np0000156486 devstack@m-api.service[47107]: DEBUG manila.api.openstack.wsgi [None req-21dbf744-cdd3-4a53-82a2-1b66ce1aae61 tempest-ExportLocationsTest-1374948235 tempest-ExportLocationsTest-1374948235-project-admin] Empty body provided in request {{(pid=47107) get_body /opt/stack/manila/manila/api/openstack/wsgi.py:652}}
Feb 19 02:41:26.783552 np0000156486 devstack@m-api.service[47107]: DEBUG manila.api.openstack.wsgi [None req-21dbf744-cdd3-4a53-82a2-1b66ce1aae61 tempest-ExportLocationsTest-1374948235 tempest-ExportLocationsTest-1374948235-project-admin] Calling method 'ShareMixin.show' {{(pid=47107) _process_stack /opt/stack/manila/manila/api/openstack/wsgi.py:798}}
Feb 19 02:41:26.797317 np0000156486 devstack@m-api.service[47107]: INFO manila.api.openstack.wsgi [None req-21dbf744-cdd3-4a53-82a2-1b66ce1aae61 tempest-ExportLocationsTest-1374948235 tempest-ExportLocationsTest-1374948235-project-admin] https://199.19.213.35/share/v2/48f39394d0fe4fdfb1cbe9f2dbc0b465/shares/aa313301-f7ea-4cee-83a2-2a16b7892ab7 returned with HTTP 200
Feb 19 02:41:26.797882 np0000156486 devstack@m-api.service[47107]: [pid: 47107|app: 0|req: 162/328] 199.19.213.35 () {66 vars in 1489 bytes} [Thu Feb 19 02:41:26 2026] GET /share/v2/48f39394d0fe4fdfb1cbe9f2dbc0b465/shares/aa313301-f7ea-4cee-83a2-2a16b7892ab7 => generated 1499 bytes in 16 msecs (HTTP/1.1 200) 7 headers in 298 bytes (1 switches on core 0)
Feb 19 02:41:26.800683 np0000156486 devstack@m-api.service[47107]: INFO manila.api.openstack.wsgi [None req-fa8ebd2b-a1f3-4612-aef2-8ea5a22f5e77 tempest-AdminActionsNegativeTest-717195747 tempest-AdminActionsNegativeTest-717195747-project-admin] GET https://199.19.213.35/share/v2/c3e7ad552c144789be9c625bce4db120/shares/86bba8ff-55b2-4387-8ff5-6aa358fb19e8/instances
Feb 19 02:41:26.800957 np0000156486 devstack@m-api.service[47107]: DEBUG manila.api.openstack.wsgi [None req-fa8ebd2b-a1f3-4612-aef2-8ea5a22f5e77 tempest-AdminActionsNegativeTest-717195747 tempest-AdminActionsNegativeTest-717195747-project-admin] Empty body provided in request {{(pid=47107) get_body /opt/stack/manila/manila/api/openstack/wsgi.py:652}}
Feb 19 02:41:26.801155 np0000156486 devstack@m-api.service[47107]: DEBUG manila.api.openstack.wsgi [None req-fa8ebd2b-a1f3-4612-aef2-8ea5a22f5e77 tempest-AdminActionsNegativeTest-717195747 tempest-AdminActionsNegativeTest-717195747-project-admin] Calling method 'Controller.__getattribute__..version_select' {{(pid=47107) _process_stack /opt/stack/manila/manila/api/openstack/wsgi.py:798}}
Feb 19 02:41:26.805873 np0000156486 devstack@m-api.service[47106]: DEBUG oslo_concurrency.lockutils [None req-2383e857-4566-4283-91c8-b8244c7c6573 tempest-MigrationOfShareWithSnapshotNFSTest-2014802598 tempest-MigrationOfShareWithSnapshotNFSTest-2014802598-project-admin] Acquiring lock "locked_access_rules_operation_by_share_instance_deeb5a98-4912-471f-b03b-e15f456e5bae" by "manila.share.access.locked_access_rules_operation..wrapped..locked_operation" {{(pid=47106) inner /opt/stack/data/venv/lib/python3.12/site-packages/oslo_concurrency/lockutils.py:506}}
Feb 19 02:41:26.806770 np0000156486 devstack@m-api.service[47106]: DEBUG oslo_concurrency.lockutils [None req-2383e857-4566-4283-91c8-b8244c7c6573 tempest-MigrationOfShareWithSnapshotNFSTest-2014802598 tempest-MigrationOfShareWithSnapshotNFSTest-2014802598-project-admin] Lock "locked_access_rules_operation_by_share_instance_deeb5a98-4912-471f-b03b-e15f456e5bae" acquired by "manila.share.access.locked_access_rules_operation..wrapped..locked_operation" :: waited 0.001s {{(pid=47106) inner /opt/stack/data/venv/lib/python3.12/site-packages/oslo_concurrency/lockutils.py:519}}
Feb 19 02:41:26.814304 np0000156486 devstack@m-api.service[47107]: INFO manila.api.openstack.wsgi [None req-fa8ebd2b-a1f3-4612-aef2-8ea5a22f5e77 tempest-AdminActionsNegativeTest-717195747 tempest-AdminActionsNegativeTest-717195747-project-admin] https://199.19.213.35/share/v2/c3e7ad552c144789be9c625bce4db120/shares/86bba8ff-55b2-4387-8ff5-6aa358fb19e8/instances returned with HTTP 200
Feb 19 02:41:26.814770 np0000156486 devstack@m-api.service[47107]: [pid: 47107|app: 0|req: 163/329] 199.19.213.35 () {66 vars in 1519 bytes} [Thu Feb 19 02:41:26 2026] GET /share/v2/c3e7ad552c144789be9c625bce4db120/shares/86bba8ff-55b2-4387-8ff5-6aa358fb19e8/instances => generated 605 bytes in 16 msecs (HTTP/1.1 200) 7 headers in 297 bytes (1 switches on core 0)
Feb 19 02:41:26.817231 np0000156486 devstack@m-api.service[47107]: INFO manila.api.openstack.wsgi [None req-6201ce87-5ef2-4b56-9f85-d8e7970deda0 tempest-ShareMultiBackendTest-1316881618 tempest-ShareMultiBackendTest-1316881618-project-admin] GET https://199.19.213.35/share/v2/fc87fcadb99a42d0b4abaacd2296317b/shares/f79bc444-17ed-4c0a-b30d-358e80812d34
Feb 19 02:41:26.817516 np0000156486 devstack@m-api.service[47107]: DEBUG manila.api.openstack.wsgi [None req-6201ce87-5ef2-4b56-9f85-d8e7970deda0 tempest-ShareMultiBackendTest-1316881618 tempest-ShareMultiBackendTest-1316881618-project-admin] Empty body provided in request {{(pid=47107) get_body /opt/stack/manila/manila/api/openstack/wsgi.py:652}}
Feb 19 02:41:26.817755 np0000156486 devstack@m-api.service[47107]: DEBUG manila.api.openstack.wsgi [None req-6201ce87-5ef2-4b56-9f85-d8e7970deda0 tempest-ShareMultiBackendTest-1316881618 tempest-ShareMultiBackendTest-1316881618-project-admin] Calling method 'ShareMixin.show' {{(pid=47107) _process_stack /opt/stack/manila/manila/api/openstack/wsgi.py:798}}
Feb 19 02:41:26.833707 np0000156486 devstack@m-api.service[47107]: INFO manila.api.openstack.wsgi [None req-6201ce87-5ef2-4b56-9f85-d8e7970deda0 tempest-ShareMultiBackendTest-1316881618 tempest-ShareMultiBackendTest-1316881618-project-admin] https://199.19.213.35/share/v2/fc87fcadb99a42d0b4abaacd2296317b/shares/f79bc444-17ed-4c0a-b30d-358e80812d34 returned with HTTP 200
Feb 19 02:41:26.833967 np0000156486 devstack@m-api.service[47107]: [pid: 47107|app: 0|req: 164/330] 199.19.213.35 () {66 vars in 1488 bytes} [Thu Feb 19 02:41:26 2026] GET /share/v2/fc87fcadb99a42d0b4abaacd2296317b/shares/f79bc444-17ed-4c0a-b30d-358e80812d34 => generated 1525 bytes in 19 msecs (HTTP/1.1 200) 7 headers in 297 bytes (1 switches on core 0)
Feb 19 02:41:26.837250 np0000156486 devstack@m-api.service[47107]: INFO manila.api.openstack.wsgi [None req-be1076bf-fddf-4129-b112-5dd110c6fadd tempest-ShareServersAdminTest-1960640379 tempest-ShareServersAdminTest-1960640379-project-admin] GET https://199.19.213.35/share/v2/8425996e598448f589bf4fb8c5661929/shares/7696f2f3-e63e-4672-8782-80ab680aca19
Feb 19 02:41:26.837250 np0000156486 devstack@m-api.service[47107]: DEBUG manila.api.openstack.wsgi [None req-be1076bf-fddf-4129-b112-5dd110c6fadd tempest-ShareServersAdminTest-1960640379 tempest-ShareServersAdminTest-1960640379-project-admin] Empty body provided in request {{(pid=47107) get_body /opt/stack/manila/manila/api/openstack/wsgi.py:652}}
Feb 19 02:41:26.837250 np0000156486 devstack@m-api.service[47107]: DEBUG manila.api.openstack.wsgi [None req-be1076bf-fddf-4129-b112-5dd110c6fadd tempest-ShareServersAdminTest-1960640379 tempest-ShareServersAdminTest-1960640379-project-admin] Calling method 'ShareMixin.show' {{(pid=47107) _process_stack /opt/stack/manila/manila/api/openstack/wsgi.py:798}}
Feb 19 02:41:26.848728 np0000156486 devstack@m-api.service[47107]: INFO manila.api.openstack.wsgi [None req-be1076bf-fddf-4129-b112-5dd110c6fadd tempest-ShareServersAdminTest-1960640379 tempest-ShareServersAdminTest-1960640379-project-admin] https://199.19.213.35/share/v2/8425996e598448f589bf4fb8c5661929/shares/7696f2f3-e63e-4672-8782-80ab680aca19 returned with HTTP 200
Feb 19 02:41:26.849117 np0000156486 devstack@m-api.service[47107]: [pid: 47107|app: 0|req: 165/331] 199.19.213.35 () {66 vars in 1489 bytes} [Thu Feb 19 02:41:26 2026] GET /share/v2/8425996e598448f589bf4fb8c5661929/shares/7696f2f3-e63e-4672-8782-80ab680aca19 => generated 1501 bytes in 15 msecs (HTTP/1.1 200) 7 headers in 298 bytes (1 switches on core 0)
Feb 19 02:41:26.851859 np0000156486 devstack@m-api.service[47107]: INFO manila.api.openstack.wsgi [None req-49076692-97bd-4413-8708-bdcb5b2b1837 tempest-ExportLocationsNegativeTest-662901928 tempest-ExportLocationsNegativeTest-662901928-project-admin] GET https://199.19.213.35/share/v2/f8537431969a47ce89fc4999aba4982e/shares/111d00ae-645d-406e-b4aa-deb5042448a6/export_locations
Feb 19 02:41:26.852128 np0000156486 devstack@m-api.service[47107]: DEBUG manila.api.openstack.wsgi [None req-49076692-97bd-4413-8708-bdcb5b2b1837 tempest-ExportLocationsNegativeTest-662901928 tempest-ExportLocationsNegativeTest-662901928-project-admin] Empty body provided in request {{(pid=47107) get_body /opt/stack/manila/manila/api/openstack/wsgi.py:652}}
Feb 19 02:41:26.852355 np0000156486 devstack@m-api.service[47107]: DEBUG manila.api.openstack.wsgi [None req-49076692-97bd-4413-8708-bdcb5b2b1837 tempest-ExportLocationsNegativeTest-662901928 tempest-ExportLocationsNegativeTest-662901928-project-admin] Calling method 'Controller.__getattribute__..version_select' {{(pid=47107) _process_stack /opt/stack/manila/manila/api/openstack/wsgi.py:798}}
Feb 19 02:41:26.879322 np0000156486 devstack@m-api.service[47106]: DEBUG oslo_concurrency.lockutils [None req-2383e857-4566-4283-91c8-b8244c7c6573 tempest-MigrationOfShareWithSnapshotNFSTest-2014802598 tempest-MigrationOfShareWithSnapshotNFSTest-2014802598-project-admin] Lock "locked_access_rules_operation_by_share_instance_deeb5a98-4912-471f-b03b-e15f456e5bae" "released" by "manila.share.access.locked_access_rules_operation..wrapped..locked_operation" :: held 0.072s {{(pid=47106) inner /opt/stack/data/venv/lib/python3.12/site-packages/oslo_concurrency/lockutils.py:538}}
Feb 19 02:41:26.882169 np0000156486 devstack@m-api.service[47106]: INFO manila.api.openstack.wsgi [None req-2383e857-4566-4283-91c8-b8244c7c6573 tempest-MigrationOfShareWithSnapshotNFSTest-2014802598 tempest-MigrationOfShareWithSnapshotNFSTest-2014802598-project-admin] https://199.19.213.35/share/v2/8647a7c773184f83a514e0fdc0bf21de/shares/2277c619-eea0-4cb5-b214-0706d3a43621/action returned with HTTP 200
Feb 19 02:41:26.882726 np0000156486 devstack@m-api.service[47106]: [pid: 47106|app: 0|req: 167/332] 199.19.213.35 () {68 vars in 1531 bytes} [Thu Feb 19 02:41:26 2026] POST /share/v2/8647a7c773184f83a514e0fdc0bf21de/shares/2277c619-eea0-4cb5-b214-0706d3a43621/action => generated 309 bytes in 164 msecs (HTTP/1.1 200) 7 headers in 297 bytes (1 switches on core 0)
Feb 19 02:41:26.886011 np0000156486 devstack@m-api.service[47106]: INFO manila.api.openstack.wsgi [None req-2c5153ae-fcf0-4a4b-bcac-96235f8d41aa tempest-ManageShareServersTest-454869015 tempest-ManageShareServersTest-454869015-project-admin] GET https://199.19.213.35/share/v2/d75d6ef12ef14d269774c72545a34984/shares/9c01aa9c-61f9-4b73-a8f6-ae9eb495acae
Feb 19 02:41:26.886267 np0000156486 devstack@m-api.service[47106]: DEBUG manila.api.openstack.wsgi [None req-2c5153ae-fcf0-4a4b-bcac-96235f8d41aa tempest-ManageShareServersTest-454869015 tempest-ManageShareServersTest-454869015-project-admin] Empty body provided in request {{(pid=47106) get_body /opt/stack/manila/manila/api/openstack/wsgi.py:652}}
Feb 19 02:41:26.886533 np0000156486 devstack@m-api.service[47106]: DEBUG manila.api.openstack.wsgi [None req-2c5153ae-fcf0-4a4b-bcac-96235f8d41aa tempest-ManageShareServersTest-454869015 tempest-ManageShareServersTest-454869015-project-admin] Calling method 'ShareMixin.show' {{(pid=47106) _process_stack /opt/stack/manila/manila/api/openstack/wsgi.py:798}}
Feb 19 02:41:26.901813 np0000156486 devstack@m-api.service[47106]: INFO manila.api.openstack.wsgi [None req-2c5153ae-fcf0-4a4b-bcac-96235f8d41aa tempest-ManageShareServersTest-454869015 tempest-ManageShareServersTest-454869015-project-admin] https://199.19.213.35/share/v2/d75d6ef12ef14d269774c72545a34984/shares/9c01aa9c-61f9-4b73-a8f6-ae9eb495acae returned with HTTP 200
Feb 19 02:41:26.902276 np0000156486 devstack@m-api.service[47106]: [pid: 47106|app: 0|req: 168/333] 199.19.213.35 () {66 vars in 1489 bytes} [Thu Feb 19 02:41:26 2026] GET /share/v2/d75d6ef12ef14d269774c72545a34984/shares/9c01aa9c-61f9-4b73-a8f6-ae9eb495acae => generated 1498 bytes in 19 msecs (HTTP/1.1 200) 7 headers in 298 bytes (1 switches on core 0)
Feb 19 02:41:26.905425 np0000156486 devstack@m-api.service[47106]: INFO manila.api.openstack.wsgi [None req-04a3f911-b6c6-4c4c-903d-3c17b583a297 tempest-ExportLocationsTest-1374948235 tempest-ExportLocationsTest-1374948235-project-admin] GET https://199.19.213.35/share/v2/48f39394d0fe4fdfb1cbe9f2dbc0b465/shares/aa313301-f7ea-4cee-83a2-2a16b7892ab7/instances
Feb 19 02:41:26.905733 np0000156486 devstack@m-api.service[47106]: DEBUG manila.api.openstack.wsgi [None req-04a3f911-b6c6-4c4c-903d-3c17b583a297 tempest-ExportLocationsTest-1374948235 tempest-ExportLocationsTest-1374948235-project-admin] Empty body provided in request {{(pid=47106) get_body /opt/stack/manila/manila/api/openstack/wsgi.py:652}}
Feb 19 02:41:26.905875 np0000156486 devstack@m-api.service[47106]: DEBUG manila.api.openstack.wsgi [None req-04a3f911-b6c6-4c4c-903d-3c17b583a297 tempest-ExportLocationsTest-1374948235 tempest-ExportLocationsTest-1374948235-project-admin] Calling method 'Controller.__getattribute__..version_select' {{(pid=47106) _process_stack /opt/stack/manila/manila/api/openstack/wsgi.py:798}}
Feb 19 02:41:26.924200 np0000156486 devstack@m-api.service[47106]: INFO manila.api.openstack.wsgi [None req-04a3f911-b6c6-4c4c-903d-3c17b583a297 tempest-ExportLocationsTest-1374948235 tempest-ExportLocationsTest-1374948235-project-admin] https://199.19.213.35/share/v2/48f39394d0fe4fdfb1cbe9f2dbc0b465/shares/aa313301-f7ea-4cee-83a2-2a16b7892ab7/instances returned with HTTP 200
Feb 19 02:41:26.924555 np0000156486 devstack@m-api.service[47106]: [pid: 47106|app: 0|req: 169/334] 199.19.213.35 () {66 vars in 1519 bytes} [Thu Feb 19 02:41:26 2026] GET /share/v2/48f39394d0fe4fdfb1cbe9f2dbc0b465/shares/aa313301-f7ea-4cee-83a2-2a16b7892ab7/instances => generated 603 bytes in 22 msecs (HTTP/1.1 200) 7 headers in 297 bytes (1 switches on core 0)
Feb 19 02:41:26.925152 np0000156486 devstack@m-api.service[47107]: INFO manila.api.openstack.wsgi [None req-49076692-97bd-4413-8708-bdcb5b2b1837 tempest-ExportLocationsNegativeTest-662901928 tempest-ExportLocationsNegativeTest-662901928-project-admin] https://199.19.213.35/share/v2/f8537431969a47ce89fc4999aba4982e/shares/111d00ae-645d-406e-b4aa-deb5042448a6/export_locations returned with HTTP 200
Feb 19 02:41:26.925623 np0000156486 devstack@m-api.service[47107]: [pid: 47107|app: 0|req: 166/335] 199.19.213.35 () {66 vars in 1540 bytes} [Thu Feb 19 02:41:26 2026] GET /share/v2/f8537431969a47ce89fc4999aba4982e/shares/111d00ae-645d-406e-b4aa-deb5042448a6/export_locations => generated 890 bytes in 76 msecs (HTTP/1.1 200) 7 headers in 297 bytes (1 switches on core 0)
Feb 19 02:41:26.926526 np0000156486 devstack@m-api.service[47106]: INFO manila.api.openstack.wsgi [None req-4905bcd9-5e05-4192-8f7d-c231c5ab47ef tempest-AdminActionsNegativeTest-717195747 tempest-AdminActionsNegativeTest-717195747-project-admin] POST https://199.19.213.35/share/v2/c3e7ad552c144789be9c625bce4db120/snapshots
Feb 19 02:41:26.927076 np0000156486 devstack@m-api.service[47106]: DEBUG manila.api.openstack.wsgi [None req-4905bcd9-5e05-4192-8f7d-c231c5ab47ef tempest-AdminActionsNegativeTest-717195747 tempest-AdminActionsNegativeTest-717195747-project-admin] Action: 'create', calling method: ShareSnapshotMixin.create, body: {"snapshot": {"name": "tempest-tempest-created-share-snap-1796518085", "force": false, "description": "Tempest's snapshot", "share_id": "86bba8ff-55b2-4387-8ff5-6aa358fb19e8"}} {{(pid=47106) _process_stack /opt/stack/manila/manila/api/openstack/wsgi.py:796}}
Feb 19 02:41:26.928695 np0000156486 devstack@m-api.service[47107]: INFO manila.api.openstack.wsgi [None req-d62644cd-035c-4ca8-937e-7fc8343d6da8 tempest-ShareMultiBackendTest-1316881618 tempest-ShareMultiBackendTest-1316881618-project-admin] GET https://199.19.213.35/share/v2/fc87fcadb99a42d0b4abaacd2296317b/shares/e5c22f2f-09d0-49ed-9192-17302263d75d
Feb 19 02:41:26.929555 np0000156486 devstack@m-api.service[47107]: DEBUG manila.api.openstack.wsgi [None req-d62644cd-035c-4ca8-937e-7fc8343d6da8 tempest-ShareMultiBackendTest-1316881618 tempest-ShareMultiBackendTest-1316881618-project-admin] Empty body provided in request {{(pid=47107) get_body /opt/stack/manila/manila/api/openstack/wsgi.py:652}}
Feb 19 02:41:26.929555 np0000156486 devstack@m-api.service[47107]: DEBUG manila.api.openstack.wsgi [None req-d62644cd-035c-4ca8-937e-7fc8343d6da8 tempest-ShareMultiBackendTest-1316881618 tempest-ShareMultiBackendTest-1316881618-project-admin] Calling method 'ShareMixin.show' {{(pid=47107) _process_stack /opt/stack/manila/manila/api/openstack/wsgi.py:798}}
Feb 19 02:41:26.942454 np0000156486 devstack@m-api.service[47107]: INFO manila.api.openstack.wsgi [None req-d62644cd-035c-4ca8-937e-7fc8343d6da8 tempest-ShareMultiBackendTest-1316881618 tempest-ShareMultiBackendTest-1316881618-project-admin] https://199.19.213.35/share/v2/fc87fcadb99a42d0b4abaacd2296317b/shares/e5c22f2f-09d0-49ed-9192-17302263d75d returned with HTTP 200
Feb 19 02:41:26.942799 np0000156486 devstack@m-api.service[47107]: [pid: 47107|app: 0|req: 167/336] 199.19.213.35 () {66 vars in 1488 bytes} [Thu Feb 19 02:41:26 2026] GET /share/v2/fc87fcadb99a42d0b4abaacd2296317b/shares/e5c22f2f-09d0-49ed-9192-17302263d75d => generated 1590 bytes in 17 msecs (HTTP/1.1 200) 7 headers in 297 bytes (1 switches on core 0)
Feb 19 02:41:26.948342 np0000156486 devstack@m-api.service[47106]: INFO manila.api.v2.share_snapshots [None req-4905bcd9-5e05-4192-8f7d-c231c5ab47ef tempest-AdminActionsNegativeTest-717195747 tempest-AdminActionsNegativeTest-717195747-project-admin] Create snapshot from share 86bba8ff-55b2-4387-8ff5-6aa358fb19e8
Feb 19 02:41:26.948520 np0000156486 devstack@m-api.service[47107]: INFO manila.api.openstack.wsgi [None req-204e0f97-06d4-4321-8cbe-4c6661add1f4 tempest-ShareServersAdminTest-1960640379 tempest-ShareServersAdminTest-1960640379-project-admin] GET https://199.19.213.35/share/v2/8425996e598448f589bf4fb8c5661929/share-networks/512593e8-c2a6-44ee-bb4a-0caffcc84919
Feb 19 02:41:26.948520 np0000156486 devstack@m-api.service[47107]: DEBUG manila.api.openstack.wsgi [None req-204e0f97-06d4-4321-8cbe-4c6661add1f4 tempest-ShareServersAdminTest-1960640379 tempest-ShareServersAdminTest-1960640379-project-admin] Empty body provided in request {{(pid=47107) get_body /opt/stack/manila/manila/api/openstack/wsgi.py:652}}
Feb 19 02:41:26.948520 np0000156486 devstack@m-api.service[47107]: DEBUG manila.api.openstack.wsgi [None req-204e0f97-06d4-4321-8cbe-4c6661add1f4 tempest-ShareServersAdminTest-1960640379 tempest-ShareServersAdminTest-1960640379-project-admin] Calling method 'ShareNetworkController.show' {{(pid=47107) _process_stack /opt/stack/manila/manila/api/openstack/wsgi.py:798}}
Feb 19 02:41:26.967568 np0000156486 devstack@m-api.service[47107]: INFO manila.api.openstack.wsgi [None req-204e0f97-06d4-4321-8cbe-4c6661add1f4 tempest-ShareServersAdminTest-1960640379 tempest-ShareServersAdminTest-1960640379-project-admin] https://199.19.213.35/share/v2/8425996e598448f589bf4fb8c5661929/share-networks/512593e8-c2a6-44ee-bb4a-0caffcc84919 returned with HTTP 200
Feb 19 02:41:26.967568 np0000156486 devstack@m-api.service[47107]: [pid: 47107|app: 0|req: 168/337] 199.19.213.35 () {66 vars in 1513 bytes} [Thu Feb 19 02:41:26 2026] GET /share/v2/8425996e598448f589bf4fb8c5661929/share-networks/512593e8-c2a6-44ee-bb4a-0caffcc84919 => generated 761 bytes in 24 msecs (HTTP/1.1 200) 7 headers in 297 bytes (1 switches on core 0)
Feb 19 02:41:26.969858 np0000156486 devstack@m-api.service[47107]: INFO manila.api.openstack.wsgi [None req-23ed5834-a46b-4f24-8e35-de2db402478c tempest-MigrationOfShareWithSnapshotNFSTest-2014802598 tempest-MigrationOfShareWithSnapshotNFSTest-2014802598-project-admin] GET https://199.19.213.35/share/v2/8647a7c773184f83a514e0fdc0bf21de/shares/2277c619-eea0-4cb5-b214-0706d3a43621
Feb 19 02:41:26.970052 np0000156486 devstack@m-api.service[47107]: DEBUG manila.api.openstack.wsgi [None req-23ed5834-a46b-4f24-8e35-de2db402478c tempest-MigrationOfShareWithSnapshotNFSTest-2014802598 tempest-MigrationOfShareWithSnapshotNFSTest-2014802598-project-admin] Empty body provided in request {{(pid=47107) get_body /opt/stack/manila/manila/api/openstack/wsgi.py:652}}
Feb 19 02:41:26.970198 np0000156486 devstack@m-api.service[47107]: DEBUG manila.api.openstack.wsgi [None req-23ed5834-a46b-4f24-8e35-de2db402478c tempest-MigrationOfShareWithSnapshotNFSTest-2014802598 tempest-MigrationOfShareWithSnapshotNFSTest-2014802598-project-admin] Calling method 'ShareMixin.show' {{(pid=47107) _process_stack /opt/stack/manila/manila/api/openstack/wsgi.py:798}}
Feb 19 02:41:26.982654 np0000156486 devstack@m-api.service[47107]: INFO manila.api.openstack.wsgi [None req-23ed5834-a46b-4f24-8e35-de2db402478c tempest-MigrationOfShareWithSnapshotNFSTest-2014802598 tempest-MigrationOfShareWithSnapshotNFSTest-2014802598-project-admin] https://199.19.213.35/share/v2/8647a7c773184f83a514e0fdc0bf21de/shares/2277c619-eea0-4cb5-b214-0706d3a43621 returned with HTTP 200
Feb 19 02:41:26.982986 np0000156486 devstack@m-api.service[47107]: [pid: 47107|app: 0|req: 169/338] 199.19.213.35 () {66 vars in 1489 bytes} [Thu Feb 19 02:41:26 2026] GET /share/v2/8647a7c773184f83a514e0fdc0bf21de/shares/2277c619-eea0-4cb5-b214-0706d3a43621 => generated 1550 bytes in 15 msecs (HTTP/1.1 200) 7 headers in 298 bytes (1 switches on core 0)
Feb 19 02:41:26.985153 np0000156486 devstack@m-api.service[47107]: INFO manila.api.openstack.wsgi [None req-ea1ae5b0-a7a4-40d4-9368-2c0439345ee2 tempest-ManageShareServersTest-454869015 tempest-ManageShareServersTest-454869015-project-admin] GET https://199.19.213.35/share/v2/d75d6ef12ef14d269774c72545a34984/shares/9c01aa9c-61f9-4b73-a8f6-ae9eb495acae/export_locations
Feb 19 02:41:26.985358 np0000156486 devstack@m-api.service[47107]: DEBUG manila.api.openstack.wsgi [None req-ea1ae5b0-a7a4-40d4-9368-2c0439345ee2 tempest-ManageShareServersTest-454869015 tempest-ManageShareServersTest-454869015-project-admin] Empty body provided in request {{(pid=47107) get_body /opt/stack/manila/manila/api/openstack/wsgi.py:652}}
Feb 19 02:41:26.985587 np0000156486 devstack@m-api.service[47107]: DEBUG manila.api.openstack.wsgi [None req-ea1ae5b0-a7a4-40d4-9368-2c0439345ee2 tempest-ManageShareServersTest-454869015 tempest-ManageShareServersTest-454869015-project-admin] Calling method 'Controller.__getattribute__..version_select' {{(pid=47107) _process_stack /opt/stack/manila/manila/api/openstack/wsgi.py:798}}
Feb 19 02:41:27.003537 np0000156486 devstack@m-api.service[47106]: DEBUG manila.quota [None req-4905bcd9-5e05-4192-8f7d-c231c5ab47ef tempest-AdminActionsNegativeTest-717195747 tempest-AdminActionsNegativeTest-717195747-project-admin] Created reservations ['0de3f24f-19ab-45b8-8bdc-a062b0c537df', 'a80a3bf5-46e6-4db2-bc85-54a3af0f67de', '5424be1b-3c47-4eb5-9927-5632fc57e8a1', 'e69102fb-d9c6-4b72-a089-f864d7f20466'] {{(pid=47106) reserve /opt/stack/manila/manila/quota.py:1038}}
Feb 19 02:41:27.059504 np0000156486 devstack@m-api.service[47107]: INFO manila.api.openstack.wsgi [None req-ea1ae5b0-a7a4-40d4-9368-2c0439345ee2 tempest-ManageShareServersTest-454869015 tempest-ManageShareServersTest-454869015-project-admin] https://199.19.213.35/share/v2/d75d6ef12ef14d269774c72545a34984/shares/9c01aa9c-61f9-4b73-a8f6-ae9eb495acae/export_locations returned with HTTP 200
Feb 19 02:41:27.059928 np0000156486 devstack@m-api.service[47107]: [pid: 47107|app: 0|req: 170/339] 199.19.213.35 () {66 vars in 1540 bytes} [Thu Feb 19 02:41:26 2026] GET /share/v2/d75d6ef12ef14d269774c72545a34984/shares/9c01aa9c-61f9-4b73-a8f6-ae9eb495acae/export_locations => generated 890 bytes in 76 msecs (HTTP/1.1 200) 7 headers in 297 bytes (1 switches on core 0)
Feb 19 02:41:27.062241 np0000156486 devstack@m-api.service[47107]: INFO manila.api.openstack.wsgi [None req-cfe85ee4-c0b3-47e9-ad86-7ad8d048dba5 tempest-ExportLocationsNegativeTest-898673382 tempest-ExportLocationsNegativeTest-898673382-project-member] GET https://199.19.213.35/share/v2/57913b5ca42c4047b857f2adede32ce2/shares/111d00ae-645d-406e-b4aa-deb5042448a6/export_locations/45a3bf3b-dc12-4f30-93be-2687de3e0aa2
Feb 19 02:41:27.062420 np0000156486 devstack@m-api.service[47107]: DEBUG manila.api.openstack.wsgi [None req-cfe85ee4-c0b3-47e9-ad86-7ad8d048dba5 tempest-ExportLocationsNegativeTest-898673382 tempest-ExportLocationsNegativeTest-898673382-project-member] Empty body provided in request {{(pid=47107) get_body /opt/stack/manila/manila/api/openstack/wsgi.py:652}}
Feb 19 02:41:27.062592 np0000156486 devstack@m-api.service[47107]: DEBUG manila.api.openstack.wsgi [None req-cfe85ee4-c0b3-47e9-ad86-7ad8d048dba5 tempest-ExportLocationsNegativeTest-898673382 tempest-ExportLocationsNegativeTest-898673382-project-member] Calling method 'Controller.__getattribute__..version_select' {{(pid=47107) _process_stack /opt/stack/manila/manila/api/openstack/wsgi.py:798}}
Feb 19 02:41:27.078309 np0000156486 devstack@m-api.service[47107]: DEBUG manila.policy [None req-cfe85ee4-c0b3-47e9-ad86-7ad8d048dba5 tempest-ExportLocationsNegativeTest-898673382 tempest-ExportLocationsNegativeTest-898673382-project-member] Policy check for share:get failed with credentials {'is_admin': False, 'user_id': 'ff470839ae07454cbab306972e5398f9', 'user_domain_id': 'default', 'system_scope': None, 'domain_id': None, 'project_id': '57913b5ca42c4047b857f2adede32ce2', 'project_domain_id': 'default', 'roles': ['member', 'creator', 'reader'], 'is_admin_project': True, 'service_user_id': None, 'service_user_domain_id': None, 'service_project_id': None, 'service_project_domain_id': None, 'service_roles': []} {{(pid=47107) authorize /opt/stack/manila/manila/policy.py:200}}
Feb 19 02:41:27.078628 np0000156486 devstack@m-api.service[47107]: INFO manila.api.openstack.wsgi [None req-cfe85ee4-c0b3-47e9-ad86-7ad8d048dba5 tempest-ExportLocationsNegativeTest-898673382 tempest-ExportLocationsNegativeTest-898673382-project-member] https://199.19.213.35/share/v2/57913b5ca42c4047b857f2adede32ce2/shares/111d00ae-645d-406e-b4aa-deb5042448a6/export_locations/45a3bf3b-dc12-4f30-93be-2687de3e0aa2 returned with HTTP 403
Feb 19 02:41:27.079271 np0000156486 devstack@m-api.service[47107]: [pid: 47107|app: 0|req: 171/340] 199.19.213.35 () {66 vars in 1651 bytes} [Thu Feb 19 02:41:27 2026] GET /share/v2/57913b5ca42c4047b857f2adede32ce2/shares/111d00ae-645d-406e-b4aa-deb5042448a6/export_locations/45a3bf3b-dc12-4f30-93be-2687de3e0aa2 => generated 90 bytes in 19 msecs (HTTP/1.1 403) 7 headers in 303 bytes (1 switches on core 0)
Feb 19 02:41:27.081716 np0000156486 devstack@m-api.service[47107]: INFO manila.api.openstack.wsgi [None req-5beb10e8-97fd-4b80-9203-dcaf4d8af63b tempest-ExportLocationsTest-1374948235 tempest-ExportLocationsTest-1374948235-project-admin] GET https://199.19.213.35/share/v2/48f39394d0fe4fdfb1cbe9f2dbc0b465/shares/aa313301-f7ea-4cee-83a2-2a16b7892ab7/export_locations
Feb 19 02:41:27.083540 np0000156486 devstack@m-api.service[47107]: DEBUG manila.api.openstack.wsgi [None req-5beb10e8-97fd-4b80-9203-dcaf4d8af63b tempest-ExportLocationsTest-1374948235 tempest-ExportLocationsTest-1374948235-project-admin] Empty body provided in request {{(pid=47107) get_body /opt/stack/manila/manila/api/openstack/wsgi.py:652}}
Feb 19 02:41:27.083540 np0000156486 devstack@m-api.service[47107]: DEBUG manila.api.openstack.wsgi [None req-5beb10e8-97fd-4b80-9203-dcaf4d8af63b tempest-ExportLocationsTest-1374948235 tempest-ExportLocationsTest-1374948235-project-admin] Calling method 'Controller.__getattribute__..version_select' {{(pid=47107) _process_stack /opt/stack/manila/manila/api/openstack/wsgi.py:798}}
Feb 19 02:41:27.120515 np0000156486 devstack@m-api.service[47106]: DEBUG manila.quota [None req-4905bcd9-5e05-4192-8f7d-c231c5ab47ef tempest-AdminActionsNegativeTest-717195747 tempest-AdminActionsNegativeTest-717195747-project-admin] Committed reservations ['0de3f24f-19ab-45b8-8bdc-a062b0c537df', 'a80a3bf5-46e6-4db2-bc85-54a3af0f67de', '5424be1b-3c47-4eb5-9927-5632fc57e8a1', 'e69102fb-d9c6-4b72-a089-f864d7f20466'] {{(pid=47106) commit /opt/stack/manila/manila/quota.py:1066}}
Feb 19 02:41:27.123327 np0000156486 devstack@m-api.service[47106]: INFO manila.api.openstack.wsgi [None req-4905bcd9-5e05-4192-8f7d-c231c5ab47ef tempest-AdminActionsNegativeTest-717195747 tempest-AdminActionsNegativeTest-717195747-project-admin] https://199.19.213.35/share/v2/c3e7ad552c144789be9c625bce4db120/snapshots returned with HTTP 202
Feb 19 02:41:27.123548 np0000156486 devstack@m-api.service[47106]: [pid: 47106|app: 0|req: 170/341] 199.19.213.35 () {68 vars in 1409 bytes} [Thu Feb 19 02:41:26 2026] POST /share/v2/c3e7ad552c144789be9c625bce4db120/snapshots => generated 752 bytes in 198 msecs (HTTP/1.1 202) 7 headers in 303 bytes (1 switches on core 0)
Feb 19 02:41:27.126721 np0000156486 devstack@m-api.service[47106]: INFO manila.api.openstack.wsgi [None req-4de1420e-9670-4a13-a39a-806016776ed4 tempest-ShareMultiBackendTest-1316881618 tempest-ShareMultiBackendTest-1316881618-project-admin] GET https://199.19.213.35/share/v2/fc87fcadb99a42d0b4abaacd2296317b/shares/f79bc444-17ed-4c0a-b30d-358e80812d34
Feb 19 02:41:27.127004 np0000156486 devstack@m-api.service[47106]: DEBUG manila.api.openstack.wsgi [None req-4de1420e-9670-4a13-a39a-806016776ed4 tempest-ShareMultiBackendTest-1316881618 tempest-ShareMultiBackendTest-1316881618-project-admin] Empty body provided in request {{(pid=47106) get_body /opt/stack/manila/manila/api/openstack/wsgi.py:652}}
Feb 19 02:41:27.127248 np0000156486 devstack@m-api.service[47106]: DEBUG manila.api.openstack.wsgi [None req-4de1420e-9670-4a13-a39a-806016776ed4 tempest-ShareMultiBackendTest-1316881618 tempest-ShareMultiBackendTest-1316881618-project-admin] Calling method 'ShareMixin.show' {{(pid=47106) _process_stack /opt/stack/manila/manila/api/openstack/wsgi.py:798}}
Feb 19 02:41:27.142992 np0000156486 devstack@m-api.service[47106]: INFO manila.api.openstack.wsgi [None req-4de1420e-9670-4a13-a39a-806016776ed4 tempest-ShareMultiBackendTest-1316881618 tempest-ShareMultiBackendTest-1316881618-project-admin] https://199.19.213.35/share/v2/fc87fcadb99a42d0b4abaacd2296317b/shares/f79bc444-17ed-4c0a-b30d-358e80812d34 returned with HTTP 200
Feb 19 02:41:27.143494 np0000156486 devstack@m-api.service[47106]: [pid: 47106|app: 0|req: 171/342] 199.19.213.35 () {66 vars in 1488 bytes} [Thu Feb 19 02:41:27 2026] GET /share/v2/fc87fcadb99a42d0b4abaacd2296317b/shares/f79bc444-17ed-4c0a-b30d-358e80812d34 => generated 1584 bytes in 19 msecs (HTTP/1.1 200) 7 headers in 297 bytes (1 switches on core 0)
Feb 19 02:41:27.145883 np0000156486 devstack@m-api.service[47106]: INFO manila.api.openstack.wsgi [None req-aeac736f-e7ac-4e7d-bfbb-b497022b15b3 tempest-ShareServersAdminTest-1960640379 tempest-ShareServersAdminTest-1960640379-project-admin] POST https://199.19.213.35/share/v2/8425996e598448f589bf4fb8c5661929/share-networks
Feb 19 02:41:27.146172 np0000156486 devstack@m-api.service[47106]: DEBUG manila.api.openstack.wsgi [None req-aeac736f-e7ac-4e7d-bfbb-b497022b15b3 tempest-ShareServersAdminTest-1960640379 tempest-ShareServersAdminTest-1960640379-project-admin] Action: 'create', calling method: ShareNetworkController.create, body: {"share_network": {"neutron_net_id": null, "neutron_subnet_id": null}} {{(pid=47106) _process_stack /opt/stack/manila/manila/api/openstack/wsgi.py:796}}
