Feb 19 02:41:46.520734 np0000156486 devstack@m-api.service[47107]: DEBUG manila.api.openstack.wsgi [None req-d82ff0ee-90d7-4b23-bd16-79e4a46ffd55 tempest-ManageCIFSSnapshotTest-1075141063 tempest-ManageCIFSSnapshotTest-1075141063-project-admin] Calling method 'ShareMixin.show' {{(pid=47107) _process_stack /opt/stack/manila/manila/api/openstack/wsgi.py:798}}
Feb 19 02:41:46.537591 np0000156486 devstack@m-api.service[47107]: INFO manila.api.openstack.wsgi [None req-d82ff0ee-90d7-4b23-bd16-79e4a46ffd55 tempest-ManageCIFSSnapshotTest-1075141063 tempest-ManageCIFSSnapshotTest-1075141063-project-admin] https://199.19.213.35/share/v2/9cc91ad116d34e169a8cf1b6a0ec6a13/shares/6c6196cd-cdd0-47f3-b59d-9cd5a051a091 returned with HTTP 200
Feb 19 02:41:46.537947 np0000156486 devstack@m-api.service[47107]: [pid: 47107|app: 0|req: 357/719] 199.19.213.35 () {66 vars in 1489 bytes} [Thu Feb 19 02:41:46 2026] GET /share/v2/9cc91ad116d34e169a8cf1b6a0ec6a13/shares/6c6196cd-cdd0-47f3-b59d-9cd5a051a091 => generated 1511 bytes in 23 msecs (HTTP/1.1 200) 7 headers in 298 bytes (1 switches on core 0)
Feb 19 02:41:46.723415 np0000156486 devstack@m-api.service[47107]: INFO manila.api.openstack.wsgi [None req-4957c010-b7db-4780-87fa-b2b438b02626 tempest-ReplicationAdminTest-645914306 tempest-ReplicationAdminTest-645914306-project-admin] GET https://199.19.213.35/share/v2/475c1a68de52423fbd704b9759648075/shares/7976ea0b-f5be-497e-b53e-73ce4d80c804
Feb 19 02:41:46.723650 np0000156486 devstack@m-api.service[47107]: DEBUG manila.api.openstack.wsgi [None req-4957c010-b7db-4780-87fa-b2b438b02626 tempest-ReplicationAdminTest-645914306 tempest-ReplicationAdminTest-645914306-project-admin] Empty body provided in request {{(pid=47107) get_body /opt/stack/manila/manila/api/openstack/wsgi.py:652}}
Feb 19 02:41:46.723900 np0000156486 devstack@m-api.service[47107]: DEBUG manila.api.openstack.wsgi [None req-4957c010-b7db-4780-87fa-b2b438b02626 tempest-ReplicationAdminTest-645914306 tempest-ReplicationAdminTest-645914306-project-admin] Calling method 'ShareMixin.show' {{(pid=47107) _process_stack /opt/stack/manila/manila/api/openstack/wsgi.py:798}}
Feb 19 02:41:46.741515 np0000156486 devstack@m-api.service[47107]: INFO manila.api.openstack.wsgi [None req-4957c010-b7db-4780-87fa-b2b438b02626 tempest-ReplicationAdminTest-645914306 tempest-ReplicationAdminTest-645914306-project-admin] https://199.19.213.35/share/v2/475c1a68de52423fbd704b9759648075/shares/7976ea0b-f5be-497e-b53e-73ce4d80c804 returned with HTTP 200
Feb 19 02:41:46.741931 np0000156486 devstack@m-api.service[47107]: [pid: 47107|app: 0|req: 358/720] 199.19.213.35 () {66 vars in 1489 bytes} [Thu Feb 19 02:41:46 2026] GET /share/v2/475c1a68de52423fbd704b9759648075/shares/7976ea0b-f5be-497e-b53e-73ce4d80c804 => generated 1502 bytes in 23 msecs (HTTP/1.1 200) 7 headers in 298 bytes (1 switches on core 0)
Feb 19 02:41:46.772888 np0000156486 devstack@m-api.service[47106]: INFO manila.api.openstack.wsgi [None req-c0f78d52-f4b5-4825-a06f-cf8e9ee82f80 tempest-ShareServerMigrationInvalidParametersCIFS-1979149056 tempest-ShareServerMigrationInvalidParametersCIFS-1979149056-project-admin] https://199.19.213.35/share/v2/e4fd529015334644af275cb7730f4ba4/share-servers/83914bb3-5cff-4c9a-941d-1c754b327237/action returned with HTTP 200
Feb 19 02:41:46.773648 np0000156486 devstack@m-api.service[47106]: [pid: 47106|app: 0|req: 363/721] 199.19.213.35 () {70 vars in 1601 bytes} [Thu Feb 19 02:41:46 2026] POST /share/v2/e4fd529015334644af275cb7730f4ba4/share-servers/83914bb3-5cff-4c9a-941d-1c754b327237/action => generated 392 bytes in 634 msecs (HTTP/1.1 200) 8 headers in 340 bytes (1 switches on core 0)
Feb 19 02:41:46.789565 np0000156486 devstack@m-api.service[47107]: INFO manila.api.openstack.wsgi [None req-73bec8b7-fc1d-4856-b506-6446264f4312 tempest-ShareServerMigrationInvalidParametersCIFS-1979149056 tempest-ShareServerMigrationInvalidParametersCIFS-1979149056-project-admin] POST https://199.19.213.35/share/v2/e4fd529015334644af275cb7730f4ba4/share-servers/83914bb3-5cff-4c9a-941d-1c754b327237/action
Feb 19 02:41:46.790009 np0000156486 devstack@m-api.service[47107]: DEBUG manila.api.openstack.wsgi [None req-73bec8b7-fc1d-4856-b506-6446264f4312 tempest-ShareServerMigrationInvalidParametersCIFS-1979149056 tempest-ShareServerMigrationInvalidParametersCIFS-1979149056-project-admin] Action body: b'{"migration_check": {"host": "fake_host@fake_backend", "writable": false, "preserve_snapshots": false, "nondisruptive": false, "new_share_network_id": "fake_share_net_id"}}' {{(pid=47107) get_method /opt/stack/manila/manila/api/openstack/wsgi.py:912}}
Feb 19 02:41:46.790184 np0000156486 devstack@m-api.service[47107]: DEBUG manila.api.openstack.wsgi [None req-73bec8b7-fc1d-4856-b506-6446264f4312 tempest-ShareServerMigrationInvalidParametersCIFS-1979149056 tempest-ShareServerMigrationInvalidParametersCIFS-1979149056-project-admin] Action: 'action', calling method: ShareServerController.share_server_migration_check, body: {"migration_check": {"host": "fake_host@fake_backend", "writable": false, "preserve_snapshots": false, "nondisruptive": false, "new_share_network_id": "fake_share_net_id"}} {{(pid=47107) _process_stack /opt/stack/manila/manila/api/openstack/wsgi.py:796}}
Feb 19 02:41:46.827059 np0000156486 devstack@m-api.service[47107]: INFO manila.api.openstack.wsgi [None req-73bec8b7-fc1d-4856-b506-6446264f4312 tempest-ShareServerMigrationInvalidParametersCIFS-1979149056 tempest-ShareServerMigrationInvalidParametersCIFS-1979149056-project-admin] HTTP exception thrown: Share network fake_share_net_id not found.
Feb 19 02:41:46.827250 np0000156486 devstack@m-api.service[47107]: INFO manila.api.openstack.wsgi [None req-73bec8b7-fc1d-4856-b506-6446264f4312 tempest-ShareServerMigrationInvalidParametersCIFS-1979149056 tempest-ShareServerMigrationInvalidParametersCIFS-1979149056-project-admin] https://199.19.213.35/share/v2/e4fd529015334644af275cb7730f4ba4/share-servers/83914bb3-5cff-4c9a-941d-1c754b327237/action returned with HTTP 400
Feb 19 02:41:46.827812 np0000156486 devstack@m-api.service[47107]: [pid: 47107|app: 0|req: 359/722] 199.19.213.35 () {70 vars in 1601 bytes} [Thu Feb 19 02:41:46 2026] POST /share/v2/e4fd529015334644af275cb7730f4ba4/share-servers/83914bb3-5cff-4c9a-941d-1c754b327237/action => generated 86 bytes in 42 msecs (HTTP/1.1 400) 8 headers in 348 bytes (1 switches on core 0)
Feb 19 02:41:46.843670 np0000156486 devstack@m-api.service[47106]: INFO manila.api.openstack.wsgi [None req-07761cfb-5c2c-45d2-b045-0f38b20381a1 tempest-ShareServerMigrationInvalidParametersCIFS-1979149056 tempest-ShareServerMigrationInvalidParametersCIFS-1979149056-project-admin] POST https://199.19.213.35/share/v2/e4fd529015334644af275cb7730f4ba4/shares
Feb 19 02:41:46.844115 np0000156486 devstack@m-api.service[47106]: DEBUG manila.api.openstack.wsgi [None req-07761cfb-5c2c-45d2-b045-0f38b20381a1 tempest-ShareServerMigrationInvalidParametersCIFS-1979149056 tempest-ShareServerMigrationInvalidParametersCIFS-1979149056-project-admin] Action: 'create', calling method: Controller.__getattribute__..version_select, body: {"share": {"share_proto": "cifs", "description": "Tempest's share", "snapshot_id": null, "name": "tempest-tempest-created-share-1929297471", "size": 1, "metadata": {}, "is_public": false, "share_network_id": "0b5c9153-161d-479e-aaba-90912f22bcaf", "share_type": "cbfdfaac-d763-41c4-ae95-1209c9360d8e"}} {{(pid=47106) _process_stack /opt/stack/manila/manila/api/openstack/wsgi.py:796}}
Feb 19 02:41:46.845193 np0000156486 devstack@m-api.service[47106]: INFO manila.api.v2.shares [None req-07761cfb-5c2c-45d2-b045-0f38b20381a1 tempest-ShareServerMigrationInvalidParametersCIFS-1979149056 tempest-ShareServerMigrationInvalidParametersCIFS-1979149056-project-admin] Create CIFS share of 1 GB
Feb 19 02:41:46.919048 np0000156486 devstack@m-api.service[47106]: DEBUG manila.quota [None req-07761cfb-5c2c-45d2-b045-0f38b20381a1 tempest-ShareServerMigrationInvalidParametersCIFS-1979149056 tempest-ShareServerMigrationInvalidParametersCIFS-1979149056-project-admin] Created reservations ['bb05cfb7-4fb6-409d-b98c-78abdd7ced37', 'cb3d4499-29e3-4378-a89c-3b8b71a939bc', '121be7c7-6aff-4a0e-8d13-100109c33adb', '1cbeb209-d50e-4522-83e3-958af22b956e', '046c1cd2-18c2-4109-83da-22717b0330eb', 'b8c7836b-d4f9-4c0e-8979-ca001b66aa68', '34f2cfbb-4502-4cb3-943c-743282e2fc76', '13f1c619-5ccd-4f6f-863b-05bd9b1d7a4e'] {{(pid=47106) reserve /opt/stack/manila/manila/quota.py:1038}}
Feb 19 02:41:46.992197 np0000156486 devstack@m-api.service[47106]: DEBUG manila.quota [None req-07761cfb-5c2c-45d2-b045-0f38b20381a1 tempest-ShareServerMigrationInvalidParametersCIFS-1979149056 tempest-ShareServerMigrationInvalidParametersCIFS-1979149056-project-admin] Committed reservations ['bb05cfb7-4fb6-409d-b98c-78abdd7ced37', 'cb3d4499-29e3-4378-a89c-3b8b71a939bc', '121be7c7-6aff-4a0e-8d13-100109c33adb', '1cbeb209-d50e-4522-83e3-958af22b956e', '046c1cd2-18c2-4109-83da-22717b0330eb', 'b8c7836b-d4f9-4c0e-8979-ca001b66aa68', '34f2cfbb-4502-4cb3-943c-743282e2fc76', '13f1c619-5ccd-4f6f-863b-05bd9b1d7a4e'] {{(pid=47106) commit /opt/stack/manila/manila/quota.py:1066}}
Feb 19 02:41:47.054711 np0000156486 devstack@m-api.service[47106]: INFO manila.api.openstack.wsgi [None req-07761cfb-5c2c-45d2-b045-0f38b20381a1 tempest-ShareServerMigrationInvalidParametersCIFS-1979149056 tempest-ShareServerMigrationInvalidParametersCIFS-1979149056-project-admin] https://199.19.213.35/share/v2/e4fd529015334644af275cb7730f4ba4/shares returned with HTTP 200
Feb 19 02:41:47.055179 np0000156486 devstack@m-api.service[47106]: [pid: 47106|app: 0|req: 364/723] 199.19.213.35 () {68 vars in 1400 bytes} [Thu Feb 19 02:41:46 2026] POST /share/v2/e4fd529015334644af275cb7730f4ba4/shares => generated 1421 bytes in 215 msecs (HTTP/1.1 200) 7 headers in 298 bytes (1 switches on core 0)
Feb 19 02:41:47.068672 np0000156486 devstack@m-api.service[47107]: INFO manila.api.openstack.wsgi [None req-a5e2e965-bb83-411a-beda-29e2a3955e65 tempest-ShareServerMigrationInvalidParametersCIFS-1979149056 tempest-ShareServerMigrationInvalidParametersCIFS-1979149056-project-admin] GET https://199.19.213.35/share/v2/e4fd529015334644af275cb7730f4ba4/shares/b3e164ad-1aed-4dd6-837f-7843590850e4
Feb 19 02:41:47.069014 np0000156486 devstack@m-api.service[47107]: DEBUG manila.api.openstack.wsgi [None req-a5e2e965-bb83-411a-beda-29e2a3955e65 tempest-ShareServerMigrationInvalidParametersCIFS-1979149056 tempest-ShareServerMigrationInvalidParametersCIFS-1979149056-project-admin] Empty body provided in request {{(pid=47107) get_body /opt/stack/manila/manila/api/openstack/wsgi.py:652}}
Feb 19 02:41:47.069283 np0000156486 devstack@m-api.service[47107]: DEBUG manila.api.openstack.wsgi [None req-a5e2e965-bb83-411a-beda-29e2a3955e65 tempest-ShareServerMigrationInvalidParametersCIFS-1979149056 tempest-ShareServerMigrationInvalidParametersCIFS-1979149056-project-admin] Calling method 'ShareMixin.show' {{(pid=47107) _process_stack /opt/stack/manila/manila/api/openstack/wsgi.py:798}}
Feb 19 02:41:47.090968 np0000156486 devstack@m-api.service[47107]: INFO manila.api.openstack.wsgi [None req-a5e2e965-bb83-411a-beda-29e2a3955e65 tempest-ShareServerMigrationInvalidParametersCIFS-1979149056 tempest-ShareServerMigrationInvalidParametersCIFS-1979149056-project-admin] https://199.19.213.35/share/v2/e4fd529015334644af275cb7730f4ba4/shares/b3e164ad-1aed-4dd6-837f-7843590850e4 returned with HTTP 200
Feb 19 02:41:47.091632 np0000156486 devstack@m-api.service[47107]: [pid: 47107|app: 0|req: 360/724] 199.19.213.35 () {66 vars in 1489 bytes} [Thu Feb 19 02:41:47 2026] GET /share/v2/e4fd529015334644af275cb7730f4ba4/shares/b3e164ad-1aed-4dd6-837f-7843590850e4 => generated 1421 bytes in 26 msecs (HTTP/1.1 200) 7 headers in 298 bytes (1 switches on core 0)
Feb 19 02:41:47.162869 np0000156486 devstack@m-api.service[47106]: INFO manila.api.openstack.wsgi [None req-92182e1c-1b8d-46e2-80f5-29cc7022d17c tempest-ShareInstancesTest-122257161 tempest-ShareInstancesTest-122257161-project-admin] GET https://199.19.213.35/share/v2/ca973dfdf080489b97b08ff56358cdc8/shares/5437f02e-ab09-4c4f-ab88-85d6f7251eb8
Feb 19 02:41:47.163290 np0000156486 devstack@m-api.service[47106]: DEBUG manila.api.openstack.wsgi [None req-92182e1c-1b8d-46e2-80f5-29cc7022d17c tempest-ShareInstancesTest-122257161 tempest-ShareInstancesTest-122257161-project-admin] Empty body provided in request {{(pid=47106) get_body /opt/stack/manila/manila/api/openstack/wsgi.py:652}}
Feb 19 02:41:47.163664 np0000156486 devstack@m-api.service[47106]: DEBUG manila.api.openstack.wsgi [None req-92182e1c-1b8d-46e2-80f5-29cc7022d17c tempest-ShareInstancesTest-122257161 tempest-ShareInstancesTest-122257161-project-admin] Calling method 'ShareMixin.show' {{(pid=47106) _process_stack /opt/stack/manila/manila/api/openstack/wsgi.py:798}}
Feb 19 02:41:47.180203 np0000156486 devstack@m-api.service[47106]: INFO manila.api.openstack.wsgi [None req-92182e1c-1b8d-46e2-80f5-29cc7022d17c tempest-ShareInstancesTest-122257161 tempest-ShareInstancesTest-122257161-project-admin] https://199.19.213.35/share/v2/ca973dfdf080489b97b08ff56358cdc8/shares/5437f02e-ab09-4c4f-ab88-85d6f7251eb8 returned with HTTP 200
Feb 19 02:41:47.180555 np0000156486 devstack@m-api.service[47106]: [pid: 47106|app: 0|req: 365/725] 199.19.213.35 () {66 vars in 1489 bytes} [Thu Feb 19 02:41:47 2026] GET /share/v2/ca973dfdf080489b97b08ff56358cdc8/shares/5437f02e-ab09-4c4f-ab88-85d6f7251eb8 => generated 1499 bytes in 22 msecs (HTTP/1.1 200) 7 headers in 298 bytes (1 switches on core 0)
Feb 19 02:41:47.195752 np0000156486 devstack@m-api.service[47107]: INFO manila.api.openstack.wsgi [None req-f37500ae-e0e9-4dc7-8f85-8704e51ca2a8 tempest-ShareInstancesTest-122257161 tempest-ShareInstancesTest-122257161-project-admin] GET https://199.19.213.35/share/v2/ca973dfdf080489b97b08ff56358cdc8/shares/5437f02e-ab09-4c4f-ab88-85d6f7251eb8/instances
Feb 19 02:41:47.196144 np0000156486 devstack@m-api.service[47107]: DEBUG manila.api.openstack.wsgi [None req-f37500ae-e0e9-4dc7-8f85-8704e51ca2a8 tempest-ShareInstancesTest-122257161 tempest-ShareInstancesTest-122257161-project-admin] Empty body provided in request {{(pid=47107) get_body /opt/stack/manila/manila/api/openstack/wsgi.py:652}}
Feb 19 02:41:47.196811 np0000156486 devstack@m-api.service[47107]: DEBUG manila.api.openstack.wsgi [None req-f37500ae-e0e9-4dc7-8f85-8704e51ca2a8 tempest-ShareInstancesTest-122257161 tempest-ShareInstancesTest-122257161-project-admin] Calling method 'Controller.__getattribute__..version_select' {{(pid=47107) _process_stack /opt/stack/manila/manila/api/openstack/wsgi.py:798}}
Feb 19 02:41:47.214047 np0000156486 devstack@m-api.service[47107]: INFO manila.api.openstack.wsgi [None req-f37500ae-e0e9-4dc7-8f85-8704e51ca2a8 tempest-ShareInstancesTest-122257161 tempest-ShareInstancesTest-122257161-project-admin] https://199.19.213.35/share/v2/ca973dfdf080489b97b08ff56358cdc8/shares/5437f02e-ab09-4c4f-ab88-85d6f7251eb8/instances returned with HTTP 200
Feb 19 02:41:47.214047 np0000156486 devstack@m-api.service[47107]: [pid: 47107|app: 0|req: 361/726] 199.19.213.35 () {66 vars in 1518 bytes} [Thu Feb 19 02:41:47 2026] GET /share/v2/ca973dfdf080489b97b08ff56358cdc8/shares/5437f02e-ab09-4c4f-ab88-85d6f7251eb8/instances => generated 886 bytes in 22 msecs (HTTP/1.1 200) 7 headers in 296 bytes (1 switches on core 0)
Feb 19 02:41:47.230531 np0000156486 devstack@m-api.service[47106]: INFO manila.api.openstack.wsgi [None req-baedee73-524e-4f7b-b078-92fea74cfb25 tempest-ShareInstancesTest-122257161 tempest-ShareInstancesTest-122257161-project-admin] GET https://199.19.213.35/share/v2/ca973dfdf080489b97b08ff56358cdc8/shares/5437f02e-ab09-4c4f-ab88-85d6f7251eb8/instances
Feb 19 02:41:47.230997 np0000156486 devstack@m-api.service[47106]: DEBUG manila.api.openstack.wsgi [None req-baedee73-524e-4f7b-b078-92fea74cfb25 tempest-ShareInstancesTest-122257161 tempest-ShareInstancesTest-122257161-project-admin] Empty body provided in request {{(pid=47106) get_body /opt/stack/manila/manila/api/openstack/wsgi.py:652}}
Feb 19 02:41:47.231323 np0000156486 devstack@m-api.service[47106]: DEBUG manila.api.openstack.wsgi [None req-baedee73-524e-4f7b-b078-92fea74cfb25 tempest-ShareInstancesTest-122257161 tempest-ShareInstancesTest-122257161-project-admin] Calling method 'Controller.__getattribute__..version_select' {{(pid=47106) _process_stack /opt/stack/manila/manila/api/openstack/wsgi.py:798}}
Feb 19 02:41:47.247724 np0000156486 devstack@m-api.service[47106]: INFO manila.api.openstack.wsgi [None req-baedee73-524e-4f7b-b078-92fea74cfb25 tempest-ShareInstancesTest-122257161 tempest-ShareInstancesTest-122257161-project-admin] https://199.19.213.35/share/v2/ca973dfdf080489b97b08ff56358cdc8/shares/5437f02e-ab09-4c4f-ab88-85d6f7251eb8/instances returned with HTTP 200
Feb 19 02:41:47.247960 np0000156486 devstack@m-api.service[47106]: [pid: 47106|app: 0|req: 366/727] 199.19.213.35 () {66 vars in 1518 bytes} [Thu Feb 19 02:41:47 2026] GET /share/v2/ca973dfdf080489b97b08ff56358cdc8/shares/5437f02e-ab09-4c4f-ab88-85d6f7251eb8/instances => generated 886 bytes in 21 msecs (HTTP/1.1 200) 7 headers in 296 bytes (1 switches on core 0)
Feb 19 02:41:47.263611 np0000156486 devstack@m-api.service[47107]: INFO manila.api.openstack.wsgi [None req-2a994054-c396-4614-9b0e-68d7570ef553 tempest-ShareInstancesTest-122257161 tempest-ShareInstancesTest-122257161-project-admin] GET https://199.19.213.35/share/v2/ca973dfdf080489b97b08ff56358cdc8/share_instances/08c530a4-a4e0-49ed-a046-4d68a79e8127
Feb 19 02:41:47.263611 np0000156486 devstack@m-api.service[47107]: DEBUG manila.api.openstack.wsgi [None req-2a994054-c396-4614-9b0e-68d7570ef553 tempest-ShareInstancesTest-122257161 tempest-ShareInstancesTest-122257161-project-admin] Empty body provided in request {{(pid=47107) get_body /opt/stack/manila/manila/api/openstack/wsgi.py:652}}
Feb 19 02:41:47.263848 np0000156486 devstack@m-api.service[47107]: DEBUG manila.api.openstack.wsgi [None req-2a994054-c396-4614-9b0e-68d7570ef553 tempest-ShareInstancesTest-122257161 tempest-ShareInstancesTest-122257161-project-admin] Calling method 'Controller.__getattribute__..version_select' {{(pid=47107) _process_stack /opt/stack/manila/manila/api/openstack/wsgi.py:798}}
Feb 19 02:41:47.286945 np0000156486 devstack@m-api.service[47107]: INFO manila.api.openstack.wsgi [None req-2a994054-c396-4614-9b0e-68d7570ef553 tempest-ShareInstancesTest-122257161 tempest-ShareInstancesTest-122257161-project-admin] https://199.19.213.35/share/v2/ca973dfdf080489b97b08ff56358cdc8/share_instances/08c530a4-a4e0-49ed-a046-4d68a79e8127 returned with HTTP 200
Feb 19 02:41:47.287551 np0000156486 devstack@m-api.service[47107]: [pid: 47107|app: 0|req: 362/728] 199.19.213.35 () {66 vars in 1515 bytes} [Thu Feb 19 02:41:47 2026] GET /share/v2/ca973dfdf080489b97b08ff56358cdc8/share_instances/08c530a4-a4e0-49ed-a046-4d68a79e8127 => generated 883 bytes in 28 msecs (HTTP/1.1 200) 7 headers in 296 bytes (1 switches on core 0)
Feb 19 02:41:47.302911 np0000156486 devstack@m-api.service[47106]: INFO manila.api.openstack.wsgi [None req-86169db3-e3d2-4171-9fb0-3b46aa365f50 tempest-ShareInstancesTest-122257161 tempest-ShareInstancesTest-122257161-project-admin] GET https://199.19.213.35/share/v2/ca973dfdf080489b97b08ff56358cdc8/shares/5437f02e-ab09-4c4f-ab88-85d6f7251eb8/instances
Feb 19 02:41:47.303304 np0000156486 devstack@m-api.service[47106]: DEBUG manila.api.openstack.wsgi [None req-86169db3-e3d2-4171-9fb0-3b46aa365f50 tempest-ShareInstancesTest-122257161 tempest-ShareInstancesTest-122257161-project-admin] Empty body provided in request {{(pid=47106) get_body /opt/stack/manila/manila/api/openstack/wsgi.py:652}}
Feb 19 02:41:47.303654 np0000156486 devstack@m-api.service[47106]: DEBUG manila.api.openstack.wsgi [None req-86169db3-e3d2-4171-9fb0-3b46aa365f50 tempest-ShareInstancesTest-122257161 tempest-ShareInstancesTest-122257161-project-admin] Calling method 'Controller.__getattribute__..version_select' {{(pid=47106) _process_stack /opt/stack/manila/manila/api/openstack/wsgi.py:798}}
Feb 19 02:41:47.317434 np0000156486 devstack@m-api.service[47106]: INFO manila.api.openstack.wsgi [None req-86169db3-e3d2-4171-9fb0-3b46aa365f50 tempest-ShareInstancesTest-122257161 tempest-ShareInstancesTest-122257161-project-admin] https://199.19.213.35/share/v2/ca973dfdf080489b97b08ff56358cdc8/shares/5437f02e-ab09-4c4f-ab88-85d6f7251eb8/instances returned with HTTP 200
Feb 19 02:41:47.317792 np0000156486 devstack@m-api.service[47106]: [pid: 47106|app: 0|req: 367/729] 199.19.213.35 () {66 vars in 1518 bytes} [Thu Feb 19 02:41:47 2026] GET /share/v2/ca973dfdf080489b97b08ff56358cdc8/shares/5437f02e-ab09-4c4f-ab88-85d6f7251eb8/instances => generated 393 bytes in 19 msecs (HTTP/1.1 200) 7 headers in 296 bytes (1 switches on core 0)
Feb 19 02:41:47.331628 np0000156486 devstack@m-api.service[47107]: INFO manila.api.openstack.wsgi [None req-0fb733e1-1b4b-4d67-9bd5-3cf555d6cca9 tempest-ShareInstancesTest-122257161 tempest-ShareInstancesTest-122257161-project-admin] GET https://199.19.213.35/share/v2/ca973dfdf080489b97b08ff56358cdc8/share_instances/08c530a4-a4e0-49ed-a046-4d68a79e8127
Feb 19 02:41:47.332583 np0000156486 devstack@m-api.service[47107]: DEBUG manila.api.openstack.wsgi [None req-0fb733e1-1b4b-4d67-9bd5-3cf555d6cca9 tempest-ShareInstancesTest-122257161 tempest-ShareInstancesTest-122257161-project-admin] Empty body provided in request {{(pid=47107) get_body /opt/stack/manila/manila/api/openstack/wsgi.py:652}}
Feb 19 02:41:47.332583 np0000156486 devstack@m-api.service[47107]: DEBUG manila.api.openstack.wsgi [None req-0fb733e1-1b4b-4d67-9bd5-3cf555d6cca9 tempest-ShareInstancesTest-122257161 tempest-ShareInstancesTest-122257161-project-admin] Calling method 'Controller.__getattribute__..version_select' {{(pid=47107) _process_stack /opt/stack/manila/manila/api/openstack/wsgi.py:798}}
Feb 19 02:41:47.358840 np0000156486 devstack@m-api.service[47107]: INFO manila.api.openstack.wsgi [None req-0fb733e1-1b4b-4d67-9bd5-3cf555d6cca9 tempest-ShareInstancesTest-122257161 tempest-ShareInstancesTest-122257161-project-admin] https://199.19.213.35/share/v2/ca973dfdf080489b97b08ff56358cdc8/share_instances/08c530a4-a4e0-49ed-a046-4d68a79e8127 returned with HTTP 200
Feb 19 02:41:47.359272 np0000156486 devstack@m-api.service[47107]: [pid: 47107|app: 0|req: 363/730] 199.19.213.35 () {66 vars in 1515 bytes} [Thu Feb 19 02:41:47 2026] GET /share/v2/ca973dfdf080489b97b08ff56358cdc8/share_instances/08c530a4-a4e0-49ed-a046-4d68a79e8127 => generated 390 bytes in 32 msecs (HTTP/1.1 200) 7 headers in 296 bytes (1 switches on core 0)
Feb 19 02:41:47.375060 np0000156486 devstack@m-api.service[47106]: INFO manila.api.openstack.wsgi [None req-c18373c2-e60f-419e-8bfb-16d31917c884 tempest-ShareInstancesTest-122257161 tempest-ShareInstancesTest-122257161-project-admin] GET https://199.19.213.35/share/v2/ca973dfdf080489b97b08ff56358cdc8/shares/5437f02e-ab09-4c4f-ab88-85d6f7251eb8/instances
Feb 19 02:41:47.375459 np0000156486 devstack@m-api.service[47106]: DEBUG manila.api.openstack.wsgi [None req-c18373c2-e60f-419e-8bfb-16d31917c884 tempest-ShareInstancesTest-122257161 tempest-ShareInstancesTest-122257161-project-admin] Empty body provided in request {{(pid=47106) get_body /opt/stack/manila/manila/api/openstack/wsgi.py:652}}
Feb 19 02:41:47.375884 np0000156486 devstack@m-api.service[47106]: DEBUG manila.api.openstack.wsgi [None req-c18373c2-e60f-419e-8bfb-16d31917c884 tempest-ShareInstancesTest-122257161 tempest-ShareInstancesTest-122257161-project-admin] Calling method 'Controller.__getattribute__..version_select' {{(pid=47106) _process_stack /opt/stack/manila/manila/api/openstack/wsgi.py:798}}
Feb 19 02:41:47.396743 np0000156486 devstack@m-api.service[47106]: INFO manila.api.openstack.wsgi [None req-c18373c2-e60f-419e-8bfb-16d31917c884 tempest-ShareInstancesTest-122257161 tempest-ShareInstancesTest-122257161-project-admin] https://199.19.213.35/share/v2/ca973dfdf080489b97b08ff56358cdc8/shares/5437f02e-ab09-4c4f-ab88-85d6f7251eb8/instances returned with HTTP 200
Feb 19 02:41:47.397190 np0000156486 devstack@m-api.service[47106]: [pid: 47106|app: 0|req: 368/731] 199.19.213.35 () {66 vars in 1519 bytes} [Thu Feb 19 02:41:47 2026] GET /share/v2/ca973dfdf080489b97b08ff56358cdc8/shares/5437f02e-ab09-4c4f-ab88-85d6f7251eb8/instances => generated 426 bytes in 26 msecs (HTTP/1.1 200) 7 headers in 297 bytes (1 switches on core 0)
Feb 19 02:41:47.409718 np0000156486 devstack@m-api.service[47107]: INFO manila.api.openstack.wsgi [None req-94213603-b4b5-4bcb-82a6-274d2811c5d8 tempest-ShareInstancesTest-122257161 tempest-ShareInstancesTest-122257161-project-admin] GET https://199.19.213.35/share/v2/ca973dfdf080489b97b08ff56358cdc8/share_instances/08c530a4-a4e0-49ed-a046-4d68a79e8127
Feb 19 02:41:47.410117 np0000156486 devstack@m-api.service[47107]: DEBUG manila.api.openstack.wsgi [None req-94213603-b4b5-4bcb-82a6-274d2811c5d8 tempest-ShareInstancesTest-122257161 tempest-ShareInstancesTest-122257161-project-admin] Empty body provided in request {{(pid=47107) get_body /opt/stack/manila/manila/api/openstack/wsgi.py:652}}
Feb 19 02:41:47.410441 np0000156486 devstack@m-api.service[47107]: DEBUG manila.api.openstack.wsgi [None req-94213603-b4b5-4bcb-82a6-274d2811c5d8 tempest-ShareInstancesTest-122257161 tempest-ShareInstancesTest-122257161-project-admin] Calling method 'Controller.__getattribute__..version_select' {{(pid=47107) _process_stack /opt/stack/manila/manila/api/openstack/wsgi.py:798}}
Feb 19 02:41:47.440288 np0000156486 devstack@m-api.service[47107]: INFO manila.api.openstack.wsgi [None req-94213603-b4b5-4bcb-82a6-274d2811c5d8 tempest-ShareInstancesTest-122257161 tempest-ShareInstancesTest-122257161-project-admin] https://199.19.213.35/share/v2/ca973dfdf080489b97b08ff56358cdc8/share_instances/08c530a4-a4e0-49ed-a046-4d68a79e8127 returned with HTTP 200
Feb 19 02:41:47.440933 np0000156486 devstack@m-api.service[47107]: [pid: 47107|app: 0|req: 364/732] 199.19.213.35 () {66 vars in 1516 bytes} [Thu Feb 19 02:41:47 2026] GET /share/v2/ca973dfdf080489b97b08ff56358cdc8/share_instances/08c530a4-a4e0-49ed-a046-4d68a79e8127 => generated 423 bytes in 35 msecs (HTTP/1.1 200) 7 headers in 297 bytes (1 switches on core 0)
Feb 19 02:41:47.456138 np0000156486 devstack@m-api.service[47106]: INFO manila.api.openstack.wsgi [None req-bbd02d0d-7378-45c4-94b6-c28d2a690e15 tempest-ShareInstancesTest-122257161 tempest-ShareInstancesTest-122257161-project-admin] GET https://199.19.213.35/share/v2/ca973dfdf080489b97b08ff56358cdc8/shares/5437f02e-ab09-4c4f-ab88-85d6f7251eb8/instances
Feb 19 02:41:47.456409 np0000156486 devstack@m-api.service[47106]: DEBUG manila.api.openstack.wsgi [None req-bbd02d0d-7378-45c4-94b6-c28d2a690e15 tempest-ShareInstancesTest-122257161 tempest-ShareInstancesTest-122257161-project-admin] Empty body provided in request {{(pid=47106) get_body /opt/stack/manila/manila/api/openstack/wsgi.py:652}}
Feb 19 02:41:47.456715 np0000156486 devstack@m-api.service[47106]: DEBUG manila.api.openstack.wsgi [None req-bbd02d0d-7378-45c4-94b6-c28d2a690e15 tempest-ShareInstancesTest-122257161 tempest-ShareInstancesTest-122257161-project-admin] Calling method 'Controller.__getattribute__..version_select' {{(pid=47106) _process_stack /opt/stack/manila/manila/api/openstack/wsgi.py:798}}
Feb 19 02:41:47.480511 np0000156486 devstack@m-api.service[47106]: INFO manila.api.openstack.wsgi [None req-bbd02d0d-7378-45c4-94b6-c28d2a690e15 tempest-ShareInstancesTest-122257161 tempest-ShareInstancesTest-122257161-project-admin] https://199.19.213.35/share/v2/ca973dfdf080489b97b08ff56358cdc8/shares/5437f02e-ab09-4c4f-ab88-85d6f7251eb8/instances returned with HTTP 200
Feb 19 02:41:47.480940 np0000156486 devstack@m-api.service[47106]: [pid: 47106|app: 0|req: 369/733] 199.19.213.35 () {66 vars in 1519 bytes} [Thu Feb 19 02:41:47 2026] GET /share/v2/ca973dfdf080489b97b08ff56358cdc8/shares/5437f02e-ab09-4c4f-ab88-85d6f7251eb8/instances => generated 539 bytes in 29 msecs (HTTP/1.1 200) 7 headers in 297 bytes (1 switches on core 0)
Feb 19 02:41:47.495187 np0000156486 devstack@m-api.service[47107]: INFO manila.api.openstack.wsgi [None req-0fa3036f-5181-4a29-b232-633ad2f6680d tempest-ShareInstancesTest-122257161 tempest-ShareInstancesTest-122257161-project-admin] GET https://199.19.213.35/share/v2/ca973dfdf080489b97b08ff56358cdc8/share_instances/08c530a4-a4e0-49ed-a046-4d68a79e8127
Feb 19 02:41:47.495534 np0000156486 devstack@m-api.service[47107]: DEBUG manila.api.openstack.wsgi [None req-0fa3036f-5181-4a29-b232-633ad2f6680d tempest-ShareInstancesTest-122257161 tempest-ShareInstancesTest-122257161-project-admin] Empty body provided in request {{(pid=47107) get_body /opt/stack/manila/manila/api/openstack/wsgi.py:652}}
Feb 19 02:41:47.495748 np0000156486 devstack@m-api.service[47107]: DEBUG manila.api.openstack.wsgi [None req-0fa3036f-5181-4a29-b232-633ad2f6680d tempest-ShareInstancesTest-122257161 tempest-ShareInstancesTest-122257161-project-admin] Calling method 'Controller.__getattribute__..version_select' {{(pid=47107) _process_stack /opt/stack/manila/manila/api/openstack/wsgi.py:798}}
Feb 19 02:41:47.526986 np0000156486 devstack@m-api.service[47107]: INFO manila.api.openstack.wsgi [None req-0fa3036f-5181-4a29-b232-633ad2f6680d tempest-ShareInstancesTest-122257161 tempest-ShareInstancesTest-122257161-project-admin] https://199.19.213.35/share/v2/ca973dfdf080489b97b08ff56358cdc8/share_instances/08c530a4-a4e0-49ed-a046-4d68a79e8127 returned with HTTP 200
Feb 19 02:41:47.527743 np0000156486 devstack@m-api.service[47107]: [pid: 47107|app: 0|req: 365/734] 199.19.213.35 () {66 vars in 1516 bytes} [Thu Feb 19 02:41:47 2026] GET /share/v2/ca973dfdf080489b97b08ff56358cdc8/share_instances/08c530a4-a4e0-49ed-a046-4d68a79e8127 => generated 536 bytes in 36 msecs (HTTP/1.1 200) 7 headers in 297 bytes (1 switches on core 0)
Feb 19 02:41:47.543588 np0000156486 devstack@m-api.service[47106]: INFO manila.api.openstack.wsgi [None req-a7bcef16-5379-42bf-9a8c-c88296c16b8e tempest-ShareInstancesTest-122257161 tempest-ShareInstancesTest-122257161-project-admin] GET https://199.19.213.35/share/v2/ca973dfdf080489b97b08ff56358cdc8/shares/5437f02e-ab09-4c4f-ab88-85d6f7251eb8/instances
Feb 19 02:41:47.544083 np0000156486 devstack@m-api.service[47106]: DEBUG manila.api.openstack.wsgi [None req-a7bcef16-5379-42bf-9a8c-c88296c16b8e tempest-ShareInstancesTest-122257161 tempest-ShareInstancesTest-122257161-project-admin] Empty body provided in request {{(pid=47106) get_body /opt/stack/manila/manila/api/openstack/wsgi.py:652}}
Feb 19 02:41:47.544083 np0000156486 devstack@m-api.service[47106]: DEBUG manila.api.openstack.wsgi [None req-a7bcef16-5379-42bf-9a8c-c88296c16b8e tempest-ShareInstancesTest-122257161 tempest-ShareInstancesTest-122257161-project-admin] Calling method 'Controller.__getattribute__..version_select' {{(pid=47106) _process_stack /opt/stack/manila/manila/api/openstack/wsgi.py:798}}
Feb 19 02:41:47.560167 np0000156486 devstack@m-api.service[47106]: INFO manila.api.openstack.wsgi [None req-a7bcef16-5379-42bf-9a8c-c88296c16b8e tempest-ShareInstancesTest-122257161 tempest-ShareInstancesTest-122257161-project-admin] https://199.19.213.35/share/v2/ca973dfdf080489b97b08ff56358cdc8/shares/5437f02e-ab09-4c4f-ab88-85d6f7251eb8/instances returned with HTTP 200
Feb 19 02:41:47.560570 np0000156486 devstack@m-api.service[47106]: [pid: 47106|app: 0|req: 370/735] 199.19.213.35 () {66 vars in 1519 bytes} [Thu Feb 19 02:41:47 2026] GET /share/v2/ca973dfdf080489b97b08ff56358cdc8/shares/5437f02e-ab09-4c4f-ab88-85d6f7251eb8/instances => generated 559 bytes in 21 msecs (HTTP/1.1 200) 7 headers in 297 bytes (1 switches on core 0)
Feb 19 02:41:47.575277 np0000156486 devstack@m-api.service[47107]: INFO manila.api.openstack.wsgi [None req-fc5e3177-7b58-4bf9-bfe3-a5c2d93695f1 tempest-ShareInstancesTest-122257161 tempest-ShareInstancesTest-122257161-project-admin] GET https://199.19.213.35/share/v2/ca973dfdf080489b97b08ff56358cdc8/share_instances/08c530a4-a4e0-49ed-a046-4d68a79e8127
Feb 19 02:41:47.575563 np0000156486 devstack@m-api.service[47107]: DEBUG manila.api.openstack.wsgi [None req-fc5e3177-7b58-4bf9-bfe3-a5c2d93695f1 tempest-ShareInstancesTest-122257161 tempest-ShareInstancesTest-122257161-project-admin] Empty body provided in request {{(pid=47107) get_body /opt/stack/manila/manila/api/openstack/wsgi.py:652}}
Feb 19 02:41:47.575841 np0000156486 devstack@m-api.service[47107]: DEBUG manila.api.openstack.wsgi [None req-fc5e3177-7b58-4bf9-bfe3-a5c2d93695f1 tempest-ShareInstancesTest-122257161 tempest-ShareInstancesTest-122257161-project-admin] Calling method 'Controller.__getattribute__..version_select' {{(pid=47107) _process_stack /opt/stack/manila/manila/api/openstack/wsgi.py:798}}
Feb 19 02:41:47.771993 np0000156486 devstack@m-api.service[47106]: INFO manila.api.openstack.wsgi [None req-a7eba4f2-db71-4f5b-9747-219ac90c2425 tempest-ManageShareServersTest-454869015 tempest-ManageShareServersTest-454869015-project-admin] GET https://199.19.213.35/share/v2/d75d6ef12ef14d269774c72545a34984/shares/5d8e602c-38ed-43e9-b825-e49d4b5f6cae
Feb 19 02:41:47.772612 np0000156486 devstack@m-api.service[47106]: DEBUG manila.api.openstack.wsgi [None req-a7eba4f2-db71-4f5b-9747-219ac90c2425 tempest-ManageShareServersTest-454869015 tempest-ManageShareServersTest-454869015-project-admin] Empty body provided in request {{(pid=47106) get_body /opt/stack/manila/manila/api/openstack/wsgi.py:652}}
Feb 19 02:41:47.773046 np0000156486 devstack@m-api.service[47106]: DEBUG manila.api.openstack.wsgi [None req-a7eba4f2-db71-4f5b-9747-219ac90c2425 tempest-ManageShareServersTest-454869015 tempest-ManageShareServersTest-454869015-project-admin] Calling method 'ShareMixin.show' {{(pid=47106) _process_stack /opt/stack/manila/manila/api/openstack/wsgi.py:798}}
Feb 19 02:41:47.792348 np0000156486 devstack@m-api.service[47106]: INFO manila.api.openstack.wsgi [None req-a7eba4f2-db71-4f5b-9747-219ac90c2425 tempest-ManageShareServersTest-454869015 tempest-ManageShareServersTest-454869015-project-admin] https://199.19.213.35/share/v2/d75d6ef12ef14d269774c72545a34984/shares/5d8e602c-38ed-43e9-b825-e49d4b5f6cae returned with HTTP 200
Feb 19 02:41:47.792943 np0000156486 devstack@m-api.service[47106]: [pid: 47106|app: 0|req: 371/736] 199.19.213.35 () {66 vars in 1489 bytes} [Thu Feb 19 02:41:47 2026] GET /share/v2/d75d6ef12ef14d269774c72545a34984/shares/5d8e602c-38ed-43e9-b825-e49d4b5f6cae => generated 1533 bytes in 26 msecs (HTTP/1.1 200) 7 headers in 298 bytes (1 switches on core 0)
Feb 19 02:41:47.809883 np0000156486 devstack@m-api.service[47106]: INFO manila.api.openstack.wsgi [None req-af9c3827-fb7b-4bee-a689-7edda531cdcf tempest-ManageShareServersTest-454869015 tempest-ManageShareServersTest-454869015-project-admin] GET https://199.19.213.35/share/v2/d75d6ef12ef14d269774c72545a34984/share-servers/d05a2098-6618-4f18-aa53-cb22728e260b
Feb 19 02:41:47.810359 np0000156486 devstack@m-api.service[47106]: DEBUG manila.api.openstack.wsgi [None req-af9c3827-fb7b-4bee-a689-7edda531cdcf tempest-ManageShareServersTest-454869015 tempest-ManageShareServersTest-454869015-project-admin] Empty body provided in request {{(pid=47106) get_body /opt/stack/manila/manila/api/openstack/wsgi.py:652}}
Feb 19 02:41:47.810916 np0000156486 devstack@m-api.service[47106]: DEBUG manila.api.openstack.wsgi [None req-af9c3827-fb7b-4bee-a689-7edda531cdcf tempest-ManageShareServersTest-454869015 tempest-ManageShareServersTest-454869015-project-admin] Calling method 'ShareServerController.show' {{(pid=47106) _process_stack /opt/stack/manila/manila/api/openstack/wsgi.py:798}}
Feb 19 02:41:47.841131 np0000156486 devstack@m-api.service[47107]: INFO manila.api.openstack.wsgi [None req-fc5e3177-7b58-4bf9-bfe3-a5c2d93695f1 tempest-ShareInstancesTest-122257161 tempest-ShareInstancesTest-122257161-project-admin] https://199.19.213.35/share/v2/ca973dfdf080489b97b08ff56358cdc8/share_instances/08c530a4-a4e0-49ed-a046-4d68a79e8127 returned with HTTP 200
Feb 19 02:41:47.841798 np0000156486 devstack@m-api.service[47107]: [pid: 47107|app: 0|req: 366/737] 199.19.213.35 () {66 vars in 1516 bytes} [Thu Feb 19 02:41:47 2026] GET /share/v2/ca973dfdf080489b97b08ff56358cdc8/share_instances/08c530a4-a4e0-49ed-a046-4d68a79e8127 => generated 556 bytes in 271 msecs (HTTP/1.1 200) 7 headers in 297 bytes (1 switches on core 0)
Feb 19 02:41:47.856019 np0000156486 devstack@m-api.service[47107]: INFO manila.api.openstack.wsgi [None req-3e376af3-d326-406e-8550-fd62b56402e0 tempest-ShareInstancesTest-122257161 tempest-ShareInstancesTest-122257161-project-admin] GET https://199.19.213.35/share/v2/ca973dfdf080489b97b08ff56358cdc8/share_instances
Feb 19 02:41:47.856558 np0000156486 devstack@m-api.service[47107]: DEBUG manila.api.openstack.wsgi [None req-3e376af3-d326-406e-8550-fd62b56402e0 tempest-ShareInstancesTest-122257161 tempest-ShareInstancesTest-122257161-project-admin] Empty body provided in request {{(pid=47107) get_body /opt/stack/manila/manila/api/openstack/wsgi.py:652}}
Feb 19 02:41:47.857009 np0000156486 devstack@m-api.service[47107]: DEBUG manila.api.openstack.wsgi [None req-3e376af3-d326-406e-8550-fd62b56402e0 tempest-ShareInstancesTest-122257161 tempest-ShareInstancesTest-122257161-project-admin] Calling method 'Controller.__getattribute__..version_select' {{(pid=47107) _process_stack /opt/stack/manila/manila/api/openstack/wsgi.py:798}}
Feb 19 02:41:47.889690 np0000156486 devstack@m-api.service[47107]: INFO manila.api.openstack.wsgi [None req-3e376af3-d326-406e-8550-fd62b56402e0 tempest-ShareInstancesTest-122257161 tempest-ShareInstancesTest-122257161-project-admin] https://199.19.213.35/share/v2/ca973dfdf080489b97b08ff56358cdc8/share_instances returned with HTTP 200
Feb 19 02:41:47.890470 np0000156486 devstack@m-api.service[47107]: [pid: 47107|app: 0|req: 367/738] 199.19.213.35 () {66 vars in 1404 bytes} [Thu Feb 19 02:41:47 2026] GET /share/v2/ca973dfdf080489b97b08ff56358cdc8/share_instances => generated 20721 bytes in 38 msecs (HTTP/1.1 200) 7 headers in 298 bytes (1 switches on core 0)
Feb 19 02:41:47.891053 np0000156486 devstack@m-api.service[47106]: INFO manila.api.openstack.wsgi [None req-af9c3827-fb7b-4bee-a689-7edda531cdcf tempest-ManageShareServersTest-454869015 tempest-ManageShareServersTest-454869015-project-admin] https://199.19.213.35/share/v2/d75d6ef12ef14d269774c72545a34984/share-servers/d05a2098-6618-4f18-aa53-cb22728e260b returned with HTTP 200
Feb 19 02:41:47.891799 np0000156486 devstack@m-api.service[47106]: [pid: 47106|app: 0|req: 372/739] 199.19.213.35 () {66 vars in 1510 bytes} [Thu Feb 19 02:41:47 2026] GET /share/v2/d75d6ef12ef14d269774c72545a34984/share-servers/d05a2098-6618-4f18-aa53-cb22728e260b => generated 926 bytes in 87 msecs (HTTP/1.1 200) 7 headers in 297 bytes (2 switches on core 0)
Feb 19 02:41:47.905673 np0000156486 devstack@m-api.service[47107]: INFO manila.api.openstack.wsgi [None req-fd54fc96-daae-43b9-ba12-2a2707385dd6 tempest-ShareInstancesTest-122257161 tempest-ShareInstancesTest-122257161-project-admin] GET https://199.19.213.35/share/v2/ca973dfdf080489b97b08ff56358cdc8/shares/5437f02e-ab09-4c4f-ab88-85d6f7251eb8/instances
Feb 19 02:41:47.906053 np0000156486 devstack@m-api.service[47107]: DEBUG manila.api.openstack.wsgi [None req-fd54fc96-daae-43b9-ba12-2a2707385dd6 tempest-ShareInstancesTest-122257161 tempest-ShareInstancesTest-122257161-project-admin] Empty body provided in request {{(pid=47107) get_body /opt/stack/manila/manila/api/openstack/wsgi.py:652}}
Feb 19 02:41:47.906430 np0000156486 devstack@m-api.service[47107]: DEBUG manila.api.openstack.wsgi [None req-fd54fc96-daae-43b9-ba12-2a2707385dd6 tempest-ShareInstancesTest-122257161 tempest-ShareInstancesTest-122257161-project-admin] Calling method 'Controller.__getattribute__..version_select' {{(pid=47107) _process_stack /opt/stack/manila/manila/api/openstack/wsgi.py:798}}
Feb 19 02:41:47.907219 np0000156486 devstack@m-api.service[47106]: INFO manila.api.openstack.wsgi [None req-0a13c107-b3cd-4e4f-ba4f-cc19401efcf8 tempest-ManageShareServersTest-454869015 tempest-ManageShareServersTest-454869015-project-admin] DELETE https://199.19.213.35/share/v2/d75d6ef12ef14d269774c72545a34984/shares/5d8e602c-38ed-43e9-b825-e49d4b5f6cae
Feb 19 02:41:47.907684 np0000156486 devstack@m-api.service[47106]: DEBUG manila.api.openstack.wsgi [None req-0a13c107-b3cd-4e4f-ba4f-cc19401efcf8 tempest-ManageShareServersTest-454869015 tempest-ManageShareServersTest-454869015-project-admin] Empty body provided in request {{(pid=47106) get_body /opt/stack/manila/manila/api/openstack/wsgi.py:652}}
Feb 19 02:41:47.908098 np0000156486 devstack@m-api.service[47106]: DEBUG manila.api.openstack.wsgi [None req-0a13c107-b3cd-4e4f-ba4f-cc19401efcf8 tempest-ManageShareServersTest-454869015 tempest-ManageShareServersTest-454869015-project-admin] Calling method 'ShareMixin.delete' {{(pid=47106) _process_stack /opt/stack/manila/manila/api/openstack/wsgi.py:798}}
Feb 19 02:41:47.909007 np0000156486 devstack@m-api.service[47106]: INFO manila.api.v2.shares [None req-0a13c107-b3cd-4e4f-ba4f-cc19401efcf8 tempest-ManageShareServersTest-454869015 tempest-ManageShareServersTest-454869015-project-admin] Delete share with id: 5d8e602c-38ed-43e9-b825-e49d4b5f6cae
Feb 19 02:41:47.922563 np0000156486 devstack@m-api.service[47107]: INFO manila.api.openstack.wsgi [None req-fd54fc96-daae-43b9-ba12-2a2707385dd6 tempest-ShareInstancesTest-122257161 tempest-ShareInstancesTest-122257161-project-admin] https://199.19.213.35/share/v2/ca973dfdf080489b97b08ff56358cdc8/shares/5437f02e-ab09-4c4f-ab88-85d6f7251eb8/instances returned with HTTP 200
Feb 19 02:41:47.922984 np0000156486 devstack@m-api.service[47107]: [pid: 47107|app: 0|req: 368/740] 199.19.213.35 () {66 vars in 1519 bytes} [Thu Feb 19 02:41:47 2026] GET /share/v2/ca973dfdf080489b97b08ff56358cdc8/shares/5437f02e-ab09-4c4f-ab88-85d6f7251eb8/instances => generated 603 bytes in 21 msecs (HTTP/1.1 200) 7 headers in 297 bytes (1 switches on core 0)
Feb 19 02:41:47.934752 np0000156486 devstack@m-api.service[47107]: INFO manila.api.openstack.wsgi [None req-de548057-3109-4d26-9ca8-032b600bf4e2 tempest-ShareInstancesTest-122257161 tempest-ShareInstancesTest-122257161-project-admin] GET https://199.19.213.35/share/v2/ca973dfdf080489b97b08ff56358cdc8/share_instances/08c530a4-a4e0-49ed-a046-4d68a79e8127/export_locations
Feb 19 02:41:47.935008 np0000156486 devstack@m-api.service[47107]: DEBUG manila.api.openstack.wsgi [None req-de548057-3109-4d26-9ca8-032b600bf4e2 tempest-ShareInstancesTest-122257161 tempest-ShareInstancesTest-122257161-project-admin] Empty body provided in request {{(pid=47107) get_body /opt/stack/manila/manila/api/openstack/wsgi.py:652}}
Feb 19 02:41:47.935290 np0000156486 devstack@m-api.service[47107]: DEBUG manila.api.openstack.wsgi [None req-de548057-3109-4d26-9ca8-032b600bf4e2 tempest-ShareInstancesTest-122257161 tempest-ShareInstancesTest-122257161-project-admin] Calling method 'Controller.__getattribute__..version_select' {{(pid=47107) _process_stack /opt/stack/manila/manila/api/openstack/wsgi.py:798}}
Feb 19 02:41:48.037126 np0000156486 devstack@m-api.service[47107]: INFO manila.api.openstack.wsgi [None req-de548057-3109-4d26-9ca8-032b600bf4e2 tempest-ShareInstancesTest-122257161 tempest-ShareInstancesTest-122257161-project-admin] https://199.19.213.35/share/v2/ca973dfdf080489b97b08ff56358cdc8/share_instances/08c530a4-a4e0-49ed-a046-4d68a79e8127/export_locations returned with HTTP 200
Feb 19 02:41:48.037529 np0000156486 devstack@m-api.service[47107]: [pid: 47107|app: 0|req: 369/741] 199.19.213.35 () {66 vars in 1567 bytes} [Thu Feb 19 02:41:47 2026] GET /share/v2/ca973dfdf080489b97b08ff56358cdc8/share_instances/08c530a4-a4e0-49ed-a046-4d68a79e8127/export_locations => generated 890 bytes in 105 msecs (HTTP/1.1 200) 7 headers in 297 bytes (1 switches on core 0)
Feb 19 02:41:48.040177 np0000156486 devstack@m-api.service[47107]: INFO manila.api.openstack.wsgi [None req-d814cea8-eab0-4dd0-9580-334ee4eafa76 tempest-AdminActionsTest-740938310 tempest-AdminActionsTest-740938310-project-admin] GET https://199.19.213.35/share/v2/70a86a2e04d94e51b4d1d655d88de8d8/shares/cad6699f-a719-4fed-ac47-089698ef702a
Feb 19 02:41:48.040374 np0000156486 devstack@m-api.service[47107]: DEBUG manila.api.openstack.wsgi [None req-d814cea8-eab0-4dd0-9580-334ee4eafa76 tempest-AdminActionsTest-740938310 tempest-AdminActionsTest-740938310-project-admin] Empty body provided in request {{(pid=47107) get_body /opt/stack/manila/manila/api/openstack/wsgi.py:652}}
Feb 19 02:41:48.040527 np0000156486 devstack@m-api.service[47107]: DEBUG manila.api.openstack.wsgi [None req-d814cea8-eab0-4dd0-9580-334ee4eafa76 tempest-AdminActionsTest-740938310 tempest-AdminActionsTest-740938310-project-admin] Calling method 'ShareMixin.show' {{(pid=47107) _process_stack /opt/stack/manila/manila/api/openstack/wsgi.py:798}}
Feb 19 02:41:48.057445 np0000156486 devstack@m-api.service[47107]: INFO manila.api.openstack.wsgi [None req-d814cea8-eab0-4dd0-9580-334ee4eafa76 tempest-AdminActionsTest-740938310 tempest-AdminActionsTest-740938310-project-admin] https://199.19.213.35/share/v2/70a86a2e04d94e51b4d1d655d88de8d8/shares/cad6699f-a719-4fed-ac47-089698ef702a returned with HTTP 200
Feb 19 02:41:48.057879 np0000156486 devstack@m-api.service[47107]: [pid: 47107|app: 0|req: 370/742] 199.19.213.35 () {66 vars in 1489 bytes} [Thu Feb 19 02:41:48 2026] GET /share/v2/70a86a2e04d94e51b4d1d655d88de8d8/shares/cad6699f-a719-4fed-ac47-089698ef702a => generated 1500 bytes in 20 msecs (HTTP/1.1 200) 7 headers in 298 bytes (1 switches on core 0)
Feb 19 02:41:48.060184 np0000156486 devstack@m-api.service[47107]: INFO manila.api.openstack.wsgi [None req-a4cd82b2-fa26-4988-b908-3e4f49463282 tempest-ShareInstancesTest-122257161 tempest-ShareInstancesTest-122257161-project-admin] GET https://199.19.213.35/share/v2/ca973dfdf080489b97b08ff56358cdc8/share_instances?export_location_path=11.0.0.13%3A%2Fpath%2Fto%2Ffake%2Fshare%2Fshare_5437f02e_ab09_4c4f_ab88_85d6f7251eb8_08c530a4_a4e0_49ed_a046_4d68a79e8127
Feb 19 02:41:48.060643 np0000156486 devstack@m-api.service[47107]: DEBUG manila.api.openstack.wsgi [None req-a4cd82b2-fa26-4988-b908-3e4f49463282 tempest-ShareInstancesTest-122257161 tempest-ShareInstancesTest-122257161-project-admin] Empty body provided in request {{(pid=47107) get_body /opt/stack/manila/manila/api/openstack/wsgi.py:652}}
Feb 19 02:41:48.060818 np0000156486 devstack@m-api.service[47107]: DEBUG manila.api.openstack.wsgi [None req-a4cd82b2-fa26-4988-b908-3e4f49463282 tempest-ShareInstancesTest-122257161 tempest-ShareInstancesTest-122257161-project-admin] Calling method 'Controller.__getattribute__..version_select' {{(pid=47107) _process_stack /opt/stack/manila/manila/api/openstack/wsgi.py:798}}
Feb 19 02:41:48.084203 np0000156486 devstack@m-api.service[47107]: INFO manila.api.openstack.wsgi [None req-a4cd82b2-fa26-4988-b908-3e4f49463282 tempest-ShareInstancesTest-122257161 tempest-ShareInstancesTest-122257161-project-admin] https://199.19.213.35/share/v2/ca973dfdf080489b97b08ff56358cdc8/share_instances?export_location_path=11.0.0.13%3A%2Fpath%2Fto%2Ffake%2Fshare%2Fshare_5437f02e_ab09_4c4f_ab88_85d6f7251eb8_08c530a4_a4e0_49ed_a046_4d68a79e8127 returned with HTTP 200
Feb 19 02:41:48.084932 np0000156486 devstack@m-api.service[47107]: [pid: 47107|app: 0|req: 371/743] 199.19.213.35 () {66 vars in 1690 bytes} [Thu Feb 19 02:41:48 2026] GET /share/v2/ca973dfdf080489b97b08ff56358cdc8/share_instances?export_location_path=11.0.0.13%3A%2Fpath%2Fto%2Ffake%2Fshare%2Fshare_5437f02e_ab09_4c4f_ab88_85d6f7251eb8_08c530a4_a4e0_49ed_a046_4d68a79e8127 => generated 603 bytes in 26 msecs (HTTP/1.1 200) 7 headers in 297 bytes (1 switches on core 0)
Feb 19 02:41:48.091178 np0000156486 devstack@m-api.service[47107]: INFO manila.api.openstack.wsgi [None req-07641a3c-029a-4c78-9d18-4a9b38092f62 tempest-AdminActionsTest-740938310 tempest-AdminActionsTest-740938310-project-admin] POST https://199.19.213.35/share/v2/70a86a2e04d94e51b4d1d655d88de8d8/shares/cad6699f-a719-4fed-ac47-089698ef702a/action
Feb 19 02:41:48.091881 np0000156486 devstack@m-api.service[47107]: DEBUG manila.api.openstack.wsgi [None req-07641a3c-029a-4c78-9d18-4a9b38092f62 tempest-AdminActionsTest-740938310 tempest-AdminActionsTest-740938310-project-admin] Action body: b'{"extend": {"new_size": 2, "force": false}}' {{(pid=47107) get_method /opt/stack/manila/manila/api/openstack/wsgi.py:912}}
Feb 19 02:41:48.092149 np0000156486 devstack@m-api.service[47107]: DEBUG manila.api.openstack.wsgi [None req-07641a3c-029a-4c78-9d18-4a9b38092f62 tempest-AdminActionsTest-740938310 tempest-AdminActionsTest-740938310-project-admin] Action: 'action', calling method: Controller.__getattribute__..version_select, body: {"extend": {"new_size": 2, "force": false}} {{(pid=47107) _process_stack /opt/stack/manila/manila/api/openstack/wsgi.py:796}}
Feb 19 02:41:48.095159 np0000156486 devstack@m-api.service[47106]: INFO manila.api.openstack.wsgi [None req-0a13c107-b3cd-4e4f-ba4f-cc19401efcf8 tempest-ManageShareServersTest-454869015 tempest-ManageShareServersTest-454869015-project-admin] https://199.19.213.35/share/v2/d75d6ef12ef14d269774c72545a34984/shares/5d8e602c-38ed-43e9-b825-e49d4b5f6cae returned with HTTP 202
Feb 19 02:41:48.095918 np0000156486 devstack@m-api.service[47106]: [pid: 47106|app: 0|req: 373/744] 199.19.213.35 () {66 vars in 1492 bytes} [Thu Feb 19 02:41:47 2026] DELETE /share/v2/d75d6ef12ef14d269774c72545a34984/shares/5d8e602c-38ed-43e9-b825-e49d4b5f6cae => generated 0 bytes in 193 msecs (HTTP/1.1 202) 7 headers in 309 bytes (1 switches on core 0)
