Feb 19 02:41:16.430451 np0000156486 devstack@m-api.service[47107]: DEBUG manila.api.openstack.wsgi [None req-6142a303-6ec1-47e9-8bd9-5f9576bd8105 tempest-ManageShareServersTest-454869015 tempest-ManageShareServersTest-454869015-project-admin] Empty body provided in request {{(pid=47107) get_body /opt/stack/manila/manila/api/openstack/wsgi.py:652}}
Feb 19 02:41:16.430550 np0000156486 devstack@m-api.service[47107]: DEBUG manila.api.openstack.wsgi [None req-6142a303-6ec1-47e9-8bd9-5f9576bd8105 tempest-ManageShareServersTest-454869015 tempest-ManageShareServersTest-454869015-project-admin] Calling method 'Controller.__getattribute__..version_select' {{(pid=47107) _process_stack /opt/stack/manila/manila/api/openstack/wsgi.py:798}}
Feb 19 02:41:16.436805 np0000156486 devstack@m-api.service[47107]: INFO manila.api.openstack.wsgi [None req-6142a303-6ec1-47e9-8bd9-5f9576bd8105 tempest-ManageShareServersTest-454869015 tempest-ManageShareServersTest-454869015-project-admin] https://199.19.213.35/share/v2/d75d6ef12ef14d269774c72545a34984/services returned with HTTP 200
Feb 19 02:41:16.437196 np0000156486 devstack@m-api.service[47107]: [pid: 47107|app: 0|req: 48/87] 199.19.213.35 () {66 vars in 1384 bytes} [Thu Feb 19 02:41:16 2026] GET /share/v2/d75d6ef12ef14d269774c72545a34984/services => generated 850 bytes in 8 msecs (HTTP/1.1 200) 7 headers in 297 bytes (1 switches on core 0)
Feb 19 02:41:16.439700 np0000156486 devstack@m-api.service[47107]: INFO manila.api.openstack.wsgi [None req-dd3e6bcb-4876-42e0-aabf-3c87e2bab09d tempest-MigrationOfShareWithSnapshotNFSTest-2014802598 tempest-MigrationOfShareWithSnapshotNFSTest-2014802598-project-admin] POST https://199.19.213.35/share/v2/8647a7c773184f83a514e0fdc0bf21de/types
Feb 19 02:41:16.440095 np0000156486 devstack@m-api.service[47107]: DEBUG manila.api.openstack.wsgi [None req-dd3e6bcb-4876-42e0-aabf-3c87e2bab09d tempest-MigrationOfShareWithSnapshotNFSTest-2014802598 tempest-MigrationOfShareWithSnapshotNFSTest-2014802598-project-admin] Action: 'create', calling method: Controller.__getattribute__..version_select, body: {"share_type": {"name": "tempest-snapshot_noncapable_share_type_for_migration-1401534191", "extra_specs": {"driver_handles_share_servers": true}, "share_type_access:is_public": true}} {{(pid=47107) _process_stack /opt/stack/manila/manila/api/openstack/wsgi.py:796}}
Feb 19 02:41:16.446365 np0000156486 devstack@m-api.service[47106]: INFO manila.api.openstack.wsgi [None req-acdcde0a-c94f-466b-acda-0c1d18d4cf12 tempest-MigrationCancelNFSTest-96930148 tempest-MigrationCancelNFSTest-96930148-project-admin] https://199.19.213.35/share/v2/a972ffcb41064cd5924e500cf459a3f1/shares returned with HTTP 200
Feb 19 02:41:16.446938 np0000156486 devstack@m-api.service[47106]: [pid: 47106|app: 0|req: 40/88] 199.19.213.35 () {68 vars in 1400 bytes} [Thu Feb 19 02:41:16 2026] POST /share/v2/a972ffcb41064cd5924e500cf459a3f1/shares => generated 1451 bytes in 196 msecs (HTTP/1.1 200) 7 headers in 298 bytes (1 switches on core 0)
Feb 19 02:41:16.450066 np0000156486 devstack@m-api.service[47106]: INFO manila.api.openstack.wsgi [None req-e1a03271-cb23-4802-b76d-f4eb1fe52fc8 tempest-SecurityServiceAdminTest-1359673205 tempest-SecurityServiceAdminTest-1359673205-project-admin] GET https://199.19.213.35/share/v2/3ff6016603234aaaaa398f3c9057254b/security-services/65f3c294-26ea-4c2b-a448-0f6e7b3c24b7
Feb 19 02:41:16.450066 np0000156486 devstack@m-api.service[47106]: DEBUG manila.api.openstack.wsgi [None req-e1a03271-cb23-4802-b76d-f4eb1fe52fc8 tempest-SecurityServiceAdminTest-1359673205 tempest-SecurityServiceAdminTest-1359673205-project-admin] Empty body provided in request {{(pid=47106) get_body /opt/stack/manila/manila/api/openstack/wsgi.py:652}}
Feb 19 02:41:16.450066 np0000156486 devstack@m-api.service[47106]: DEBUG manila.api.openstack.wsgi [None req-e1a03271-cb23-4802-b76d-f4eb1fe52fc8 tempest-SecurityServiceAdminTest-1359673205 tempest-SecurityServiceAdminTest-1359673205-project-admin] Calling method 'SecurityServiceController.show' {{(pid=47106) _process_stack /opt/stack/manila/manila/api/openstack/wsgi.py:798}}
Feb 19 02:41:16.453536 np0000156486 devstack@m-api.service[47106]: INFO manila.api.openstack.wsgi [None req-e1a03271-cb23-4802-b76d-f4eb1fe52fc8 tempest-SecurityServiceAdminTest-1359673205 tempest-SecurityServiceAdminTest-1359673205-project-admin] HTTP exception thrown: The resource could not be found.
Feb 19 02:41:16.454557 np0000156486 devstack@m-api.service[47107]: INFO manila.api.openstack.wsgi [None req-dd3e6bcb-4876-42e0-aabf-3c87e2bab09d tempest-MigrationOfShareWithSnapshotNFSTest-2014802598 tempest-MigrationOfShareWithSnapshotNFSTest-2014802598-project-admin] https://199.19.213.35/share/v2/8647a7c773184f83a514e0fdc0bf21de/types returned with HTTP 200
Feb 19 02:41:16.455025 np0000156486 devstack@m-api.service[47106]: INFO manila.api.openstack.wsgi [None req-e1a03271-cb23-4802-b76d-f4eb1fe52fc8 tempest-SecurityServiceAdminTest-1359673205 tempest-SecurityServiceAdminTest-1359673205-project-admin] https://199.19.213.35/share/v2/3ff6016603234aaaaa398f3c9057254b/security-services/65f3c294-26ea-4c2b-a448-0f6e7b3c24b7 returned with HTTP 404
Feb 19 02:41:16.455459 np0000156486 devstack@m-api.service[47107]: [pid: 47107|app: 0|req: 49/89] 199.19.213.35 () {68 vars in 1397 bytes} [Thu Feb 19 02:41:16 2026] POST /share/v2/8647a7c773184f83a514e0fdc0bf21de/types => generated 675 bytes in 18 msecs (HTTP/1.1 200) 7 headers in 297 bytes (1 switches on core 0)
Feb 19 02:41:16.457146 np0000156486 devstack@m-api.service[47106]: [pid: 47106|app: 0|req: 41/90] 199.19.213.35 () {66 vars in 1522 bytes} [Thu Feb 19 02:41:16 2026] GET /share/v2/3ff6016603234aaaaa398f3c9057254b/security-services/65f3c294-26ea-4c2b-a448-0f6e7b3c24b7 => generated 78 bytes in 10 msecs (HTTP/1.1 404) 7 headers in 303 bytes (1 switches on core 0)
Feb 19 02:41:16.458750 np0000156486 devstack@m-api.service[47107]: INFO manila.api.openstack.wsgi [None req-d4b37f3c-64a6-4f47-9e0c-00d8fb60be3e tempest-ShareMultiBackendTest-1316881618 tempest-ShareMultiBackendTest-1316881618-project-admin] POST https://199.19.213.35/share/v2/fc87fcadb99a42d0b4abaacd2296317b/shares
Feb 19 02:41:16.459305 np0000156486 devstack@m-api.service[47107]: DEBUG manila.api.openstack.wsgi [None req-d4b37f3c-64a6-4f47-9e0c-00d8fb60be3e tempest-ShareMultiBackendTest-1316881618 tempest-ShareMultiBackendTest-1316881618-project-admin] Action: 'create', calling method: Controller.__getattribute__..version_select, body: {"share": {"share_proto": "nfs", "description": "Tempest's share", "snapshot_id": null, "name": "tempest-tempest-created-share-264874474", "size": 1, "metadata": {}, "is_public": false, "share_network_id": "84d365d1-d8db-401e-875b-ba09962e9777", "share_type": "14d2cb85-aea3-4cdc-a7a0-2210908ec12d"}} {{(pid=47107) _process_stack /opt/stack/manila/manila/api/openstack/wsgi.py:796}}
Feb 19 02:41:16.460684 np0000156486 devstack@m-api.service[47107]: INFO manila.api.v2.shares [None req-d4b37f3c-64a6-4f47-9e0c-00d8fb60be3e tempest-ShareMultiBackendTest-1316881618 tempest-ShareMultiBackendTest-1316881618-project-admin] Create NFS share of 1 GB
Feb 19 02:41:16.462379 np0000156486 devstack@m-api.service[47106]: INFO manila.api.openstack.wsgi [None req-acb0199a-85e2-4ef2-9ee5-84f4b46ed746 tempest-AdminActionsNegativeTest-717195747 tempest-AdminActionsNegativeTest-717195747-project-admin] POST https://199.19.213.35/share/v2/c3e7ad552c144789be9c625bce4db120/types
Feb 19 02:41:16.463534 np0000156486 devstack@m-api.service[47106]: DEBUG manila.api.openstack.wsgi [None req-acb0199a-85e2-4ef2-9ee5-84f4b46ed746 tempest-AdminActionsNegativeTest-717195747 tempest-AdminActionsNegativeTest-717195747-project-admin] Action: 'create', calling method: Controller.__getattribute__..version_select, body: {"share_type": {"name": "tempest-typeshare-type-1853408012", "extra_specs": {"driver_handles_share_servers": "True", "snapshot_support": true}, "share_type_access:is_public": true}} {{(pid=47106) _process_stack /opt/stack/manila/manila/api/openstack/wsgi.py:796}}
Feb 19 02:41:16.487555 np0000156486 devstack@m-api.service[47106]: INFO manila.api.openstack.wsgi [None req-acb0199a-85e2-4ef2-9ee5-84f4b46ed746 tempest-AdminActionsNegativeTest-717195747 tempest-AdminActionsNegativeTest-717195747-project-admin] https://199.19.213.35/share/v2/c3e7ad552c144789be9c625bce4db120/types returned with HTTP 200
Feb 19 02:41:16.487555 np0000156486 devstack@m-api.service[47106]: [pid: 47106|app: 0|req: 42/91] 199.19.213.35 () {68 vars in 1397 bytes} [Thu Feb 19 02:41:16 2026] POST /share/v2/c3e7ad552c144789be9c625bce4db120/types => generated 675 bytes in 29 msecs (HTTP/1.1 200) 7 headers in 297 bytes (1 switches on core 0)
Feb 19 02:41:16.524577 np0000156486 devstack@m-api.service[47106]: INFO manila.api.openstack.wsgi [None req-94a308e0-7d35-4077-aa20-a93398a79a99 tempest-ShareServersAdminTest-1960640379 tempest-ShareServersAdminTest-1960640379-project-admin] POST https://199.19.213.35/share/v2/8425996e598448f589bf4fb8c5661929/share-networks
Feb 19 02:41:16.525275 np0000156486 devstack@m-api.service[47106]: DEBUG manila.api.openstack.wsgi [None req-94a308e0-7d35-4077-aa20-a93398a79a99 tempest-ShareServersAdminTest-1960640379 tempest-ShareServersAdminTest-1960640379-project-admin] Action: 'create', calling method: ShareNetworkController.create, body: {"share_network": {"name": "autogenerated_by_tempest", "description": "This share-network was created by tempest"}} {{(pid=47106) _process_stack /opt/stack/manila/manila/api/openstack/wsgi.py:796}}
Feb 19 02:41:16.543572 np0000156486 devstack@m-api.service[47107]: DEBUG manila.quota [None req-d4b37f3c-64a6-4f47-9e0c-00d8fb60be3e tempest-ShareMultiBackendTest-1316881618 tempest-ShareMultiBackendTest-1316881618-project-admin] Created reservations ['8c693df9-9bf4-4692-820b-0da78e1aa878', 'f682968f-4251-409b-8dc8-0e6c324d0fb0', '9a2076b0-8d8c-4e10-a8bc-fbc84604ce4c', 'd5654513-3081-4d5f-bd40-3817bedbcef8'] {{(pid=47107) reserve /opt/stack/manila/manila/quota.py:1038}}
Feb 19 02:41:16.554922 np0000156486 devstack@m-api.service[47106]: DEBUG manila.quota [None req-94a308e0-7d35-4077-aa20-a93398a79a99 tempest-ShareServersAdminTest-1960640379 tempest-ShareServersAdminTest-1960640379-project-admin] Created reservations ['8d68efba-42b8-4f5c-be4f-da04bb15a632'] {{(pid=47106) reserve /opt/stack/manila/manila/quota.py:1038}}
Feb 19 02:41:16.597350 np0000156486 devstack@m-api.service[47106]: DEBUG manila.quota [None req-94a308e0-7d35-4077-aa20-a93398a79a99 tempest-ShareServersAdminTest-1960640379 tempest-ShareServersAdminTest-1960640379-project-admin] Committed reservations ['8d68efba-42b8-4f5c-be4f-da04bb15a632'] {{(pid=47106) commit /opt/stack/manila/manila/quota.py:1066}}
Feb 19 02:41:16.605693 np0000156486 devstack@m-api.service[47107]: DEBUG manila.quota [None req-d4b37f3c-64a6-4f47-9e0c-00d8fb60be3e tempest-ShareMultiBackendTest-1316881618 tempest-ShareMultiBackendTest-1316881618-project-admin] Committed reservations ['8c693df9-9bf4-4692-820b-0da78e1aa878', 'f682968f-4251-409b-8dc8-0e6c324d0fb0', '9a2076b0-8d8c-4e10-a8bc-fbc84604ce4c', 'd5654513-3081-4d5f-bd40-3817bedbcef8'] {{(pid=47107) commit /opt/stack/manila/manila/quota.py:1066}}
Feb 19 02:41:16.613977 np0000156486 devstack@m-api.service[47106]: INFO manila.api.openstack.wsgi [None req-94a308e0-7d35-4077-aa20-a93398a79a99 tempest-ShareServersAdminTest-1960640379 tempest-ShareServersAdminTest-1960640379-project-admin] https://199.19.213.35/share/v2/8425996e598448f589bf4fb8c5661929/share-networks returned with HTTP 200
Feb 19 02:41:16.614824 np0000156486 devstack@m-api.service[47106]: [pid: 47106|app: 0|req: 43/92] 199.19.213.35 () {68 vars in 1424 bytes} [Thu Feb 19 02:41:16 2026] POST /share/v2/8425996e598448f589bf4fb8c5661929/share-networks => generated 723 bytes in 127 msecs (HTTP/1.1 200) 7 headers in 297 bytes (1 switches on core 0)
Feb 19 02:41:16.617975 np0000156486 devstack@m-api.service[47106]: INFO manila.api.openstack.wsgi [None req-89123307-95fa-474f-9a7c-d7141429fe6c tempest-MigrationOppositeDriverModesNFSTest-256328029 tempest-MigrationOppositeDriverModesNFSTest-256328029-project-admin] GET https://199.19.213.35/share/v2/5b2fea01b086492396120b40738772c9/shares/98597367-8fbc-4889-af1d-d5b4d76f47a5
Feb 19 02:41:16.618237 np0000156486 devstack@m-api.service[47106]: DEBUG manila.api.openstack.wsgi [None req-89123307-95fa-474f-9a7c-d7141429fe6c tempest-MigrationOppositeDriverModesNFSTest-256328029 tempest-MigrationOppositeDriverModesNFSTest-256328029-project-admin] Empty body provided in request {{(pid=47106) get_body /opt/stack/manila/manila/api/openstack/wsgi.py:652}}
Feb 19 02:41:16.618448 np0000156486 devstack@m-api.service[47106]: DEBUG manila.api.openstack.wsgi [None req-89123307-95fa-474f-9a7c-d7141429fe6c tempest-MigrationOppositeDriverModesNFSTest-256328029 tempest-MigrationOppositeDriverModesNFSTest-256328029-project-admin] Calling method 'ShareMixin.show' {{(pid=47106) _process_stack /opt/stack/manila/manila/api/openstack/wsgi.py:798}}
Feb 19 02:41:16.633377 np0000156486 devstack@m-api.service[47106]: INFO manila.api.openstack.wsgi [None req-89123307-95fa-474f-9a7c-d7141429fe6c tempest-MigrationOppositeDriverModesNFSTest-256328029 tempest-MigrationOppositeDriverModesNFSTest-256328029-project-admin] https://199.19.213.35/share/v2/5b2fea01b086492396120b40738772c9/shares/98597367-8fbc-4889-af1d-d5b4d76f47a5 returned with HTTP 200
Feb 19 02:41:16.633681 np0000156486 devstack@m-api.service[47106]: [pid: 47106|app: 0|req: 44/93] 199.19.213.35 () {66 vars in 1489 bytes} [Thu Feb 19 02:41:16 2026] GET /share/v2/5b2fea01b086492396120b40738772c9/shares/98597367-8fbc-4889-af1d-d5b4d76f47a5 => generated 1532 bytes in 19 msecs (HTTP/1.1 200) 7 headers in 298 bytes (1 switches on core 0)
Feb 19 02:41:16.635897 np0000156486 devstack@m-api.service[47106]: INFO manila.api.openstack.wsgi [None req-fb5ebbb5-700f-47bc-b07c-b0f390b41464 tempest-ExportLocationsTest-1374948235 tempest-ExportLocationsTest-1374948235-project-admin] POST https://199.19.213.35/share/v2/48f39394d0fe4fdfb1cbe9f2dbc0b465/types
Feb 19 02:41:16.636172 np0000156486 devstack@m-api.service[47106]: DEBUG manila.api.openstack.wsgi [None req-fb5ebbb5-700f-47bc-b07c-b0f390b41464 tempest-ExportLocationsTest-1374948235 tempest-ExportLocationsTest-1374948235-project-admin] Action: 'create', calling method: Controller.__getattribute__..version_select, body: {"share_type": {"name": "tempest-typeshare-type-1130830741", "extra_specs": {"driver_handles_share_servers": "True"}, "share_type_access:is_public": true}} {{(pid=47106) _process_stack /opt/stack/manila/manila/api/openstack/wsgi.py:796}}
Feb 19 02:41:16.648641 np0000156486 devstack@m-api.service[47106]: INFO manila.api.openstack.wsgi [None req-fb5ebbb5-700f-47bc-b07c-b0f390b41464 tempest-ExportLocationsTest-1374948235 tempest-ExportLocationsTest-1374948235-project-admin] https://199.19.213.35/share/v2/48f39394d0fe4fdfb1cbe9f2dbc0b465/types returned with HTTP 200
Feb 19 02:41:16.649280 np0000156486 devstack@m-api.service[47106]: [pid: 47106|app: 0|req: 45/94] 199.19.213.35 () {68 vars in 1397 bytes} [Thu Feb 19 02:41:16 2026] POST /share/v2/48f39394d0fe4fdfb1cbe9f2dbc0b465/types => generated 619 bytes in 15 msecs (HTTP/1.1 200) 7 headers in 297 bytes (1 switches on core 0)
Feb 19 02:41:16.652754 np0000156486 devstack@m-api.service[47106]: INFO manila.api.openstack.wsgi [None req-9a831f87-3f1c-46b8-8c85-5aaefdd08f7f tempest-AdminActionsAPIOnlyNegativeTest-1108509508 tempest-AdminActionsAPIOnlyNegativeTest-1108509508-project-admin] POST https://199.19.213.35/share/v2/9283ab2adeaa4fb4a12bc614e720e671/share_instances/fake/action
Feb 19 02:41:16.654523 np0000156486 devstack@m-api.service[47106]: DEBUG manila.api.openstack.wsgi [None req-9a831f87-3f1c-46b8-8c85-5aaefdd08f7f tempest-AdminActionsAPIOnlyNegativeTest-1108509508 tempest-AdminActionsAPIOnlyNegativeTest-1108509508-project-admin] Action body: b'{"force_delete": null}' {{(pid=47106) get_method /opt/stack/manila/manila/api/openstack/wsgi.py:912}}
Feb 19 02:41:16.654523 np0000156486 devstack@m-api.service[47106]: DEBUG manila.api.openstack.wsgi [None req-9a831f87-3f1c-46b8-8c85-5aaefdd08f7f tempest-AdminActionsAPIOnlyNegativeTest-1108509508 tempest-AdminActionsAPIOnlyNegativeTest-1108509508-project-admin] Action: 'action', calling method: Controller.__getattribute__..version_select, body: {"force_delete": null} {{(pid=47106) _process_stack /opt/stack/manila/manila/api/openstack/wsgi.py:796}}
Feb 19 02:41:16.660121 np0000156486 devstack@m-api.service[47106]: INFO manila.api.openstack.wsgi [None req-9a831f87-3f1c-46b8-8c85-5aaefdd08f7f tempest-AdminActionsAPIOnlyNegativeTest-1108509508 tempest-AdminActionsAPIOnlyNegativeTest-1108509508-project-admin] HTTP exception thrown: Resource could not be found.
Feb 19 02:41:16.660244 np0000156486 devstack@m-api.service[47106]: INFO manila.api.openstack.wsgi [None req-9a831f87-3f1c-46b8-8c85-5aaefdd08f7f tempest-AdminActionsAPIOnlyNegativeTest-1108509508 tempest-AdminActionsAPIOnlyNegativeTest-1108509508-project-admin] https://199.19.213.35/share/v2/9283ab2adeaa4fb4a12bc614e720e671/share_instances/fake/action returned with HTTP 404
Feb 19 02:41:16.660608 np0000156486 devstack@m-api.service[47106]: [pid: 47106|app: 0|req: 46/95] 199.19.213.35 () {68 vars in 1462 bytes} [Thu Feb 19 02:41:16 2026] POST /share/v2/9283ab2adeaa4fb4a12bc614e720e671/share_instances/fake/action => generated 78 bytes in 11 msecs (HTTP/1.1 404) 7 headers in 303 bytes (1 switches on core 0)
Feb 19 02:41:16.662559 np0000156486 devstack@m-api.service[47106]: INFO manila.api.openstack.wsgi [None req-0a799a4e-f6ea-4640-a930-413cc2d00701 tempest-ShareGroupTypesAdminNegativeTest-987544743 tempest-ShareGroupTypesAdminNegativeTest-987544743-project-admin] POST https://199.19.213.35/share/v2/5558417d84344420960279d74c448544/share-group-types
Feb 19 02:41:16.662803 np0000156486 devstack@m-api.service[47106]: DEBUG manila.api.openstack.wsgi [None req-0a799a4e-f6ea-4640-a930-413cc2d00701 tempest-ShareGroupTypesAdminNegativeTest-987544743 tempest-ShareGroupTypesAdminNegativeTest-987544743-project-admin] Action: 'create', calling method: Controller.__getattribute__..version_select, body: {"share_group_type": {"name": "tempest-unique_sgt_name-824107232", "share_types": ["16221e7a-8408-4b84-81d6-8469b7b35b96"], "group_specs": {"key": "value"}}} {{(pid=47106) _process_stack /opt/stack/manila/manila/api/openstack/wsgi.py:796}}
Feb 19 02:41:16.678142 np0000156486 devstack@m-api.service[47107]: INFO manila.api.openstack.wsgi [None req-d4b37f3c-64a6-4f47-9e0c-00d8fb60be3e tempest-ShareMultiBackendTest-1316881618 tempest-ShareMultiBackendTest-1316881618-project-admin] https://199.19.213.35/share/v2/fc87fcadb99a42d0b4abaacd2296317b/shares returned with HTTP 200
Feb 19 02:41:16.678831 np0000156486 devstack@m-api.service[47107]: [pid: 47107|app: 0|req: 50/96] 199.19.213.35 () {68 vars in 1400 bytes} [Thu Feb 19 02:41:16 2026] POST /share/v2/fc87fcadb99a42d0b4abaacd2296317b/shares => generated 1458 bytes in 223 msecs (HTTP/1.1 200) 7 headers in 298 bytes (1 switches on core 0)
Feb 19 02:41:16.681183 np0000156486 devstack@m-api.service[47107]: INFO manila.api.openstack.wsgi [None req-6844a9e8-4c9e-440b-9a7a-95601eaaee4e tempest-ExportLocationsNegativeTest-662901928 tempest-ExportLocationsNegativeTest-662901928-project-admin] POST https://199.19.213.35/share/v2/f8537431969a47ce89fc4999aba4982e/shares
Feb 19 02:41:16.681450 np0000156486 devstack@m-api.service[47107]: DEBUG manila.api.openstack.wsgi [None req-6844a9e8-4c9e-440b-9a7a-95601eaaee4e tempest-ExportLocationsNegativeTest-662901928 tempest-ExportLocationsNegativeTest-662901928-project-admin] Action: 'create', calling method: Controller.__getattribute__..version_select, body: {"share": {"share_proto": "nfs", "description": "Tempest's share", "snapshot_id": null, "name": "tempest-tempest-created-share-2052435318", "size": 1, "metadata": {}, "is_public": false, "share_network_id": "70aeefb3-b493-4cf9-bde1-c6d6573324e7", "share_type": "2cccb200-deb3-4633-839f-8876bd793ecd"}} {{(pid=47107) _process_stack /opt/stack/manila/manila/api/openstack/wsgi.py:796}}
Feb 19 02:41:16.682195 np0000156486 devstack@m-api.service[47107]: INFO manila.api.v2.shares [None req-6844a9e8-4c9e-440b-9a7a-95601eaaee4e tempest-ExportLocationsNegativeTest-662901928 tempest-ExportLocationsNegativeTest-662901928-project-admin] Create NFS share of 1 GB
Feb 19 02:41:16.683598 np0000156486 devstack@m-api.service[47106]: INFO manila.api.openstack.wsgi [None req-0a799a4e-f6ea-4640-a930-413cc2d00701 tempest-ShareGroupTypesAdminNegativeTest-987544743 tempest-ShareGroupTypesAdminNegativeTest-987544743-project-admin] https://199.19.213.35/share/v2/5558417d84344420960279d74c448544/share-group-types returned with HTTP 200
Feb 19 02:41:16.684407 np0000156486 devstack@m-api.service[47106]: [pid: 47106|app: 0|req: 47/97] 199.19.213.35 () {68 vars in 1433 bytes} [Thu Feb 19 02:41:16 2026] POST /share/v2/5558417d84344420960279d74c448544/share-group-types => generated 243 bytes in 23 msecs (HTTP/1.1 200) 7 headers in 297 bytes (1 switches on core 0)
Feb 19 02:41:16.687405 np0000156486 devstack@m-api.service[47106]: INFO manila.api.openstack.wsgi [None req-f9082b1e-8344-4b01-a2bf-be68e317c401 tempest-ServicesAdminTest-1410952482 tempest-ServicesAdminTest-1410952482-project-admin] GET https://199.19.213.35/share/v2/39a0e844f543425bb818de51f0924c16/services
Feb 19 02:41:16.687819 np0000156486 devstack@m-api.service[47106]: DEBUG manila.api.openstack.wsgi [None req-f9082b1e-8344-4b01-a2bf-be68e317c401 tempest-ServicesAdminTest-1410952482 tempest-ServicesAdminTest-1410952482-project-admin] Empty body provided in request {{(pid=47106) get_body /opt/stack/manila/manila/api/openstack/wsgi.py:652}}
Feb 19 02:41:16.688110 np0000156486 devstack@m-api.service[47106]: DEBUG manila.api.openstack.wsgi [None req-f9082b1e-8344-4b01-a2bf-be68e317c401 tempest-ServicesAdminTest-1410952482 tempest-ServicesAdminTest-1410952482-project-admin] Calling method 'Controller.__getattribute__..version_select' {{(pid=47106) _process_stack /opt/stack/manila/manila/api/openstack/wsgi.py:798}}
Feb 19 02:41:16.695682 np0000156486 devstack@m-api.service[47106]: INFO manila.api.openstack.wsgi [None req-f9082b1e-8344-4b01-a2bf-be68e317c401 tempest-ServicesAdminTest-1410952482 tempest-ServicesAdminTest-1410952482-project-admin] https://199.19.213.35/share/v2/39a0e844f543425bb818de51f0924c16/services returned with HTTP 200
Feb 19 02:41:16.696553 np0000156486 devstack@m-api.service[47106]: [pid: 47106|app: 0|req: 48/98] 199.19.213.35 () {66 vars in 1384 bytes} [Thu Feb 19 02:41:16 2026] GET /share/v2/39a0e844f543425bb818de51f0924c16/services => generated 850 bytes in 11 msecs (HTTP/1.1 200) 7 headers in 297 bytes (1 switches on core 0)
Feb 19 02:41:16.698528 np0000156486 devstack@m-api.service[47106]: INFO manila.api.openstack.wsgi [None req-e8e9c15c-f580-47c9-b597-c50cfbefbcea tempest-ManageShareServersTest-454869015 tempest-ManageShareServersTest-454869015-project-admin] POST https://199.19.213.35/share/v2/d75d6ef12ef14d269774c72545a34984/share-networks/701e0e06-911e-4f3b-b0f9-1be622d87ef8/subnets
Feb 19 02:41:16.700031 np0000156486 devstack@m-api.service[47106]: DEBUG manila.api.openstack.wsgi [None req-e8e9c15c-f580-47c9-b597-c50cfbefbcea tempest-ManageShareServersTest-454869015 tempest-ManageShareServersTest-454869015-project-admin] Action: 'create', calling method: Controller.__getattribute__..version_select, body: {"share-network-subnet": {"share_network_id": "701e0e06-911e-4f3b-b0f9-1be622d87ef8", "availability_zone": "manila-zone-1"}} {{(pid=47106) _process_stack /opt/stack/manila/manila/api/openstack/wsgi.py:796}}
Feb 19 02:41:16.750160 np0000156486 devstack@m-api.service[47106]: INFO manila.api.openstack.wsgi [None req-e8e9c15c-f580-47c9-b597-c50cfbefbcea tempest-ManageShareServersTest-454869015 tempest-ManageShareServersTest-454869015-project-admin] https://199.19.213.35/share/v2/d75d6ef12ef14d269774c72545a34984/share-networks/701e0e06-911e-4f3b-b0f9-1be622d87ef8/subnets returned with HTTP 200
Feb 19 02:41:16.751286 np0000156486 devstack@m-api.service[47106]: [pid: 47106|app: 0|req: 49/99] 199.19.213.35 () {68 vars in 1559 bytes} [Thu Feb 19 02:41:16 2026] POST /share/v2/d75d6ef12ef14d269774c72545a34984/share-networks/701e0e06-911e-4f3b-b0f9-1be622d87ef8/subnets => generated 440 bytes in 55 msecs (HTTP/1.1 200) 7 headers in 297 bytes (1 switches on core 0)
Feb 19 02:41:16.758062 np0000156486 devstack@m-api.service[47106]: INFO manila.api.openstack.wsgi [None req-4e93958e-102b-4eb9-97f4-2d94f96cecbf tempest-MigrationCancelNFSTest-96930148 tempest-MigrationCancelNFSTest-96930148-project-admin] GET https://199.19.213.35/share/v2/a972ffcb41064cd5924e500cf459a3f1/shares/45533e6b-e3fe-487b-90a9-479a63ac19f2
Feb 19 02:41:16.758507 np0000156486 devstack@m-api.service[47106]: DEBUG manila.api.openstack.wsgi [None req-4e93958e-102b-4eb9-97f4-2d94f96cecbf tempest-MigrationCancelNFSTest-96930148 tempest-MigrationCancelNFSTest-96930148-project-admin] Empty body provided in request {{(pid=47106) get_body /opt/stack/manila/manila/api/openstack/wsgi.py:652}}
Feb 19 02:41:16.758817 np0000156486 devstack@m-api.service[47106]: DEBUG manila.api.openstack.wsgi [None req-4e93958e-102b-4eb9-97f4-2d94f96cecbf tempest-MigrationCancelNFSTest-96930148 tempest-MigrationCancelNFSTest-96930148-project-admin] Calling method 'ShareMixin.show' {{(pid=47106) _process_stack /opt/stack/manila/manila/api/openstack/wsgi.py:798}}
Feb 19 02:41:16.764363 np0000156486 devstack@m-api.service[47107]: DEBUG manila.quota [None req-6844a9e8-4c9e-440b-9a7a-95601eaaee4e tempest-ExportLocationsNegativeTest-662901928 tempest-ExportLocationsNegativeTest-662901928-project-admin] Created reservations ['d9006764-0d3e-4227-80f1-2fa993d48a3f', '7200db24-ef9e-4f31-a917-f4b336941538', '5be741c8-72f5-41ac-a92f-504f8d7e6867', '6c13f020-9d0b-45cd-ba6d-d37aa75e7f6f'] {{(pid=47107) reserve /opt/stack/manila/manila/quota.py:1038}}
Feb 19 02:41:16.778065 np0000156486 devstack@m-api.service[47106]: INFO manila.api.openstack.wsgi [None req-4e93958e-102b-4eb9-97f4-2d94f96cecbf tempest-MigrationCancelNFSTest-96930148 tempest-MigrationCancelNFSTest-96930148-project-admin] https://199.19.213.35/share/v2/a972ffcb41064cd5924e500cf459a3f1/shares/45533e6b-e3fe-487b-90a9-479a63ac19f2 returned with HTTP 200
Feb 19 02:41:16.779960 np0000156486 devstack@m-api.service[47106]: [pid: 47106|app: 0|req: 50/100] 199.19.213.35 () {66 vars in 1489 bytes} [Thu Feb 19 02:41:16 2026] GET /share/v2/a972ffcb41064cd5924e500cf459a3f1/shares/45533e6b-e3fe-487b-90a9-479a63ac19f2 => generated 1534 bytes in 27 msecs (HTTP/1.1 200) 7 headers in 298 bytes (1 switches on core 0)
Feb 19 02:41:16.781931 np0000156486 devstack@m-api.service[47106]: INFO manila.api.openstack.wsgi [None req-c4e8e4a3-25ba-49a5-89c5-f89758593808 tempest-MigrationOfShareWithSnapshotNFSTest-2014802598 tempest-MigrationOfShareWithSnapshotNFSTest-2014802598-project-admin] POST https://199.19.213.35/share/v2/8647a7c773184f83a514e0fdc0bf21de/shares
Feb 19 02:41:16.782370 np0000156486 devstack@m-api.service[47106]: DEBUG manila.api.openstack.wsgi [None req-c4e8e4a3-25ba-49a5-89c5-f89758593808 tempest-MigrationOfShareWithSnapshotNFSTest-2014802598 tempest-MigrationOfShareWithSnapshotNFSTest-2014802598-project-admin] Action: 'create', calling method: Controller.__getattribute__..version_select, body: {"share": {"share_proto": "nfs", "description": "Tempest's share", "snapshot_id": null, "name": "tempest-tempest-created-share-1446825662", "size": 1, "metadata": {}, "is_public": false, "share_network_id": "bfc6afb2-91e5-46d7-810d-a6e9fde3d810", "share_type": "e92a0eb1-e81f-4677-ab11-2f3d5f1f2fdf"}} {{(pid=47106) _process_stack /opt/stack/manila/manila/api/openstack/wsgi.py:796}}
Feb 19 02:41:16.783447 np0000156486 devstack@m-api.service[47106]: INFO manila.api.v2.shares [None req-c4e8e4a3-25ba-49a5-89c5-f89758593808 tempest-MigrationOfShareWithSnapshotNFSTest-2014802598 tempest-MigrationOfShareWithSnapshotNFSTest-2014802598-project-admin] Create NFS share of 1 GB
Feb 19 02:41:16.856385 np0000156486 devstack@m-api.service[47107]: DEBUG manila.quota [None req-6844a9e8-4c9e-440b-9a7a-95601eaaee4e tempest-ExportLocationsNegativeTest-662901928 tempest-ExportLocationsNegativeTest-662901928-project-admin] Committed reservations ['d9006764-0d3e-4227-80f1-2fa993d48a3f', '7200db24-ef9e-4f31-a917-f4b336941538', '5be741c8-72f5-41ac-a92f-504f8d7e6867', '6c13f020-9d0b-45cd-ba6d-d37aa75e7f6f'] {{(pid=47107) commit /opt/stack/manila/manila/quota.py:1066}}
Feb 19 02:41:16.891341 np0000156486 devstack@m-api.service[47106]: DEBUG manila.quota [None req-c4e8e4a3-25ba-49a5-89c5-f89758593808 tempest-MigrationOfShareWithSnapshotNFSTest-2014802598 tempest-MigrationOfShareWithSnapshotNFSTest-2014802598-project-admin] Created reservations ['49e1e0e1-0305-4656-ae1e-ca318576a696', '431697e4-0a77-4b6c-8e79-8cd1e6d45ffa', '356189cb-795f-4723-9d19-6a284f66c9d7', '4f784f4f-f697-4105-8e3a-9ccd6c4b6993'] {{(pid=47106) reserve /opt/stack/manila/manila/quota.py:1038}}
Feb 19 02:41:16.944261 np0000156486 devstack@m-api.service[47107]: INFO manila.api.openstack.wsgi [None req-6844a9e8-4c9e-440b-9a7a-95601eaaee4e tempest-ExportLocationsNegativeTest-662901928 tempest-ExportLocationsNegativeTest-662901928-project-admin] https://199.19.213.35/share/v2/f8537431969a47ce89fc4999aba4982e/shares returned with HTTP 200
Feb 19 02:41:16.944919 np0000156486 devstack@m-api.service[47107]: [pid: 47107|app: 0|req: 51/101] 199.19.213.35 () {68 vars in 1400 bytes} [Thu Feb 19 02:41:16 2026] POST /share/v2/f8537431969a47ce89fc4999aba4982e/shares => generated 1415 bytes in 266 msecs (HTTP/1.1 200) 7 headers in 298 bytes (1 switches on core 0)
Feb 19 02:41:16.949331 np0000156486 devstack@m-api.service[47107]: INFO manila.api.openstack.wsgi [None req-d9fcdc5c-11f8-471d-b2e4-3946ee76a408 tempest-SecurityServiceAdminTest-1359673205 tempest-SecurityServiceAdminTest-1359673205-project-admin] POST https://199.19.213.35/share/v2/3ff6016603234aaaaa398f3c9057254b/security-services
Feb 19 02:41:16.949331 np0000156486 devstack@m-api.service[47107]: DEBUG manila.api.openstack.wsgi [None req-d9fcdc5c-11f8-471d-b2e4-3946ee76a408 tempest-SecurityServiceAdminTest-1359673205 tempest-SecurityServiceAdminTest-1359673205-project-admin] Action: 'create', calling method: SecurityServiceController.create, body: {"security_service": {"type": "ldap", "name": "ss_ldap", "dns_ip": "1.1.1.1", "server": "fake_server_1", "domain": "fake_domain_1", "user": "fake_user", "password": "***"}} {{(pid=47107) _process_stack /opt/stack/manila/manila/api/openstack/wsgi.py:796}}
Feb 19 02:41:16.966353 np0000156486 devstack@m-api.service[47107]: INFO manila.api.openstack.wsgi [None req-d9fcdc5c-11f8-471d-b2e4-3946ee76a408 tempest-SecurityServiceAdminTest-1359673205 tempest-SecurityServiceAdminTest-1359673205-project-admin] https://199.19.213.35/share/v2/3ff6016603234aaaaa398f3c9057254b/security-services returned with HTTP 200
Feb 19 02:41:16.967326 np0000156486 devstack@m-api.service[47107]: [pid: 47107|app: 0|req: 52/102] 199.19.213.35 () {68 vars in 1433 bytes} [Thu Feb 19 02:41:16 2026] POST /share/v2/3ff6016603234aaaaa398f3c9057254b/security-services => generated 408 bytes in 22 msecs (HTTP/1.1 200) 7 headers in 297 bytes (1 switches on core 0)
Feb 19 02:41:16.971910 np0000156486 devstack@m-api.service[47107]: INFO manila.api.openstack.wsgi [None req-39009979-c1dd-4893-9f43-fbf32a1a4ba5 tempest-AdminActionsNegativeTest-717195747 tempest-AdminActionsNegativeTest-717195747-project-admin] POST https://199.19.213.35/share/v2/c3e7ad552c144789be9c625bce4db120/shares
Feb 19 02:41:16.972404 np0000156486 devstack@m-api.service[47107]: DEBUG manila.api.openstack.wsgi [None req-39009979-c1dd-4893-9f43-fbf32a1a4ba5 tempest-AdminActionsNegativeTest-717195747 tempest-AdminActionsNegativeTest-717195747-project-admin] Action: 'create', calling method: Controller.__getattribute__..version_select, body: {"share": {"share_proto": "nfs", "description": "Tempest's share", "snapshot_id": null, "name": "tempest-tempest-created-share-1957065298", "size": 1, "metadata": {}, "is_public": false, "share_network_id": "a06946a3-dfd0-4de0-ba5b-91777ecfacf5", "share_type": "fbe282d3-bbb5-411d-a750-3036483eed25"}} {{(pid=47107) _process_stack /opt/stack/manila/manila/api/openstack/wsgi.py:796}}
Feb 19 02:41:16.973566 np0000156486 devstack@m-api.service[47107]: INFO manila.api.v2.shares [None req-39009979-c1dd-4893-9f43-fbf32a1a4ba5 tempest-AdminActionsNegativeTest-717195747 tempest-AdminActionsNegativeTest-717195747-project-admin] Create NFS share of 1 GB
Feb 19 02:41:16.980931 np0000156486 devstack@m-api.service[47106]: DEBUG manila.quota [None req-c4e8e4a3-25ba-49a5-89c5-f89758593808 tempest-MigrationOfShareWithSnapshotNFSTest-2014802598 tempest-MigrationOfShareWithSnapshotNFSTest-2014802598-project-admin] Committed reservations ['49e1e0e1-0305-4656-ae1e-ca318576a696', '431697e4-0a77-4b6c-8e79-8cd1e6d45ffa', '356189cb-795f-4723-9d19-6a284f66c9d7', '4f784f4f-f697-4105-8e3a-9ccd6c4b6993'] {{(pid=47106) commit /opt/stack/manila/manila/quota.py:1066}}
Feb 19 02:41:17.048204 np0000156486 devstack@m-api.service[47106]: INFO manila.api.openstack.wsgi [None req-c4e8e4a3-25ba-49a5-89c5-f89758593808 tempest-MigrationOfShareWithSnapshotNFSTest-2014802598 tempest-MigrationOfShareWithSnapshotNFSTest-2014802598-project-admin] https://199.19.213.35/share/v2/8647a7c773184f83a514e0fdc0bf21de/shares returned with HTTP 200
Feb 19 02:41:17.049083 np0000156486 devstack@m-api.service[47106]: [pid: 47106|app: 0|req: 51/103] 199.19.213.35 () {68 vars in 1400 bytes} [Thu Feb 19 02:41:16 2026] POST /share/v2/8647a7c773184f83a514e0fdc0bf21de/shares => generated 1465 bytes in 270 msecs (HTTP/1.1 200) 7 headers in 298 bytes (1 switches on core 0)
Feb 19 02:41:17.051701 np0000156486 devstack@m-api.service[47106]: INFO manila.api.openstack.wsgi [None req-2c3c37f6-9033-49a0-8409-94d33b846911 tempest-ShareServersAdminTest-1960640379 tempest-ShareServersAdminTest-1960640379-project-admin] POST https://199.19.213.35/share/v2/8425996e598448f589bf4fb8c5661929/types
Feb 19 02:41:17.052019 np0000156486 devstack@m-api.service[47106]: DEBUG manila.api.openstack.wsgi [None req-2c3c37f6-9033-49a0-8409-94d33b846911 tempest-ShareServersAdminTest-1960640379 tempest-ShareServersAdminTest-1960640379-project-admin] Action: 'create', calling method: Controller.__getattribute__..version_select, body: {"share_type": {"name": "tempest-typeshare-type-1351708861", "extra_specs": {"driver_handles_share_servers": "True"}, "share_type_access:is_public": true}} {{(pid=47106) _process_stack /opt/stack/manila/manila/api/openstack/wsgi.py:796}}
Feb 19 02:41:17.073188 np0000156486 devstack@m-api.service[47106]: INFO manila.api.openstack.wsgi [None req-2c3c37f6-9033-49a0-8409-94d33b846911 tempest-ShareServersAdminTest-1960640379 tempest-ShareServersAdminTest-1960640379-project-admin] https://199.19.213.35/share/v2/8425996e598448f589bf4fb8c5661929/types returned with HTTP 200
Feb 19 02:41:17.073945 np0000156486 devstack@m-api.service[47106]: [pid: 47106|app: 0|req: 52/104] 199.19.213.35 () {68 vars in 1397 bytes} [Thu Feb 19 02:41:17 2026] POST /share/v2/8425996e598448f589bf4fb8c5661929/types => generated 619 bytes in 24 msecs (HTTP/1.1 200) 7 headers in 297 bytes (1 switches on core 0)
Feb 19 02:41:17.078584 np0000156486 devstack@m-api.service[47106]: INFO manila.api.openstack.wsgi [None req-7a01d37c-b0af-4a18-8ec5-a8811ecbe424 tempest-ExportLocationsTest-1374948235 tempest-ExportLocationsTest-1374948235-project-admin] POST https://199.19.213.35/share/v2/48f39394d0fe4fdfb1cbe9f2dbc0b465/shares
Feb 19 02:41:17.078822 np0000156486 devstack@m-api.service[47106]: DEBUG manila.api.openstack.wsgi [None req-7a01d37c-b0af-4a18-8ec5-a8811ecbe424 tempest-ExportLocationsTest-1374948235 tempest-ExportLocationsTest-1374948235-project-admin] Action: 'create', calling method: Controller.__getattribute__..version_select, body: {"share": {"share_proto": "nfs", "description": "Tempest's share", "snapshot_id": null, "name": "tempest-tempest-created-share-1971635508", "size": 1, "metadata": {}, "is_public": false, "share_network_id": "843f84cb-32fd-4207-8acb-c5fd553a334e", "share_type": "cf628b97-612f-44d9-aa34-28206ce86f60"}} {{(pid=47106) _process_stack /opt/stack/manila/manila/api/openstack/wsgi.py:796}}
Feb 19 02:41:17.080374 np0000156486 devstack@m-api.service[47106]: INFO manila.api.v2.shares [None req-7a01d37c-b0af-4a18-8ec5-a8811ecbe424 tempest-ExportLocationsTest-1374948235 tempest-ExportLocationsTest-1374948235-project-admin] Create NFS share of 1 GB
Feb 19 02:41:17.088211 np0000156486 devstack@m-api.service[47107]: DEBUG manila.quota [None req-39009979-c1dd-4893-9f43-fbf32a1a4ba5 tempest-AdminActionsNegativeTest-717195747 tempest-AdminActionsNegativeTest-717195747-project-admin] Created reservations ['a96382ab-2634-4b42-8b39-e770532932c7', '66db201c-489f-45e7-a126-948ecf6a0f8e', 'b88d45fd-c179-474d-84a8-919b3a73562a', '7746f9f2-e3a8-4678-9cfc-0ace52438c3c'] {{(pid=47107) reserve /opt/stack/manila/manila/quota.py:1038}}
Feb 19 02:41:17.166829 np0000156486 devstack@m-api.service[47107]: DEBUG manila.quota [None req-39009979-c1dd-4893-9f43-fbf32a1a4ba5 tempest-AdminActionsNegativeTest-717195747 tempest-AdminActionsNegativeTest-717195747-project-admin] Committed reservations ['a96382ab-2634-4b42-8b39-e770532932c7', '66db201c-489f-45e7-a126-948ecf6a0f8e', 'b88d45fd-c179-474d-84a8-919b3a73562a', '7746f9f2-e3a8-4678-9cfc-0ace52438c3c'] {{(pid=47107) commit /opt/stack/manila/manila/quota.py:1066}}
Feb 19 02:41:17.176971 np0000156486 devstack@m-api.service[47106]: DEBUG manila.quota [None req-7a01d37c-b0af-4a18-8ec5-a8811ecbe424 tempest-ExportLocationsTest-1374948235 tempest-ExportLocationsTest-1374948235-project-admin] Created reservations ['508cd8c8-f2e2-4875-98cd-6c748b9a5aba', '4c8128cb-b186-40a6-bdad-13f5295538ea', '86946753-3048-46e1-9f05-5562b547bd8d', 'bc0549f8-5aa2-4929-9c64-fdbdcf2e1d7c'] {{(pid=47106) reserve /opt/stack/manila/manila/quota.py:1038}}
Feb 19 02:41:17.243203 np0000156486 devstack@m-api.service[47106]: DEBUG manila.quota [None req-7a01d37c-b0af-4a18-8ec5-a8811ecbe424 tempest-ExportLocationsTest-1374948235 tempest-ExportLocationsTest-1374948235-project-admin] Committed reservations ['508cd8c8-f2e2-4875-98cd-6c748b9a5aba', '4c8128cb-b186-40a6-bdad-13f5295538ea', '86946753-3048-46e1-9f05-5562b547bd8d', 'bc0549f8-5aa2-4929-9c64-fdbdcf2e1d7c'] {{(pid=47106) commit /opt/stack/manila/manila/quota.py:1066}}
Feb 19 02:41:17.253559 np0000156486 devstack@m-api.service[47107]: INFO manila.api.openstack.wsgi [None req-39009979-c1dd-4893-9f43-fbf32a1a4ba5 tempest-AdminActionsNegativeTest-717195747 tempest-AdminActionsNegativeTest-717195747-project-admin] https://199.19.213.35/share/v2/c3e7ad552c144789be9c625bce4db120/shares returned with HTTP 200
Feb 19 02:41:17.254333 np0000156486 devstack@m-api.service[47107]: [pid: 47107|app: 0|req: 53/105] 199.19.213.35 () {68 vars in 1400 bytes} [Thu Feb 19 02:41:16 2026] POST /share/v2/c3e7ad552c144789be9c625bce4db120/shares => generated 1414 bytes in 286 msecs (HTTP/1.1 200) 7 headers in 298 bytes (1 switches on core 0)
Feb 19 02:41:17.257962 np0000156486 devstack@m-api.service[47107]: INFO manila.api.openstack.wsgi [None req-425f3829-74bd-4b6e-aa42-88454f045612 tempest-AdminActionsAPIOnlyNegativeTest-1108509508 tempest-AdminActionsAPIOnlyNegativeTest-1108509508-project-admin] POST https://199.19.213.35/share/v2/9283ab2adeaa4fb4a12bc614e720e671/snapshots/fake/action
Feb 19 02:41:17.258534 np0000156486 devstack@m-api.service[47107]: DEBUG manila.api.openstack.wsgi [None req-425f3829-74bd-4b6e-aa42-88454f045612 tempest-AdminActionsAPIOnlyNegativeTest-1108509508 tempest-AdminActionsAPIOnlyNegativeTest-1108509508-project-admin] Action body: b'{"force_delete": null}' {{(pid=47107) get_method /opt/stack/manila/manila/api/openstack/wsgi.py:912}}
Feb 19 02:41:17.258741 np0000156486 devstack@m-api.service[47107]: DEBUG manila.api.openstack.wsgi [None req-425f3829-74bd-4b6e-aa42-88454f045612 tempest-AdminActionsAPIOnlyNegativeTest-1108509508 tempest-AdminActionsAPIOnlyNegativeTest-1108509508-project-admin] Action: 'action', calling method: Controller.__getattribute__..version_select, body: {"force_delete": null} {{(pid=47107) _process_stack /opt/stack/manila/manila/api/openstack/wsgi.py:796}}
Feb 19 02:41:17.296730 np0000156486 devstack@m-api.service[47107]: INFO manila.api.openstack.wsgi [None req-425f3829-74bd-4b6e-aa42-88454f045612 tempest-AdminActionsAPIOnlyNegativeTest-1108509508 tempest-AdminActionsAPIOnlyNegativeTest-1108509508-project-admin] HTTP exception thrown: Snapshot %(snapshot_id)s could not be found.
Feb 19 02:41:17.296986 np0000156486 devstack@m-api.service[47107]: INFO manila.api.openstack.wsgi [None req-425f3829-74bd-4b6e-aa42-88454f045612 tempest-AdminActionsAPIOnlyNegativeTest-1108509508 tempest-AdminActionsAPIOnlyNegativeTest-1108509508-project-admin] https://199.19.213.35/share/v2/9283ab2adeaa4fb4a12bc614e720e671/snapshots/fake/action returned with HTTP 404
Feb 19 02:41:17.297884 np0000156486 devstack@m-api.service[47107]: [pid: 47107|app: 0|req: 54/106] 199.19.213.35 () {68 vars in 1444 bytes} [Thu Feb 19 02:41:17 2026] POST /share/v2/9283ab2adeaa4fb4a12bc614e720e671/snapshots/fake/action => generated 78 bytes in 43 msecs (HTTP/1.1 404) 7 headers in 303 bytes (1 switches on core 0)
Feb 19 02:41:17.301295 np0000156486 devstack@m-api.service[47107]: INFO manila.api.openstack.wsgi [None req-c2073cc0-3021-41e9-bf6b-77b050580e64 tempest-ShareMultiBackendTest-1316881618 tempest-ShareMultiBackendTest-1316881618-project-admin] GET https://199.19.213.35/share/v2/fc87fcadb99a42d0b4abaacd2296317b/shares/e5c22f2f-09d0-49ed-9192-17302263d75d
Feb 19 02:41:17.301621 np0000156486 devstack@m-api.service[47107]: DEBUG manila.api.openstack.wsgi [None req-c2073cc0-3021-41e9-bf6b-77b050580e64 tempest-ShareMultiBackendTest-1316881618 tempest-ShareMultiBackendTest-1316881618-project-admin] Empty body provided in request {{(pid=47107) get_body /opt/stack/manila/manila/api/openstack/wsgi.py:652}}
Feb 19 02:41:17.301861 np0000156486 devstack@m-api.service[47107]: DEBUG manila.api.openstack.wsgi [None req-c2073cc0-3021-41e9-bf6b-77b050580e64 tempest-ShareMultiBackendTest-1316881618 tempest-ShareMultiBackendTest-1316881618-project-admin] Calling method 'ShareMixin.show' {{(pid=47107) _process_stack /opt/stack/manila/manila/api/openstack/wsgi.py:798}}
Feb 19 02:41:17.319448 np0000156486 devstack@m-api.service[47106]: INFO manila.api.openstack.wsgi [None req-7a01d37c-b0af-4a18-8ec5-a8811ecbe424 tempest-ExportLocationsTest-1374948235 tempest-ExportLocationsTest-1374948235-project-admin] https://199.19.213.35/share/v2/48f39394d0fe4fdfb1cbe9f2dbc0b465/shares returned with HTTP 200
Feb 19 02:41:17.320200 np0000156486 devstack@m-api.service[47106]: [pid: 47106|app: 0|req: 53/107] 199.19.213.35 () {68 vars in 1400 bytes} [Thu Feb 19 02:41:17 2026] POST /share/v2/48f39394d0fe4fdfb1cbe9f2dbc0b465/shares => generated 1415 bytes in 246 msecs (HTTP/1.1 200) 7 headers in 298 bytes (1 switches on core 0)
Feb 19 02:41:17.323438 np0000156486 devstack@m-api.service[47107]: INFO manila.api.openstack.wsgi [None req-c2073cc0-3021-41e9-bf6b-77b050580e64 tempest-ShareMultiBackendTest-1316881618 tempest-ShareMultiBackendTest-1316881618-project-admin] https://199.19.213.35/share/v2/fc87fcadb99a42d0b4abaacd2296317b/shares/e5c22f2f-09d0-49ed-9192-17302263d75d returned with HTTP 200
Feb 19 02:41:17.323597 np0000156486 devstack@m-api.service[47106]: INFO manila.api.openstack.wsgi [None req-c977879a-8169-4054-bb83-de55d756fe82 tempest-ShareGroupTypesAdminNegativeTest-987544743 tempest-ShareGroupTypesAdminNegativeTest-987544743-project-admin] POST https://199.19.213.35/share/v2/5558417d84344420960279d74c448544/share-group-types/tempest-fake-1575909764/action
Feb 19 02:41:17.323805 np0000156486 devstack@m-api.service[47107]: [pid: 47107|app: 0|req: 55/108] 199.19.213.35 () {66 vars in 1489 bytes} [Thu Feb 19 02:41:17 2026] GET /share/v2/fc87fcadb99a42d0b4abaacd2296317b/shares/e5c22f2f-09d0-49ed-9192-17302263d75d => generated 1545 bytes in 25 msecs (HTTP/1.1 200) 7 headers in 298 bytes (1 switches on core 0)
Feb 19 02:41:17.323881 np0000156486 devstack@m-api.service[47106]: DEBUG manila.api.openstack.wsgi [None req-c977879a-8169-4054-bb83-de55d756fe82 tempest-ShareGroupTypesAdminNegativeTest-987544743 tempest-ShareGroupTypesAdminNegativeTest-987544743-project-admin] Action body: b'{"addProjectAccess": {"project": "5558417d84344420960279d74c448544"}}' {{(pid=47106) get_method /opt/stack/manila/manila/api/openstack/wsgi.py:912}}
Feb 19 02:41:17.323956 np0000156486 devstack@m-api.service[47106]: DEBUG manila.api.openstack.wsgi [None req-c977879a-8169-4054-bb83-de55d756fe82 tempest-ShareGroupTypesAdminNegativeTest-987544743 tempest-ShareGroupTypesAdminNegativeTest-987544743-project-admin] Action: 'action', calling method: Controller.__getattribute__..version_select, body: {"addProjectAccess": {"project": "5558417d84344420960279d74c448544"}} {{(pid=47106) _process_stack /opt/stack/manila/manila/api/openstack/wsgi.py:796}}
Feb 19 02:41:17.326738 np0000156486 devstack@m-api.service[47107]: INFO manila.api.openstack.wsgi [None req-f5ea382d-c4b9-4338-80bb-320fed9c111c tempest-ServicesAdminTest-1410952482 tempest-ServicesAdminTest-1410952482-project-admin] GET https://199.19.213.35/share/v2/39a0e844f543425bb818de51f0924c16/services?host=np0000156486%40beta
Feb 19 02:41:17.326976 np0000156486 devstack@m-api.service[47107]: DEBUG manila.api.openstack.wsgi [None req-f5ea382d-c4b9-4338-80bb-320fed9c111c tempest-ServicesAdminTest-1410952482 tempest-ServicesAdminTest-1410952482-project-admin] Empty body provided in request {{(pid=47107) get_body /opt/stack/manila/manila/api/openstack/wsgi.py:652}}
Feb 19 02:41:17.327224 np0000156486 devstack@m-api.service[47107]: DEBUG manila.api.openstack.wsgi [None req-f5ea382d-c4b9-4338-80bb-320fed9c111c tempest-ServicesAdminTest-1410952482 tempest-ServicesAdminTest-1410952482-project-admin] Calling method 'Controller.__getattribute__..version_select' {{(pid=47107) _process_stack /opt/stack/manila/manila/api/openstack/wsgi.py:798}}
Feb 19 02:41:17.336382 np0000156486 devstack@m-api.service[47106]: INFO manila.api.openstack.wsgi [None req-c977879a-8169-4054-bb83-de55d756fe82 tempest-ShareGroupTypesAdminNegativeTest-987544743 tempest-ShareGroupTypesAdminNegativeTest-987544743-project-admin] HTTP exception thrown: Share group type %(type_id)s could not be found.
Feb 19 02:41:17.336382 np0000156486 devstack@m-api.service[47106]: INFO manila.api.openstack.wsgi [None req-c977879a-8169-4054-bb83-de55d756fe82 tempest-ShareGroupTypesAdminNegativeTest-987544743 tempest-ShareGroupTypesAdminNegativeTest-987544743-project-admin] https://199.19.213.35/share/v2/5558417d84344420960279d74c448544/share-group-types/tempest-fake-1575909764/action returned with HTTP 404
Feb 19 02:41:17.336592 np0000156486 devstack@m-api.service[47107]: INFO manila.api.openstack.wsgi [None req-f5ea382d-c4b9-4338-80bb-320fed9c111c tempest-ServicesAdminTest-1410952482 tempest-ServicesAdminTest-1410952482-project-admin] https://199.19.213.35/share/v2/39a0e844f543425bb818de51f0924c16/services?host=np0000156486%40beta returned with HTTP 200
Feb 19 02:41:17.337057 np0000156486 devstack@m-api.service[47106]: [pid: 47106|app: 0|req: 54/110] 199.19.213.35 () {68 vars in 1525 bytes} [Thu Feb 19 02:41:17 2026] POST /share/v2/5558417d84344420960279d74c448544/share-group-types/tempest-fake-1575909764/action => generated 94 bytes in 16 msecs (HTTP/1.1 404) 7 headers in 303 bytes (1 switches on core 0)
Feb 19 02:41:17.337206 np0000156486 devstack@m-api.service[47107]: [pid: 47107|app: 0|req: 56/110] 199.19.213.35 () {66 vars in 1433 bytes} [Thu Feb 19 02:41:17 2026] GET /share/v2/39a0e844f543425bb818de51f0924c16/services?host=np0000156486%40beta => generated 229 bytes in 13 msecs (HTTP/1.1 200) 7 headers in 297 bytes (1 switches on core 0)
Feb 19 02:41:17.340958 np0000156486 devstack@m-api.service[47107]: INFO manila.api.openstack.wsgi [None req-ac056bd3-c88e-4b70-82fa-b710d79e4843 tempest-ExportLocationsNegativeTest-662901928 tempest-ExportLocationsNegativeTest-662901928-project-admin] GET https://199.19.213.35/share/v2/f8537431969a47ce89fc4999aba4982e/shares/111d00ae-645d-406e-b4aa-deb5042448a6
Feb 19 02:41:17.343611 np0000156486 devstack@m-api.service[47107]: DEBUG manila.api.openstack.wsgi [None req-ac056bd3-c88e-4b70-82fa-b710d79e4843 tempest-ExportLocationsNegativeTest-662901928 tempest-ExportLocationsNegativeTest-662901928-project-admin] Empty body provided in request {{(pid=47107) get_body /opt/stack/manila/manila/api/openstack/wsgi.py:652}}
Feb 19 02:41:17.343611 np0000156486 devstack@m-api.service[47107]: DEBUG manila.api.openstack.wsgi [None req-ac056bd3-c88e-4b70-82fa-b710d79e4843 tempest-ExportLocationsNegativeTest-662901928 tempest-ExportLocationsNegativeTest-662901928-project-admin] Calling method 'ShareMixin.show' {{(pid=47107) _process_stack /opt/stack/manila/manila/api/openstack/wsgi.py:798}}
Feb 19 02:41:17.345783 np0000156486 devstack@m-api.service[47106]: INFO manila.api.openstack.wsgi [None req-c2da82b8-bc74-4c53-bd36-a70083fe0716 tempest-ManageShareServersTest-454869015 tempest-ManageShareServersTest-454869015-project-admin] POST https://199.19.213.35/share/v2/d75d6ef12ef14d269774c72545a34984/shares
