May 20 03:42:38.778316 np0000175257 neutron-periodic-workers[104673]: DEBUG cotyledon.oslo_config_glue [-] database.max_overflow = 50 {{(pid=104673) log_opt_values /opt/stack/data/venv/lib/python3.12/site-packages/oslo_config/cfg.py:3256}}
May 20 03:42:38.778354 np0000175257 neutron-periodic-workers[104673]: DEBUG cotyledon.oslo_config_glue [-] database.max_pool_size = 5 {{(pid=104673) log_opt_values /opt/stack/data/venv/lib/python3.12/site-packages/oslo_config/cfg.py:3256}}
May 20 03:42:38.778393 np0000175257 neutron-periodic-workers[104673]: DEBUG cotyledon.oslo_config_glue [-] database.max_retries = 10 {{(pid=104673) log_opt_values /opt/stack/data/venv/lib/python3.12/site-packages/oslo_config/cfg.py:3256}}
May 20 03:42:38.778424 np0000175257 neutron-periodic-workers[104673]: DEBUG cotyledon.oslo_config_glue [-] database.mysql_sql_mode = TRADITIONAL {{(pid=104673) log_opt_values /opt/stack/data/venv/lib/python3.12/site-packages/oslo_config/cfg.py:3256}}
May 20 03:42:38.778477 np0000175257 neutron-periodic-workers[104673]: DEBUG cotyledon.oslo_config_glue [-] database.mysql_wsrep_sync_wait = None {{(pid=104673) log_opt_values /opt/stack/data/venv/lib/python3.12/site-packages/oslo_config/cfg.py:3256}}
May 20 03:42:38.778523 np0000175257 neutron-periodic-workers[104673]: DEBUG cotyledon.oslo_config_glue [-] database.pool_timeout = None {{(pid=104673) log_opt_values /opt/stack/data/venv/lib/python3.12/site-packages/oslo_config/cfg.py:3256}}
May 20 03:42:38.778558 np0000175257 neutron-periodic-workers[104673]: DEBUG cotyledon.oslo_config_glue [-] database.retry_interval = 10 {{(pid=104673) log_opt_values /opt/stack/data/venv/lib/python3.12/site-packages/oslo_config/cfg.py:3256}}
May 20 03:42:38.778612 np0000175257 neutron-periodic-workers[104673]: DEBUG cotyledon.oslo_config_glue [-] database.slave_connection = **** {{(pid=104673) log_opt_values /opt/stack/data/venv/lib/python3.12/site-packages/oslo_config/cfg.py:3256}}
May 20 03:42:38.778647 np0000175257 neutron-periodic-workers[104673]: DEBUG cotyledon.oslo_config_glue [-] database.sqlite_synchronous = True {{(pid=104673) log_opt_values /opt/stack/data/venv/lib/python3.12/site-packages/oslo_config/cfg.py:3256}}
May 20 03:42:38.778711 np0000175257 neutron-periodic-workers[104673]: DEBUG cotyledon.oslo_config_glue [-] database.synchronous_reader = True {{(pid=104673) log_opt_values /opt/stack/data/venv/lib/python3.12/site-packages/oslo_config/cfg.py:3256}}
May 20 03:42:38.778746 np0000175257 neutron-periodic-workers[104673]: DEBUG cotyledon.oslo_config_glue [-] database.use_db_reconnect = False {{(pid=104673) log_opt_values /opt/stack/data/venv/lib/python3.12/site-packages/oslo_config/cfg.py:3256}}
May 20 03:42:38.778802 np0000175257 neutron-periodic-workers[104673]: DEBUG cotyledon.oslo_config_glue [-] ovn.bfd_min_rx = 1000 {{(pid=104673) log_opt_values /opt/stack/data/venv/lib/python3.12/site-packages/oslo_config/cfg.py:3256}}
May 20 03:42:38.778834 np0000175257 neutron-periodic-workers[104673]: DEBUG cotyledon.oslo_config_glue [-] ovn.bfd_min_tx = 100 {{(pid=104673) log_opt_values /opt/stack/data/venv/lib/python3.12/site-packages/oslo_config/cfg.py:3256}}
May 20 03:42:38.778885 np0000175257 neutron-periodic-workers[104673]: DEBUG cotyledon.oslo_config_glue [-] ovn.bfd_mult = 3 {{(pid=104673) log_opt_values /opt/stack/data/venv/lib/python3.12/site-packages/oslo_config/cfg.py:3256}}
May 20 03:42:38.778922 np0000175257 neutron-periodic-workers[104673]: DEBUG cotyledon.oslo_config_glue [-] ovn.broadcast_arps_to_all_routers = True {{(pid=104673) log_opt_values /opt/stack/data/venv/lib/python3.12/site-packages/oslo_config/cfg.py:3256}}
May 20 03:42:38.778960 np0000175257 neutron-periodic-workers[104673]: DEBUG cotyledon.oslo_config_glue [-] ovn.dhcp_default_lease_time = 43200 {{(pid=104673) log_opt_values /opt/stack/data/venv/lib/python3.12/site-packages/oslo_config/cfg.py:3256}}
May 20 03:42:38.779016 np0000175257 neutron-periodic-workers[104673]: DEBUG cotyledon.oslo_config_glue [-] ovn.disable_ovn_dhcp_for_baremetal_ports = False {{(pid=104673) log_opt_values /opt/stack/data/venv/lib/python3.12/site-packages/oslo_config/cfg.py:3256}}
May 20 03:42:38.779049 np0000175257 neutron-periodic-workers[104673]: DEBUG cotyledon.oslo_config_glue [-] ovn.dns_records_ovn_owned = False {{(pid=104673) log_opt_values /opt/stack/data/venv/lib/python3.12/site-packages/oslo_config/cfg.py:3256}}
May 20 03:42:38.779087 np0000175257 neutron-periodic-workers[104673]: DEBUG cotyledon.oslo_config_glue [-] ovn.dns_servers = [] {{(pid=104673) log_opt_values /opt/stack/data/venv/lib/python3.12/site-packages/oslo_config/cfg.py:3256}}
May 20 03:42:38.779130 np0000175257 neutron-periodic-workers[104673]: DEBUG cotyledon.oslo_config_glue [-] ovn.enable_distributed_floating_ip = False {{(pid=104673) log_opt_values /opt/stack/data/venv/lib/python3.12/site-packages/oslo_config/cfg.py:3256}}
May 20 03:42:38.779179 np0000175257 neutron-periodic-workers[104673]: DEBUG cotyledon.oslo_config_glue [-] ovn.fdb_age_threshold = 300 {{(pid=104673) log_opt_values /opt/stack/data/venv/lib/python3.12/site-packages/oslo_config/cfg.py:3256}}
May 20 03:42:38.779215 np0000175257 neutron-periodic-workers[104673]: DEBUG cotyledon.oslo_config_glue [-] ovn.ha_failover_strategy = normal {{(pid=104673) log_opt_values /opt/stack/data/venv/lib/python3.12/site-packages/oslo_config/cfg.py:3256}}
May 20 03:42:38.779257 np0000175257 neutron-periodic-workers[104673]: DEBUG cotyledon.oslo_config_glue [-] ovn.live_migration_activation_strategy = rarp {{(pid=104673) log_opt_values /opt/stack/data/venv/lib/python3.12/site-packages/oslo_config/cfg.py:3256}}
May 20 03:42:38.779294 np0000175257 neutron-periodic-workers[104673]: DEBUG cotyledon.oslo_config_glue [-] ovn.localnet_learn_fdb = False {{(pid=104673) log_opt_values /opt/stack/data/venv/lib/python3.12/site-packages/oslo_config/cfg.py:3256}}
May 20 03:42:38.779324 np0000175257 neutron-periodic-workers[104673]: DEBUG cotyledon.oslo_config_glue [-] ovn.mac_binding_age_threshold = 300 {{(pid=104673) log_opt_values /opt/stack/data/venv/lib/python3.12/site-packages/oslo_config/cfg.py:3256}}
May 20 03:42:38.779378 np0000175257 neutron-periodic-workers[104673]: DEBUG cotyledon.oslo_config_glue [-] ovn.neutron_sync_mode = log {{(pid=104673) log_opt_values /opt/stack/data/venv/lib/python3.12/site-packages/oslo_config/cfg.py:3256}}
May 20 03:42:38.779410 np0000175257 neutron-periodic-workers[104673]: DEBUG cotyledon.oslo_config_glue [-] ovn.ovn_dhcp4_global_options = {} {{(pid=104673) log_opt_values /opt/stack/data/venv/lib/python3.12/site-packages/oslo_config/cfg.py:3256}}
May 20 03:42:38.779456 np0000175257 neutron-periodic-workers[104673]: DEBUG cotyledon.oslo_config_glue [-] ovn.ovn_dhcp6_global_options = {} {{(pid=104673) log_opt_values /opt/stack/data/venv/lib/python3.12/site-packages/oslo_config/cfg.py:3256}}
May 20 03:42:38.779492 np0000175257 neutron-periodic-workers[104673]: DEBUG cotyledon.oslo_config_glue [-] ovn.ovn_l3_scheduler = leastloaded {{(pid=104673) log_opt_values /opt/stack/data/venv/lib/python3.12/site-packages/oslo_config/cfg.py:3256}}
May 20 03:42:38.779544 np0000175257 neutron-periodic-workers[104673]: DEBUG cotyledon.oslo_config_glue [-] ovn.ovn_metadata_enabled = True {{(pid=104673) log_opt_values /opt/stack/data/venv/lib/python3.12/site-packages/oslo_config/cfg.py:3256}}
May 20 03:42:38.779591 np0000175257 neutron-periodic-workers[104673]: DEBUG cotyledon.oslo_config_glue [-] ovn.ovn_nb_ca_cert = /opt/stack/data/CA/int-ca/ca-chain.pem {{(pid=104673) log_opt_values /opt/stack/data/venv/lib/python3.12/site-packages/oslo_config/cfg.py:3256}}
May 20 03:42:38.779638 np0000175257 neutron-periodic-workers[104673]: DEBUG cotyledon.oslo_config_glue [-] ovn.ovn_nb_certificate = /opt/stack/data/CA/int-ca/devstack-cert.crt {{(pid=104673) log_opt_values /opt/stack/data/venv/lib/python3.12/site-packages/oslo_config/cfg.py:3256}}
May 20 03:42:38.779676 np0000175257 neutron-periodic-workers[104673]: DEBUG cotyledon.oslo_config_glue [-] ovn.ovn_nb_connection = ['ssl:199.204.45.109:6641'] {{(pid=104673) log_opt_values /opt/stack/data/venv/lib/python3.12/site-packages/oslo_config/cfg.py:3256}}
May 20 03:42:38.779719 np0000175257 neutron-periodic-workers[104673]: DEBUG cotyledon.oslo_config_glue [-] ovn.ovn_nb_private_key = /opt/stack/data/CA/int-ca/private/devstack-cert.key {{(pid=104673) log_opt_values /opt/stack/data/venv/lib/python3.12/site-packages/oslo_config/cfg.py:3256}}
May 20 03:42:38.779767 np0000175257 neutron-periodic-workers[104673]: DEBUG cotyledon.oslo_config_glue [-] ovn.ovn_router_indirect_snat = False {{(pid=104673) log_opt_values /opt/stack/data/venv/lib/python3.12/site-packages/oslo_config/cfg.py:3256}}
May 20 03:42:38.779803 np0000175257 neutron-periodic-workers[104673]: DEBUG cotyledon.oslo_config_glue [-] ovn.ovn_sb_ca_cert = /opt/stack/data/CA/int-ca/ca-chain.pem {{(pid=104673) log_opt_values /opt/stack/data/venv/lib/python3.12/site-packages/oslo_config/cfg.py:3256}}
May 20 03:42:38.779837 np0000175257 neutron-periodic-workers[104673]: DEBUG cotyledon.oslo_config_glue [-] ovn.ovn_sb_certificate = /opt/stack/data/CA/int-ca/devstack-cert.crt {{(pid=104673) log_opt_values /opt/stack/data/venv/lib/python3.12/site-packages/oslo_config/cfg.py:3256}}
May 20 03:42:38.779868 np0000175257 neutron-periodic-workers[104673]: DEBUG cotyledon.oslo_config_glue [-] ovn.ovn_sb_connection = ['ssl:199.204.45.109:6642'] {{(pid=104673) log_opt_values /opt/stack/data/venv/lib/python3.12/site-packages/oslo_config/cfg.py:3256}}
May 20 03:42:38.779959 np0000175257 neutron-periodic-workers[104673]: DEBUG cotyledon.oslo_config_glue [-] ovn.ovn_sb_private_key = /opt/stack/data/CA/int-ca/private/devstack-cert.key {{(pid=104673) log_opt_values /opt/stack/data/venv/lib/python3.12/site-packages/oslo_config/cfg.py:3256}}
May 20 03:42:38.780010 np0000175257 neutron-periodic-workers[104673]: DEBUG cotyledon.oslo_config_glue [-] ovn.ovs_create_tap = False {{(pid=104673) log_opt_values /opt/stack/data/venv/lib/python3.12/site-packages/oslo_config/cfg.py:3256}}
May 20 03:42:38.780059 np0000175257 neutron-periodic-workers[104673]: DEBUG cotyledon.oslo_config_glue [-] ovn.ovsdb_connection_timeout = 180 {{(pid=104673) log_opt_values /opt/stack/data/venv/lib/python3.12/site-packages/oslo_config/cfg.py:3256}}
May 20 03:42:38.780104 np0000175257 neutron-periodic-workers[104673]: DEBUG cotyledon.oslo_config_glue [-] ovn.ovsdb_log_level = INFO {{(pid=104673) log_opt_values /opt/stack/data/venv/lib/python3.12/site-packages/oslo_config/cfg.py:3256}}
May 20 03:42:38.780139 np0000175257 neutron-periodic-workers[104673]: DEBUG cotyledon.oslo_config_glue [-] ovn.ovsdb_probe_interval = 60000 {{(pid=104673) log_opt_values /opt/stack/data/venv/lib/python3.12/site-packages/oslo_config/cfg.py:3256}}
May 20 03:42:38.780168 np0000175257 neutron-periodic-workers[104673]: DEBUG cotyledon.oslo_config_glue [-] ovn.ovsdb_retry_max_interval = 180 {{(pid=104673) log_opt_values /opt/stack/data/venv/lib/python3.12/site-packages/oslo_config/cfg.py:3256}}
May 20 03:42:38.780202 np0000175257 neutron-periodic-workers[104673]: DEBUG cotyledon.oslo_config_glue [-] ovn.stateless_nat_enabled = False {{(pid=104673) log_opt_values /opt/stack/data/venv/lib/python3.12/site-packages/oslo_config/cfg.py:3256}}
May 20 03:42:38.780258 np0000175257 neutron-periodic-workers[104673]: DEBUG cotyledon.oslo_config_glue [-] ovn.vhost_sock_dir = /var/run/openvswitch {{(pid=104673) log_opt_values /opt/stack/data/venv/lib/python3.12/site-packages/oslo_config/cfg.py:3256}}
May 20 03:42:38.780315 np0000175257 neutron-periodic-workers[104673]: DEBUG cotyledon.oslo_config_glue [-] OVS.bridge_mac_table_size = 50000 {{(pid=104673) log_opt_values /opt/stack/data/venv/lib/python3.12/site-packages/oslo_config/cfg.py:3256}}
May 20 03:42:38.780358 np0000175257 neutron-periodic-workers[104673]: DEBUG cotyledon.oslo_config_glue [-] OVS.igmp_flood = False {{(pid=104673) log_opt_values /opt/stack/data/venv/lib/python3.12/site-packages/oslo_config/cfg.py:3256}}
May 20 03:42:38.780411 np0000175257 neutron-periodic-workers[104673]: DEBUG cotyledon.oslo_config_glue [-] OVS.igmp_flood_reports = True {{(pid=104673) log_opt_values /opt/stack/data/venv/lib/python3.12/site-packages/oslo_config/cfg.py:3256}}
May 20 03:42:38.780443 np0000175257 neutron-periodic-workers[104673]: DEBUG cotyledon.oslo_config_glue [-] OVS.igmp_flood_unregistered = False {{(pid=104673) log_opt_values /opt/stack/data/venv/lib/python3.12/site-packages/oslo_config/cfg.py:3256}}
May 20 03:42:38.780491 np0000175257 neutron-periodic-workers[104673]: DEBUG cotyledon.oslo_config_glue [-] OVS.igmp_snooping_enable = False {{(pid=104673) log_opt_values /opt/stack/data/venv/lib/python3.12/site-packages/oslo_config/cfg.py:3256}}
May 20 03:42:38.780527 np0000175257 neutron-periodic-workers[104673]: DEBUG cotyledon.oslo_config_glue [-] OVS.ovsdb_timeout = 10 {{(pid=104673) log_opt_values /opt/stack/data/venv/lib/python3.12/site-packages/oslo_config/cfg.py:3256}}
May 20 03:42:38.780580 np0000175257 neutron-periodic-workers[104673]: DEBUG cotyledon.oslo_config_glue [-] ovn_nb_global.fdb_removal_limit = 0 {{(pid=104673) log_opt_values /opt/stack/data/venv/lib/python3.12/site-packages/oslo_config/cfg.py:3256}}
May 20 03:42:38.780627 np0000175257 neutron-periodic-workers[104673]: DEBUG cotyledon.oslo_config_glue [-] ovn_nb_global.ignore_lsp_down = False {{(pid=104673) log_opt_values /opt/stack/data/venv/lib/python3.12/site-packages/oslo_config/cfg.py:3256}}
May 20 03:42:38.780678 np0000175257 neutron-periodic-workers[104673]: DEBUG cotyledon.oslo_config_glue [-] ovn_nb_global.mac_binding_removal_limit = 0 {{(pid=104673) log_opt_values /opt/stack/data/venv/lib/python3.12/site-packages/oslo_config/cfg.py:3256}}
May 20 03:42:38.780714 np0000175257 neutron-periodic-workers[104673]: DEBUG cotyledon.oslo_config_glue [-] ******************************************************************************** {{(pid=104673) log_opt_values /opt/stack/data/venv/lib/python3.12/site-packages/oslo_config/cfg.py:3263}}
May 20 03:42:38.780870 np0000175257 neutron-periodic-workers[104673]: DEBUG cotyledon._service_worker [-] Run service ServiceWrapper(0) [104673] {{(pid=104673) wait_forever /opt/stack/data/venv/lib/python3.12/site-packages/cotyledon/_service_worker.py:218}}
May 20 03:42:48.435785 np0000175257 neutron-periodic-workers[103908]: DEBUG dbcounter [-] [103908] Writing DB stats neutron:SELECT=4 {{(pid=103908) stat_writer /opt/stack/data/venv/lib/python3.12/site-packages/dbcounter.py:115}}
May 20 03:43:22.765227 np0000175257 neutron-periodic-workers[104659]: DEBUG oslo_db.sqlalchemy.engines [None req-38b32670-8dda-4386-9c78-d65216c06698 None None] Parent process 103908 forked (104659) with an open database connection, which is being discarded and recreated. {{(pid=104659) checkout /opt/stack/data/venv/lib/python3.12/site-packages/oslo_db/sqlalchemy/engines.py:402}}
May 20 03:43:22.771301 np0000175257 neutron-periodic-workers[104659]: DEBUG dbcounter [-] [104659] Writer thread running {{(pid=104659) stat_writer /opt/stack/data/venv/lib/python3.12/site-packages/dbcounter.py:102}}
May 20 03:43:22.782692 np0000175257 neutron-periodic-workers[104659]: DEBUG oslo.service.backend._threading.loopingcall [None req-38b32670-8dda-4386-9c78-d65216c06698 None None] Fixed interval looping call 'neutron.plugins.ml2.plugin.DhcpAgentSchedulerDbMixin.remove_networks_from_down_agents' sleeping for 36.97 seconds {{(pid=104659) _run_loop /opt/stack/data/venv/lib/python3.12/site-packages/oslo_service/backend/_threading/loopingcall.py:125}}
May 20 03:43:29.782725 np0000175257 neutron-periodic-workers[104667]: DEBUG dbcounter [-] [104667] Writer thread running {{(pid=104667) stat_writer /opt/stack/data/venv/lib/python3.12/site-packages/dbcounter.py:102}}
May 20 03:43:29.785744 np0000175257 neutron-periodic-workers[104667]: DEBUG neutron.db.agents_db [None req-c7e5f9b6-d5c6-421b-b655-e37853da1e95 None None] Agent healthcheck: found 0 active agents {{(pid=104667) agent_health_check /opt/stack/neutron/neutron/db/agents_db.py:322}}
May 20 03:43:29.785917 np0000175257 neutron-periodic-workers[104667]: DEBUG oslo.service.backend._threading.loopingcall [None req-c7e5f9b6-d5c6-421b-b655-e37853da1e95 None None] Fixed interval looping call 'neutron.plugins.ml2.plugin.AgentDbMixin.agent_health_check' sleeping for 36.98 seconds {{(pid=104667) _run_loop /opt/stack/data/venv/lib/python3.12/site-packages/oslo_service/backend/_threading/loopingcall.py:125}}
May 20 03:43:32.781547 np0000175257 neutron-periodic-workers[104659]: DEBUG dbcounter [-] [104659] Writing DB stats neutron:SELECT=3 {{(pid=104659) stat_writer /opt/stack/data/venv/lib/python3.12/site-packages/dbcounter.py:115}}
May 20 03:43:39.783242 np0000175257 neutron-periodic-workers[104667]: DEBUG dbcounter [-] [104667] Writing DB stats neutron:SELECT=1 {{(pid=104667) stat_writer /opt/stack/data/venv/lib/python3.12/site-packages/dbcounter.py:115}}
May 20 03:43:57.767029 np0000175257 neutron-periodic-workers[104652]: DEBUG dbcounter [-] [104652] Writer thread running {{(pid=104652) stat_writer /opt/stack/data/venv/lib/python3.12/site-packages/dbcounter.py:102}}
May 20 03:43:57.777779 np0000175257 neutron-periodic-workers[104652]: DEBUG oslo.service.backend._threading.loopingcall [None req-655ede6e-a5cf-4d9b-a972-9b13c577bfa7 None None] Fixed interval looping call 'neutron.services.ovn_l3.plugin.L3_NAT_dbonly_mixin._clean_garbage' sleeping for 299.95 seconds {{(pid=104652) _run_loop /opt/stack/data/venv/lib/python3.12/site-packages/oslo_service/backend/_threading/loopingcall.py:125}}
May 20 03:43:59.762968 np0000175257 neutron-periodic-workers[104659]: DEBUG oslo.service.backend._threading.loopingcall [None req-38b32670-8dda-4386-9c78-d65216c06698 None None] Fixed interval looping call 'neutron.plugins.ml2.plugin.DhcpAgentSchedulerDbMixin.remove_networks_from_down_agents' sleeping for 36.99 seconds {{(pid=104659) _run_loop /opt/stack/data/venv/lib/python3.12/site-packages/oslo_service/backend/_threading/loopingcall.py:125}}
May 20 03:44:06.771624 np0000175257 neutron-periodic-workers[104667]: DEBUG neutron.db.agents_db [None req-c7e5f9b6-d5c6-421b-b655-e37853da1e95 None None] Agent healthcheck: found 0 active agents {{(pid=104667) agent_health_check /opt/stack/neutron/neutron/db/agents_db.py:322}}
May 20 03:44:06.772054 np0000175257 neutron-periodic-workers[104667]: DEBUG oslo.service.backend._threading.loopingcall [None req-c7e5f9b6-d5c6-421b-b655-e37853da1e95 None None] Fixed interval looping call 'neutron.plugins.ml2.plugin.AgentDbMixin.agent_health_check' sleeping for 36.99 seconds {{(pid=104667) _run_loop /opt/stack/data/venv/lib/python3.12/site-packages/oslo_service/backend/_threading/loopingcall.py:125}}
May 20 03:44:07.767724 np0000175257 neutron-periodic-workers[104652]: DEBUG dbcounter [-] [104652] Writing DB stats neutron:SELECT=1 {{(pid=104652) stat_writer /opt/stack/data/venv/lib/python3.12/site-packages/dbcounter.py:115}}
May 20 03:44:09.762248 np0000175257 neutron-periodic-workers[104659]: DEBUG dbcounter [-] [104659] Writing DB stats neutron:SELECT=3 {{(pid=104659) stat_writer /opt/stack/data/venv/lib/python3.12/site-packages/dbcounter.py:115}}
May 20 03:44:16.770242 np0000175257 neutron-periodic-workers[104667]: DEBUG dbcounter [-] [104667] Writing DB stats neutron:SELECT=1 {{(pid=104667) stat_writer /opt/stack/data/venv/lib/python3.12/site-packages/dbcounter.py:115}}
May 20 03:44:36.764441 np0000175257 neutron-periodic-workers[104659]: DEBUG oslo.service.backend._threading.loopingcall [None req-38b32670-8dda-4386-9c78-d65216c06698 None None] Fixed interval looping call 'neutron.plugins.ml2.plugin.DhcpAgentSchedulerDbMixin.remove_networks_from_down_agents' sleeping for 36.99 seconds {{(pid=104659) _run_loop /opt/stack/data/venv/lib/python3.12/site-packages/oslo_service/backend/_threading/loopingcall.py:125}}
May 20 03:44:38.798024 np0000175257 neutron-periodic-workers[104673]: DEBUG dbcounter [-] [104673] Writer thread running {{(pid=104673) stat_writer /opt/stack/data/venv/lib/python3.12/site-packages/dbcounter.py:102}}
May 20 03:44:38.799587 np0000175257 neutron-periodic-workers[104673]: DEBUG oslo.service.backend._threading.loopingcall [None req-51d2f617-f369-4952-a0ed-e7203ec42f02 None None] Fixed interval looping call 'neutron.db.quota.driver_nolock.DbQuotaNoLockDriver._remove_expired_reservations' sleeping for 119.98 seconds {{(pid=104673) _run_loop /opt/stack/data/venv/lib/python3.12/site-packages/oslo_service/backend/_threading/loopingcall.py:125}}
May 20 03:44:43.764945 np0000175257 neutron-periodic-workers[104667]: DEBUG neutron.db.agents_db [None req-c7e5f9b6-d5c6-421b-b655-e37853da1e95 None None] Agent healthcheck: found 0 active agents {{(pid=104667) agent_health_check /opt/stack/neutron/neutron/db/agents_db.py:322}}
May 20 03:44:43.765295 np0000175257 neutron-periodic-workers[104667]: DEBUG oslo.service.backend._threading.loopingcall [None req-c7e5f9b6-d5c6-421b-b655-e37853da1e95 None None] Fixed interval looping call 'neutron.plugins.ml2.plugin.AgentDbMixin.agent_health_check' sleeping for 37.00 seconds {{(pid=104667) _run_loop /opt/stack/data/venv/lib/python3.12/site-packages/oslo_service/backend/_threading/loopingcall.py:125}}
May 20 03:44:46.763219 np0000175257 neutron-periodic-workers[104659]: DEBUG dbcounter [-] [104659] Writing DB stats neutron:SELECT=3 {{(pid=104659) stat_writer /opt/stack/data/venv/lib/python3.12/site-packages/dbcounter.py:115}}
May 20 03:44:48.798621 np0000175257 neutron-periodic-workers[104673]: DEBUG dbcounter [-] [104673] Writing DB stats neutron:DELETE=1 {{(pid=104673) stat_writer /opt/stack/data/venv/lib/python3.12/site-packages/dbcounter.py:115}}
May 20 03:44:53.764493 np0000175257 neutron-periodic-workers[104667]: DEBUG dbcounter [-] [104667] Writing DB stats neutron:SELECT=1 {{(pid=104667) stat_writer /opt/stack/data/venv/lib/python3.12/site-packages/dbcounter.py:115}}
May 20 03:45:13.765614 np0000175257 neutron-periodic-workers[104659]: DEBUG oslo.service.backend._threading.loopingcall [None req-38b32670-8dda-4386-9c78-d65216c06698 None None] Fixed interval looping call 'neutron.plugins.ml2.plugin.DhcpAgentSchedulerDbMixin.remove_networks_from_down_agents' sleeping for 36.99 seconds {{(pid=104659) _run_loop /opt/stack/data/venv/lib/python3.12/site-packages/oslo_service/backend/_threading/loopingcall.py:125}}
May 20 03:45:20.770880 np0000175257 neutron-periodic-workers[104667]: DEBUG neutron.db.agents_db [None req-c7e5f9b6-d5c6-421b-b655-e37853da1e95 None None] Agent healthcheck: found 0 active agents {{(pid=104667) agent_health_check /opt/stack/neutron/neutron/db/agents_db.py:322}}
May 20 03:45:20.771765 np0000175257 neutron-periodic-workers[104667]: DEBUG oslo.service.backend._threading.loopingcall [None req-c7e5f9b6-d5c6-421b-b655-e37853da1e95 None None] Fixed interval looping call 'neutron.plugins.ml2.plugin.AgentDbMixin.agent_health_check' sleeping for 36.99 seconds {{(pid=104667) _run_loop /opt/stack/data/venv/lib/python3.12/site-packages/oslo_service/backend/_threading/loopingcall.py:125}}
May 20 03:45:23.764718 np0000175257 neutron-periodic-workers[104659]: DEBUG dbcounter [-] [104659] Writing DB stats neutron:SELECT=3 {{(pid=104659) stat_writer /opt/stack/data/venv/lib/python3.12/site-packages/dbcounter.py:115}}
May 20 03:45:30.768818 np0000175257 neutron-periodic-workers[104667]: DEBUG dbcounter [-] [104667] Writing DB stats neutron:SELECT=1 {{(pid=104667) stat_writer /opt/stack/data/venv/lib/python3.12/site-packages/dbcounter.py:115}}
May 20 03:45:50.764166 np0000175257 neutron-periodic-workers[104659]: DEBUG oslo.service.backend._threading.loopingcall [None req-38b32670-8dda-4386-9c78-d65216c06698 None None] Fixed interval looping call 'neutron.plugins.ml2.plugin.DhcpAgentSchedulerDbMixin.remove_networks_from_down_agents' sleeping for 36.99 seconds {{(pid=104659) _run_loop /opt/stack/data/venv/lib/python3.12/site-packages/oslo_service/backend/_threading/loopingcall.py:125}}
May 20 03:45:57.768925 np0000175257 neutron-periodic-workers[104667]: DEBUG neutron.db.agents_db [None req-c7e5f9b6-d5c6-421b-b655-e37853da1e95 None None] Agent healthcheck: found 0 active agents {{(pid=104667) agent_health_check /opt/stack/neutron/neutron/db/agents_db.py:322}}
May 20 03:45:57.769530 np0000175257 neutron-periodic-workers[104667]: DEBUG oslo.service.backend._threading.loopingcall [None req-c7e5f9b6-d5c6-421b-b655-e37853da1e95 None None] Fixed interval looping call 'neutron.plugins.ml2.plugin.AgentDbMixin.agent_health_check' sleeping for 36.99 seconds {{(pid=104667) _run_loop /opt/stack/data/venv/lib/python3.12/site-packages/oslo_service/backend/_threading/loopingcall.py:125}}
May 20 03:46:00.764828 np0000175257 neutron-periodic-workers[104659]: DEBUG dbcounter [-] [104659] Writing DB stats neutron:SELECT=3 {{(pid=104659) stat_writer /opt/stack/data/venv/lib/python3.12/site-packages/dbcounter.py:115}}
May 20 03:46:07.765491 np0000175257 neutron-periodic-workers[104667]: DEBUG dbcounter [-] [104667] Writing DB stats neutron:SELECT=1 {{(pid=104667) stat_writer /opt/stack/data/venv/lib/python3.12/site-packages/dbcounter.py:115}}
May 20 03:46:27.765061 np0000175257 neutron-periodic-workers[104659]: DEBUG oslo.service.backend._threading.loopingcall [None req-38b32670-8dda-4386-9c78-d65216c06698 None None] Fixed interval looping call 'neutron.plugins.ml2.plugin.DhcpAgentSchedulerDbMixin.remove_networks_from_down_agents' sleeping for 36.99 seconds {{(pid=104659) _run_loop /opt/stack/data/venv/lib/python3.12/site-packages/oslo_service/backend/_threading/loopingcall.py:125}}
May 20 03:46:34.764448 np0000175257 neutron-periodic-workers[104667]: DEBUG neutron.db.agents_db [None req-c7e5f9b6-d5c6-421b-b655-e37853da1e95 None None] Agent healthcheck: found 0 active agents {{(pid=104667) agent_health_check /opt/stack/neutron/neutron/db/agents_db.py:322}}
May 20 03:46:34.765055 np0000175257 neutron-periodic-workers[104667]: DEBUG oslo.service.backend._threading.loopingcall [None req-c7e5f9b6-d5c6-421b-b655-e37853da1e95 None None] Fixed interval looping call 'neutron.plugins.ml2.plugin.AgentDbMixin.agent_health_check' sleeping for 36.99 seconds {{(pid=104667) _run_loop /opt/stack/data/venv/lib/python3.12/site-packages/oslo_service/backend/_threading/loopingcall.py:125}}
May 20 03:46:37.763464 np0000175257 neutron-periodic-workers[104659]: DEBUG dbcounter [-] [104659] Writing DB stats neutron:SELECT=3 {{(pid=104659) stat_writer /opt/stack/data/venv/lib/python3.12/site-packages/dbcounter.py:115}}
May 20 03:46:38.786052 np0000175257 neutron-periodic-workers[104673]: DEBUG oslo.service.backend._threading.loopingcall [None req-51d2f617-f369-4952-a0ed-e7203ec42f02 None None] Fixed interval looping call 'neutron.db.quota.driver_nolock.DbQuotaNoLockDriver._remove_expired_reservations' sleeping for 119.99 seconds {{(pid=104673) _run_loop /opt/stack/data/venv/lib/python3.12/site-packages/oslo_service/backend/_threading/loopingcall.py:125}}