May 05 11:26:24.318515 np0000171772 devstack@neutron-api.service[103718]: DEBUG neutron.api.extensions [None req-a6de2766-9173-42b0-9de4-f63ce0f4f038 None None] Extended resource: network-ip-availabilities {{(pid=103718) __init__ /opt/stack/neutron/neutron/api/extensions.py:156}}
May 05 11:26:24.319031 np0000171772 devstack@neutron-api.service[103716]: DEBUG neutron.api.extensions [None req-047097ed-6e56-41dc-8fb2-c9b58063cec6 None None] Extended resource: quotas {{(pid=103716) __init__ /opt/stack/neutron/neutron/api/extensions.py:156}}
May 05 11:26:24.319121 np0000171772 devstack@neutron-api.service[103718]: DEBUG neutron.api.extensions [None req-a6de2766-9173-42b0-9de4-f63ce0f4f038 None None] Extended resource: network-ip-availabilities {{(pid=103718) __init__ /opt/stack/neutron/neutron/api/extensions.py:156}}
May 05 11:26:24.319597 np0000171772 devstack@neutron-api.service[103718]: DEBUG neutron.api.extensions [None req-a6de2766-9173-42b0-9de4-f63ce0f4f038 None None] Extended resource: bindings {{(pid=103718) __init__ /opt/stack/neutron/neutron/api/extensions.py:156}}
May 05 11:26:24.319726 np0000171772 devstack@neutron-api.service[103716]: DEBUG neutron.api.extensions [None req-047097ed-6e56-41dc-8fb2-c9b58063cec6 None None] Extended resource: quotas {{(pid=103716) __init__ /opt/stack/neutron/neutron/api/extensions.py:156}}
May 05 11:26:24.320363 np0000171772 devstack@neutron-api.service[103718]: DEBUG neutron.api.extensions [None req-a6de2766-9173-42b0-9de4-f63ce0f4f038 None None] Extended resource: quotas {{(pid=103718) __init__ /opt/stack/neutron/neutron/api/extensions.py:156}}
May 05 11:26:24.320442 np0000171772 devstack@neutron-api.service[103716]: DEBUG neutron.api.extensions [None req-047097ed-6e56-41dc-8fb2-c9b58063cec6 None None] Extended resource: rbac-policies {{(pid=103716) __init__ /opt/stack/neutron/neutron/api/extensions.py:156}}
May 05 11:26:24.321025 np0000171772 devstack@neutron-api.service[103716]: DEBUG neutron.api.extensions [None req-047097ed-6e56-41dc-8fb2-c9b58063cec6 None None] Extended resource: default-security-group-rules {{(pid=103716) __init__ /opt/stack/neutron/neutron/api/extensions.py:156}}
May 05 11:26:24.321080 np0000171772 devstack@neutron-api.service[103718]: DEBUG neutron.api.extensions [None req-a6de2766-9173-42b0-9de4-f63ce0f4f038 None None] Extended resource: quotas {{(pid=103718) __init__ /opt/stack/neutron/neutron/api/extensions.py:156}}
May 05 11:26:24.321601 np0000171772 devstack@neutron-api.service[103716]: DEBUG neutron.api.extensions [None req-047097ed-6e56-41dc-8fb2-c9b58063cec6 None None] Extended resource: security-groups {{(pid=103716) __init__ /opt/stack/neutron/neutron/api/extensions.py:156}}
May 05 11:26:24.321755 np0000171772 devstack@neutron-api.service[103718]: DEBUG neutron.api.extensions [None req-a6de2766-9173-42b0-9de4-f63ce0f4f038 None None] Extended resource: rbac-policies {{(pid=103718) __init__ /opt/stack/neutron/neutron/api/extensions.py:156}}
May 05 11:26:24.322120 np0000171772 devstack@neutron-api.service[103716]: DEBUG neutron.api.extensions [None req-047097ed-6e56-41dc-8fb2-c9b58063cec6 None None] Extended resource: security-group-rules {{(pid=103716) __init__ /opt/stack/neutron/neutron/api/extensions.py:156}}
May 05 11:26:24.322333 np0000171772 devstack@neutron-api.service[103718]: DEBUG neutron.api.extensions [None req-a6de2766-9173-42b0-9de4-f63ce0f4f038 None None] Extended resource: default-security-group-rules {{(pid=103718) __init__ /opt/stack/neutron/neutron/api/extensions.py:156}}
May 05 11:26:24.322654 np0000171772 devstack@neutron-api.service[103716]: DEBUG neutron.api.extensions [None req-047097ed-6e56-41dc-8fb2-c9b58063cec6 None None] Extended resource: service-providers {{(pid=103716) __init__ /opt/stack/neutron/neutron/api/extensions.py:156}}
May 05 11:26:24.322928 np0000171772 devstack@neutron-api.service[103718]: DEBUG neutron.api.extensions [None req-a6de2766-9173-42b0-9de4-f63ce0f4f038 None None] Extended resource: security-groups {{(pid=103718) __init__ /opt/stack/neutron/neutron/api/extensions.py:156}}
May 05 11:26:24.323191 np0000171772 devstack@neutron-api.service[103716]: DEBUG neutron.api.extensions [None req-047097ed-6e56-41dc-8fb2-c9b58063cec6 None None] Extended resource: subnetpools {{(pid=103716) __init__ /opt/stack/neutron/neutron/api/extensions.py:156}}
May 05 11:26:24.323448 np0000171772 devstack@neutron-api.service[103718]: DEBUG neutron.api.extensions [None req-a6de2766-9173-42b0-9de4-f63ce0f4f038 None None] Extended resource: security-group-rules {{(pid=103718) __init__ /opt/stack/neutron/neutron/api/extensions.py:156}}
May 05 11:26:24.323848 np0000171772 devstack@neutron-api.service[103716]: DEBUG neutron.api.extensions [None req-047097ed-6e56-41dc-8fb2-c9b58063cec6 None None] Extended resource: tags {{(pid=103716) __init__ /opt/stack/neutron/neutron/api/extensions.py:156}}
May 05 11:26:24.323965 np0000171772 devstack@neutron-api.service[103718]: DEBUG neutron.api.extensions [None req-a6de2766-9173-42b0-9de4-f63ce0f4f038 None None] Extended resource: service-providers {{(pid=103718) __init__ /opt/stack/neutron/neutron/api/extensions.py:156}}
May 05 11:26:24.324601 np0000171772 devstack@neutron-api.service[103716]: DEBUG neutron.api.extensions [None req-047097ed-6e56-41dc-8fb2-c9b58063cec6 None None] Extended resource: tags {{(pid=103716) __init__ /opt/stack/neutron/neutron/api/extensions.py:156}}
May 05 11:26:24.324655 np0000171772 devstack@neutron-api.service[103718]: DEBUG neutron.api.extensions [None req-a6de2766-9173-42b0-9de4-f63ce0f4f038 None None] Extended resource: subnetpools {{(pid=103718) __init__ /opt/stack/neutron/neutron/api/extensions.py:156}}
May 05 11:26:24.325264 np0000171772 devstack@neutron-api.service[103718]: DEBUG neutron.api.extensions [None req-a6de2766-9173-42b0-9de4-f63ce0f4f038 None None] Extended resource: tags {{(pid=103718) __init__ /opt/stack/neutron/neutron/api/extensions.py:156}}
May 05 11:26:24.325387 np0000171772 devstack@neutron-api.service[103716]: DEBUG neutron.api.extensions [None req-047097ed-6e56-41dc-8fb2-c9b58063cec6 None None] Extended resource: tags {{(pid=103716) __init__ /opt/stack/neutron/neutron/api/extensions.py:156}}
May 05 11:26:24.326046 np0000171772 devstack@neutron-api.service[103718]: DEBUG neutron.api.extensions [None req-a6de2766-9173-42b0-9de4-f63ce0f4f038 None None] Extended resource: tags {{(pid=103718) __init__ /opt/stack/neutron/neutron/api/extensions.py:156}}
May 05 11:26:24.326234 np0000171772 devstack@neutron-api.service[103716]: DEBUG neutron.api.extensions [None req-047097ed-6e56-41dc-8fb2-c9b58063cec6 None None] Extended resource: tags {{(pid=103716) __init__ /opt/stack/neutron/neutron/api/extensions.py:156}}
May 05 11:26:24.326850 np0000171772 devstack@neutron-api.service[103718]: DEBUG neutron.api.extensions [None req-a6de2766-9173-42b0-9de4-f63ce0f4f038 None None] Extended resource: tags {{(pid=103718) __init__ /opt/stack/neutron/neutron/api/extensions.py:156}}
May 05 11:26:24.326955 np0000171772 devstack@neutron-api.service[103716]: DEBUG neutron.api.extensions [None req-047097ed-6e56-41dc-8fb2-c9b58063cec6 None None] Extended resource: tags {{(pid=103716) __init__ /opt/stack/neutron/neutron/api/extensions.py:156}}
May 05 11:26:24.327642 np0000171772 devstack@neutron-api.service[103718]: DEBUG neutron.api.extensions [None req-a6de2766-9173-42b0-9de4-f63ce0f4f038 None None] Extended resource: tags {{(pid=103718) __init__ /opt/stack/neutron/neutron/api/extensions.py:156}}
May 05 11:26:24.327783 np0000171772 devstack@neutron-api.service[103716]: DEBUG neutron.api.extensions [None req-047097ed-6e56-41dc-8fb2-c9b58063cec6 None None] Extended resource: tags {{(pid=103716) __init__ /opt/stack/neutron/neutron/api/extensions.py:156}}
May 05 11:26:24.328510 np0000171772 devstack@neutron-api.service[103718]: DEBUG neutron.api.extensions [None req-a6de2766-9173-42b0-9de4-f63ce0f4f038 None None] Extended resource: tags {{(pid=103718) __init__ /opt/stack/neutron/neutron/api/extensions.py:156}}
May 05 11:26:24.328587 np0000171772 devstack@neutron-api.service[103716]: DEBUG neutron.api.extensions [None req-047097ed-6e56-41dc-8fb2-c9b58063cec6 None None] Extended resource: tags {{(pid=103716) __init__ /opt/stack/neutron/neutron/api/extensions.py:156}}
May 05 11:26:24.329316 np0000171772 devstack@neutron-api.service[103718]: DEBUG neutron.api.extensions [None req-a6de2766-9173-42b0-9de4-f63ce0f4f038 None None] Extended resource: tags {{(pid=103718) __init__ /opt/stack/neutron/neutron/api/extensions.py:156}}
May 05 11:26:24.329421 np0000171772 devstack@neutron-api.service[103716]: DEBUG neutron.api.extensions [None req-047097ed-6e56-41dc-8fb2-c9b58063cec6 None None] Extended resource: tags {{(pid=103716) __init__ /opt/stack/neutron/neutron/api/extensions.py:156}}
May 05 11:26:24.330074 np0000171772 devstack@neutron-api.service[103718]: DEBUG neutron.api.extensions [None req-a6de2766-9173-42b0-9de4-f63ce0f4f038 None None] Extended resource: tags {{(pid=103718) __init__ /opt/stack/neutron/neutron/api/extensions.py:156}}
May 05 11:26:24.330184 np0000171772 devstack@neutron-api.service[103716]: DEBUG neutron.api.extensions [None req-047097ed-6e56-41dc-8fb2-c9b58063cec6 None None] Extended resource: tags {{(pid=103716) __init__ /opt/stack/neutron/neutron/api/extensions.py:156}}
May 05 11:26:24.330941 np0000171772 devstack@neutron-api.service[103718]: DEBUG neutron.api.extensions [None req-a6de2766-9173-42b0-9de4-f63ce0f4f038 None None] Extended resource: tags {{(pid=103718) __init__ /opt/stack/neutron/neutron/api/extensions.py:156}}
May 05 11:26:24.331048 np0000171772 devstack@neutron-api.service[103716]: DEBUG neutron.api.extensions [None req-047097ed-6e56-41dc-8fb2-c9b58063cec6 None None] Extended resource: tags {{(pid=103716) __init__ /opt/stack/neutron/neutron/api/extensions.py:156}}
May 05 11:26:24.331707 np0000171772 devstack@neutron-api.service[103718]: DEBUG neutron.api.extensions [None req-a6de2766-9173-42b0-9de4-f63ce0f4f038 None None] Extended resource: tags {{(pid=103718) __init__ /opt/stack/neutron/neutron/api/extensions.py:156}}
May 05 11:26:24.332618 np0000171772 devstack@neutron-api.service[103718]: DEBUG neutron.api.extensions [None req-a6de2766-9173-42b0-9de4-f63ce0f4f038 None None] Extended resource: tags {{(pid=103718) __init__ /opt/stack/neutron/neutron/api/extensions.py:156}}
May 05 11:26:24.334383 np0000171772 devstack@neutron-api.service[103716]: WARNING keystonemiddleware.auth_token [None req-047097ed-6e56-41dc-8fb2-c9b58063cec6 None None] AuthToken middleware is set with keystone_authtoken.service_token_roles_required set to False. This is backwards compatible but deprecated behaviour. Please set this to True.
May 05 11:26:24.335881 np0000171772 devstack@neutron-api.service[103718]: WARNING keystonemiddleware.auth_token [None req-a6de2766-9173-42b0-9de4-f63ce0f4f038 None None] AuthToken middleware is set with keystone_authtoken.service_token_roles_required set to False. This is backwards compatible but deprecated behaviour. Please set this to True.
May 05 11:26:24.342899 np0000171772 devstack@neutron-api.service[103718]: DEBUG neutron_lib.callbacks.manager [None req-a6de2766-9173-42b0-9de4-f63ce0f4f038 None None] Publish callbacks ['neutron.plugins.ml2.drivers.ovn.mech_driver.mech_driver.OVNMechanismDriver.pre_fork_initialize-67056409'] for process (None), before_spawn {{(pid=103718) _notify_loop /opt/stack/data/venv/lib/python3.12/site-packages/neutron_lib/callbacks/manager.py:184}}
May 05 11:26:24.343036 np0000171772 devstack@neutron-api.service[103716]: DEBUG neutron_lib.callbacks.manager [None req-047097ed-6e56-41dc-8fb2-c9b58063cec6 None None] Publish callbacks ['neutron.plugins.ml2.drivers.ovn.mech_driver.mech_driver.OVNMechanismDriver.pre_fork_initialize-67041049'] for process (None), before_spawn {{(pid=103716) _notify_loop /opt/stack/data/venv/lib/python3.12/site-packages/neutron_lib/callbacks/manager.py:184}}
May 05 11:26:24.343236 np0000171772 devstack@neutron-api.service[103718]: DEBUG oslo_concurrency.processutils [None req-a6de2766-9173-42b0-9de4-f63ce0f4f038 None None] Running cmd (subprocess): ovsdb-client transact ssl:199.204.45.242:6641 --timeout 180 -p /opt/stack/data/CA/int-ca/private/devstack-cert.key -c /opt/stack/data/CA/int-ca/devstack-cert.crt -C /opt/stack/data/CA/int-ca/ca-chain.pem ["OVN_Northbound", {"op": "wait", "timeout": 0, "table": "Port_Group", "where": [["name", "==", "neutron_pg_drop"]], "until": "==", "rows": []}, {"op": "insert", "table": "ACL", "row": {"action": "drop", "direction": "to-lport", "match": "outport == @neutron_pg_drop && ip", "priority": 1001}, "uuid-name": "droptoport"}, {"op": "insert", "table": "ACL", "row": {"action": "drop", "direction": "from-lport", "match": "inport == @neutron_pg_drop && ip", "priority": 1001}, "uuid-name": "dropfromport"}, {"op": "insert", "table": "Port_Group", "row": {"name": "neutron_pg_drop", "acls": ["set", [["named-uuid", "droptoport"], ["named-uuid", "dropfromport"]]]}}] {{(pid=103718) execute /opt/stack/data/venv/lib/python3.12/site-packages/oslo_concurrency/processutils.py:440}}
May 05 11:26:24.343597 np0000171772 devstack@neutron-api.service[103716]: DEBUG oslo_concurrency.processutils [None req-047097ed-6e56-41dc-8fb2-c9b58063cec6 None None] Running cmd (subprocess): ovsdb-client transact ssl:199.204.45.242:6641 --timeout 180 -p /opt/stack/data/CA/int-ca/private/devstack-cert.key -c /opt/stack/data/CA/int-ca/devstack-cert.crt -C /opt/stack/data/CA/int-ca/ca-chain.pem ["OVN_Northbound", {"op": "wait", "timeout": 0, "table": "Port_Group", "where": [["name", "==", "neutron_pg_drop"]], "until": "==", "rows": []}, {"op": "insert", "table": "ACL", "row": {"action": "drop", "direction": "to-lport", "match": "outport == @neutron_pg_drop && ip", "priority": 1001}, "uuid-name": "droptoport"}, {"op": "insert", "table": "ACL", "row": {"action": "drop", "direction": "from-lport", "match": "inport == @neutron_pg_drop && ip", "priority": 1001}, "uuid-name": "dropfromport"}, {"op": "insert", "table": "Port_Group", "row": {"name": "neutron_pg_drop", "acls": ["set", [["named-uuid", "droptoport"], ["named-uuid", "dropfromport"]]]}}] {{(pid=103716) execute /opt/stack/data/venv/lib/python3.12/site-packages/oslo_concurrency/processutils.py:440}}
May 05 11:26:24.376961 np0000171772 devstack@neutron-api.service[103718]: DEBUG oslo_concurrency.processutils [None req-a6de2766-9173-42b0-9de4-f63ce0f4f038 None None] CMD "ovsdb-client transact ssl:199.204.45.242:6641 --timeout 180 -p /opt/stack/data/CA/int-ca/private/devstack-cert.key -c /opt/stack/data/CA/int-ca/devstack-cert.crt -C /opt/stack/data/CA/int-ca/ca-chain.pem ["OVN_Northbound", {"op": "wait", "timeout": 0, "table": "Port_Group", "where": [["name", "==", "neutron_pg_drop"]], "until": "==", "rows": []}, {"op": "insert", "table": "ACL", "row": {"action": "drop", "direction": "to-lport", "match": "outport == @neutron_pg_drop && ip", "priority": 1001}, "uuid-name": "droptoport"}, {"op": "insert", "table": "ACL", "row": {"action": "drop", "direction": "from-lport", "match": "inport == @neutron_pg_drop && ip", "priority": 1001}, "uuid-name": "dropfromport"}, {"op": "insert", "table": "Port_Group", "row": {"name": "neutron_pg_drop", "acls": ["set", [["named-uuid", "droptoport"], ["named-uuid", "dropfromport"]]]}}]" returned: 0 in 0.033s {{(pid=103718) execute /opt/stack/data/venv/lib/python3.12/site-packages/oslo_concurrency/processutils.py:468}}
May 05 11:26:24.377293 np0000171772 devstack@neutron-api.service[103718]: DEBUG neutron_lib.callbacks.manager [None req-a6de2766-9173-42b0-9de4-f63ce0f4f038 None None] Publish callbacks ['neutron.plugins.ml2.drivers.ovn.mech_driver.mech_driver.OVNMechanismDriver.post_fork_initialize-67056449', 'neutron.services.ovn_l3.plugin.OVNL3RouterPlugin._post_fork_initialize-215726'] for process (None), after_init {{(pid=103718) _notify_loop /opt/stack/data/venv/lib/python3.12/site-packages/neutron_lib/callbacks/manager.py:184}}
May 05 11:26:24.378641 np0000171772 devstack@neutron-api.service[103718]: DEBUG oslo_concurrency.lockutils [None req-a6de2766-9173-42b0-9de4-f63ce0f4f038 None None] Acquiring lock "singleton_lock" {{(pid=103718) lock /opt/stack/data/venv/lib/python3.12/site-packages/oslo_concurrency/lockutils.py:390}}
May 05 11:26:24.378641 np0000171772 devstack@neutron-api.service[103718]: DEBUG oslo_concurrency.lockutils [None req-a6de2766-9173-42b0-9de4-f63ce0f4f038 None None] Acquired lock "singleton_lock" {{(pid=103718) lock /opt/stack/data/venv/lib/python3.12/site-packages/oslo_concurrency/lockutils.py:393}}
May 05 11:26:24.378641 np0000171772 devstack@neutron-api.service[103718]: DEBUG oslo_concurrency.lockutils [None req-a6de2766-9173-42b0-9de4-f63ce0f4f038 None None] Releasing lock "singleton_lock" {{(pid=103718) lock /opt/stack/data/venv/lib/python3.12/site-packages/oslo_concurrency/lockutils.py:413}}
May 05 11:26:24.379590 np0000171772 devstack@neutron-api.service[103718]: DEBUG neutron.plugins.ml2.drivers.ovn.mech_driver.mech_driver [None req-a6de2766-9173-42b0-9de4-f63ce0f4f038 None None] Hash Ring setup using WSGI start time 2026-05-05 11:26:17+00:00 {{(pid=103718) _init_hash_ring /opt/stack/neutron/neutron/plugins/ml2/drivers/ovn/mech_driver/mech_driver.py:402}}
May 05 11:26:24.381656 np0000171772 devstack@neutron-api.service[103716]: DEBUG oslo_concurrency.processutils [None req-047097ed-6e56-41dc-8fb2-c9b58063cec6 None None] CMD "ovsdb-client transact ssl:199.204.45.242:6641 --timeout 180 -p /opt/stack/data/CA/int-ca/private/devstack-cert.key -c /opt/stack/data/CA/int-ca/devstack-cert.crt -C /opt/stack/data/CA/int-ca/ca-chain.pem ["OVN_Northbound", {"op": "wait", "timeout": 0, "table": "Port_Group", "where": [["name", "==", "neutron_pg_drop"]], "until": "==", "rows": []}, {"op": "insert", "table": "ACL", "row": {"action": "drop", "direction": "to-lport", "match": "outport == @neutron_pg_drop && ip", "priority": 1001}, "uuid-name": "droptoport"}, {"op": "insert", "table": "ACL", "row": {"action": "drop", "direction": "from-lport", "match": "inport == @neutron_pg_drop && ip", "priority": 1001}, "uuid-name": "dropfromport"}, {"op": "insert", "table": "Port_Group", "row": {"name": "neutron_pg_drop", "acls": ["set", [["named-uuid", "droptoport"], ["named-uuid", "dropfromport"]]]}}]" returned: 0 in 0.038s {{(pid=103716) execute /opt/stack/data/venv/lib/python3.12/site-packages/oslo_concurrency/processutils.py:468}}
May 05 11:26:24.382186 np0000171772 devstack@neutron-api.service[103716]: DEBUG neutron_lib.callbacks.manager [None req-047097ed-6e56-41dc-8fb2-c9b58063cec6 None None] Publish callbacks ['neutron.plugins.ml2.drivers.ovn.mech_driver.mech_driver.OVNMechanismDriver.post_fork_initialize-67041265', 'neutron.services.ovn_l3.plugin.OVNL3RouterPlugin._post_fork_initialize-1728012'] for process (None), after_init {{(pid=103716) _notify_loop /opt/stack/data/venv/lib/python3.12/site-packages/neutron_lib/callbacks/manager.py:184}}
May 05 11:26:24.382697 np0000171772 devstack@neutron-api.service[103716]: DEBUG oslo_concurrency.lockutils [None req-047097ed-6e56-41dc-8fb2-c9b58063cec6 None None] Acquiring lock "singleton_lock" {{(pid=103716) lock /opt/stack/data/venv/lib/python3.12/site-packages/oslo_concurrency/lockutils.py:390}}
May 05 11:26:24.382864 np0000171772 devstack@neutron-api.service[103716]: DEBUG oslo_concurrency.lockutils [None req-047097ed-6e56-41dc-8fb2-c9b58063cec6 None None] Acquired lock "singleton_lock" {{(pid=103716) lock /opt/stack/data/venv/lib/python3.12/site-packages/oslo_concurrency/lockutils.py:393}}
May 05 11:26:24.383207 np0000171772 devstack@neutron-api.service[103716]: DEBUG oslo_concurrency.lockutils [None req-047097ed-6e56-41dc-8fb2-c9b58063cec6 None None] Releasing lock "singleton_lock" {{(pid=103716) lock /opt/stack/data/venv/lib/python3.12/site-packages/oslo_concurrency/lockutils.py:413}}
May 05 11:26:24.384393 np0000171772 devstack@neutron-api.service[103718]: INFO neutron.db.ovn_hash_ring_db [None req-a6de2766-9173-42b0-9de4-f63ce0f4f038 None None] Nodes from host "np0000171772" and group "mechanism_driver" removed from the Hash Ring created at 2026-05-05 11:26:17+00:00
May 05 11:26:24.385549 np0000171772 devstack@neutron-api.service[103716]: DEBUG neutron.plugins.ml2.drivers.ovn.mech_driver.mech_driver [None req-047097ed-6e56-41dc-8fb2-c9b58063cec6 None None] Hash Ring setup using WSGI start time 2026-05-05 11:26:17+00:00 {{(pid=103716) _init_hash_ring /opt/stack/neutron/neutron/plugins/ml2/drivers/ovn/mech_driver/mech_driver.py:402}}
May 05 11:26:24.386728 np0000171772 devstack@neutron-api.service[103718]: INFO neutron.db.ovn_hash_ring_db [None req-a6de2766-9173-42b0-9de4-f63ce0f4f038 None None] Node 0738854b882b597cb150f5603685ac81 from host "np0000171772" and group "mechanism_driver" added to the Hash Ring
May 05 11:26:24.389425 np0000171772 devstack@neutron-api.service[103718]: DEBUG neutron.plugins.ml2.drivers.ovn.mech_driver.mech_driver [None req-a6de2766-9173-42b0-9de4-f63ce0f4f038 None None] Hash Ring setup, this worker has detected 2 OVN hash ring registers in the database {{(pid=103718) _init_hash_ring /opt/stack/neutron/neutron/plugins/ml2/drivers/ovn/mech_driver/mech_driver.py:412}}
May 05 11:26:24.396439 np0000171772 devstack@neutron-api.service[103716]: INFO neutron.db.ovn_hash_ring_db [None req-047097ed-6e56-41dc-8fb2-c9b58063cec6 None None] Nodes from host "np0000171772" and group "mechanism_driver" removed from the Hash Ring created at 2026-05-05 11:26:17+00:00
May 05 11:26:24.397158 np0000171772 devstack@neutron-api.service[103718]: DEBUG neutron.plugins.ml2.drivers.ovn.mech_driver.ovsdb.maintenance [None req-a6de2766-9173-42b0-9de4-f63ce0f4f038 None None] Periodic task found: HashRingHealthCheckPeriodics.touch_hash_ring_node {{(pid=103718) add_periodics /opt/stack/neutron/neutron/plugins/ml2/drivers/ovn/mech_driver/ovsdb/maintenance.py:148}}
May 05 11:26:24.398130 np0000171772 devstack@neutron-api.service[103718]: INFO neutron.plugins.ml2.drivers.ovn.mech_driver.mech_driver [None req-a6de2766-9173-42b0-9de4-f63ce0f4f038 None None] Hash Ring probing thread for node 0738854b882b597cb150f5603685ac81 has started
May 05 11:26:24.398631 np0000171772 devstack@neutron-api.service[103718]: INFO neutron.plugins.ml2.drivers.ovn.mech_driver.ovsdb.impl_idl_ovn [None req-a6de2766-9173-42b0-9de4-f63ce0f4f038 None None] Getting OvsdbNbOvnIdl for WorkerService with retry
May 05 11:26:24.399140 np0000171772 devstack@neutron-api.service[103716]: INFO neutron.db.ovn_hash_ring_db [None req-047097ed-6e56-41dc-8fb2-c9b58063cec6 None None] Node a8966399f294568b87ae018cb214f09f from host "np0000171772" and group "mechanism_driver" added to the Hash Ring
May 05 11:26:24.402053 np0000171772 devstack@neutron-api.service[103716]: DEBUG neutron.plugins.ml2.drivers.ovn.mech_driver.mech_driver [None req-047097ed-6e56-41dc-8fb2-c9b58063cec6 None None] Hash Ring setup, this worker has detected 3 OVN hash ring registers in the database {{(pid=103716) _init_hash_ring /opt/stack/neutron/neutron/plugins/ml2/drivers/ovn/mech_driver/mech_driver.py:412}}
May 05 11:26:24.413950 np0000171772 devstack@neutron-api.service[103716]: DEBUG neutron.plugins.ml2.drivers.ovn.mech_driver.ovsdb.maintenance [None req-047097ed-6e56-41dc-8fb2-c9b58063cec6 None None] Periodic task found: HashRingHealthCheckPeriodics.touch_hash_ring_node {{(pid=103716) add_periodics /opt/stack/neutron/neutron/plugins/ml2/drivers/ovn/mech_driver/ovsdb/maintenance.py:148}}
May 05 11:26:24.415170 np0000171772 devstack@neutron-api.service[103716]: INFO neutron.plugins.ml2.drivers.ovn.mech_driver.mech_driver [None req-047097ed-6e56-41dc-8fb2-c9b58063cec6 None None] Hash Ring probing thread for node a8966399f294568b87ae018cb214f09f has started
May 05 11:26:24.416183 np0000171772 devstack@neutron-api.service[103716]: INFO neutron.plugins.ml2.drivers.ovn.mech_driver.ovsdb.impl_idl_ovn [None req-047097ed-6e56-41dc-8fb2-c9b58063cec6 None None] Getting OvsdbNbOvnIdl for WorkerService with retry
May 05 11:26:24.457802 np0000171772 devstack@neutron-api.service[103719]: [pid: 103719|app: 0|req: 1/1] 199.204.45.242 () {62 vars in 988 bytes} [Tue May 5 11:26:24 2026] GET /networking => generated 130 bytes in 2 msecs (HTTP/1.1 200) 3 headers in 91 bytes (1 switches on core 0)
May 05 11:26:24.485732 np0000171772 devstack@neutron-api.service[103717]: INFO neutron.quota.resource_registry [None req-83fd7a7f-5899-46b4-a13a-ace929b8e443 None None] Creating instance of TrackedResource for resource:security_group
May 05 11:26:24.486146 np0000171772 devstack@neutron-api.service[103717]: INFO neutron.quota.resource_registry [None req-83fd7a7f-5899-46b4-a13a-ace929b8e443 None None] Creating instance of TrackedResource for resource:security_group_rule
May 05 11:26:24.486565 np0000171772 devstack@neutron-api.service[103717]: WARNING neutron.api.api_common [None req-83fd7a7f-5899-46b4-a13a-ace929b8e443 None None] The plugin class neutron.db.servicetype_db.ServiceTypeManager should inherit from ``ServicePluginBase`` or ``NeutronDbPluginV2``. This class needs to be refactored. Please report a Launchpad bug in https://bugs.launchpad.net/neutron.
May 05 11:26:24.486953 np0000171772 devstack@neutron-api.service[103717]: DEBUG neutron.api.v2.resource_helper [None req-83fd7a7f-5899-46b4-a13a-ace929b8e443 None None] Service CORE assigned prefix: {{(pid=103717) build_resource_info /opt/stack/neutron/neutron/api/v2/resource_helper.py:77}}
May 05 11:26:24.487081 np0000171772 devstack@neutron-api.service[103717]: INFO neutron.quota.resource_registry [None req-83fd7a7f-5899-46b4-a13a-ace929b8e443 None None] Creating instance of TrackedResource for resource:subnetpool
May 05 11:26:24.487213 np0000171772 devstack@neutron-api.service[103717]: WARNING neutron.quota.resource_registry [None req-83fd7a7f-5899-46b4-a13a-ace929b8e443 None None] subnetpool is already registered
May 05 11:26:24.487779 np0000171772 devstack@neutron-api.service[103717]: WARNING neutron.api.api_common [None req-83fd7a7f-5899-46b4-a13a-ace929b8e443 None None] The plugin class builtins.NoneType should inherit from ``ServicePluginBase`` or ``NeutronDbPluginV2``. This class needs to be refactored. Please report a Launchpad bug in https://bugs.launchpad.net/neutron.
May 05 11:26:24.487920 np0000171772 devstack@neutron-api.service[103717]: WARNING neutron.api.api_common [None req-83fd7a7f-5899-46b4-a13a-ace929b8e443 None None] The plugin class builtins.NoneType should inherit from ``ServicePluginBase`` or ``NeutronDbPluginV2``. This class needs to be refactored. Please report a Launchpad bug in https://bugs.launchpad.net/neutron.
May 05 11:26:24.488241 np0000171772 devstack@neutron-api.service[103717]: WARNING neutron.api.api_common [None req-83fd7a7f-5899-46b4-a13a-ace929b8e443 None None] The plugin class builtins.NoneType should inherit from ``ServicePluginBase`` or ``NeutronDbPluginV2``. This class needs to be refactored. Please report a Launchpad bug in https://bugs.launchpad.net/neutron.
May 05 11:26:24.488443 np0000171772 devstack@neutron-api.service[103717]: WARNING neutron.api.api_common [None req-83fd7a7f-5899-46b4-a13a-ace929b8e443 None None] The plugin class neutron.db.servicetype_db.ServiceTypeManager should inherit from ``ServicePluginBase`` or ``NeutronDbPluginV2``. This class needs to be refactored. Please report a Launchpad bug in https://bugs.launchpad.net/neutron.
May 05 11:26:24.488564 np0000171772 devstack@neutron-api.service[103717]: WARNING neutron.api.api_common [None req-83fd7a7f-5899-46b4-a13a-ace929b8e443 None None] The plugin class builtins.NoneType should inherit from ``ServicePluginBase`` or ``NeutronDbPluginV2``. This class needs to be refactored. Please report a Launchpad bug in https://bugs.launchpad.net/neutron.
May 05 11:26:24.488690 np0000171772 devstack@neutron-api.service[103717]: WARNING neutron.api.api_common [None req-83fd7a7f-5899-46b4-a13a-ace929b8e443 None None] The plugin class builtins.NoneType should inherit from ``ServicePluginBase`` or ``NeutronDbPluginV2``. This class needs to be refactored. Please report a Launchpad bug in https://bugs.launchpad.net/neutron.
May 05 11:26:24.488852 np0000171772 devstack@neutron-api.service[103717]: WARNING neutron.api.api_common [None req-83fd7a7f-5899-46b4-a13a-ace929b8e443 None None] The plugin class builtins.NoneType should inherit from ``ServicePluginBase`` or ``NeutronDbPluginV2``. This class needs to be refactored. Please report a Launchpad bug in https://bugs.launchpad.net/neutron.
May 05 11:26:24.488916 np0000171772 devstack@neutron-api.service[103717]: WARNING neutron.api.api_common [None req-83fd7a7f-5899-46b4-a13a-ace929b8e443 None None] The plugin class builtins.NoneType should inherit from ``ServicePluginBase`` or ``NeutronDbPluginV2``. This class needs to be refactored. Please report a Launchpad bug in https://bugs.launchpad.net/neutron.
May 05 11:26:24.489101 np0000171772 devstack@neutron-api.service[103717]: WARNING neutron.api.api_common [None req-83fd7a7f-5899-46b4-a13a-ace929b8e443 None None] The plugin class builtins.NoneType should inherit from ``ServicePluginBase`` or ``NeutronDbPluginV2``. This class needs to be refactored. Please report a Launchpad bug in https://bugs.launchpad.net/neutron.
May 05 11:26:24.489253 np0000171772 devstack@neutron-api.service[103717]: WARNING neutron.api.api_common [None req-83fd7a7f-5899-46b4-a13a-ace929b8e443 None None] The plugin class builtins.NoneType should inherit from ``ServicePluginBase`` or ``NeutronDbPluginV2``. This class needs to be refactored. Please report a Launchpad bug in https://bugs.launchpad.net/neutron.
May 05 11:26:24.489374 np0000171772 devstack@neutron-api.service[103717]: WARNING neutron.api.api_common [None req-83fd7a7f-5899-46b4-a13a-ace929b8e443 None None] The plugin class builtins.NoneType should inherit from ``ServicePluginBase`` or ``NeutronDbPluginV2``. This class needs to be refactored. Please report a Launchpad bug in https://bugs.launchpad.net/neutron.
May 05 11:26:24.489538 np0000171772 devstack@neutron-api.service[103717]: WARNING neutron.api.api_common [None req-83fd7a7f-5899-46b4-a13a-ace929b8e443 None None] The plugin class builtins.NoneType should inherit from ``ServicePluginBase`` or ``NeutronDbPluginV2``. This class needs to be refactored. Please report a Launchpad bug in https://bugs.launchpad.net/neutron.
May 05 11:26:24.489654 np0000171772 devstack@neutron-api.service[103717]: WARNING neutron.api.api_common [None req-83fd7a7f-5899-46b4-a13a-ace929b8e443 None None] The plugin class builtins.NoneType should inherit from ``ServicePluginBase`` or ``NeutronDbPluginV2``. This class needs to be refactored. Please report a Launchpad bug in https://bugs.launchpad.net/neutron.
May 05 11:26:24.489723 np0000171772 devstack@neutron-api.service[103717]: WARNING neutron.api.api_common [None req-83fd7a7f-5899-46b4-a13a-ace929b8e443 None None] The plugin class builtins.NoneType should inherit from ``ServicePluginBase`` or ``NeutronDbPluginV2``. This class needs to be refactored. Please report a Launchpad bug in https://bugs.launchpad.net/neutron.
May 05 11:26:24.491030 np0000171772 devstack@neutron-api.service[103717]: DEBUG neutron.api.v2.resource_helper [None req-83fd7a7f-5899-46b4-a13a-ace929b8e443 None None] Service L3_ROUTER_NAT assigned prefix: {{(pid=103717) build_resource_info /opt/stack/neutron/neutron/api/v2/resource_helper.py:77}}
May 05 11:26:24.491406 np0000171772 devstack@neutron-api.service[103717]: DEBUG neutron.api.v2.resource_helper [None req-83fd7a7f-5899-46b4-a13a-ace929b8e443 None None] Service FLAVORS assigned prefix: {{(pid=103717) build_resource_info /opt/stack/neutron/neutron/api/v2/resource_helper.py:77}}
May 05 11:26:24.492244 np0000171772 devstack@neutron-api.service[103717]: DEBUG neutron.api.v2.resource_helper [None req-83fd7a7f-5899-46b4-a13a-ace929b8e443 None None] Service L3_ROUTER_NAT assigned prefix: {{(pid=103717) build_resource_info /opt/stack/neutron/neutron/api/v2/resource_helper.py:77}}
May 05 11:26:24.492598 np0000171772 devstack@neutron-api.service[103717]: DEBUG neutron.api.v2.resource_helper [None req-83fd7a7f-5899-46b4-a13a-ace929b8e443 None None] Service L3_ROUTER_NAT assigned prefix: {{(pid=103717) build_resource_info /opt/stack/neutron/neutron/api/v2/resource_helper.py:77}}
May 05 11:26:24.492724 np0000171772 devstack@neutron-api.service[103717]: INFO neutron.quota.resource_registry [None req-83fd7a7f-5899-46b4-a13a-ace929b8e443 None None] Creating instance of TrackedResource for resource:router
May 05 11:26:24.492850 np0000171772 devstack@neutron-api.service[103717]: WARNING neutron.quota.resource_registry [None req-83fd7a7f-5899-46b4-a13a-ace929b8e443 None None] router is already registered
May 05 11:26:24.493380 np0000171772 devstack@neutron-api.service[103717]: INFO neutron.quota.resource_registry [None req-83fd7a7f-5899-46b4-a13a-ace929b8e443 None None] Creating instance of TrackedResource for resource:floatingip
May 05 11:26:24.493514 np0000171772 devstack@neutron-api.service[103717]: WARNING neutron.quota.resource_registry [None req-83fd7a7f-5899-46b4-a13a-ace929b8e443 None None] floatingip is already registered
May 05 11:26:24.494437 np0000171772 devstack@neutron-api.service[103717]: INFO neutron.quota.resource_registry [None req-83fd7a7f-5899-46b4-a13a-ace929b8e443 None None] Creating instance of CountableResource for resource:rbac_policy
May 05 11:26:24.494539 np0000171772 devstack@neutron-api.service[103717]: WARNING neutron.quota.resource_registry [None req-83fd7a7f-5899-46b4-a13a-ace929b8e443 None None] rbac_policy is already registered
May 05 11:26:24.495046 np0000171772 devstack@neutron-api.service[103717]: INFO neutron.quota.resource_registry [None req-83fd7a7f-5899-46b4-a13a-ace929b8e443 None None] Creating instance of TrackedResource for resource:security_group
May 05 11:26:24.495171 np0000171772 devstack@neutron-api.service[103717]: WARNING neutron.quota.resource_registry [None req-83fd7a7f-5899-46b4-a13a-ace929b8e443 None None] security_group is already registered
May 05 11:26:24.495526 np0000171772 devstack@neutron-api.service[103717]: INFO neutron.quota.resource_registry [None req-83fd7a7f-5899-46b4-a13a-ace929b8e443 None None] Creating instance of TrackedResource for resource:security_group_rule
May 05 11:26:24.495646 np0000171772 devstack@neutron-api.service[103717]: WARNING neutron.quota.resource_registry [None req-83fd7a7f-5899-46b4-a13a-ace929b8e443 None None] security_group_rule is already registered
May 05 11:26:24.495971 np0000171772 devstack@neutron-api.service[103717]: WARNING neutron.api.api_common [None req-83fd7a7f-5899-46b4-a13a-ace929b8e443 None None] The plugin class neutron.db.servicetype_db.ServiceTypeManager should inherit from ``ServicePluginBase`` or ``NeutronDbPluginV2``. This class needs to be refactored. Please report a Launchpad bug in https://bugs.launchpad.net/neutron.
May 05 11:26:24.496300 np0000171772 devstack@neutron-api.service[103717]: DEBUG neutron.api.v2.resource_helper [None req-83fd7a7f-5899-46b4-a13a-ace929b8e443 None None] Service CORE assigned prefix: {{(pid=103717) build_resource_info /opt/stack/neutron/neutron/api/v2/resource_helper.py:77}}
May 05 11:26:24.496440 np0000171772 devstack@neutron-api.service[103717]: INFO neutron.quota.resource_registry [None req-83fd7a7f-5899-46b4-a13a-ace929b8e443 None None] Creating instance of TrackedResource for resource:subnetpool
May 05 11:26:24.496560 np0000171772 devstack@neutron-api.service[103717]: WARNING neutron.quota.resource_registry [None req-83fd7a7f-5899-46b4-a13a-ace929b8e443 None None] subnetpool is already registered
May 05 11:26:24.496924 np0000171772 devstack@neutron-api.service[103717]: DEBUG neutron.api.extensions [None req-83fd7a7f-5899-46b4-a13a-ace929b8e443 None None] Extended resource: extensions {{(pid=103717) __init__ /opt/stack/neutron/neutron/api/extensions.py:156}}
May 05 11:26:24.497800 np0000171772 devstack@neutron-api.service[103717]: DEBUG neutron.api.extensions [None req-83fd7a7f-5899-46b4-a13a-ace929b8e443 None None] Extended resource: address-groups {{(pid=103717) __init__ /opt/stack/neutron/neutron/api/extensions.py:156}}
May 05 11:26:24.498469 np0000171772 devstack@neutron-api.service[103717]: DEBUG neutron.api.extensions [None req-83fd7a7f-5899-46b4-a13a-ace929b8e443 None None] Extended resource: address-scopes {{(pid=103717) __init__ /opt/stack/neutron/neutron/api/extensions.py:156}}
May 05 11:26:24.498963 np0000171772 devstack@neutron-api.service[103717]: DEBUG neutron.api.extensions [None req-83fd7a7f-5899-46b4-a13a-ace929b8e443 None None] Extended resource: agents {{(pid=103717) __init__ /opt/stack/neutron/neutron/api/extensions.py:156}}
May 05 11:26:24.499508 np0000171772 devstack@neutron-api.service[103717]: DEBUG neutron.api.extensions [None req-83fd7a7f-5899-46b4-a13a-ace929b8e443 None None] Extended resource: auto-allocated-topology {{(pid=103717) __init__ /opt/stack/neutron/neutron/api/extensions.py:156}}
May 05 11:26:24.500023 np0000171772 devstack@neutron-api.service[103717]: DEBUG neutron.api.extensions [None req-83fd7a7f-5899-46b4-a13a-ace929b8e443 None None] Extended resource: availability_zones {{(pid=103717) __init__ /opt/stack/neutron/neutron/api/extensions.py:156}}
May 05 11:26:24.500548 np0000171772 devstack@neutron-api.service[103717]: DEBUG neutron.api.extensions [None req-83fd7a7f-5899-46b4-a13a-ace929b8e443 None None] Extended resource: dhcp-networks {{(pid=103717) __init__ /opt/stack/neutron/neutron/api/extensions.py:156}}
May 05 11:26:24.501176 np0000171772 devstack@neutron-api.service[103717]: DEBUG neutron.api.extensions [None req-83fd7a7f-5899-46b4-a13a-ace929b8e443 None None] Extended resource: dhcp-agents {{(pid=103717) __init__ /opt/stack/neutron/neutron/api/extensions.py:156}}
May 05 11:26:24.501851 np0000171772 devstack@neutron-api.service[103717]: DEBUG neutron.api.extensions [None req-83fd7a7f-5899-46b4-a13a-ace929b8e443 None None] Extended resource: routers {{(pid=103717) __init__ /opt/stack/neutron/neutron/api/extensions.py:156}}
May 05 11:26:24.502804 np0000171772 devstack@neutron-api.service[103717]: DEBUG neutron.api.extensions [None req-83fd7a7f-5899-46b4-a13a-ace929b8e443 None None] Extended resource: flavors {{(pid=103717) __init__ /opt/stack/neutron/neutron/api/extensions.py:156}}
May 05 11:26:24.503324 np0000171772 devstack@neutron-api.service[103717]: DEBUG neutron.api.extensions [None req-83fd7a7f-5899-46b4-a13a-ace929b8e443 None None] Extended resource: service_profiles {{(pid=103717) __init__ /opt/stack/neutron/neutron/api/extensions.py:156}}
May 05 11:26:24.503848 np0000171772 devstack@neutron-api.service[103717]: DEBUG neutron.api.extensions [None req-83fd7a7f-5899-46b4-a13a-ace929b8e443 None None] Extended resource: next_providers {{(pid=103717) __init__ /opt/stack/neutron/neutron/api/extensions.py:156}}
May 05 11:26:24.504496 np0000171772 devstack@neutron-api.service[103717]: DEBUG neutron.api.extensions [None req-83fd7a7f-5899-46b4-a13a-ace929b8e443 None None] Extended resource: service_profiles {{(pid=103717) __init__ /opt/stack/neutron/neutron/api/extensions.py:156}}
May 05 11:26:24.505311 np0000171772 devstack@neutron-api.service[103717]: DEBUG neutron.api.extensions [None req-83fd7a7f-5899-46b4-a13a-ace929b8e443 None None] Extended resource: floatingip-pools {{(pid=103717) __init__ /opt/stack/neutron/neutron/api/extensions.py:156}}
May 05 11:26:24.505881 np0000171772 devstack@neutron-api.service[103717]: DEBUG neutron.api.extensions [None req-83fd7a7f-5899-46b4-a13a-ace929b8e443 None None] Extended resource: routers {{(pid=103717) __init__ /opt/stack/neutron/neutron/api/extensions.py:156}}
May 05 11:26:24.506808 np0000171772 devstack@neutron-api.service[103717]: DEBUG neutron.api.extensions [None req-83fd7a7f-5899-46b4-a13a-ace929b8e443 None None] Extended resource: floatingips {{(pid=103717) __init__ /opt/stack/neutron/neutron/api/extensions.py:156}}
May 05 11:26:24.507330 np0000171772 devstack@neutron-api.service[103717]: DEBUG neutron.api.extensions [None req-83fd7a7f-5899-46b4-a13a-ace929b8e443 None None] Extended resource: network-ip-availabilities {{(pid=103717) __init__ /opt/stack/neutron/neutron/api/extensions.py:156}}
May 05 11:26:24.507870 np0000171772 devstack@neutron-api.service[103717]: DEBUG neutron.api.extensions [None req-83fd7a7f-5899-46b4-a13a-ace929b8e443 None None] Extended resource: network-ip-availabilities {{(pid=103717) __init__ /opt/stack/neutron/neutron/api/extensions.py:156}}
May 05 11:26:24.508406 np0000171772 devstack@neutron-api.service[103717]: DEBUG neutron.api.extensions [None req-83fd7a7f-5899-46b4-a13a-ace929b8e443 None None] Extended resource: bindings {{(pid=103717) __init__ /opt/stack/neutron/neutron/api/extensions.py:156}}
May 05 11:26:24.509082 np0000171772 devstack@neutron-api.service[103717]: DEBUG neutron.api.extensions [None req-83fd7a7f-5899-46b4-a13a-ace929b8e443 None None] Extended resource: quotas {{(pid=103717) __init__ /opt/stack/neutron/neutron/api/extensions.py:156}}
May 05 11:26:24.510807 np0000171772 devstack@neutron-api.service[103717]: DEBUG neutron.api.extensions [None req-83fd7a7f-5899-46b4-a13a-ace929b8e443 None None] Extended resource: quotas {{(pid=103717) __init__ /opt/stack/neutron/neutron/api/extensions.py:156}}
May 05 11:26:24.510807 np0000171772 devstack@neutron-api.service[103717]: DEBUG neutron.api.extensions [None req-83fd7a7f-5899-46b4-a13a-ace929b8e443 None None] Extended resource: rbac-policies {{(pid=103717) __init__ /opt/stack/neutron/neutron/api/extensions.py:156}}
May 05 11:26:24.511004 np0000171772 devstack@neutron-api.service[103717]: DEBUG neutron.api.extensions [None req-83fd7a7f-5899-46b4-a13a-ace929b8e443 None None] Extended resource: default-security-group-rules {{(pid=103717) __init__ /opt/stack/neutron/neutron/api/extensions.py:156}}
May 05 11:26:24.511562 np0000171772 devstack@neutron-api.service[103717]: DEBUG neutron.api.extensions [None req-83fd7a7f-5899-46b4-a13a-ace929b8e443 None None] Extended resource: security-groups {{(pid=103717) __init__ /opt/stack/neutron/neutron/api/extensions.py:156}}
May 05 11:26:24.512070 np0000171772 devstack@neutron-api.service[103717]: DEBUG neutron.api.extensions [None req-83fd7a7f-5899-46b4-a13a-ace929b8e443 None None] Extended resource: security-group-rules {{(pid=103717) __init__ /opt/stack/neutron/neutron/api/extensions.py:156}}
May 05 11:26:24.512601 np0000171772 devstack@neutron-api.service[103717]: DEBUG neutron.api.extensions [None req-83fd7a7f-5899-46b4-a13a-ace929b8e443 None None] Extended resource: service-providers {{(pid=103717) __init__ /opt/stack/neutron/neutron/api/extensions.py:156}}
May 05 11:26:24.513163 np0000171772 devstack@neutron-api.service[103717]: DEBUG neutron.api.extensions [None req-83fd7a7f-5899-46b4-a13a-ace929b8e443 None None] Extended resource: subnetpools {{(pid=103717) __init__ /opt/stack/neutron/neutron/api/extensions.py:156}}
May 05 11:26:24.514780 np0000171772 devstack@neutron-api.service[103717]: DEBUG neutron.api.extensions [None req-83fd7a7f-5899-46b4-a13a-ace929b8e443 None None] Extended resource: tags {{(pid=103717) __init__ /opt/stack/neutron/neutron/api/extensions.py:156}}
May 05 11:26:24.514780 np0000171772 devstack@neutron-api.service[103717]: DEBUG neutron.api.extensions [None req-83fd7a7f-5899-46b4-a13a-ace929b8e443 None None] Extended resource: tags {{(pid=103717) __init__ /opt/stack/neutron/neutron/api/extensions.py:156}}
May 05 11:26:24.515889 np0000171772 devstack@neutron-api.service[103717]: DEBUG neutron.api.extensions [None req-83fd7a7f-5899-46b4-a13a-ace929b8e443 None None] Extended resource: tags {{(pid=103717) __init__ /opt/stack/neutron/neutron/api/extensions.py:156}}
May 05 11:26:24.516702 np0000171772 devstack@neutron-api.service[103717]: DEBUG neutron.api.extensions [None req-83fd7a7f-5899-46b4-a13a-ace929b8e443 None None] Extended resource: tags {{(pid=103717) __init__ /opt/stack/neutron/neutron/api/extensions.py:156}}
May 05 11:26:24.517533 np0000171772 devstack@neutron-api.service[103717]: DEBUG neutron.api.extensions [None req-83fd7a7f-5899-46b4-a13a-ace929b8e443 None None] Extended resource: tags {{(pid=103717) __init__ /opt/stack/neutron/neutron/api/extensions.py:156}}
May 05 11:26:24.518381 np0000171772 devstack@neutron-api.service[103717]: DEBUG neutron.api.extensions [None req-83fd7a7f-5899-46b4-a13a-ace929b8e443 None None] Extended resource: tags {{(pid=103717) __init__ /opt/stack/neutron/neutron/api/extensions.py:156}}
May 05 11:26:24.519138 np0000171772 devstack@neutron-api.service[103717]: DEBUG neutron.api.extensions [None req-83fd7a7f-5899-46b4-a13a-ace929b8e443 None None] Extended resource: tags {{(pid=103717) __init__ /opt/stack/neutron/neutron/api/extensions.py:156}}
May 05 11:26:24.520163 np0000171772 devstack@neutron-api.service[103717]: DEBUG neutron.api.extensions [None req-83fd7a7f-5899-46b4-a13a-ace929b8e443 None None] Extended resource: tags {{(pid=103717) __init__ /opt/stack/neutron/neutron/api/extensions.py:156}}
May 05 11:26:24.520938 np0000171772 devstack@neutron-api.service[103717]: DEBUG neutron.api.extensions [None req-83fd7a7f-5899-46b4-a13a-ace929b8e443 None None] Extended resource: tags {{(pid=103717) __init__ /opt/stack/neutron/neutron/api/extensions.py:156}}
May 05 11:26:24.521816 np0000171772 devstack@neutron-api.service[103717]: DEBUG neutron.api.extensions [None req-83fd7a7f-5899-46b4-a13a-ace929b8e443 None None] Extended resource: tags {{(pid=103717) __init__ /opt/stack/neutron/neutron/api/extensions.py:156}}
May 05 11:26:24.525011 np0000171772 devstack@neutron-api.service[103717]: WARNING keystonemiddleware.auth_token [None req-83fd7a7f-5899-46b4-a13a-ace929b8e443 None None] AuthToken middleware is set with keystone_authtoken.service_token_roles_required set to False. This is backwards compatible but deprecated behaviour. Please set this to True.
May 05 11:26:24.531853 np0000171772 devstack@neutron-api.service[103717]: DEBUG neutron_lib.callbacks.manager [None req-83fd7a7f-5899-46b4-a13a-ace929b8e443 None None] Publish callbacks ['neutron.plugins.ml2.drivers.ovn.mech_driver.mech_driver.OVNMechanismDriver.pre_fork_initialize-67072622'] for process (None), before_spawn {{(pid=103717) _notify_loop /opt/stack/data/venv/lib/python3.12/site-packages/neutron_lib/callbacks/manager.py:184}}
May 05 11:26:24.532265 np0000171772 devstack@neutron-api.service[103717]: DEBUG oslo_concurrency.processutils [None req-83fd7a7f-5899-46b4-a13a-ace929b8e443 None None] Running cmd (subprocess): ovsdb-client transact ssl:199.204.45.242:6641 --timeout 180 -p /opt/stack/data/CA/int-ca/private/devstack-cert.key -c /opt/stack/data/CA/int-ca/devstack-cert.crt -C /opt/stack/data/CA/int-ca/ca-chain.pem ["OVN_Northbound", {"op": "wait", "timeout": 0, "table": "Port_Group", "where": [["name", "==", "neutron_pg_drop"]], "until": "==", "rows": []}, {"op": "insert", "table": "ACL", "row": {"action": "drop", "direction": "to-lport", "match": "outport == @neutron_pg_drop && ip", "priority": 1001}, "uuid-name": "droptoport"}, {"op": "insert", "table": "ACL", "row": {"action": "drop", "direction": "from-lport", "match": "inport == @neutron_pg_drop && ip", "priority": 1001}, "uuid-name": "dropfromport"}, {"op": "insert", "table": "Port_Group", "row": {"name": "neutron_pg_drop", "acls": ["set", [["named-uuid", "droptoport"], ["named-uuid", "dropfromport"]]]}}] {{(pid=103717) execute /opt/stack/data/venv/lib/python3.12/site-packages/oslo_concurrency/processutils.py:440}}
May 05 11:26:24.568597 np0000171772 devstack@neutron-api.service[103717]: DEBUG oslo_concurrency.processutils [None req-83fd7a7f-5899-46b4-a13a-ace929b8e443 None None] CMD "ovsdb-client transact ssl:199.204.45.242:6641 --timeout 180 -p /opt/stack/data/CA/int-ca/private/devstack-cert.key -c /opt/stack/data/CA/int-ca/devstack-cert.crt -C /opt/stack/data/CA/int-ca/ca-chain.pem ["OVN_Northbound", {"op": "wait", "timeout": 0, "table": "Port_Group", "where": [["name", "==", "neutron_pg_drop"]], "until": "==", "rows": []}, {"op": "insert", "table": "ACL", "row": {"action": "drop", "direction": "to-lport", "match": "outport == @neutron_pg_drop && ip", "priority": 1001}, "uuid-name": "droptoport"}, {"op": "insert", "table": "ACL", "row": {"action": "drop", "direction": "from-lport", "match": "inport == @neutron_pg_drop && ip", "priority": 1001}, "uuid-name": "dropfromport"}, {"op": "insert", "table": "Port_Group", "row": {"name": "neutron_pg_drop", "acls": ["set", [["named-uuid", "droptoport"], ["named-uuid", "dropfromport"]]]}}]" returned: 0 in 0.036s {{(pid=103717) execute /opt/stack/data/venv/lib/python3.12/site-packages/oslo_concurrency/processutils.py:468}}
May 05 11:26:24.569299 np0000171772 devstack@neutron-api.service[103717]: DEBUG neutron_lib.callbacks.manager [None req-83fd7a7f-5899-46b4-a13a-ace929b8e443 None None] Publish callbacks ['neutron.plugins.ml2.drivers.ovn.mech_driver.mech_driver.OVNMechanismDriver.post_fork_initialize-67072694', 'neutron.services.ovn_l3.plugin.OVNL3RouterPlugin._post_fork_initialize-1669922'] for process (None), after_init {{(pid=103717) _notify_loop /opt/stack/data/venv/lib/python3.12/site-packages/neutron_lib/callbacks/manager.py:184}}
May 05 11:26:24.570053 np0000171772 devstack@neutron-api.service[103717]: DEBUG oslo_concurrency.lockutils [None req-83fd7a7f-5899-46b4-a13a-ace929b8e443 None None] Acquiring lock "singleton_lock" {{(pid=103717) lock /opt/stack/data/venv/lib/python3.12/site-packages/oslo_concurrency/lockutils.py:390}}
May 05 11:26:24.570270 np0000171772 devstack@neutron-api.service[103717]: DEBUG oslo_concurrency.lockutils [None req-83fd7a7f-5899-46b4-a13a-ace929b8e443 None None] Acquired lock "singleton_lock" {{(pid=103717) lock /opt/stack/data/venv/lib/python3.12/site-packages/oslo_concurrency/lockutils.py:393}}
