2026-03-06 01:50:34.766 8 INFO cinder.api.openstack.wsgi [None req-9dd60da2-f3dc-4088-9d74-82d2e02d564b f9403809ebca43699d297bb897822a7e 89cd18f822ee4604a681062f8bf73be9 - - default default] http://cinder-api.openstack.svc.cluster.local:8776/v3/89cd18f822ee4604a681062f8bf73be9/volumes/cc43ce94-791c-4c4b-ad11-d99d60c677c5 returned with HTTP 202 [pid: 8|app: 0|req: 409/817] 10.0.0.195 () {32 vars in 778 bytes} [Fri Mar 6 01:50:34 2026] DELETE /v3/89cd18f822ee4604a681062f8bf73be9/volumes/cc43ce94-791c-4c4b-ad11-d99d60c677c5 => generated 0 bytes in 78 msecs (HTTP/1.1 202) 6 headers in 233 bytes (1 switches on core 0) /var/lib/openstack/lib/python3.10/site-packages/pycadf/identifier.py:71: UserWarning: Invalid uuid: cinderv3. To ensure interoperability, identifiers should be a valid uuid. warnings.warn(('Invalid uuid: %s. To ensure interoperability, '
2026-03-06 01:50:34.790 7 INFO cinder.api.openstack.wsgi [None req-cd9a08a9-da60-43e2-a2e9-58ced690981a f9403809ebca43699d297bb897822a7e 89cd18f822ee4604a681062f8bf73be9 - - default default] GET http://cinder-api.openstack.svc.cluster.local:8776/v3/89cd18f822ee4604a681062f8bf73be9/volumes/cc43ce94-791c-4c4b-ad11-d99d60c677c5 /var/lib/openstack/lib/python3.10/site-packages/oslo_context/context.py:100: DeprecationWarning: Policy enforcement is depending on the value of is_admin. This key is deprecated. Please update your policy file to use the standard policy values. warnings.warn('Policy enforcement is depending on the value of '
2026-03-06 01:50:34.831 7 INFO cinder.volume.api [None req-cd9a08a9-da60-43e2-a2e9-58ced690981a f9403809ebca43699d297bb897822a7e 89cd18f822ee4604a681062f8bf73be9 - - default default] Volume info retrieved successfully.
2026-03-06 01:50:34.840 7 INFO cinder.api.openstack.wsgi [None req-cd9a08a9-da60-43e2-a2e9-58ced690981a f9403809ebca43699d297bb897822a7e 89cd18f822ee4604a681062f8bf73be9 - - default default] http://cinder-api.openstack.svc.cluster.local:8776/v3/89cd18f822ee4604a681062f8bf73be9/volumes/cc43ce94-791c-4c4b-ad11-d99d60c677c5 returned with HTTP 200 [pid: 7|app: 0|req: 409/818] 10.0.0.195 () {32 vars in 775 bytes} [Fri Mar 6 01:50:34 2026] GET /v3/89cd18f822ee4604a681062f8bf73be9/volumes/cc43ce94-791c-4c4b-ad11-d99d60c677c5 => generated 948 bytes in 69 msecs (HTTP/1.1 200) 7 headers in 285 bytes (1 switches on core 0) /var/lib/openstack/lib/python3.10/site-packages/pycadf/identifier.py:71: UserWarning: Invalid uuid: cinderv3. To ensure interoperability, identifiers should be a valid uuid. warnings.warn(('Invalid uuid: %s. To ensure interoperability, '
2026-03-06 01:50:35.861 8 INFO cinder.api.openstack.wsgi [None req-4be89213-dae9-4205-a710-51b97ed4001b f9403809ebca43699d297bb897822a7e 89cd18f822ee4604a681062f8bf73be9 - - default default] GET http://cinder-api.openstack.svc.cluster.local:8776/v3/89cd18f822ee4604a681062f8bf73be9/volumes/cc43ce94-791c-4c4b-ad11-d99d60c677c5
2026-03-06 01:50:35.872 8 INFO cinder.api.openstack.wsgi [None req-4be89213-dae9-4205-a710-51b97ed4001b f9403809ebca43699d297bb897822a7e 89cd18f822ee4604a681062f8bf73be9 - - default default] http://cinder-api.openstack.svc.cluster.local:8776/v3/89cd18f822ee4604a681062f8bf73be9/volumes/cc43ce94-791c-4c4b-ad11-d99d60c677c5 returned with HTTP 404 [pid: 8|app: 0|req: 410/819] 10.0.0.195 () {32 vars in 775 bytes} [Fri Mar 6 01:50:35 2026] GET /v3/89cd18f822ee4604a681062f8bf73be9/volumes/cc43ce94-791c-4c4b-ad11-d99d60c677c5 => generated 109 bytes in 18 msecs (HTTP/1.1 404) 7 headers in 292 bytes (1 switches on core 0) /var/lib/openstack/lib/python3.10/site-packages/pycadf/identifier.py:71: UserWarning: Invalid uuid: cinderv3. To ensure interoperability, identifiers should be a valid uuid. warnings.warn(('Invalid uuid: %s. To ensure interoperability, '
2026-03-06 01:50:35.885 7 INFO cinder.api.openstack.wsgi [None req-7057467b-4123-48a6-b2f3-d1b26cd86bfc f9403809ebca43699d297bb897822a7e 89cd18f822ee4604a681062f8bf73be9 - - default default] GET http://cinder-api.openstack.svc.cluster.local:8776/v3/89cd18f822ee4604a681062f8bf73be9/volumes/38af5c38-ad3e-4e8d-b803-ee8ac5bbc09b /var/lib/openstack/lib/python3.10/site-packages/oslo_context/context.py:100: DeprecationWarning: Policy enforcement is depending on the value of is_admin. This key is deprecated. Please update your policy file to use the standard policy values. warnings.warn('Policy enforcement is depending on the value of '
2026-03-06 01:50:35.906 7 INFO cinder.volume.api [None req-7057467b-4123-48a6-b2f3-d1b26cd86bfc f9403809ebca43699d297bb897822a7e 89cd18f822ee4604a681062f8bf73be9 - - default default] Volume info retrieved successfully.
2026-03-06 01:50:35.920 7 INFO cinder.api.openstack.wsgi [None req-7057467b-4123-48a6-b2f3-d1b26cd86bfc f9403809ebca43699d297bb897822a7e 89cd18f822ee4604a681062f8bf73be9 - - default default] http://cinder-api.openstack.svc.cluster.local:8776/v3/89cd18f822ee4604a681062f8bf73be9/volumes/38af5c38-ad3e-4e8d-b803-ee8ac5bbc09b returned with HTTP 200 [pid: 7|app: 0|req: 410/820] 10.0.0.195 () {32 vars in 775 bytes} [Fri Mar 6 01:50:35 2026] GET /v3/89cd18f822ee4604a681062f8bf73be9/volumes/38af5c38-ad3e-4e8d-b803-ee8ac5bbc09b => generated 1003 bytes in 42 msecs (HTTP/1.1 200) 7 headers in 286 bytes (1 switches on core 0)
2026-03-06 01:50:35.955 8 INFO cinder.api.openstack.wsgi [None req-c20897f5-07f3-4efa-8131-e0419daf59cf f9403809ebca43699d297bb897822a7e 89cd18f822ee4604a681062f8bf73be9 - - default default] DELETE http://cinder-api.openstack.svc.cluster.local:8776/v3/89cd18f822ee4604a681062f8bf73be9/volumes/38af5c38-ad3e-4e8d-b803-ee8ac5bbc09b
2026-03-06 01:50:35.956 8 INFO cinder.api.v3.volumes [None req-c20897f5-07f3-4efa-8131-e0419daf59cf f9403809ebca43699d297bb897822a7e 89cd18f822ee4604a681062f8bf73be9 - - default default] Delete volume with id: 38af5c38-ad3e-4e8d-b803-ee8ac5bbc09b  /var/lib/openstack/lib/python3.10/site-packages/oslo_context/context.py:100: DeprecationWarning: Policy enforcement is depending on the value of is_admin. This key is deprecated. Please update your policy file to use the standard policy values. warnings.warn('Policy enforcement is depending on the value of '
2026-03-06 01:50:35.976 8 INFO cinder.volume.api [None req-c20897f5-07f3-4efa-8131-e0419daf59cf f9403809ebca43699d297bb897822a7e 89cd18f822ee4604a681062f8bf73be9 - - default default] Volume info retrieved successfully.
2026-03-06 01:50:36.039 8 INFO cinder.volume.api [None req-c20897f5-07f3-4efa-8131-e0419daf59cf f9403809ebca43699d297bb897822a7e 89cd18f822ee4604a681062f8bf73be9 - - default default] Delete volume request issued successfully.
2026-03-06 01:50:36.040 8 INFO cinder.api.openstack.wsgi [None req-c20897f5-07f3-4efa-8131-e0419daf59cf f9403809ebca43699d297bb897822a7e 89cd18f822ee4604a681062f8bf73be9 - - default default] http://cinder-api.openstack.svc.cluster.local:8776/v3/89cd18f822ee4604a681062f8bf73be9/volumes/38af5c38-ad3e-4e8d-b803-ee8ac5bbc09b returned with HTTP 202 [pid: 8|app: 0|req: 411/821] 10.0.0.195 () {32 vars in 778 bytes} [Fri Mar 6 01:50:35 2026] DELETE /v3/89cd18f822ee4604a681062f8bf73be9/volumes/38af5c38-ad3e-4e8d-b803-ee8ac5bbc09b => generated 0 bytes in 93 msecs (HTTP/1.1 202) 6 headers in 233 bytes (1 switches on core 0) /var/lib/openstack/lib/python3.10/site-packages/pycadf/identifier.py:71: UserWarning: Invalid uuid: cinderv3. To ensure interoperability, identifiers should be a valid uuid. warnings.warn(('Invalid uuid: %s. To ensure interoperability, '
2026-03-06 01:50:36.052 7 INFO cinder.api.openstack.wsgi [None req-0c165485-1f71-4162-9acd-f6cf79f2425b f9403809ebca43699d297bb897822a7e 89cd18f822ee4604a681062f8bf73be9 - - default default] GET http://cinder-api.openstack.svc.cluster.local:8776/v3/89cd18f822ee4604a681062f8bf73be9/volumes/38af5c38-ad3e-4e8d-b803-ee8ac5bbc09b /var/lib/openstack/lib/python3.10/site-packages/oslo_context/context.py:100: DeprecationWarning: Policy enforcement is depending on the value of is_admin. This key is deprecated. Please update your policy file to use the standard policy values. warnings.warn('Policy enforcement is depending on the value of '
2026-03-06 01:50:36.074 7 INFO cinder.volume.api [None req-0c165485-1f71-4162-9acd-f6cf79f2425b f9403809ebca43699d297bb897822a7e 89cd18f822ee4604a681062f8bf73be9 - - default default] Volume info retrieved successfully.
2026-03-06 01:50:36.085 7 INFO cinder.api.openstack.wsgi [None req-0c165485-1f71-4162-9acd-f6cf79f2425b f9403809ebca43699d297bb897822a7e 89cd18f822ee4604a681062f8bf73be9 - - default default] http://cinder-api.openstack.svc.cluster.local:8776/v3/89cd18f822ee4604a681062f8bf73be9/volumes/38af5c38-ad3e-4e8d-b803-ee8ac5bbc09b returned with HTTP 200 [pid: 7|app: 0|req: 411/822] 10.0.0.195 () {32 vars in 775 bytes} [Fri Mar 6 01:50:36 2026] GET /v3/89cd18f822ee4604a681062f8bf73be9/volumes/38af5c38-ad3e-4e8d-b803-ee8ac5bbc09b => generated 1002 bytes in 40 msecs (HTTP/1.1 200) 7 headers in 286 bytes (1 switches on core 0) /var/lib/openstack/lib/python3.10/site-packages/pycadf/identifier.py:71: UserWarning: Invalid uuid: cinderv3. To ensure interoperability, identifiers should be a valid uuid. warnings.warn(('Invalid uuid: %s. To ensure interoperability, '
2026-03-06 01:50:37.107 8 INFO cinder.api.openstack.wsgi [None req-c267576b-2759-4032-8ab3-7ac084e3c5f0 f9403809ebca43699d297bb897822a7e 89cd18f822ee4604a681062f8bf73be9 - - default default] GET http://cinder-api.openstack.svc.cluster.local:8776/v3/89cd18f822ee4604a681062f8bf73be9/volumes/38af5c38-ad3e-4e8d-b803-ee8ac5bbc09b
2026-03-06 01:50:37.123 8 INFO cinder.api.openstack.wsgi [None req-c267576b-2759-4032-8ab3-7ac084e3c5f0 f9403809ebca43699d297bb897822a7e 89cd18f822ee4604a681062f8bf73be9 - - default default] http://cinder-api.openstack.svc.cluster.local:8776/v3/89cd18f822ee4604a681062f8bf73be9/volumes/38af5c38-ad3e-4e8d-b803-ee8ac5bbc09b returned with HTTP 404 [pid: 8|app: 0|req: 412/823] 10.0.0.195 () {32 vars in 775 bytes} [Fri Mar 6 01:50:37 2026] GET /v3/89cd18f822ee4604a681062f8bf73be9/volumes/38af5c38-ad3e-4e8d-b803-ee8ac5bbc09b => generated 109 bytes in 25 msecs (HTTP/1.1 404) 7 headers in 292 bytes (1 switches on core 0) /var/lib/openstack/lib/python3.10/site-packages/pycadf/identifier.py:71: UserWarning: Invalid uuid: cinderv3. To ensure interoperability, identifiers should be a valid uuid. warnings.warn(('Invalid uuid: %s. To ensure interoperability, '
2026-03-06 01:50:37.188 7 INFO cinder.api.openstack.wsgi [None req-4fa858d5-9b2b-4097-87c6-1aa768377ff4 f9403809ebca43699d297bb897822a7e 89cd18f822ee4604a681062f8bf73be9 - - default default] POST http://cinder-api.openstack.svc.cluster.local:8776/v3/89cd18f822ee4604a681062f8bf73be9/volumes
2026-03-06 01:50:37.321 7 INFO cinder.api.v3.volumes [None req-4fa858d5-9b2b-4097-87c6-1aa768377ff4 f9403809ebca43699d297bb897822a7e 89cd18f822ee4604a681062f8bf73be9 - - default default] Create volume of 1 GB
2026-03-06 01:50:37.331 7 INFO cinder.volume.api [None req-4fa858d5-9b2b-4097-87c6-1aa768377ff4 f9403809ebca43699d297bb897822a7e 89cd18f822ee4604a681062f8bf73be9 - - default default] Availability Zones retrieved successfully.
2026-03-06 01:50:37.574 7 INFO cinder.volume.api [None req-4fa858d5-9b2b-4097-87c6-1aa768377ff4 f9403809ebca43699d297bb897822a7e 89cd18f822ee4604a681062f8bf73be9 - - default default] Create volume request issued successfully.
2026-03-06 01:50:37.575 7 INFO cinder.api.openstack.wsgi [None req-4fa858d5-9b2b-4097-87c6-1aa768377ff4 f9403809ebca43699d297bb897822a7e 89cd18f822ee4604a681062f8bf73be9 - - default default] http://cinder-api.openstack.svc.cluster.local:8776/v3/89cd18f822ee4604a681062f8bf73be9/volumes returned with HTTP 202 [pid: 7|app: 0|req: 412/824] 10.0.0.195 () {34 vars in 723 bytes} [Fri Mar 6 01:50:37 2026] POST /v3/89cd18f822ee4604a681062f8bf73be9/volumes => generated 871 bytes in 395 msecs (HTTP/1.1 202) 7 headers in 291 bytes (1 switches on core 0)
2026-03-06 01:50:37.597 8 INFO cinder.api.openstack.wsgi [None req-05a18437-62d8-4efa-aef1-3ac3bd2c007a f9403809ebca43699d297bb897822a7e 89cd18f822ee4604a681062f8bf73be9 - - default default] GET http://cinder-api.openstack.svc.cluster.local:8776/v3/89cd18f822ee4604a681062f8bf73be9/volumes/8ba1cbf2-1515-450b-8fe8-a47bfb972b57 /var/lib/openstack/lib/python3.10/site-packages/oslo_context/context.py:100: DeprecationWarning: Policy enforcement is depending on the value of is_admin. This key is deprecated. Please update your policy file to use the standard policy values. warnings.warn('Policy enforcement is depending on the value of '
2026-03-06 01:50:37.644 8 INFO cinder.volume.api [None req-05a18437-62d8-4efa-aef1-3ac3bd2c007a f9403809ebca43699d297bb897822a7e 89cd18f822ee4604a681062f8bf73be9 - - default default] Volume info retrieved successfully.
2026-03-06 01:50:37.654 8 INFO cinder.api.openstack.wsgi [None req-05a18437-62d8-4efa-aef1-3ac3bd2c007a f9403809ebca43699d297bb897822a7e 89cd18f822ee4604a681062f8bf73be9 - - default default] http://cinder-api.openstack.svc.cluster.local:8776/v3/89cd18f822ee4604a681062f8bf73be9/volumes/8ba1cbf2-1515-450b-8fe8-a47bfb972b57 returned with HTTP 200 [pid: 8|app: 0|req: 413/825] 10.0.0.195 () {32 vars in 775 bytes} [Fri Mar 6 01:50:37 2026] GET /v3/89cd18f822ee4604a681062f8bf73be9/volumes/8ba1cbf2-1515-450b-8fe8-a47bfb972b57 => generated 939 bytes in 66 msecs (HTTP/1.1 200) 7 headers in 285 bytes (1 switches on core 0) /var/lib/openstack/lib/python3.10/site-packages/pycadf/identifier.py:71: UserWarning: Invalid uuid: cinderv3. To ensure interoperability, identifiers should be a valid uuid. warnings.warn(('Invalid uuid: %s. To ensure interoperability, '
2026-03-06 01:50:38.645 7 INFO cinder.api.openstack.wsgi [None req-572fd14e-544b-42b9-b3b3-1e747e0d264b 94ad7b59f8d64cf7a111c883f628c4e6 42f5b36565304572931bec6eb291cbab - - default default] POST http://cinder-api.openstack.svc.cluster.local:8776/v3/42f5b36565304572931bec6eb291cbab/volumes
2026-03-06 01:50:38.648 7 INFO cinder.api.v3.volumes [None req-572fd14e-544b-42b9-b3b3-1e747e0d264b 94ad7b59f8d64cf7a111c883f628c4e6 42f5b36565304572931bec6eb291cbab - - default default] Create volume of 1 GB /var/lib/openstack/lib/python3.10/site-packages/oslo_context/context.py:100: DeprecationWarning: Policy enforcement is depending on the value of is_admin. This key is deprecated. Please update your policy file to use the standard policy values. warnings.warn('Policy enforcement is depending on the value of '
2026-03-06 01:50:38.653 7 INFO cinder.volume.api [None req-572fd14e-544b-42b9-b3b3-1e747e0d264b 94ad7b59f8d64cf7a111c883f628c4e6 42f5b36565304572931bec6eb291cbab - - default default] Availability Zones retrieved successfully. /var/lib/openstack/lib/python3.10/site-packages/pycadf/identifier.py:71: UserWarning: Invalid uuid: cinderv3. To ensure interoperability, identifiers should be a valid uuid. warnings.warn(('Invalid uuid: %s. To ensure interoperability, '
2026-03-06 01:50:38.682 8 INFO cinder.api.openstack.wsgi [None req-9d8323bb-0bb8-4c6e-9a9a-cea38acb70ad f9403809ebca43699d297bb897822a7e 89cd18f822ee4604a681062f8bf73be9 - - default default] GET http://cinder-api.openstack.svc.cluster.local:8776/v3/89cd18f822ee4604a681062f8bf73be9/volumes/8ba1cbf2-1515-450b-8fe8-a47bfb972b57 /var/lib/openstack/lib/python3.10/site-packages/oslo_context/context.py:100: DeprecationWarning: Policy enforcement is depending on the value of is_admin. This key is deprecated. Please update your policy file to use the standard policy values. warnings.warn('Policy enforcement is depending on the value of '
2026-03-06 01:50:38.714 8 INFO cinder.volume.api [None req-9d8323bb-0bb8-4c6e-9a9a-cea38acb70ad f9403809ebca43699d297bb897822a7e 89cd18f822ee4604a681062f8bf73be9 - - default default] Volume info retrieved successfully.
2026-03-06 01:50:38.722 8 INFO cinder.api.openstack.wsgi [None req-9d8323bb-0bb8-4c6e-9a9a-cea38acb70ad f9403809ebca43699d297bb897822a7e 89cd18f822ee4604a681062f8bf73be9 - - default default] http://cinder-api.openstack.svc.cluster.local:8776/v3/89cd18f822ee4604a681062f8bf73be9/volumes/8ba1cbf2-1515-450b-8fe8-a47bfb972b57 returned with HTTP 200 [pid: 8|app: 0|req: 414/826] 10.0.0.195 () {32 vars in 775 bytes} [Fri Mar 6 01:50:38 2026] GET /v3/89cd18f822ee4604a681062f8bf73be9/volumes/8ba1cbf2-1515-450b-8fe8-a47bfb972b57 => generated 1348 bytes in 49 msecs (HTTP/1.1 200) 7 headers in 286 bytes (1 switches on core 0) /var/lib/openstack/lib/python3.10/site-packages/pycadf/identifier.py:71: UserWarning: Invalid uuid: cinderv3. To ensure interoperability, identifiers should be a valid uuid. warnings.warn(('Invalid uuid: %s. To ensure interoperability, '
2026-03-06 01:50:38.746 8 INFO cinder.api.openstack.wsgi [None req-0f685e39-cc50-4401-923d-ac63a2d80ada f9403809ebca43699d297bb897822a7e 89cd18f822ee4604a681062f8bf73be9 - - default default] GET http://cinder-api.openstack.svc.cluster.local:8776/v3/89cd18f822ee4604a681062f8bf73be9/volumes/8ba1cbf2-1515-450b-8fe8-a47bfb972b57 /var/lib/openstack/lib/python3.10/site-packages/oslo_context/context.py:100: DeprecationWarning: Policy enforcement is depending on the value of is_admin. This key is deprecated. Please update your policy file to use the standard policy values. warnings.warn('Policy enforcement is depending on the value of '
2026-03-06 01:50:38.770 8 INFO cinder.volume.api [None req-0f685e39-cc50-4401-923d-ac63a2d80ada f9403809ebca43699d297bb897822a7e 89cd18f822ee4604a681062f8bf73be9 - - default default] Volume info retrieved successfully.
2026-03-06 01:50:38.780 8 INFO cinder.api.openstack.wsgi [None req-0f685e39-cc50-4401-923d-ac63a2d80ada f9403809ebca43699d297bb897822a7e 89cd18f822ee4604a681062f8bf73be9 - - default default] http://cinder-api.openstack.svc.cluster.local:8776/v3/89cd18f822ee4604a681062f8bf73be9/volumes/8ba1cbf2-1515-450b-8fe8-a47bfb972b57 returned with HTTP 200 [pid: 8|app: 0|req: 415/827] 10.0.0.195 () {32 vars in 775 bytes} [Fri Mar 6 01:50:38 2026] GET /v3/89cd18f822ee4604a681062f8bf73be9/volumes/8ba1cbf2-1515-450b-8fe8-a47bfb972b57 => generated 1348 bytes in 44 msecs (HTTP/1.1 200) 7 headers in 286 bytes (1 switches on core 0)
2026-03-06 01:50:38.799 7 INFO cinder.volume.api [None req-572fd14e-544b-42b9-b3b3-1e747e0d264b 94ad7b59f8d64cf7a111c883f628c4e6 42f5b36565304572931bec6eb291cbab - - default default] Create volume request issued successfully.
2026-03-06 01:50:38.800 7 INFO cinder.api.openstack.wsgi [None req-572fd14e-544b-42b9-b3b3-1e747e0d264b 94ad7b59f8d64cf7a111c883f628c4e6 42f5b36565304572931bec6eb291cbab - - default default] http://cinder-api.openstack.svc.cluster.local:8776/v3/42f5b36565304572931bec6eb291cbab/volumes returned with HTTP 202 [pid: 7|app: 0|req: 413/828] 10.0.0.195 () {34 vars in 722 bytes} [Fri Mar 6 01:50:38 2026] POST /v3/42f5b36565304572931bec6eb291cbab/volumes => generated 861 bytes in 488 msecs (HTTP/1.1 202) 7 headers in 291 bytes (1 switches on core 0) /var/lib/openstack/lib/python3.10/site-packages/pycadf/identifier.py:71: UserWarning: Invalid uuid: cinderv3. To ensure interoperability, identifiers should be a valid uuid. warnings.warn(('Invalid uuid: %s. To ensure interoperability, '
2026-03-06 01:50:38.810 8 INFO cinder.api.openstack.wsgi [None req-89d92d3b-ae0f-46c5-ba4b-9582e7254e1b f9403809ebca43699d297bb897822a7e 89cd18f822ee4604a681062f8bf73be9 - - default default] PUT http://cinder-api.openstack.svc.cluster.local:8776/v3/89cd18f822ee4604a681062f8bf73be9/volumes/8ba1cbf2-1515-450b-8fe8-a47bfb972b57 /var/lib/openstack/lib/python3.10/site-packages/pycadf/identifier.py:71: UserWarning: Invalid uuid: cinderv3. To ensure interoperability, identifiers should be a valid uuid. warnings.warn(('Invalid uuid: %s. To ensure interoperability, ' /var/lib/openstack/lib/python3.10/site-packages/oslo_context/context.py:100: DeprecationWarning: Policy enforcement is depending on the value of is_admin. This key is deprecated. Please update your policy file to use the standard policy values. warnings.warn('Policy enforcement is depending on the value of '
2026-03-06 01:50:38.827 7 INFO cinder.api.openstack.wsgi [None req-df0bbc44-f6b6-49c3-bb4c-aa824ac67440 94ad7b59f8d64cf7a111c883f628c4e6 42f5b36565304572931bec6eb291cbab - - default default] GET http://cinder-api.openstack.svc.cluster.local:8776/v3/42f5b36565304572931bec6eb291cbab/volumes/2ce512d6-0ccc-47cd-a246-b981f0b6b854 /var/lib/openstack/lib/python3.10/site-packages/oslo_context/context.py:100: DeprecationWarning: Policy enforcement is depending on the value of is_admin. This key is deprecated. Please update your policy file to use the standard policy values. warnings.warn('Policy enforcement is depending on the value of '
2026-03-06 01:50:38.844 8 INFO cinder.volume.api [None req-89d92d3b-ae0f-46c5-ba4b-9582e7254e1b f9403809ebca43699d297bb897822a7e 89cd18f822ee4604a681062f8bf73be9 - - default default] Volume info retrieved successfully.
2026-03-06 01:50:38.845 7 INFO cinder.volume.api [None req-df0bbc44-f6b6-49c3-bb4c-aa824ac67440 94ad7b59f8d64cf7a111c883f628c4e6 42f5b36565304572931bec6eb291cbab - - default default] Volume info retrieved successfully.
2026-03-06 01:50:38.850 8 INFO cinder.volume.api [None req-89d92d3b-ae0f-46c5-ba4b-9582e7254e1b f9403809ebca43699d297bb897822a7e 89cd18f822ee4604a681062f8bf73be9 - - default default] Volume updated successfully.
2026-03-06 01:50:38.851 8 INFO cinder.api.openstack.wsgi [None req-89d92d3b-ae0f-46c5-ba4b-9582e7254e1b f9403809ebca43699d297bb897822a7e 89cd18f822ee4604a681062f8bf73be9 - - default default] http://cinder-api.openstack.svc.cluster.local:8776/v3/89cd18f822ee4604a681062f8bf73be9/volumes/8ba1cbf2-1515-450b-8fe8-a47bfb972b57 returned with HTTP 200 [pid: 8|app: 0|req: 416/829] 10.0.0.195 () {34 vars in 795 bytes} [Fri Mar 6 01:50:38 2026] PUT /v3/89cd18f822ee4604a681062f8bf73be9/volumes/8ba1cbf2-1515-450b-8fe8-a47bfb972b57 => generated 895 bytes in 54 msecs (HTTP/1.1 200) 7 headers in 285 bytes (1 switches on core 0)
2026-03-06 01:50:38.854 7 INFO cinder.api.openstack.wsgi [None req-df0bbc44-f6b6-49c3-bb4c-aa824ac67440 94ad7b59f8d64cf7a111c883f628c4e6 42f5b36565304572931bec6eb291cbab - - default default] http://cinder-api.openstack.svc.cluster.local:8776/v3/42f5b36565304572931bec6eb291cbab/volumes/2ce512d6-0ccc-47cd-a246-b981f0b6b854 returned with HTTP 200 [pid: 7|app: 0|req: 414/830] 10.0.0.195 () {32 vars in 775 bytes} [Fri Mar 6 01:50:38 2026] GET /v3/42f5b36565304572931bec6eb291cbab/volumes/2ce512d6-0ccc-47cd-a246-b981f0b6b854 => generated 929 bytes in 34 msecs (HTTP/1.1 200) 7 headers in 285 bytes (1 switches on core 0) /var/lib/openstack/lib/python3.10/site-packages/pycadf/identifier.py:71: UserWarning: Invalid uuid: cinderv3. To ensure interoperability, identifiers should be a valid uuid. warnings.warn(('Invalid uuid: %s. To ensure interoperability, '
2026-03-06 01:50:38.873 8 INFO cinder.api.openstack.wsgi [None req-61e95eee-d847-41b1-9d05-adf6a5f177ea f9403809ebca43699d297bb897822a7e 89cd18f822ee4604a681062f8bf73be9 - - default default] PUT http://cinder-api.openstack.svc.cluster.local:8776/v3/89cd18f822ee4604a681062f8bf73be9/volumes/8ba1cbf2-1515-450b-8fe8-a47bfb972b57 /var/lib/openstack/lib/python3.10/site-packages/oslo_context/context.py:100: DeprecationWarning: Policy enforcement is depending on the value of is_admin. This key is deprecated. Please update your policy file to use the standard policy values. warnings.warn('Policy enforcement is depending on the value of '
2026-03-06 01:50:38.905 8 INFO cinder.volume.api [None req-61e95eee-d847-41b1-9d05-adf6a5f177ea f9403809ebca43699d297bb897822a7e 89cd18f822ee4604a681062f8bf73be9 - - default default] Volume info retrieved successfully.
2026-03-06 01:50:38.921 8 INFO cinder.volume.api [None req-61e95eee-d847-41b1-9d05-adf6a5f177ea f9403809ebca43699d297bb897822a7e 89cd18f822ee4604a681062f8bf73be9 - - default default] Volume updated successfully.
2026-03-06 01:50:38.922 8 INFO cinder.api.openstack.wsgi [None req-61e95eee-d847-41b1-9d05-adf6a5f177ea f9403809ebca43699d297bb897822a7e 89cd18f822ee4604a681062f8bf73be9 - - default default] http://cinder-api.openstack.svc.cluster.local:8776/v3/89cd18f822ee4604a681062f8bf73be9/volumes/8ba1cbf2-1515-450b-8fe8-a47bfb972b57 returned with HTTP 200 [pid: 8|app: 0|req: 417/831] 10.0.0.195 () {34 vars in 796 bytes} [Fri Mar 6 01:50:38 2026] PUT /v3/89cd18f822ee4604a681062f8bf73be9/volumes/8ba1cbf2-1515-450b-8fe8-a47bfb972b57 => generated 933 bytes in 59 msecs (HTTP/1.1 200) 7 headers in 285 bytes (1 switches on core 0) /var/lib/openstack/lib/python3.10/site-packages/pycadf/identifier.py:71: UserWarning: Invalid uuid: cinderv3. To ensure interoperability, identifiers should be a valid uuid. warnings.warn(('Invalid uuid: %s. To ensure interoperability, '
2026-03-06 01:50:38.943 7 INFO cinder.api.openstack.wsgi [None req-2b5846d0-0cb5-42e8-b8cb-fd209bce0f7c f9403809ebca43699d297bb897822a7e 89cd18f822ee4604a681062f8bf73be9 - - default default] GET http://cinder-api.openstack.svc.cluster.local:8776/v3/89cd18f822ee4604a681062f8bf73be9/volumes/8ba1cbf2-1515-450b-8fe8-a47bfb972b57 /var/lib/openstack/lib/python3.10/site-packages/oslo_context/context.py:100: DeprecationWarning: Policy enforcement is depending on the value of is_admin. This key is deprecated. Please update your policy file to use the standard policy values. warnings.warn('Policy enforcement is depending on the value of '
2026-03-06 01:50:38.964 7 INFO cinder.volume.api [None req-2b5846d0-0cb5-42e8-b8cb-fd209bce0f7c f9403809ebca43699d297bb897822a7e 89cd18f822ee4604a681062f8bf73be9 - - default default] Volume info retrieved successfully.
2026-03-06 01:50:38.972 7 INFO cinder.api.openstack.wsgi [None req-2b5846d0-0cb5-42e8-b8cb-fd209bce0f7c f9403809ebca43699d297bb897822a7e 89cd18f822ee4604a681062f8bf73be9 - - default default] http://cinder-api.openstack.svc.cluster.local:8776/v3/89cd18f822ee4604a681062f8bf73be9/volumes/8ba1cbf2-1515-450b-8fe8-a47bfb972b57 returned with HTTP 200 [pid: 7|app: 0|req: 415/832] 10.0.0.195 () {32 vars in 775 bytes} [Fri Mar 6 01:50:38 2026] GET /v3/89cd18f822ee4604a681062f8bf73be9/volumes/8ba1cbf2-1515-450b-8fe8-a47bfb972b57 => generated 1386 bytes in 35 msecs (HTTP/1.1 200) 7 headers in 286 bytes (1 switches on core 0) /var/lib/openstack/lib/python3.10/site-packages/pycadf/identifier.py:71: UserWarning: Invalid uuid: cinderv3. To ensure interoperability, identifiers should be a valid uuid. warnings.warn(('Invalid uuid: %s. To ensure interoperability, '
2026-03-06 01:50:38.992 8 INFO cinder.api.openstack.wsgi [None req-ec9dedce-dbab-4309-b3cb-1993305c6c19 f9403809ebca43699d297bb897822a7e 89cd18f822ee4604a681062f8bf73be9 - - default default] POST http://cinder-api.openstack.svc.cluster.local:8776/v3/89cd18f822ee4604a681062f8bf73be9/volumes
2026-03-06 01:50:38.994 8 INFO cinder.api.v3.volumes [None req-ec9dedce-dbab-4309-b3cb-1993305c6c19 f9403809ebca43699d297bb897822a7e 89cd18f822ee4604a681062f8bf73be9 - - default default] Create volume of 1 GB
2026-03-06 01:50:39.000 8 INFO cinder.volume.api [None req-ec9dedce-dbab-4309-b3cb-1993305c6c19 f9403809ebca43699d297bb897822a7e 89cd18f822ee4604a681062f8bf73be9 - - default default] Availability Zones retrieved successfully.
2026-03-06 01:50:39.146 8 INFO cinder.volume.api [None req-ec9dedce-dbab-4309-b3cb-1993305c6c19 f9403809ebca43699d297bb897822a7e 89cd18f822ee4604a681062f8bf73be9 - - default default] Create volume request issued successfully.
2026-03-06 01:50:39.147 8 INFO cinder.api.openstack.wsgi [None req-ec9dedce-dbab-4309-b3cb-1993305c6c19 f9403809ebca43699d297bb897822a7e 89cd18f822ee4604a681062f8bf73be9 - - default default] http://cinder-api.openstack.svc.cluster.local:8776/v3/89cd18f822ee4604a681062f8bf73be9/volumes returned with HTTP 202 [pid: 8|app: 0|req: 418/833] 10.0.0.195 () {34 vars in 723 bytes} [Fri Mar 6 01:50:38 2026] POST /v3/89cd18f822ee4604a681062f8bf73be9/volumes => generated 891 bytes in 161 msecs (HTTP/1.1 202) 7 headers in 291 bytes (1 switches on core 0) /var/lib/openstack/lib/python3.10/site-packages/pycadf/identifier.py:71: UserWarning: Invalid uuid: cinderv3. To ensure interoperability, identifiers should be a valid uuid. warnings.warn(('Invalid uuid: %s. To ensure interoperability, '
2026-03-06 01:50:39.171 7 INFO cinder.api.openstack.wsgi [None req-6c353cbb-7f22-42ba-af8f-90be1317a7f0 f9403809ebca43699d297bb897822a7e 89cd18f822ee4604a681062f8bf73be9 - - default default] GET http://cinder-api.openstack.svc.cluster.local:8776/v3/89cd18f822ee4604a681062f8bf73be9/volumes/7515f228-4eee-4eb5-ace0-add3a0775f0e /var/lib/openstack/lib/python3.10/site-packages/oslo_context/context.py:100: DeprecationWarning: Policy enforcement is depending on the value of is_admin. This key is deprecated. Please update your policy file to use the standard policy values. warnings.warn('Policy enforcement is depending on the value of '
2026-03-06 01:50:39.197 7 INFO cinder.volume.api [None req-6c353cbb-7f22-42ba-af8f-90be1317a7f0 f9403809ebca43699d297bb897822a7e 89cd18f822ee4604a681062f8bf73be9 - - default default] Volume info retrieved successfully.
2026-03-06 01:50:39.208 7 INFO cinder.api.openstack.wsgi [None req-6c353cbb-7f22-42ba-af8f-90be1317a7f0 f9403809ebca43699d297bb897822a7e 89cd18f822ee4604a681062f8bf73be9 - - default default] http://cinder-api.openstack.svc.cluster.local:8776/v3/89cd18f822ee4604a681062f8bf73be9/volumes/7515f228-4eee-4eb5-ace0-add3a0775f0e returned with HTTP 200 [pid: 7|app: 0|req: 416/834] 10.0.0.195 () {32 vars in 775 bytes} [Fri Mar 6 01:50:39 2026] GET /v3/89cd18f822ee4604a681062f8bf73be9/volumes/7515f228-4eee-4eb5-ace0-add3a0775f0e => generated 959 bytes in 48 msecs (HTTP/1.1 200) 7 headers in 285 bytes (1 switches on core 0)
2026-03-06 01:50:39.594 7 INFO cinder.api.openstack.wsgi [None req-6c353cbb-7f22-42ba-af8f-90be1317a7f0 f9403809ebca43699d297bb897822a7e 89cd18f822ee4604a681062f8bf73be9 - - default default] GET http://10.0.0.140:8776/
2026-03-06 01:50:39.596 7 INFO cinder.api.openstack.wsgi [None req-6c353cbb-7f22-42ba-af8f-90be1317a7f0 f9403809ebca43699d297bb897822a7e 89cd18f822ee4604a681062f8bf73be9 - - default default] http://10.0.0.140:8776/ returned with HTTP 300
2026-03-06 01:50:39.598 7 INFO cinder.api.openstack.wsgi [None req-6c353cbb-7f22-42ba-af8f-90be1317a7f0 f9403809ebca43699d297bb897822a7e 89cd18f822ee4604a681062f8bf73be9 - - default default] GET http://10.0.0.140:8776/
2026-03-06 01:50:39.600 7 INFO cinder.api.openstack.wsgi [None req-6c353cbb-7f22-42ba-af8f-90be1317a7f0 f9403809ebca43699d297bb897822a7e 89cd18f822ee4604a681062f8bf73be9 - - default default] http://10.0.0.140:8776/ returned with HTTP 300 /var/lib/openstack/lib/python3.10/site-packages/pycadf/identifier.py:71: UserWarning: Invalid uuid: cinderv3. To ensure interoperability, identifiers should be a valid uuid. warnings.warn(('Invalid uuid: %s. To ensure interoperability, '
2026-03-06 01:50:39.693 8 INFO cinder.api.openstack.wsgi [None req-1e88bbd1-dd86-441e-ab00-56638110122d 1997d79dfa104d0ea4055cee5e50b986 3c0f7214febf49d4a5d26363b765612a - - default default] GET http://cinder-api.openstack.svc.cluster.local:8776/v3/3c0f7214febf49d4a5d26363b765612a/os-services /var/lib/openstack/lib/python3.10/site-packages/oslo_context/context.py:100: DeprecationWarning: Policy enforcement is depending on the value of is_admin. This key is deprecated. Please update your policy file to use the standard policy values. warnings.warn('Policy enforcement is depending on the value of '
2026-03-06 01:50:39.711 8 INFO cinder.api.openstack.wsgi [None req-1e88bbd1-dd86-441e-ab00-56638110122d 1997d79dfa104d0ea4055cee5e50b986 3c0f7214febf49d4a5d26363b765612a - - default default] http://cinder-api.openstack.svc.cluster.local:8776/v3/3c0f7214febf49d4a5d26363b765612a/os-services returned with HTTP 200 [pid: 8|app: 0|req: 419/837] 10.0.0.133 () {28 vars in 645 bytes} [Fri Mar 6 01:50:39 2026] GET /v3/3c0f7214febf49d4a5d26363b765612a/os-services => generated 646 bytes in 247 msecs (HTTP/1.1 200) 7 headers in 285 bytes (1 switches on core 0) /var/lib/openstack/lib/python3.10/site-packages/pycadf/identifier.py:71: UserWarning: Invalid uuid: cinderv3. To ensure interoperability, identifiers should be a valid uuid. warnings.warn(('Invalid uuid: %s. To ensure interoperability, '
2026-03-06 01:50:39.727 7 INFO cinder.api.openstack.wsgi [None req-f0cbaf38-84af-4c4e-aaff-566cd44e946b 1997d79dfa104d0ea4055cee5e50b986 3c0f7214febf49d4a5d26363b765612a - - default default] GET http://cinder-api.openstack.svc.cluster.local:8776/v3/3c0f7214febf49d4a5d26363b765612a/volumes/detail?all_tenants=true
2026-03-06 01:50:39.752 7 INFO cinder.volume.api [None req-f0cbaf38-84af-4c4e-aaff-566cd44e946b 1997d79dfa104d0ea4055cee5e50b986 3c0f7214febf49d4a5d26363b765612a - - default default] Get all volumes completed successfully. /var/lib/openstack/lib/python3.10/site-packages/oslo_context/context.py:100: DeprecationWarning: Policy enforcement is depending on the value of is_admin. This key is deprecated. Please update your policy file to use the standard policy values. warnings.warn('Policy enforcement is depending on the value of '
2026-03-06 01:50:39.774 7 INFO cinder.api.openstack.wsgi [None req-f0cbaf38-84af-4c4e-aaff-566cd44e946b 1997d79dfa104d0ea4055cee5e50b986 3c0f7214febf49d4a5d26363b765612a - - default default] http://cinder-api.openstack.svc.cluster.local:8776/v3/3c0f7214febf49d4a5d26363b765612a/volumes/detail?all_tenants=true returned with HTTP 200 [pid: 7|app: 0|req: 419/838] 10.0.0.133 () {28 vars in 684 bytes} [Fri Mar 6 01:50:39 2026] GET /v3/3c0f7214febf49d4a5d26363b765612a/volumes/detail?all_tenants=true => generated 3802 bytes in 57 msecs (HTTP/1.1 200) 7 headers in 286 bytes (1 switches on core 0)
2026-03-06 01:50:39.870 8 INFO cinder.api.openstack.wsgi [None req-403d2704-3f93-41a6-a972-710c331871f2 1997d79dfa104d0ea4055cee5e50b986 3c0f7214febf49d4a5d26363b765612a - - default default] GET http://cinder-api.openstack.svc.cluster.local:8776/v3/3c0f7214febf49d4a5d26363b765612a/os-quota-sets/0d956318feed403396fd39576034ebbb?usage=true /var/lib/openstack/lib/python3.10/site-packages/pycadf/identifier.py:71: UserWarning: Invalid uuid: cinderv3. To ensure interoperability, identifiers should be a valid uuid. warnings.warn(('Invalid uuid: %s. To ensure interoperability, '
2026-03-06 01:50:39.881 7 INFO cinder.api.openstack.wsgi [None req-1f21c71f-505b-41b1-bbdf-b77eef7755cc 94ad7b59f8d64cf7a111c883f628c4e6 42f5b36565304572931bec6eb291cbab - - default default] GET http://cinder-api.openstack.svc.cluster.local:8776/v3/42f5b36565304572931bec6eb291cbab/volumes/2ce512d6-0ccc-47cd-a246-b981f0b6b854 /var/lib/openstack/lib/python3.10/site-packages/oslo_context/context.py:100: DeprecationWarning: Policy enforcement is depending on the value of is_admin. This key is deprecated. Please update your policy file to use the standard policy values. warnings.warn('Policy enforcement is depending on the value of '
2026-03-06 01:50:39.907 7 INFO cinder.volume.api [None req-1f21c71f-505b-41b1-bbdf-b77eef7755cc 94ad7b59f8d64cf7a111c883f628c4e6 42f5b36565304572931bec6eb291cbab - - default default] Volume info retrieved successfully.
2026-03-06 01:50:39.918 7 INFO cinder.api.openstack.wsgi [None req-1f21c71f-505b-41b1-bbdf-b77eef7755cc 94ad7b59f8d64cf7a111c883f628c4e6 42f5b36565304572931bec6eb291cbab - - default default] http://cinder-api.openstack.svc.cluster.local:8776/v3/42f5b36565304572931bec6eb291cbab/volumes/2ce512d6-0ccc-47cd-a246-b981f0b6b854 returned with HTTP 200 [pid: 7|app: 0|req: 420/839] 10.0.0.195 () {32 vars in 775 bytes} [Fri Mar 6 01:50:39 2026] GET /v3/42f5b36565304572931bec6eb291cbab/volumes/2ce512d6-0ccc-47cd-a246-b981f0b6b854 => generated 954 bytes in 48 msecs (HTTP/1.1 200) 7 headers in 285 bytes (1 switches on core 0)
2026-03-06 01:50:39.943 8 INFO cinder.api.openstack.wsgi [None req-403d2704-3f93-41a6-a972-710c331871f2 1997d79dfa104d0ea4055cee5e50b986 3c0f7214febf49d4a5d26363b765612a - - default default] http://cinder-api.openstack.svc.cluster.local:8776/v3/3c0f7214febf49d4a5d26363b765612a/os-quota-sets/0d956318feed403396fd39576034ebbb?usage=true returned with HTTP 200 [pid: 8|app: 0|req: 420/840] 10.0.0.133 () {28 vars in 736 bytes} [Fri Mar 6 01:50:39 2026] GET /v3/3c0f7214febf49d4a5d26363b765612a/os-quota-sets/0d956318feed403396fd39576034ebbb?usage=true => generated 847 bytes in 94 msecs (HTTP/1.1 200) 7 headers in 285 bytes (1 switches on core 0) /var/lib/openstack/lib/python3.10/site-packages/pycadf/identifier.py:71: UserWarning: Invalid uuid: cinderv3. To ensure interoperability, identifiers should be a valid uuid. warnings.warn(('Invalid uuid: %s. To ensure interoperability, '
2026-03-06 01:50:39.959 7 INFO cinder.api.openstack.wsgi [None req-d71a620c-d434-4c08-b4c3-dff511c04fb1 1997d79dfa104d0ea4055cee5e50b986 3c0f7214febf49d4a5d26363b765612a - - default default] GET http://cinder-api.openstack.svc.cluster.local:8776/v3/3c0f7214febf49d4a5d26363b765612a/os-quota-sets/1c2bb3f408cc4af1989dc32085722c69?usage=true
2026-03-06 01:50:40.028 7 INFO cinder.api.openstack.wsgi [None req-d71a620c-d434-4c08-b4c3-dff511c04fb1 1997d79dfa104d0ea4055cee5e50b986 3c0f7214febf49d4a5d26363b765612a - - default default] http://cinder-api.openstack.svc.cluster.local:8776/v3/3c0f7214febf49d4a5d26363b765612a/os-quota-sets/1c2bb3f408cc4af1989dc32085722c69?usage=true returned with HTTP 200 [pid: 7|app: 0|req: 421/841] 10.0.0.133 () {28 vars in 736 bytes} [Fri Mar 6 01:50:39 2026] GET /v3/3c0f7214febf49d4a5d26363b765612a/os-quota-sets/1c2bb3f408cc4af1989dc32085722c69?usage=true => generated 847 bytes in 79 msecs (HTTP/1.1 200) 7 headers in 285 bytes (1 switches on core 0)
2026-03-06 01:50:40.046 8 INFO cinder.api.openstack.wsgi [None req-f36f2692-734a-454d-b2b0-b373fb04456b 1997d79dfa104d0ea4055cee5e50b986 3c0f7214febf49d4a5d26363b765612a - - default default] GET http://cinder-api.openstack.svc.cluster.local:8776/v3/3c0f7214febf49d4a5d26363b765612a/os-quota-sets/3c0f7214febf49d4a5d26363b765612a?usage=true
2026-03-06 01:50:40.113 8 INFO cinder.api.openstack.wsgi [None req-f36f2692-734a-454d-b2b0-b373fb04456b 1997d79dfa104d0ea4055cee5e50b986 3c0f7214febf49d4a5d26363b765612a - - default default] http://cinder-api.openstack.svc.cluster.local:8776/v3/3c0f7214febf49d4a5d26363b765612a/os-quota-sets/3c0f7214febf49d4a5d26363b765612a?usage=true returned with HTTP 200 [pid: 8|app: 0|req: 421/842] 10.0.0.133 () {28 vars in 736 bytes} [Fri Mar 6 01:50:40 2026] GET /v3/3c0f7214febf49d4a5d26363b765612a/os-quota-sets/3c0f7214febf49d4a5d26363b765612a?usage=true => generated 845 bytes in 79 msecs (HTTP/1.1 200) 7 headers in 285 bytes (1 switches on core 0)
2026-03-06 01:50:40.129 7 INFO cinder.api.openstack.wsgi [None req-7dc918fe-c36b-4439-b36a-4b334e064824 1997d79dfa104d0ea4055cee5e50b986 3c0f7214febf49d4a5d26363b765612a - - default default] GET http://cinder-api.openstack.svc.cluster.local:8776/v3/3c0f7214febf49d4a5d26363b765612a/os-quota-sets/42f5b36565304572931bec6eb291cbab?usage=true
2026-03-06 01:50:40.167 7 INFO cinder.api.openstack.wsgi [None req-7dc918fe-c36b-4439-b36a-4b334e064824 1997d79dfa104d0ea4055cee5e50b986 3c0f7214febf49d4a5d26363b765612a - - default default] http://cinder-api.openstack.svc.cluster.local:8776/v3/3c0f7214febf49d4a5d26363b765612a/os-quota-sets/42f5b36565304572931bec6eb291cbab?usage=true returned with HTTP 200 [pid: 7|app: 0|req: 422/843] 10.0.0.133 () {28 vars in 736 bytes} [Fri Mar 6 01:50:40 2026] GET /v3/3c0f7214febf49d4a5d26363b765612a/os-quota-sets/42f5b36565304572931bec6eb291cbab?usage=true => generated 847 bytes in 46 msecs (HTTP/1.1 200) 7 headers in 285 bytes (1 switches on core 0)
2026-03-06 01:50:40.185 8 INFO cinder.api.openstack.wsgi [None req-7362797c-ac2d-4b91-95cf-7d19515a1887 1997d79dfa104d0ea4055cee5e50b986 3c0f7214febf49d4a5d26363b765612a - - default default] GET http://cinder-api.openstack.svc.cluster.local:8776/v3/3c0f7214febf49d4a5d26363b765612a/os-quota-sets/89cd18f822ee4604a681062f8bf73be9?usage=true
2026-03-06 01:50:40.222 8 INFO cinder.api.openstack.wsgi [None req-7362797c-ac2d-4b91-95cf-7d19515a1887 1997d79dfa104d0ea4055cee5e50b986 3c0f7214febf49d4a5d26363b765612a - - default default] http://cinder-api.openstack.svc.cluster.local:8776/v3/3c0f7214febf49d4a5d26363b765612a/os-quota-sets/89cd18f822ee4604a681062f8bf73be9?usage=true returned with HTTP 200 [pid: 8|app: 0|req: 422/844] 10.0.0.133 () {28 vars in 736 bytes} [Fri Mar 6 01:50:40 2026] GET /v3/3c0f7214febf49d4a5d26363b765612a/os-quota-sets/89cd18f822ee4604a681062f8bf73be9?usage=true => generated 847 bytes in 51 msecs (HTTP/1.1 200) 7 headers in 285 bytes (1 switches on core 0)
2026-03-06 01:50:40.237 7 INFO cinder.api.openstack.wsgi [None req-53792a24-e75a-403e-a0ed-be8ffa75d0d8 f9403809ebca43699d297bb897822a7e 89cd18f822ee4604a681062f8bf73be9 - - default default] GET http://cinder-api.openstack.svc.cluster.local:8776/v3/89cd18f822ee4604a681062f8bf73be9/volumes/7515f228-4eee-4eb5-ace0-add3a0775f0e
2026-03-06 01:50:40.245 8 INFO cinder.api.openstack.wsgi [None req-81fd46f9-3ac2-4638-bde4-f437df786f17 1997d79dfa104d0ea4055cee5e50b986 3c0f7214febf49d4a5d26363b765612a - - default default] GET http://cinder-api.openstack.svc.cluster.local:8776/v3/3c0f7214febf49d4a5d26363b765612a/os-quota-sets/a88d42b8ff61428aa1a9b2c95bd26e79?usage=true /var/lib/openstack/lib/python3.10/site-packages/oslo_context/context.py:100: DeprecationWarning: Policy enforcement is depending on the value of is_admin. This key is deprecated. Please update your policy file to use the standard policy values. warnings.warn('Policy enforcement is depending on the value of '
2026-03-06 01:50:40.257 7 INFO cinder.volume.api [None req-53792a24-e75a-403e-a0ed-be8ffa75d0d8 f9403809ebca43699d297bb897822a7e 89cd18f822ee4604a681062f8bf73be9 - - default default] Volume info retrieved successfully.
2026-03-06 01:50:40.265 7 INFO cinder.api.openstack.wsgi [None req-53792a24-e75a-403e-a0ed-be8ffa75d0d8 f9403809ebca43699d297bb897822a7e 89cd18f822ee4604a681062f8bf73be9 - - default default] http://cinder-api.openstack.svc.cluster.local:8776/v3/89cd18f822ee4604a681062f8bf73be9/volumes/7515f228-4eee-4eb5-ace0-add3a0775f0e returned with HTTP 200 [pid: 7|app: 0|req: 423/845] 10.0.0.195 () {32 vars in 775 bytes} [Fri Mar 6 01:50:40 2026] GET /v3/89cd18f822ee4604a681062f8bf73be9/volumes/7515f228-4eee-4eb5-ace0-add3a0775f0e => generated 984 bytes in 38 msecs (HTTP/1.1 200) 7 headers in 285 bytes (1 switches on core 0)
2026-03-06 01:50:40.278 8 INFO cinder.api.openstack.wsgi [None req-81fd46f9-3ac2-4638-bde4-f437df786f17 1997d79dfa104d0ea4055cee5e50b986 3c0f7214febf49d4a5d26363b765612a - - default default] http://cinder-api.openstack.svc.cluster.local:8776/v3/3c0f7214febf49d4a5d26363b765612a/os-quota-sets/a88d42b8ff61428aa1a9b2c95bd26e79?usage=true returned with HTTP 200 [pid: 8|app: 0|req: 423/846] 10.0.0.133 () {28 vars in 736 bytes} [Fri Mar 6 01:50:40 2026] GET /v3/3c0f7214febf49d4a5d26363b765612a/os-quota-sets/a88d42b8ff61428aa1a9b2c95bd26e79?usage=true => generated 847 bytes in 43 msecs (HTTP/1.1 200) 7 headers in 285 bytes (1 switches on core 0) /var/lib/openstack/lib/python3.10/site-packages/pycadf/identifier.py:71: UserWarning: Invalid uuid: cinderv3. To ensure interoperability, identifiers should be a valid uuid. warnings.warn(('Invalid uuid: %s. To ensure interoperability, '
2026-03-06 01:50:40.287 7 INFO cinder.api.openstack.wsgi [None req-79fb9976-1d1e-43c5-9c0c-d26930e66372 f9403809ebca43699d297bb897822a7e 89cd18f822ee4604a681062f8bf73be9 - - default default] PUT http://cinder-api.openstack.svc.cluster.local:8776/v3/89cd18f822ee4604a681062f8bf73be9/volumes/7515f228-4eee-4eb5-ace0-add3a0775f0e
2026-03-06 01:50:40.292 8 INFO cinder.api.openstack.wsgi [None req-be13b041-3ee8-4d02-bfbc-faef658f2ed0 1997d79dfa104d0ea4055cee5e50b986 3c0f7214febf49d4a5d26363b765612a - - default default] GET http://cinder-api.openstack.svc.cluster.local:8776/v3/3c0f7214febf49d4a5d26363b765612a/os-quota-sets/bc26dfd1497540c7bb70481c91e1de86?usage=true /var/lib/openstack/lib/python3.10/site-packages/oslo_context/context.py:100: DeprecationWarning: Policy enforcement is depending on the value of is_admin. This key is deprecated. Please update your policy file to use the standard policy values. warnings.warn('Policy enforcement is depending on the value of '
2026-03-06 01:50:40.307 7 INFO cinder.volume.api [None req-79fb9976-1d1e-43c5-9c0c-d26930e66372 f9403809ebca43699d297bb897822a7e 89cd18f822ee4604a681062f8bf73be9 - - default default] Volume info retrieved successfully.
2026-03-06 01:50:40.310 8 INFO cinder.api.openstack.wsgi [None req-be13b041-3ee8-4d02-bfbc-faef658f2ed0 1997d79dfa104d0ea4055cee5e50b986 3c0f7214febf49d4a5d26363b765612a - - default default] http://cinder-api.openstack.svc.cluster.local:8776/v3/3c0f7214febf49d4a5d26363b765612a/os-quota-sets/bc26dfd1497540c7bb70481c91e1de86?usage=true returned with HTTP 200 [pid: 8|app: 0|req: 424/847] 10.0.0.133 () {28 vars in 736 bytes} [Fri Mar 6 01:50:40 2026] GET /v3/3c0f7214febf49d4a5d26363b765612a/os-quota-sets/bc26dfd1497540c7bb70481c91e1de86?usage=true => generated 847 bytes in 26 msecs (HTTP/1.1 200) 7 headers in 285 bytes (1 switches on core 0)
2026-03-06 01:50:40.315 7 INFO cinder.volume.api [None req-79fb9976-1d1e-43c5-9c0c-d26930e66372 f9403809ebca43699d297bb897822a7e 89cd18f822ee4604a681062f8bf73be9 - - default default] Volume updated successfully.
2026-03-06 01:50:40.316 7 INFO cinder.api.openstack.wsgi [None req-79fb9976-1d1e-43c5-9c0c-d26930e66372 f9403809ebca43699d297bb897822a7e 89cd18f822ee4604a681062f8bf73be9 - - default default] http://cinder-api.openstack.svc.cluster.local:8776/v3/89cd18f822ee4604a681062f8bf73be9/volumes/7515f228-4eee-4eb5-ace0-add3a0775f0e returned with HTTP 200 [pid: 7|app: 0|req: 424/848] 10.0.0.195 () {34 vars in 795 bytes} [Fri Mar 6 01:50:40 2026] PUT /v3/89cd18f822ee4604a681062f8bf73be9/volumes/7515f228-4eee-4eb5-ace0-add3a0775f0e => generated 882 bytes in 37 msecs (HTTP/1.1 200) 7 headers in 285 bytes (1 switches on core 0)
2026-03-06 01:50:40.321 8 INFO cinder.api.openstack.wsgi [None req-1d9f0411-6e5a-4f50-9ccb-f5b02d4ef89e 1997d79dfa104d0ea4055cee5e50b986 3c0f7214febf49d4a5d26363b765612a - - default default] GET http://cinder-api.openstack.svc.cluster.local:8776/v3/3c0f7214febf49d4a5d26363b765612a/os-quota-sets/bcddbeb7f33b405ab4ebd2c6cf56e0b3?usage=true /var/lib/openstack/lib/python3.10/site-packages/pycadf/identifier.py:71: UserWarning: Invalid uuid: cinderv3. To ensure interoperability, identifiers should be a valid uuid. warnings.warn(('Invalid uuid: %s. To ensure interoperability, '
2026-03-06 01:50:40.339 7 INFO cinder.api.openstack.wsgi [None req-1a5e19fc-e885-4de8-a05b-cea8bcb00f6c f9403809ebca43699d297bb897822a7e 89cd18f822ee4604a681062f8bf73be9 - - default default] GET http://cinder-api.openstack.svc.cluster.local:8776/v3/89cd18f822ee4604a681062f8bf73be9/volumes/7515f228-4eee-4eb5-ace0-add3a0775f0e
2026-03-06 01:50:40.341 8 INFO cinder.api.openstack.wsgi [None req-1d9f0411-6e5a-4f50-9ccb-f5b02d4ef89e 1997d79dfa104d0ea4055cee5e50b986 3c0f7214febf49d4a5d26363b765612a - - default default] http://cinder-api.openstack.svc.cluster.local:8776/v3/3c0f7214febf49d4a5d26363b765612a/os-quota-sets/bcddbeb7f33b405ab4ebd2c6cf56e0b3?usage=true returned with HTTP 200 [pid: 8|app: 0|req: 425/849] 10.0.0.133 () {28 vars in 736 bytes} [Fri Mar 6 01:50:40 2026] GET /v3/3c0f7214febf49d4a5d26363b765612a/os-quota-sets/bcddbeb7f33b405ab4ebd2c6cf56e0b3?usage=true => generated 847 bytes in 27 msecs (HTTP/1.1 200) 7 headers in 285 bytes (1 switches on core 0) /var/lib/openstack/lib/python3.10/site-packages/oslo_context/context.py:100: DeprecationWarning: Policy enforcement is depending on the value of is_admin. This key is deprecated. Please update your policy file to use the standard policy values. warnings.warn('Policy enforcement is depending on the value of '
2026-03-06 01:50:40.357 8 INFO cinder.api.openstack.wsgi [None req-5d046e8f-7b43-46b6-9487-eeaa4d8df488 1997d79dfa104d0ea4055cee5e50b986 3c0f7214febf49d4a5d26363b765612a - - default default] GET http://cinder-api.openstack.svc.cluster.local:8776/v3/3c0f7214febf49d4a5d26363b765612a/os-quota-sets/c0d546b6a06848dcac263984b9d7984b?usage=true
2026-03-06 01:50:40.358 7 INFO cinder.volume.api [None req-1a5e19fc-e885-4de8-a05b-cea8bcb00f6c f9403809ebca43699d297bb897822a7e 89cd18f822ee4604a681062f8bf73be9 - - default default] Volume info retrieved successfully.
2026-03-06 01:50:40.363 7 INFO cinder.api.openstack.wsgi [None req-1a5e19fc-e885-4de8-a05b-cea8bcb00f6c f9403809ebca43699d297bb897822a7e 89cd18f822ee4604a681062f8bf73be9 - - default default] http://cinder-api.openstack.svc.cluster.local:8776/v3/89cd18f822ee4604a681062f8bf73be9/volumes/7515f228-4eee-4eb5-ace0-add3a0775f0e returned with HTTP 200 [pid: 7|app: 0|req: 425/850] 10.0.0.195 () {32 vars in 775 bytes} [Fri Mar 6 01:50:40 2026] GET /v3/89cd18f822ee4604a681062f8bf73be9/volumes/7515f228-4eee-4eb5-ace0-add3a0775f0e => generated 950 bytes in 32 msecs (HTTP/1.1 200) 7 headers in 285 bytes (1 switches on core 0) /var/lib/openstack/lib/python3.10/site-packages/pycadf/identifier.py:71: UserWarning: Invalid uuid: cinderv3. To ensure interoperability, identifiers should be a valid uuid. warnings.warn(('Invalid uuid: %s. To ensure interoperability, '
2026-03-06 01:50:40.379 8 INFO cinder.api.openstack.wsgi [None req-5d046e8f-7b43-46b6-9487-eeaa4d8df488 1997d79dfa104d0ea4055cee5e50b986 3c0f7214febf49d4a5d26363b765612a - - default default] http://cinder-api.openstack.svc.cluster.local:8776/v3/3c0f7214febf49d4a5d26363b765612a/os-quota-sets/c0d546b6a06848dcac263984b9d7984b?usage=true returned with HTTP 200
2026-03-06 01:50:40.380 7 INFO cinder.api.openstack.wsgi [None req-ae796da3-a56c-48f1-af46-f77f599ae643 f9403809ebca43699d297bb897822a7e 89cd18f822ee4604a681062f8bf73be9 - - default default] DELETE http://cinder-api.openstack.svc.cluster.local:8776/v3/89cd18f822ee4604a681062f8bf73be9/volumes/7515f228-4eee-4eb5-ace0-add3a0775f0e
