2026-03-06 01:48:44.098 7 INFO placement.requestlog [req-e1cf856c-ed95-4e68-a15e-0903e18dd525 req-4f7c13ca-f3f6-44cd-8efb-a4455e67ec3b 9e2a81b966554589b09912a3c0a4404c c0d546b6a06848dcac263984b9d7984b - - 2346a12bccea4a7cb0a6c2e421494b27 2346a12bccea4a7cb0a6c2e421494b27] 199.204.45.41 "GET /allocations/eae07317-7093-4b3d-9ff1-5227e514a565" status: 200 len: 257 microversion: 1.28 [pid: 7|app: 0|req: 401/804] 199.204.45.41 () {34 vars in 862 bytes} [Fri Mar 6 01:48:44 2026] GET /allocations/eae07317-7093-4b3d-9ff1-5227e514a565 => generated 257 bytes in 15 msecs (HTTP/1.1 200) 8 headers in 296 bytes (1 switches on core 0)
2026-03-06 01:48:44.132 8 INFO placement.requestlog [req-e1cf856c-ed95-4e68-a15e-0903e18dd525 req-01e24766-69c2-45b1-b872-6b3de82532c9 9e2a81b966554589b09912a3c0a4404c c0d546b6a06848dcac263984b9d7984b - - 2346a12bccea4a7cb0a6c2e421494b27 2346a12bccea4a7cb0a6c2e421494b27] 199.204.45.41 "GET /allocations/313729b4-e0ce-4ebf-9e36-b4a99ce0ef6f" status: 200 len: 257 microversion: 1.28 [pid: 8|app: 0|req: 404/805] 199.204.45.41 () {34 vars in 862 bytes} [Fri Mar 6 01:48:44 2026] GET /allocations/313729b4-e0ce-4ebf-9e36-b4a99ce0ef6f => generated 257 bytes in 17 msecs (HTTP/1.1 200) 8 headers in 296 bytes (1 switches on core 0)
2026-03-06 01:48:44.234 7 INFO placement.requestlog [req-e1cf856c-ed95-4e68-a15e-0903e18dd525 req-1c53ae4a-adf7-48a3-af63-29497cb37834 9e2a81b966554589b09912a3c0a4404c c0d546b6a06848dcac263984b9d7984b - - 2346a12bccea4a7cb0a6c2e421494b27 2346a12bccea4a7cb0a6c2e421494b27] 199.204.45.41 "DELETE /allocations/313729b4-e0ce-4ebf-9e36-b4a99ce0ef6f" status: 204 len: 0 microversion: 1.0 [pid: 7|app: 0|req: 402/806] 199.204.45.41 () {34 vars in 840 bytes} [Fri Mar 6 01:48:44 2026] DELETE /allocations/313729b4-e0ce-4ebf-9e36-b4a99ce0ef6f => generated 0 bytes in 30 msecs (HTTP/1.1 204) 5 headers in 198 bytes (1 switches on core 0)
2026-03-06 01:48:44.657 8 INFO placement.requestlog [None req-0f7d51bb-f6d5-4c9a-b2ad-ad01d8b9df4f - - - - - -] 10.0.0.177 "GET /" status: 200 len: 136 microversion: 1.0
2026-03-06 01:48:44.658 7 INFO placement.requestlog [None req-dbaed642-b0eb-4c8e-aaec-7915b8e71945 - - - - - -] 10.0.0.177 "GET /" status: 200 len: 136 microversion: 1.0
2026-03-06 01:48:47.958 8 INFO placement.requestlog [None req-768413cb-6c30-477f-94ab-1e4f52aa8283 1486c22d4057406aaa494addc0953fb2 c0d546b6a06848dcac263984b9d7984b - - 2346a12bccea4a7cb0a6c2e421494b27 2346a12bccea4a7cb0a6c2e421494b27] 10.0.0.78 "GET /resource_providers/7ec6ca28-030b-4793-a540-618e207b73de/aggregates" status: 404 len: 235 microversion: 1.1 [pid: 8|app: 0|req: 406/809] 10.0.0.78 () {32 vars in 815 bytes} [Fri Mar 6 01:48:47 2026] GET /resource_providers/7ec6ca28-030b-4793-a540-618e207b73de/aggregates => generated 235 bytes in 10 msecs (HTTP/1.1 404) 5 headers in 202 bytes (1 switches on core 0)
2026-03-06 01:48:47.983 7 INFO placement.requestlog [None req-8c87eddd-e8d7-4d6c-b82e-29860f4ab78c 1486c22d4057406aaa494addc0953fb2 c0d546b6a06848dcac263984b9d7984b - - 2346a12bccea4a7cb0a6c2e421494b27 2346a12bccea4a7cb0a6c2e421494b27] 10.0.0.78 "GET /resource_providers/7ec6ca28-030b-4793-a540-618e207b73de/aggregates" status: 404 len: 235 microversion: 1.1 [pid: 7|app: 0|req: 404/810] 10.0.0.78 () {32 vars in 815 bytes} [Fri Mar 6 01:48:47 2026] GET /resource_providers/7ec6ca28-030b-4793-a540-618e207b73de/aggregates => generated 235 bytes in 35 msecs (HTTP/1.1 404) 5 headers in 202 bytes (1 switches on core 0)
2026-03-06 01:48:47.986 8 INFO placement.requestlog [None req-38a0c337-bcf7-4b25-b0b2-1a4a47d370c3 1486c22d4057406aaa494addc0953fb2 c0d546b6a06848dcac263984b9d7984b - - 2346a12bccea4a7cb0a6c2e421494b27 2346a12bccea4a7cb0a6c2e421494b27] 10.0.0.78 "DELETE /resource_providers/7ec6ca28-030b-4793-a540-618e207b73de" status: 404 len: 246 microversion: 1.1 [pid: 8|app: 0|req: 407/811] 10.0.0.78 () {34 vars in 815 bytes} [Fri Mar 6 01:48:47 2026] DELETE /resource_providers/7ec6ca28-030b-4793-a540-618e207b73de => generated 246 bytes in 8 msecs (HTTP/1.1 404) 6 headers in 231 bytes (1 switches on core 0)
2026-03-06 01:48:48.006 7 INFO placement.requestlog [None req-a7aa7643-66ce-4084-b3e5-1e2c4b215a53 1486c22d4057406aaa494addc0953fb2 c0d546b6a06848dcac263984b9d7984b - - 2346a12bccea4a7cb0a6c2e421494b27 2346a12bccea4a7cb0a6c2e421494b27] 10.0.0.78 "DELETE /resource_providers/7ec6ca28-030b-4793-a540-618e207b73de" status: 404 len: 246 microversion: 1.1 [pid: 7|app: 0|req: 405/812] 10.0.0.78 () {34 vars in 815 bytes} [Fri Mar 6 01:48:47 2026] DELETE /resource_providers/7ec6ca28-030b-4793-a540-618e207b73de => generated 246 bytes in 14 msecs (HTTP/1.1 404) 6 headers in 231 bytes (1 switches on core 0)
2026-03-06 01:48:51.563 7 INFO placement.requestlog [None req-511897d0-b397-4e7a-a3f1-4a27e5727a4e 1486c22d4057406aaa494addc0953fb2 c0d546b6a06848dcac263984b9d7984b - - 2346a12bccea4a7cb0a6c2e421494b27 2346a12bccea4a7cb0a6c2e421494b27] 10.0.0.78 "GET /resource_providers/e5a5c019-1c33-4649-87c3-316811865375/aggregates" status: 404 len: 235 microversion: 1.1 [pid: 7|app: 0|req: 406/813] 10.0.0.78 () {32 vars in 815 bytes} [Fri Mar 6 01:48:51 2026] GET /resource_providers/e5a5c019-1c33-4649-87c3-316811865375/aggregates => generated 235 bytes in 12 msecs (HTTP/1.1 404) 5 headers in 202 bytes (1 switches on core 0)
2026-03-06 01:48:51.568 8 INFO placement.requestlog [None req-e46eddda-56de-422d-b993-e04475704387 1486c22d4057406aaa494addc0953fb2 c0d546b6a06848dcac263984b9d7984b - - 2346a12bccea4a7cb0a6c2e421494b27 2346a12bccea4a7cb0a6c2e421494b27] 10.0.0.78 "GET /resource_providers/e5a5c019-1c33-4649-87c3-316811865375/aggregates" status: 404 len: 235 microversion: 1.1 [pid: 8|app: 0|req: 408/814] 10.0.0.78 () {32 vars in 815 bytes} [Fri Mar 6 01:48:51 2026] GET /resource_providers/e5a5c019-1c33-4649-87c3-316811865375/aggregates => generated 235 bytes in 17 msecs (HTTP/1.1 404) 5 headers in 202 bytes (1 switches on core 0)
2026-03-06 01:48:51.598 7 INFO placement.requestlog [None req-e4ea9b61-cefa-4707-be83-dc43058cf294 1486c22d4057406aaa494addc0953fb2 c0d546b6a06848dcac263984b9d7984b - - 2346a12bccea4a7cb0a6c2e421494b27 2346a12bccea4a7cb0a6c2e421494b27] 10.0.0.78 "DELETE /resource_providers/e5a5c019-1c33-4649-87c3-316811865375" status: 404 len: 246 microversion: 1.1 [pid: 7|app: 0|req: 407/815] 10.0.0.78 () {34 vars in 815 bytes} [Fri Mar 6 01:48:51 2026] DELETE /resource_providers/e5a5c019-1c33-4649-87c3-316811865375 => generated 246 bytes in 15 msecs (HTTP/1.1 404) 6 headers in 231 bytes (1 switches on core 0)
2026-03-06 01:48:51.611 8 INFO placement.requestlog [None req-5a2a4122-32eb-4982-8699-48200a297c3f 1486c22d4057406aaa494addc0953fb2 c0d546b6a06848dcac263984b9d7984b - - 2346a12bccea4a7cb0a6c2e421494b27 2346a12bccea4a7cb0a6c2e421494b27] 10.0.0.78 "DELETE /resource_providers/e5a5c019-1c33-4649-87c3-316811865375" status: 404 len: 246 microversion: 1.1 [pid: 8|app: 0|req: 409/816] 10.0.0.78 () {34 vars in 815 bytes} [Fri Mar 6 01:48:51 2026] DELETE /resource_providers/e5a5c019-1c33-4649-87c3-316811865375 => generated 246 bytes in 28 msecs (HTTP/1.1 404) 6 headers in 231 bytes (1 switches on core 0)
2026-03-06 01:48:54.659 7 INFO placement.requestlog [None req-8f4e08bf-c67d-4a5a-bdf5-819ab872d136 - - - - - -] 10.0.0.177 "GET /" status: 200 len: 136 microversion: 1.0
2026-03-06 01:48:54.659 8 INFO placement.requestlog [None req-b63da546-c42e-4201-bddb-d431b7eec4d6 - - - - - -] 10.0.0.177 "GET /" status: 200 len: 136 microversion: 1.0
2026-03-06 01:48:57.782 7 INFO placement.requestlog [None req-2e9e4f9b-2689-4c20-84b6-ec967357cd7b 1486c22d4057406aaa494addc0953fb2 c0d546b6a06848dcac263984b9d7984b - - 2346a12bccea4a7cb0a6c2e421494b27 2346a12bccea4a7cb0a6c2e421494b27] 10.0.0.78 "GET /resource_providers/2abe79b4-d44f-48bc-bbbc-08c97a0773e5/aggregates" status: 404 len: 235 microversion: 1.1 [pid: 7|app: 0|req: 409/819] 10.0.0.78 () {32 vars in 815 bytes} [Fri Mar 6 01:48:57 2026] GET /resource_providers/2abe79b4-d44f-48bc-bbbc-08c97a0773e5/aggregates => generated 235 bytes in 14 msecs (HTTP/1.1 404) 5 headers in 202 bytes (1 switches on core 0)
2026-03-06 01:48:57.783 8 INFO placement.requestlog [None req-9b0ef110-0260-4de7-b00c-f7e552e67879 1486c22d4057406aaa494addc0953fb2 c0d546b6a06848dcac263984b9d7984b - - 2346a12bccea4a7cb0a6c2e421494b27 2346a12bccea4a7cb0a6c2e421494b27] 10.0.0.78 "GET /resource_providers/2abe79b4-d44f-48bc-bbbc-08c97a0773e5/aggregates" status: 404 len: 235 microversion: 1.1 [pid: 8|app: 0|req: 411/820] 10.0.0.78 () {32 vars in 815 bytes} [Fri Mar 6 01:48:57 2026] GET /resource_providers/2abe79b4-d44f-48bc-bbbc-08c97a0773e5/aggregates => generated 235 bytes in 15 msecs (HTTP/1.1 404) 5 headers in 202 bytes (1 switches on core 0)
2026-03-06 01:48:57.808 7 INFO placement.requestlog [None req-e3cf67d8-9538-4cf4-9ff7-7f8eb4243c70 1486c22d4057406aaa494addc0953fb2 c0d546b6a06848dcac263984b9d7984b - - 2346a12bccea4a7cb0a6c2e421494b27 2346a12bccea4a7cb0a6c2e421494b27] 10.0.0.78 "DELETE /resource_providers/2abe79b4-d44f-48bc-bbbc-08c97a0773e5" status: 404 len: 246 microversion: 1.1 [pid: 7|app: 0|req: 410/821] 10.0.0.78 () {34 vars in 815 bytes} [Fri Mar 6 01:48:57 2026] DELETE /resource_providers/2abe79b4-d44f-48bc-bbbc-08c97a0773e5 => generated 246 bytes in 14 msecs (HTTP/1.1 404) 6 headers in 231 bytes (1 switches on core 0)
2026-03-06 01:48:57.810 8 INFO placement.requestlog [None req-775dc8bc-11dd-479c-86f3-5e1b0d7e5252 1486c22d4057406aaa494addc0953fb2 c0d546b6a06848dcac263984b9d7984b - - 2346a12bccea4a7cb0a6c2e421494b27 2346a12bccea4a7cb0a6c2e421494b27] 10.0.0.78 "DELETE /resource_providers/2abe79b4-d44f-48bc-bbbc-08c97a0773e5" status: 404 len: 246 microversion: 1.1 [pid: 8|app: 0|req: 412/822] 10.0.0.78 () {34 vars in 815 bytes} [Fri Mar 6 01:48:57 2026] DELETE /resource_providers/2abe79b4-d44f-48bc-bbbc-08c97a0773e5 => generated 246 bytes in 12 msecs (HTTP/1.1 404) 6 headers in 231 bytes (1 switches on core 0)
2026-03-06 01:48:59.830 7 INFO placement.requestlog [None req-57f7d932-4458-411a-9c3c-19ba7313a9f9 1486c22d4057406aaa494addc0953fb2 c0d546b6a06848dcac263984b9d7984b - - 2346a12bccea4a7cb0a6c2e421494b27 2346a12bccea4a7cb0a6c2e421494b27] 10.0.0.78 "GET /resource_providers/de73b5f3-2d0a-4a87-a45e-8230b38af82c/aggregates" status: 404 len: 235 microversion: 1.1 [pid: 7|app: 0|req: 411/823] 10.0.0.78 () {32 vars in 815 bytes} [Fri Mar 6 01:48:59 2026] GET /resource_providers/de73b5f3-2d0a-4a87-a45e-8230b38af82c/aggregates => generated 235 bytes in 10 msecs (HTTP/1.1 404) 5 headers in 202 bytes (1 switches on core 0)
2026-03-06 01:48:59.838 8 INFO placement.requestlog [None req-38d3d192-f051-47a9-8e08-92e87b57eb29 1486c22d4057406aaa494addc0953fb2 c0d546b6a06848dcac263984b9d7984b - - 2346a12bccea4a7cb0a6c2e421494b27 2346a12bccea4a7cb0a6c2e421494b27] 10.0.0.78 "GET /resource_providers/de73b5f3-2d0a-4a87-a45e-8230b38af82c/aggregates" status: 404 len: 235 microversion: 1.1 [pid: 8|app: 0|req: 413/824] 10.0.0.78 () {32 vars in 815 bytes} [Fri Mar 6 01:48:59 2026] GET /resource_providers/de73b5f3-2d0a-4a87-a45e-8230b38af82c/aggregates => generated 235 bytes in 13 msecs (HTTP/1.1 404) 5 headers in 202 bytes (1 switches on core 0)
2026-03-06 01:48:59.863 8 INFO placement.requestlog [None req-d8e3a05b-9cd8-411c-bc9f-7017064b95b9 1486c22d4057406aaa494addc0953fb2 c0d546b6a06848dcac263984b9d7984b - - 2346a12bccea4a7cb0a6c2e421494b27 2346a12bccea4a7cb0a6c2e421494b27] 10.0.0.78 "DELETE /resource_providers/de73b5f3-2d0a-4a87-a45e-8230b38af82c" status: 404 len: 246 microversion: 1.1
2026-03-06 01:48:59.863 7 INFO placement.requestlog [None req-8cd819a8-83e7-4e1d-b88a-ff37c8227ad5 1486c22d4057406aaa494addc0953fb2 c0d546b6a06848dcac263984b9d7984b - - 2346a12bccea4a7cb0a6c2e421494b27 2346a12bccea4a7cb0a6c2e421494b27] 10.0.0.78 "DELETE /resource_providers/de73b5f3-2d0a-4a87-a45e-8230b38af82c" status: 404 len: 246 microversion: 1.1 [pid: 8|app: 0|req: 414/825] 10.0.0.78 () {34 vars in 815 bytes} [Fri Mar 6 01:48:59 2026] DELETE /resource_providers/de73b5f3-2d0a-4a87-a45e-8230b38af82c => generated 246 bytes in 15 msecs (HTTP/1.1 404) 6 headers in 231 bytes (1 switches on core 0) [pid: 7|app: 0|req: 412/826] 10.0.0.78 () {34 vars in 815 bytes} [Fri Mar 6 01:48:59 2026] DELETE /resource_providers/de73b5f3-2d0a-4a87-a45e-8230b38af82c => generated 246 bytes in 18 msecs (HTTP/1.1 404) 6 headers in 231 bytes (1 switches on core 0)
2026-03-06 01:49:00.081 8 INFO placement.requestlog [req-4e2e7044-8656-4b2a-8085-b5ef44460f32 req-fd991c1a-6e42-41b3-8313-2c04d1c8b4be 9e2a81b966554589b09912a3c0a4404c c0d546b6a06848dcac263984b9d7984b - - 2346a12bccea4a7cb0a6c2e421494b27 2346a12bccea4a7cb0a6c2e421494b27] 10.0.0.138 "GET /allocation_candidates?limit=1000&resources=DISK_GB%3A1%2CMEMORY_MB%3A512%2CVCPU%3A1&root_required=%21COMPUTE_STATUS_DISABLED" status: 200 len: 2190 microversion: 1.36 [pid: 8|app: 0|req: 415/827] 10.0.0.138 () {34 vars in 1012 bytes} [Fri Mar 6 01:49:00 2026] GET /allocation_candidates?limit=1000&resources=DISK_GB%3A1%2CMEMORY_MB%3A512%2CVCPU%3A1&root_required=%21COMPUTE_STATUS_DISABLED => generated 2190 bytes in 58 msecs (HTTP/1.1 200) 8 headers in 297 bytes (1 switches on core 0)
2026-03-06 01:49:00.116 7 INFO placement.requestlog [req-4e2e7044-8656-4b2a-8085-b5ef44460f32 req-d62772b1-dd1e-442f-9a40-04d8d46910de 9e2a81b966554589b09912a3c0a4404c c0d546b6a06848dcac263984b9d7984b - - 2346a12bccea4a7cb0a6c2e421494b27 2346a12bccea4a7cb0a6c2e421494b27] 10.0.0.138 "GET /allocations/7c1bf69b-3dbe-4b71-b1ab-71834d2376a9" status: 200 len: 19 microversion: 1.28 [pid: 7|app: 0|req: 413/828] 10.0.0.138 () {34 vars in 861 bytes} [Fri Mar 6 01:49:00 2026] GET /allocations/7c1bf69b-3dbe-4b71-b1ab-71834d2376a9 => generated 19 bytes in 12 msecs (HTTP/1.1 200) 8 headers in 295 bytes (1 switches on core 0)
2026-03-06 01:49:00.197 8 INFO placement.requestlog [req-4e2e7044-8656-4b2a-8085-b5ef44460f32 req-19c02c2a-12e2-44fb-95af-66360642ec8b 9e2a81b966554589b09912a3c0a4404c c0d546b6a06848dcac263984b9d7984b - - 2346a12bccea4a7cb0a6c2e421494b27 2346a12bccea4a7cb0a6c2e421494b27] 10.0.0.138 "PUT /allocations/7c1bf69b-3dbe-4b71-b1ab-71834d2376a9" status: 204 len: 0 microversion: 1.36 [pid: 8|app: 0|req: 416/829] 10.0.0.138 () {38 vars in 914 bytes} [Fri Mar 6 01:49:00 2026] PUT /allocations/7c1bf69b-3dbe-4b71-b1ab-71834d2376a9 => generated 0 bytes in 73 msecs (HTTP/1.1 204) 5 headers in 199 bytes (1 switches on core 0)
2026-03-06 01:49:00.586 7 INFO placement.requestlog [req-4e2e7044-8656-4b2a-8085-b5ef44460f32 req-3c47d4c6-1265-4746-a7a7-1f47102f2c07 9e2a81b966554589b09912a3c0a4404c c0d546b6a06848dcac263984b9d7984b - - 2346a12bccea4a7cb0a6c2e421494b27 2346a12bccea4a7cb0a6c2e421494b27] 199.204.45.41 "GET /allocations/7c1bf69b-3dbe-4b71-b1ab-71834d2376a9" status: 200 len: 257 microversion: 1.28 [pid: 7|app: 0|req: 414/830] 199.204.45.41 () {34 vars in 862 bytes} [Fri Mar 6 01:49:00 2026] GET /allocations/7c1bf69b-3dbe-4b71-b1ab-71834d2376a9 => generated 257 bytes in 26 msecs (HTTP/1.1 200) 8 headers in 296 bytes (1 switches on core 0)
2026-03-06 01:49:00.721 8 INFO placement.requestlog [req-4e2e7044-8656-4b2a-8085-b5ef44460f32 req-d63ed14d-340b-4502-a62a-b2cbc78de152 9e2a81b966554589b09912a3c0a4404c c0d546b6a06848dcac263984b9d7984b - - 2346a12bccea4a7cb0a6c2e421494b27 2346a12bccea4a7cb0a6c2e421494b27] 199.204.45.41 "GET /resource_providers/cc6bc752-db2e-43a6-ba3d-a1207512619c/allocations" status: 200 len: 252 microversion: 1.0 [pid: 8|app: 0|req: 417/831] 199.204.45.41 () {32 vars in 856 bytes} [Fri Mar 6 01:49:00 2026] GET /resource_providers/cc6bc752-db2e-43a6-ba3d-a1207512619c/allocations => generated 252 bytes in 20 msecs (HTTP/1.1 200) 6 headers in 224 bytes (1 switches on core 0)
2026-03-06 01:49:00.743 7 INFO placement.requestlog [req-4e2e7044-8656-4b2a-8085-b5ef44460f32 req-317428ca-c83d-4131-a2b3-4301adb68a85 9e2a81b966554589b09912a3c0a4404c c0d546b6a06848dcac263984b9d7984b - - 2346a12bccea4a7cb0a6c2e421494b27 2346a12bccea4a7cb0a6c2e421494b27] 199.204.45.41 "GET /allocations/eae07317-7093-4b3d-9ff1-5227e514a565" status: 200 len: 257 microversion: 1.28 [pid: 7|app: 0|req: 415/832] 199.204.45.41 () {34 vars in 862 bytes} [Fri Mar 6 01:49:00 2026] GET /allocations/eae07317-7093-4b3d-9ff1-5227e514a565 => generated 257 bytes in 16 msecs (HTTP/1.1 200) 8 headers in 296 bytes (1 switches on core 0)
2026-03-06 01:49:00.776 8 INFO placement.requestlog [req-4e2e7044-8656-4b2a-8085-b5ef44460f32 req-423aef2f-191d-4be4-9ebb-0666117fba7a 9e2a81b966554589b09912a3c0a4404c c0d546b6a06848dcac263984b9d7984b - - 2346a12bccea4a7cb0a6c2e421494b27 2346a12bccea4a7cb0a6c2e421494b27] 199.204.45.41 "GET /allocations/7c1bf69b-3dbe-4b71-b1ab-71834d2376a9" status: 200 len: 257 microversion: 1.28 [pid: 8|app: 0|req: 418/833] 199.204.45.41 () {34 vars in 862 bytes} [Fri Mar 6 01:49:00 2026] GET /allocations/7c1bf69b-3dbe-4b71-b1ab-71834d2376a9 => generated 257 bytes in 25 msecs (HTTP/1.1 200) 8 headers in 296 bytes (1 switches on core 0)
2026-03-06 01:49:01.394 7 INFO placement.requestlog [req-2024683b-3981-441f-bc73-66be38ddc8af req-a35737ae-2c5a-412e-9f8f-40f1af3b210e 9e2a81b966554589b09912a3c0a4404c c0d546b6a06848dcac263984b9d7984b - - 2346a12bccea4a7cb0a6c2e421494b27 2346a12bccea4a7cb0a6c2e421494b27] 199.204.45.41 "GET /resource_providers/cc6bc752-db2e-43a6-ba3d-a1207512619c/allocations" status: 200 len: 252 microversion: 1.0 [pid: 7|app: 0|req: 416/834] 199.204.45.41 () {32 vars in 856 bytes} [Fri Mar 6 01:49:01 2026] GET /resource_providers/cc6bc752-db2e-43a6-ba3d-a1207512619c/allocations => generated 252 bytes in 20 msecs (HTTP/1.1 200) 6 headers in 224 bytes (1 switches on core 0)
2026-03-06 01:49:01.416 8 INFO placement.requestlog [req-2024683b-3981-441f-bc73-66be38ddc8af req-81eff19d-30b4-4322-aad8-1c52270b1789 9e2a81b966554589b09912a3c0a4404c c0d546b6a06848dcac263984b9d7984b - - 2346a12bccea4a7cb0a6c2e421494b27 2346a12bccea4a7cb0a6c2e421494b27] 199.204.45.41 "GET /allocations/eae07317-7093-4b3d-9ff1-5227e514a565" status: 200 len: 257 microversion: 1.28 [pid: 8|app: 0|req: 419/835] 199.204.45.41 () {34 vars in 862 bytes} [Fri Mar 6 01:49:01 2026] GET /allocations/eae07317-7093-4b3d-9ff1-5227e514a565 => generated 257 bytes in 16 msecs (HTTP/1.1 200) 8 headers in 296 bytes (1 switches on core 0)
2026-03-06 01:49:01.446 7 INFO placement.requestlog [req-2024683b-3981-441f-bc73-66be38ddc8af req-899b2428-2069-4d9d-b4c5-8705d0c6312d 9e2a81b966554589b09912a3c0a4404c c0d546b6a06848dcac263984b9d7984b - - 2346a12bccea4a7cb0a6c2e421494b27 2346a12bccea4a7cb0a6c2e421494b27] 199.204.45.41 "GET /allocations/7c1bf69b-3dbe-4b71-b1ab-71834d2376a9" status: 200 len: 257 microversion: 1.28 [pid: 7|app: 0|req: 417/836] 199.204.45.41 () {34 vars in 862 bytes} [Fri Mar 6 01:49:01 2026] GET /allocations/7c1bf69b-3dbe-4b71-b1ab-71834d2376a9 => generated 257 bytes in 24 msecs (HTTP/1.1 200) 8 headers in 296 bytes (1 switches on core 0)
2026-03-06 01:49:01.547 8 INFO placement.requestlog [req-2024683b-3981-441f-bc73-66be38ddc8af req-435ddbc0-a1a2-4f85-8be1-0eaab3d68997 9e2a81b966554589b09912a3c0a4404c c0d546b6a06848dcac263984b9d7984b - - 2346a12bccea4a7cb0a6c2e421494b27 2346a12bccea4a7cb0a6c2e421494b27] 199.204.45.41 "DELETE /allocations/eae07317-7093-4b3d-9ff1-5227e514a565" status: 204 len: 0 microversion: 1.0 [pid: 8|app: 0|req: 420/837] 199.204.45.41 () {34 vars in 840 bytes} [Fri Mar 6 01:49:01 2026] DELETE /allocations/eae07317-7093-4b3d-9ff1-5227e514a565 => generated 0 bytes in 33 msecs (HTTP/1.1 204) 5 headers in 198 bytes (1 switches on core 0)
2026-03-06 01:49:04.382 7 INFO placement.requestlog [None req-15b858c2-f0e2-448d-9b2f-4e8836bd3d66 1486c22d4057406aaa494addc0953fb2 c0d546b6a06848dcac263984b9d7984b - - 2346a12bccea4a7cb0a6c2e421494b27 2346a12bccea4a7cb0a6c2e421494b27] 10.0.0.78 "GET /resource_providers/365615cf-5ac4-4f7b-8438-86fa186b8919/aggregates" status: 404 len: 235 microversion: 1.1 [pid: 7|app: 0|req: 418/838] 10.0.0.78 () {32 vars in 815 bytes} [Fri Mar 6 01:49:04 2026] GET /resource_providers/365615cf-5ac4-4f7b-8438-86fa186b8919/aggregates => generated 235 bytes in 18 msecs (HTTP/1.1 404) 5 headers in 202 bytes (1 switches on core 0)
2026-03-06 01:49:04.383 8 INFO placement.requestlog [None req-b0552af3-d57b-402c-856b-bb76e38eb4b7 1486c22d4057406aaa494addc0953fb2 c0d546b6a06848dcac263984b9d7984b - - 2346a12bccea4a7cb0a6c2e421494b27 2346a12bccea4a7cb0a6c2e421494b27] 10.0.0.78 "GET /resource_providers/365615cf-5ac4-4f7b-8438-86fa186b8919/aggregates" status: 404 len: 235 microversion: 1.1 [pid: 8|app: 0|req: 421/839] 10.0.0.78 () {32 vars in 815 bytes} [Fri Mar 6 01:49:04 2026] GET /resource_providers/365615cf-5ac4-4f7b-8438-86fa186b8919/aggregates => generated 235 bytes in 15 msecs (HTTP/1.1 404) 5 headers in 202 bytes (1 switches on core 0)
2026-03-06 01:49:04.418 7 INFO placement.requestlog [None req-c53c254d-3ae5-4173-a4be-52136a490d94 1486c22d4057406aaa494addc0953fb2 c0d546b6a06848dcac263984b9d7984b - - 2346a12bccea4a7cb0a6c2e421494b27 2346a12bccea4a7cb0a6c2e421494b27] 10.0.0.78 "DELETE /resource_providers/365615cf-5ac4-4f7b-8438-86fa186b8919" status: 404 len: 246 microversion: 1.1 [pid: 7|app: 0|req: 419/840] 10.0.0.78 () {34 vars in 815 bytes} [Fri Mar 6 01:49:04 2026] DELETE /resource_providers/365615cf-5ac4-4f7b-8438-86fa186b8919 => generated 246 bytes in 13 msecs (HTTP/1.1 404) 6 headers in 231 bytes (1 switches on core 0)
2026-03-06 01:49:04.422 8 INFO placement.requestlog [None req-747abf0d-2630-49c7-a93a-6ac6e376dc70 1486c22d4057406aaa494addc0953fb2 c0d546b6a06848dcac263984b9d7984b - - 2346a12bccea4a7cb0a6c2e421494b27 2346a12bccea4a7cb0a6c2e421494b27] 10.0.0.78 "DELETE /resource_providers/365615cf-5ac4-4f7b-8438-86fa186b8919" status: 404 len: 246 microversion: 1.1 [pid: 8|app: 0|req: 422/841] 10.0.0.78 () {34 vars in 815 bytes} [Fri Mar 6 01:49:04 2026] DELETE /resource_providers/365615cf-5ac4-4f7b-8438-86fa186b8919 => generated 246 bytes in 18 msecs (HTTP/1.1 404) 6 headers in 231 bytes (1 switches on core 0)
2026-03-06 01:49:04.658 7 INFO placement.requestlog [None req-567130a5-4887-4f83-bc84-55a6d0b39194 - - - - - -] 10.0.0.177 "GET /" status: 200 len: 136 microversion: 1.0
2026-03-06 01:49:04.659 8 INFO placement.requestlog [None req-68b685ed-59ca-4dfd-ab12-90fdde0137dc - - - - - -] 10.0.0.177 "GET /" status: 200 len: 136 microversion: 1.0
2026-03-06 01:49:06.250 8 INFO placement.requestlog [None req-0bfdab09-52b5-4c3e-80e4-d2520228885e 1486c22d4057406aaa494addc0953fb2 c0d546b6a06848dcac263984b9d7984b - - 2346a12bccea4a7cb0a6c2e421494b27 2346a12bccea4a7cb0a6c2e421494b27] 10.0.0.78 "GET /resource_providers/df290ddd-3f91-4aac-a3a7-09bd1e2a5e89/aggregates" status: 404 len: 235 microversion: 1.1 [pid: 8|app: 0|req: 424/844] 10.0.0.78 () {32 vars in 815 bytes} [Fri Mar 6 01:49:06 2026] GET /resource_providers/df290ddd-3f91-4aac-a3a7-09bd1e2a5e89/aggregates => generated 235 bytes in 12 msecs (HTTP/1.1 404) 5 headers in 202 bytes (1 switches on core 0)
2026-03-06 01:49:06.251 7 INFO placement.requestlog [None req-b9bf325d-504b-4db3-9db0-8490b11faf03 1486c22d4057406aaa494addc0953fb2 c0d546b6a06848dcac263984b9d7984b - - 2346a12bccea4a7cb0a6c2e421494b27 2346a12bccea4a7cb0a6c2e421494b27] 10.0.0.78 "GET /resource_providers/df290ddd-3f91-4aac-a3a7-09bd1e2a5e89/aggregates" status: 404 len: 235 microversion: 1.1 [pid: 7|app: 0|req: 421/845] 10.0.0.78 () {32 vars in 815 bytes} [Fri Mar 6 01:49:06 2026] GET /resource_providers/df290ddd-3f91-4aac-a3a7-09bd1e2a5e89/aggregates => generated 235 bytes in 13 msecs (HTTP/1.1 404) 5 headers in 202 bytes (1 switches on core 0)
2026-03-06 01:49:06.283 8 INFO placement.requestlog [None req-b6f6c951-66ae-4a03-880d-af965e64adb2 1486c22d4057406aaa494addc0953fb2 c0d546b6a06848dcac263984b9d7984b - - 2346a12bccea4a7cb0a6c2e421494b27 2346a12bccea4a7cb0a6c2e421494b27] 10.0.0.78 "DELETE /resource_providers/df290ddd-3f91-4aac-a3a7-09bd1e2a5e89" status: 404 len: 246 microversion: 1.1 [pid: 8|app: 0|req: 425/846] 10.0.0.78 () {34 vars in 815 bytes} [Fri Mar 6 01:49:06 2026] DELETE /resource_providers/df290ddd-3f91-4aac-a3a7-09bd1e2a5e89 => generated 246 bytes in 15 msecs (HTTP/1.1 404) 6 headers in 231 bytes (1 switches on core 0)
2026-03-06 01:49:06.289 7 INFO placement.requestlog [None req-080d475e-24ae-4484-a7fb-f2d16db9d9b3 1486c22d4057406aaa494addc0953fb2 c0d546b6a06848dcac263984b9d7984b - - 2346a12bccea4a7cb0a6c2e421494b27 2346a12bccea4a7cb0a6c2e421494b27] 10.0.0.78 "DELETE /resource_providers/df290ddd-3f91-4aac-a3a7-09bd1e2a5e89" status: 404 len: 246 microversion: 1.1 [pid: 7|app: 0|req: 422/847] 10.0.0.78 () {34 vars in 815 bytes} [Fri Mar 6 01:49:06 2026] DELETE /resource_providers/df290ddd-3f91-4aac-a3a7-09bd1e2a5e89 => generated 246 bytes in 14 msecs (HTTP/1.1 404) 6 headers in 231 bytes (1 switches on core 0)
2026-03-06 01:49:06.439 8 INFO placement.requestlog [None req-b388804c-0921-425e-956a-177659d13ea2 1486c22d4057406aaa494addc0953fb2 c0d546b6a06848dcac263984b9d7984b - - 2346a12bccea4a7cb0a6c2e421494b27 2346a12bccea4a7cb0a6c2e421494b27] 10.0.0.78 "GET /resource_providers/365615cf-5ac4-4f7b-8438-86fa186b8919/aggregates" status: 404 len: 235 microversion: 1.1 [pid: 8|app: 0|req: 426/848] 10.0.0.78 () {32 vars in 815 bytes} [Fri Mar 6 01:49:06 2026] GET /resource_providers/365615cf-5ac4-4f7b-8438-86fa186b8919/aggregates => generated 235 bytes in 11 msecs (HTTP/1.1 404) 5 headers in 202 bytes (1 switches on core 0)
2026-03-06 01:49:06.446 7 INFO placement.requestlog [None req-279f5fec-019e-4dae-9e63-7d989d20642e 1486c22d4057406aaa494addc0953fb2 c0d546b6a06848dcac263984b9d7984b - - 2346a12bccea4a7cb0a6c2e421494b27 2346a12bccea4a7cb0a6c2e421494b27] 10.0.0.78 "GET /resource_providers/365615cf-5ac4-4f7b-8438-86fa186b8919/aggregates" status: 404 len: 235 microversion: 1.1 [pid: 7|app: 0|req: 423/849] 10.0.0.78 () {32 vars in 815 bytes} [Fri Mar 6 01:49:06 2026] GET /resource_providers/365615cf-5ac4-4f7b-8438-86fa186b8919/aggregates => generated 235 bytes in 11 msecs (HTTP/1.1 404) 5 headers in 202 bytes (1 switches on core 0)
2026-03-06 01:49:06.467 7 INFO placement.requestlog [None req-38124635-fb64-4846-aef6-6a69ba760a37 1486c22d4057406aaa494addc0953fb2 c0d546b6a06848dcac263984b9d7984b - - 2346a12bccea4a7cb0a6c2e421494b27 2346a12bccea4a7cb0a6c2e421494b27] 10.0.0.78 "DELETE /resource_providers/365615cf-5ac4-4f7b-8438-86fa186b8919" status: 404 len: 246 microversion: 1.1 [pid: 7|app: 0|req: 424/850] 10.0.0.78 () {34 vars in 815 bytes} [Fri Mar 6 01:49:06 2026] DELETE /resource_providers/365615cf-5ac4-4f7b-8438-86fa186b8919 => generated 246 bytes in 10 msecs (HTTP/1.1 404) 6 headers in 231 bytes (1 switches on core 0)
2026-03-06 01:49:06.471 8 INFO placement.requestlog [None req-1fe1680e-b249-48d6-84a6-e48106a7f778 1486c22d4057406aaa494addc0953fb2 c0d546b6a06848dcac263984b9d7984b - - 2346a12bccea4a7cb0a6c2e421494b27 2346a12bccea4a7cb0a6c2e421494b27] 10.0.0.78 "DELETE /resource_providers/365615cf-5ac4-4f7b-8438-86fa186b8919" status: 404 len: 246 microversion: 1.1 [pid: 8|app: 0|req: 427/851] 10.0.0.78 () {34 vars in 815 bytes} [Fri Mar 6 01:49:06 2026] DELETE /resource_providers/365615cf-5ac4-4f7b-8438-86fa186b8919 => generated 246 bytes in 14 msecs (HTTP/1.1 404) 6 headers in 231 bytes (1 switches on core 0)
2026-03-06 01:49:08.321 8 INFO placement.requestlog [None req-0c170525-f189-42d5-800f-4d4794911f4b 1486c22d4057406aaa494addc0953fb2 c0d546b6a06848dcac263984b9d7984b - - 2346a12bccea4a7cb0a6c2e421494b27 2346a12bccea4a7cb0a6c2e421494b27] 10.0.0.78 "GET /resource_providers/f336ec31-7af8-4e8d-aa99-3e9780e7579f/aggregates" status: 404 len: 235 microversion: 1.1 [pid: 8|app: 0|req: 428/852] 10.0.0.78 () {32 vars in 815 bytes} [Fri Mar 6 01:49:08 2026] GET /resource_providers/f336ec31-7af8-4e8d-aa99-3e9780e7579f/aggregates => generated 235 bytes in 17 msecs (HTTP/1.1 404) 5 headers in 202 bytes (1 switches on core 0)
2026-03-06 01:49:08.321 7 INFO placement.requestlog [None req-b8ffd21c-7c09-41b3-b089-dc08067cd8f1 1486c22d4057406aaa494addc0953fb2 c0d546b6a06848dcac263984b9d7984b - - 2346a12bccea4a7cb0a6c2e421494b27 2346a12bccea4a7cb0a6c2e421494b27] 10.0.0.78 "GET /resource_providers/f336ec31-7af8-4e8d-aa99-3e9780e7579f/aggregates" status: 404 len: 235 microversion: 1.1 [pid: 7|app: 0|req: 425/853] 10.0.0.78 () {32 vars in 815 bytes} [Fri Mar 6 01:49:08 2026] GET /resource_providers/f336ec31-7af8-4e8d-aa99-3e9780e7579f/aggregates => generated 235 bytes in 18 msecs (HTTP/1.1 404) 5 headers in 202 bytes (1 switches on core 0)
2026-03-06 01:49:08.353 8 INFO placement.requestlog [None req-27228c48-9834-4541-8548-cb7104895646 1486c22d4057406aaa494addc0953fb2 c0d546b6a06848dcac263984b9d7984b - - 2346a12bccea4a7cb0a6c2e421494b27 2346a12bccea4a7cb0a6c2e421494b27] 10.0.0.78 "DELETE /resource_providers/f336ec31-7af8-4e8d-aa99-3e9780e7579f" status: 404 len: 246 microversion: 1.1 [pid: 8|app: 0|req: 429/854] 10.0.0.78 () {34 vars in 815 bytes} [Fri Mar 6 01:49:08 2026] DELETE /resource_providers/f336ec31-7af8-4e8d-aa99-3e9780e7579f => generated 246 bytes in 10 msecs (HTTP/1.1 404) 6 headers in 231 bytes (1 switches on core 0)
2026-03-06 01:49:08.357 7 INFO placement.requestlog [None req-f2b01007-c1b0-4a27-8772-2ad58a5a9ea8 1486c22d4057406aaa494addc0953fb2 c0d546b6a06848dcac263984b9d7984b - - 2346a12bccea4a7cb0a6c2e421494b27 2346a12bccea4a7cb0a6c2e421494b27] 10.0.0.78 "DELETE /resource_providers/f336ec31-7af8-4e8d-aa99-3e9780e7579f" status: 404 len: 246 microversion: 1.1 [pid: 7|app: 0|req: 426/855] 10.0.0.78 () {34 vars in 815 bytes} [Fri Mar 6 01:49:08 2026] DELETE /resource_providers/f336ec31-7af8-4e8d-aa99-3e9780e7579f => generated 246 bytes in 11 msecs (HTTP/1.1 404) 6 headers in 231 bytes (1 switches on core 0)
2026-03-06 01:49:08.388 7 INFO placement.requestlog [None req-1d4040cf-f18b-425d-b8e5-2aa7848e030b 1486c22d4057406aaa494addc0953fb2 c0d546b6a06848dcac263984b9d7984b - - 2346a12bccea4a7cb0a6c2e421494b27 2346a12bccea4a7cb0a6c2e421494b27] 10.0.0.78 "GET /resource_providers/0d8f7b1f-db9c-46b6-bf29-8af9a2543400/aggregates" status: 404 len: 235 microversion: 1.1 [pid: 7|app: 0|req: 427/856] 10.0.0.78 () {32 vars in 815 bytes} [Fri Mar 6 01:49:08 2026] GET /resource_providers/0d8f7b1f-db9c-46b6-bf29-8af9a2543400/aggregates => generated 235 bytes in 16 msecs (HTTP/1.1 404) 5 headers in 202 bytes (1 switches on core 0)
2026-03-06 01:49:08.389 8 INFO placement.requestlog [None req-6879ee8f-1971-4b0e-a375-6bb8a31cd0db 1486c22d4057406aaa494addc0953fb2 c0d546b6a06848dcac263984b9d7984b - - 2346a12bccea4a7cb0a6c2e421494b27 2346a12bccea4a7cb0a6c2e421494b27] 10.0.0.78 "GET /resource_providers/0d8f7b1f-db9c-46b6-bf29-8af9a2543400/aggregates" status: 404 len: 235 microversion: 1.1 [pid: 8|app: 0|req: 430/857] 10.0.0.78 () {32 vars in 815 bytes} [Fri Mar 6 01:49:08 2026] GET /resource_providers/0d8f7b1f-db9c-46b6-bf29-8af9a2543400/aggregates => generated 235 bytes in 19 msecs (HTTP/1.1 404) 5 headers in 202 bytes (1 switches on core 0)
2026-03-06 01:49:08.421 7 INFO placement.requestlog [None req-a2978475-3f7e-4a3d-a527-7cad1e697d3f 1486c22d4057406aaa494addc0953fb2 c0d546b6a06848dcac263984b9d7984b - - 2346a12bccea4a7cb0a6c2e421494b27 2346a12bccea4a7cb0a6c2e421494b27] 10.0.0.78 "DELETE /resource_providers/0d8f7b1f-db9c-46b6-bf29-8af9a2543400" status: 404 len: 246 microversion: 1.1 [pid: 7|app: 0|req: 428/858] 10.0.0.78 () {34 vars in 815 bytes} [Fri Mar 6 01:49:08 2026] DELETE /resource_providers/0d8f7b1f-db9c-46b6-bf29-8af9a2543400 => generated 246 bytes in 8 msecs (HTTP/1.1 404) 6 headers in 231 bytes (1 switches on core 0)
2026-03-06 01:49:08.426 8 INFO placement.requestlog [None req-1187c142-eda6-45bc-affd-c34de75480de 1486c22d4057406aaa494addc0953fb2 c0d546b6a06848dcac263984b9d7984b - - 2346a12bccea4a7cb0a6c2e421494b27 2346a12bccea4a7cb0a6c2e421494b27] 10.0.0.78 "DELETE /resource_providers/0d8f7b1f-db9c-46b6-bf29-8af9a2543400" status: 404 len: 246 microversion: 1.1 [pid: 8|app: 0|req: 431/859] 10.0.0.78 () {34 vars in 815 bytes} [Fri Mar 6 01:49:08 2026] DELETE /resource_providers/0d8f7b1f-db9c-46b6-bf29-8af9a2543400 => generated 246 bytes in 13 msecs (HTTP/1.1 404) 6 headers in 231 bytes (1 switches on core 0)
2026-03-06 01:49:10.077 7 INFO placement.requestlog [req-fc1669c5-34a1-48c8-9c97-5dd4c89c1c3a req-26d3b422-1277-4b2f-a0cb-5582579701c4 9e2a81b966554589b09912a3c0a4404c c0d546b6a06848dcac263984b9d7984b - - 2346a12bccea4a7cb0a6c2e421494b27 2346a12bccea4a7cb0a6c2e421494b27] 199.204.45.41 "GET /resource_providers/cc6bc752-db2e-43a6-ba3d-a1207512619c/allocations" status: 200 len: 152 microversion: 1.0 [pid: 7|app: 0|req: 429/860] 199.204.45.41 () {32 vars in 856 bytes} [Fri Mar 6 01:49:10 2026] GET /resource_providers/cc6bc752-db2e-43a6-ba3d-a1207512619c/allocations => generated 152 bytes in 17 msecs (HTTP/1.1 200) 6 headers in 224 bytes (1 switches on core 0)
2026-03-06 01:49:10.098 8 INFO placement.requestlog [req-fc1669c5-34a1-48c8-9c97-5dd4c89c1c3a req-14956d2b-88b8-4298-87e2-8e72a31cc577 9e2a81b966554589b09912a3c0a4404c c0d546b6a06848dcac263984b9d7984b - - 2346a12bccea4a7cb0a6c2e421494b27 2346a12bccea4a7cb0a6c2e421494b27] 199.204.45.41 "GET /allocations/7c1bf69b-3dbe-4b71-b1ab-71834d2376a9" status: 200 len: 257 microversion: 1.28 [pid: 8|app: 0|req: 432/861] 199.204.45.41 () {34 vars in 862 bytes} [Fri Mar 6 01:49:10 2026] GET /allocations/7c1bf69b-3dbe-4b71-b1ab-71834d2376a9 => generated 257 bytes in 10 msecs (HTTP/1.1 200) 8 headers in 296 bytes (1 switches on core 0)
2026-03-06 01:49:10.321 7 INFO placement.requestlog [req-fc1669c5-34a1-48c8-9c97-5dd4c89c1c3a req-e25e68c8-0546-49ca-9774-7e2b885d54f3 9e2a81b966554589b09912a3c0a4404c c0d546b6a06848dcac263984b9d7984b - - 2346a12bccea4a7cb0a6c2e421494b27 2346a12bccea4a7cb0a6c2e421494b27] 199.204.45.41 "DELETE /allocations/7c1bf69b-3dbe-4b71-b1ab-71834d2376a9" status: 204 len: 0 microversion: 1.0 [pid: 7|app: 0|req: 430/862] 199.204.45.41 () {34 vars in 840 bytes} [Fri Mar 6 01:49:10 2026] DELETE /allocations/7c1bf69b-3dbe-4b71-b1ab-71834d2376a9 => generated 0 bytes in 104 msecs (HTTP/1.1 204) 5 headers in 198 bytes (1 switches on core 0)
2026-03-06 01:49:14.656 8 INFO placement.requestlog [None req-a2c99b61-faa7-43c1-9b56-9842df803279 - - - - - -] 10.0.0.177 "GET /" status: 200 len: 136 microversion: 1.0
2026-03-06 01:49:14.656 7 INFO placement.requestlog [None req-303f0858-b711-4119-b57e-41ac6193bf2f - - - - - -] 10.0.0.177 "GET /" status: 200 len: 136 microversion: 1.0
2026-03-06 01:49:15.629 7 INFO placement.requestlog [None req-8d3fdb43-64bf-4f42-b5bb-ef3bb0f9ae1f 1486c22d4057406aaa494addc0953fb2 c0d546b6a06848dcac263984b9d7984b - - 2346a12bccea4a7cb0a6c2e421494b27 2346a12bccea4a7cb0a6c2e421494b27] 10.0.0.78 "GET /resource_providers/b12a8b26-c4de-4795-91e5-cd1d03e8a057/aggregates" status: 404 len: 235 microversion: 1.1 [pid: 7|app: 0|req: 432/865] 10.0.0.78 () {32 vars in 815 bytes} [Fri Mar 6 01:49:15 2026] GET /resource_providers/b12a8b26-c4de-4795-91e5-cd1d03e8a057/aggregates => generated 235 bytes in 18 msecs (HTTP/1.1 404) 5 headers in 202 bytes (1 switches on core 0)
2026-03-06 01:49:15.641 8 INFO placement.requestlog [None req-04092819-9f39-4cf8-9ea2-b2036a2b2379 1486c22d4057406aaa494addc0953fb2 c0d546b6a06848dcac263984b9d7984b - - 2346a12bccea4a7cb0a6c2e421494b27 2346a12bccea4a7cb0a6c2e421494b27] 10.0.0.78 "GET /resource_providers/b12a8b26-c4de-4795-91e5-cd1d03e8a057/aggregates" status: 404 len: 235 microversion: 1.1 [pid: 8|app: 0|req: 434/866] 10.0.0.78 () {32 vars in 815 bytes} [Fri Mar 6 01:49:15 2026] GET /resource_providers/b12a8b26-c4de-4795-91e5-cd1d03e8a057/aggregates => generated 235 bytes in 30 msecs (HTTP/1.1 404) 5 headers in 202 bytes (1 switches on core 0)
2026-03-06 01:49:15.667 7 INFO placement.requestlog [None req-66f6f1d6-da4a-485a-86b0-67749e20b156 1486c22d4057406aaa494addc0953fb2 c0d546b6a06848dcac263984b9d7984b - - 2346a12bccea4a7cb0a6c2e421494b27 2346a12bccea4a7cb0a6c2e421494b27] 10.0.0.78 "DELETE /resource_providers/b12a8b26-c4de-4795-91e5-cd1d03e8a057" status: 404 len: 246 microversion: 1.1 [pid: 7|app: 0|req: 433/867] 10.0.0.78 () {34 vars in 815 bytes} [Fri Mar 6 01:49:15 2026] DELETE /resource_providers/b12a8b26-c4de-4795-91e5-cd1d03e8a057 => generated 246 bytes in 11 msecs (HTTP/1.1 404) 6 headers in 231 bytes (1 switches on core 0)
2026-03-06 01:49:15.673 8 INFO placement.requestlog [None req-715622bf-5075-417e-b3a6-45ef4cee3ab4 1486c22d4057406aaa494addc0953fb2 c0d546b6a06848dcac263984b9d7984b - - 2346a12bccea4a7cb0a6c2e421494b27 2346a12bccea4a7cb0a6c2e421494b27] 10.0.0.78 "DELETE /resource_providers/b12a8b26-c4de-4795-91e5-cd1d03e8a057" status: 404 len: 246 microversion: 1.1 [pid: 8|app: 0|req: 435/868] 10.0.0.78 () {34 vars in 815 bytes} [Fri Mar 6 01:49:15 2026] DELETE /resource_providers/b12a8b26-c4de-4795-91e5-cd1d03e8a057 => generated 246 bytes in 15 msecs (HTTP/1.1 404) 6 headers in 231 bytes (1 switches on core 0)
2026-03-06 01:49:17.300 7 INFO placement.requestlog [req-b1fe321b-333c-4292-ad5c-fc94d18ddbca req-2aaa2fcc-ee08-4f85-85b4-db81b95c6973 9e2a81b966554589b09912a3c0a4404c c0d546b6a06848dcac263984b9d7984b - - 2346a12bccea4a7cb0a6c2e421494b27 2346a12bccea4a7cb0a6c2e421494b27] 199.204.45.41 "GET /resource_providers/cc6bc752-db2e-43a6-ba3d-a1207512619c/allocations" status: 200 len: 54 microversion: 1.0 [pid: 7|app: 0|req: 434/869] 199.204.45.41 () {32 vars in 856 bytes} [Fri Mar 6 01:49:17 2026] GET /resource_providers/cc6bc752-db2e-43a6-ba3d-a1207512619c/allocations => generated 54 bytes in 39 msecs (HTTP/1.1 200) 6 headers in 223 bytes (1 switches on core 0)
2026-03-06 01:49:17.331 8 INFO placement.requestlog [req-b1fe321b-333c-4292-ad5c-fc94d18ddbca req-7c772cef-bb50-4ca5-a7bd-8c75f171e61b 9e2a81b966554589b09912a3c0a4404c c0d546b6a06848dcac263984b9d7984b - - 2346a12bccea4a7cb0a6c2e421494b27 2346a12bccea4a7cb0a6c2e421494b27] 199.204.45.41 "GET /resource_providers/cc6bc752-db2e-43a6-ba3d-a1207512619c/allocations" status: 200 len: 54 microversion: 1.0 [pid: 8|app: 0|req: 436/870] 199.204.45.41 () {32 vars in 856 bytes} [Fri Mar 6 01:49:17 2026] GET /resource_providers/cc6bc752-db2e-43a6-ba3d-a1207512619c/allocations => generated 54 bytes in 21 msecs (HTTP/1.1 200) 6 headers in 223 bytes (1 switches on core 0)
2026-03-06 01:49:17.628 8 INFO placement.requestlog [None req-f39a6731-1faf-49bf-a875-36d3edd02d89 1486c22d4057406aaa494addc0953fb2 c0d546b6a06848dcac263984b9d7984b - - 2346a12bccea4a7cb0a6c2e421494b27 2346a12bccea4a7cb0a6c2e421494b27] 10.0.0.78 "GET /resource_providers/1bb988bc-af6e-494e-a694-b2c02dbd1f63/aggregates" status: 404 len: 235 microversion: 1.1
2026-03-06 01:49:17.628 7 INFO placement.requestlog [None req-0e669ede-0cbc-487c-bbae-293a7c9c414d 1486c22d4057406aaa494addc0953fb2 c0d546b6a06848dcac263984b9d7984b - - 2346a12bccea4a7cb0a6c2e421494b27 2346a12bccea4a7cb0a6c2e421494b27] 10.0.0.78 "GET /resource_providers/1bb988bc-af6e-494e-a694-b2c02dbd1f63/aggregates" status: 404 len: 235 microversion: 1.1 [pid: 7|app: 0|req: 435/871] 10.0.0.78 () {32 vars in 815 bytes} [Fri Mar 6 01:49:17 2026] GET /resource_providers/1bb988bc-af6e-494e-a694-b2c02dbd1f63/aggregates => generated 235 bytes in 16 msecs (HTTP/1.1 404) 5 headers in 202 bytes (1 switches on core 0) [pid: 8|app: 0|req: 437/872] 10.0.0.78 () {32 vars in 815 bytes} [Fri Mar 6 01:49:17 2026] GET /resource_providers/1bb988bc-af6e-494e-a694-b2c02dbd1f63/aggregates => generated 235 bytes in 15 msecs (HTTP/1.1 404) 5 headers in 202 bytes (1 switches on core 0)
2026-03-06 01:49:17.654 7 INFO placement.requestlog [None req-aee04f64-4998-43ad-abf8-11a16251fdfc 1486c22d4057406aaa494addc0953fb2 c0d546b6a06848dcac263984b9d7984b - - 2346a12bccea4a7cb0a6c2e421494b27 2346a12bccea4a7cb0a6c2e421494b27] 10.0.0.78 "DELETE /resource_providers/1bb988bc-af6e-494e-a694-b2c02dbd1f63" status: 404 len: 246 microversion: 1.1 [pid: 7|app: 0|req: 436/873] 10.0.0.78 () {34 vars in 815 bytes} [Fri Mar 6 01:49:17 2026] DELETE /resource_providers/1bb988bc-af6e-494e-a694-b2c02dbd1f63 => generated 246 bytes in 14 msecs (HTTP/1.1 404) 6 headers in 231 bytes (1 switches on core 0)
2026-03-06 01:49:17.658 8 INFO placement.requestlog [None req-671f575b-f160-4458-baab-61fa2facb6cb 1486c22d4057406aaa494addc0953fb2 c0d546b6a06848dcac263984b9d7984b - - 2346a12bccea4a7cb0a6c2e421494b27 2346a12bccea4a7cb0a6c2e421494b27] 10.0.0.78 "DELETE /resource_providers/1bb988bc-af6e-494e-a694-b2c02dbd1f63" status: 404 len: 246 microversion: 1.1 [pid: 8|app: 0|req: 438/874] 10.0.0.78 () {34 vars in 815 bytes} [Fri Mar 6 01:49:17 2026] DELETE /resource_providers/1bb988bc-af6e-494e-a694-b2c02dbd1f63 => generated 246 bytes in 17 msecs (HTTP/1.1 404) 6 headers in 231 bytes (1 switches on core 0)
2026-03-06 01:49:18.795 7 INFO placement.requestlog [req-b95a3260-bb30-49d2-84f3-b525d33485bd req-a25ee66a-e795-4dce-8b36-06c674107b85 9e2a81b966554589b09912a3c0a4404c c0d546b6a06848dcac263984b9d7984b - - 2346a12bccea4a7cb0a6c2e421494b27 2346a12bccea4a7cb0a6c2e421494b27] 10.0.0.138 "GET /allocation_candidates?limit=1000&resources=DISK_GB%3A1%2CMEMORY_MB%3A512%2CVCPU%3A1&root_required=%21COMPUTE_STATUS_DISABLED" status: 200 len: 2188 microversion: 1.36 [pid: 7|app: 0|req: 437/875] 10.0.0.138 () {34 vars in 1012 bytes} [Fri Mar 6 01:49:18 2026] GET /allocation_candidates?limit=1000&resources=DISK_GB%3A1%2CMEMORY_MB%3A512%2CVCPU%3A1&root_required=%21COMPUTE_STATUS_DISABLED => generated 2188 bytes in 66 msecs (HTTP/1.1 200) 8 headers in 297 bytes (1 switches on core 0)
2026-03-06 01:49:18.841 8 INFO placement.requestlog [req-b95a3260-bb30-49d2-84f3-b525d33485bd req-687d0f36-bd0b-4e4e-a4fb-e7be506c7c7c 9e2a81b966554589b09912a3c0a4404c c0d546b6a06848dcac263984b9d7984b - - 2346a12bccea4a7cb0a6c2e421494b27 2346a12bccea4a7cb0a6c2e421494b27] 10.0.0.138 "GET /allocations/bb583ddd-e6bf-4d2e-8f1b-92517c23d1f5" status: 200 len: 19 microversion: 1.28 [pid: 8|app: 0|req: 439/876] 10.0.0.138 () {34 vars in 861 bytes} [Fri Mar 6 01:49:18 2026] GET /allocations/bb583ddd-e6bf-4d2e-8f1b-92517c23d1f5 => generated 19 bytes in 16 msecs (HTTP/1.1 200) 8 headers in 295 bytes (1 switches on core 0)
2026-03-06 01:49:19.061 7 INFO placement.requestlog [req-b95a3260-bb30-49d2-84f3-b525d33485bd req-8432bd56-218a-4a14-9a29-0aacde1341fe 9e2a81b966554589b09912a3c0a4404c c0d546b6a06848dcac263984b9d7984b - - 2346a12bccea4a7cb0a6c2e421494b27 2346a12bccea4a7cb0a6c2e421494b27] 10.0.0.138 "PUT /allocations/bb583ddd-e6bf-4d2e-8f1b-92517c23d1f5" status: 204 len: 0 microversion: 1.36 [pid: 7|app: 0|req: 438/877] 10.0.0.138 () {38 vars in 914 bytes} [Fri Mar 6 01:49:18 2026] PUT /allocations/bb583ddd-e6bf-4d2e-8f1b-92517c23d1f5 => generated 0 bytes in 211 msecs (HTTP/1.1 204) 5 headers in 199 bytes (1 switches on core 0)
2026-03-06 01:49:19.469 8 INFO placement.requestlog [req-b95a3260-bb30-49d2-84f3-b525d33485bd req-8279e995-6fea-46c1-98e6-fada3cb3b727 9e2a81b966554589b09912a3c0a4404c c0d546b6a06848dcac263984b9d7984b - - 2346a12bccea4a7cb0a6c2e421494b27 2346a12bccea4a7cb0a6c2e421494b27] 199.204.45.41 "GET /allocations/bb583ddd-e6bf-4d2e-8f1b-92517c23d1f5" status: 200 len: 257 microversion: 1.28 [pid: 8|app: 0|req: 440/878] 199.204.45.41 () {34 vars in 862 bytes} [Fri Mar 6 01:49:19 2026] GET /allocations/bb583ddd-e6bf-4d2e-8f1b-92517c23d1f5 => generated 257 bytes in 33 msecs (HTTP/1.1 200) 8 headers in 296 bytes (1 switches on core 0)
2026-03-06 01:49:19.645 7 INFO placement.requestlog [req-b95a3260-bb30-49d2-84f3-b525d33485bd req-aad5a04f-aebf-4a70-a200-a6d9fc031407 9e2a81b966554589b09912a3c0a4404c c0d546b6a06848dcac263984b9d7984b - - 2346a12bccea4a7cb0a6c2e421494b27 2346a12bccea4a7cb0a6c2e421494b27] 199.204.45.41 "GET /resource_providers/cc6bc752-db2e-43a6-ba3d-a1207512619c/allocations" status: 200 len: 152 microversion: 1.0 [pid: 7|app: 0|req: 439/879] 199.204.45.41 () {32 vars in 856 bytes} [Fri Mar 6 01:49:19 2026] GET /resource_providers/cc6bc752-db2e-43a6-ba3d-a1207512619c/allocations => generated 152 bytes in 23 msecs (HTTP/1.1 200) 6 headers in 224 bytes (1 switches on core 0)
2026-03-06 01:49:19.675 8 INFO placement.requestlog [req-b95a3260-bb30-49d2-84f3-b525d33485bd req-afe13398-59df-4e3f-a932-3ab9fa5c435c 9e2a81b966554589b09912a3c0a4404c c0d546b6a06848dcac263984b9d7984b - - 2346a12bccea4a7cb0a6c2e421494b27 2346a12bccea4a7cb0a6c2e421494b27] 199.204.45.41 "GET /allocations/bb583ddd-e6bf-4d2e-8f1b-92517c23d1f5" status: 200 len: 257 microversion: 1.28 [pid: 8|app: 0|req: 441/880] 199.204.45.41 () {34 vars in 862 bytes} [Fri Mar 6 01:49:19 2026] GET /allocations/bb583ddd-e6bf-4d2e-8f1b-92517c23d1f5 => generated 257 bytes in 20 msecs (HTTP/1.1 200) 8 headers in 296 bytes (1 switches on core 0)
2026-03-06 01:49:24.657 8 INFO placement.requestlog [None req-c5dfe18d-607c-403a-a8f4-0d508efdadc5 - - - - - -] 10.0.0.177 "GET /" status: 200 len: 136 microversion: 1.0
2026-03-06 01:49:24.657 7 INFO placement.requestlog [None req-a7f18021-9a0d-4800-8eb3-e0d9e514ad1a - - - - - -] 10.0.0.177 "GET /" status: 200 len: 136 microversion: 1.0
2026-03-06 01:49:24.924 8 INFO placement.requestlog [None req-176efd86-b01a-4c4f-bbe1-8bd840df03f4 1486c22d4057406aaa494addc0953fb2 c0d546b6a06848dcac263984b9d7984b - - 2346a12bccea4a7cb0a6c2e421494b27 2346a12bccea4a7cb0a6c2e421494b27] 10.0.0.78 "GET /resource_providers/c4e2d797-e6ee-4f4e-8bac-533c8ef6f8d5/aggregates" status: 404 len: 235 microversion: 1.1 [pid: 8|app: 0|req: 443/883] 10.0.0.78 () {32 vars in 815 bytes} [Fri Mar 6 01:49:24 2026] GET /resource_providers/c4e2d797-e6ee-4f4e-8bac-533c8ef6f8d5/aggregates => generated 235 bytes in 11 msecs (HTTP/1.1 404) 5 headers in 202 bytes (1 switches on core 0)
2026-03-06 01:49:24.933 7 INFO placement.requestlog [None req-8391df71-23ba-445e-8523-aac62fb3bc75 1486c22d4057406aaa494addc0953fb2 c0d546b6a06848dcac263984b9d7984b - - 2346a12bccea4a7cb0a6c2e421494b27 2346a12bccea4a7cb0a6c2e421494b27] 10.0.0.78 "GET /resource_providers/c4e2d797-e6ee-4f4e-8bac-533c8ef6f8d5/aggregates" status: 404 len: 235 microversion: 1.1 [pid: 7|app: 0|req: 441/884] 10.0.0.78 () {32 vars in 815 bytes} [Fri Mar 6 01:49:24 2026] GET /resource_providers/c4e2d797-e6ee-4f4e-8bac-533c8ef6f8d5/aggregates => generated 235 bytes in 16 msecs (HTTP/1.1 404) 5 headers in 202 bytes (1 switches on core 0)
2026-03-06 01:49:24.954 8 INFO placement.requestlog [None req-609b6bac-1a19-466f-811e-6585ec95df5c 1486c22d4057406aaa494addc0953fb2 c0d546b6a06848dcac263984b9d7984b - - 2346a12bccea4a7cb0a6c2e421494b27 2346a12bccea4a7cb0a6c2e421494b27] 10.0.0.78 "DELETE /resource_providers/c4e2d797-e6ee-4f4e-8bac-533c8ef6f8d5" status: 404 len: 246 microversion: 1.1 [pid: 8|app: 0|req: 444/885] 10.0.0.78 () {34 vars in 815 bytes} [Fri Mar 6 01:49:24 2026] DELETE /resource_providers/c4e2d797-e6ee-4f4e-8bac-533c8ef6f8d5 => generated 246 bytes in 14 msecs (HTTP/1.1 404) 6 headers in 231 bytes (1 switches on core 0)
2026-03-06 01:49:24.961 7 INFO placement.requestlog [None req-5016d887-4cf2-45c9-8ad7-3fc3019d6c07 1486c22d4057406aaa494addc0953fb2 c0d546b6a06848dcac263984b9d7984b - - 2346a12bccea4a7cb0a6c2e421494b27 2346a12bccea4a7cb0a6c2e421494b27] 10.0.0.78 "DELETE /resource_providers/c4e2d797-e6ee-4f4e-8bac-533c8ef6f8d5" status: 404 len: 246 microversion: 1.1 [pid: 7|app: 0|req: 442/886] 10.0.0.78 () {34 vars in 815 bytes} [Fri Mar 6 01:49:24 2026] DELETE /resource_providers/c4e2d797-e6ee-4f4e-8bac-533c8ef6f8d5 => generated 246 bytes in 12 msecs (HTTP/1.1 404) 6 headers in 231 bytes (1 switches on core 0)
2026-03-06 01:49:25.723 7 INFO placement.requestlog [None req-07b3bf95-6da9-43e9-849c-af84f987ca3f 1486c22d4057406aaa494addc0953fb2 c0d546b6a06848dcac263984b9d7984b - - 2346a12bccea4a7cb0a6c2e421494b27 2346a12bccea4a7cb0a6c2e421494b27] 10.0.0.78 "GET /resource_providers/9ae2fe37-028f-4327-82a5-58699faa9340/aggregates" status: 404 len: 235 microversion: 1.1 [pid: 7|app: 0|req: 443/887] 10.0.0.78 () {32 vars in 815 bytes} [Fri Mar 6 01:49:25 2026] GET /resource_providers/9ae2fe37-028f-4327-82a5-58699faa9340/aggregates => generated 235 bytes in 14 msecs (HTTP/1.1 404) 5 headers in 202 bytes (1 switches on core 0)
2026-03-06 01:49:25.724 8 INFO placement.requestlog [None req-a5a69ce3-bc6f-4e53-98f6-f6340bc898b7 1486c22d4057406aaa494addc0953fb2 c0d546b6a06848dcac263984b9d7984b - - 2346a12bccea4a7cb0a6c2e421494b27 2346a12bccea4a7cb0a6c2e421494b27] 10.0.0.78 "GET /resource_providers/9ae2fe37-028f-4327-82a5-58699faa9340/aggregates" status: 404 len: 235 microversion: 1.1 [pid: 8|app: 0|req: 445/888] 10.0.0.78 () {32 vars in 815 bytes} [Fri Mar 6 01:49:25 2026] GET /resource_providers/9ae2fe37-028f-4327-82a5-58699faa9340/aggregates => generated 235 bytes in 15 msecs (HTTP/1.1 404) 5 headers in 202 bytes (1 switches on core 0)
2026-03-06 01:49:25.751 8 INFO placement.requestlog [None req-a507f633-8904-427d-9004-ee04dfc017ab 1486c22d4057406aaa494addc0953fb2 c0d546b6a06848dcac263984b9d7984b - - 2346a12bccea4a7cb0a6c2e421494b27 2346a12bccea4a7cb0a6c2e421494b27] 10.0.0.78 "DELETE /resource_providers/9ae2fe37-028f-4327-82a5-58699faa9340" status: 404 len: 246 microversion: 1.1 [pid: 8|app: 0|req: 446/889] 10.0.0.78 () {34 vars in 815 bytes} [Fri Mar 6 01:49:25 2026] DELETE /resource_providers/9ae2fe37-028f-4327-82a5-58699faa9340 => generated 246 bytes in 11 msecs (HTTP/1.1 404) 6 headers in 231 bytes (1 switches on core 0)
2026-03-06 01:49:25.752 7 INFO placement.requestlog [None req-fe945732-a947-47e3-8af0-6a210881186f 1486c22d4057406aaa494addc0953fb2 c0d546b6a06848dcac263984b9d7984b - - 2346a12bccea4a7cb0a6c2e421494b27 2346a12bccea4a7cb0a6c2e421494b27] 10.0.0.78 "DELETE /resource_providers/9ae2fe37-028f-4327-82a5-58699faa9340" status: 404 len: 246 microversion: 1.1 [pid: 7|app: 0|req: 444/890] 10.0.0.78 () {34 vars in 815 bytes} [Fri Mar 6 01:49:25 2026] DELETE /resource_providers/9ae2fe37-028f-4327-82a5-58699faa9340 => generated 246 bytes in 13 msecs (HTTP/1.1 404) 6 headers in 231 bytes (1 switches on core 0)
