2026-03-06 01:53:13.594 7 INFO placement.requestlog [req-f86ac2e8-055d-42c7-a137-4b473a21cac1 req-9a06e07e-ee5f-4ef0-8201-fd3d02b67b31 9e2a81b966554589b09912a3c0a4404c c0d546b6a06848dcac263984b9d7984b - - 2346a12bccea4a7cb0a6c2e421494b27 2346a12bccea4a7cb0a6c2e421494b27] 199.204.45.41 "GET /allocations/3c44bc45-c47d-4fba-87ab-a6ad41e9a3c1" status: 200 len: 258 microversion: 1.28 [pid: 7|app: 0|req: 661/1326] 199.204.45.41 () {34 vars in 862 bytes} [Fri Mar 6 01:53:13 2026] GET /allocations/3c44bc45-c47d-4fba-87ab-a6ad41e9a3c1 => generated 258 bytes in 15 msecs (HTTP/1.1 200) 8 headers in 296 bytes (1 switches on core 0)
2026-03-06 01:53:14.657 8 INFO placement.requestlog [None req-f3655edd-2c18-4481-99de-8e58cf8fe460 - - - - - -] 10.0.0.177 "GET /" status: 200 len: 136 microversion: 1.0
2026-03-06 01:53:14.657 7 INFO placement.requestlog [None req-53e8d232-6d96-4b7d-842a-809ca52a9b64 - - - - - -] 10.0.0.177 "GET /" status: 200 len: 136 microversion: 1.0
2026-03-06 01:53:20.304 8 INFO placement.requestlog [req-0891ba26-1cf5-402c-8b2a-aad37f7938fc req-45f3ddef-7b41-450e-88b8-7ce4be6ef68e 9e2a81b966554589b09912a3c0a4404c c0d546b6a06848dcac263984b9d7984b - - 2346a12bccea4a7cb0a6c2e421494b27 2346a12bccea4a7cb0a6c2e421494b27] 199.204.45.41 "GET /resource_providers/cc6bc752-db2e-43a6-ba3d-a1207512619c/allocations" status: 200 len: 340 microversion: 1.0 [pid: 8|app: 0|req: 667/1329] 199.204.45.41 () {32 vars in 856 bytes} [Fri Mar 6 01:53:20 2026] GET /resource_providers/cc6bc752-db2e-43a6-ba3d-a1207512619c/allocations => generated 340 bytes in 22 msecs (HTTP/1.1 200) 6 headers in 224 bytes (1 switches on core 0)
2026-03-06 01:53:20.336 7 INFO placement.requestlog [req-0891ba26-1cf5-402c-8b2a-aad37f7938fc req-13bf486e-a350-4276-a7ea-7661b0f6813f 9e2a81b966554589b09912a3c0a4404c c0d546b6a06848dcac263984b9d7984b - - 2346a12bccea4a7cb0a6c2e421494b27 2346a12bccea4a7cb0a6c2e421494b27] 199.204.45.41 "GET /resource_providers/cc6bc752-db2e-43a6-ba3d-a1207512619c/allocations" status: 200 len: 340 microversion: 1.0 [pid: 7|app: 0|req: 663/1330] 199.204.45.41 () {32 vars in 856 bytes} [Fri Mar 6 01:53:20 2026] GET /resource_providers/cc6bc752-db2e-43a6-ba3d-a1207512619c/allocations => generated 340 bytes in 21 msecs (HTTP/1.1 200) 6 headers in 224 bytes (1 switches on core 0)
2026-03-06 01:53:20.357 8 INFO placement.requestlog [req-0891ba26-1cf5-402c-8b2a-aad37f7938fc req-d96b558c-61df-411c-84b9-2146a2d679a8 9e2a81b966554589b09912a3c0a4404c c0d546b6a06848dcac263984b9d7984b - - 2346a12bccea4a7cb0a6c2e421494b27 2346a12bccea4a7cb0a6c2e421494b27] 199.204.45.41 "GET /allocations/538c4d4d-57e8-46c2-9364-9cff4690dbd8" status: 200 len: 245 microversion: 1.28 [pid: 8|app: 0|req: 668/1331] 199.204.45.41 () {34 vars in 862 bytes} [Fri Mar 6 01:53:20 2026] GET /allocations/538c4d4d-57e8-46c2-9364-9cff4690dbd8 => generated 245 bytes in 15 msecs (HTTP/1.1 200) 8 headers in 296 bytes (1 switches on core 0)
2026-03-06 01:53:20.382 7 INFO placement.requestlog [req-0891ba26-1cf5-402c-8b2a-aad37f7938fc req-2c2a7235-e36b-464b-8296-59ff7d0e22b1 9e2a81b966554589b09912a3c0a4404c c0d546b6a06848dcac263984b9d7984b - - 2346a12bccea4a7cb0a6c2e421494b27 2346a12bccea4a7cb0a6c2e421494b27] 199.204.45.41 "GET /allocations/c38f5d73-2429-407e-8526-c1dcca753a7a" status: 200 len: 258 microversion: 1.28 [pid: 7|app: 0|req: 664/1332] 199.204.45.41 () {34 vars in 862 bytes} [Fri Mar 6 01:53:20 2026] GET /allocations/c38f5d73-2429-407e-8526-c1dcca753a7a => generated 258 bytes in 16 msecs (HTTP/1.1 200) 8 headers in 296 bytes (1 switches on core 0)
2026-03-06 01:53:20.407 8 INFO placement.requestlog [req-0891ba26-1cf5-402c-8b2a-aad37f7938fc req-223ac13a-0338-412a-b3e7-926a93cf6514 9e2a81b966554589b09912a3c0a4404c c0d546b6a06848dcac263984b9d7984b - - 2346a12bccea4a7cb0a6c2e421494b27 2346a12bccea4a7cb0a6c2e421494b27] 199.204.45.41 "GET /allocations/3c44bc45-c47d-4fba-87ab-a6ad41e9a3c1" status: 200 len: 258 microversion: 1.28 [pid: 8|app: 0|req: 669/1333] 199.204.45.41 () {34 vars in 862 bytes} [Fri Mar 6 01:53:20 2026] GET /allocations/3c44bc45-c47d-4fba-87ab-a6ad41e9a3c1 => generated 258 bytes in 17 msecs (HTTP/1.1 200) 8 headers in 296 bytes (1 switches on core 0)
2026-03-06 01:53:24.657 7 INFO placement.requestlog [None req-0a49d625-e0a0-4788-b0e9-75949dacd99f - - - - - -] 10.0.0.177 "GET /" status: 200 len: 136 microversion: 1.0
2026-03-06 01:53:24.658 8 INFO placement.requestlog [None req-d6c92952-e76b-48f4-bbe2-5ed9864654fb - - - - - -] 10.0.0.177 "GET /" status: 200 len: 136 microversion: 1.0
2026-03-06 01:53:34.657 7 INFO placement.requestlog [None req-269fb61b-f35e-4b45-8a2a-3b103458cfcf - - - - - -] 10.0.0.177 "GET /" status: 200 len: 136 microversion: 1.0
2026-03-06 01:53:34.657 8 INFO placement.requestlog [None req-90dc271e-4986-45e9-9db2-ef83a9425787 - - - - - -] 10.0.0.177 "GET /" status: 200 len: 136 microversion: 1.0
2026-03-06 01:53:38.938 7 INFO placement.requestlog [None req-8bb94a8d-3c45-4515-b801-5b764b316623 1997d79dfa104d0ea4055cee5e50b986 3c0f7214febf49d4a5d26363b765612a - - default default] 10.0.0.133 "GET /resource_providers" status: 200 len: 406 microversion: 1.0 [pid: 7|app: 0|req: 667/1338] 10.0.0.133 () {28 vars in 593 bytes} [Fri Mar 6 01:53:38 2026] GET /resource_providers => generated 406 bytes in 98 msecs (HTTP/1.1 200) 6 headers in 224 bytes (1 switches on core 0)
2026-03-06 01:53:38.978 8 INFO placement.requestlog [None req-158d2d3e-0d92-461c-8111-2e80c779ee0d 1997d79dfa104d0ea4055cee5e50b986 3c0f7214febf49d4a5d26363b765612a - - default default] 10.0.0.133 "GET /resource_providers/cc6bc752-db2e-43a6-ba3d-a1207512619c/inventories" status: 200 len: 401 microversion: 1.0 [pid: 8|app: 0|req: 672/1339] 10.0.0.133 () {28 vars in 691 bytes} [Fri Mar 6 01:53:38 2026] GET /resource_providers/cc6bc752-db2e-43a6-ba3d-a1207512619c/inventories => generated 401 bytes in 35 msecs (HTTP/1.1 200) 6 headers in 224 bytes (1 switches on core 0)
2026-03-06 01:53:39.009 7 INFO placement.requestlog [None req-ab146862-b8a0-4020-9743-3291cdf2ab6d 1997d79dfa104d0ea4055cee5e50b986 3c0f7214febf49d4a5d26363b765612a - - default default] 10.0.0.133 "GET /resource_providers/cc6bc752-db2e-43a6-ba3d-a1207512619c/usages" status: 200 len: 92 microversion: 1.0 [pid: 7|app: 0|req: 668/1340] 10.0.0.133 () {28 vars in 681 bytes} [Fri Mar 6 01:53:38 2026] GET /resource_providers/cc6bc752-db2e-43a6-ba3d-a1207512619c/usages => generated 92 bytes in 23 msecs (HTTP/1.1 200) 6 headers in 223 bytes (1 switches on core 0)
2026-03-06 01:53:44.657 8 INFO placement.requestlog [None req-364cf168-8d77-47c6-a6f3-344567336667 - - - - - -] 10.0.0.177 "GET /" status: 200 len: 136 microversion: 1.0
2026-03-06 01:53:44.658 7 INFO placement.requestlog [None req-27833875-decb-49aa-9ada-b9c8548987e6 - - - - - -] 10.0.0.177 "GET /" status: 200 len: 136 microversion: 1.0
2026-03-06 01:53:54.657 7 INFO placement.requestlog [None req-480b054d-d966-4d9f-b25d-1c78ff55a6e5 - - - - - -] 10.0.0.177 "GET /" status: 200 len: 136 microversion: 1.0
2026-03-06 01:53:54.657 8 INFO placement.requestlog [None req-f94cbe3f-4a4b-4579-bb89-1ebaaf7b8cb0 - - - - - -] 10.0.0.177 "GET /" status: 200 len: 136 microversion: 1.0
2026-03-06 01:54:04.657 7 INFO placement.requestlog [None req-2d7e38be-81e8-4388-b766-4f2a319d9b7e - - - - - -] 10.0.0.177 "GET /" status: 200 len: 136 microversion: 1.0
2026-03-06 01:54:04.657 8 INFO placement.requestlog [None req-5d7f2814-b33f-4027-88c7-2c643b696663 - - - - - -] 10.0.0.177 "GET /" status: 200 len: 136 microversion: 1.0
2026-03-06 01:54:14.657 8 INFO placement.requestlog [None req-cb88905f-89d2-44dd-8a7f-338a6c367b97 - - - - - -] 10.0.0.177 "GET /" status: 200 len: 136 microversion: 1.0
2026-03-06 01:54:14.657 7 INFO placement.requestlog [None req-32e49ed8-4761-444a-b4db-ffbcd159f51f - - - - - -] 10.0.0.177 "GET /" status: 200 len: 136 microversion: 1.0
2026-03-06 01:54:20.182 8 INFO placement.requestlog [req-4c8bd0d1-0f2f-427a-b01b-b3e2236941c0 req-b48b3c0e-aba4-4051-b43f-4ff2eb2d3286 9e2a81b966554589b09912a3c0a4404c c0d546b6a06848dcac263984b9d7984b - - 2346a12bccea4a7cb0a6c2e421494b27 2346a12bccea4a7cb0a6c2e421494b27] 199.204.45.41 "GET /resource_providers/cc6bc752-db2e-43a6-ba3d-a1207512619c/allocations" status: 200 len: 340 microversion: 1.0 [pid: 8|app: 0|req: 677/1349] 199.204.45.41 () {32 vars in 856 bytes} [Fri Mar 6 01:54:20 2026] GET /resource_providers/cc6bc752-db2e-43a6-ba3d-a1207512619c/allocations => generated 340 bytes in 22 msecs (HTTP/1.1 200) 6 headers in 224 bytes (1 switches on core 0)
2026-03-06 01:54:20.209 7 INFO placement.requestlog [req-4c8bd0d1-0f2f-427a-b01b-b3e2236941c0 req-dbefe6bf-5c32-4d9f-be1c-c4fd176c3eb7 9e2a81b966554589b09912a3c0a4404c c0d546b6a06848dcac263984b9d7984b - - 2346a12bccea4a7cb0a6c2e421494b27 2346a12bccea4a7cb0a6c2e421494b27] 199.204.45.41 "GET /resource_providers/cc6bc752-db2e-43a6-ba3d-a1207512619c/allocations" status: 200 len: 340 microversion: 1.0 [pid: 7|app: 0|req: 673/1350] 199.204.45.41 () {32 vars in 856 bytes} [Fri Mar 6 01:54:20 2026] GET /resource_providers/cc6bc752-db2e-43a6-ba3d-a1207512619c/allocations => generated 340 bytes in 20 msecs (HTTP/1.1 200) 6 headers in 224 bytes (1 switches on core 0)
2026-03-06 01:54:20.231 8 INFO placement.requestlog [req-4c8bd0d1-0f2f-427a-b01b-b3e2236941c0 req-f63c1157-a8e1-4b7e-b583-8f309c88e0c6 9e2a81b966554589b09912a3c0a4404c c0d546b6a06848dcac263984b9d7984b - - 2346a12bccea4a7cb0a6c2e421494b27 2346a12bccea4a7cb0a6c2e421494b27] 199.204.45.41 "GET /allocations/538c4d4d-57e8-46c2-9364-9cff4690dbd8" status: 200 len: 245 microversion: 1.28 [pid: 8|app: 0|req: 678/1351] 199.204.45.41 () {34 vars in 862 bytes} [Fri Mar 6 01:54:20 2026] GET /allocations/538c4d4d-57e8-46c2-9364-9cff4690dbd8 => generated 245 bytes in 15 msecs (HTTP/1.1 200) 8 headers in 296 bytes (1 switches on core 0)
2026-03-06 01:54:20.261 7 INFO placement.requestlog [req-4c8bd0d1-0f2f-427a-b01b-b3e2236941c0 req-95a53dcc-b586-40a1-baae-bd18cb6a2bea 9e2a81b966554589b09912a3c0a4404c c0d546b6a06848dcac263984b9d7984b - - 2346a12bccea4a7cb0a6c2e421494b27 2346a12bccea4a7cb0a6c2e421494b27] 199.204.45.41 "GET /allocations/c38f5d73-2429-407e-8526-c1dcca753a7a" status: 200 len: 258 microversion: 1.28 [pid: 7|app: 0|req: 674/1352] 199.204.45.41 () {34 vars in 862 bytes} [Fri Mar 6 01:54:20 2026] GET /allocations/c38f5d73-2429-407e-8526-c1dcca753a7a => generated 258 bytes in 22 msecs (HTTP/1.1 200) 8 headers in 296 bytes (1 switches on core 0)
2026-03-06 01:54:20.284 8 INFO placement.requestlog [req-4c8bd0d1-0f2f-427a-b01b-b3e2236941c0 req-74c2f053-7404-4665-b4ed-53714745ce44 9e2a81b966554589b09912a3c0a4404c c0d546b6a06848dcac263984b9d7984b - - 2346a12bccea4a7cb0a6c2e421494b27 2346a12bccea4a7cb0a6c2e421494b27] 199.204.45.41 "GET /allocations/3c44bc45-c47d-4fba-87ab-a6ad41e9a3c1" status: 200 len: 258 microversion: 1.28 [pid: 8|app: 0|req: 679/1353] 199.204.45.41 () {34 vars in 862 bytes} [Fri Mar 6 01:54:20 2026] GET /allocations/3c44bc45-c47d-4fba-87ab-a6ad41e9a3c1 => generated 258 bytes in 16 msecs (HTTP/1.1 200) 8 headers in 296 bytes (1 switches on core 0)
2026-03-06 01:54:24.657 8 INFO placement.requestlog [None req-0cdfd229-c95b-474e-b90b-f8f4bd33aee2 - - - - - -] 10.0.0.177 "GET /" status: 200 len: 136 microversion: 1.0
2026-03-06 01:54:24.657 7 INFO placement.requestlog [None req-2ec37820-21bd-49d4-834e-a6ce61e17684 - - - - - -] 10.0.0.177 "GET /" status: 200 len: 136 microversion: 1.0
2026-03-06 01:54:34.657 7 INFO placement.requestlog [None req-af48e803-f0ca-4b2f-8e50-cc7c4371c0dd - - - - - -] 10.0.0.177 "GET /" status: 200 len: 136 microversion: 1.0
2026-03-06 01:54:34.657 8 INFO placement.requestlog [None req-1e4d1188-40f9-4d20-a3f0-579c291faef5 - - - - - -] 10.0.0.177 "GET /" status: 200 len: 136 microversion: 1.0
2026-03-06 01:54:38.847 7 INFO placement.requestlog [None req-7ac8eccf-9f42-4339-a3cb-51bb9dadc87f 1997d79dfa104d0ea4055cee5e50b986 3c0f7214febf49d4a5d26363b765612a - - default default] 10.0.0.133 "GET /resource_providers" status: 200 len: 406 microversion: 1.0 [pid: 7|app: 0|req: 677/1358] 10.0.0.133 () {28 vars in 593 bytes} [Fri Mar 6 01:54:38 2026] GET /resource_providers => generated 406 bytes in 120 msecs (HTTP/1.1 200) 6 headers in 224 bytes (1 switches on core 0)
2026-03-06 01:54:38.873 8 INFO placement.requestlog [None req-8587b839-fc61-442f-8b25-34a56bfb2a8d 1997d79dfa104d0ea4055cee5e50b986 3c0f7214febf49d4a5d26363b765612a - - default default] 10.0.0.133 "GET /resource_providers/cc6bc752-db2e-43a6-ba3d-a1207512619c/inventories" status: 200 len: 401 microversion: 1.0 [pid: 8|app: 0|req: 682/1359] 10.0.0.133 () {28 vars in 691 bytes} [Fri Mar 6 01:54:38 2026] GET /resource_providers/cc6bc752-db2e-43a6-ba3d-a1207512619c/inventories => generated 401 bytes in 19 msecs (HTTP/1.1 200) 6 headers in 224 bytes (1 switches on core 0)
2026-03-06 01:54:38.893 7 INFO placement.requestlog [None req-0ee27c5e-a0ae-400d-934c-a572c1125e44 1997d79dfa104d0ea4055cee5e50b986 3c0f7214febf49d4a5d26363b765612a - - default default] 10.0.0.133 "GET /resource_providers/cc6bc752-db2e-43a6-ba3d-a1207512619c/usages" status: 200 len: 92 microversion: 1.0 [pid: 7|app: 0|req: 678/1360] 10.0.0.133 () {28 vars in 681 bytes} [Fri Mar 6 01:54:38 2026] GET /resource_providers/cc6bc752-db2e-43a6-ba3d-a1207512619c/usages => generated 92 bytes in 15 msecs (HTTP/1.1 200) 6 headers in 223 bytes (1 switches on core 0)
2026-03-06 01:54:44.657 7 INFO placement.requestlog [None req-8817e516-32b7-40c5-8958-9c68b6298a33 - - - - - -] 10.0.0.177 "GET /" status: 200 len: 136 microversion: 1.0
2026-03-06 01:54:44.657 8 INFO placement.requestlog [None req-6e30daec-0722-4610-ab57-39f4abc45148 - - - - - -] 10.0.0.177 "GET /" status: 200 len: 136 microversion: 1.0
2026-03-06 01:54:54.657 8 INFO placement.requestlog [None req-4f6cd730-2be3-49b9-904c-63a516d13d66 - - - - - -] 10.0.0.177 "GET /" status: 200 len: 136 microversion: 1.0
2026-03-06 01:54:54.657 7 INFO placement.requestlog [None req-2701f6b5-0c29-4e59-95d4-6c9aaf20eea1 - - - - - -] 10.0.0.177 "GET /" status: 200 len: 136 microversion: 1.0
2026-03-06 01:55:04.657 8 INFO placement.requestlog [None req-6de0fd32-7b5d-445f-ac10-6e79c38b7242 - - - - - -] 10.0.0.177 "GET /" status: 200 len: 136 microversion: 1.0
2026-03-06 01:55:04.658 7 INFO placement.requestlog [None req-20e28aa3-b565-4b24-a1d8-e574fd18e628 - - - - - -] 10.0.0.177 "GET /" status: 200 len: 136 microversion: 1.0
2026-03-06 01:55:14.657 7 INFO placement.requestlog [None req-e2dc66d6-37fc-46e8-9266-41fa3a5e73a6 - - - - - -] 10.0.0.177 "GET /" status: 200 len: 136 microversion: 1.0
2026-03-06 01:55:14.657 8 INFO placement.requestlog [None req-0cc7e9fc-f4cb-4743-8489-78b2a1401132 - - - - - -] 10.0.0.177 "GET /" status: 200 len: 136 microversion: 1.0
2026-03-06 01:55:21.234 7 INFO placement.requestlog [req-302c6098-4ff4-4dc5-babf-0123c16ad7e9 req-0a59b90e-ce47-4636-aac4-7a460bd38a55 9e2a81b966554589b09912a3c0a4404c c0d546b6a06848dcac263984b9d7984b - - 2346a12bccea4a7cb0a6c2e421494b27 2346a12bccea4a7cb0a6c2e421494b27] 199.204.45.41 "GET /resource_providers/cc6bc752-db2e-43a6-ba3d-a1207512619c/allocations" status: 200 len: 340 microversion: 1.0 [pid: 7|app: 0|req: 683/1369] 199.204.45.41 () {32 vars in 856 bytes} [Fri Mar 6 01:55:21 2026] GET /resource_providers/cc6bc752-db2e-43a6-ba3d-a1207512619c/allocations => generated 340 bytes in 17 msecs (HTTP/1.1 200) 6 headers in 224 bytes (1 switches on core 0)
2026-03-06 01:55:21.261 8 INFO placement.requestlog [req-302c6098-4ff4-4dc5-babf-0123c16ad7e9 req-749d7f99-b9b6-4cc9-ae77-bb8803ba4327 9e2a81b966554589b09912a3c0a4404c c0d546b6a06848dcac263984b9d7984b - - 2346a12bccea4a7cb0a6c2e421494b27 2346a12bccea4a7cb0a6c2e421494b27] 199.204.45.41 "GET /resource_providers/cc6bc752-db2e-43a6-ba3d-a1207512619c/allocations" status: 200 len: 340 microversion: 1.0 [pid: 8|app: 0|req: 687/1370] 199.204.45.41 () {32 vars in 856 bytes} [Fri Mar 6 01:55:21 2026] GET /resource_providers/cc6bc752-db2e-43a6-ba3d-a1207512619c/allocations => generated 340 bytes in 19 msecs (HTTP/1.1 200) 6 headers in 224 bytes (1 switches on core 0)
2026-03-06 01:55:21.286 7 INFO placement.requestlog [req-302c6098-4ff4-4dc5-babf-0123c16ad7e9 req-bcdd239f-280a-4bba-a3c6-28af98d9e81a 9e2a81b966554589b09912a3c0a4404c c0d546b6a06848dcac263984b9d7984b - - 2346a12bccea4a7cb0a6c2e421494b27 2346a12bccea4a7cb0a6c2e421494b27] 199.204.45.41 "GET /allocations/538c4d4d-57e8-46c2-9364-9cff4690dbd8" status: 200 len: 245 microversion: 1.28 [pid: 7|app: 0|req: 684/1371] 199.204.45.41 () {34 vars in 862 bytes} [Fri Mar 6 01:55:21 2026] GET /allocations/538c4d4d-57e8-46c2-9364-9cff4690dbd8 => generated 245 bytes in 17 msecs (HTTP/1.1 200) 8 headers in 296 bytes (1 switches on core 0)
2026-03-06 01:55:21.318 8 INFO placement.requestlog [req-302c6098-4ff4-4dc5-babf-0123c16ad7e9 req-bad4d819-6657-4399-9642-5e564858bb80 9e2a81b966554589b09912a3c0a4404c c0d546b6a06848dcac263984b9d7984b - - 2346a12bccea4a7cb0a6c2e421494b27 2346a12bccea4a7cb0a6c2e421494b27] 199.204.45.41 "GET /allocations/c38f5d73-2429-407e-8526-c1dcca753a7a" status: 200 len: 258 microversion: 1.28 [pid: 8|app: 0|req: 688/1372] 199.204.45.41 () {34 vars in 862 bytes} [Fri Mar 6 01:55:21 2026] GET /allocations/c38f5d73-2429-407e-8526-c1dcca753a7a => generated 258 bytes in 23 msecs (HTTP/1.1 200) 8 headers in 296 bytes (1 switches on core 0)
2026-03-06 01:55:21.344 7 INFO placement.requestlog [req-302c6098-4ff4-4dc5-babf-0123c16ad7e9 req-f0ed5027-c1b5-475a-ae37-bec9809af73c 9e2a81b966554589b09912a3c0a4404c c0d546b6a06848dcac263984b9d7984b - - 2346a12bccea4a7cb0a6c2e421494b27 2346a12bccea4a7cb0a6c2e421494b27] 199.204.45.41 "GET /allocations/3c44bc45-c47d-4fba-87ab-a6ad41e9a3c1" status: 200 len: 258 microversion: 1.28 [pid: 7|app: 0|req: 685/1373] 199.204.45.41 () {34 vars in 862 bytes} [Fri Mar 6 01:55:21 2026] GET /allocations/3c44bc45-c47d-4fba-87ab-a6ad41e9a3c1 => generated 258 bytes in 17 msecs (HTTP/1.1 200) 8 headers in 296 bytes (1 switches on core 0)
2026-03-06 01:55:24.194 8 INFO placement.requestlog [req-afbcce21-72bb-47d7-82c2-049be74fe286 req-e7c50833-7276-49ef-8564-af4e1f1c80a6 9e2a81b966554589b09912a3c0a4404c c0d546b6a06848dcac263984b9d7984b - - 2346a12bccea4a7cb0a6c2e421494b27 2346a12bccea4a7cb0a6c2e421494b27] 199.204.45.41 "GET /resource_providers/cc6bc752-db2e-43a6-ba3d-a1207512619c/allocations" status: 200 len: 340 microversion: 1.0 [pid: 8|app: 0|req: 689/1374] 199.204.45.41 () {32 vars in 856 bytes} [Fri Mar 6 01:55:24 2026] GET /resource_providers/cc6bc752-db2e-43a6-ba3d-a1207512619c/allocations => generated 340 bytes in 22 msecs (HTTP/1.1 200) 6 headers in 224 bytes (1 switches on core 0)
2026-03-06 01:55:24.218 7 INFO placement.requestlog [req-afbcce21-72bb-47d7-82c2-049be74fe286 req-b37c5190-0e96-4ecd-a7c8-208ebf61bb51 9e2a81b966554589b09912a3c0a4404c c0d546b6a06848dcac263984b9d7984b - - 2346a12bccea4a7cb0a6c2e421494b27 2346a12bccea4a7cb0a6c2e421494b27] 199.204.45.41 "GET /allocations/538c4d4d-57e8-46c2-9364-9cff4690dbd8" status: 200 len: 245 microversion: 1.28 [pid: 7|app: 0|req: 686/1375] 199.204.45.41 () {34 vars in 862 bytes} [Fri Mar 6 01:55:24 2026] GET /allocations/538c4d4d-57e8-46c2-9364-9cff4690dbd8 => generated 245 bytes in 15 msecs (HTTP/1.1 200) 8 headers in 296 bytes (1 switches on core 0)
2026-03-06 01:55:24.243 8 INFO placement.requestlog [req-afbcce21-72bb-47d7-82c2-049be74fe286 req-362f1979-4bd7-4b5e-9cfc-78d4a1957c6d 9e2a81b966554589b09912a3c0a4404c c0d546b6a06848dcac263984b9d7984b - - 2346a12bccea4a7cb0a6c2e421494b27 2346a12bccea4a7cb0a6c2e421494b27] 199.204.45.41 "GET /allocations/c38f5d73-2429-407e-8526-c1dcca753a7a" status: 200 len: 258 microversion: 1.28 [pid: 8|app: 0|req: 690/1376] 199.204.45.41 () {34 vars in 862 bytes} [Fri Mar 6 01:55:24 2026] GET /allocations/c38f5d73-2429-407e-8526-c1dcca753a7a => generated 258 bytes in 16 msecs (HTTP/1.1 200) 8 headers in 296 bytes (1 switches on core 0)
2026-03-06 01:55:24.270 7 INFO placement.requestlog [req-afbcce21-72bb-47d7-82c2-049be74fe286 req-ada3fdb3-aeae-4cc6-9fa4-97ba8b8c7653 9e2a81b966554589b09912a3c0a4404c c0d546b6a06848dcac263984b9d7984b - - 2346a12bccea4a7cb0a6c2e421494b27 2346a12bccea4a7cb0a6c2e421494b27] 199.204.45.41 "GET /allocations/3c44bc45-c47d-4fba-87ab-a6ad41e9a3c1" status: 200 len: 258 microversion: 1.28 [pid: 7|app: 0|req: 687/1377] 199.204.45.41 () {34 vars in 862 bytes} [Fri Mar 6 01:55:24 2026] GET /allocations/3c44bc45-c47d-4fba-87ab-a6ad41e9a3c1 => generated 258 bytes in 19 msecs (HTTP/1.1 200) 8 headers in 296 bytes (1 switches on core 0)
2026-03-06 01:55:24.401 8 INFO placement.requestlog [req-afbcce21-72bb-47d7-82c2-049be74fe286 req-541d2d0b-5972-493c-b71e-cbc18d86262e 9e2a81b966554589b09912a3c0a4404c c0d546b6a06848dcac263984b9d7984b - - 2346a12bccea4a7cb0a6c2e421494b27 2346a12bccea4a7cb0a6c2e421494b27] 199.204.45.41 "DELETE /allocations/538c4d4d-57e8-46c2-9364-9cff4690dbd8" status: 204 len: 0 microversion: 1.0 [pid: 8|app: 0|req: 691/1378] 199.204.45.41 () {34 vars in 840 bytes} [Fri Mar 6 01:55:24 2026] DELETE /allocations/538c4d4d-57e8-46c2-9364-9cff4690dbd8 => generated 0 bytes in 26 msecs (HTTP/1.1 204) 5 headers in 198 bytes (1 switches on core 0)
2026-03-06 01:55:24.657 8 INFO placement.requestlog [None req-665af248-fa70-4d7a-a2ee-139c3764cd3a - - - - - -] 10.0.0.177 "GET /" status: 200 len: 136 microversion: 1.0
2026-03-06 01:55:24.658 7 INFO placement.requestlog [None req-f6957ba8-d2ef-4358-96e0-47ddc5b55745 - - - - - -] 10.0.0.177 "GET /" status: 200 len: 136 microversion: 1.0
2026-03-06 01:55:29.219 8 INFO placement.requestlog [req-5fd91e48-fa69-4768-9704-b9ce0effc94f req-5021ff62-0db2-4ac4-9e6a-cd3b6c8f7860 9e2a81b966554589b09912a3c0a4404c c0d546b6a06848dcac263984b9d7984b - - 2346a12bccea4a7cb0a6c2e421494b27 2346a12bccea4a7cb0a6c2e421494b27] 199.204.45.41 "GET /resource_providers/cc6bc752-db2e-43a6-ba3d-a1207512619c/allocations" status: 200 len: 253 microversion: 1.0 [pid: 8|app: 0|req: 693/1381] 199.204.45.41 () {32 vars in 856 bytes} [Fri Mar 6 01:55:29 2026] GET /resource_providers/cc6bc752-db2e-43a6-ba3d-a1207512619c/allocations => generated 253 bytes in 17 msecs (HTTP/1.1 200) 6 headers in 224 bytes (1 switches on core 0)
2026-03-06 01:55:29.241 7 INFO placement.requestlog [req-5fd91e48-fa69-4768-9704-b9ce0effc94f req-95bd061a-eba7-45d3-9d82-3c78b2102c50 9e2a81b966554589b09912a3c0a4404c c0d546b6a06848dcac263984b9d7984b - - 2346a12bccea4a7cb0a6c2e421494b27 2346a12bccea4a7cb0a6c2e421494b27] 199.204.45.41 "GET /allocations/c38f5d73-2429-407e-8526-c1dcca753a7a" status: 200 len: 258 microversion: 1.28 [pid: 7|app: 0|req: 689/1382] 199.204.45.41 () {34 vars in 862 bytes} [Fri Mar 6 01:55:29 2026] GET /allocations/c38f5d73-2429-407e-8526-c1dcca753a7a => generated 258 bytes in 12 msecs (HTTP/1.1 200) 8 headers in 296 bytes (1 switches on core 0)
2026-03-06 01:55:29.263 8 INFO placement.requestlog [req-5fd91e48-fa69-4768-9704-b9ce0effc94f req-644e59cc-21f7-428f-8410-fdad6656406b 9e2a81b966554589b09912a3c0a4404c c0d546b6a06848dcac263984b9d7984b - - 2346a12bccea4a7cb0a6c2e421494b27 2346a12bccea4a7cb0a6c2e421494b27] 199.204.45.41 "GET /allocations/3c44bc45-c47d-4fba-87ab-a6ad41e9a3c1" status: 200 len: 258 microversion: 1.28 [pid: 8|app: 0|req: 694/1383] 199.204.45.41 () {34 vars in 862 bytes} [Fri Mar 6 01:55:29 2026] GET /allocations/3c44bc45-c47d-4fba-87ab-a6ad41e9a3c1 => generated 258 bytes in 15 msecs (HTTP/1.1 200) 8 headers in 296 bytes (1 switches on core 0)
2026-03-06 01:55:29.344 7 INFO placement.requestlog [req-5fd91e48-fa69-4768-9704-b9ce0effc94f req-466fcbe3-78fc-43a1-af15-57691d4ea845 9e2a81b966554589b09912a3c0a4404c c0d546b6a06848dcac263984b9d7984b - - 2346a12bccea4a7cb0a6c2e421494b27 2346a12bccea4a7cb0a6c2e421494b27] 199.204.45.41 "DELETE /allocations/3c44bc45-c47d-4fba-87ab-a6ad41e9a3c1" status: 204 len: 0 microversion: 1.0 [pid: 7|app: 0|req: 690/1384] 199.204.45.41 () {34 vars in 840 bytes} [Fri Mar 6 01:55:29 2026] DELETE /allocations/3c44bc45-c47d-4fba-87ab-a6ad41e9a3c1 => generated 0 bytes in 27 msecs (HTTP/1.1 204) 5 headers in 198 bytes (1 switches on core 0)
2026-03-06 01:55:34.657 7 INFO placement.requestlog [None req-bdc9e5e6-02f0-4305-90d4-f73652edc371 - - - - - -] 10.0.0.177 "GET /" status: 200 len: 136 microversion: 1.0
2026-03-06 01:55:34.657 8 INFO placement.requestlog [None req-1573dab3-15f6-4718-aa5d-18dfd1b00d0d - - - - - -] 10.0.0.177 "GET /" status: 200 len: 136 microversion: 1.0
2026-03-06 01:55:35.201 7 INFO placement.requestlog [req-201ea846-7345-44b0-ac96-ea5045c7aa35 req-e49f60e7-4360-45dd-8a03-6cfecf909ad8 9e2a81b966554589b09912a3c0a4404c c0d546b6a06848dcac263984b9d7984b - - 2346a12bccea4a7cb0a6c2e421494b27 2346a12bccea4a7cb0a6c2e421494b27] 199.204.45.41 "GET /resource_providers/cc6bc752-db2e-43a6-ba3d-a1207512619c/allocations" status: 200 len: 153 microversion: 1.0 [pid: 7|app: 0|req: 692/1387] 199.204.45.41 () {32 vars in 856 bytes} [Fri Mar 6 01:55:35 2026] GET /resource_providers/cc6bc752-db2e-43a6-ba3d-a1207512619c/allocations => generated 153 bytes in 14 msecs (HTTP/1.1 200) 6 headers in 224 bytes (1 switches on core 0)
2026-03-06 01:55:35.233 8 INFO placement.requestlog [req-201ea846-7345-44b0-ac96-ea5045c7aa35 req-27b0ecf4-51cb-424f-9d70-698261949117 9e2a81b966554589b09912a3c0a4404c c0d546b6a06848dcac263984b9d7984b - - 2346a12bccea4a7cb0a6c2e421494b27 2346a12bccea4a7cb0a6c2e421494b27] 199.204.45.41 "GET /allocations/c38f5d73-2429-407e-8526-c1dcca753a7a" status: 200 len: 258 microversion: 1.28 [pid: 8|app: 0|req: 696/1388] 199.204.45.41 () {34 vars in 862 bytes} [Fri Mar 6 01:55:35 2026] GET /allocations/c38f5d73-2429-407e-8526-c1dcca753a7a => generated 258 bytes in 24 msecs (HTTP/1.1 200) 8 headers in 296 bytes (1 switches on core 0)
2026-03-06 01:55:35.321 7 INFO placement.requestlog [req-201ea846-7345-44b0-ac96-ea5045c7aa35 req-90ffd1ec-d8c7-4ce8-b843-4392c5973e44 9e2a81b966554589b09912a3c0a4404c c0d546b6a06848dcac263984b9d7984b - - 2346a12bccea4a7cb0a6c2e421494b27 2346a12bccea4a7cb0a6c2e421494b27] 199.204.45.41 "DELETE /allocations/c38f5d73-2429-407e-8526-c1dcca753a7a" status: 204 len: 0 microversion: 1.0 [pid: 7|app: 0|req: 693/1389] 199.204.45.41 () {34 vars in 840 bytes} [Fri Mar 6 01:55:35 2026] DELETE /allocations/c38f5d73-2429-407e-8526-c1dcca753a7a => generated 0 bytes in 32 msecs (HTTP/1.1 204) 5 headers in 198 bytes (1 switches on core 0)
2026-03-06 01:55:38.752 8 INFO placement.requestlog [None req-1687bf95-27fc-40ed-b72f-c7d900edf4df 1997d79dfa104d0ea4055cee5e50b986 3c0f7214febf49d4a5d26363b765612a - - default default] 10.0.0.133 "GET /resource_providers" status: 200 len: 406 microversion: 1.0 [pid: 8|app: 0|req: 697/1390] 10.0.0.133 () {28 vars in 593 bytes} [Fri Mar 6 01:55:38 2026] GET /resource_providers => generated 406 bytes in 103 msecs (HTTP/1.1 200) 6 headers in 224 bytes (1 switches on core 0)
2026-03-06 01:55:38.787 7 INFO placement.requestlog [None req-058c0987-1244-4af7-b10b-ef9e88076609 1997d79dfa104d0ea4055cee5e50b986 3c0f7214febf49d4a5d26363b765612a - - default default] 10.0.0.133 "GET /resource_providers/cc6bc752-db2e-43a6-ba3d-a1207512619c/inventories" status: 200 len: 401 microversion: 1.0 [pid: 7|app: 0|req: 694/1391] 10.0.0.133 () {28 vars in 691 bytes} [Fri Mar 6 01:55:38 2026] GET /resource_providers/cc6bc752-db2e-43a6-ba3d-a1207512619c/inventories => generated 401 bytes in 32 msecs (HTTP/1.1 200) 6 headers in 224 bytes (1 switches on core 0)
2026-03-06 01:55:38.821 8 INFO placement.requestlog [None req-25319fad-b941-4b16-9e67-11b9697f6b0b 1997d79dfa104d0ea4055cee5e50b986 3c0f7214febf49d4a5d26363b765612a - - default default] 10.0.0.133 "GET /resource_providers/cc6bc752-db2e-43a6-ba3d-a1207512619c/usages" status: 200 len: 89 microversion: 1.0 [pid: 8|app: 0|req: 698/1392] 10.0.0.133 () {28 vars in 681 bytes} [Fri Mar 6 01:55:38 2026] GET /resource_providers/cc6bc752-db2e-43a6-ba3d-a1207512619c/usages => generated 89 bytes in 28 msecs (HTTP/1.1 200) 6 headers in 223 bytes (1 switches on core 0)
2026-03-06 01:55:44.657 7 INFO placement.requestlog [None req-691c8c88-5b9f-4eff-ba4e-6f687741ae9b - - - - - -] 10.0.0.177 "GET /" status: 200 len: 136 microversion: 1.0
2026-03-06 01:55:44.657 8 INFO placement.requestlog [None req-3387ea7a-eb7e-4ff1-a4a9-7a2535d82841 - - - - - -] 10.0.0.177 "GET /" status: 200 len: 136 microversion: 1.0
2026-03-06 01:55:47.197 8 INFO placement.requestlog [None req-d8561f96-a080-4cae-8b73-9a47ce8677a7 1486c22d4057406aaa494addc0953fb2 c0d546b6a06848dcac263984b9d7984b - - 2346a12bccea4a7cb0a6c2e421494b27 2346a12bccea4a7cb0a6c2e421494b27] 10.0.0.78 "GET /resource_providers/3e05e801-2640-45c2-a005-5a7d49f12191/aggregates" status: 404 len: 235 microversion: 1.1 [pid: 8|app: 0|req: 700/1395] 10.0.0.78 () {32 vars in 815 bytes} [Fri Mar 6 01:55:47 2026] GET /resource_providers/3e05e801-2640-45c2-a005-5a7d49f12191/aggregates => generated 235 bytes in 96 msecs (HTTP/1.1 404) 5 headers in 202 bytes (1 switches on core 0)
2026-03-06 01:55:47.211 7 INFO placement.requestlog [None req-ef215486-28a5-467c-9e28-85e21174e9f0 1486c22d4057406aaa494addc0953fb2 c0d546b6a06848dcac263984b9d7984b - - 2346a12bccea4a7cb0a6c2e421494b27 2346a12bccea4a7cb0a6c2e421494b27] 10.0.0.78 "GET /resource_providers/3e05e801-2640-45c2-a005-5a7d49f12191/aggregates" status: 404 len: 235 microversion: 1.1 [pid: 7|app: 0|req: 696/1396] 10.0.0.78 () {32 vars in 815 bytes} [Fri Mar 6 01:55:47 2026] GET /resource_providers/3e05e801-2640-45c2-a005-5a7d49f12191/aggregates => generated 235 bytes in 111 msecs (HTTP/1.1 404) 5 headers in 202 bytes (1 switches on core 0)
2026-03-06 01:55:47.264 7 INFO placement.requestlog [None req-2165c1d9-33ca-481a-8319-09470b9a9aa2 1486c22d4057406aaa494addc0953fb2 c0d546b6a06848dcac263984b9d7984b - - 2346a12bccea4a7cb0a6c2e421494b27 2346a12bccea4a7cb0a6c2e421494b27] 10.0.0.78 "DELETE /resource_providers/3e05e801-2640-45c2-a005-5a7d49f12191" status: 404 len: 246 microversion: 1.1 [pid: 7|app: 0|req: 697/1397] 10.0.0.78 () {34 vars in 815 bytes} [Fri Mar 6 01:55:47 2026] DELETE /resource_providers/3e05e801-2640-45c2-a005-5a7d49f12191 => generated 246 bytes in 11 msecs (HTTP/1.1 404) 6 headers in 231 bytes (1 switches on core 0)
2026-03-06 01:55:47.283 8 INFO placement.requestlog [None req-625bc590-81ea-4367-a32a-aec505b68c79 1486c22d4057406aaa494addc0953fb2 c0d546b6a06848dcac263984b9d7984b - - 2346a12bccea4a7cb0a6c2e421494b27 2346a12bccea4a7cb0a6c2e421494b27] 10.0.0.78 "DELETE /resource_providers/3e05e801-2640-45c2-a005-5a7d49f12191" status: 404 len: 246 microversion: 1.1 [pid: 8|app: 0|req: 701/1398] 10.0.0.78 () {34 vars in 815 bytes} [Fri Mar 6 01:55:47 2026] DELETE /resource_providers/3e05e801-2640-45c2-a005-5a7d49f12191 => generated 246 bytes in 30 msecs (HTTP/1.1 404) 6 headers in 231 bytes (1 switches on core 0)
2026-03-06 01:55:49.302 7 INFO placement.requestlog [None req-9a8a06d6-529d-419d-b316-4ec1c42a25b3 1486c22d4057406aaa494addc0953fb2 c0d546b6a06848dcac263984b9d7984b - - 2346a12bccea4a7cb0a6c2e421494b27 2346a12bccea4a7cb0a6c2e421494b27] 10.0.0.78 "GET /resource_providers/b40c8982-39b6-4f9c-8258-3a19f69879e5/aggregates" status: 404 len: 235 microversion: 1.1 [pid: 7|app: 0|req: 698/1399] 10.0.0.78 () {32 vars in 815 bytes} [Fri Mar 6 01:55:49 2026] GET /resource_providers/b40c8982-39b6-4f9c-8258-3a19f69879e5/aggregates => generated 235 bytes in 21 msecs (HTTP/1.1 404) 5 headers in 202 bytes (1 switches on core 0)
2026-03-06 01:55:49.307 8 INFO placement.requestlog [None req-86082056-16df-46bc-ae03-99c9222fd845 1486c22d4057406aaa494addc0953fb2 c0d546b6a06848dcac263984b9d7984b - - 2346a12bccea4a7cb0a6c2e421494b27 2346a12bccea4a7cb0a6c2e421494b27] 10.0.0.78 "GET /resource_providers/b40c8982-39b6-4f9c-8258-3a19f69879e5/aggregates" status: 404 len: 235 microversion: 1.1 [pid: 8|app: 0|req: 702/1400] 10.0.0.78 () {32 vars in 815 bytes} [Fri Mar 6 01:55:49 2026] GET /resource_providers/b40c8982-39b6-4f9c-8258-3a19f69879e5/aggregates => generated 235 bytes in 17 msecs (HTTP/1.1 404) 5 headers in 202 bytes (1 switches on core 0)
2026-03-06 01:55:49.383 8 INFO placement.requestlog [None req-df1af98b-15cd-465e-9588-401ff761a66c 1486c22d4057406aaa494addc0953fb2 c0d546b6a06848dcac263984b9d7984b - - 2346a12bccea4a7cb0a6c2e421494b27 2346a12bccea4a7cb0a6c2e421494b27] 10.0.0.78 "DELETE /resource_providers/b40c8982-39b6-4f9c-8258-3a19f69879e5" status: 404 len: 246 microversion: 1.1 [pid: 8|app: 0|req: 703/1401] 10.0.0.78 () {34 vars in 815 bytes} [Fri Mar 6 01:55:49 2026] DELETE /resource_providers/b40c8982-39b6-4f9c-8258-3a19f69879e5 => generated 246 bytes in 14 msecs (HTTP/1.1 404) 6 headers in 231 bytes (1 switches on core 0)
2026-03-06 01:55:49.384 7 INFO placement.requestlog [None req-2dc77ad8-889b-4919-9a49-913085ffc2e8 1486c22d4057406aaa494addc0953fb2 c0d546b6a06848dcac263984b9d7984b - - 2346a12bccea4a7cb0a6c2e421494b27 2346a12bccea4a7cb0a6c2e421494b27] 10.0.0.78 "DELETE /resource_providers/b40c8982-39b6-4f9c-8258-3a19f69879e5" status: 404 len: 246 microversion: 1.1 [pid: 7|app: 0|req: 699/1402] 10.0.0.78 () {34 vars in 815 bytes} [Fri Mar 6 01:55:49 2026] DELETE /resource_providers/b40c8982-39b6-4f9c-8258-3a19f69879e5 => generated 246 bytes in 16 msecs (HTTP/1.1 404) 6 headers in 231 bytes (1 switches on core 0)
2026-03-06 01:55:49.409 7 INFO placement.requestlog [None req-e297626f-febe-429a-a33e-25817aa66e14 1486c22d4057406aaa494addc0953fb2 c0d546b6a06848dcac263984b9d7984b - - 2346a12bccea4a7cb0a6c2e421494b27 2346a12bccea4a7cb0a6c2e421494b27] 10.0.0.78 "GET /resource_providers/d606de88-4de1-4a93-853f-33b30eb4ad31/aggregates" status: 404 len: 235 microversion: 1.1 [pid: 7|app: 0|req: 700/1403] 10.0.0.78 () {32 vars in 815 bytes} [Fri Mar 6 01:55:49 2026] GET /resource_providers/d606de88-4de1-4a93-853f-33b30eb4ad31/aggregates => generated 235 bytes in 11 msecs (HTTP/1.1 404) 5 headers in 202 bytes (1 switches on core 0)
2026-03-06 01:55:49.410 8 INFO placement.requestlog [None req-475dd94d-6f35-4128-85c5-b53f962a279a 1486c22d4057406aaa494addc0953fb2 c0d546b6a06848dcac263984b9d7984b - - 2346a12bccea4a7cb0a6c2e421494b27 2346a12bccea4a7cb0a6c2e421494b27] 10.0.0.78 "GET /resource_providers/d606de88-4de1-4a93-853f-33b30eb4ad31/aggregates" status: 404 len: 235 microversion: 1.1 [pid: 8|app: 0|req: 704/1404] 10.0.0.78 () {32 vars in 815 bytes} [Fri Mar 6 01:55:49 2026] GET /resource_providers/d606de88-4de1-4a93-853f-33b30eb4ad31/aggregates => generated 235 bytes in 11 msecs (HTTP/1.1 404) 5 headers in 202 bytes (1 switches on core 0)
2026-03-06 01:55:49.433 8 INFO placement.requestlog [None req-77fab6e4-e791-4692-ae06-cf282ddea226 1486c22d4057406aaa494addc0953fb2 c0d546b6a06848dcac263984b9d7984b - - 2346a12bccea4a7cb0a6c2e421494b27 2346a12bccea4a7cb0a6c2e421494b27] 10.0.0.78 "DELETE /resource_providers/d606de88-4de1-4a93-853f-33b30eb4ad31" status: 404 len: 246 microversion: 1.1 [pid: 8|app: 0|req: 705/1405] 10.0.0.78 () {34 vars in 815 bytes} [Fri Mar 6 01:55:49 2026] DELETE /resource_providers/d606de88-4de1-4a93-853f-33b30eb4ad31 => generated 246 bytes in 10 msecs (HTTP/1.1 404) 6 headers in 231 bytes (1 switches on core 0)
2026-03-06 01:55:49.434 7 INFO placement.requestlog [None req-f18d856c-4188-47bd-8a0d-fb522479a600 1486c22d4057406aaa494addc0953fb2 c0d546b6a06848dcac263984b9d7984b - - 2346a12bccea4a7cb0a6c2e421494b27 2346a12bccea4a7cb0a6c2e421494b27] 10.0.0.78 "DELETE /resource_providers/d606de88-4de1-4a93-853f-33b30eb4ad31" status: 404 len: 246 microversion: 1.1 [pid: 7|app: 0|req: 701/1406] 10.0.0.78 () {34 vars in 815 bytes} [Fri Mar 6 01:55:49 2026] DELETE /resource_providers/d606de88-4de1-4a93-853f-33b30eb4ad31 => generated 246 bytes in 12 msecs (HTTP/1.1 404) 6 headers in 231 bytes (1 switches on core 0)
2026-03-06 01:55:52.896 7 INFO placement.requestlog [None req-5d268d90-3182-43a6-84da-75199b2c22bf 1486c22d4057406aaa494addc0953fb2 c0d546b6a06848dcac263984b9d7984b - - 2346a12bccea4a7cb0a6c2e421494b27 2346a12bccea4a7cb0a6c2e421494b27] 10.0.0.78 "GET /resource_providers/2e5684c6-bdfc-4f4a-b487-5555d94bb571/aggregates" status: 404 len: 235 microversion: 1.1 [pid: 7|app: 0|req: 702/1407] 10.0.0.78 () {32 vars in 815 bytes} [Fri Mar 6 01:55:52 2026] GET /resource_providers/2e5684c6-bdfc-4f4a-b487-5555d94bb571/aggregates => generated 235 bytes in 12 msecs (HTTP/1.1 404) 5 headers in 202 bytes (1 switches on core 0)
2026-03-06 01:55:52.901 8 INFO placement.requestlog [None req-56da4abf-5b2b-4387-9d78-3098276de81a 1486c22d4057406aaa494addc0953fb2 c0d546b6a06848dcac263984b9d7984b - - 2346a12bccea4a7cb0a6c2e421494b27 2346a12bccea4a7cb0a6c2e421494b27] 10.0.0.78 "GET /resource_providers/2e5684c6-bdfc-4f4a-b487-5555d94bb571/aggregates" status: 404 len: 235 microversion: 1.1 [pid: 8|app: 0|req: 706/1408] 10.0.0.78 () {32 vars in 815 bytes} [Fri Mar 6 01:55:52 2026] GET /resource_providers/2e5684c6-bdfc-4f4a-b487-5555d94bb571/aggregates => generated 235 bytes in 17 msecs (HTTP/1.1 404) 5 headers in 202 bytes (1 switches on core 0)
2026-03-06 01:55:52.918 7 INFO placement.requestlog [None req-de3dcb13-3f39-4b0d-8e69-fac37b91fdad 1486c22d4057406aaa494addc0953fb2 c0d546b6a06848dcac263984b9d7984b - - 2346a12bccea4a7cb0a6c2e421494b27 2346a12bccea4a7cb0a6c2e421494b27] 10.0.0.78 "DELETE /resource_providers/2e5684c6-bdfc-4f4a-b487-5555d94bb571" status: 404 len: 246 microversion: 1.1 [pid: 7|app: 0|req: 703/1409] 10.0.0.78 () {34 vars in 815 bytes} [Fri Mar 6 01:55:52 2026] DELETE /resource_providers/2e5684c6-bdfc-4f4a-b487-5555d94bb571 => generated 246 bytes in 12 msecs (HTTP/1.1 404) 6 headers in 231 bytes (1 switches on core 0)
2026-03-06 01:55:52.924 8 INFO placement.requestlog [None req-791ef43b-26b3-4fb5-8db5-f82fbb48b41e 1486c22d4057406aaa494addc0953fb2 c0d546b6a06848dcac263984b9d7984b - - 2346a12bccea4a7cb0a6c2e421494b27 2346a12bccea4a7cb0a6c2e421494b27] 10.0.0.78 "DELETE /resource_providers/2e5684c6-bdfc-4f4a-b487-5555d94bb571" status: 404 len: 246 microversion: 1.1 [pid: 8|app: 0|req: 707/1410] 10.0.0.78 () {34 vars in 815 bytes} [Fri Mar 6 01:55:52 2026] DELETE /resource_providers/2e5684c6-bdfc-4f4a-b487-5555d94bb571 => generated 246 bytes in 11 msecs (HTTP/1.1 404) 6 headers in 231 bytes (1 switches on core 0)
2026-03-06 01:55:54.658 8 INFO placement.requestlog [None req-f79ed610-43d7-4e8c-9095-64dde7b43975 - - - - - -] 10.0.0.177 "GET /" status: 200 len: 136 microversion: 1.0
2026-03-06 01:55:54.658 7 INFO placement.requestlog [None req-602a0a83-64d4-4d3a-a70f-f26d685e5b4e - - - - - -] 10.0.0.177 "GET /" status: 200 len: 136 microversion: 1.0
2026-03-06 01:56:04.657 7 INFO placement.requestlog [None req-0c35223d-5c5d-4b64-a29a-63f4d848ac6b - - - - - -] 10.0.0.177 "GET /" status: 200 len: 136 microversion: 1.0
2026-03-06 01:56:04.657 8 INFO placement.requestlog [None req-a8d8dc2f-4dbc-492a-9a95-196cafe84f01 - - - - - -] 10.0.0.177 "GET /" status: 200 len: 136 microversion: 1.0
2026-03-06 01:56:14.657 7 INFO placement.requestlog [None req-87045b90-49a6-4847-ad00-0ec56752e7aa - - - - - -] 10.0.0.177 "GET /" status: 200 len: 136 microversion: 1.0
2026-03-06 01:56:14.658 8 INFO placement.requestlog [None req-4ace4f07-50c0-4e16-b5e3-d4aee9af516d - - - - - -] 10.0.0.177 "GET /" status: 200 len: 136 microversion: 1.0
2026-03-06 01:56:21.063 7 INFO placement.requestlog [req-8f35f19b-3549-4acc-866c-cb14a45262db req-49b7a90a-02aa-4970-931c-b58b511a34c1 9e2a81b966554589b09912a3c0a4404c c0d546b6a06848dcac263984b9d7984b - - 2346a12bccea4a7cb0a6c2e421494b27 2346a12bccea4a7cb0a6c2e421494b27] 199.204.45.41 "GET /resource_providers/cc6bc752-db2e-43a6-ba3d-a1207512619c/allocations" status: 200 len: 55 microversion: 1.0 [pid: 7|app: 0|req: 707/1417] 199.204.45.41 () {32 vars in 856 bytes} [Fri Mar 6 01:56:20 2026] GET /resource_providers/cc6bc752-db2e-43a6-ba3d-a1207512619c/allocations => generated 55 bytes in 168 msecs (HTTP/1.1 200) 6 headers in 223 bytes (1 switches on core 0)
2026-03-06 01:56:21.099 8 INFO placement.requestlog [req-8f35f19b-3549-4acc-866c-cb14a45262db req-c2a1941b-e10a-4b79-a7c2-44b5be34fcc0 9e2a81b966554589b09912a3c0a4404c c0d546b6a06848dcac263984b9d7984b - - 2346a12bccea4a7cb0a6c2e421494b27 2346a12bccea4a7cb0a6c2e421494b27] 199.204.45.41 "GET /resource_providers?in_tree=cc6bc752-db2e-43a6-ba3d-a1207512619c" status: 200 len: 798 microversion: 1.14 [pid: 8|app: 0|req: 711/1418] 199.204.45.41 () {34 vars in 891 bytes} [Fri Mar 6 01:56:21 2026] GET /resource_providers?in_tree=cc6bc752-db2e-43a6-ba3d-a1207512619c => generated 798 bytes in 24 msecs (HTTP/1.1 200) 6 headers in 225 bytes (1 switches on core 0)
2026-03-06 01:56:21.122 7 INFO placement.requestlog [req-8f35f19b-3549-4acc-866c-cb14a45262db req-e6f6df00-fcfa-419d-be96-11fad40155e4 9e2a81b966554589b09912a3c0a4404c c0d546b6a06848dcac263984b9d7984b - - 2346a12bccea4a7cb0a6c2e421494b27 2346a12bccea4a7cb0a6c2e421494b27] 199.204.45.41 "GET /resource_providers/cc6bc752-db2e-43a6-ba3d-a1207512619c/inventories" status: 200 len: 401 microversion: 1.0 [pid: 7|app: 0|req: 708/1419] 199.204.45.41 () {32 vars in 856 bytes} [Fri Mar 6 01:56:21 2026] GET /resource_providers/cc6bc752-db2e-43a6-ba3d-a1207512619c/inventories => generated 401 bytes in 14 msecs (HTTP/1.1 200) 6 headers in 224 bytes (1 switches on core 0)
2026-03-06 01:56:21.147 8 INFO placement.requestlog [req-8f35f19b-3549-4acc-866c-cb14a45262db req-b344f58d-fba0-4c66-839d-2dfba993dd1f 9e2a81b966554589b09912a3c0a4404c c0d546b6a06848dcac263984b9d7984b - - 2346a12bccea4a7cb0a6c2e421494b27 2346a12bccea4a7cb0a6c2e421494b27] 199.204.45.41 "GET /resource_providers/cc6bc752-db2e-43a6-ba3d-a1207512619c/aggregates" status: 200 len: 54 microversion: 1.19 [pid: 8|app: 0|req: 712/1420] 199.204.45.41 () {34 vars in 898 bytes} [Fri Mar 6 01:56:21 2026] GET /resource_providers/cc6bc752-db2e-43a6-ba3d-a1207512619c/aggregates => generated 54 bytes in 16 msecs (HTTP/1.1 200) 8 headers in 295 bytes (1 switches on core 0)
2026-03-06 01:56:21.182 7 INFO placement.requestlog [req-8f35f19b-3549-4acc-866c-cb14a45262db req-07f90224-2d86-4469-b232-253ebf0699df 9e2a81b966554589b09912a3c0a4404c c0d546b6a06848dcac263984b9d7984b - - 2346a12bccea4a7cb0a6c2e421494b27 2346a12bccea4a7cb0a6c2e421494b27] 199.204.45.41 "GET /resource_providers/cc6bc752-db2e-43a6-ba3d-a1207512619c/traits" status: 200 len: 1724 microversion: 1.6 [pid: 7|app: 0|req: 709/1421] 199.204.45.41 () {34 vars in 889 bytes} [Fri Mar 6 01:56:21 2026] GET /resource_providers/cc6bc752-db2e-43a6-ba3d-a1207512619c/traits => generated 1724 bytes in 25 msecs (HTTP/1.1 200) 6 headers in 225 bytes (1 switches on core 0)
2026-03-06 01:56:21.207 8 INFO placement.requestlog [req-8f35f19b-3549-4acc-866c-cb14a45262db req-282b01d8-9a23-447b-a5fd-05f9eaf4de9e 9e2a81b966554589b09912a3c0a4404c c0d546b6a06848dcac263984b9d7984b - - 2346a12bccea4a7cb0a6c2e421494b27 2346a12bccea4a7cb0a6c2e421494b27] 199.204.45.41 "GET /resource_providers/cc6bc752-db2e-43a6-ba3d-a1207512619c/allocations" status: 200 len: 55 microversion: 1.0 [pid: 8|app: 0|req: 713/1422] 199.204.45.41 () {32 vars in 856 bytes} [Fri Mar 6 01:56:21 2026] GET /resource_providers/cc6bc752-db2e-43a6-ba3d-a1207512619c/allocations => generated 55 bytes in 15 msecs (HTTP/1.1 200) 6 headers in 223 bytes (1 switches on core 0)
2026-03-06 01:56:24.658 7 INFO placement.requestlog [None req-b00ea895-ece7-4345-8702-3e561133c89a - - - - - -] 10.0.0.177 "GET /" status: 200 len: 136 microversion: 1.0
2026-03-06 01:56:24.658 8 INFO placement.requestlog [None req-e5df3c02-ab47-4624-b5ff-62c37a6cf7a1 - - - - - -] 10.0.0.177 "GET /" status: 200 len: 136 microversion: 1.0
2026-03-06 01:56:34.658 8 INFO placement.requestlog [None req-dca0d305-7a22-4e44-b5b7-bd674697e417 - - - - - -] 10.0.0.177 "GET /" status: 200 len: 136 microversion: 1.0
2026-03-06 01:56:34.658 7 INFO placement.requestlog [None req-41be5a1b-f542-4c98-bee5-ce3d4c740252 - - - - - -] 10.0.0.177 "GET /" status: 200 len: 136 microversion: 1.0
2026-03-06 01:56:38.929 7 INFO placement.requestlog [None req-36ac5c5e-108d-4206-8ceb-f6f647b3a9f4 1997d79dfa104d0ea4055cee5e50b986 3c0f7214febf49d4a5d26363b765612a - - default default] 10.0.0.133 "GET /resource_providers" status: 200 len: 406 microversion: 1.0 [pid: 7|app: 0|req: 712/1427] 10.0.0.133 () {28 vars in 593 bytes} [Fri Mar 6 01:56:38 2026] GET /resource_providers => generated 406 bytes in 191 msecs (HTTP/1.1 200) 6 headers in 224 bytes (1 switches on core 0)
2026-03-06 01:56:38.979 8 INFO placement.requestlog [None req-9dbc5242-7f36-4054-8692-3bb9bd42f133 1997d79dfa104d0ea4055cee5e50b986 3c0f7214febf49d4a5d26363b765612a - - default default] 10.0.0.133 "GET /resource_providers/cc6bc752-db2e-43a6-ba3d-a1207512619c/inventories" status: 200 len: 401 microversion: 1.0 [pid: 8|app: 0|req: 716/1428] 10.0.0.133 () {28 vars in 691 bytes} [Fri Mar 6 01:56:38 2026] GET /resource_providers/cc6bc752-db2e-43a6-ba3d-a1207512619c/inventories => generated 401 bytes in 40 msecs (HTTP/1.1 200) 6 headers in 224 bytes (1 switches on core 0)
2026-03-06 01:56:39.024 7 INFO placement.requestlog [None req-b7901ef1-8305-4018-851d-057a30c94e7a 1997d79dfa104d0ea4055cee5e50b986 3c0f7214febf49d4a5d26363b765612a - - default default] 10.0.0.133 "GET /resource_providers/cc6bc752-db2e-43a6-ba3d-a1207512619c/usages" status: 200 len: 89 microversion: 1.0 [pid: 7|app: 0|req: 713/1429] 10.0.0.133 () {28 vars in 681 bytes} [Fri Mar 6 01:56:38 2026] GET /resource_providers/cc6bc752-db2e-43a6-ba3d-a1207512619c/usages => generated 89 bytes in 39 msecs (HTTP/1.1 200) 6 headers in 223 bytes (1 switches on core 0)
2026-03-06 01:56:44.658 8 INFO placement.requestlog [None req-4602a80c-d814-467c-b510-c83d71a834b8 - - - - - -] 10.0.0.177 "GET /" status: 200 len: 136 microversion: 1.0
2026-03-06 01:56:44.658 7 INFO placement.requestlog [None req-210cfba9-8d16-469b-bc20-c2b8f7a3ef8f - - - - - -] 10.0.0.177 "GET /" status: 200 len: 136 microversion: 1.0
2026-03-06 01:56:54.657 8 INFO placement.requestlog [None req-33496684-7699-4c73-b003-9f8c0a792e46 - - - - - -] 10.0.0.177 "GET /" status: 200 len: 136 microversion: 1.0
2026-03-06 01:56:54.657 7 INFO placement.requestlog [None req-7b982dbc-a75b-420f-be09-1b55c7b92146 - - - - - -] 10.0.0.177 "GET /" status: 200 len: 136 microversion: 1.0
2026-03-06 01:57:04.657 7 INFO placement.requestlog [None req-4e0d1dea-d175-45d2-81b9-c7bb77a6248a - - - - - -] 10.0.0.177 "GET /" status: 200 len: 136 microversion: 1.0
2026-03-06 01:57:04.657 8 INFO placement.requestlog [None req-a3dc8e37-24b7-40db-80e7-95a2047a9183 - - - - - -] 10.0.0.177 "GET /" status: 200 len: 136 microversion: 1.0
2026-03-06 01:57:14.657 8 INFO placement.requestlog [None req-388ca68d-f473-4a93-ae19-a7818d49c7f6 - - - - - -] 10.0.0.177 "GET /" status: 200 len: 136 microversion: 1.0
2026-03-06 01:57:14.657 7 INFO placement.requestlog [None req-ef6d4f91-a307-48f4-bc07-867d5ae4c21d - - - - - -] 10.0.0.177 "GET /" status: 200 len: 136 microversion: 1.0
2026-03-06 01:57:23.221 8 INFO placement.requestlog [req-64b33c7b-e883-4b77-8ee9-dd17b91530c7 req-59ad9b6f-df21-480e-8613-44a994e67e2d 9e2a81b966554589b09912a3c0a4404c c0d546b6a06848dcac263984b9d7984b - - 2346a12bccea4a7cb0a6c2e421494b27 2346a12bccea4a7cb0a6c2e421494b27] 199.204.45.41 "GET /resource_providers/cc6bc752-db2e-43a6-ba3d-a1207512619c/allocations" status: 200 len: 55 microversion: 1.0 [pid: 8|app: 0|req: 721/1438] 199.204.45.41 () {32 vars in 856 bytes} [Fri Mar 6 01:57:23 2026] GET /resource_providers/cc6bc752-db2e-43a6-ba3d-a1207512619c/allocations => generated 55 bytes in 18 msecs (HTTP/1.1 200) 6 headers in 223 bytes (1 switches on core 0)
2026-03-06 01:57:23.252 7 INFO placement.requestlog [req-64b33c7b-e883-4b77-8ee9-dd17b91530c7 req-9cf4b1b5-24c8-43c6-9118-6f71ef73c367 9e2a81b966554589b09912a3c0a4404c c0d546b6a06848dcac263984b9d7984b - - 2346a12bccea4a7cb0a6c2e421494b27 2346a12bccea4a7cb0a6c2e421494b27] 199.204.45.41 "GET /resource_providers/cc6bc752-db2e-43a6-ba3d-a1207512619c/allocations" status: 200 len: 55 microversion: 1.0 [pid: 7|app: 0|req: 718/1439] 199.204.45.41 () {32 vars in 856 bytes} [Fri Mar 6 01:57:23 2026] GET /resource_providers/cc6bc752-db2e-43a6-ba3d-a1207512619c/allocations => generated 55 bytes in 21 msecs (HTTP/1.1 200) 6 headers in 223 bytes (1 switches on core 0)
2026-03-06 01:57:24.657 7 INFO placement.requestlog [None req-c315fced-ae09-402d-a5c3-e6e14e3760c3 - - - - - -] 10.0.0.177 "GET /" status: 200 len: 136 microversion: 1.0
2026-03-06 01:57:24.658 8 INFO placement.requestlog [None req-fcbbb19e-50fd-477a-a30d-3fa3b82ec86b - - - - - -] 10.0.0.177 "GET /" status: 200 len: 136 microversion: 1.0
2026-03-06 01:57:34.657 7 INFO placement.requestlog [None req-8195b8e9-b432-4103-a19b-cffa7ec32164 - - - - - -] 10.0.0.177 "GET /" status: 200 len: 136 microversion: 1.0
2026-03-06 01:57:34.658 8 INFO placement.requestlog [None req-752d31c5-b239-4599-8c97-5de362f0283c - - - - - -] 10.0.0.177 "GET /" status: 200 len: 136 microversion: 1.0
2026-03-06 01:57:38.924 7 INFO placement.requestlog [None req-8f14a2b6-f3cb-44d6-8055-cdb3e9a64b0b 1997d79dfa104d0ea4055cee5e50b986 3c0f7214febf49d4a5d26363b765612a - - default default] 10.0.0.133 "GET /resource_providers" status: 200 len: 406 microversion: 1.0 [pid: 7|app: 0|req: 721/1444] 10.0.0.133 () {28 vars in 593 bytes} [Fri Mar 6 01:57:38 2026] GET /resource_providers => generated 406 bytes in 116 msecs (HTTP/1.1 200) 6 headers in 224 bytes (1 switches on core 0)
2026-03-06 01:57:38.984 8 INFO placement.requestlog [None req-18e2e86f-b984-47d4-a0c1-b874af1d77b7 1997d79dfa104d0ea4055cee5e50b986 3c0f7214febf49d4a5d26363b765612a - - default default] 10.0.0.133 "GET /resource_providers/cc6bc752-db2e-43a6-ba3d-a1207512619c/inventories" status: 200 len: 401 microversion: 1.0 [pid: 8|app: 0|req: 724/1445] 10.0.0.133 () {28 vars in 691 bytes} [Fri Mar 6 01:57:38 2026] GET /resource_providers/cc6bc752-db2e-43a6-ba3d-a1207512619c/inventories => generated 401 bytes in 51 msecs (HTTP/1.1 200) 6 headers in 224 bytes (1 switches on core 0)
