May 09 07:27:31.992918 np0000172984 devstack@neutron-api.service[103551]: DEBUG futurist.periodics [-] Submitting periodic callback 'neutron.plugins.ml2.drivers.ovn.mech_driver.ovsdb.maintenance.HashRingHealthCheckPeriodics.touch_hash_ring_node' {{(pid=103551) _process_scheduled /opt/stack/data/venv/lib/python3.12/site-packages/futurist/periodics.py:784}}
May 09 07:27:31.993748 np0000172984 devstack@neutron-api.service[103551]: DEBUG neutron.plugins.ml2.drivers.ovn.mech_driver.ovsdb.maintenance [-] Touching Hash Ring node "f975fc9f0a1b50f6b333f341a0a46f24" from periodic health check thread {{(pid=103551) touch_hash_ring_node /opt/stack/neutron/neutron/plugins/ml2/drivers/ovn/mech_driver/ovsdb/maintenance.py:1466}}
May 09 07:27:41.034741 np0000172984 devstack@neutron-api.service[103550]: DEBUG dbcounter [-] [103550] Writing DB stats neutron:SELECT=12,neutron:UPDATE=1 {{(pid=103550) stat_writer /opt/stack/data/venv/lib/python3.12/site-packages/dbcounter.py:115}}
May 09 07:27:41.377811 np0000172984 devstack@neutron-api.service[103551]: INFO neutron.pecan_wsgi.hooks.translation [None req-0a3a7a25-3d29-4988-886f-2c068db4debe admin admin] GET failed (client error): The resource could not be found.
May 09 07:27:41.378438 np0000172984 devstack@neutron-api.service[103551]: [pid: 103551|app: 0|req: 23/91] 199.204.45.77 () {64 vars in 1327 bytes} [Sat May 9 07:27:41 2026] GET /networking/v2.0/networks/admin_net => generated 111 bytes in 12 msecs (HTTP/1.1 404) 4 headers in 164 bytes (1 switches on core 0)
May 09 07:27:41.410055 np0000172984 devstack@neutron-api.service[103549]: [pid: 103549|app: 0|req: 23/92] 199.204.45.77 () {64 vars in 1339 bytes} [Sat May 9 07:27:41 2026] GET /networking/v2.0/networks?name=admin_net => generated 15 bytes in 20 msecs (HTTP/1.1 200) 4 headers in 156 bytes (1 switches on core 0)
May 09 07:27:41.669825 np0000172984 devstack@neutron-api.service[103548]: DEBUG neutron.api.v2.base [None req-768f837d-1017-4eff-b213-3d7dea3e9de1 admin admin] Request body: {'network': {'admin_state_up': True, 'name': 'admin_net', 'project_id': '7ff7cd1c2920447cb4bb3246e2fee6da'}} {{(pid=103548) prepare_request_body /opt/stack/neutron/neutron/api/v2/base.py:727}}
May 09 07:27:41.688549 np0000172984 devstack@neutron-api.service[103548]: DEBUG neutron.pecan_wsgi.hooks.quota_enforcement [None req-768f837d-1017-4eff-b213-3d7dea3e9de1 admin admin] Made reservation on behalf of 7ff7cd1c2920447cb4bb3246e2fee6da for: {'network': 1} {{(pid=103548) before /opt/stack/neutron/neutron/pecan_wsgi/hooks/quota_enforcement.py:66}}
May 09 07:27:41.691962 np0000172984 devstack@neutron-api.service[103548]: DEBUG neutron_lib.callbacks.manager [None req-768f837d-1017-4eff-b213-3d7dea3e9de1 admin admin] Publish callbacks ['neutron.plugins.ml2.plugin.SecurityGroupDbMixin._ensure_default_security_group_handler-31812198'] for network (None), before_create {{(pid=103548) _notify_loop /opt/stack/data/venv/lib/python3.12/site-packages/neutron_lib/callbacks/manager.py:184}}
May 09 07:27:41.697691 np0000172984 devstack@neutron-api.service[103548]: DEBUG neutron_lib.callbacks.manager [None req-768f837d-1017-4eff-b213-3d7dea3e9de1 admin admin] Publish callbacks [] for security_group (None), before_create {{(pid=103548) _notify_loop /opt/stack/data/venv/lib/python3.12/site-packages/neutron_lib/callbacks/manager.py:184}}
May 09 07:27:41.758863 np0000172984 devstack@neutron-api.service[103548]: DEBUG neutron_lib.callbacks.manager [None req-768f837d-1017-4eff-b213-3d7dea3e9de1 admin admin] Publish callbacks ['neutron.plugins.ml2.drivers.ovn.mech_driver.mech_driver.OVNMechanismDriver._create_security_group_precommit-321607'] for security_group (a9b64cac-0c78-4045-a538-c4f7486449fe), precommit_create {{(pid=103548) _notify_loop /opt/stack/data/venv/lib/python3.12/site-packages/neutron_lib/callbacks/manager.py:184}}
May 09 07:27:41.759052 np0000172984 devstack@neutron-api.service[103548]: DEBUG neutron.db.ovn_revision_numbers_db [None req-768f837d-1017-4eff-b213-3d7dea3e9de1 admin admin] create_initial_revision uuid=a9b64cac-0c78-4045-a538-c4f7486449fe, type=security_groups, rev=-1 {{(pid=103548) create_initial_revision /opt/stack/neutron/neutron/db/ovn_revision_numbers_db.py:98}}
May 09 07:27:41.760240 np0000172984 devstack@neutron-api.service[103548]: DEBUG neutron.db.ovn_revision_numbers_db [None req-768f837d-1017-4eff-b213-3d7dea3e9de1 admin admin] create_initial_revision uuid=47dfcbe5-1da2-4923-885f-74a22bd19ddd, type=security_group_rules, rev=-1 {{(pid=103548) create_initial_revision /opt/stack/neutron/neutron/db/ovn_revision_numbers_db.py:98}}
May 09 07:27:41.761309 np0000172984 devstack@neutron-api.service[103548]: DEBUG neutron.db.ovn_revision_numbers_db [None req-768f837d-1017-4eff-b213-3d7dea3e9de1 admin admin] create_initial_revision uuid=723408f6-c70a-4fcc-ab2d-89620ff4607a, type=security_group_rules, rev=-1 {{(pid=103548) create_initial_revision /opt/stack/neutron/neutron/db/ovn_revision_numbers_db.py:98}}
May 09 07:27:41.762380 np0000172984 devstack@neutron-api.service[103548]: DEBUG neutron.db.ovn_revision_numbers_db [None req-768f837d-1017-4eff-b213-3d7dea3e9de1 admin admin] create_initial_revision uuid=9df6e878-2016-42b7-bebd-a96ce91bf421, type=security_group_rules, rev=-1 {{(pid=103548) create_initial_revision /opt/stack/neutron/neutron/db/ovn_revision_numbers_db.py:98}}
May 09 07:27:41.763440 np0000172984 devstack@neutron-api.service[103548]: DEBUG neutron.db.ovn_revision_numbers_db [None req-768f837d-1017-4eff-b213-3d7dea3e9de1 admin admin] create_initial_revision uuid=a6fe07c9-6d86-490d-a908-67fb6f7997b8, type=security_group_rules, rev=-1 {{(pid=103548) create_initial_revision /opt/stack/neutron/neutron/db/ovn_revision_numbers_db.py:98}}
May 09 07:27:41.770410 np0000172984 devstack@neutron-api.service[103548]: DEBUG neutron_lib.callbacks.manager [None req-768f837d-1017-4eff-b213-3d7dea3e9de1 admin admin] Publish callbacks ['neutron.plugins.ml2.drivers.ovn.mech_driver.mech_driver.OVNMechanismDriver._create_security_group-321661', 'neutron.plugins.ml2.ovo_rpc._ObjectChangeHandler.handle_event-2836838'] for security_group (a9b64cac-0c78-4045-a538-c4f7486449fe), after_create {{(pid=103548) _notify_loop /opt/stack/data/venv/lib/python3.12/site-packages/neutron_lib/callbacks/manager.py:184}}
May 09 07:27:41.771487 np0000172984 devstack@neutron-api.service[103548]: DEBUG ovsdbapp.backend.ovs_idl.transaction [None req-fe8fa9bb-a9ca-4f15-a74a-515cc4ee8753 None None] Running txn n=1 command(idx=0): PgAddCommand(_result=None, name=pg_a9b64cac_0c78_4045_a538_c4f7486449fe, may_exist=False, columns={'acls': [], 'external_ids': {'neutron:security_group_id': 'a9b64cac-0c78-4045-a538-c4f7486449fe'}}) {{(pid=103548) do_commit /opt/stack/data/venv/lib/python3.12/site-packages/ovsdbapp/backend/ovs_idl/transaction.py:89}}
May 09 07:27:41.771998 np0000172984 devstack@neutron-api.service[103548]: DEBUG ovsdbapp.backend.ovs_idl.transaction [None req-fe8fa9bb-a9ca-4f15-a74a-515cc4ee8753 None None] Running txn n=1 command(idx=1): PgAclAddCommand(_result=None, entity=pg_a9b64cac_0c78_4045_a538_c4f7486449fe, direction=from-lport, priority=1002, match=inport == @pg_a9b64cac_0c78_4045_a538_c4f7486449fe && ip4, action=allow-related, log=False, may_exist=True, severity=[], name=[], meter=[], external_ids={'neutron:security_group_rule_id': '47dfcbe5-1da2-4923-885f-74a22bd19ddd'}) {{(pid=103548) do_commit /opt/stack/data/venv/lib/python3.12/site-packages/ovsdbapp/backend/ovs_idl/transaction.py:89}}
May 09 07:27:41.772471 np0000172984 devstack@neutron-api.service[103548]: DEBUG ovsdbapp.backend.ovs_idl.transaction [None req-fe8fa9bb-a9ca-4f15-a74a-515cc4ee8753 None None] Running txn n=1 command(idx=2): PgAclAddCommand(_result=None, entity=pg_a9b64cac_0c78_4045_a538_c4f7486449fe, direction=to-lport, priority=1002, match=outport == @pg_a9b64cac_0c78_4045_a538_c4f7486449fe && ip4 && ip4.src == $pg_a9b64cac_0c78_4045_a538_c4f7486449fe_ip4, action=allow-related, log=False, may_exist=True, severity=[], name=[], meter=[], external_ids={'neutron:security_group_rule_id': '723408f6-c70a-4fcc-ab2d-89620ff4607a'}) {{(pid=103548) do_commit /opt/stack/data/venv/lib/python3.12/site-packages/ovsdbapp/backend/ovs_idl/transaction.py:89}}
May 09 07:27:41.772890 np0000172984 devstack@neutron-api.service[103548]: DEBUG ovsdbapp.backend.ovs_idl.transaction [None req-fe8fa9bb-a9ca-4f15-a74a-515cc4ee8753 None None] Running txn n=1 command(idx=3): PgAclAddCommand(_result=None, entity=pg_a9b64cac_0c78_4045_a538_c4f7486449fe, direction=to-lport, priority=1002, match=outport == @pg_a9b64cac_0c78_4045_a538_c4f7486449fe && ip6 && ip6.src == $pg_a9b64cac_0c78_4045_a538_c4f7486449fe_ip6, action=allow-related, log=False, may_exist=True, severity=[], name=[], meter=[], external_ids={'neutron:security_group_rule_id': '9df6e878-2016-42b7-bebd-a96ce91bf421'}) {{(pid=103548) do_commit /opt/stack/data/venv/lib/python3.12/site-packages/ovsdbapp/backend/ovs_idl/transaction.py:89}}
May 09 07:27:41.773289 np0000172984 devstack@neutron-api.service[103548]: DEBUG ovsdbapp.backend.ovs_idl.transaction [None req-fe8fa9bb-a9ca-4f15-a74a-515cc4ee8753 None None] Running txn n=1 command(idx=4): PgAclAddCommand(_result=None, entity=pg_a9b64cac_0c78_4045_a538_c4f7486449fe, direction=from-lport, priority=1002, match=inport == @pg_a9b64cac_0c78_4045_a538_c4f7486449fe && ip6, action=allow-related, log=False, may_exist=True, severity=[], name=[], meter=[], external_ids={'neutron:security_group_rule_id': 'a6fe07c9-6d86-490d-a908-67fb6f7997b8'}) {{(pid=103548) do_commit /opt/stack/data/venv/lib/python3.12/site-packages/ovsdbapp/backend/ovs_idl/transaction.py:89}}
May 09 07:27:41.783541 np0000172984 devstack@neutron-api.service[103550]: DEBUG neutron.plugins.ml2.drivers.ovn.mech_driver.ovsdb.ovsdb_monitor [None req-69f4757d-2ffc-4d30-8a1f-d4c5dae38d6e None None] Touching Hash Ring node "209670650d76503182bf01f6111c84a1" from IDL notify handler {{(pid=103550) notify /opt/stack/neutron/neutron/plugins/ml2/drivers/ovn/mech_driver/ovsdb/ovsdb_monitor.py:934}}
May 09 07:27:41.783985 np0000172984 devstack@neutron-api.service[103549]: DEBUG neutron.plugins.ml2.drivers.ovn.mech_driver.ovsdb.ovsdb_monitor [None req-d92f62fe-09f6-4620-97ed-ab09cb55c8cd None None] Touching Hash Ring node "4cbf8ff067435d348335d8ba98285fad" from IDL notify handler {{(pid=103549) notify /opt/stack/neutron/neutron/plugins/ml2/drivers/ovn/mech_driver/ovsdb/ovsdb_monitor.py:934}}
May 09 07:27:41.786175 np0000172984 devstack@neutron-api.service[103548]: DEBUG neutron.plugins.ml2.drivers.ovn.mech_driver.ovsdb.ovsdb_monitor [None req-fe8fa9bb-a9ca-4f15-a74a-515cc4ee8753 None None] Touching Hash Ring node "a81a3bf2070e5dd8b8e0d7d52f519cad" from IDL notify handler {{(pid=103548) notify /opt/stack/neutron/neutron/plugins/ml2/drivers/ovn/mech_driver/ovsdb/ovsdb_monitor.py:934}}
May 09 07:27:41.794929 np0000172984 devstack@neutron-api.service[103549]: DEBUG neutron.plugins.ml2.drivers.ovn.mech_driver.ovsdb.ovsdb_monitor [None req-d92f62fe-09f6-4620-97ed-ab09cb55c8cd None None] Hash Ring: Node 4cbf8ff067435d348335d8ba98285fad (host: np0000172984) handling event "create" for row 0d4d6806-0ed6-4989-87e9-034e9e3cb5d5 (table: ACL) {{(pid=103549) notify /opt/stack/neutron/neutron/plugins/ml2/drivers/ovn/mech_driver/ovsdb/ovsdb_monitor.py:942}}
May 09 07:27:41.795855 np0000172984 devstack@neutron-api.service[103550]: DEBUG neutron.plugins.ml2.drivers.ovn.mech_driver.ovsdb.ovsdb_monitor [None req-69f4757d-2ffc-4d30-8a1f-d4c5dae38d6e None None] Hash Ring: Node 209670650d76503182bf01f6111c84a1 (host: np0000172984) handling event "create" for row c4930e3b-64dd-4570-a386-89f1b1a6d7ce (table: ACL) {{(pid=103550) notify /opt/stack/neutron/neutron/plugins/ml2/drivers/ovn/mech_driver/ovsdb/ovsdb_monitor.py:942}}
May 09 07:27:41.796685 np0000172984 devstack@neutron-api.service[103549]: DEBUG neutron.plugins.ml2.drivers.ovn.mech_driver.ovsdb.ovsdb_monitor [None req-d92f62fe-09f6-4620-97ed-ab09cb55c8cd None None] Touching Hash Ring node "4cbf8ff067435d348335d8ba98285fad" from IDL notify handler {{(pid=103549) notify /opt/stack/neutron/neutron/plugins/ml2/drivers/ovn/mech_driver/ovsdb/ovsdb_monitor.py:934}}
May 09 07:27:41.796876 np0000172984 devstack@neutron-api.service[103548]: DEBUG neutron.plugins.ml2.drivers.ovn.mech_driver.ovsdb.ovsdb_monitor [None req-fe8fa9bb-a9ca-4f15-a74a-515cc4ee8753 None None] Hash Ring: Node a81a3bf2070e5dd8b8e0d7d52f519cad (host: np0000172984) handling event "create" for row 26a39217-9703-45fa-98a7-168f99046e0c (table: Port_Group) {{(pid=103548) notify /opt/stack/neutron/neutron/plugins/ml2/drivers/ovn/mech_driver/ovsdb/ovsdb_monitor.py:942}}
May 09 07:27:41.800662 np0000172984 devstack@neutron-api.service[103549]: DEBUG neutron.plugins.ml2.drivers.ovn.mech_driver.ovsdb.ovsdb_monitor [None req-d92f62fe-09f6-4620-97ed-ab09cb55c8cd None None] Hash Ring: Node 4cbf8ff067435d348335d8ba98285fad (host: np0000172984) handling event "create" for row 351fcb1e-f4fd-4f14-b81d-ad53ed69d02e (table: ACL) {{(pid=103549) notify /opt/stack/neutron/neutron/plugins/ml2/drivers/ovn/mech_driver/ovsdb/ovsdb_monitor.py:942}}
May 09 07:27:41.801597 np0000172984 devstack@neutron-api.service[103549]: DEBUG neutron.plugins.ml2.drivers.ovn.mech_driver.ovsdb.ovsdb_monitor [None req-d92f62fe-09f6-4620-97ed-ab09cb55c8cd None None] Touching Hash Ring node "4cbf8ff067435d348335d8ba98285fad" from IDL notify handler {{(pid=103549) notify /opt/stack/neutron/neutron/plugins/ml2/drivers/ovn/mech_driver/ovsdb/ovsdb_monitor.py:934}}
May 09 07:27:41.804274 np0000172984 devstack@neutron-api.service[103549]: DEBUG neutron.plugins.ml2.drivers.ovn.mech_driver.ovsdb.ovsdb_monitor [None req-d92f62fe-09f6-4620-97ed-ab09cb55c8cd None None] Hash Ring: Node 4cbf8ff067435d348335d8ba98285fad (host: np0000172984) handling event "create" for row 4553f6a6-0bcd-44b8-9b8b-f0401459c3b4 (table: ACL) {{(pid=103549) notify /opt/stack/neutron/neutron/plugins/ml2/drivers/ovn/mech_driver/ovsdb/ovsdb_monitor.py:942}}
May 09 07:27:41.818886 np0000172984 devstack@neutron-api.service[103548]: INFO neutron.db.ovn_revision_numbers_db [None req-768f837d-1017-4eff-b213-3d7dea3e9de1 admin admin] Successfully bumped revision number for resource a9b64cac-0c78-4045-a538-c4f7486449fe (type: security_groups) to 1
May 09 07:27:41.832877 np0000172984 devstack@neutron-api.service[103548]: INFO neutron.db.ovn_revision_numbers_db [None req-768f837d-1017-4eff-b213-3d7dea3e9de1 admin admin] Successfully bumped revision number for resource 47dfcbe5-1da2-4923-885f-74a22bd19ddd (type: security_group_rules) to 0
May 09 07:27:41.845875 np0000172984 devstack@neutron-api.service[103548]: INFO neutron.db.ovn_revision_numbers_db [None req-768f837d-1017-4eff-b213-3d7dea3e9de1 admin admin] Successfully bumped revision number for resource 723408f6-c70a-4fcc-ab2d-89620ff4607a (type: security_group_rules) to 0
May 09 07:27:41.860350 np0000172984 devstack@neutron-api.service[103548]: INFO neutron.db.ovn_revision_numbers_db [None req-768f837d-1017-4eff-b213-3d7dea3e9de1 admin admin] Successfully bumped revision number for resource 9df6e878-2016-42b7-bebd-a96ce91bf421 (type: security_group_rules) to 0
May 09 07:27:41.873378 np0000172984 devstack@neutron-api.service[103548]: INFO neutron.db.ovn_revision_numbers_db [None req-768f837d-1017-4eff-b213-3d7dea3e9de1 admin admin] Successfully bumped revision number for resource a6fe07c9-6d86-490d-a908-67fb6f7997b8 (type: security_group_rules) to 0
May 09 07:27:41.899318 np0000172984 devstack@neutron-api.service[103548]: DEBUG neutron.api.rpc.handlers.resources_rpc [None req-768f837d-1017-4eff-b213-3d7dea3e9de1 admin admin] Pushing event updated for resources: {'SecurityGroup': ['ID=a9b64cac-0c78-4045-a538-c4f7486449fe,revision_number=1']} {{(pid=103548) push /opt/stack/neutron/neutron/api/rpc/handlers/resources_rpc.py:237}}
May 09 07:27:41.905674 np0000172984 devstack@neutron-api.service[103548]: DEBUG ovsdbapp.backend.ovs_idl.transaction [None req-fe8fa9bb-a9ca-4f15-a74a-515cc4ee8753 None None] Running txn n=1 command(idx=0): CheckLivenessCommand(_result=None) {{(pid=103548) do_commit /opt/stack/data/venv/lib/python3.12/site-packages/ovsdbapp/backend/ovs_idl/transaction.py:89}}
May 09 07:27:41.915942 np0000172984 devstack@neutron-api.service[103550]: DEBUG neutron.plugins.ml2.drivers.ovn.mech_driver.ovsdb.ovsdb_monitor [None req-fdd49dfc-c57d-4483-807f-e37425f1198f None None] ChassisAgentWriteEvent : Matched Chassis_Private, update, None None {{(pid=103550) matches /opt/stack/neutron/neutron/plugins/ml2/drivers/ovn/mech_driver/ovsdb/ovsdb_monitor.py:64}}
May 09 07:27:41.917107 np0000172984 devstack@neutron-api.service[103549]: DEBUG neutron.plugins.ml2.drivers.ovn.mech_driver.ovsdb.ovsdb_monitor [None req-d92f62fe-09f6-4620-97ed-ab09cb55c8cd None None] Touching Hash Ring node "4cbf8ff067435d348335d8ba98285fad" from IDL notify handler {{(pid=103549) notify /opt/stack/neutron/neutron/plugins/ml2/drivers/ovn/mech_driver/ovsdb/ovsdb_monitor.py:934}}
May 09 07:27:41.919868 np0000172984 devstack@neutron-api.service[103551]: DEBUG neutron.plugins.ml2.drivers.ovn.mech_driver.ovsdb.ovsdb_monitor [None req-cd78e7bd-ab49-4af2-bf24-f03f8fa17567 None None] ChassisAgentWriteEvent : Matched Chassis_Private, update, None None {{(pid=103551) matches /opt/stack/neutron/neutron/plugins/ml2/drivers/ovn/mech_driver/ovsdb/ovsdb_monitor.py:64}}
May 09 07:27:41.922357 np0000172984 devstack@neutron-api.service[103548]: DEBUG neutron.plugins.ml2.drivers.ovn.mech_driver.ovsdb.ovsdb_monitor [None req-a823ccde-8826-48e7-956d-3b3cf55d7664 None None] ChassisAgentWriteEvent : Matched Chassis_Private, update, None None {{(pid=103548) matches /opt/stack/neutron/neutron/plugins/ml2/drivers/ovn/mech_driver/ovsdb/ovsdb_monitor.py:64}}
May 09 07:27:41.923352 np0000172984 devstack@neutron-api.service[103549]: DEBUG neutron.plugins.ml2.drivers.ovn.mech_driver.ovsdb.ovsdb_monitor [None req-b934f9b3-1a8b-4632-9a93-4d5d379a7c42 None None] ChassisAgentWriteEvent : Matched Chassis_Private, update, None None {{(pid=103549) matches /opt/stack/neutron/neutron/plugins/ml2/drivers/ovn/mech_driver/ovsdb/ovsdb_monitor.py:64}}
May 09 07:27:41.927462 np0000172984 devstack@neutron-api.service[103550]: DEBUG neutron.common.ovn.hash_ring_manager [None req-fdd49dfc-c57d-4483-807f-e37425f1198f None None] Hash Ring loaded. 4 active nodes. 0 offline nodes {{(pid=103550) _load_hash_ring /opt/stack/neutron/neutron/common/ovn/hash_ring_manager.py:102}}
May 09 07:27:41.929052 np0000172984 devstack@neutron-api.service[103551]: DEBUG neutron.common.ovn.hash_ring_manager [None req-cd78e7bd-ab49-4af2-bf24-f03f8fa17567 None None] Hash Ring loaded. 4 active nodes. 0 offline nodes {{(pid=103551) _load_hash_ring /opt/stack/neutron/neutron/common/ovn/hash_ring_manager.py:102}}
May 09 07:27:41.929955 np0000172984 devstack@neutron-api.service[103549]: DEBUG neutron.plugins.ml2.drivers.ovn.mech_driver.ovsdb.ovsdb_monitor [None req-d92f62fe-09f6-4620-97ed-ab09cb55c8cd None None] Hash Ring: Node 4cbf8ff067435d348335d8ba98285fad (host: np0000172984) handling event "update" for row 97855493-9793-4e3f-9a8e-97c59ac20f80 (table: NB_Global) {{(pid=103549) notify /opt/stack/neutron/neutron/plugins/ml2/drivers/ovn/mech_driver/ovsdb/ovsdb_monitor.py:942}}
May 09 07:27:41.932270 np0000172984 devstack@neutron-api.service[103549]: DEBUG neutron.plugins.ml2.drivers.ovn.mech_driver.ovsdb.ovsdb_monitor [None req-d92f62fe-09f6-4620-97ed-ab09cb55c8cd None None] Touching Hash Ring node "4cbf8ff067435d348335d8ba98285fad" from IDL notify handler {{(pid=103549) notify /opt/stack/neutron/neutron/plugins/ml2/drivers/ovn/mech_driver/ovsdb/ovsdb_monitor.py:934}}
May 09 07:27:41.937153 np0000172984 devstack@neutron-api.service[103549]: DEBUG neutron.plugins.ml2.drivers.ovn.mech_driver.ovsdb.ovsdb_monitor [None req-d92f62fe-09f6-4620-97ed-ab09cb55c8cd None None] Hash Ring: Node 4cbf8ff067435d348335d8ba98285fad (host: np0000172984) handling event "update" for row 97855493-9793-4e3f-9a8e-97c59ac20f80 (table: NB_Global) {{(pid=103549) notify /opt/stack/neutron/neutron/plugins/ml2/drivers/ovn/mech_driver/ovsdb/ovsdb_monitor.py:942}}
May 09 07:27:41.938381 np0000172984 devstack@neutron-api.service[103549]: DEBUG neutron.common.ovn.hash_ring_manager [None req-b934f9b3-1a8b-4632-9a93-4d5d379a7c42 None None] Hash Ring loaded. 4 active nodes. 0 offline nodes {{(pid=103549) _load_hash_ring /opt/stack/neutron/neutron/common/ovn/hash_ring_manager.py:102}}
May 09 07:27:41.938956 np0000172984 devstack@neutron-api.service[103549]: DEBUG neutron.plugins.ml2.drivers.ovn.mech_driver.ovsdb.ovsdb_monitor [None req-d92f62fe-09f6-4620-97ed-ab09cb55c8cd None None] Touching Hash Ring node "4cbf8ff067435d348335d8ba98285fad" from IDL notify handler {{(pid=103549) notify /opt/stack/neutron/neutron/plugins/ml2/drivers/ovn/mech_driver/ovsdb/ovsdb_monitor.py:934}}
May 09 07:27:41.940129 np0000172984 devstack@neutron-api.service[103548]: DEBUG neutron.common.ovn.hash_ring_manager [None req-a823ccde-8826-48e7-956d-3b3cf55d7664 None None] Hash Ring loaded. 4 active nodes. 0 offline nodes {{(pid=103548) _load_hash_ring /opt/stack/neutron/neutron/common/ovn/hash_ring_manager.py:102}}
May 09 07:27:41.940412 np0000172984 devstack@neutron-api.service[103548]: DEBUG neutron.plugins.ml2.drivers.ovn.mech_driver.ovsdb.ovsdb_monitor [None req-a823ccde-8826-48e7-956d-3b3cf55d7664 None None] Hash Ring: Node a81a3bf2070e5dd8b8e0d7d52f519cad (host: np0000172984) handling event "update" for row da6792e0-f3cb-4617-93ec-dd425e78b4a5 (table: Chassis_Private) {{(pid=103548) notify /opt/stack/neutron/neutron/plugins/ml2/drivers/ovn/mech_driver/ovsdb/ovsdb_monitor.py:942}}
May 09 07:27:41.941517 np0000172984 devstack@neutron-api.service[103549]: DEBUG neutron.plugins.ml2.drivers.ovn.mech_driver.ovsdb.ovsdb_monitor [None req-d92f62fe-09f6-4620-97ed-ab09cb55c8cd None None] Hash Ring: Node 4cbf8ff067435d348335d8ba98285fad (host: np0000172984) handling event "update" for row 97855493-9793-4e3f-9a8e-97c59ac20f80 (table: NB_Global) {{(pid=103549) notify /opt/stack/neutron/neutron/plugins/ml2/drivers/ovn/mech_driver/ovsdb/ovsdb_monitor.py:942}}
May 09 07:27:41.942962 np0000172984 devstack@neutron-api.service[103549]: DEBUG neutron.plugins.ml2.drivers.ovn.mech_driver.ovsdb.ovsdb_monitor [None req-d92f62fe-09f6-4620-97ed-ab09cb55c8cd None None] Touching Hash Ring node "4cbf8ff067435d348335d8ba98285fad" from IDL notify handler {{(pid=103549) notify /opt/stack/neutron/neutron/plugins/ml2/drivers/ovn/mech_driver/ovsdb/ovsdb_monitor.py:934}}
May 09 07:27:41.945327 np0000172984 devstack@neutron-api.service[103549]: DEBUG neutron.plugins.ml2.drivers.ovn.mech_driver.ovsdb.ovsdb_monitor [None req-d92f62fe-09f6-4620-97ed-ab09cb55c8cd None None] Hash Ring: Node 4cbf8ff067435d348335d8ba98285fad (host: np0000172984) handling event "update" for row 97855493-9793-4e3f-9a8e-97c59ac20f80 (table: NB_Global) {{(pid=103549) notify /opt/stack/neutron/neutron/plugins/ml2/drivers/ovn/mech_driver/ovsdb/ovsdb_monitor.py:942}}
May 09 07:27:41.966821 np0000172984 devstack@neutron-api.service[103548]: DEBUG neutron.plugins.ml2.drivers.helpers [None req-768f837d-1017-4eff-b213-3d7dea3e9de1 admin admin] geneve segment allocate from pool success with {'geneve_vni': 7219} {{(pid=103548) allocate_partially_specified_segment /opt/stack/neutron/neutron/plugins/ml2/drivers/helpers.py:142}}
May 09 07:27:41.976333 np0000172984 devstack@neutron-api.service[103548]: DEBUG neutron_lib.callbacks.manager [None req-768f837d-1017-4eff-b213-3d7dea3e9de1 admin admin] Publish callbacks ['neutron.services.segments.db._add_segment_host_mapping_for_segment-8229911704830', 'neutron.plugins.ml2.plugin.Ml2Plugin._handle_segment_change-31899574'] for segment (db6164b2-0032-4290-b442-123da78709bb), precommit_create {{(pid=103548) _notify_loop /opt/stack/data/venv/lib/python3.12/site-packages/neutron_lib/callbacks/manager.py:184}}
May 09 07:27:41.976537 np0000172984 devstack@neutron-api.service[103548]: INFO neutron.db.segments_db [None req-768f837d-1017-4eff-b213-3d7dea3e9de1 admin admin] Added segment db6164b2-0032-4290-b442-123da78709bb of type geneve for network 5ecd40ab-9da4-49ae-952e-ba1f2ca445e3
May 09 07:27:41.991484 np0000172984 devstack@neutron-api.service[103548]: DEBUG neutron_lib.callbacks.manager [None req-768f837d-1017-4eff-b213-3d7dea3e9de1 admin admin] Publish callbacks ['neutron.services.auto_allocate.db._ensure_external_network_default_value_callback-8229910051200'] for network (5ecd40ab-9da4-49ae-952e-ba1f2ca445e3), precommit_create {{(pid=103548) _notify_loop /opt/stack/data/venv/lib/python3.12/site-packages/neutron_lib/callbacks/manager.py:184}}
May 09 07:27:42.003634 np0000172984 devstack@neutron-api.service[103548]: DEBUG neutron.plugins.ml2.drivers.ovn.mech_driver.mech_driver [None req-768f837d-1017-4eff-b213-3d7dea3e9de1 admin admin] Validating network segment with type geneve, segmentation ID 7219, physical network None {{(pid=103548) _validate_network_segments /opt/stack/neutron/neutron/plugins/ml2/drivers/ovn/mech_driver/mech_driver.py:641}}
May 09 07:27:42.003771 np0000172984 devstack@neutron-api.service[103548]: DEBUG neutron.db.ovn_revision_numbers_db [None req-768f837d-1017-4eff-b213-3d7dea3e9de1 admin admin] create_initial_revision uuid=5ecd40ab-9da4-49ae-952e-ba1f2ca445e3, type=networks, rev=-1 {{(pid=103548) create_initial_revision /opt/stack/neutron/neutron/db/ovn_revision_numbers_db.py:98}}
May 09 07:27:42.012982 np0000172984 devstack@neutron-api.service[103548]: DEBUG neutron_lib.callbacks.manager [None req-768f837d-1017-4eff-b213-3d7dea3e9de1 admin admin] Publish callbacks ['neutron.plugins.ml2.ovo_rpc._ObjectChangeHandler.handle_event-2836837'] for network (5ecd40ab-9da4-49ae-952e-ba1f2ca445e3), after_create {{(pid=103548) _notify_loop /opt/stack/data/venv/lib/python3.12/site-packages/neutron_lib/callbacks/manager.py:184}}
May 09 07:27:42.032475 np0000172984 devstack@neutron-api.service[103548]: DEBUG neutron.api.rpc.handlers.resources_rpc [None req-768f837d-1017-4eff-b213-3d7dea3e9de1 admin admin] Pushing event updated for resources: {'Network': ['ID=5ecd40ab-9da4-49ae-952e-ba1f2ca445e3,revision_number=1']} {{(pid=103548) push /opt/stack/neutron/neutron/api/rpc/handlers/resources_rpc.py:237}}
May 09 07:27:42.041907 np0000172984 devstack@neutron-api.service[103548]: DEBUG ovsdbapp.backend.ovs_idl.transaction [None req-fe8fa9bb-a9ca-4f15-a74a-515cc4ee8753 None None] Running txn n=1 command(idx=0): AddNetworkCommand(_result=None, network_uuid=5ecd40ab-9da4-49ae-952e-ba1f2ca445e3, may_exist=True, columns={'external_ids': {'neutron:network_name': 'admin_net', 'neutron:mtu': '1372', 'neutron:revision_number': '1', 'neutron:availability_zone_hints': '', 'neutron:provnet-network-type': 'geneve'}, 'other_config': {'mcast_snoop': 'false', 'mcast_flood_unregistered': 'false', 'vlan-passthru': 'false'}}) {{(pid=103548) do_commit /opt/stack/data/venv/lib/python3.12/site-packages/ovsdbapp/backend/ovs_idl/transaction.py:89}}
May 09 07:27:42.048128 np0000172984 devstack@neutron-api.service[103548]: DEBUG neutron.plugins.ml2.drivers.ovn.mech_driver.ovsdb.ovsdb_monitor [None req-fe8fa9bb-a9ca-4f15-a74a-515cc4ee8753 None None] Touching Hash Ring node "a81a3bf2070e5dd8b8e0d7d52f519cad" from IDL notify handler {{(pid=103548) notify /opt/stack/neutron/neutron/plugins/ml2/drivers/ovn/mech_driver/ovsdb/ovsdb_monitor.py:934}}
May 09 07:27:42.053871 np0000172984 devstack@neutron-api.service[103548]: DEBUG neutron.plugins.ml2.drivers.ovn.mech_driver.ovsdb.ovsdb_monitor [None req-fe8fa9bb-a9ca-4f15-a74a-515cc4ee8753 None None] Hash Ring: Node a81a3bf2070e5dd8b8e0d7d52f519cad (host: np0000172984) handling event "create" for row 5ecd40ab-9da4-49ae-952e-ba1f2ca445e3 (table: Logical_Switch) {{(pid=103548) notify /opt/stack/neutron/neutron/plugins/ml2/drivers/ovn/mech_driver/ovsdb/ovsdb_monitor.py:942}}
May 09 07:27:42.055435 np0000172984 devstack@neutron-api.service[103551]: DEBUG neutron.plugins.ml2.drivers.ovn.mech_driver.ovsdb.ovsdb_monitor [None req-cd78e7bd-ab49-4af2-bf24-f03f8fa17567 None None] Hash Ring: Node f975fc9f0a1b50f6b333f341a0a46f24 (host: np0000172984) handling event "create" for row f0c08f07-98cd-480b-8fe9-279a93b9ab69 (table: Datapath_Binding) {{(pid=103551) notify /opt/stack/neutron/neutron/plugins/ml2/drivers/ovn/mech_driver/ovsdb/ovsdb_monitor.py:942}}
May 09 07:27:42.076763 np0000172984 devstack@neutron-api.service[103548]: INFO neutron.db.ovn_revision_numbers_db [None req-768f837d-1017-4eff-b213-3d7dea3e9de1 admin admin] Successfully bumped revision number for resource 5ecd40ab-9da4-49ae-952e-ba1f2ca445e3 (type: networks) to 1
May 09 07:27:42.092581 np0000172984 devstack@neutron-api.service[103548]: DEBUG neutron_lib.callbacks.manager [None req-768f837d-1017-4eff-b213-3d7dea3e9de1 admin admin] Publish callbacks ['neutron.plugins.ml2.plugin.SecurityGroupDbMixin._ensure_default_security_group_handler-31812198'] for port (None), before_create {{(pid=103548) _notify_loop /opt/stack/data/venv/lib/python3.12/site-packages/neutron_lib/callbacks/manager.py:184}}
May 09 07:27:42.169976 np0000172984 devstack@neutron-api.service[103548]: DEBUG neutron_lib.callbacks.manager [None req-768f837d-1017-4eff-b213-3d7dea3e9de1 admin admin] Publish callbacks ['neutron.plugins.ml2.drivers.ovn.mech_driver.mech_driver.OVNMechanismDriver._validate_allowed_address_pairs-321743'] for allowed_address_pair (0a471b53-b951-4a18-aa43-1833eee6c170), before_create {{(pid=103548) _notify_loop /opt/stack/data/venv/lib/python3.12/site-packages/neutron_lib/callbacks/manager.py:184}}
May 09 07:27:42.171623 np0000172984 devstack@neutron-api.service[103548]: DEBUG neutron_lib.callbacks.manager [None req-768f837d-1017-4eff-b213-3d7dea3e9de1 admin admin] Publish callbacks [] for port (0a471b53-b951-4a18-aa43-1833eee6c170), precommit_create {{(pid=103548) _notify_loop /opt/stack/data/venv/lib/python3.12/site-packages/neutron_lib/callbacks/manager.py:184}}
May 09 07:27:42.172342 np0000172984 devstack@neutron-api.service[103548]: DEBUG neutron.plugins.ml2.drivers.ovn.mech_driver.mech_driver [None req-768f837d-1017-4eff-b213-3d7dea3e9de1 admin admin] No provisioning block for port 0a471b53-b951-4a18-aa43-1833eee6c170 since it does not have a host {{(pid=103548) _is_port_provisioning_required /opt/stack/neutron/neutron/plugins/ml2/drivers/ovn/mech_driver/mech_driver.py:894}}
May 09 07:27:42.172640 np0000172984 devstack@neutron-api.service[103548]: DEBUG neutron.db.ovn_revision_numbers_db [None req-768f837d-1017-4eff-b213-3d7dea3e9de1 admin admin] create_initial_revision uuid=0a471b53-b951-4a18-aa43-1833eee6c170, type=ports, rev=-1 {{(pid=103548) create_initial_revision /opt/stack/neutron/neutron/db/ovn_revision_numbers_db.py:98}}
May 09 07:27:42.215752 np0000172984 devstack@neutron-api.service[103548]: DEBUG neutron_lib.callbacks.manager [None req-768f837d-1017-4eff-b213-3d7dea3e9de1 admin admin] Publish callbacks ['neutron.plugins.ml2.ovo_rpc._ObjectChangeHandler.handle_event-2836628'] for port (0a471b53-b951-4a18-aa43-1833eee6c170), after_create {{(pid=103548) _notify_loop /opt/stack/data/venv/lib/python3.12/site-packages/neutron_lib/callbacks/manager.py:184}}
May 09 07:27:42.253233 np0000172984 devstack@neutron-api.service[103548]: DEBUG neutron.api.rpc.handlers.resources_rpc [None req-768f837d-1017-4eff-b213-3d7dea3e9de1 admin admin] Pushing event updated for resources: {'Port': ['ID=0a471b53-b951-4a18-aa43-1833eee6c170,revision_number=1']} {{(pid=103548) push /opt/stack/neutron/neutron/api/rpc/handlers/resources_rpc.py:237}}
May 09 07:27:42.261275 np0000172984 devstack@neutron-api.service[103548]: DEBUG ovsdbapp.backend.ovs_idl.transaction [None req-fe8fa9bb-a9ca-4f15-a74a-515cc4ee8753 None None] Running txn n=1 command(idx=0): AddLSwitchPortCommand(_result=None, lport=0a471b53-b951-4a18-aa43-1833eee6c170, lswitch=neutron-5ecd40ab-9da4-49ae-952e-ba1f2ca445e3, may_exist=True, network_uuid=5ecd40ab-9da4-49ae-952e-ba1f2ca445e3, columns={'addresses': ['fa:16:3e:82:ce:c1'], 'external_ids': {'neutron:port_name': '', 'neutron:device_id': 'ovnmeta-5ecd40ab-9da4-49ae-952e-ba1f2ca445e3', 'neutron:project_id': '7ff7cd1c2920447cb4bb3246e2fee6da', 'neutron:cidrs': '', 'neutron:device_owner': 'network:distributed', 'neutron:subnet_pool_addr_scope4': '', 'neutron:subnet_pool_addr_scope6': '', 'neutron:network_name': 'neutron-5ecd40ab-9da4-49ae-952e-ba1f2ca445e3', 'neutron:security_group_ids': '', 'neutron:revision_number': '1', 'neutron:vnic_type': 'normal', 'neutron:port_capabilities': '', 'neutron:mtu': ''}, 'parent_name': [], 'tag': [], 'enabled': True, 'options': {}, 'type': 'localport', 'port_security': [], 'dhcpv4_options': [], 'dhcpv6_options': []}) {{(pid=103548) do_commit /opt/stack/data/venv/lib/python3.12/site-packages/ovsdbapp/backend/ovs_idl/transaction.py:89}}
May 09 07:27:42.262322 np0000172984 devstack@neutron-api.service[103548]: DEBUG ovsdbapp.backend.ovs_idl.transaction [None req-fe8fa9bb-a9ca-4f15-a74a-515cc4ee8753 None None] Running txn n=1 command(idx=1): QoSDelCommand(_result=None, switch=neutron-5ecd40ab-9da4-49ae-952e-ba1f2ca445e3, conditions=[('direction', '=', 'to-lport'), ('priority', '=', 2002), ('match', '=', 'outport == "0a471b53-b951-4a18-aa43-1833eee6c170"')], if_exists=True) {{(pid=103548) do_commit /opt/stack/data/venv/lib/python3.12/site-packages/ovsdbapp/backend/ovs_idl/transaction.py:89}}
May 09 07:27:42.262718 np0000172984 devstack@neutron-api.service[103548]: DEBUG ovsdbapp.backend.ovs_idl.transaction [None req-fe8fa9bb-a9ca-4f15-a74a-515cc4ee8753 None None] Running txn n=1 command(idx=2): QoSDelCommand(_result=None, switch=neutron-5ecd40ab-9da4-49ae-952e-ba1f2ca445e3, conditions=[('direction', '=', 'from-lport'), ('priority', '=', 2002), ('match', '=', 'inport == "0a471b53-b951-4a18-aa43-1833eee6c170"')], if_exists=True) {{(pid=103548) do_commit /opt/stack/data/venv/lib/python3.12/site-packages/ovsdbapp/backend/ovs_idl/transaction.py:89}}
May 09 07:27:42.268352 np0000172984 devstack@neutron-api.service[103548]: DEBUG neutron.plugins.ml2.drivers.ovn.mech_driver.ovsdb.ovsdb_monitor [None req-fe8fa9bb-a9ca-4f15-a74a-515cc4ee8753 None None] Touching Hash Ring node "a81a3bf2070e5dd8b8e0d7d52f519cad" from IDL notify handler {{(pid=103548) notify /opt/stack/neutron/neutron/plugins/ml2/drivers/ovn/mech_driver/ovsdb/ovsdb_monitor.py:934}}
May 09 07:27:42.271164 np0000172984 devstack@neutron-api.service[103548]: DEBUG neutron.plugins.ml2.drivers.ovn.mech_driver.ovsdb.ovsdb_monitor [None req-fe8fa9bb-a9ca-4f15-a74a-515cc4ee8753 None None] Hash Ring: Node a81a3bf2070e5dd8b8e0d7d52f519cad (host: np0000172984) handling event "update" for row 5ecd40ab-9da4-49ae-952e-ba1f2ca445e3 (table: Logical_Switch) {{(pid=103548) notify /opt/stack/neutron/neutron/plugins/ml2/drivers/ovn/mech_driver/ovsdb/ovsdb_monitor.py:942}}
May 09 07:27:42.271655 np0000172984 devstack@neutron-api.service[103550]: DEBUG neutron.plugins.ml2.drivers.ovn.mech_driver.ovsdb.ovsdb_monitor [None req-69f4757d-2ffc-4d30-8a1f-d4c5dae38d6e None None] Touching Hash Ring node "209670650d76503182bf01f6111c84a1" from IDL notify handler {{(pid=103550) notify /opt/stack/neutron/neutron/plugins/ml2/drivers/ovn/mech_driver/ovsdb/ovsdb_monitor.py:934}}
May 09 07:27:42.277813 np0000172984 devstack@neutron-api.service[103551]: DEBUG neutron.plugins.ml2.drivers.ovn.mech_driver.ovsdb.ovsdb_monitor [None req-cd78e7bd-ab49-4af2-bf24-f03f8fa17567 None None] Hash Ring: Node f975fc9f0a1b50f6b333f341a0a46f24 (host: np0000172984) handling event "create" for row 0add6894-bdd4-467f-af66-4926bc0ff0a7 (table: Port_Binding) {{(pid=103551) notify /opt/stack/neutron/neutron/plugins/ml2/drivers/ovn/mech_driver/ovsdb/ovsdb_monitor.py:942}}
May 09 07:27:42.280437 np0000172984 devstack@neutron-api.service[103550]: DEBUG neutron.plugins.ml2.drivers.ovn.mech_driver.ovsdb.ovsdb_monitor [None req-69f4757d-2ffc-4d30-8a1f-d4c5dae38d6e None None] Hash Ring: Node 209670650d76503182bf01f6111c84a1 (host: np0000172984) handling event "create" for row 37b7c12c-d7bc-4446-9402-6eddcbbdb64e (table: Logical_Switch_Port) {{(pid=103550) notify /opt/stack/neutron/neutron/plugins/ml2/drivers/ovn/mech_driver/ovsdb/ovsdb_monitor.py:942}}
May 09 07:27:42.281856 np0000172984 devstack@neutron-api.service[103550]: DEBUG ovsdbapp.backend.ovs_idl.event [None req-69f4757d-2ffc-4d30-8a1f-d4c5dae38d6e None None] Matched CREATE: LogicalSwitchPortCreateEvent(events=('create',), table='Logical_Switch_Port', conditions=[], old_conditions=None), priority=20 to row=Logical_Switch_Port(uuid=37b7c12c-d7bc-4446-9402-6eddcbbdb64e, addresses=['fa:16:3e:82:ce:c1'], dhcpv4_options=[], dhcpv6_options=[], dynamic_addresses=[], enabled=True, external_ids={'neutron:cidrs': '', 'neutron:device_id': 'ovnmeta-5ecd40ab-9da4-49ae-952e-ba1f2ca445e3', 'neutron:device_owner': 'network:distributed', 'neutron:mtu': '', 'neutron:network_name': 'neutron-5ecd40ab-9da4-49ae-952e-ba1f2ca445e3', 'neutron:port_capabilities': '', 'neutron:port_name': '', 'neutron:project_id': '7ff7cd1c2920447cb4bb3246e2fee6da', 'neutron:revision_number': '1', 'neutron:security_group_ids': '', 'neutron:subnet_pool_addr_scope4': '', 'neutron:subnet_pool_addr_scope6': '', 'neutron:vnic_type': 'normal'}, ha_chassis_group=[], mirror_rules=[], name='0a471b53-b951-4a18-aa43-1833eee6c170', options={}, parent_name=[], port_security=[], tag=[], tag_request=[], type='localport', up=[]) old= {{(pid=103550) matches /opt/stack/data/venv/lib/python3.12/site-packages/ovsdbapp/backend/ovs_idl/event.py:55}}
May 09 07:27:42.282981 np0000172984 devstack@neutron-api.service[103550]: INFO neutron.plugins.ml2.drivers.ovn.mech_driver.mech_driver [None req-e3ec8d23-033b-43f4-8ab6-dfc02f38eb9e None None] OVN reports status down for port: 0a471b53-b951-4a18-aa43-1833eee6c170
May 09 07:27:42.284768 np0000172984 devstack@neutron-api.service[103550]: DEBUG neutron.plugins.ml2.drivers.ovn.mech_driver.ovsdb.ovsdb_monitor [None req-69f4757d-2ffc-4d30-8a1f-d4c5dae38d6e None None] Touching Hash Ring node "209670650d76503182bf01f6111c84a1" from IDL notify handler {{(pid=103550) notify /opt/stack/neutron/neutron/plugins/ml2/drivers/ovn/mech_driver/ovsdb/ovsdb_monitor.py:934}}
May 09 07:27:42.287692 np0000172984 devstack@neutron-api.service[103550]: DEBUG neutron.plugins.ml2.drivers.ovn.mech_driver.ovsdb.ovsdb_monitor [None req-69f4757d-2ffc-4d30-8a1f-d4c5dae38d6e None None] Hash Ring: Node 209670650d76503182bf01f6111c84a1 (host: np0000172984) handling event "update" for row 37b7c12c-d7bc-4446-9402-6eddcbbdb64e (table: Logical_Switch_Port) {{(pid=103550) notify /opt/stack/neutron/neutron/plugins/ml2/drivers/ovn/mech_driver/ovsdb/ovsdb_monitor.py:942}}
May 09 07:27:42.311034 np0000172984 devstack@neutron-api.service[103548]: INFO neutron.db.ovn_revision_numbers_db [None req-768f837d-1017-4eff-b213-3d7dea3e9de1 admin admin] Successfully bumped revision number for resource 0a471b53-b951-4a18-aa43-1833eee6c170 (type: ports) to 1
May 09 07:27:42.314206 np0000172984 devstack@neutron-api.service[103550]: DEBUG neutron.db.provisioning_blocks [None req-e3ec8d23-033b-43f4-8ab6-dfc02f38eb9e None None] Transition to ACTIVE for port object 0a471b53-b951-4a18-aa43-1833eee6c170 will not be triggered until provisioned by entity L2. {{(pid=103550) add_provisioning_component /opt/stack/neutron/neutron/db/provisioning_blocks.py:74}}
May 09 07:27:42.319718 np0000172984 devstack@neutron-api.service[103548]: DEBUG neutron.pecan_wsgi.hooks.policy_enforcement [None req-768f837d-1017-4eff-b213-3d7dea3e9de1 admin admin] Attributes excluded by policy engine: ['standard_attr_id'] {{(pid=103548) _exclude_attributes_by_policy /opt/stack/neutron/neutron/pecan_wsgi/hooks/policy_enforcement.py:256}}
May 09 07:27:42.320129 np0000172984 devstack@neutron-api.service[103548]: DEBUG neutron_lib.callbacks.manager [None req-768f837d-1017-4eff-b213-3d7dea3e9de1 admin admin] Publish callbacks [] for network (None), before_response {{(pid=103548) _notify_loop /opt/stack/data/venv/lib/python3.12/site-packages/neutron_lib/callbacks/manager.py:184}}
May 09 07:27:42.335807 np0000172984 devstack@neutron-api.service[103548]: [pid: 103548|app: 0|req: 23/93] 199.204.45.77 () {68 vars in 1351 bytes} [Sat May 9 07:27:41 2026] POST /networking/v2.0/networks => generated 682 bytes in 670 msecs (HTTP/1.1 201) 4 headers in 162 bytes (1 switches on core 0)
May 09 07:27:42.337317 np0000172984 devstack@neutron-api.service[103550]: DEBUG neutron.plugins.ml2.plugin [None req-e3ec8d23-033b-43f4-8ab6-dfc02f38eb9e None None] Current status of the port 0a471b53-b951-4a18-aa43-1833eee6c170 is: DOWN; New status is: DOWN {{(pid=103550) _update_individual_port_db_status /opt/stack/neutron/neutron/plugins/ml2/plugin.py:2466}}
May 09 07:27:42.340508 np0000172984 devstack@neutron-api.service[103550]: DEBUG ovsdbapp.backend.ovs_idl.transaction [None req-69f4757d-2ffc-4d30-8a1f-d4c5dae38d6e None None] Running txn n=1 command(idx=0): DbRemoveCommand(_result=None, table=Logical_Switch_Port, record=0a471b53-b951-4a18-aa43-1833eee6c170, column=external_ids, values=('neutron:host_id',), keyvalues={}, if_exists=True) {{(pid=103550) do_commit /opt/stack/data/venv/lib/python3.12/site-packages/ovsdbapp/backend/ovs_idl/transaction.py:89}}
May 09 07:27:42.552158 np0000172984 devstack@neutron-api.service[103550]: INFO neutron.pecan_wsgi.hooks.translation [None req-1bb31f1a-88ea-45f1-80cd-bd14c4aa6f6c admin admin] GET failed (client error): The resource could not be found.
May 09 07:27:42.552909 np0000172984 devstack@neutron-api.service[103550]: [pid: 103550|app: 0|req: 25/94] 199.204.45.77 () {64 vars in 1327 bytes} [Sat May 9 07:27:42 2026] GET /networking/v2.0/networks/admin_net => generated 111 bytes in 12 msecs (HTTP/1.1 404) 4 headers in 164 bytes (1 switches on core 0)
May 09 07:27:42.613582 np0000172984 devstack@neutron-api.service[103551]: DEBUG neutron.pecan_wsgi.hooks.policy_enforcement [None req-683e7860-2049-4155-932c-1afe55863eb7 admin admin] Attributes excluded by policy engine: ['standard_attr_id'] {{(pid=103551) _exclude_attributes_by_policy /opt/stack/neutron/neutron/pecan_wsgi/hooks/policy_enforcement.py:256}}
May 09 07:27:42.615319 np0000172984 devstack@neutron-api.service[103551]: [pid: 103551|app: 0|req: 24/95] 199.204.45.77 () {64 vars in 1339 bytes} [Sat May 9 07:27:42 2026] GET /networking/v2.0/networks?name=admin_net => generated 666 bytes in 52 msecs (HTTP/1.1 200) 4 headers in 157 bytes (1 switches on core 0)
May 09 07:27:42.840143 np0000172984 devstack@neutron-api.service[103549]: INFO neutron.pecan_wsgi.hooks.translation [None req-2311b726-55f0-4c56-b736-c7a11f350110 admin admin] GET failed (client error): The resource could not be found.
May 09 07:27:42.840878 np0000172984 devstack@neutron-api.service[103549]: [pid: 103549|app: 0|req: 24/96] 199.204.45.77 () {64 vars in 1333 bytes} [Sat May 9 07:27:42 2026] GET /networking/v2.0/subnets/admin_subnet => generated 112 bytes in 9 msecs (HTTP/1.1 404) 4 headers in 164 bytes (1 switches on core 0)
May 09 07:27:42.872911 np0000172984 devstack@neutron-api.service[103548]: [pid: 103548|app: 0|req: 24/97] 199.204.45.77 () {64 vars in 1342 bytes} [Sat May 9 07:27:42 2026] GET /networking/v2.0/subnets?name=admin_subnet => generated 14 bytes in 23 msecs (HTTP/1.1 200) 4 headers in 156 bytes (1 switches on core 0)
May 09 07:27:43.156665 np0000172984 devstack@neutron-api.service[103550]: DEBUG neutron.pecan_wsgi.hooks.policy_enforcement [None req-6f208cee-5f47-494e-8e19-371ef72e52c6 admin admin] Attributes excluded by policy engine: ['standard_attr_id'] {{(pid=103550) _exclude_attributes_by_policy /opt/stack/neutron/neutron/pecan_wsgi/hooks/policy_enforcement.py:256}}
May 09 07:27:43.157455 np0000172984 devstack@neutron-api.service[103550]: [pid: 103550|app: 0|req: 26/98] 199.204.45.77 () {64 vars in 1408 bytes} [Sat May 9 07:27:43 2026] GET /networking/v2.0/networks/5ecd40ab-9da4-49ae-952e-ba1f2ca445e3 => generated 663 bytes in 27 msecs (HTTP/1.1 200) 4 headers in 157 bytes (1 switches on core 0)
May 09 07:27:43.178802 np0000172984 devstack@neutron-api.service[103551]: DEBUG neutron.api.v2.base [None req-0e83546c-81e5-4f68-961b-944a56818b55 admin admin] Request body: {'subnet': {'project_id': '7ff7cd1c2920447cb4bb3246e2fee6da', 'ip_version': 4, 'cidr': '10.2.5.0/24', 'name': 'admin_subnet', 'network_id': '5ecd40ab-9da4-49ae-952e-ba1f2ca445e3', 'gateway_ip': None}} {{(pid=103551) prepare_request_body /opt/stack/neutron/neutron/api/v2/base.py:727}}
May 09 07:27:43.197008 np0000172984 devstack@neutron-api.service[103551]: DEBUG neutron.pecan_wsgi.hooks.quota_enforcement [None req-0e83546c-81e5-4f68-961b-944a56818b55 admin admin] Made reservation on behalf of 7ff7cd1c2920447cb4bb3246e2fee6da for: {'subnet': 1} {{(pid=103551) before /opt/stack/neutron/neutron/pecan_wsgi/hooks/quota_enforcement.py:66}}
May 09 07:27:43.200505 np0000172984 devstack@neutron-api.service[103551]: DEBUG neutron_lib.callbacks.manager [None req-0e83546c-81e5-4f68-961b-944a56818b55 admin admin] Publish callbacks [] for subnet (None), before_create {{(pid=103551) _notify_loop /opt/stack/data/venv/lib/python3.12/site-packages/neutron_lib/callbacks/manager.py:184}}
May 09 07:27:43.261770 np0000172984 devstack@neutron-api.service[103551]: DEBUG neutron.db.ovn_revision_numbers_db [None req-0e83546c-81e5-4f68-961b-944a56818b55 admin admin] create_initial_revision uuid=ee836ed9-a85d-467a-94d4-0f2ec3b5afc5, type=subnets, rev=-1 {{(pid=103551) create_initial_revision /opt/stack/neutron/neutron/db/ovn_revision_numbers_db.py:98}}
May 09 07:27:43.268854 np0000172984 devstack@neutron-api.service[103551]: DEBUG neutron_lib.callbacks.manager [None req-0e83546c-81e5-4f68-961b-944a56818b55 admin admin] Publish callbacks ['neutron.plugins.ml2.ovo_rpc._ObjectChangeHandler.handle_event-2869398'] for subnet (ee836ed9-a85d-467a-94d4-0f2ec3b5afc5), after_create {{(pid=103551) _notify_loop /opt/stack/data/venv/lib/python3.12/site-packages/neutron_lib/callbacks/manager.py:184}}
May 09 07:27:43.285749 np0000172984 devstack@neutron-api.service[103551]: DEBUG neutron.api.rpc.handlers.resources_rpc [None req-0e83546c-81e5-4f68-961b-944a56818b55 admin admin] Pushing event updated for resources: {'Subnet': ['ID=ee836ed9-a85d-467a-94d4-0f2ec3b5afc5,revision_number=0']} {{(pid=103551) push /opt/stack/neutron/neutron/api/rpc/handlers/resources_rpc.py:237}}
May 09 07:27:43.290630 np0000172984 devstack@neutron-api.service[103551]: DEBUG neutron.api.rpc.callbacks.version_manager [None req-0e83546c-81e5-4f68-961b-944a56818b55 admin admin] Tracked resource versions report:
May 09 07:27:43.290630 np0000172984 devstack@neutron-api.service[103551]: pushed versions:
May 09 07:27:43.290630 np0000172984 devstack@neutron-api.service[103551]: { 'AddressGroup': {'1.2'},
May 09 07:27:43.290630 np0000172984 devstack@neutron-api.service[103551]: 'Agent': {'1.1'},
May 09 07:27:43.290630 np0000172984 devstack@neutron-api.service[103551]: 'ConntrackHelper': {'1.0'},
May 09 07:27:43.290630 np0000172984 devstack@neutron-api.service[103551]: 'LocalIPAssociation': {'1.0'},
May 09 07:27:43.290630 np0000172984 devstack@neutron-api.service[103551]: 'Log': {'1.0'},
May 09 07:27:43.290630 np0000172984 devstack@neutron-api.service[103551]: 'NDPProxy': {'1.0'},
May 09 07:27:43.290630 np0000172984 devstack@neutron-api.service[103551]: 'Network': {'1.2'},
May 09 07:27:43.290630 np0000172984 devstack@neutron-api.service[103551]: 'Port': {'1.10'},
May 09 07:27:43.290630 np0000172984 devstack@neutron-api.service[103551]: 'PortForwarding': {'1.3'},
May 09 07:27:43.290630 np0000172984 devstack@neutron-api.service[103551]: 'QosPolicy': {'1.10'},
May 09 07:27:43.290630 np0000172984 devstack@neutron-api.service[103551]: 'SecurityGroup': {'1.6'},
May 09 07:27:43.290630 np0000172984 devstack@neutron-api.service[103551]: 'SecurityGroupRule': {'1.3'},
May 09 07:27:43.290630 np0000172984 devstack@neutron-api.service[103551]: 'SubPort': {'1.0'},
May 09 07:27:43.290630 np0000172984 devstack@neutron-api.service[103551]: 'Subnet': {'1.2'},
May 09 07:27:43.290630 np0000172984 devstack@neutron-api.service[103551]: 'Trunk': {'1.1'}}
May 09 07:27:43.290630 np0000172984 devstack@neutron-api.service[103551]: consumer versions:
May 09 07:27:43.290630 np0000172984 devstack@neutron-api.service[103551]: {OVN Controller Gateway agent@np0000172984: {}}
May 09 07:27:43.290630 np0000172984 devstack@neutron-api.service[103551]: {{(pid=103551) report /opt/stack/neutron/neutron/api/rpc/callbacks/version_manager.py:183}}
May 09 07:27:43.338415 np0000172984 devstack@neutron-api.service[103551]: DEBUG neutron_lib.callbacks.manager [None req-0e83546c-81e5-4f68-961b-944a56818b55 admin admin] Publish callbacks ['neutron.plugins.ml2.plugin.SecurityGroupDbMixin._ensure_default_security_group_handler-176289', 'neutron.services.ovn_l3.plugin.OVNL3RouterPlugin._port_update-8229910032064', 'neutron.db.l3_db.L3_NAT_dbonly_mixin._prevent_internal_ip_change_for_fip-8229911590002'] for port (0a471b53-b951-4a18-aa43-1833eee6c170), before_update {{(pid=103551) _notify_loop /opt/stack/data/venv/lib/python3.12/site-packages/neutron_lib/callbacks/manager.py:184}}
May 09 07:27:43.431121 np0000172984 devstack@neutron-api.service[103551]: DEBUG neutron.db.db_base_plugin_common [None req-0e83546c-81e5-4f68-961b-944a56818b55 admin admin] Allocated IP 10.2.5.1 (5ecd40ab-9da4-49ae-952e-ba1f2ca445e3/ee836ed9-a85d-467a-94d4-0f2ec3b5afc5/0a471b53-b951-4a18-aa43-1833eee6c170) {{(pid=103551) _store_ip_allocation /opt/stack/neutron/neutron/db/db_base_plugin_common.py:131}}
May 09 07:27:43.501073 np0000172984 devstack@neutron-api.service[103551]: DEBUG neutron_lib.callbacks.manager [None req-0e83546c-81e5-4f68-961b-944a56818b55 admin admin] Publish callbacks [] for port (0a471b53-b951-4a18-aa43-1833eee6c170), precommit_update {{(pid=103551) _notify_loop /opt/stack/data/venv/lib/python3.12/site-packages/neutron_lib/callbacks/manager.py:184}}
