Aug 22 12:05:49.185070 np0000190597 devstack@neutron-api.service[101676]: DEBUG oslo_concurrency.processutils [None req-33111b53-5de5-4b40-b314-ee47875c753a None None] Running cmd (subprocess): ovsdb-client transact ssl:199.204.45.248:6641 --timeout 180 -p /opt/stack/data/CA/int-ca/private/devstack-cert.key -c /opt/stack/data/CA/int-ca/devstack-cert.crt -C /opt/stack/data/CA/int-ca/ca-chain.pem ["OVN_Northbound", {"op": "wait", "timeout": 0, "table": "Port_Group", "where": [["name", "==", "pvlan_pg_drop"]], "until": "==", "rows": []}, {"op": "insert", "table": "ACL", "row": {"action": "drop", "direction": "to-lport", "match": "outport == @pvlan_pg_drop && ip", "priority": 1010}, "uuid-name": "pvlandroptoport"}, {"op": "insert", "table": "ACL", "row": {"action": "drop", "direction": "from-lport", "match": "inport == @pvlan_pg_drop && ip", "priority": 1010}, "uuid-name": "pvlandropfromport"}, {"op": "insert", "table": "Port_Group", "row": {"name": "pvlan_pg_drop", "acls": ["set", [["named-uuid", "pvlandroptoport"], ["named-uuid", "pvlandropfromport"]]]}}] {{(pid=101676) execute /opt/stack/data/venv/lib/python3.12/site-packages/oslo_concurrency/processutils.py:440}}
Aug 22 12:05:49.195628 np0000190597 devstack@neutron-api.service[101675]: DEBUG oslo_concurrency.processutils [None req-54f79119-1386-4a43-938e-16368c782783 None None] CMD "ovsdb-client transact ssl:199.204.45.248:6641 --timeout 180 -p /opt/stack/data/CA/int-ca/private/devstack-cert.key -c /opt/stack/data/CA/int-ca/devstack-cert.crt -C /opt/stack/data/CA/int-ca/ca-chain.pem ["OVN_Northbound", {"op": "wait", "timeout": 0, "table": "Port_Group", "where": [["name", "==", "pvlan_pg_drop"]], "until": "==", "rows": []}, {"op": "insert", "table": "ACL", "row": {"action": "drop", "direction": "to-lport", "match": "outport == @pvlan_pg_drop && ip", "priority": 1010}, "uuid-name": "pvlandroptoport"}, {"op": "insert", "table": "ACL", "row": {"action": "drop", "direction": "from-lport", "match": "inport == @pvlan_pg_drop && ip", "priority": 1010}, "uuid-name": "pvlandropfromport"}, {"op": "insert", "table": "Port_Group", "row": {"name": "pvlan_pg_drop", "acls": ["set", [["named-uuid", "pvlandroptoport"], ["named-uuid", "pvlandropfromport"]]]}}]" returned: 0 in 0.038s {{(pid=101675) execute /opt/stack/data/venv/lib/python3.12/site-packages/oslo_concurrency/processutils.py:468}}
Aug 22 12:05:49.196627 np0000190597 devstack@neutron-api.service[101678]: DEBUG neutron.common.ovn.hash_ring_manager [None req-46510c20-18db-4c93-a771-729eb85e9c20 None None] Allow caching, nodes 4>=4 {{(pid=101678) _wait_startup_before_caching /opt/stack/neutron/neutron/common/ovn/hash_ring_manager.py:71}}
Aug 22 12:05:49.199256 np0000190597 devstack@neutron-api.service[101675]: WSGI app 0 (mountpoint='') ready in 8 seconds on interpreter 0x70519c4a4668 pid: 101675 (default app)
Aug 22 12:05:49.199994 np0000190597 devstack@neutron-api.service[101678]: DEBUG neutron.common.ovn.hash_ring_manager [None req-46510c20-18db-4c93-a771-729eb85e9c20 None None] Hash Ring loaded. 4 active nodes. 0 offline nodes {{(pid=101678) _load_hash_ring /opt/stack/neutron/neutron/common/ovn/hash_ring_manager.py:110}}
Aug 22 12:05:49.200517 np0000190597 devstack@neutron-api.service[101678]: DEBUG ovsdbapp.backend.ovs_idl.event [None req-46510c20-18db-4c93-a771-729eb85e9c20 None None] Matched CREATE: ChassisOVNAgentWriteEvent(events=('create', 'update'), table='Chassis_Private', conditions=None, old_conditions=None), priority=20 to row=Chassis_Private(uuid=9dfd2818-7aeb-4992-91fc-54858693e91a, chassis=87b1a419-f1c6-473c-bd39-2f8f3453ea17, external_ids={'neutron:ovn-bridge': 'br-int', 'neutron:ovn-neutron-agent-id': 'c0240afc-34a2-5a09-95b7-ee8bdb40f9c5', 'neutron:ovn-neutron-agent-sb-cfg': '0'}, name='e4dedf99-78f6-409e-a34b-e37ead2e9e53', nb_cfg=0, nb_cfg_timestamp=0) old= {{(pid=101678) matches /opt/stack/data/venv/lib/python3.12/site-packages/ovsdbapp/backend/ovs_idl/event.py:55}}
Aug 22 12:05:49.200859 np0000190597 devstack@neutron-api.service[101678]: DEBUG ovsdbapp.backend.ovs_idl.event [None req-46510c20-18db-4c93-a771-729eb85e9c20 None None] Matched CREATE: ChassisAgentWriteEvent(events=('create', 'update'), table='Chassis_Private', conditions=None, old_conditions=None), priority=20 to row=Chassis_Private(uuid=9dfd2818-7aeb-4992-91fc-54858693e91a, chassis=87b1a419-f1c6-473c-bd39-2f8f3453ea17, external_ids={'neutron:ovn-bridge': 'br-int', 'neutron:ovn-neutron-agent-id': 'c0240afc-34a2-5a09-95b7-ee8bdb40f9c5', 'neutron:ovn-neutron-agent-sb-cfg': '0'}, name='e4dedf99-78f6-409e-a34b-e37ead2e9e53', nb_cfg=0, nb_cfg_timestamp=0) old= {{(pid=101678) matches /opt/stack/data/venv/lib/python3.12/site-packages/ovsdbapp/backend/ovs_idl/event.py:55}}
Aug 22 12:05:49.203555 np0000190597 devstack@neutron-api.service[101678]: INFO neutron.plugins.ml2.drivers.ovn.mech_driver.mech_driver [None req-46510c20-18db-4c93-a771-729eb85e9c20 None None] WorkerService process has finished the post initialization
Aug 22 12:05:49.203873 np0000190597 devstack@neutron-api.service[101678]: DEBUG oslo_concurrency.processutils [None req-46510c20-18db-4c93-a771-729eb85e9c20 None None] Running cmd (subprocess): ovsdb-client transact ssl:199.204.45.248:6641 --timeout 180 -p /opt/stack/data/CA/int-ca/private/devstack-cert.key -c /opt/stack/data/CA/int-ca/devstack-cert.crt -C /opt/stack/data/CA/int-ca/ca-chain.pem ["OVN_Northbound", {"op": "wait", "timeout": 0, "table": "Port_Group", "where": [["name", "==", "pvlan_pg_drop"]], "until": "==", "rows": []}, {"op": "insert", "table": "ACL", "row": {"action": "drop", "direction": "to-lport", "match": "outport == @pvlan_pg_drop && ip", "priority": 1010}, "uuid-name": "pvlandroptoport"}, {"op": "insert", "table": "ACL", "row": {"action": "drop", "direction": "from-lport", "match": "inport == @pvlan_pg_drop && ip", "priority": 1010}, "uuid-name": "pvlandropfromport"}, {"op": "insert", "table": "Port_Group", "row": {"name": "pvlan_pg_drop", "acls": ["set", [["named-uuid", "pvlandroptoport"], ["named-uuid", "pvlandropfromport"]]]}}] {{(pid=101678) execute /opt/stack/data/venv/lib/python3.12/site-packages/oslo_concurrency/processutils.py:440}}
Aug 22 12:05:49.228013 np0000190597 devstack@neutron-api.service[101676]: DEBUG oslo_concurrency.processutils [None req-33111b53-5de5-4b40-b314-ee47875c753a None None] CMD "ovsdb-client transact ssl:199.204.45.248:6641 --timeout 180 -p /opt/stack/data/CA/int-ca/private/devstack-cert.key -c /opt/stack/data/CA/int-ca/devstack-cert.crt -C /opt/stack/data/CA/int-ca/ca-chain.pem ["OVN_Northbound", {"op": "wait", "timeout": 0, "table": "Port_Group", "where": [["name", "==", "pvlan_pg_drop"]], "until": "==", "rows": []}, {"op": "insert", "table": "ACL", "row": {"action": "drop", "direction": "to-lport", "match": "outport == @pvlan_pg_drop && ip", "priority": 1010}, "uuid-name": "pvlandroptoport"}, {"op": "insert", "table": "ACL", "row": {"action": "drop", "direction": "from-lport", "match": "inport == @pvlan_pg_drop && ip", "priority": 1010}, "uuid-name": "pvlandropfromport"}, {"op": "insert", "table": "Port_Group", "row": {"name": "pvlan_pg_drop", "acls": ["set", [["named-uuid", "pvlandroptoport"], ["named-uuid", "pvlandropfromport"]]]}}]" returned: 0 in 0.042s {{(pid=101676) execute /opt/stack/data/venv/lib/python3.12/site-packages/oslo_concurrency/processutils.py:468}}
Aug 22 12:05:49.231797 np0000190597 devstack@neutron-api.service[101676]: WSGI app 0 (mountpoint='') ready in 8 seconds on interpreter 0x70519c4a4668 pid: 101676 (default app)
Aug 22 12:05:49.238922 np0000190597 devstack@neutron-api.service[101678]: DEBUG oslo_concurrency.processutils [None req-46510c20-18db-4c93-a771-729eb85e9c20 None None] CMD "ovsdb-client transact ssl:199.204.45.248:6641 --timeout 180 -p /opt/stack/data/CA/int-ca/private/devstack-cert.key -c /opt/stack/data/CA/int-ca/devstack-cert.crt -C /opt/stack/data/CA/int-ca/ca-chain.pem ["OVN_Northbound", {"op": "wait", "timeout": 0, "table": "Port_Group", "where": [["name", "==", "pvlan_pg_drop"]], "until": "==", "rows": []}, {"op": "insert", "table": "ACL", "row": {"action": "drop", "direction": "to-lport", "match": "outport == @pvlan_pg_drop && ip", "priority": 1010}, "uuid-name": "pvlandroptoport"}, {"op": "insert", "table": "ACL", "row": {"action": "drop", "direction": "from-lport", "match": "inport == @pvlan_pg_drop && ip", "priority": 1010}, "uuid-name": "pvlandropfromport"}, {"op": "insert", "table": "Port_Group", "row": {"name": "pvlan_pg_drop", "acls": ["set", [["named-uuid", "pvlandroptoport"], ["named-uuid", "pvlandropfromport"]]]}}]" returned: 0 in 0.034s {{(pid=101678) execute /opt/stack/data/venv/lib/python3.12/site-packages/oslo_concurrency/processutils.py:468}}
Aug 22 12:05:49.242498 np0000190597 devstack@neutron-api.service[101678]: WSGI app 0 (mountpoint='') ready in 8 seconds on interpreter 0x70519c4a4668 pid: 101678 (default app)
Aug 22 12:05:50.392497 np0000190597 devstack@neutron-api.service[101676]: DEBUG neutron.plugins.ml2.drivers.ovn.mech_driver.ovsdb.ovsdb_monitor [-] Hash Ring: Node 101c7274cb585324b88800499c6196e7 (host: np0000190597) handling event "update" for row f27d4904-e696-49e1-8c64-ce4ea23c9485 (table: Connection) {{(pid=101676) notify /opt/stack/neutron/neutron/plugins/ml2/drivers/ovn/mech_driver/ovsdb/ovsdb_monitor.py:1099}}
Aug 22 12:05:50.397199 np0000190597 devstack@neutron-api.service[101677]: DEBUG neutron.common.ovn.hash_ring_manager [-] Allow caching, nodes 4>=4 {{(pid=101677) _wait_startup_before_caching /opt/stack/neutron/neutron/common/ovn/hash_ring_manager.py:71}}
Aug 22 12:05:50.397199 np0000190597 devstack@neutron-api.service[101677]: DEBUG neutron.plugins.ml2.drivers.ovn.mech_driver.ovsdb.ovsdb_monitor [-] Hash Ring: Node 5ef660a181a85e0aa2e5cf7b6f892bcc (host: np0000190597) handling event "update" for row f27d4904-e696-49e1-8c64-ce4ea23c9485 (table: Connection) {{(pid=101677) notify /opt/stack/neutron/neutron/plugins/ml2/drivers/ovn/mech_driver/ovsdb/ovsdb_monitor.py:1099}}
Aug 22 12:05:52.888542 np0000190597 devstack@neutron-api.service[101677]: DEBUG neutron.plugins.ml2.drivers.ovn.mech_driver.ovsdb.ovsdb_monitor [-] Hash Ring: Node 5ef660a181a85e0aa2e5cf7b6f892bcc (host: np0000190597) handling event "update" for row f27d4904-e696-49e1-8c64-ce4ea23c9485 (table: Connection) {{(pid=101677) notify /opt/stack/neutron/neutron/plugins/ml2/drivers/ovn/mech_driver/ovsdb/ovsdb_monitor.py:1099}}
Aug 22 12:05:52.889939 np0000190597 devstack@neutron-api.service[101676]: DEBUG neutron.plugins.ml2.drivers.ovn.mech_driver.ovsdb.ovsdb_monitor [-] Hash Ring: Node 101c7274cb585324b88800499c6196e7 (host: np0000190597) handling event "update" for row f27d4904-e696-49e1-8c64-ce4ea23c9485 (table: Connection) {{(pid=101676) notify /opt/stack/neutron/neutron/plugins/ml2/drivers/ovn/mech_driver/ovsdb/ovsdb_monitor.py:1099}}
Aug 22 12:05:55.751246 np0000190597 devstack@neutron-api.service[101677]: DEBUG neutron.api.wsgi [None req-f2ad1f53-9e11-4f8c-bc3a-b92586ba1c19 admin admin] Missing Content-Type {{(pid=101677) get_content_type /opt/stack/neutron/neutron/api/wsgi.py:80}}
Aug 22 12:05:55.752661 np0000190597 devstack@neutron-api.service[101677]: DEBUG neutron.api.wsgi [None req-f2ad1f53-9e11-4f8c-bc3a-b92586ba1c19 admin admin] https://199.204.45.248/networking/v2.0/extensions returned with HTTP 200 {{(pid=101677) __call__ /opt/stack/neutron/neutron/api/wsgi.py:540}}
Aug 22 12:05:55.752661 np0000190597 devstack@neutron-api.service[101677]: [pid: 101677|app: 0|req: 2/2] 199.204.45.248 () {64 vars in 1323 bytes} [Sat Aug 22 12:05:55 2026] GET /networking/v2.0/extensions => generated 16171 bytes in 491 msecs (HTTP/1.1 200) 4 headers in 159 bytes (1 switches on core 0)
Aug 22 12:05:56.191105 np0000190597 devstack@neutron-api.service[101675]: DEBUG neutron.api.v2.base [None req-213d90be-d5a4-420c-8b64-927429da27fa admin admin] Request body: {'subnetpool': {'shared': True, 'is_default': True, 'default_prefixlen': 26, 'name': 'shared-default-subnetpool-v4', 'prefixes': ['10.1.0.0/20']}} {{(pid=101675) prepare_request_body /opt/stack/neutron/neutron/api/v2/base.py:727}}
Aug 22 12:05:56.395027 np0000190597 devstack@neutron-api.service[101675]: DEBUG neutron.policy [None req-213d90be-d5a4-420c-8b64-927429da27fa admin admin] Loaded default policies from ['neutron'] under neutron.policies entry points {{(pid=101675) register_rules /opt/stack/neutron/neutron/policy.py:65}}
Aug 22 12:05:56.575534 np0000190597 devstack@neutron-api.service[101675]: DEBUG neutron_lib.callbacks.manager [None req-213d90be-d5a4-420c-8b64-927429da27fa admin admin] Publish callbacks ['neutron.objects.securitygroup.RbacNeutronDbObjectMixin.validate_rbac_policy_change-2755341386743', 'neutron.objects.address_group.RbacNeutronDbObjectMixin.validate_rbac_policy_change-2755341511562', 'neutron.objects.network.RbacNeutronDbObjectMixin.validate_rbac_policy_change-2755341488510', 'neutron.objects.qos.policy.RbacNeutronDbObjectMixin.validate_rbac_policy_change-2755341492853', 'neutron.objects.subnetpool.RbacNeutronDbObjectMixin.validate_rbac_policy_change-2755341483272', 'neutron.objects.address_scope.RbacNeutronDbObjectMixin.validate_rbac_policy_change-2755341462884', 'neutron.plugins.ml2.plugin.External_net_db_mixin._process_ext_policy_create-4065483', 'neutron.plugins.ml2.plugin.NeutronDbPluginV2.validate_network_rbac_policy_change-4052027'] for rbac-policy (None), before_create {{(pid=101675) _notify_loop /opt/stack/data/venv/lib/python3.12/site-packages/neutron_lib/callbacks/manager.py:184}}
Aug 22 12:05:56.640781 np0000190597 devstack@neutron-api.service[101675]: DEBUG neutron_lib.callbacks.manager [None req-213d90be-d5a4-420c-8b64-927429da27fa admin admin] Publish callbacks [] for subnetpool (None), before_response {{(pid=101675) _notify_loop /opt/stack/data/venv/lib/python3.12/site-packages/neutron_lib/callbacks/manager.py:184}}
Aug 22 12:05:56.641770 np0000190597 devstack@neutron-api.service[101675]: [pid: 101675|app: 0|req: 1/3] 199.204.45.248 () {68 vars in 1367 bytes} [Sat Aug 22 12:05:56 2026] POST /networking/v2.0/subnetpools => generated 533 bytes in 574 msecs (HTTP/1.1 201) 4 headers in 162 bytes (1 switches on core 0)
Aug 22 12:05:57.007303 np0000190597 devstack@neutron-api.service[101676]: DEBUG neutron.api.v2.base [None req-4322e225-ea5f-4204-94c9-891085cc8b31 admin admin] Request body: {'subnetpool': {'shared': True, 'is_default': True, 'default_prefixlen': 64, 'name': 'shared-default-subnetpool-v6', 'prefixes': ['fd62:188a:f316::/56']}} {{(pid=101676) prepare_request_body /opt/stack/neutron/neutron/api/v2/base.py:727}}
Aug 22 12:05:57.175041 np0000190597 devstack@neutron-api.service[101676]: DEBUG neutron.policy [None req-4322e225-ea5f-4204-94c9-891085cc8b31 admin admin] Loaded default policies from ['neutron'] under neutron.policies entry points {{(pid=101676) register_rules /opt/stack/neutron/neutron/policy.py:65}}
Aug 22 12:05:57.337524 np0000190597 devstack@neutron-api.service[101676]: DEBUG neutron_lib.callbacks.manager [None req-4322e225-ea5f-4204-94c9-891085cc8b31 admin admin] Publish callbacks ['neutron.objects.securitygroup.RbacNeutronDbObjectMixin.validate_rbac_policy_change-2755341386743', 'neutron.objects.address_group.RbacNeutronDbObjectMixin.validate_rbac_policy_change-2755341511562', 'neutron.objects.network.RbacNeutronDbObjectMixin.validate_rbac_policy_change-2755341488510', 'neutron.objects.qos.policy.RbacNeutronDbObjectMixin.validate_rbac_policy_change-2755341492853', 'neutron.objects.subnetpool.RbacNeutronDbObjectMixin.validate_rbac_policy_change-2755341483272', 'neutron.objects.address_scope.RbacNeutronDbObjectMixin.validate_rbac_policy_change-2755341462884', 'neutron.plugins.ml2.plugin.External_net_db_mixin._process_ext_policy_create-3390720', 'neutron.plugins.ml2.plugin.NeutronDbPluginV2.validate_network_rbac_policy_change-3170800'] for rbac-policy (None), before_create {{(pid=101676) _notify_loop /opt/stack/data/venv/lib/python3.12/site-packages/neutron_lib/callbacks/manager.py:184}}
Aug 22 12:05:57.389276 np0000190597 devstack@neutron-api.service[101676]: DEBUG neutron_lib.callbacks.manager [None req-4322e225-ea5f-4204-94c9-891085cc8b31 admin admin] Publish callbacks [] for subnetpool (None), before_response {{(pid=101676) _notify_loop /opt/stack/data/venv/lib/python3.12/site-packages/neutron_lib/callbacks/manager.py:184}}
Aug 22 12:05:57.390551 np0000190597 devstack@neutron-api.service[101676]: [pid: 101676|app: 0|req: 1/4] 199.204.45.248 () {68 vars in 1367 bytes} [Sat Aug 22 12:05:56 2026] POST /networking/v2.0/subnetpools => generated 543 bytes in 504 msecs (HTTP/1.1 201) 4 headers in 162 bytes (1 switches on core 0)
Aug 22 12:05:57.870482 np0000190597 devstack@neutron-api.service[101678]: DEBUG neutron.api.v2.base [None req-8ffbd0df-c8e0-4285-9e23-aa643b871b47 admin admin] Request body: {'network': {'name': 'private', 'admin_state_up': True}} {{(pid=101678) prepare_request_body /opt/stack/neutron/neutron/api/v2/base.py:727}}
Aug 22 12:05:57.908677 np0000190597 devstack@neutron-api.service[101678]: DEBUG neutron.pecan_wsgi.hooks.quota_enforcement [None req-8ffbd0df-c8e0-4285-9e23-aa643b871b47 admin admin] Made reservation on behalf of d164b3e8f36e47809c4d1930428aaf3b for: {'network': 1} {{(pid=101678) before /opt/stack/neutron/neutron/pecan_wsgi/hooks/quota_enforcement.py:66}}
Aug 22 12:05:58.087926 np0000190597 devstack@neutron-api.service[101678]: DEBUG neutron.policy [None req-8ffbd0df-c8e0-4285-9e23-aa643b871b47 admin admin] Loaded default policies from ['neutron'] under neutron.policies entry points {{(pid=101678) register_rules /opt/stack/neutron/neutron/policy.py:65}}
Aug 22 12:05:58.200216 np0000190597 devstack@neutron-api.service[101678]: DEBUG neutron_lib.callbacks.manager [None req-8ffbd0df-c8e0-4285-9e23-aa643b871b47 admin admin] Publish callbacks ['neutron.plugins.ml2.plugin.SecurityGroupDbMixin._ensure_default_security_group_handler-3213862'] for network (None), before_create {{(pid=101678) _notify_loop /opt/stack/data/venv/lib/python3.12/site-packages/neutron_lib/callbacks/manager.py:184}}
Aug 22 12:05:58.227306 np0000190597 devstack@neutron-api.service[101678]: DEBUG neutron_lib.callbacks.manager [None req-8ffbd0df-c8e0-4285-9e23-aa643b871b47 admin admin] Publish callbacks [] for security_group (None), before_create {{(pid=101678) _notify_loop /opt/stack/data/venv/lib/python3.12/site-packages/neutron_lib/callbacks/manager.py:184}}
Aug 22 12:05:58.332365 np0000190597 devstack@neutron-api.service[101678]: DEBUG neutron_lib.callbacks.manager [None req-8ffbd0df-c8e0-4285-9e23-aa643b871b47 admin admin] Publish callbacks ['neutron.plugins.ml2.drivers.ovn.mech_driver.mech_driver.OVNMechanismDriver._create_security_group_precommit-2076489'] for security_group (c2ad507f-ccfc-4be4-8e77-606b9c3d7201), precommit_create {{(pid=101678) _notify_loop /opt/stack/data/venv/lib/python3.12/site-packages/neutron_lib/callbacks/manager.py:184}}
Aug 22 12:05:58.332731 np0000190597 devstack@neutron-api.service[101678]: DEBUG neutron.db.ovn_revision_numbers_db [None req-8ffbd0df-c8e0-4285-9e23-aa643b871b47 admin admin] create_initial_revision uuid=c2ad507f-ccfc-4be4-8e77-606b9c3d7201, type=security_groups, rev=-1 {{(pid=101678) create_initial_revision /opt/stack/neutron/neutron/db/ovn_revision_numbers_db.py:98}}
Aug 22 12:05:58.335284 np0000190597 devstack@neutron-api.service[101678]: DEBUG neutron.db.ovn_revision_numbers_db [None req-8ffbd0df-c8e0-4285-9e23-aa643b871b47 admin admin] create_initial_revision uuid=2275cc1f-abe1-4fc2-9edd-09f3bacc1426, type=security_group_rules, rev=-1 {{(pid=101678) create_initial_revision /opt/stack/neutron/neutron/db/ovn_revision_numbers_db.py:98}}
Aug 22 12:05:58.336666 np0000190597 devstack@neutron-api.service[101678]: DEBUG neutron.db.ovn_revision_numbers_db [None req-8ffbd0df-c8e0-4285-9e23-aa643b871b47 admin admin] create_initial_revision uuid=2349f355-ea1e-4136-b77d-e94f3c9fd10a, type=security_group_rules, rev=-1 {{(pid=101678) create_initial_revision /opt/stack/neutron/neutron/db/ovn_revision_numbers_db.py:98}}
Aug 22 12:05:58.337676 np0000190597 devstack@neutron-api.service[101678]: DEBUG neutron.db.ovn_revision_numbers_db [None req-8ffbd0df-c8e0-4285-9e23-aa643b871b47 admin admin] create_initial_revision uuid=afb59947-b01a-4d8d-a7af-cd992af06fea, type=security_group_rules, rev=-1 {{(pid=101678) create_initial_revision /opt/stack/neutron/neutron/db/ovn_revision_numbers_db.py:98}}
Aug 22 12:05:58.338701 np0000190597 devstack@neutron-api.service[101678]: DEBUG neutron.db.ovn_revision_numbers_db [None req-8ffbd0df-c8e0-4285-9e23-aa643b871b47 admin admin] create_initial_revision uuid=e88994b3-a9e4-4d79-a900-ec0ef414f329, type=security_group_rules, rev=-1 {{(pid=101678) create_initial_revision /opt/stack/neutron/neutron/db/ovn_revision_numbers_db.py:98}}
Aug 22 12:05:58.345446 np0000190597 devstack@neutron-api.service[101678]: DEBUG neutron_lib.callbacks.manager [None req-8ffbd0df-c8e0-4285-9e23-aa643b871b47 admin admin] Publish callbacks ['neutron.plugins.ml2.drivers.ovn.mech_driver.mech_driver.OVNMechanismDriver._create_security_group-2076595', 'neutron.plugins.ml2.ovo_rpc._ObjectChangeHandler.handle_event-7317487'] for security_group (c2ad507f-ccfc-4be4-8e77-606b9c3d7201), after_create {{(pid=101678) _notify_loop /opt/stack/data/venv/lib/python3.12/site-packages/neutron_lib/callbacks/manager.py:184}}
Aug 22 12:05:58.345689 np0000190597 devstack@neutron-api.service[101678]: INFO neutron.plugins.ml2.drivers.ovn.mech_driver.ovsdb.extensions.qos [None req-8ffbd0df-c8e0-4285-9e23-aa643b871b47 admin admin] Starting OVNClientQosExtension
Aug 22 12:05:58.345899 np0000190597 devstack@neutron-api.service[101678]: INFO neutron.plugins.ml2.drivers.ovn.mech_driver.ovsdb.extensions.placement [None req-8ffbd0df-c8e0-4285-9e23-aa643b871b47 admin admin] Starting OVNClientPlacementExtension
Aug 22 12:05:58.347553 np0000190597 devstack@neutron-api.service[101678]: DEBUG ovsdbapp.backend.ovs_idl.transaction [-] Running txn 92d9d4cd n=1 command(idx=0): PgAddCommand(_result=None, name=pg_c2ad507f_ccfc_4be4_8e77_606b9c3d7201, may_exist=False, columns={'acls': [], 'external_ids': {'neutron:security_group_id': 'c2ad507f-ccfc-4be4-8e77-606b9c3d7201'}}) {{(pid=101678) do_commit /opt/stack/data/venv/lib/python3.12/site-packages/ovsdbapp/backend/ovs_idl/transaction.py:91}}
Aug 22 12:05:58.349555 np0000190597 devstack@neutron-api.service[101678]: DEBUG ovsdbapp.backend.ovs_idl.transaction [-] Running txn 92d9d4cd n=1 command(idx=1): PgAclAddCommand(_result=None, entity=pg_c2ad507f_ccfc_4be4_8e77_606b9c3d7201, direction=to-lport, priority=1002, match=outport == @pg_c2ad507f_ccfc_4be4_8e77_606b9c3d7201 && ip6 && ip6.src == $pg_c2ad507f_ccfc_4be4_8e77_606b9c3d7201_ip6, action=allow-related, log=False, may_exist=True, severity=[], name=[], meter=[], external_ids={'neutron:security_group_rule_id': '2275cc1f-abe1-4fc2-9edd-09f3bacc1426'}) {{(pid=101678) do_commit /opt/stack/data/venv/lib/python3.12/site-packages/ovsdbapp/backend/ovs_idl/transaction.py:91}}
Aug 22 12:05:58.350044 np0000190597 devstack@neutron-api.service[101678]: DEBUG ovsdbapp.backend.ovs_idl.transaction [-] Running txn 92d9d4cd n=1 command(idx=2): PgAclAddCommand(_result=None, entity=pg_c2ad507f_ccfc_4be4_8e77_606b9c3d7201, direction=to-lport, priority=1002, match=outport == @pg_c2ad507f_ccfc_4be4_8e77_606b9c3d7201 && ip4 && ip4.src == $pg_c2ad507f_ccfc_4be4_8e77_606b9c3d7201_ip4, action=allow-related, log=False, may_exist=True, severity=[], name=[], meter=[], external_ids={'neutron:security_group_rule_id': '2349f355-ea1e-4136-b77d-e94f3c9fd10a'}) {{(pid=101678) do_commit /opt/stack/data/venv/lib/python3.12/site-packages/ovsdbapp/backend/ovs_idl/transaction.py:91}}
Aug 22 12:05:58.350532 np0000190597 devstack@neutron-api.service[101678]: DEBUG ovsdbapp.backend.ovs_idl.transaction [-] Running txn 92d9d4cd n=1 command(idx=3): PgAclAddCommand(_result=None, entity=pg_c2ad507f_ccfc_4be4_8e77_606b9c3d7201, direction=from-lport, priority=1002, match=inport == @pg_c2ad507f_ccfc_4be4_8e77_606b9c3d7201 && ip6, action=allow-related, log=False, may_exist=True, severity=[], name=[], meter=[], external_ids={'neutron:security_group_rule_id': 'afb59947-b01a-4d8d-a7af-cd992af06fea'}) {{(pid=101678) do_commit /opt/stack/data/venv/lib/python3.12/site-packages/ovsdbapp/backend/ovs_idl/transaction.py:91}}
Aug 22 12:05:58.351001 np0000190597 devstack@neutron-api.service[101678]: DEBUG ovsdbapp.backend.ovs_idl.transaction [-] Running txn 92d9d4cd n=1 command(idx=4): PgAclAddCommand(_result=None, entity=pg_c2ad507f_ccfc_4be4_8e77_606b9c3d7201, direction=from-lport, priority=1002, match=inport == @pg_c2ad507f_ccfc_4be4_8e77_606b9c3d7201 && ip4, action=allow-related, log=False, may_exist=True, severity=[], name=[], meter=[], external_ids={'neutron:security_group_rule_id': 'e88994b3-a9e4-4d79-a900-ec0ef414f329'}) {{(pid=101678) do_commit /opt/stack/data/venv/lib/python3.12/site-packages/ovsdbapp/backend/ovs_idl/transaction.py:91}}
Aug 22 12:05:58.358490 np0000190597 devstack@neutron-api.service[101678]: DEBUG neutron.plugins.ml2.drivers.ovn.mech_driver.ovsdb.ovsdb_monitor [-] Hash Ring: Node 26b6a66f8f58586e8565ccdcd04c17c3 (host: np0000190597) handling event "create" for row 4bbe6f20-e582-4b6f-af42-82872ca41794 (table: ACL) {{(pid=101678) notify /opt/stack/neutron/neutron/plugins/ml2/drivers/ovn/mech_driver/ovsdb/ovsdb_monitor.py:1099}}
Aug 22 12:05:58.359212 np0000190597 devstack@neutron-api.service[101678]: DEBUG ovsdbapp.backend.ovs_idl.transaction [-] txn 92d9d4cd succeeded {{(pid=101678) do_commit /opt/stack/data/venv/lib/python3.12/site-packages/ovsdbapp/backend/ovs_idl/transaction.py:137}}
Aug 22 12:05:58.362675 np0000190597 devstack@neutron-api.service[101676]: DEBUG neutron.plugins.ml2.drivers.ovn.mech_driver.ovsdb.ovsdb_monitor [-] Hash Ring: Node 101c7274cb585324b88800499c6196e7 (host: np0000190597) handling event "create" for row 15456b85-5450-46dc-89b8-a5fe62cdf3a0 (table: ACL) {{(pid=101676) notify /opt/stack/neutron/neutron/plugins/ml2/drivers/ovn/mech_driver/ovsdb/ovsdb_monitor.py:1099}}
Aug 22 12:05:58.363651 np0000190597 devstack@neutron-api.service[101677]: DEBUG neutron.plugins.ml2.drivers.ovn.mech_driver.ovsdb.ovsdb_monitor [-] Hash Ring: Node 5ef660a181a85e0aa2e5cf7b6f892bcc (host: np0000190597) handling event "create" for row 15456b85-5450-46dc-89b8-a5fe62cdf3a0 (table: ACL) {{(pid=101677) notify /opt/stack/neutron/neutron/plugins/ml2/drivers/ovn/mech_driver/ovsdb/ovsdb_monitor.py:1099}}
Aug 22 12:05:58.363651 np0000190597 devstack@neutron-api.service[101677]: DEBUG neutron.plugins.ml2.drivers.ovn.mech_driver.ovsdb.ovsdb_monitor [-] Hash Ring: Node 5ef660a181a85e0aa2e5cf7b6f892bcc (host: np0000190597) handling event "create" for row 4bbe6f20-e582-4b6f-af42-82872ca41794 (table: ACL) {{(pid=101677) notify /opt/stack/neutron/neutron/plugins/ml2/drivers/ovn/mech_driver/ovsdb/ovsdb_monitor.py:1099}}
Aug 22 12:05:58.364275 np0000190597 devstack@neutron-api.service[101676]: DEBUG neutron.plugins.ml2.drivers.ovn.mech_driver.ovsdb.ovsdb_monitor [-] Hash Ring: Node 101c7274cb585324b88800499c6196e7 (host: np0000190597) handling event "create" for row b160de05-7db1-4493-a326-4d60905d9230 (table: Port_Group) {{(pid=101676) notify /opt/stack/neutron/neutron/plugins/ml2/drivers/ovn/mech_driver/ovsdb/ovsdb_monitor.py:1099}}
Aug 22 12:05:58.364652 np0000190597 devstack@neutron-api.service[101677]: DEBUG neutron.plugins.ml2.drivers.ovn.mech_driver.ovsdb.ovsdb_monitor [-] Hash Ring: Node 5ef660a181a85e0aa2e5cf7b6f892bcc (host: np0000190597) handling event "create" for row 8434778c-d041-4ca5-ba95-31b665997abc (table: ACL) {{(pid=101677) notify /opt/stack/neutron/neutron/plugins/ml2/drivers/ovn/mech_driver/ovsdb/ovsdb_monitor.py:1099}}
Aug 22 12:05:58.364652 np0000190597 devstack@neutron-api.service[101677]: DEBUG neutron.plugins.ml2.drivers.ovn.mech_driver.ovsdb.ovsdb_monitor [-] Hash Ring: Node 5ef660a181a85e0aa2e5cf7b6f892bcc (host: np0000190597) handling event "create" for row d9b44fe4-fe3f-4dc9-bc6b-67c2c86a64b4 (table: ACL) {{(pid=101677) notify /opt/stack/neutron/neutron/plugins/ml2/drivers/ovn/mech_driver/ovsdb/ovsdb_monitor.py:1099}}
Aug 22 12:05:58.364652 np0000190597 devstack@neutron-api.service[101677]: DEBUG neutron.plugins.ml2.drivers.ovn.mech_driver.ovsdb.ovsdb_monitor [-] Hash Ring: Node 5ef660a181a85e0aa2e5cf7b6f892bcc (host: np0000190597) handling event "create" for row b160de05-7db1-4493-a326-4d60905d9230 (table: Port_Group) {{(pid=101677) notify /opt/stack/neutron/neutron/plugins/ml2/drivers/ovn/mech_driver/ovsdb/ovsdb_monitor.py:1099}}
Aug 22 12:05:58.368017 np0000190597 devstack@neutron-api.service[101675]: DEBUG neutron.plugins.ml2.drivers.ovn.mech_driver.ovsdb.ovsdb_monitor [-] Hash Ring: Node d6b79c549c25540880666f32d31adfb5 (host: np0000190597) handling event "create" for row 8434778c-d041-4ca5-ba95-31b665997abc (table: ACL) {{(pid=101675) notify /opt/stack/neutron/neutron/plugins/ml2/drivers/ovn/mech_driver/ovsdb/ovsdb_monitor.py:1099}}
Aug 22 12:05:58.391990 np0000190597 devstack@neutron-api.service[101678]: INFO neutron.db.ovn_revision_numbers_db [None req-8ffbd0df-c8e0-4285-9e23-aa643b871b47 admin admin] Successfully bumped revision number for resource c2ad507f-ccfc-4be4-8e77-606b9c3d7201 (type: security_groups) to 1
Aug 22 12:05:58.410072 np0000190597 devstack@neutron-api.service[101678]: INFO neutron.db.ovn_revision_numbers_db [None req-8ffbd0df-c8e0-4285-9e23-aa643b871b47 admin admin] Successfully bumped revision number for resource 2275cc1f-abe1-4fc2-9edd-09f3bacc1426 (type: security_group_rules) to 0
Aug 22 12:05:58.424926 np0000190597 devstack@neutron-api.service[101678]: INFO neutron.db.ovn_revision_numbers_db [None req-8ffbd0df-c8e0-4285-9e23-aa643b871b47 admin admin] Successfully bumped revision number for resource 2349f355-ea1e-4136-b77d-e94f3c9fd10a (type: security_group_rules) to 0
Aug 22 12:05:58.438954 np0000190597 devstack@neutron-api.service[101678]: INFO neutron.db.ovn_revision_numbers_db [None req-8ffbd0df-c8e0-4285-9e23-aa643b871b47 admin admin] Successfully bumped revision number for resource afb59947-b01a-4d8d-a7af-cd992af06fea (type: security_group_rules) to 0
Aug 22 12:05:58.451814 np0000190597 devstack@neutron-api.service[101678]: INFO neutron.db.ovn_revision_numbers_db [None req-8ffbd0df-c8e0-4285-9e23-aa643b871b47 admin admin] Successfully bumped revision number for resource e88994b3-a9e4-4d79-a900-ec0ef414f329 (type: security_group_rules) to 0
Aug 22 12:05:58.478774 np0000190597 devstack@neutron-api.service[101678]: DEBUG neutron.api.rpc.handlers.resources_rpc [None req-8ffbd0df-c8e0-4285-9e23-aa643b871b47 admin admin] Pushing event updated for resources: {'SecurityGroup': ['ID=c2ad507f-ccfc-4be4-8e77-606b9c3d7201,revision_number=1']} {{(pid=101678) push /opt/stack/neutron/neutron/api/rpc/handlers/resources_rpc.py:237}}
Aug 22 12:05:58.487727 np0000190597 devstack@neutron-api.service[101678]: DEBUG ovsdbapp.backend.ovs_idl.transaction [-] Running txn d9f14ae2 n=1 command(idx=0): CheckLivenessCommand(_result=None) {{(pid=101678) do_commit /opt/stack/data/venv/lib/python3.12/site-packages/ovsdbapp/backend/ovs_idl/transaction.py:91}}
Aug 22 12:05:58.524985 np0000190597 devstack@neutron-api.service[101678]: DEBUG ovsdbapp.backend.ovs_idl.transaction [-] txn d9f14ae2 succeeded {{(pid=101678) do_commit /opt/stack/data/venv/lib/python3.12/site-packages/ovsdbapp/backend/ovs_idl/transaction.py:137}}
Aug 22 12:05:58.528825 np0000190597 devstack@neutron-api.service[101678]: DEBUG neutron.api.rpc.callbacks.version_manager [None req-8ffbd0df-c8e0-4285-9e23-aa643b871b47 admin admin] Tracked resource versions report:
Aug 22 12:05:58.528825 np0000190597 devstack@neutron-api.service[101678]: pushed versions:
Aug 22 12:05:58.528825 np0000190597 devstack@neutron-api.service[101678]: { 'AddressGroup': {'1.2'},
Aug 22 12:05:58.528825 np0000190597 devstack@neutron-api.service[101678]: 'Agent': {'1.1'},
Aug 22 12:05:58.528825 np0000190597 devstack@neutron-api.service[101678]: 'ConntrackHelper': {'1.0'},
Aug 22 12:05:58.528825 np0000190597 devstack@neutron-api.service[101678]: 'LocalIPAssociation': {'1.0'},
Aug 22 12:05:58.528825 np0000190597 devstack@neutron-api.service[101678]: 'Log': {'1.0'},
Aug 22 12:05:58.528825 np0000190597 devstack@neutron-api.service[101678]: 'NDPProxy': {'1.0'},
Aug 22 12:05:58.528825 np0000190597 devstack@neutron-api.service[101678]: 'Network': {'1.3'},
Aug 22 12:05:58.528825 np0000190597 devstack@neutron-api.service[101678]: 'Port': {'1.11'},
Aug 22 12:05:58.528825 np0000190597 devstack@neutron-api.service[101678]: 'PortForwarding': {'1.3'},
Aug 22 12:05:58.528825 np0000190597 devstack@neutron-api.service[101678]: 'QosPolicy': {'1.10'},
Aug 22 12:05:58.528825 np0000190597 devstack@neutron-api.service[101678]: 'SecurityGroup': {'1.6'},
Aug 22 12:05:58.528825 np0000190597 devstack@neutron-api.service[101678]: 'SecurityGroupRule': {'1.3'},
Aug 22 12:05:58.528825 np0000190597 devstack@neutron-api.service[101678]: 'SubPort': {'1.0'},
Aug 22 12:05:58.528825 np0000190597 devstack@neutron-api.service[101678]: 'Subnet': {'1.2'},
Aug 22 12:05:58.528825 np0000190597 devstack@neutron-api.service[101678]: 'Trunk': {'1.1'}}
Aug 22 12:05:58.528825 np0000190597 devstack@neutron-api.service[101678]: consumer versions:
Aug 22 12:05:58.528825 np0000190597 devstack@neutron-api.service[101678]: {}
Aug 22 12:05:58.528825 np0000190597 devstack@neutron-api.service[101678]: {{(pid=101678) report /opt/stack/neutron/neutron/api/rpc/callbacks/version_manager.py:183}}
Aug 22 12:05:58.530193 np0000190597 devstack@neutron-api.service[101677]: DEBUG neutron.plugins.ml2.drivers.ovn.mech_driver.ovsdb.ovsdb_monitor [-] Hash Ring: Node 5ef660a181a85e0aa2e5cf7b6f892bcc (host: np0000190597) handling event "update" for row 8809eb22-4881-455e-9bb5-b8cd556b39ca (table: NB_Global) {{(pid=101677) notify /opt/stack/neutron/neutron/plugins/ml2/drivers/ovn/mech_driver/ovsdb/ovsdb_monitor.py:1099}}
Aug 22 12:05:58.531909 np0000190597 devstack@neutron-api.service[101677]: DEBUG neutron.plugins.ml2.drivers.ovn.mech_driver.ovsdb.ovsdb_monitor [-] Hash Ring: Node 5ef660a181a85e0aa2e5cf7b6f892bcc (host: np0000190597) handling event "update" for row 8809eb22-4881-455e-9bb5-b8cd556b39ca (table: NB_Global) {{(pid=101677) notify /opt/stack/neutron/neutron/plugins/ml2/drivers/ovn/mech_driver/ovsdb/ovsdb_monitor.py:1099}}
Aug 22 12:05:58.532538 np0000190597 devstack@neutron-api.service[101677]: DEBUG neutron.plugins.ml2.drivers.ovn.mech_driver.ovsdb.ovsdb_monitor [-] Hash Ring: Node 5ef660a181a85e0aa2e5cf7b6f892bcc (host: np0000190597) handling event "update" for row 8809eb22-4881-455e-9bb5-b8cd556b39ca (table: NB_Global) {{(pid=101677) notify /opt/stack/neutron/neutron/plugins/ml2/drivers/ovn/mech_driver/ovsdb/ovsdb_monitor.py:1099}}
Aug 22 12:05:58.532700 np0000190597 devstack@neutron-api.service[101675]: DEBUG ovsdbapp.backend.ovs_idl.event [-] Matched UPDATE: ChassisAgentWriteEvent(events=('create', 'update'), table='Chassis_Private', conditions=None, old_conditions=None), priority=20 to row=Chassis_Private(uuid=9dfd2818-7aeb-4992-91fc-54858693e91a, chassis=87b1a419-f1c6-473c-bd39-2f8f3453ea17, external_ids={'neutron:ovn-bridge': 'br-int', 'neutron:ovn-neutron-agent-id': 'c0240afc-34a2-5a09-95b7-ee8bdb40f9c5', 'neutron:ovn-neutron-agent-sb-cfg': '0'}, name='e4dedf99-78f6-409e-a34b-e37ead2e9e53', nb_cfg=1, nb_cfg_timestamp=1787400358524) old=Chassis_Private(uuid=9dfd2818-7aeb-4992-91fc-54858693e91a, nb_cfg=0, nb_cfg_timestamp=0) {{(pid=101675) matches /opt/stack/data/venv/lib/python3.12/site-packages/ovsdbapp/backend/ovs_idl/event.py:55}}
Aug 22 12:05:58.533127 np0000190597 devstack@neutron-api.service[101677]: DEBUG neutron.plugins.ml2.drivers.ovn.mech_driver.ovsdb.ovsdb_monitor [-] Hash Ring: Node 5ef660a181a85e0aa2e5cf7b6f892bcc (host: np0000190597) handling event "update" for row 8809eb22-4881-455e-9bb5-b8cd556b39ca (table: NB_Global) {{(pid=101677) notify /opt/stack/neutron/neutron/plugins/ml2/drivers/ovn/mech_driver/ovsdb/ovsdb_monitor.py:1099}}
Aug 22 12:05:58.533411 np0000190597 devstack@neutron-api.service[101675]: DEBUG neutron.plugins.ml2.drivers.ovn.mech_driver.ovsdb.ovsdb_monitor [-] Hash Ring: Node d6b79c549c25540880666f32d31adfb5 (host: np0000190597) handling event "update" for row 9dfd2818-7aeb-4992-91fc-54858693e91a (table: Chassis_Private) {{(pid=101675) notify /opt/stack/neutron/neutron/plugins/ml2/drivers/ovn/mech_driver/ovsdb/ovsdb_monitor.py:1099}}
Aug 22 12:05:58.535693 np0000190597 devstack@neutron-api.service[101677]: DEBUG ovsdbapp.backend.ovs_idl.event [-] Matched UPDATE: ChassisAgentWriteEvent(events=('create', 'update'), table='Chassis_Private', conditions=None, old_conditions=None), priority=20 to row=Chassis_Private(uuid=9dfd2818-7aeb-4992-91fc-54858693e91a, chassis=87b1a419-f1c6-473c-bd39-2f8f3453ea17, external_ids={'neutron:ovn-bridge': 'br-int', 'neutron:ovn-neutron-agent-id': 'c0240afc-34a2-5a09-95b7-ee8bdb40f9c5', 'neutron:ovn-neutron-agent-sb-cfg': '0'}, name='e4dedf99-78f6-409e-a34b-e37ead2e9e53', nb_cfg=1, nb_cfg_timestamp=1787400358524) old=Chassis_Private(uuid=9dfd2818-7aeb-4992-91fc-54858693e91a, nb_cfg=0, nb_cfg_timestamp=0) {{(pid=101677) matches /opt/stack/data/venv/lib/python3.12/site-packages/ovsdbapp/backend/ovs_idl/event.py:55}}
Aug 22 12:05:58.538866 np0000190597 devstack@neutron-api.service[101676]: DEBUG ovsdbapp.backend.ovs_idl.event [-] Matched UPDATE: ChassisAgentWriteEvent(events=('create', 'update'), table='Chassis_Private', conditions=None, old_conditions=None), priority=20 to row=Chassis_Private(uuid=9dfd2818-7aeb-4992-91fc-54858693e91a, chassis=87b1a419-f1c6-473c-bd39-2f8f3453ea17, external_ids={'neutron:ovn-bridge': 'br-int', 'neutron:ovn-neutron-agent-id': 'c0240afc-34a2-5a09-95b7-ee8bdb40f9c5', 'neutron:ovn-neutron-agent-sb-cfg': '0'}, name='e4dedf99-78f6-409e-a34b-e37ead2e9e53', nb_cfg=1, nb_cfg_timestamp=1787400358524) old=Chassis_Private(uuid=9dfd2818-7aeb-4992-91fc-54858693e91a, nb_cfg=0, nb_cfg_timestamp=0) {{(pid=101676) matches /opt/stack/data/venv/lib/python3.12/site-packages/ovsdbapp/backend/ovs_idl/event.py:55}}
Aug 22 12:05:58.539898 np0000190597 devstack@neutron-api.service[101675]: DEBUG ovsdbapp.backend.ovs_idl.event [-] Matched UPDATE: ChassisOVNAgentWriteEvent(events=('create', 'update'), table='Chassis_Private', conditions=None, old_conditions=None), priority=20 to row=Chassis_Private(uuid=9dfd2818-7aeb-4992-91fc-54858693e91a, chassis=87b1a419-f1c6-473c-bd39-2f8f3453ea17, external_ids={'neutron:ovn-bridge': 'br-int', 'neutron:ovn-neutron-agent-id': 'c0240afc-34a2-5a09-95b7-ee8bdb40f9c5', 'neutron:ovn-neutron-agent-sb-cfg': '1'}, name='e4dedf99-78f6-409e-a34b-e37ead2e9e53', nb_cfg=1, nb_cfg_timestamp=1787400358524) old=Chassis_Private(uuid=9dfd2818-7aeb-4992-91fc-54858693e91a, external_ids={'neutron:ovn-bridge': 'br-int', 'neutron:ovn-neutron-agent-id': 'c0240afc-34a2-5a09-95b7-ee8bdb40f9c5', 'neutron:ovn-neutron-agent-sb-cfg': '0'}) {{(pid=101675) matches /opt/stack/data/venv/lib/python3.12/site-packages/ovsdbapp/backend/ovs_idl/event.py:55}}
Aug 22 12:05:58.540282 np0000190597 devstack@neutron-api.service[101675]: DEBUG neutron.plugins.ml2.drivers.ovn.mech_driver.ovsdb.ovsdb_monitor [-] Hash Ring: Node d6b79c549c25540880666f32d31adfb5 (host: np0000190597) handling event "update" for row 9dfd2818-7aeb-4992-91fc-54858693e91a (table: Chassis_Private) {{(pid=101675) notify /opt/stack/neutron/neutron/plugins/ml2/drivers/ovn/mech_driver/ovsdb/ovsdb_monitor.py:1099}}
Aug 22 12:05:58.541191 np0000190597 devstack@neutron-api.service[101678]: DEBUG ovsdbapp.backend.ovs_idl.event [-] Matched UPDATE: ChassisAgentWriteEvent(events=('create', 'update'), table='Chassis_Private', conditions=None, old_conditions=None), priority=20 to row=Chassis_Private(uuid=9dfd2818-7aeb-4992-91fc-54858693e91a, chassis=87b1a419-f1c6-473c-bd39-2f8f3453ea17, external_ids={'neutron:ovn-bridge': 'br-int', 'neutron:ovn-neutron-agent-id': 'c0240afc-34a2-5a09-95b7-ee8bdb40f9c5', 'neutron:ovn-neutron-agent-sb-cfg': '0'}, name='e4dedf99-78f6-409e-a34b-e37ead2e9e53', nb_cfg=1, nb_cfg_timestamp=1787400358524) old=Chassis_Private(uuid=9dfd2818-7aeb-4992-91fc-54858693e91a, nb_cfg=0, nb_cfg_timestamp=0) {{(pid=101678) matches /opt/stack/data/venv/lib/python3.12/site-packages/ovsdbapp/backend/ovs_idl/event.py:55}}
Aug 22 12:05:58.543186 np0000190597 devstack@neutron-api.service[101676]: DEBUG ovsdbapp.backend.ovs_idl.event [-] Matched UPDATE: ChassisOVNAgentWriteEvent(events=('create', 'update'), table='Chassis_Private', conditions=None, old_conditions=None), priority=20 to row=Chassis_Private(uuid=9dfd2818-7aeb-4992-91fc-54858693e91a, chassis=87b1a419-f1c6-473c-bd39-2f8f3453ea17, external_ids={'neutron:ovn-bridge': 'br-int', 'neutron:ovn-neutron-agent-id': 'c0240afc-34a2-5a09-95b7-ee8bdb40f9c5', 'neutron:ovn-neutron-agent-sb-cfg': '1'}, name='e4dedf99-78f6-409e-a34b-e37ead2e9e53', nb_cfg=1, nb_cfg_timestamp=1787400358524) old=Chassis_Private(uuid=9dfd2818-7aeb-4992-91fc-54858693e91a, external_ids={'neutron:ovn-bridge': 'br-int', 'neutron:ovn-neutron-agent-id': 'c0240afc-34a2-5a09-95b7-ee8bdb40f9c5', 'neutron:ovn-neutron-agent-sb-cfg': '0'}) {{(pid=101676) matches /opt/stack/data/venv/lib/python3.12/site-packages/ovsdbapp/backend/ovs_idl/event.py:55}}
Aug 22 12:05:58.546106 np0000190597 devstack@neutron-api.service[101678]: DEBUG ovsdbapp.backend.ovs_idl.event [-] Matched UPDATE: ChassisOVNAgentWriteEvent(events=('create', 'update'), table='Chassis_Private', conditions=None, old_conditions=None), priority=20 to row=Chassis_Private(uuid=9dfd2818-7aeb-4992-91fc-54858693e91a, chassis=87b1a419-f1c6-473c-bd39-2f8f3453ea17, external_ids={'neutron:ovn-bridge': 'br-int', 'neutron:ovn-neutron-agent-id': 'c0240afc-34a2-5a09-95b7-ee8bdb40f9c5', 'neutron:ovn-neutron-agent-sb-cfg': '1'}, name='e4dedf99-78f6-409e-a34b-e37ead2e9e53', nb_cfg=1, nb_cfg_timestamp=1787400358524) old=Chassis_Private(uuid=9dfd2818-7aeb-4992-91fc-54858693e91a, external_ids={'neutron:ovn-bridge': 'br-int', 'neutron:ovn-neutron-agent-id': 'c0240afc-34a2-5a09-95b7-ee8bdb40f9c5', 'neutron:ovn-neutron-agent-sb-cfg': '0'}) {{(pid=101678) matches /opt/stack/data/venv/lib/python3.12/site-packages/ovsdbapp/backend/ovs_idl/event.py:55}}
Aug 22 12:05:58.546432 np0000190597 devstack@neutron-api.service[101677]: DEBUG neutron.common.ovn.hash_ring_manager [-] Allow caching, nodes 4>=4 {{(pid=101677) _wait_startup_before_caching /opt/stack/neutron/neutron/common/ovn/hash_ring_manager.py:71}}
Aug 22 12:05:58.546726 np0000190597 devstack@neutron-api.service[101677]: DEBUG neutron.plugins.ml2.drivers.ovn.mech_driver.ovsdb.ovsdb_monitor [-] Hash Ring: Node 5ef660a181a85e0aa2e5cf7b6f892bcc (host: np0000190597) handling event "update" for row 9dfd2818-7aeb-4992-91fc-54858693e91a (table: Chassis_Private) {{(pid=101677) notify /opt/stack/neutron/neutron/plugins/ml2/drivers/ovn/mech_driver/ovsdb/ovsdb_monitor.py:1099}}
Aug 22 12:05:58.548232 np0000190597 devstack@neutron-api.service[101677]: DEBUG ovsdbapp.backend.ovs_idl.event [-] Matched UPDATE: ChassisOVNAgentWriteEvent(events=('create', 'update'), table='Chassis_Private', conditions=None, old_conditions=None), priority=20 to row=Chassis_Private(uuid=9dfd2818-7aeb-4992-91fc-54858693e91a, chassis=87b1a419-f1c6-473c-bd39-2f8f3453ea17, external_ids={'neutron:ovn-bridge': 'br-int', 'neutron:ovn-neutron-agent-id': 'c0240afc-34a2-5a09-95b7-ee8bdb40f9c5', 'neutron:ovn-neutron-agent-sb-cfg': '1'}, name='e4dedf99-78f6-409e-a34b-e37ead2e9e53', nb_cfg=1, nb_cfg_timestamp=1787400358524) old=Chassis_Private(uuid=9dfd2818-7aeb-4992-91fc-54858693e91a, external_ids={'neutron:ovn-bridge': 'br-int', 'neutron:ovn-neutron-agent-id': 'c0240afc-34a2-5a09-95b7-ee8bdb40f9c5', 'neutron:ovn-neutron-agent-sb-cfg': '0'}) {{(pid=101677) matches /opt/stack/data/venv/lib/python3.12/site-packages/ovsdbapp/backend/ovs_idl/event.py:55}}
Aug 22 12:05:58.548808 np0000190597 devstack@neutron-api.service[101677]: DEBUG neutron.plugins.ml2.drivers.ovn.mech_driver.ovsdb.ovsdb_monitor [-] Hash Ring: Node 5ef660a181a85e0aa2e5cf7b6f892bcc (host: np0000190597) handling event "update" for row 9dfd2818-7aeb-4992-91fc-54858693e91a (table: Chassis_Private) {{(pid=101677) notify /opt/stack/neutron/neutron/plugins/ml2/drivers/ovn/mech_driver/ovsdb/ovsdb_monitor.py:1099}}
Aug 22 12:05:58.607829 np0000190597 devstack@neutron-api.service[101678]: DEBUG neutron.plugins.ml2.drivers.helpers [None req-8ffbd0df-c8e0-4285-9e23-aa643b871b47 admin admin] geneve segment allocate from pool success with {'geneve_vni': 37579} {{(pid=101678) allocate_partially_specified_segment /opt/stack/neutron/neutron/plugins/ml2/drivers/helpers.py:142}}
Aug 22 12:05:58.638900 np0000190597 devstack@neutron-api.service[101678]: DEBUG neutron_lib.callbacks.manager [None req-8ffbd0df-c8e0-4285-9e23-aa643b871b47 admin admin] Publish callbacks ['neutron.services.segments.db._add_segment_host_mapping_for_segment-7718481309266', 'neutron.plugins.ml2.plugin.Ml2Plugin._handle_segment_change-3613580'] for segment (4d4e9f56-66de-4de9-be71-e51c093adb99), precommit_create {{(pid=101678) _notify_loop /opt/stack/data/venv/lib/python3.12/site-packages/neutron_lib/callbacks/manager.py:184}}
Aug 22 12:05:58.639135 np0000190597 devstack@neutron-api.service[101678]: INFO neutron.db.segments_db [None req-8ffbd0df-c8e0-4285-9e23-aa643b871b47 admin admin] Added segment 4d4e9f56-66de-4de9-be71-e51c093adb99 of type geneve for network 97e35dda-2349-4cc1-bfe8-1ee6f8a9e5ba
Aug 22 12:05:58.689778 np0000190597 devstack@neutron-api.service[101678]: DEBUG neutron_lib.callbacks.manager [None req-8ffbd0df-c8e0-4285-9e23-aa643b871b47 admin admin] Publish callbacks ['neutron.services.auto_allocate.db._ensure_external_network_default_value_callback-7718480126126'] for network (97e35dda-2349-4cc1-bfe8-1ee6f8a9e5ba), precommit_create {{(pid=101678) _notify_loop /opt/stack/data/venv/lib/python3.12/site-packages/neutron_lib/callbacks/manager.py:184}}
Aug 22 12:05:58.711274 np0000190597 devstack@neutron-api.service[101678]: DEBUG neutron.plugins.ml2.drivers.ovn.mech_driver.mech_driver [None req-8ffbd0df-c8e0-4285-9e23-aa643b871b47 admin admin] Validating network segment with type geneve, segmentation ID 37579, physical network None {{(pid=101678) _validate_network_segments /opt/stack/neutron/neutron/plugins/ml2/drivers/ovn/mech_driver/mech_driver.py:624}}
Aug 22 12:05:58.711526 np0000190597 devstack@neutron-api.service[101678]: DEBUG neutron.db.ovn_revision_numbers_db [None req-8ffbd0df-c8e0-4285-9e23-aa643b871b47 admin admin] create_initial_revision uuid=97e35dda-2349-4cc1-bfe8-1ee6f8a9e5ba, type=networks, rev=-1 {{(pid=101678) create_initial_revision /opt/stack/neutron/neutron/db/ovn_revision_numbers_db.py:98}}
Aug 22 12:05:58.736272 np0000190597 devstack@neutron-api.service[101678]: DEBUG neutron_lib.callbacks.manager [None req-8ffbd0df-c8e0-4285-9e23-aa643b871b47 admin admin] Publish callbacks ['neutron.plugins.ml2.ovo_rpc._ObjectChangeHandler.handle_event-7317484'] for network (97e35dda-2349-4cc1-bfe8-1ee6f8a9e5ba), after_create {{(pid=101678) _notify_loop /opt/stack/data/venv/lib/python3.12/site-packages/neutron_lib/callbacks/manager.py:184}}
Aug 22 12:05:58.794730 np0000190597 devstack@neutron-api.service[101678]: DEBUG neutron.api.rpc.handlers.resources_rpc [None req-8ffbd0df-c8e0-4285-9e23-aa643b871b47 admin admin] Pushing event updated for resources: {'Network': ['ID=97e35dda-2349-4cc1-bfe8-1ee6f8a9e5ba,revision_number=1']} {{(pid=101678) push /opt/stack/neutron/neutron/api/rpc/handlers/resources_rpc.py:237}}
Aug 22 12:05:58.804590 np0000190597 devstack@neutron-api.service[101678]: DEBUG ovsdbapp.backend.ovs_idl.transaction [-] Running txn 2f665181 n=1 command(idx=0): AddNetworkCommand(_result=None, network_uuid=97e35dda-2349-4cc1-bfe8-1ee6f8a9e5ba, may_exist=True, columns={'external_ids': {'neutron:network_name': 'private', 'neutron:mtu': '1372', 'neutron:revision_number': '1', 'neutron:availability_zone_hints': '', 'neutron:provnet-network-type': 'geneve'}, 'other_config': {'mcast_snoop': 'false', 'mcast_flood_unregistered': 'false', 'vlan-passthru': 'false'}}) {{(pid=101678) do_commit /opt/stack/data/venv/lib/python3.12/site-packages/ovsdbapp/backend/ovs_idl/transaction.py:91}}
Aug 22 12:05:58.805610 np0000190597 devstack@neutron-api.service[101678]: DEBUG neutron.common.ovn.utils [-] OVS persist_uuid supported=True {{(pid=101678) ovs_persist_uuid_supported /opt/stack/neutron/neutron/common/ovn/utils.py:1565}}
Aug 22 12:05:58.809834 np0000190597 devstack@neutron-api.service[101678]: DEBUG ovsdbapp.backend.ovs_idl.transaction [-] txn 2f665181 succeeded {{(pid=101678) do_commit /opt/stack/data/venv/lib/python3.12/site-packages/ovsdbapp/backend/ovs_idl/transaction.py:137}}
Aug 22 12:05:58.811807 np0000190597 devstack@neutron-api.service[101677]: DEBUG neutron.plugins.ml2.drivers.ovn.mech_driver.ovsdb.ovsdb_monitor [-] Hash Ring: Node 5ef660a181a85e0aa2e5cf7b6f892bcc (host: np0000190597) handling event "create" for row 97e35dda-2349-4cc1-bfe8-1ee6f8a9e5ba (table: Logical_Switch) {{(pid=101677) notify /opt/stack/neutron/neutron/plugins/ml2/drivers/ovn/mech_driver/ovsdb/ovsdb_monitor.py:1099}}
Aug 22 12:05:58.818866 np0000190597 devstack@neutron-api.service[101677]: DEBUG neutron.plugins.ml2.drivers.ovn.mech_driver.ovsdb.ovsdb_monitor [-] Hash Ring: Node 5ef660a181a85e0aa2e5cf7b6f892bcc (host: np0000190597) handling event "create" for row 06b8f4b3-0aef-4543-88e6-b942506bac81 (table: Datapath_Binding) {{(pid=101677) notify /opt/stack/neutron/neutron/plugins/ml2/drivers/ovn/mech_driver/ovsdb/ovsdb_monitor.py:1099}}
Aug 22 12:05:58.820553 np0000190597 devstack@neutron-api.service[101676]: DEBUG neutron.plugins.ml2.drivers.ovn.mech_driver.ovsdb.ovsdb_monitor [-] Hash Ring: Node 101c7274cb585324b88800499c6196e7 (host: np0000190597) handling event "create" for row 06b8f4b3-0aef-4543-88e6-b942506bac81 (table: Datapath_Binding) {{(pid=101676) notify /opt/stack/neutron/neutron/plugins/ml2/drivers/ovn/mech_driver/ovsdb/ovsdb_monitor.py:1099}}
