2026-05-06 10:36:22.520 8 INFO placement.requestlog [None req-6415d355-da29-4135-ac52-03b122df7f4b d800759ef7f24d0793ca8f849720c0f1 af34e3c213ad4f5b9c21ba230ad4dfb1 - - 285514168f7e42ddad90bac7d59c9453 285514168f7e42ddad90bac7d59c9453] 10.0.0.187 "DELETE /resource_providers/d7de85c7-becb-4a18-a890-758db48b7e16" status: 404 len: 246 microversion: 1.1 [pid: 8|app: 0|req: 345/690] 10.0.0.187 () {34 vars in 816 bytes} [Wed May 6 10:36:22 2026] DELETE /resource_providers/d7de85c7-becb-4a18-a890-758db48b7e16 => generated 246 bytes in 9 msecs (HTTP/1.1 404) 6 headers in 231 bytes (1 switches on core 0)
2026-05-06 10:36:23.271 8 INFO placement.requestlog [None req-016153b7-f46b-418b-b63b-b9a527514220 - - - - - -] 10.0.0.217 "GET /" status: 200 len: 136 microversion: 1.0
2026-05-06 10:36:23.271 7 INFO placement.requestlog [None req-33391c13-dc3f-45d9-b835-0c62bd8ac4d3 - - - - - -] 10.0.0.217 "GET /" status: 200 len: 136 microversion: 1.0
2026-05-06 10:36:23.534 8 INFO placement.requestlog [None req-2d7cd952-d42d-47f8-b548-f0d240ba7e65 d800759ef7f24d0793ca8f849720c0f1 af34e3c213ad4f5b9c21ba230ad4dfb1 - - 285514168f7e42ddad90bac7d59c9453 285514168f7e42ddad90bac7d59c9453] 10.0.0.187 "GET /resource_providers/94c26502-6896-4e1b-b884-8a8906e26d25/aggregates" status: 404 len: 235 microversion: 1.1 [pid: 8|app: 0|req: 347/693] 10.0.0.187 () {32 vars in 816 bytes} [Wed May 6 10:36:23 2026] GET /resource_providers/94c26502-6896-4e1b-b884-8a8906e26d25/aggregates => generated 235 bytes in 10 msecs (HTTP/1.1 404) 5 headers in 202 bytes (1 switches on core 0)
2026-05-06 10:36:23.537 7 INFO placement.requestlog [None req-e5aaa63d-914d-4b2a-b401-31b1501cb44f d800759ef7f24d0793ca8f849720c0f1 af34e3c213ad4f5b9c21ba230ad4dfb1 - - 285514168f7e42ddad90bac7d59c9453 285514168f7e42ddad90bac7d59c9453] 10.0.0.187 "GET /resource_providers/94c26502-6896-4e1b-b884-8a8906e26d25/aggregates" status: 404 len: 235 microversion: 1.1 [pid: 7|app: 0|req: 347/694] 10.0.0.187 () {32 vars in 816 bytes} [Wed May 6 10:36:23 2026] GET /resource_providers/94c26502-6896-4e1b-b884-8a8906e26d25/aggregates => generated 235 bytes in 12 msecs (HTTP/1.1 404) 5 headers in 202 bytes (1 switches on core 0)
2026-05-06 10:36:23.561 8 INFO placement.requestlog [None req-772de837-3bab-437a-853a-cd93fc8814dd d800759ef7f24d0793ca8f849720c0f1 af34e3c213ad4f5b9c21ba230ad4dfb1 - - 285514168f7e42ddad90bac7d59c9453 285514168f7e42ddad90bac7d59c9453] 10.0.0.187 "DELETE /resource_providers/94c26502-6896-4e1b-b884-8a8906e26d25" status: 404 len: 246 microversion: 1.1 [pid: 8|app: 0|req: 348/695] 10.0.0.187 () {34 vars in 816 bytes} [Wed May 6 10:36:23 2026] DELETE /resource_providers/94c26502-6896-4e1b-b884-8a8906e26d25 => generated 246 bytes in 12 msecs (HTTP/1.1 404) 6 headers in 231 bytes (1 switches on core 0)
2026-05-06 10:36:23.562 7 INFO placement.requestlog [None req-592f9e98-f2a1-4d2e-8a27-839a525bc3db d800759ef7f24d0793ca8f849720c0f1 af34e3c213ad4f5b9c21ba230ad4dfb1 - - 285514168f7e42ddad90bac7d59c9453 285514168f7e42ddad90bac7d59c9453] 10.0.0.187 "DELETE /resource_providers/94c26502-6896-4e1b-b884-8a8906e26d25" status: 404 len: 246 microversion: 1.1 [pid: 7|app: 0|req: 348/696] 10.0.0.187 () {34 vars in 816 bytes} [Wed May 6 10:36:23 2026] DELETE /resource_providers/94c26502-6896-4e1b-b884-8a8906e26d25 => generated 246 bytes in 11 msecs (HTTP/1.1 404) 6 headers in 231 bytes (1 switches on core 0)
2026-05-06 10:36:24.850 8 INFO placement.requestlog [req-88f25ab6-1782-459f-89f3-eadb377f9677 req-00880cc6-2efa-4d72-a027-c99a4f4b5881 dea4eae64d36486188843b7365bf514c af34e3c213ad4f5b9c21ba230ad4dfb1 - - 285514168f7e42ddad90bac7d59c9453 285514168f7e42ddad90bac7d59c9453] 199.204.45.156 "GET /resource_providers/db046acc-7ad8-4565-a278-2720edc9c9cc/allocations" status: 200 len: 238 microversion: 1.0 [pid: 8|app: 0|req: 349/697] 199.204.45.156 () {32 vars in 857 bytes} [Wed May 6 10:36:24 2026] GET /resource_providers/db046acc-7ad8-4565-a278-2720edc9c9cc/allocations => generated 238 bytes in 16 msecs (HTTP/1.1 200) 6 headers in 224 bytes (1 switches on core 0)
2026-05-06 10:36:24.871 7 INFO placement.requestlog [req-88f25ab6-1782-459f-89f3-eadb377f9677 req-ddbb420d-efc3-4d63-9d1b-a11fb9554507 dea4eae64d36486188843b7365bf514c af34e3c213ad4f5b9c21ba230ad4dfb1 - - 285514168f7e42ddad90bac7d59c9453 285514168f7e42ddad90bac7d59c9453] 199.204.45.156 "GET /allocations/66bf2638-baac-48c2-aee7-a19e6c8e8ce0" status: 200 len: 243 microversion: 1.28 [pid: 7|app: 0|req: 349/698] 199.204.45.156 () {34 vars in 863 bytes} [Wed May 6 10:36:24 2026] GET /allocations/66bf2638-baac-48c2-aee7-a19e6c8e8ce0 => generated 243 bytes in 13 msecs (HTTP/1.1 200) 8 headers in 296 bytes (1 switches on core 0)
2026-05-06 10:36:24.886 8 INFO placement.requestlog [req-88f25ab6-1782-459f-89f3-eadb377f9677 req-02b2f518-1364-4b44-8da3-e2a2c64f2167 dea4eae64d36486188843b7365bf514c af34e3c213ad4f5b9c21ba230ad4dfb1 - - 285514168f7e42ddad90bac7d59c9453 285514168f7e42ddad90bac7d59c9453] 199.204.45.156 "GET /allocations/2193447f-80f7-4b3c-8a21-36fe25df0bfe" status: 200 len: 257 microversion: 1.28 [pid: 8|app: 0|req: 350/699] 199.204.45.156 () {34 vars in 863 bytes} [Wed May 6 10:36:24 2026] GET /allocations/2193447f-80f7-4b3c-8a21-36fe25df0bfe => generated 257 bytes in 10 msecs (HTTP/1.1 200) 8 headers in 296 bytes (1 switches on core 0)
2026-05-06 10:36:25.931 7 INFO placement.requestlog [req-88f25ab6-1782-459f-89f3-eadb377f9677 req-15e4a0fb-4197-4d54-b255-907077ff4ba6 dea4eae64d36486188843b7365bf514c af34e3c213ad4f5b9c21ba230ad4dfb1 - - 285514168f7e42ddad90bac7d59c9453 285514168f7e42ddad90bac7d59c9453] 199.204.45.156 "DELETE /allocations/66bf2638-baac-48c2-aee7-a19e6c8e8ce0" status: 204 len: 0 microversion: 1.0 [pid: 7|app: 0|req: 350/700] 199.204.45.156 () {34 vars in 841 bytes} [Wed May 6 10:36:25 2026] DELETE /allocations/66bf2638-baac-48c2-aee7-a19e6c8e8ce0 => generated 0 bytes in 23 msecs (HTTP/1.1 204) 5 headers in 198 bytes (1 switches on core 0)
2026-05-06 10:36:28.024 8 INFO placement.requestlog [None req-01875333-4bb8-4bc6-8d57-74731d178f45 d800759ef7f24d0793ca8f849720c0f1 af34e3c213ad4f5b9c21ba230ad4dfb1 - - 285514168f7e42ddad90bac7d59c9453 285514168f7e42ddad90bac7d59c9453] 10.0.0.187 "GET /resource_providers/d06e70ee-4e83-483c-bb7f-d06bf6f9829f/aggregates" status: 404 len: 235 microversion: 1.1 [pid: 8|app: 0|req: 351/701] 10.0.0.187 () {32 vars in 816 bytes} [Wed May 6 10:36:28 2026] GET /resource_providers/d06e70ee-4e83-483c-bb7f-d06bf6f9829f/aggregates => generated 235 bytes in 8 msecs (HTTP/1.1 404) 5 headers in 202 bytes (1 switches on core 0)
2026-05-06 10:36:28.032 7 INFO placement.requestlog [None req-5913f594-de84-41ef-84f5-80ae4f47c051 d800759ef7f24d0793ca8f849720c0f1 af34e3c213ad4f5b9c21ba230ad4dfb1 - - 285514168f7e42ddad90bac7d59c9453 285514168f7e42ddad90bac7d59c9453] 10.0.0.187 "GET /resource_providers/d06e70ee-4e83-483c-bb7f-d06bf6f9829f/aggregates" status: 404 len: 235 microversion: 1.1 [pid: 7|app: 0|req: 351/702] 10.0.0.187 () {32 vars in 816 bytes} [Wed May 6 10:36:28 2026] GET /resource_providers/d06e70ee-4e83-483c-bb7f-d06bf6f9829f/aggregates => generated 235 bytes in 12 msecs (HTTP/1.1 404) 5 headers in 202 bytes (1 switches on core 0)
2026-05-06 10:36:28.048 8 INFO placement.requestlog [None req-8052bc28-daec-452b-beb3-e3b590edc83b d800759ef7f24d0793ca8f849720c0f1 af34e3c213ad4f5b9c21ba230ad4dfb1 - - 285514168f7e42ddad90bac7d59c9453 285514168f7e42ddad90bac7d59c9453] 10.0.0.187 "DELETE /resource_providers/d06e70ee-4e83-483c-bb7f-d06bf6f9829f" status: 404 len: 246 microversion: 1.1 [pid: 8|app: 0|req: 352/703] 10.0.0.187 () {34 vars in 816 bytes} [Wed May 6 10:36:28 2026] DELETE /resource_providers/d06e70ee-4e83-483c-bb7f-d06bf6f9829f => generated 246 bytes in 9 msecs (HTTP/1.1 404) 6 headers in 231 bytes (1 switches on core 0)
2026-05-06 10:36:28.059 7 INFO placement.requestlog [None req-932d6b6e-38a1-4826-a8c4-477db61ff9d7 d800759ef7f24d0793ca8f849720c0f1 af34e3c213ad4f5b9c21ba230ad4dfb1 - - 285514168f7e42ddad90bac7d59c9453 285514168f7e42ddad90bac7d59c9453] 10.0.0.187 "DELETE /resource_providers/d06e70ee-4e83-483c-bb7f-d06bf6f9829f" status: 404 len: 246 microversion: 1.1 [pid: 7|app: 0|req: 352/704] 10.0.0.187 () {34 vars in 816 bytes} [Wed May 6 10:36:28 2026] DELETE /resource_providers/d06e70ee-4e83-483c-bb7f-d06bf6f9829f => generated 246 bytes in 9 msecs (HTTP/1.1 404) 6 headers in 231 bytes (1 switches on core 0)
2026-05-06 10:36:29.532 8 INFO placement.requestlog [None req-3bb48878-f568-4c80-81f7-1201a712d393 d800759ef7f24d0793ca8f849720c0f1 af34e3c213ad4f5b9c21ba230ad4dfb1 - - 285514168f7e42ddad90bac7d59c9453 285514168f7e42ddad90bac7d59c9453] 10.0.0.187 "GET /resource_providers/d8431241-fe0f-477c-98f0-5ad5b8ad856d/aggregates" status: 404 len: 235 microversion: 1.1 [pid: 8|app: 0|req: 353/705] 10.0.0.187 () {32 vars in 816 bytes} [Wed May 6 10:36:29 2026] GET /resource_providers/d8431241-fe0f-477c-98f0-5ad5b8ad856d/aggregates => generated 235 bytes in 10 msecs (HTTP/1.1 404) 5 headers in 202 bytes (1 switches on core 0)
2026-05-06 10:36:29.536 7 INFO placement.requestlog [None req-b0b7d7cb-8a05-40bf-aa9e-0f8d0a489a6c d800759ef7f24d0793ca8f849720c0f1 af34e3c213ad4f5b9c21ba230ad4dfb1 - - 285514168f7e42ddad90bac7d59c9453 285514168f7e42ddad90bac7d59c9453] 10.0.0.187 "GET /resource_providers/d8431241-fe0f-477c-98f0-5ad5b8ad856d/aggregates" status: 404 len: 235 microversion: 1.1 [pid: 7|app: 0|req: 353/706] 10.0.0.187 () {32 vars in 816 bytes} [Wed May 6 10:36:29 2026] GET /resource_providers/d8431241-fe0f-477c-98f0-5ad5b8ad856d/aggregates => generated 235 bytes in 10 msecs (HTTP/1.1 404) 5 headers in 202 bytes (1 switches on core 0)
2026-05-06 10:36:29.553 8 INFO placement.requestlog [None req-a2539c61-5e6c-495e-b448-85ebb210c449 d800759ef7f24d0793ca8f849720c0f1 af34e3c213ad4f5b9c21ba230ad4dfb1 - - 285514168f7e42ddad90bac7d59c9453 285514168f7e42ddad90bac7d59c9453] 10.0.0.187 "DELETE /resource_providers/d8431241-fe0f-477c-98f0-5ad5b8ad856d" status: 404 len: 246 microversion: 1.1 [pid: 8|app: 0|req: 354/707] 10.0.0.187 () {34 vars in 816 bytes} [Wed May 6 10:36:29 2026] DELETE /resource_providers/d8431241-fe0f-477c-98f0-5ad5b8ad856d => generated 246 bytes in 8 msecs (HTTP/1.1 404) 6 headers in 231 bytes (1 switches on core 0)
2026-05-06 10:36:29.556 7 INFO placement.requestlog [None req-e67e69d3-783c-445e-897c-bb4769bb9449 d800759ef7f24d0793ca8f849720c0f1 af34e3c213ad4f5b9c21ba230ad4dfb1 - - 285514168f7e42ddad90bac7d59c9453 285514168f7e42ddad90bac7d59c9453] 10.0.0.187 "DELETE /resource_providers/d8431241-fe0f-477c-98f0-5ad5b8ad856d" status: 404 len: 246 microversion: 1.1 [pid: 7|app: 0|req: 354/708] 10.0.0.187 () {34 vars in 816 bytes} [Wed May 6 10:36:29 2026] DELETE /resource_providers/d8431241-fe0f-477c-98f0-5ad5b8ad856d => generated 246 bytes in 9 msecs (HTTP/1.1 404) 6 headers in 231 bytes (1 switches on core 0)
2026-05-06 10:36:30.068 8 INFO placement.requestlog [None req-3aa073c0-137a-414f-8f7a-63e582c24736 d800759ef7f24d0793ca8f849720c0f1 af34e3c213ad4f5b9c21ba230ad4dfb1 - - 285514168f7e42ddad90bac7d59c9453 285514168f7e42ddad90bac7d59c9453] 10.0.0.187 "GET /resource_providers/c9fc6f33-d5a0-4a64-a31e-853668094cbb/aggregates" status: 404 len: 235 microversion: 1.1 [pid: 8|app: 0|req: 355/709] 10.0.0.187 () {32 vars in 816 bytes} [Wed May 6 10:36:30 2026] GET /resource_providers/c9fc6f33-d5a0-4a64-a31e-853668094cbb/aggregates => generated 235 bytes in 11 msecs (HTTP/1.1 404) 5 headers in 202 bytes (1 switches on core 0)
2026-05-06 10:36:30.089 7 INFO placement.requestlog [None req-939155cd-a035-4229-814f-4399babfd3cb d800759ef7f24d0793ca8f849720c0f1 af34e3c213ad4f5b9c21ba230ad4dfb1 - - 285514168f7e42ddad90bac7d59c9453 285514168f7e42ddad90bac7d59c9453] 10.0.0.187 "GET /resource_providers/c9fc6f33-d5a0-4a64-a31e-853668094cbb/aggregates" status: 404 len: 235 microversion: 1.1 [pid: 7|app: 0|req: 355/710] 10.0.0.187 () {32 vars in 816 bytes} [Wed May 6 10:36:30 2026] GET /resource_providers/c9fc6f33-d5a0-4a64-a31e-853668094cbb/aggregates => generated 235 bytes in 14 msecs (HTTP/1.1 404) 5 headers in 202 bytes (1 switches on core 0)
2026-05-06 10:36:30.099 8 INFO placement.requestlog [None req-6b25a2b6-bb2e-449e-952e-489658e3d6fe d800759ef7f24d0793ca8f849720c0f1 af34e3c213ad4f5b9c21ba230ad4dfb1 - - 285514168f7e42ddad90bac7d59c9453 285514168f7e42ddad90bac7d59c9453] 10.0.0.187 "DELETE /resource_providers/c9fc6f33-d5a0-4a64-a31e-853668094cbb" status: 404 len: 246 microversion: 1.1 [pid: 8|app: 0|req: 356/711] 10.0.0.187 () {34 vars in 816 bytes} [Wed May 6 10:36:30 2026] DELETE /resource_providers/c9fc6f33-d5a0-4a64-a31e-853668094cbb => generated 246 bytes in 21 msecs (HTTP/1.1 404) 6 headers in 231 bytes (1 switches on core 0)
2026-05-06 10:36:30.112 7 INFO placement.requestlog [None req-bd1f1392-8407-4269-b976-6c1dbe0d97fe d800759ef7f24d0793ca8f849720c0f1 af34e3c213ad4f5b9c21ba230ad4dfb1 - - 285514168f7e42ddad90bac7d59c9453 285514168f7e42ddad90bac7d59c9453] 10.0.0.187 "DELETE /resource_providers/c9fc6f33-d5a0-4a64-a31e-853668094cbb" status: 404 len: 246 microversion: 1.1 [pid: 7|app: 0|req: 356/712] 10.0.0.187 () {34 vars in 816 bytes} [Wed May 6 10:36:30 2026] DELETE /resource_providers/c9fc6f33-d5a0-4a64-a31e-853668094cbb => generated 246 bytes in 11 msecs (HTTP/1.1 404) 6 headers in 231 bytes (1 switches on core 0)
2026-05-06 10:36:31.573 8 INFO placement.requestlog [None req-8d0d4715-57fd-44ea-941c-310e81a3afb5 d800759ef7f24d0793ca8f849720c0f1 af34e3c213ad4f5b9c21ba230ad4dfb1 - - 285514168f7e42ddad90bac7d59c9453 285514168f7e42ddad90bac7d59c9453] 10.0.0.187 "GET /resource_providers/308ea336-9a34-44bf-9e01-15460af2e410/aggregates" status: 404 len: 235 microversion: 1.1 [pid: 8|app: 0|req: 357/713] 10.0.0.187 () {32 vars in 816 bytes} [Wed May 6 10:36:31 2026] GET /resource_providers/308ea336-9a34-44bf-9e01-15460af2e410/aggregates => generated 235 bytes in 11 msecs (HTTP/1.1 404) 5 headers in 202 bytes (1 switches on core 0)
2026-05-06 10:36:31.581 7 INFO placement.requestlog [None req-9e575205-f287-4ed9-aaad-fa50dc5b05ba d800759ef7f24d0793ca8f849720c0f1 af34e3c213ad4f5b9c21ba230ad4dfb1 - - 285514168f7e42ddad90bac7d59c9453 285514168f7e42ddad90bac7d59c9453] 10.0.0.187 "GET /resource_providers/308ea336-9a34-44bf-9e01-15460af2e410/aggregates" status: 404 len: 235 microversion: 1.1 [pid: 7|app: 0|req: 357/714] 10.0.0.187 () {32 vars in 816 bytes} [Wed May 6 10:36:31 2026] GET /resource_providers/308ea336-9a34-44bf-9e01-15460af2e410/aggregates => generated 235 bytes in 10 msecs (HTTP/1.1 404) 5 headers in 202 bytes (1 switches on core 0)
2026-05-06 10:36:31.594 8 INFO placement.requestlog [None req-97054804-449e-4d3f-b0eb-5b5b4a406082 d800759ef7f24d0793ca8f849720c0f1 af34e3c213ad4f5b9c21ba230ad4dfb1 - - 285514168f7e42ddad90bac7d59c9453 285514168f7e42ddad90bac7d59c9453] 10.0.0.187 "DELETE /resource_providers/308ea336-9a34-44bf-9e01-15460af2e410" status: 404 len: 246 microversion: 1.1 [pid: 8|app: 0|req: 358/715] 10.0.0.187 () {34 vars in 816 bytes} [Wed May 6 10:36:31 2026] DELETE /resource_providers/308ea336-9a34-44bf-9e01-15460af2e410 => generated 246 bytes in 15 msecs (HTTP/1.1 404) 6 headers in 231 bytes (1 switches on core 0)
2026-05-06 10:36:31.611 7 INFO placement.requestlog [None req-e038a1c1-59d7-4088-87c7-707cc3a99287 d800759ef7f24d0793ca8f849720c0f1 af34e3c213ad4f5b9c21ba230ad4dfb1 - - 285514168f7e42ddad90bac7d59c9453 285514168f7e42ddad90bac7d59c9453] 10.0.0.187 "DELETE /resource_providers/308ea336-9a34-44bf-9e01-15460af2e410" status: 404 len: 246 microversion: 1.1 [pid: 7|app: 0|req: 358/716] 10.0.0.187 () {34 vars in 816 bytes} [Wed May 6 10:36:31 2026] DELETE /resource_providers/308ea336-9a34-44bf-9e01-15460af2e410 => generated 246 bytes in 16 msecs (HTTP/1.1 404) 6 headers in 231 bytes (1 switches on core 0)
2026-05-06 10:36:32.133 8 INFO placement.requestlog [None req-76428f53-806c-4b79-a645-1ba0b247cfa4 d800759ef7f24d0793ca8f849720c0f1 af34e3c213ad4f5b9c21ba230ad4dfb1 - - 285514168f7e42ddad90bac7d59c9453 285514168f7e42ddad90bac7d59c9453] 10.0.0.187 "GET /resource_providers/da4f0348-8e0a-4af4-8dd0-956ad060f875/aggregates" status: 404 len: 235 microversion: 1.1 [pid: 8|app: 0|req: 359/717] 10.0.0.187 () {32 vars in 816 bytes} [Wed May 6 10:36:32 2026] GET /resource_providers/da4f0348-8e0a-4af4-8dd0-956ad060f875/aggregates => generated 235 bytes in 15 msecs (HTTP/1.1 404) 5 headers in 202 bytes (1 switches on core 0)
2026-05-06 10:36:32.135 7 INFO placement.requestlog [None req-8adaf51a-8a34-48c4-89f2-6fa06ed0d7e7 d800759ef7f24d0793ca8f849720c0f1 af34e3c213ad4f5b9c21ba230ad4dfb1 - - 285514168f7e42ddad90bac7d59c9453 285514168f7e42ddad90bac7d59c9453] 10.0.0.187 "GET /resource_providers/da4f0348-8e0a-4af4-8dd0-956ad060f875/aggregates" status: 404 len: 235 microversion: 1.1 [pid: 7|app: 0|req: 359/718] 10.0.0.187 () {32 vars in 816 bytes} [Wed May 6 10:36:32 2026] GET /resource_providers/da4f0348-8e0a-4af4-8dd0-956ad060f875/aggregates => generated 235 bytes in 7 msecs (HTTP/1.1 404) 5 headers in 202 bytes (1 switches on core 0)
2026-05-06 10:36:32.155 8 INFO placement.requestlog [None req-f6e758ae-5b99-4b85-bec4-f55c644347c4 d800759ef7f24d0793ca8f849720c0f1 af34e3c213ad4f5b9c21ba230ad4dfb1 - - 285514168f7e42ddad90bac7d59c9453 285514168f7e42ddad90bac7d59c9453] 10.0.0.187 "DELETE /resource_providers/da4f0348-8e0a-4af4-8dd0-956ad060f875" status: 404 len: 246 microversion: 1.1 [pid: 8|app: 0|req: 360/719] 10.0.0.187 () {34 vars in 816 bytes} [Wed May 6 10:36:32 2026] DELETE /resource_providers/da4f0348-8e0a-4af4-8dd0-956ad060f875 => generated 246 bytes in 12 msecs (HTTP/1.1 404) 6 headers in 231 bytes (1 switches on core 0)
2026-05-06 10:36:32.157 7 INFO placement.requestlog [None req-184eae11-b560-447f-9ee9-c97fbab60f7c d800759ef7f24d0793ca8f849720c0f1 af34e3c213ad4f5b9c21ba230ad4dfb1 - - 285514168f7e42ddad90bac7d59c9453 285514168f7e42ddad90bac7d59c9453] 10.0.0.187 "DELETE /resource_providers/da4f0348-8e0a-4af4-8dd0-956ad060f875" status: 404 len: 246 microversion: 1.1 [pid: 7|app: 0|req: 360/720] 10.0.0.187 () {34 vars in 816 bytes} [Wed May 6 10:36:32 2026] DELETE /resource_providers/da4f0348-8e0a-4af4-8dd0-956ad060f875 => generated 246 bytes in 12 msecs (HTTP/1.1 404) 6 headers in 231 bytes (1 switches on core 0)
2026-05-06 10:36:33.271 7 INFO placement.requestlog [None req-c0691074-bdd5-424e-b7f4-30dfbf5277af - - - - - -] 10.0.0.217 "GET /" status: 200 len: 136 microversion: 1.0
2026-05-06 10:36:33.271 8 INFO placement.requestlog [None req-14b6f11a-a43b-4653-912c-c57fcc0ebd33 - - - - - -] 10.0.0.217 "GET /" status: 200 len: 136 microversion: 1.0
2026-05-06 10:36:33.749 7 INFO placement.requestlog [None req-7a2a1eea-b61e-47fc-ac72-a932e0e8d852 d800759ef7f24d0793ca8f849720c0f1 af34e3c213ad4f5b9c21ba230ad4dfb1 - - 285514168f7e42ddad90bac7d59c9453 285514168f7e42ddad90bac7d59c9453] 10.0.0.187 "GET /resource_providers/4fa1b396-6b53-4814-b48d-4f9fdb86c8cc/aggregates" status: 404 len: 235 microversion: 1.1 [pid: 7|app: 0|req: 362/723] 10.0.0.187 () {32 vars in 816 bytes} [Wed May 6 10:36:33 2026] GET /resource_providers/4fa1b396-6b53-4814-b48d-4f9fdb86c8cc/aggregates => generated 235 bytes in 6 msecs (HTTP/1.1 404) 5 headers in 202 bytes (1 switches on core 0)
2026-05-06 10:36:33.753 8 INFO placement.requestlog [None req-4ca9e913-5ed6-40ba-b34f-e5de955ae43f d800759ef7f24d0793ca8f849720c0f1 af34e3c213ad4f5b9c21ba230ad4dfb1 - - 285514168f7e42ddad90bac7d59c9453 285514168f7e42ddad90bac7d59c9453] 10.0.0.187 "GET /resource_providers/4fa1b396-6b53-4814-b48d-4f9fdb86c8cc/aggregates" status: 404 len: 235 microversion: 1.1 [pid: 8|app: 0|req: 362/724] 10.0.0.187 () {32 vars in 816 bytes} [Wed May 6 10:36:33 2026] GET /resource_providers/4fa1b396-6b53-4814-b48d-4f9fdb86c8cc/aggregates => generated 235 bytes in 11 msecs (HTTP/1.1 404) 5 headers in 202 bytes (1 switches on core 0)
2026-05-06 10:36:33.774 7 INFO placement.requestlog [None req-f9703b35-79ad-4df6-a129-d200a2d4564c d800759ef7f24d0793ca8f849720c0f1 af34e3c213ad4f5b9c21ba230ad4dfb1 - - 285514168f7e42ddad90bac7d59c9453 285514168f7e42ddad90bac7d59c9453] 10.0.0.187 "DELETE /resource_providers/4fa1b396-6b53-4814-b48d-4f9fdb86c8cc" status: 404 len: 246 microversion: 1.1 [pid: 7|app: 0|req: 363/725] 10.0.0.187 () {34 vars in 816 bytes} [Wed May 6 10:36:33 2026] DELETE /resource_providers/4fa1b396-6b53-4814-b48d-4f9fdb86c8cc => generated 246 bytes in 17 msecs (HTTP/1.1 404) 6 headers in 231 bytes (1 switches on core 0)
2026-05-06 10:36:33.779 8 INFO placement.requestlog [None req-09bb52f0-a6b2-4508-9f3c-0d90de0c149e d800759ef7f24d0793ca8f849720c0f1 af34e3c213ad4f5b9c21ba230ad4dfb1 - - 285514168f7e42ddad90bac7d59c9453 285514168f7e42ddad90bac7d59c9453] 10.0.0.187 "DELETE /resource_providers/4fa1b396-6b53-4814-b48d-4f9fdb86c8cc" status: 404 len: 246 microversion: 1.1 [pid: 8|app: 0|req: 363/726] 10.0.0.187 () {34 vars in 816 bytes} [Wed May 6 10:36:33 2026] DELETE /resource_providers/4fa1b396-6b53-4814-b48d-4f9fdb86c8cc => generated 246 bytes in 9 msecs (HTTP/1.1 404) 6 headers in 231 bytes (1 switches on core 0)
2026-05-06 10:36:35.800 7 INFO placement.requestlog [None req-e3740be1-55b8-474e-b1ef-c4012894bf7b d800759ef7f24d0793ca8f849720c0f1 af34e3c213ad4f5b9c21ba230ad4dfb1 - - 285514168f7e42ddad90bac7d59c9453 285514168f7e42ddad90bac7d59c9453] 10.0.0.187 "GET /resource_providers/5e1cddb4-fa20-44e0-9ca7-781dc680889e/aggregates" status: 404 len: 235 microversion: 1.1 [pid: 7|app: 0|req: 364/727] 10.0.0.187 () {32 vars in 816 bytes} [Wed May 6 10:36:35 2026] GET /resource_providers/5e1cddb4-fa20-44e0-9ca7-781dc680889e/aggregates => generated 235 bytes in 9 msecs (HTTP/1.1 404) 5 headers in 202 bytes (1 switches on core 0)
2026-05-06 10:36:35.816 7 INFO placement.requestlog [None req-75a63266-225e-48ed-9c69-6fe1906b86fd d800759ef7f24d0793ca8f849720c0f1 af34e3c213ad4f5b9c21ba230ad4dfb1 - - 285514168f7e42ddad90bac7d59c9453 285514168f7e42ddad90bac7d59c9453] 10.0.0.187 "DELETE /resource_providers/5e1cddb4-fa20-44e0-9ca7-781dc680889e" status: 404 len: 246 microversion: 1.1 [pid: 7|app: 0|req: 365/728] 10.0.0.187 () {34 vars in 816 bytes} [Wed May 6 10:36:35 2026] DELETE /resource_providers/5e1cddb4-fa20-44e0-9ca7-781dc680889e => generated 246 bytes in 6 msecs (HTTP/1.1 404) 6 headers in 231 bytes (1 switches on core 0)
2026-05-06 10:36:35.817 8 INFO placement.requestlog [None req-41d11bde-5f20-43cd-bef4-a0f1531c7973 d800759ef7f24d0793ca8f849720c0f1 af34e3c213ad4f5b9c21ba230ad4dfb1 - - 285514168f7e42ddad90bac7d59c9453 285514168f7e42ddad90bac7d59c9453] 10.0.0.187 "GET /resource_providers/5e1cddb4-fa20-44e0-9ca7-781dc680889e/aggregates" status: 404 len: 235 microversion: 1.1 [pid: 8|app: 0|req: 364/729] 10.0.0.187 () {32 vars in 816 bytes} [Wed May 6 10:36:35 2026] GET /resource_providers/5e1cddb4-fa20-44e0-9ca7-781dc680889e/aggregates => generated 235 bytes in 13 msecs (HTTP/1.1 404) 5 headers in 202 bytes (1 switches on core 0)
2026-05-06 10:36:35.836 7 INFO placement.requestlog [None req-2912ecf9-c25b-4ebe-bbfb-f5b607ef8cd2 d800759ef7f24d0793ca8f849720c0f1 af34e3c213ad4f5b9c21ba230ad4dfb1 - - 285514168f7e42ddad90bac7d59c9453 285514168f7e42ddad90bac7d59c9453] 10.0.0.187 "DELETE /resource_providers/5e1cddb4-fa20-44e0-9ca7-781dc680889e" status: 404 len: 246 microversion: 1.1 [pid: 7|app: 0|req: 366/730] 10.0.0.187 () {34 vars in 816 bytes} [Wed May 6 10:36:35 2026] DELETE /resource_providers/5e1cddb4-fa20-44e0-9ca7-781dc680889e => generated 246 bytes in 8 msecs (HTTP/1.1 404) 6 headers in 231 bytes (1 switches on core 0)
2026-05-06 10:36:38.686 8 INFO placement.requestlog [req-446d1a46-f783-4210-8405-ef8bbd7cdd67 req-3907d326-ee53-4bb7-93c8-4e925812d886 dea4eae64d36486188843b7365bf514c af34e3c213ad4f5b9c21ba230ad4dfb1 - - 285514168f7e42ddad90bac7d59c9453 285514168f7e42ddad90bac7d59c9453] 10.0.0.178 "GET /allocation_candidates?limit=1000&resources=DISK_GB%3A1%2CMEMORY_MB%3A512%2CVCPU%3A1&root_required=%21COMPUTE_STATUS_DISABLED" status: 200 len: 2783 microversion: 1.36 [pid: 8|app: 0|req: 365/731] 10.0.0.178 () {34 vars in 1012 bytes} [Wed May 6 10:36:38 2026] GET /allocation_candidates?limit=1000&resources=DISK_GB%3A1%2CMEMORY_MB%3A512%2CVCPU%3A1&root_required=%21COMPUTE_STATUS_DISABLED => generated 2783 bytes in 46 msecs (HTTP/1.1 200) 8 headers in 297 bytes (1 switches on core 0)
2026-05-06 10:36:38.734 7 INFO placement.requestlog [req-446d1a46-f783-4210-8405-ef8bbd7cdd67 req-de5919bc-8e99-48a8-aa0a-3fdb98b418b9 dea4eae64d36486188843b7365bf514c af34e3c213ad4f5b9c21ba230ad4dfb1 - - 285514168f7e42ddad90bac7d59c9453 285514168f7e42ddad90bac7d59c9453] 10.0.0.178 "GET /allocations/d8a00f7f-7d7e-4fdd-8450-c0435eca6018" status: 200 len: 19 microversion: 1.28 [pid: 7|app: 0|req: 367/732] 10.0.0.178 () {34 vars in 861 bytes} [Wed May 6 10:36:38 2026] GET /allocations/d8a00f7f-7d7e-4fdd-8450-c0435eca6018 => generated 19 bytes in 8 msecs (HTTP/1.1 200) 8 headers in 295 bytes (1 switches on core 0)
2026-05-06 10:36:38.838 8 INFO placement.requestlog [req-446d1a46-f783-4210-8405-ef8bbd7cdd67 req-008f86f9-0c84-4083-93a8-82b14f7c3995 dea4eae64d36486188843b7365bf514c af34e3c213ad4f5b9c21ba230ad4dfb1 - - 285514168f7e42ddad90bac7d59c9453 285514168f7e42ddad90bac7d59c9453] 10.0.0.178 "PUT /allocations/d8a00f7f-7d7e-4fdd-8450-c0435eca6018" status: 204 len: 0 microversion: 1.36 [pid: 8|app: 0|req: 366/733] 10.0.0.178 () {38 vars in 914 bytes} [Wed May 6 10:36:38 2026] PUT /allocations/d8a00f7f-7d7e-4fdd-8450-c0435eca6018 => generated 0 bytes in 98 msecs (HTTP/1.1 204) 5 headers in 199 bytes (1 switches on core 0)
2026-05-06 10:36:38.966 7 INFO placement.requestlog [None req-2c3b0693-2e17-4cec-aa82-ce80bb411f9b d800759ef7f24d0793ca8f849720c0f1 af34e3c213ad4f5b9c21ba230ad4dfb1 - - 285514168f7e42ddad90bac7d59c9453 285514168f7e42ddad90bac7d59c9453] 10.0.0.187 "GET /resource_providers/8988f0a5-0143-45ac-8650-f8d9cffce519/aggregates" status: 404 len: 235 microversion: 1.1 [pid: 7|app: 0|req: 368/734] 10.0.0.187 () {32 vars in 816 bytes} [Wed May 6 10:36:38 2026] GET /resource_providers/8988f0a5-0143-45ac-8650-f8d9cffce519/aggregates => generated 235 bytes in 11 msecs (HTTP/1.1 404) 5 headers in 202 bytes (1 switches on core 0)
2026-05-06 10:36:38.977 8 INFO placement.requestlog [None req-62c95f08-67e9-4650-9887-f502372323ac d800759ef7f24d0793ca8f849720c0f1 af34e3c213ad4f5b9c21ba230ad4dfb1 - - 285514168f7e42ddad90bac7d59c9453 285514168f7e42ddad90bac7d59c9453] 10.0.0.187 "GET /resource_providers/8988f0a5-0143-45ac-8650-f8d9cffce519/aggregates" status: 404 len: 235 microversion: 1.1 [pid: 8|app: 0|req: 367/735] 10.0.0.187 () {32 vars in 816 bytes} [Wed May 6 10:36:38 2026] GET /resource_providers/8988f0a5-0143-45ac-8650-f8d9cffce519/aggregates => generated 235 bytes in 20 msecs (HTTP/1.1 404) 5 headers in 202 bytes (1 switches on core 0)
2026-05-06 10:36:38.990 7 INFO placement.requestlog [None req-97bfb87e-a8bf-4db9-a524-aad5f685772b d800759ef7f24d0793ca8f849720c0f1 af34e3c213ad4f5b9c21ba230ad4dfb1 - - 285514168f7e42ddad90bac7d59c9453 285514168f7e42ddad90bac7d59c9453] 10.0.0.187 "DELETE /resource_providers/8988f0a5-0143-45ac-8650-f8d9cffce519" status: 404 len: 246 microversion: 1.1 [pid: 7|app: 0|req: 369/736] 10.0.0.187 () {34 vars in 816 bytes} [Wed May 6 10:36:38 2026] DELETE /resource_providers/8988f0a5-0143-45ac-8650-f8d9cffce519 => generated 246 bytes in 10 msecs (HTTP/1.1 404) 6 headers in 231 bytes (1 switches on core 0)
2026-05-06 10:36:38.996 8 INFO placement.requestlog [None req-b56dc532-1fd1-46fa-9d63-e18a6f15a33a d800759ef7f24d0793ca8f849720c0f1 af34e3c213ad4f5b9c21ba230ad4dfb1 - - 285514168f7e42ddad90bac7d59c9453 285514168f7e42ddad90bac7d59c9453] 10.0.0.187 "DELETE /resource_providers/8988f0a5-0143-45ac-8650-f8d9cffce519" status: 404 len: 246 microversion: 1.1 [pid: 8|app: 0|req: 368/737] 10.0.0.187 () {34 vars in 816 bytes} [Wed May 6 10:36:38 2026] DELETE /resource_providers/8988f0a5-0143-45ac-8650-f8d9cffce519 => generated 246 bytes in 10 msecs (HTTP/1.1 404) 6 headers in 231 bytes (1 switches on core 0)
2026-05-06 10:36:40.274 7 INFO placement.requestlog [req-446d1a46-f783-4210-8405-ef8bbd7cdd67 req-2c60fe6f-bd0e-448f-aacf-7650a2e91329 dea4eae64d36486188843b7365bf514c af34e3c213ad4f5b9c21ba230ad4dfb1 - - 285514168f7e42ddad90bac7d59c9453 285514168f7e42ddad90bac7d59c9453] 199.204.45.156 "GET /allocations/d8a00f7f-7d7e-4fdd-8450-c0435eca6018" status: 200 len: 257 microversion: 1.28 [pid: 7|app: 0|req: 370/738] 199.204.45.156 () {34 vars in 863 bytes} [Wed May 6 10:36:40 2026] GET /allocations/d8a00f7f-7d7e-4fdd-8450-c0435eca6018 => generated 257 bytes in 14 msecs (HTTP/1.1 200) 8 headers in 296 bytes (1 switches on core 0)
2026-05-06 10:36:40.833 8 INFO placement.requestlog [None req-693bc143-2305-4a87-a55a-033dcc8c34f4 d800759ef7f24d0793ca8f849720c0f1 af34e3c213ad4f5b9c21ba230ad4dfb1 - - 285514168f7e42ddad90bac7d59c9453 285514168f7e42ddad90bac7d59c9453] 10.0.0.187 "GET /resource_providers/b4049066-4938-407b-ada7-e2c34f20269e/aggregates" status: 404 len: 235 microversion: 1.1 [pid: 8|app: 0|req: 369/739] 10.0.0.187 () {32 vars in 816 bytes} [Wed May 6 10:36:40 2026] GET /resource_providers/b4049066-4938-407b-ada7-e2c34f20269e/aggregates => generated 235 bytes in 10 msecs (HTTP/1.1 404) 5 headers in 202 bytes (1 switches on core 0)
2026-05-06 10:36:40.833 7 INFO placement.requestlog [None req-90bbaeda-d009-471d-a6e8-0b3a46e2be0a d800759ef7f24d0793ca8f849720c0f1 af34e3c213ad4f5b9c21ba230ad4dfb1 - - 285514168f7e42ddad90bac7d59c9453 285514168f7e42ddad90bac7d59c9453] 10.0.0.187 "GET /resource_providers/b4049066-4938-407b-ada7-e2c34f20269e/aggregates" status: 404 len: 235 microversion: 1.1 [pid: 7|app: 0|req: 371/740] 10.0.0.187 () {32 vars in 816 bytes} [Wed May 6 10:36:40 2026] GET /resource_providers/b4049066-4938-407b-ada7-e2c34f20269e/aggregates => generated 235 bytes in 8 msecs (HTTP/1.1 404) 5 headers in 202 bytes (1 switches on core 0)
2026-05-06 10:36:40.853 7 INFO placement.requestlog [None req-8941062d-d599-4e61-ad6e-60d041d67fca d800759ef7f24d0793ca8f849720c0f1 af34e3c213ad4f5b9c21ba230ad4dfb1 - - 285514168f7e42ddad90bac7d59c9453 285514168f7e42ddad90bac7d59c9453] 10.0.0.187 "DELETE /resource_providers/b4049066-4938-407b-ada7-e2c34f20269e" status: 404 len: 246 microversion: 1.1 [pid: 7|app: 0|req: 372/741] 10.0.0.187 () {34 vars in 816 bytes} [Wed May 6 10:36:40 2026] DELETE /resource_providers/b4049066-4938-407b-ada7-e2c34f20269e => generated 246 bytes in 11 msecs (HTTP/1.1 404) 6 headers in 231 bytes (1 switches on core 0)
2026-05-06 10:36:40.853 8 INFO placement.requestlog [None req-857c4aa6-cf11-41ee-beba-1665a9822305 d800759ef7f24d0793ca8f849720c0f1 af34e3c213ad4f5b9c21ba230ad4dfb1 - - 285514168f7e42ddad90bac7d59c9453 285514168f7e42ddad90bac7d59c9453] 10.0.0.187 "DELETE /resource_providers/b4049066-4938-407b-ada7-e2c34f20269e" status: 404 len: 246 microversion: 1.1 [pid: 8|app: 0|req: 370/742] 10.0.0.187 () {34 vars in 816 bytes} [Wed May 6 10:36:40 2026] DELETE /resource_providers/b4049066-4938-407b-ada7-e2c34f20269e => generated 246 bytes in 13 msecs (HTTP/1.1 404) 6 headers in 231 bytes (1 switches on core 0)
2026-05-06 10:36:41.009 7 INFO placement.requestlog [None req-7ca1c3e5-64e9-47ca-990b-e1b4ac790093 d800759ef7f24d0793ca8f849720c0f1 af34e3c213ad4f5b9c21ba230ad4dfb1 - - 285514168f7e42ddad90bac7d59c9453 285514168f7e42ddad90bac7d59c9453] 10.0.0.187 "GET /resource_providers/6694432a-3237-4049-95e8-4bc51f01bf0a/aggregates" status: 404 len: 235 microversion: 1.1 [pid: 7|app: 0|req: 373/743] 10.0.0.187 () {32 vars in 816 bytes} [Wed May 6 10:36:41 2026] GET /resource_providers/6694432a-3237-4049-95e8-4bc51f01bf0a/aggregates => generated 235 bytes in 7 msecs (HTTP/1.1 404) 5 headers in 202 bytes (1 switches on core 0)
2026-05-06 10:36:41.026 8 INFO placement.requestlog [None req-af369d7d-c91a-40b4-9757-545ece1739e3 d800759ef7f24d0793ca8f849720c0f1 af34e3c213ad4f5b9c21ba230ad4dfb1 - - 285514168f7e42ddad90bac7d59c9453 285514168f7e42ddad90bac7d59c9453] 10.0.0.187 "GET /resource_providers/6694432a-3237-4049-95e8-4bc51f01bf0a/aggregates" status: 404 len: 235 microversion: 1.1 [pid: 8|app: 0|req: 371/744] 10.0.0.187 () {32 vars in 816 bytes} [Wed May 6 10:36:41 2026] GET /resource_providers/6694432a-3237-4049-95e8-4bc51f01bf0a/aggregates => generated 235 bytes in 15 msecs (HTTP/1.1 404) 5 headers in 202 bytes (1 switches on core 0)
2026-05-06 10:36:41.027 7 INFO placement.requestlog [None req-eedf144a-2084-4e15-8014-2526e7f5d4b8 d800759ef7f24d0793ca8f849720c0f1 af34e3c213ad4f5b9c21ba230ad4dfb1 - - 285514168f7e42ddad90bac7d59c9453 285514168f7e42ddad90bac7d59c9453] 10.0.0.187 "DELETE /resource_providers/6694432a-3237-4049-95e8-4bc51f01bf0a" status: 404 len: 246 microversion: 1.1 [pid: 7|app: 0|req: 374/745] 10.0.0.187 () {34 vars in 816 bytes} [Wed May 6 10:36:41 2026] DELETE /resource_providers/6694432a-3237-4049-95e8-4bc51f01bf0a => generated 246 bytes in 6 msecs (HTTP/1.1 404) 6 headers in 231 bytes (1 switches on core 0)
2026-05-06 10:36:41.046 8 INFO placement.requestlog [None req-e33268ac-5a98-477f-ac7b-707f89590866 d800759ef7f24d0793ca8f849720c0f1 af34e3c213ad4f5b9c21ba230ad4dfb1 - - 285514168f7e42ddad90bac7d59c9453 285514168f7e42ddad90bac7d59c9453] 10.0.0.187 "GET /resource_providers/a2ddba56-857a-475d-840c-7860352c5e57/aggregates" status: 404 len: 235 microversion: 1.1 [pid: 8|app: 0|req: 372/746] 10.0.0.187 () {32 vars in 816 bytes} [Wed May 6 10:36:41 2026] GET /resource_providers/a2ddba56-857a-475d-840c-7860352c5e57/aggregates => generated 235 bytes in 8 msecs (HTTP/1.1 404) 5 headers in 202 bytes (1 switches on core 0)
2026-05-06 10:36:41.050 7 INFO placement.requestlog [None req-8c000531-b491-4d93-81b1-b8b8a02476cf d800759ef7f24d0793ca8f849720c0f1 af34e3c213ad4f5b9c21ba230ad4dfb1 - - 285514168f7e42ddad90bac7d59c9453 285514168f7e42ddad90bac7d59c9453] 10.0.0.187 "DELETE /resource_providers/6694432a-3237-4049-95e8-4bc51f01bf0a" status: 404 len: 246 microversion: 1.1 [pid: 7|app: 0|req: 375/747] 10.0.0.187 () {34 vars in 816 bytes} [Wed May 6 10:36:41 2026] DELETE /resource_providers/6694432a-3237-4049-95e8-4bc51f01bf0a => generated 246 bytes in 9 msecs (HTTP/1.1 404) 6 headers in 231 bytes (1 switches on core 0)
2026-05-06 10:36:41.066 7 INFO placement.requestlog [None req-2363c506-6e14-4c09-bbb4-82f732ff3aa5 d800759ef7f24d0793ca8f849720c0f1 af34e3c213ad4f5b9c21ba230ad4dfb1 - - 285514168f7e42ddad90bac7d59c9453 285514168f7e42ddad90bac7d59c9453] 10.0.0.187 "GET /resource_providers/a2ddba56-857a-475d-840c-7860352c5e57/aggregates" status: 404 len: 235 microversion: 1.1 [pid: 7|app: 0|req: 376/748] 10.0.0.187 () {32 vars in 816 bytes} [Wed May 6 10:36:41 2026] GET /resource_providers/a2ddba56-857a-475d-840c-7860352c5e57/aggregates => generated 235 bytes in 8 msecs (HTTP/1.1 404) 5 headers in 202 bytes (1 switches on core 0)
2026-05-06 10:36:41.067 8 INFO placement.requestlog [None req-2142fc29-2eab-4599-82e3-aec28896217e d800759ef7f24d0793ca8f849720c0f1 af34e3c213ad4f5b9c21ba230ad4dfb1 - - 285514168f7e42ddad90bac7d59c9453 285514168f7e42ddad90bac7d59c9453] 10.0.0.187 "DELETE /resource_providers/a2ddba56-857a-475d-840c-7860352c5e57" status: 404 len: 246 microversion: 1.1 [pid: 8|app: 0|req: 373/749] 10.0.0.187 () {34 vars in 816 bytes} [Wed May 6 10:36:41 2026] DELETE /resource_providers/a2ddba56-857a-475d-840c-7860352c5e57 => generated 246 bytes in 10 msecs (HTTP/1.1 404) 6 headers in 231 bytes (1 switches on core 0)
2026-05-06 10:36:41.081 7 INFO placement.requestlog [None req-4f32536c-8990-4820-aa6b-93029d9d3988 d800759ef7f24d0793ca8f849720c0f1 af34e3c213ad4f5b9c21ba230ad4dfb1 - - 285514168f7e42ddad90bac7d59c9453 285514168f7e42ddad90bac7d59c9453] 10.0.0.187 "DELETE /resource_providers/a2ddba56-857a-475d-840c-7860352c5e57" status: 404 len: 246 microversion: 1.1 [pid: 7|app: 0|req: 377/750] 10.0.0.187 () {34 vars in 816 bytes} [Wed May 6 10:36:41 2026] DELETE /resource_providers/a2ddba56-857a-475d-840c-7860352c5e57 => generated 246 bytes in 7 msecs (HTTP/1.1 404) 6 headers in 231 bytes (1 switches on core 0)
2026-05-06 10:36:41.085 8 INFO placement.requestlog [None req-62bb1b70-2320-4f18-b2d8-7891f074316c d800759ef7f24d0793ca8f849720c0f1 af34e3c213ad4f5b9c21ba230ad4dfb1 - - 285514168f7e42ddad90bac7d59c9453 285514168f7e42ddad90bac7d59c9453] 10.0.0.187 "GET /resource_providers/9814ef67-13ce-4ed6-86be-e73592d7c9d9/aggregates" status: 404 len: 235 microversion: 1.1 [pid: 8|app: 0|req: 374/751] 10.0.0.187 () {32 vars in 816 bytes} [Wed May 6 10:36:41 2026] GET /resource_providers/9814ef67-13ce-4ed6-86be-e73592d7c9d9/aggregates => generated 235 bytes in 9 msecs (HTTP/1.1 404) 5 headers in 202 bytes (1 switches on core 0)
2026-05-06 10:36:41.098 8 INFO placement.requestlog [None req-13257b82-8b42-439a-aa67-0ae405572fe3 d800759ef7f24d0793ca8f849720c0f1 af34e3c213ad4f5b9c21ba230ad4dfb1 - - 285514168f7e42ddad90bac7d59c9453 285514168f7e42ddad90bac7d59c9453] 10.0.0.187 "DELETE /resource_providers/9814ef67-13ce-4ed6-86be-e73592d7c9d9" status: 404 len: 246 microversion: 1.1 [pid: 8|app: 0|req: 375/752] 10.0.0.187 () {34 vars in 816 bytes} [Wed May 6 10:36:41 2026] DELETE /resource_providers/9814ef67-13ce-4ed6-86be-e73592d7c9d9 => generated 246 bytes in 7 msecs (HTTP/1.1 404) 6 headers in 231 bytes (1 switches on core 0)
2026-05-06 10:36:41.100 7 INFO placement.requestlog [None req-d6b29b4a-f3c3-424d-bc53-1743117fb361 d800759ef7f24d0793ca8f849720c0f1 af34e3c213ad4f5b9c21ba230ad4dfb1 - - 285514168f7e42ddad90bac7d59c9453 285514168f7e42ddad90bac7d59c9453] 10.0.0.187 "GET /resource_providers/9814ef67-13ce-4ed6-86be-e73592d7c9d9/aggregates" status: 404 len: 235 microversion: 1.1 [pid: 7|app: 0|req: 378/753] 10.0.0.187 () {32 vars in 816 bytes} [Wed May 6 10:36:41 2026] GET /resource_providers/9814ef67-13ce-4ed6-86be-e73592d7c9d9/aggregates => generated 235 bytes in 11 msecs (HTTP/1.1 404) 5 headers in 202 bytes (1 switches on core 0)
2026-05-06 10:36:41.114 8 INFO placement.requestlog [None req-81164ebe-5794-41df-bcc2-b21a7a19ed22 d800759ef7f24d0793ca8f849720c0f1 af34e3c213ad4f5b9c21ba230ad4dfb1 - - 285514168f7e42ddad90bac7d59c9453 285514168f7e42ddad90bac7d59c9453] 10.0.0.187 "GET /resource_providers/4fd125f0-7f74-4b8b-ba37-37d720f72111/aggregates" status: 404 len: 235 microversion: 1.1 [pid: 8|app: 0|req: 376/754] 10.0.0.187 () {32 vars in 816 bytes} [Wed May 6 10:36:41 2026] GET /resource_providers/4fd125f0-7f74-4b8b-ba37-37d720f72111/aggregates => generated 235 bytes in 9 msecs (HTTP/1.1 404) 5 headers in 202 bytes (1 switches on core 0)
2026-05-06 10:36:41.115 7 INFO placement.requestlog [None req-28bc6163-8b0b-49c4-9597-06f5f7c2f25b d800759ef7f24d0793ca8f849720c0f1 af34e3c213ad4f5b9c21ba230ad4dfb1 - - 285514168f7e42ddad90bac7d59c9453 285514168f7e42ddad90bac7d59c9453] 10.0.0.187 "DELETE /resource_providers/9814ef67-13ce-4ed6-86be-e73592d7c9d9" status: 404 len: 246 microversion: 1.1 [pid: 7|app: 0|req: 379/755] 10.0.0.187 () {34 vars in 816 bytes} [Wed May 6 10:36:41 2026] DELETE /resource_providers/9814ef67-13ce-4ed6-86be-e73592d7c9d9 => generated 246 bytes in 7 msecs (HTTP/1.1 404) 6 headers in 231 bytes (1 switches on core 0)
2026-05-06 10:36:41.130 7 INFO placement.requestlog [None req-550d171f-e798-4abb-82ac-89b540655c42 d800759ef7f24d0793ca8f849720c0f1 af34e3c213ad4f5b9c21ba230ad4dfb1 - - 285514168f7e42ddad90bac7d59c9453 285514168f7e42ddad90bac7d59c9453] 10.0.0.187 "DELETE /resource_providers/4fd125f0-7f74-4b8b-ba37-37d720f72111" status: 404 len: 246 microversion: 1.1 [pid: 7|app: 0|req: 380/756] 10.0.0.187 () {34 vars in 816 bytes} [Wed May 6 10:36:41 2026] DELETE /resource_providers/4fd125f0-7f74-4b8b-ba37-37d720f72111 => generated 246 bytes in 6 msecs (HTTP/1.1 404) 6 headers in 231 bytes (1 switches on core 0)
2026-05-06 10:36:41.132 8 INFO placement.requestlog [None req-37db6bc5-04e1-430b-bde2-85d945702308 d800759ef7f24d0793ca8f849720c0f1 af34e3c213ad4f5b9c21ba230ad4dfb1 - - 285514168f7e42ddad90bac7d59c9453 285514168f7e42ddad90bac7d59c9453] 10.0.0.187 "GET /resource_providers/4fd125f0-7f74-4b8b-ba37-37d720f72111/aggregates" status: 404 len: 235 microversion: 1.1 [pid: 8|app: 0|req: 377/757] 10.0.0.187 () {32 vars in 816 bytes} [Wed May 6 10:36:41 2026] GET /resource_providers/4fd125f0-7f74-4b8b-ba37-37d720f72111/aggregates => generated 235 bytes in 10 msecs (HTTP/1.1 404) 5 headers in 202 bytes (1 switches on core 0)
2026-05-06 10:36:41.141 7 INFO placement.requestlog [None req-15be9dd1-f66a-456b-acfc-9f1bd401592c d800759ef7f24d0793ca8f849720c0f1 af34e3c213ad4f5b9c21ba230ad4dfb1 - - 285514168f7e42ddad90bac7d59c9453 285514168f7e42ddad90bac7d59c9453] 10.0.0.187 "GET /resource_providers/74bb6c25-5860-4ef4-8267-94123a41dfc8/aggregates" status: 404 len: 235 microversion: 1.1 [pid: 7|app: 0|req: 381/758] 10.0.0.187 () {32 vars in 816 bytes} [Wed May 6 10:36:41 2026] GET /resource_providers/74bb6c25-5860-4ef4-8267-94123a41dfc8/aggregates => generated 235 bytes in 5 msecs (HTTP/1.1 404) 5 headers in 202 bytes (1 switches on core 0)
2026-05-06 10:36:41.148 8 INFO placement.requestlog [None req-d071f311-c686-423a-a959-e049b440b54a d800759ef7f24d0793ca8f849720c0f1 af34e3c213ad4f5b9c21ba230ad4dfb1 - - 285514168f7e42ddad90bac7d59c9453 285514168f7e42ddad90bac7d59c9453] 10.0.0.187 "DELETE /resource_providers/4fd125f0-7f74-4b8b-ba37-37d720f72111" status: 404 len: 246 microversion: 1.1 [pid: 8|app: 0|req: 378/759] 10.0.0.187 () {34 vars in 816 bytes} [Wed May 6 10:36:41 2026] DELETE /resource_providers/4fd125f0-7f74-4b8b-ba37-37d720f72111 => generated 246 bytes in 8 msecs (HTTP/1.1 404) 6 headers in 231 bytes (1 switches on core 0)
2026-05-06 10:36:41.157 7 INFO placement.requestlog [None req-e7122e02-96c0-4311-919e-5e81955494b8 d800759ef7f24d0793ca8f849720c0f1 af34e3c213ad4f5b9c21ba230ad4dfb1 - - 285514168f7e42ddad90bac7d59c9453 285514168f7e42ddad90bac7d59c9453] 10.0.0.187 "DELETE /resource_providers/74bb6c25-5860-4ef4-8267-94123a41dfc8" status: 404 len: 246 microversion: 1.1 [pid: 7|app: 0|req: 382/760] 10.0.0.187 () {34 vars in 816 bytes} [Wed May 6 10:36:41 2026] DELETE /resource_providers/74bb6c25-5860-4ef4-8267-94123a41dfc8 => generated 246 bytes in 10 msecs (HTTP/1.1 404) 6 headers in 231 bytes (1 switches on core 0)
2026-05-06 10:36:41.163 8 INFO placement.requestlog [None req-b66ea246-1a8b-4398-afb0-c5585eb92033 d800759ef7f24d0793ca8f849720c0f1 af34e3c213ad4f5b9c21ba230ad4dfb1 - - 285514168f7e42ddad90bac7d59c9453 285514168f7e42ddad90bac7d59c9453] 10.0.0.187 "GET /resource_providers/74bb6c25-5860-4ef4-8267-94123a41dfc8/aggregates" status: 404 len: 235 microversion: 1.1 [pid: 8|app: 0|req: 379/761] 10.0.0.187 () {32 vars in 816 bytes} [Wed May 6 10:36:41 2026] GET /resource_providers/74bb6c25-5860-4ef4-8267-94123a41dfc8/aggregates => generated 235 bytes in 6 msecs (HTTP/1.1 404) 5 headers in 202 bytes (1 switches on core 0)
2026-05-06 10:36:41.174 7 INFO placement.requestlog [None req-c614eb91-5891-4cf6-9c2c-c035827125c4 d800759ef7f24d0793ca8f849720c0f1 af34e3c213ad4f5b9c21ba230ad4dfb1 - - 285514168f7e42ddad90bac7d59c9453 285514168f7e42ddad90bac7d59c9453] 10.0.0.187 "DELETE /resource_providers/74bb6c25-5860-4ef4-8267-94123a41dfc8" status: 404 len: 246 microversion: 1.1 [pid: 7|app: 0|req: 383/762] 10.0.0.187 () {34 vars in 816 bytes} [Wed May 6 10:36:41 2026] DELETE /resource_providers/74bb6c25-5860-4ef4-8267-94123a41dfc8 => generated 246 bytes in 7 msecs (HTTP/1.1 404) 6 headers in 231 bytes (1 switches on core 0)
2026-05-06 10:36:41.319 8 INFO placement.requestlog [req-446d1a46-f783-4210-8405-ef8bbd7cdd67 req-4732ae3e-ebbe-4362-bc7a-8af166b3054f dea4eae64d36486188843b7365bf514c af34e3c213ad4f5b9c21ba230ad4dfb1 - - 285514168f7e42ddad90bac7d59c9453 285514168f7e42ddad90bac7d59c9453] 199.204.45.156 "GET /resource_providers/db046acc-7ad8-4565-a278-2720edc9c9cc/allocations" status: 200 len: 252 microversion: 1.0 [pid: 8|app: 0|req: 380/763] 199.204.45.156 () {32 vars in 857 bytes} [Wed May 6 10:36:41 2026] GET /resource_providers/db046acc-7ad8-4565-a278-2720edc9c9cc/allocations => generated 252 bytes in 22 msecs (HTTP/1.1 200) 6 headers in 224 bytes (1 switches on core 0)
2026-05-06 10:36:41.347 7 INFO placement.requestlog [req-446d1a46-f783-4210-8405-ef8bbd7cdd67 req-5b6a9f5a-89b3-4f1a-97e6-aeff7ef058e6 dea4eae64d36486188843b7365bf514c af34e3c213ad4f5b9c21ba230ad4dfb1 - - 285514168f7e42ddad90bac7d59c9453 285514168f7e42ddad90bac7d59c9453] 199.204.45.156 "GET /allocations/d8a00f7f-7d7e-4fdd-8450-c0435eca6018" status: 200 len: 257 microversion: 1.28 [pid: 7|app: 0|req: 384/764] 199.204.45.156 () {34 vars in 863 bytes} [Wed May 6 10:36:41 2026] GET /allocations/d8a00f7f-7d7e-4fdd-8450-c0435eca6018 => generated 257 bytes in 22 msecs (HTTP/1.1 200) 8 headers in 296 bytes (1 switches on core 0)
2026-05-06 10:36:41.371 8 INFO placement.requestlog [req-446d1a46-f783-4210-8405-ef8bbd7cdd67 req-0c1e3de9-497f-4c8e-aa58-6a166b775b9c dea4eae64d36486188843b7365bf514c af34e3c213ad4f5b9c21ba230ad4dfb1 - - 285514168f7e42ddad90bac7d59c9453 285514168f7e42ddad90bac7d59c9453] 199.204.45.156 "GET /allocations/2193447f-80f7-4b3c-8a21-36fe25df0bfe" status: 200 len: 257 microversion: 1.28 [pid: 8|app: 0|req: 381/765] 199.204.45.156 () {34 vars in 863 bytes} [Wed May 6 10:36:41 2026] GET /allocations/2193447f-80f7-4b3c-8a21-36fe25df0bfe => generated 257 bytes in 13 msecs (HTTP/1.1 200) 8 headers in 296 bytes (1 switches on core 0)
2026-05-06 10:36:42.413 7 INFO placement.requestlog [req-728e1a30-3037-48c6-a2bb-db5b5550ed31 req-d3d6b381-b640-4804-9885-83dff5e3b5dd dea4eae64d36486188843b7365bf514c af34e3c213ad4f5b9c21ba230ad4dfb1 - - 285514168f7e42ddad90bac7d59c9453 285514168f7e42ddad90bac7d59c9453] 199.204.45.156 "GET /resource_providers/db046acc-7ad8-4565-a278-2720edc9c9cc/allocations" status: 200 len: 252 microversion: 1.0 [pid: 7|app: 0|req: 385/766] 199.204.45.156 () {32 vars in 857 bytes} [Wed May 6 10:36:42 2026] GET /resource_providers/db046acc-7ad8-4565-a278-2720edc9c9cc/allocations => generated 252 bytes in 16 msecs (HTTP/1.1 200) 6 headers in 224 bytes (1 switches on core 0)
2026-05-06 10:36:42.435 8 INFO placement.requestlog [req-728e1a30-3037-48c6-a2bb-db5b5550ed31 req-cf109950-ab88-425d-a70c-e4430fc1b55f dea4eae64d36486188843b7365bf514c af34e3c213ad4f5b9c21ba230ad4dfb1 - - 285514168f7e42ddad90bac7d59c9453 285514168f7e42ddad90bac7d59c9453] 199.204.45.156 "GET /allocations/d8a00f7f-7d7e-4fdd-8450-c0435eca6018" status: 200 len: 257 microversion: 1.28 [pid: 8|app: 0|req: 382/767] 199.204.45.156 () {34 vars in 863 bytes} [Wed May 6 10:36:42 2026] GET /allocations/d8a00f7f-7d7e-4fdd-8450-c0435eca6018 => generated 257 bytes in 14 msecs (HTTP/1.1 200) 8 headers in 296 bytes (1 switches on core 0)
2026-05-06 10:36:42.450 7 INFO placement.requestlog [req-728e1a30-3037-48c6-a2bb-db5b5550ed31 req-32f4b383-31a6-440b-b5e5-c2f7882ce363 dea4eae64d36486188843b7365bf514c af34e3c213ad4f5b9c21ba230ad4dfb1 - - 285514168f7e42ddad90bac7d59c9453 285514168f7e42ddad90bac7d59c9453] 199.204.45.156 "GET /allocations/2193447f-80f7-4b3c-8a21-36fe25df0bfe" status: 200 len: 257 microversion: 1.28 [pid: 7|app: 0|req: 386/768] 199.204.45.156 () {34 vars in 863 bytes} [Wed May 6 10:36:42 2026] GET /allocations/2193447f-80f7-4b3c-8a21-36fe25df0bfe => generated 257 bytes in 10 msecs (HTTP/1.1 200) 8 headers in 296 bytes (1 switches on core 0)
2026-05-06 10:36:43.271 8 INFO placement.requestlog [None req-fb1a0e34-5756-40f6-bf5f-b7dc695d8876 - - - - - -] 10.0.0.217 "GET /" status: 200 len: 136 microversion: 1.0
2026-05-06 10:36:43.271 7 INFO placement.requestlog [None req-31ab633d-2e65-46c8-b2ba-48d8070a0eb3 - - - - - -] 10.0.0.217 "GET /" status: 200 len: 136 microversion: 1.0
2026-05-06 10:36:43.491 8 INFO placement.requestlog [req-728e1a30-3037-48c6-a2bb-db5b5550ed31 req-1e7658bc-1eac-432c-aa24-e41e77d45ece dea4eae64d36486188843b7365bf514c af34e3c213ad4f5b9c21ba230ad4dfb1 - - 285514168f7e42ddad90bac7d59c9453 285514168f7e42ddad90bac7d59c9453] 199.204.45.156 "DELETE /allocations/2193447f-80f7-4b3c-8a21-36fe25df0bfe" status: 204 len: 0 microversion: 1.0 [pid: 8|app: 0|req: 384/771] 199.204.45.156 () {34 vars in 841 bytes} [Wed May 6 10:36:43 2026] DELETE /allocations/2193447f-80f7-4b3c-8a21-36fe25df0bfe => generated 0 bytes in 21 msecs (HTTP/1.1 204) 5 headers in 198 bytes (1 switches on core 0)
2026-05-06 10:36:43.983 7 INFO placement.requestlog [None req-dcdd1ee9-7276-4ec6-8a9c-624564c64643 d800759ef7f24d0793ca8f849720c0f1 af34e3c213ad4f5b9c21ba230ad4dfb1 - - 285514168f7e42ddad90bac7d59c9453 285514168f7e42ddad90bac7d59c9453] 10.0.0.187 "GET /resource_providers/ff2d9c8e-e192-44d0-ab10-8e5523a50ebf/aggregates" status: 404 len: 235 microversion: 1.1 [pid: 7|app: 0|req: 388/772] 10.0.0.187 () {32 vars in 816 bytes} [Wed May 6 10:36:43 2026] GET /resource_providers/ff2d9c8e-e192-44d0-ab10-8e5523a50ebf/aggregates => generated 235 bytes in 8 msecs (HTTP/1.1 404) 5 headers in 202 bytes (1 switches on core 0)
2026-05-06 10:36:43.990 8 INFO placement.requestlog [None req-bf14d099-4883-450d-883b-50a87b303d57 d800759ef7f24d0793ca8f849720c0f1 af34e3c213ad4f5b9c21ba230ad4dfb1 - - 285514168f7e42ddad90bac7d59c9453 285514168f7e42ddad90bac7d59c9453] 10.0.0.187 "GET /resource_providers/ff2d9c8e-e192-44d0-ab10-8e5523a50ebf/aggregates" status: 404 len: 235 microversion: 1.1 [pid: 8|app: 0|req: 385/773] 10.0.0.187 () {32 vars in 816 bytes} [Wed May 6 10:36:43 2026] GET /resource_providers/ff2d9c8e-e192-44d0-ab10-8e5523a50ebf/aggregates => generated 235 bytes in 11 msecs (HTTP/1.1 404) 5 headers in 202 bytes (1 switches on core 0)
2026-05-06 10:36:44.006 8 INFO placement.requestlog [None req-5b4dbcd2-1ecb-4c3a-a7cc-67c439e26392 d800759ef7f24d0793ca8f849720c0f1 af34e3c213ad4f5b9c21ba230ad4dfb1 - - 285514168f7e42ddad90bac7d59c9453 285514168f7e42ddad90bac7d59c9453] 10.0.0.187 "DELETE /resource_providers/ff2d9c8e-e192-44d0-ab10-8e5523a50ebf" status: 404 len: 246 microversion: 1.1
