2026-05-26 07:00:45.226 7 ERROR ovsdbapp.backend.ovs_idl.command ^^^^^^^^^^^^^^^^^^^^^^^^^^^^^^^^^^^^^^^^^^^^^^^^^
2026-05-26 07:00:45.226 7 ERROR ovsdbapp.backend.ovs_idl.command
File "/var/lib/openstack/lib/python3.12/site-packages/ovsdbapp/backend/ovs_idl/__init__.py", line 184, in lookup
2026-05-26 07:00:45.226 7 ERROR ovsdbapp.backend.ovs_idl.command return self._lookup(table, record)
2026-05-26 07:00:45.226 7 ERROR ovsdbapp.backend.ovs_idl.command ^^^^^^^^^^^^^^^^^^^^^^^^^^^
2026-05-26 07:00:45.226 7 ERROR ovsdbapp.backend.ovs_idl.command
File "/var/lib/openstack/lib/python3.12/site-packages/ovsdbapp/backend/ovs_idl/__init__.py", line 235, in _lookup
2026-05-26 07:00:45.226 7 ERROR ovsdbapp.backend.ovs_idl.command row = idlutils.row_by_value(self, rl.table, rl.column, record)
2026-05-26 07:00:45.226 7 ERROR ovsdbapp.backend.ovs_idl.command ^^^^^^^^^^^^^^^^^^^^^^^^^^^^^^^^^^^^^^^^^^^^^^^^^^^^^^^^
2026-05-26 07:00:45.226 7 ERROR ovsdbapp.backend.ovs_idl.command
File "/var/lib/openstack/lib/python3.12/site-packages/ovsdbapp/backend/ovs_idl/idlutils.py", line 114, in row_by_value
2026-05-26 07:00:45.226 7 ERROR ovsdbapp.backend.ovs_idl.command raise RowNotFound(table=table, col=column, match=match)
2026-05-26 07:00:45.226 7 ERROR ovsdbapp.backend.ovs_idl.command ovsdbapp.backend.ovs_idl.idlutils.RowNotFound: Cannot find Logical_Switch_Port with name=8f7ba233-afc8-4c48-86b7-0693e702618c
2026-05-26 07:00:45.226 7 ERROR ovsdbapp.backend.ovs_idl.command
2026-05-26 07:00:45.234 7 ERROR ovsdbapp.event [None req-9577a8ce-c2e0-4eaa-ac05-805eabd7c75a - - - - - -] Unexpected exception in notify_loop: ovsdbapp.backend.ovs_idl.idlutils.RowNotFound: Cannot find Logical_Switch_Port with name=8f7ba233-afc8-4c48-86b7-0693e702618c
2026-05-26 07:00:45.234 7 ERROR ovsdbapp.event
Traceback (most recent call last):
2026-05-26 07:00:45.234 7 ERROR ovsdbapp.event
File "/var/lib/openstack/lib/python3.12/site-packages/ovsdbapp/event.py", line 177, in notify_loop
2026-05-26 07:00:45.234 7 ERROR ovsdbapp.event match.run(event, row, updates)
2026-05-26 07:00:45.234 7 ERROR ovsdbapp.event
File "/var/lib/openstack/lib/python3.12/site-packages/neutron/plugins/ml2/drivers/ovn/mech_driver/ovsdb/ovsdb_monitor.py", line 511, in run
2026-05-26 07:00:45.234 7 ERROR ovsdbapp.event self.driver.set_port_status_up(row.name)
2026-05-26 07:00:45.234 7 ERROR ovsdbapp.event
File "/var/lib/openstack/lib/python3.12/site-packages/neutron/plugins/ml2/drivers/ovn/mech_driver/mech_driver.py", line 1340, in set_port_status_up
2026-05-26 07:00:45.234 7 ERROR ovsdbapp.event self._ovn_client.update_lsp_host_info(admin_context, db_port)
2026-05-26 07:00:45.234 7 ERROR ovsdbapp.event
File "/var/lib/openstack/lib/python3.12/site-packages/neutron/plugins/ml2/drivers/ovn/mech_driver/ovsdb/ovn_client.py", line 312, in update_lsp_host_info
2026-05-26 07:00:45.234 7 ERROR ovsdbapp.event port_up = self._nb_idl.lsp_get_up(db_port.id).execute(
2026-05-26 07:00:45.234 7 ERROR ovsdbapp.event ^^^^^^^^^^^^^^^^^^^^^^^^^^^^^^^^^^^^^^^^^^^^
2026-05-26 07:00:45.234 7 ERROR ovsdbapp.event
File "/var/lib/openstack/lib/python3.12/site-packages/ovsdbapp/backend/ovs_idl/command.py", line 47, in execute
2026-05-26 07:00:45.234 7 ERROR ovsdbapp.event self.run_idl(None)
2026-05-26 07:00:45.234 7 ERROR ovsdbapp.event
File "/var/lib/openstack/lib/python3.12/site-packages/ovsdbapp/schema/ovn_northbound/commands.py", line 681, in run_idl
2026-05-26 07:00:45.234 7 ERROR ovsdbapp.event lsp = self.api.lookup('Logical_Switch_Port', self.port)
2026-05-26 07:00:45.234 7 ERROR ovsdbapp.event ^^^^^^^^^^^^^^^^^^^^^^^^^^^^^^^^^^^^^^^^^^^^^^^^^
2026-05-26 07:00:45.234 7 ERROR ovsdbapp.event
File "/var/lib/openstack/lib/python3.12/site-packages/ovsdbapp/backend/ovs_idl/__init__.py", line 184, in lookup
2026-05-26 07:00:45.234 7 ERROR ovsdbapp.event return self._lookup(table, record)
2026-05-26 07:00:45.234 7 ERROR ovsdbapp.event ^^^^^^^^^^^^^^^^^^^^^^^^^^^
2026-05-26 07:00:45.234 7 ERROR ovsdbapp.event
File "/var/lib/openstack/lib/python3.12/site-packages/ovsdbapp/backend/ovs_idl/__init__.py", line 235, in _lookup
2026-05-26 07:00:45.234 7 ERROR ovsdbapp.event row = idlutils.row_by_value(self, rl.table, rl.column, record)
2026-05-26 07:00:45.234 7 ERROR ovsdbapp.event ^^^^^^^^^^^^^^^^^^^^^^^^^^^^^^^^^^^^^^^^^^^^^^^^^^^^^^^^
2026-05-26 07:00:45.234 7 ERROR ovsdbapp.event
File "/var/lib/openstack/lib/python3.12/site-packages/ovsdbapp/backend/ovs_idl/idlutils.py", line 114, in row_by_value
2026-05-26 07:00:45.234 7 ERROR ovsdbapp.event raise RowNotFound(table=table, col=column, match=match)
2026-05-26 07:00:45.234 7 ERROR ovsdbapp.event ovsdbapp.backend.ovs_idl.idlutils.RowNotFound: Cannot find Logical_Switch_Port with name=8f7ba233-afc8-4c48-86b7-0693e702618c
2026-05-26 07:00:45.234 7 ERROR ovsdbapp.event
2026-05-26 07:00:45.244 7 INFO neutron.plugins.ml2.drivers.ovn.mech_driver.mech_driver [None req-9577a8ce-c2e0-4eaa-ac05-805eabd7c75a - - - - - -] OVN reports status down for port: eb670027-0d12-4b29-8656-a6fd6ed5391c
2026-05-26 07:00:45.258 7 INFO neutron.db.ovn_revision_numbers_db [None req-b27cad75-ef10-4bbf-95f2-251b063bdf31 44a2160da6cc4338846b540ad23ed3a6 d6363e302e474212bf6b7bb14ad4ab29 - - default default] Successfully bumped revision number for resource 0fb5abd8-0ff4-428b-b44f-3335bcfaa746 (type: security_group_rules) to 0 [pid: 8|app: 0|req: 850/1610] 10.0.0.222 () {32 vars in 717 bytes} [Tue May 26 07:00:45 2026] GET /v2.0/ports/47db698d-6aca-4b8f-8f07-c2f4ac838d95 => generated 943 bytes in 119 msecs (HTTP/1.1 200) 4 headers in 157 bytes (1 switches on core 0) [pid: 7|app: 0|req: 761/1611] 10.0.0.222 () {34 vars in 695 bytes} [Tue May 26 07:00:44 2026] POST /v2.0/security-group-rules => generated 597 bytes in 375 msecs (HTTP/1.1 201) 4 headers in 162 bytes (1 switches on core 0)
2026-05-26 07:00:45.625 7 INFO neutron.db.ovn_revision_numbers_db [None req-c4147f0f-cafa-4bb7-8079-8547b60c8ba4 44a2160da6cc4338846b540ad23ed3a6 d6363e302e474212bf6b7bb14ad4ab29 - - default default] Successfully bumped revision number for resource 21d0059f-115c-465e-b164-6527e300be12 (type: security_group_rules) to 0
2026-05-26 07:00:45.633 8 INFO neutron_taas.services.taas.taas_plugin [None req-4018e716-14c3-4ed2-a427-b28834e2908c 093690209b994468b96db8ed748710e0 f6fbb52185c94fa59caed08d9339e6b0 - - default default] TaaS: Handle Delete Port: 47db698d-6aca-4b8f-8f07-c2f4ac838d95
2026-05-26 07:00:45.637 8 INFO neutron_taas.services.taas.tap_mirror_plugin [None req-4018e716-14c3-4ed2-a427-b28834e2908c 093690209b994468b96db8ed748710e0 f6fbb52185c94fa59caed08d9339e6b0 - - default default] Tap Mirror: Handle Delete Port: 47db698d-6aca-4b8f-8f07-c2f4ac838d95 [pid: 7|app: 0|req: 762/1612] 10.0.0.222 () {34 vars in 695 bytes} [Tue May 26 07:00:45 2026] POST /v2.0/security-group-rules => generated 602 bytes in 404 msecs (HTTP/1.1 201) 4 headers in 162 bytes (1 switches on core 0)
2026-05-26 07:00:45.854 7 INFO neutron.db.ovn_revision_numbers_db [None req-9577a8ce-c2e0-4eaa-ac05-805eabd7c75a - - - - - -] Successfully bumped revision number for resource eb670027-0d12-4b29-8656-a6fd6ed5391c (type: ports) to 6 [pid: 8|app: 0|req: 851/1613] 10.0.0.222 () {34 vars in 789 bytes} [Tue May 26 07:00:45 2026] PUT /v2.0/routers/37ceaf07-945b-466e-8475-455b5de5ced5/remove_router_interface => generated 309 bytes in 859 msecs (HTTP/1.1 200) 4 headers in 157 bytes (1 switches on core 0) /var/lib/openstack/lib/python3.12/site-packages/pycadf/identifier.py:70: UserWarning: Invalid uuid: neutron. To ensure interoperability, identifiers should be a valid uuid. warnings.warn(('Invalid uuid: %s. To ensure interoperability, '
2026-05-26 07:00:46.146 7 WARNING neutron.plugins.ml2.drivers.ovn.mech_driver.ovsdb.ovn_client [None req-4ad509c1-d43f-47ec-9f32-46f7934630a8 - - - - - -] Logical_Switch_Port eb670027-0d12-4b29-8656-a6fd6ed5391c host information not removed, the port state is up
2026-05-26 07:00:46.161 7 INFO neutron.plugins.ml2.drivers.ovn.mech_driver.mech_driver [None req-4ad509c1-d43f-47ec-9f32-46f7934630a8 - - - - - -] OVN reports status up for port: eb670027-0d12-4b29-8656-a6fd6ed5391c [pid: 8|app: 0|req: 852/1614] 10.0.0.222 () {32 vars in 736 bytes} [Tue May 26 07:00:46 2026] GET /v2.0/ports?device_id=37ceaf07-945b-466e-8475-455b5de5ced5 => generated 12 bytes in 28 msecs (HTTP/1.1 200) 4 headers in 156 bytes (1 switches on core 0)
2026-05-26 07:00:46.187 7 INFO neutron.plugins.ml2.plugin [None req-4ad509c1-d43f-47ec-9f32-46f7934630a8 - - - - - -] Attempt 1 to provision port eb670027-0d12-4b29-8656-a6fd6ed5391c
2026-05-26 07:00:46.218 7 WARNING neutron.scheduler.dhcp_agent_scheduler [None req-d4e22755-d881-42f4-ba57-3a38582b1e68 44a2160da6cc4338846b540ad23ed3a6 d6363e302e474212bf6b7bb14ad4ab29 - - default default] No more DHCP agents
2026-05-26 07:00:46.220 7 WARNING neutron.api.rpc.agentnotifiers.dhcp_rpc_agent_api [None req-d4e22755-d881-42f4-ba57-3a38582b1e68 44a2160da6cc4338846b540ad23ed3a6 d6363e302e474212bf6b7bb14ad4ab29 - - default default] Unable to schedule network 560e13b2-9a70-4f23-998b-d0bae3b7f802: no agents available; will retry on subsequent port and subnet creation events. [pid: 8|app: 0|req: 853/1615] 10.0.0.222 () {32 vars in 724 bytes} [Tue May 26 07:00:46 2026] DELETE /v2.0/routers/37ceaf07-945b-466e-8475-455b5de5ced5 => generated 0 bytes in 263 msecs (HTTP/1.1 204) 2 headers in 112 bytes (1 switches on core 0) [pid: 8|app: 0|req: 854/1616] 10.0.0.222 () {32 vars in 724 bytes} [Tue May 26 07:00:46 2026] DELETE /v2.0/subnets/04bbaef7-6fc4-40c1-9515-37061fbec427 => generated 0 bytes in 240 msecs (HTTP/1.1 204) 3 headers in 131 bytes (1 switches on core 0) [pid: 7|app: 0|req: 763/1617] 10.0.0.222 () {34 vars in 676 bytes} [Tue May 26 07:00:45 2026] POST /v2.0/floatingips => generated 552 bytes in 1167 msecs (HTTP/1.1 201) 4 headers in 162 bytes (1 switches on core 0) [pid: 8|app: 0|req: 855/1618] 10.0.0.222 () {32 vars in 724 bytes} [Tue May 26 07:00:46 2026] DELETE /v2.0/subnets/bc153539-b19c-4219-9633-285b687cb406 => generated 0 bytes in 233 msecs (HTTP/1.1 204) 3 headers in 131 bytes (1 switches on core 0)
2026-05-26 07:00:46.972 7 INFO neutron.db.ovn_revision_numbers_db [None req-4ad509c1-d43f-47ec-9f32-46f7934630a8 - - - - - -] Successfully bumped revision number for resource eb670027-0d12-4b29-8656-a6fd6ed5391c (type: ports) to 7
2026-05-26 07:00:47.137 7 INFO neutron_taas.services.taas.taas_plugin [None req-c06785a9-7bd8-4d14-a1bb-276272f09531 093690209b994468b96db8ed748710e0 f6fbb52185c94fa59caed08d9339e6b0 - - default default] TaaS: Handle Delete Port: 59d86747-58a8-419e-aea0-0205bb9db71c
2026-05-26 07:00:47.142 7 INFO neutron_taas.services.taas.tap_mirror_plugin [None req-c06785a9-7bd8-4d14-a1bb-276272f09531 093690209b994468b96db8ed748710e0 f6fbb52185c94fa59caed08d9339e6b0 - - default default] Tap Mirror: Handle Delete Port: 59d86747-58a8-419e-aea0-0205bb9db71c
2026-05-26 07:00:47.162 7 INFO neutron.plugins.ml2.drivers.ovn.mech_driver.mech_driver [None req-2373d9e9-bd57-4d5a-9809-fd197b2899e5 - - - - - -] OVN reports status down for port: 9d58055a-c419-45cd-a6ad-69071478d452
2026-05-26 07:00:47.293 7 WARNING neutron.plugins.ml2.drivers.ovn.mech_driver.ovsdb.ovn_client [None req-2373d9e9-bd57-4d5a-9809-fd197b2899e5 - - - - - -] Logical_Switch_Port 9d58055a-c419-45cd-a6ad-69071478d452 host information not removed, the port state is up
2026-05-26 07:00:47.293 7 INFO neutron.plugins.ml2.drivers.ovn.mech_driver.mech_driver [None req-2373d9e9-bd57-4d5a-9809-fd197b2899e5 - - - - - -] OVN reports status up for port: 9d58055a-c419-45cd-a6ad-69071478d452
2026-05-26 07:00:47.347 7 INFO neutron.plugins.ml2.plugin [None req-2373d9e9-bd57-4d5a-9809-fd197b2899e5 - - - - - -] Attempt 1 to provision port 9d58055a-c419-45cd-a6ad-69071478d452 [pid: 8|app: 0|req: 856/1619] 10.0.0.201 () {34 vars in 1098 bytes} [Tue May 26 07:00:47 2026] GET /v2.0/security-groups?name=tempest-securitygroup--503366161&fields=id&tenant_id=d6363e302e474212bf6b7bb14ad4ab29 => generated 69 bytes in 49 msecs (HTTP/1.1 200) 4 headers in 156 bytes (1 switches on core 0) [pid: 8|app: 0|req: 857/1620] 10.0.0.201 () {34 vars in 982 bytes} [Tue May 26 07:00:47 2026] GET /v2.0/networks?id=be7ccf3b-0cfb-4765-989d-7f2eeba8b3e6 => generated 673 bytes in 68 msecs (HTTP/1.1 200) 4 headers in 157 bytes (1 switches on core 0) [pid: 8|app: 0|req: 858/1621] 10.0.0.201 () {34 vars in 965 bytes} [Tue May 26 07:00:47 2026] GET /v2.0/quotas/d6363e302e474212bf6b7bb14ad4ab29 => generated 292 bytes in 16 msecs (HTTP/1.1 200) 4 headers in 157 bytes (1 switches on core 0)
2026-05-26 07:00:47.576 7 INFO neutron.services.segments.plugin [-] Segment 98ec3bf7-9a83-49ef-92f0-bd8e0316fc26 resource provider aggregate not found
2026-05-26 07:00:47.592 7 INFO neutron.services.segments.plugin [-] Segment 98ec3bf7-9a83-49ef-92f0-bd8e0316fc26 resource provider aggregate not found
2026-05-26 07:00:47.601 7 INFO neutron.services.segments.plugin [-] Segment 98ec3bf7-9a83-49ef-92f0-bd8e0316fc26 resource provider not found; error: Placement Client Error (4xx): {"errors": [{"status": 404, "title": "Not Found", "detail": "The resource could not be found.\n\n No resource provider with uuid 98ec3bf7-9a83-49ef-92f0-bd8e0316fc26 found for delete ", "request_id": "req-3bbcadef-fb0d-40db-a1aa-a46f46352b51"}]}
2026-05-26 07:00:47.631 7 INFO neutron.services.segments.plugin [-] Segment 98ec3bf7-9a83-49ef-92f0-bd8e0316fc26 resource provider not found; error: Placement Client Error (4xx): {"errors": [{"status": 404, "title": "Not Found", "detail": "The resource could not be found.\n\n No resource provider with uuid 98ec3bf7-9a83-49ef-92f0-bd8e0316fc26 found for delete ", "request_id": "req-262e93d7-3cfb-403f-9db6-20ccdd4dfeff"}]} [pid: 8|app: 0|req: 859/1622] 10.0.0.201 () {34 vars in 1002 bytes} [Tue May 26 07:00:47 2026] GET /v2.0/ports?tenant_id=d6363e302e474212bf6b7bb14ad4ab29&fields=id => generated 103 bytes in 124 msecs (HTTP/1.1 200) 4 headers in 157 bytes (1 switches on core 0) [pid: 7|app: 0|req: 764/1623] 10.0.0.222 () {32 vars in 726 bytes} [Tue May 26 07:00:46 2026] DELETE /v2.0/networks/88742f68-f29e-4208-8511-0a5487f661d8 => generated 0 bytes in 793 msecs (HTTP/1.1 204) 3 headers in 131 bytes (1 switches on core 0) [pid: 7|app: 0|req: 765/1624] 10.0.0.201 () {34 vars in 1008 bytes} [Tue May 26 07:00:47 2026] GET /v2.0/networks/be7ccf3b-0cfb-4765-989d-7f2eeba8b3e6?fields=segments => generated 14 bytes in 88 msecs (HTTP/1.1 200) 4 headers in 156 bytes (1 switches on core 0)
2026-05-26 07:00:48.194 8 INFO neutron.db.ovn_revision_numbers_db [None req-bd44f9f0-e74c-4006-afd1-ed9804e319ee 69450e7499ee4c6fadd31d75ee19566b 65f579e1801f4b07ac350c303332e7bf - - default default] Successfully bumped revision number for resource 770ab750-f7e2-4239-86c3-c996033d9692 (type: security_groups) to 1
2026-05-26 07:00:48.198 7 INFO neutron_taas.services.taas.taas_plugin [None req-9e09ca5a-1ab4-4dff-b643-cf2674914ef6 093690209b994468b96db8ed748710e0 f6fbb52185c94fa59caed08d9339e6b0 - - default default] TaaS: Handle Delete Port: 200d0747-ed3a-40de-bf3e-4a4598fc50b6
2026-05-26 07:00:48.205 7 INFO neutron_taas.services.taas.tap_mirror_plugin [None req-9e09ca5a-1ab4-4dff-b643-cf2674914ef6 093690209b994468b96db8ed748710e0 f6fbb52185c94fa59caed08d9339e6b0 - - default default] Tap Mirror: Handle Delete Port: 200d0747-ed3a-40de-bf3e-4a4598fc50b6
2026-05-26 07:00:48.208 8 INFO neutron.db.ovn_revision_numbers_db [None req-bd44f9f0-e74c-4006-afd1-ed9804e319ee 69450e7499ee4c6fadd31d75ee19566b 65f579e1801f4b07ac350c303332e7bf - - default default] Successfully bumped revision number for resource 43f6bfc6-639c-4070-9c45-e2f4080d595a (type: security_group_rules) to 0
2026-05-26 07:00:48.223 8 INFO neutron.db.ovn_revision_numbers_db [None req-bd44f9f0-e74c-4006-afd1-ed9804e319ee 69450e7499ee4c6fadd31d75ee19566b 65f579e1801f4b07ac350c303332e7bf - - default default] Successfully bumped revision number for resource 66fa67a0-9629-4ef5-a040-92eb4a6fecf7 (type: security_group_rules) to 0
2026-05-26 07:00:48.237 8 INFO neutron.db.ovn_revision_numbers_db [None req-bd44f9f0-e74c-4006-afd1-ed9804e319ee 69450e7499ee4c6fadd31d75ee19566b 65f579e1801f4b07ac350c303332e7bf - - default default] Successfully bumped revision number for resource 93333a94-276e-4bc2-b3af-b75d406ce589 (type: security_group_rules) to 0
2026-05-26 07:00:48.239 7 INFO neutron.db.ovn_revision_numbers_db [None req-2373d9e9-bd57-4d5a-9809-fd197b2899e5 - - - - - -] Successfully bumped revision number for resource 9d58055a-c419-45cd-a6ad-69071478d452 (type: ports) to 2
2026-05-26 07:00:48.250 8 INFO neutron.db.ovn_revision_numbers_db [None req-bd44f9f0-e74c-4006-afd1-ed9804e319ee 69450e7499ee4c6fadd31d75ee19566b 65f579e1801f4b07ac350c303332e7bf - - default default] Successfully bumped revision number for resource b7a22e00-53ce-456e-ae2b-dd09cb713580 (type: security_group_rules) to 0 [pid: 8|app: 0|req: 860/1625] 10.0.0.222 () {32 vars in 774 bytes} [Tue May 26 07:00:47 2026] GET /v2.0/security-groups?tenant_id=f462cd5f47e94141894fa7e8e61b1738&name=default => generated 2925 bytes in 604 msecs (HTTP/1.1 200) 4 headers in 158 bytes (1 switches on core 0) [pid: 8|app: 0|req: 861/1626] 10.0.0.201 () {34 vars in 1108 bytes} [Tue May 26 07:00:48 2026] GET /v2.0/networks/be7ccf3b-0cfb-4765-989d-7f2eeba8b3e6?fields=provider%3Aphysical_network&fields=provider%3Anetwork_type => generated 79 bytes in 51 msecs (HTTP/1.1 200) 4 headers in 156 bytes (1 switches on core 0) [pid: 7|app: 0|req: 766/1627] 10.0.0.222 () {32 vars in 726 bytes} [Tue May 26 07:00:47 2026] DELETE /v2.0/networks/56f24d10-2c37-426b-8e02-9baf2b27bc88 => generated 0 bytes in 794 msecs (HTTP/1.1 204) 3 headers in 131 bytes (1 switches on core 0) [pid: 7|app: 0|req: 767/1628] 10.0.0.201 () {34 vars in 990 bytes} [Tue May 26 07:00:48 2026] GET /v2.0/ports?device_id=37c55776-8eb7-493d-a898-3a6d99fc7b9a => generated 12 bytes in 38 msecs (HTTP/1.1 200) 4 headers in 156 bytes (1 switches on core 0) [pid: 8|app: 0|req: 862/1629] 10.0.0.222 () {32 vars in 740 bytes} [Tue May 26 07:00:48 2026] DELETE /v2.0/security-groups/770ab750-f7e2-4239-86c3-c996033d9692 => generated 0 bytes in 393 msecs (HTTP/1.1 204) 2 headers in 112 bytes (1 switches on core 0)
2026-05-26 07:00:48.767 7 INFO neutron.db.segments_db [None req-82e11f26-28ce-447a-8af4-d119d49165ca 093690209b994468b96db8ed748710e0 f6fbb52185c94fa59caed08d9339e6b0 - - default default] Added segment 23a95b60-23ab-4f79-80b1-49b5b3573658 of type geneve for network d0f3f67a-f6c7-4949-9224-264886788799
2026-05-26 07:00:48.965 7 INFO neutron.db.ovn_revision_numbers_db [None req-82e11f26-28ce-447a-8af4-d119d49165ca 093690209b994468b96db8ed748710e0 f6fbb52185c94fa59caed08d9339e6b0 - - default default] Successfully bumped revision number for resource d0f3f67a-f6c7-4949-9224-264886788799 (type: networks) to 1
2026-05-26 07:00:49.256 7 WARNING neutron.scheduler.dhcp_agent_scheduler [None req-82e11f26-28ce-447a-8af4-d119d49165ca 093690209b994468b96db8ed748710e0 f6fbb52185c94fa59caed08d9339e6b0 - - default default] No more DHCP agents
2026-05-26 07:00:49.258 7 WARNING neutron.api.rpc.agentnotifiers.dhcp_rpc_agent_api [None req-82e11f26-28ce-447a-8af4-d119d49165ca 093690209b994468b96db8ed748710e0 f6fbb52185c94fa59caed08d9339e6b0 - - default default] Unable to schedule network d0f3f67a-f6c7-4949-9224-264886788799: no agents available; will retry on subsequent port and subnet creation events.
2026-05-26 07:00:49.417 7 INFO neutron.db.ovn_revision_numbers_db [None req-82e11f26-28ce-447a-8af4-d119d49165ca 093690209b994468b96db8ed748710e0 f6fbb52185c94fa59caed08d9339e6b0 - - default default] Successfully bumped revision number for resource e7c2696f-05b7-4170-9159-70a6b0d5a916 (type: ports) to 1 [pid: 7|app: 0|req: 768/1630] 10.0.0.222 () {34 vars in 670 bytes} [Tue May 26 07:00:48 2026] POST /v2.0/networks => generated 629 bytes in 802 msecs (HTTP/1.1 201) 4 headers in 162 bytes (1 switches on core 0)
2026-05-26 07:00:49.622 7 INFO neutron.services.segments.plugin [-] Segment 023bd23f-8265-4aaa-8134-732d394a93bd resource provider aggregate not found
2026-05-26 07:00:49.645 7 INFO neutron.services.segments.plugin [-] Segment 023bd23f-8265-4aaa-8134-732d394a93bd resource provider not found; error: Placement Client Error (4xx): {"errors": [{"status": 404, "title": "Not Found", "detail": "The resource could not be found.\n\n No resource provider with uuid 023bd23f-8265-4aaa-8134-732d394a93bd found for delete ", "request_id": "req-5d4c03b2-89f0-4a4c-bc7f-334682569a89"}]}
2026-05-26 07:00:49.648 7 INFO neutron.services.segments.plugin [-] Segment 023bd23f-8265-4aaa-8134-732d394a93bd resource provider aggregate not found
2026-05-26 07:00:49.667 7 INFO neutron.services.segments.plugin [-] Segment 023bd23f-8265-4aaa-8134-732d394a93bd resource provider not found; error: Placement Client Error (4xx): {"errors": [{"status": 404, "title": "Not Found", "detail": "The resource could not be found.\n\n No resource provider with uuid 023bd23f-8265-4aaa-8134-732d394a93bd found for delete ", "request_id": "req-124a34fd-201a-48db-ba21-08b48e2092ed"}]}
2026-05-26 07:00:49.732 8 WARNING neutron.scheduler.dhcp_agent_scheduler [None req-c77d3782-fa29-40f0-8e77-243fcc389b04 093690209b994468b96db8ed748710e0 f6fbb52185c94fa59caed08d9339e6b0 - - default default] No more DHCP agents
2026-05-26 07:00:49.735 8 WARNING neutron.api.rpc.agentnotifiers.dhcp_rpc_agent_api [None req-c77d3782-fa29-40f0-8e77-243fcc389b04 093690209b994468b96db8ed748710e0 f6fbb52185c94fa59caed08d9339e6b0 - - default default] Unable to schedule network d0f3f67a-f6c7-4949-9224-264886788799: no agents available; will retry on subsequent port and subnet creation events. [pid: 7|app: 0|req: 769/1631] 10.0.0.201 () {34 vars in 990 bytes} [Tue May 26 07:00:49 2026] GET /v2.0/ports?device_id=37c55776-8eb7-493d-a898-3a6d99fc7b9a => generated 12 bytes in 30 msecs (HTTP/1.1 200) 4 headers in 156 bytes (1 switches on core 0)
2026-05-26 07:00:50.262 8 INFO neutron.db.ovn_revision_numbers_db [None req-9a767d85-d1f6-42ab-93e3-c5aebe49be9a - - - - - -] Successfully bumped revision number for resource e7c2696f-05b7-4170-9159-70a6b0d5a916 (type: ports) to 2
2026-05-26 07:00:50.331 8 INFO neutron.db.ovn_revision_numbers_db [None req-9a767d85-d1f6-42ab-93e3-c5aebe49be9a - - - - - -] Successfully bumped revision number for resource 3d5144a9-6aa7-493b-8416-4d02b4f87da8 (type: subnets) to 0 [pid: 8|app: 0|req: 863/1632] 10.0.0.222 () {34 vars in 669 bytes} [Tue May 26 07:00:49 2026] POST /v2.0/subnets => generated 626 bytes in 922 msecs (HTTP/1.1 201) 4 headers in 162 bytes (1 switches on core 0)
2026-05-26 07:00:50.547 7 INFO neutron.db.ovn_revision_numbers_db [None req-44257f16-c2eb-4796-85fd-14e1f7ea85b6 093690209b994468b96db8ed748710e0 f6fbb52185c94fa59caed08d9339e6b0 - - default default] Successfully bumped revision number for resource 523def5d-45b7-4610-96e7-c98be63587c3 (type: routers) to 1 [pid: 7|app: 0|req: 770/1633] 10.0.0.222 () {34 vars in 669 bytes} [Tue May 26 07:00:50 2026] POST /v2.0/routers => generated 602 bytes in 182 msecs (HTTP/1.1 201) 4 headers in 162 bytes (1 switches on core 0) [pid: 7|app: 0|req: 771/1634] 10.0.0.201 () {34 vars in 990 bytes} [Tue May 26 07:00:50 2026] GET /v2.0/ports?device_id=37c55776-8eb7-493d-a898-3a6d99fc7b9a => generated 12 bytes in 25 msecs (HTTP/1.1 200) 4 headers in 156 bytes (1 switches on core 0)
2026-05-26 07:00:50.970 8 WARNING neutron.scheduler.dhcp_agent_scheduler [None req-f7abb9ad-ba1d-4cb5-bda1-58b66af8e970 093690209b994468b96db8ed748710e0 f6fbb52185c94fa59caed08d9339e6b0 - - default default] No more DHCP agents
2026-05-26 07:00:50.971 8 WARNING neutron.api.rpc.agentnotifiers.dhcp_rpc_agent_api [None req-f7abb9ad-ba1d-4cb5-bda1-58b66af8e970 093690209b994468b96db8ed748710e0 f6fbb52185c94fa59caed08d9339e6b0 - - default default] Unable to schedule network d0f3f67a-f6c7-4949-9224-264886788799: no agents available; will retry on subsequent port and subnet creation events.
2026-05-26 07:00:51.237 8 INFO neutron.db.ovn_revision_numbers_db [None req-f7abb9ad-ba1d-4cb5-bda1-58b66af8e970 093690209b994468b96db8ed748710e0 f6fbb52185c94fa59caed08d9339e6b0 - - default default] Successfully bumped revision number for resource ccccd2fb-0996-41dc-b7a1-145807b7f912 (type: ports) to 1 [pid: 8|app: 0|req: 864/1635] 10.0.0.222 () {34 vars in 665 bytes} [Tue May 26 07:00:50 2026] POST /v2.0/ports => generated 952 bytes in 718 msecs (HTTP/1.1 201) 4 headers in 162 bytes (1 switches on core 0)
2026-05-26 07:00:51.933 7 INFO neutron.db.ovn_revision_numbers_db [None req-34950af0-73d0-4b36-9718-b69d748346c2 093690209b994468b96db8ed748710e0 f6fbb52185c94fa59caed08d9339e6b0 - - default default] Successfully bumped revision number for resource ccccd2fb-0996-41dc-b7a1-145807b7f912 (type: ports) to 2 /var/lib/openstack/lib/python3.12/site-packages/pycadf/identifier.py:70: UserWarning: Invalid uuid: neutron. To ensure interoperability, identifiers should be a valid uuid. warnings.warn(('Invalid uuid: %s. To ensure interoperability, '
2026-05-26 07:00:52.141 8 INFO neutron.db.ovn_revision_numbers_db [None req-899b1284-0bcb-4cfe-a0b4-a16accb0fcff 69450e7499ee4c6fadd31d75ee19566b 65f579e1801f4b07ac350c303332e7bf - - default default] Successfully bumped revision number for resource 7bcb05a5-7905-4c80-b3bf-9be3a9ef037e (type: security_groups) to 1
2026-05-26 07:00:52.155 8 INFO neutron.db.ovn_revision_numbers_db [None req-899b1284-0bcb-4cfe-a0b4-a16accb0fcff 69450e7499ee4c6fadd31d75ee19566b 65f579e1801f4b07ac350c303332e7bf - - default default] Successfully bumped revision number for resource 03429536-ee8f-4114-8747-1254eb867851 (type: security_group_rules) to 0
2026-05-26 07:00:52.168 8 INFO neutron.db.ovn_revision_numbers_db [None req-899b1284-0bcb-4cfe-a0b4-a16accb0fcff 69450e7499ee4c6fadd31d75ee19566b 65f579e1801f4b07ac350c303332e7bf - - default default] Successfully bumped revision number for resource 4efc6150-9610-4951-9a73-3cc8890fbb75 (type: security_group_rules) to 0
2026-05-26 07:00:52.183 8 INFO neutron.db.ovn_revision_numbers_db [None req-899b1284-0bcb-4cfe-a0b4-a16accb0fcff 69450e7499ee4c6fadd31d75ee19566b 65f579e1801f4b07ac350c303332e7bf - - default default] Successfully bumped revision number for resource a14949cb-c05f-4517-b34b-067e0d67eb98 (type: security_group_rules) to 0
2026-05-26 07:00:52.202 8 INFO neutron.db.ovn_revision_numbers_db [None req-899b1284-0bcb-4cfe-a0b4-a16accb0fcff 69450e7499ee4c6fadd31d75ee19566b 65f579e1801f4b07ac350c303332e7bf - - default default] Successfully bumped revision number for resource bbb41826-2595-48b6-ab06-5fb9fc58e08a (type: security_group_rules) to 0 [pid: 8|app: 0|req: 865/1636] 10.0.0.222 () {32 vars in 774 bytes} [Tue May 26 07:00:51 2026] GET /v2.0/security-groups?tenant_id=d2641a5b622246cb9ae076057e44d5aa&name=default => generated 2925 bytes in 554 msecs (HTTP/1.1 200) 4 headers in 158 bytes (1 switches on core 0) [pid: 8|app: 0|req: 866/1637] 10.0.0.201 () {34 vars in 990 bytes} [Tue May 26 07:00:52 2026] GET /v2.0/ports?device_id=37c55776-8eb7-493d-a898-3a6d99fc7b9a => generated 12 bytes in 33 msecs (HTTP/1.1 200) 4 headers in 156 bytes (1 switches on core 0)
2026-05-26 07:00:52.565 8 INFO neutron.db.ovn_revision_numbers_db [None req-f6c7c967-a37a-41d6-8814-95a4c4e5058d 7d312063c510449ba5a219e8fcadd68d eea3694c66fb41be913f1ace617b6092 - - default default] Successfully bumped revision number for resource ab6522a3-a1c6-43b5-9fe3-e83fb0220182 (type: security_groups) to 1
2026-05-26 07:00:52.579 8 INFO neutron.db.ovn_revision_numbers_db [None req-f6c7c967-a37a-41d6-8814-95a4c4e5058d 7d312063c510449ba5a219e8fcadd68d eea3694c66fb41be913f1ace617b6092 - - default default] Successfully bumped revision number for resource 0922a0bd-00f9-435b-bda8-eb5938d57b26 (type: security_group_rules) to 0
2026-05-26 07:00:52.593 8 INFO neutron.db.ovn_revision_numbers_db [None req-f6c7c967-a37a-41d6-8814-95a4c4e5058d 7d312063c510449ba5a219e8fcadd68d eea3694c66fb41be913f1ace617b6092 - - default default] Successfully bumped revision number for resource 4ff81b0f-aa2b-4df2-8749-99df3a418b4d (type: security_group_rules) to 0
2026-05-26 07:00:52.608 8 INFO neutron.db.ovn_revision_numbers_db [None req-f6c7c967-a37a-41d6-8814-95a4c4e5058d 7d312063c510449ba5a219e8fcadd68d eea3694c66fb41be913f1ace617b6092 - - default default] Successfully bumped revision number for resource b161c0fb-1963-4f9b-ad25-12b4b09e2723 (type: security_group_rules) to 0
2026-05-26 07:00:52.623 8 INFO neutron.db.ovn_revision_numbers_db [None req-f6c7c967-a37a-41d6-8814-95a4c4e5058d 7d312063c510449ba5a219e8fcadd68d eea3694c66fb41be913f1ace617b6092 - - default default] Successfully bumped revision number for resource bec6a5c5-34c8-4adf-8387-00adde236652 (type: security_group_rules) to 0
2026-05-26 07:00:52.705 8 INFO neutron.db.segments_db [None req-f6c7c967-a37a-41d6-8814-95a4c4e5058d 7d312063c510449ba5a219e8fcadd68d eea3694c66fb41be913f1ace617b6092 - - default default] Added segment 1770f328-0ebc-461b-bb58-9a5a8100ef60 of type geneve for network 3d0112f3-412b-446b-bf54-5d0b2600fb36
2026-05-26 07:00:52.741 7 WARNING neutron.scheduler.dhcp_agent_scheduler [None req-34950af0-73d0-4b36-9718-b69d748346c2 093690209b994468b96db8ed748710e0 f6fbb52185c94fa59caed08d9339e6b0 - - default default] No more DHCP agents
2026-05-26 07:00:52.742 7 WARNING neutron.api.rpc.agentnotifiers.dhcp_rpc_agent_api [None req-34950af0-73d0-4b36-9718-b69d748346c2 093690209b994468b96db8ed748710e0 f6fbb52185c94fa59caed08d9339e6b0 - - default default] Unable to schedule network d0f3f67a-f6c7-4949-9224-264886788799: no agents available; will retry on subsequent port and subnet creation events.
2026-05-26 07:00:52.879 8 INFO neutron.db.ovn_revision_numbers_db [None req-f6c7c967-a37a-41d6-8814-95a4c4e5058d 7d312063c510449ba5a219e8fcadd68d eea3694c66fb41be913f1ace617b6092 - - default default] Successfully bumped revision number for resource 3d0112f3-412b-446b-bf54-5d0b2600fb36 (type: networks) to 1
2026-05-26 07:00:53.058 7 INFO neutron.db.ovn_revision_numbers_db [None req-34950af0-73d0-4b36-9718-b69d748346c2 093690209b994468b96db8ed748710e0 f6fbb52185c94fa59caed08d9339e6b0 - - default default] Successfully bumped revision number for resource ccccd2fb-0996-41dc-b7a1-145807b7f912 (type: router_ports) to 2 [pid: 7|app: 0|req: 772/1638] 10.0.0.222 () {34 vars in 783 bytes} [Tue May 26 07:00:51 2026] PUT /v2.0/routers/523def5d-45b7-4610-96e7-c98be63587c3/add_router_interface => generated 309 bytes in 1771 msecs (HTTP/1.1 200) 4 headers in 157 bytes (1 switches on core 0) /var/lib/openstack/lib/python3.12/site-packages/pycadf/identifier.py:70: UserWarning: Invalid uuid: neutron. To ensure interoperability, identifiers should be a valid uuid. warnings.warn(('Invalid uuid: %s. To ensure interoperability, '
2026-05-26 07:00:53.129 8 WARNING neutron.scheduler.dhcp_agent_scheduler [None req-f6c7c967-a37a-41d6-8814-95a4c4e5058d 7d312063c510449ba5a219e8fcadd68d eea3694c66fb41be913f1ace617b6092 - - default default] No more DHCP agents
2026-05-26 07:00:53.131 8 WARNING neutron.api.rpc.agentnotifiers.dhcp_rpc_agent_api [None req-f6c7c967-a37a-41d6-8814-95a4c4e5058d 7d312063c510449ba5a219e8fcadd68d eea3694c66fb41be913f1ace617b6092 - - default default] Unable to schedule network 3d0112f3-412b-446b-bf54-5d0b2600fb36: no agents available; will retry on subsequent port and subnet creation events.
2026-05-26 07:00:53.272 8 INFO neutron.db.ovn_revision_numbers_db [None req-f6c7c967-a37a-41d6-8814-95a4c4e5058d 7d312063c510449ba5a219e8fcadd68d eea3694c66fb41be913f1ace617b6092 - - default default] Successfully bumped revision number for resource f7e73b1e-1dff-4402-baf2-7942dfc239bc (type: ports) to 1 [pid: 8|app: 0|req: 867/1639] 10.0.0.222 () {34 vars in 671 bytes} [Tue May 26 07:00:52 2026] POST /v2.0/networks => generated 633 bytes in 1036 msecs (HTTP/1.1 201) 4 headers in 162 bytes (1 switches on core 0) [pid: 8|app: 0|req: 868/1640] 199.204.45.53 () {34 vars in 985 bytes} [Tue May 26 07:00:53 2026] GET /v2.0/networks?id=be7ccf3b-0cfb-4765-989d-7f2eeba8b3e6 => generated 673 bytes in 93 msecs (HTTP/1.1 200) 4 headers in 157 bytes (1 switches on core 0) [pid: 8|app: 0|req: 869/1641] 10.0.0.222 () {32 vars in 717 bytes} [Tue May 26 07:00:53 2026] GET /v2.0/ports/ccccd2fb-0996-41dc-b7a1-145807b7f912 => generated 1012 bytes in 50 msecs (HTTP/1.1 200) 4 headers in 158 bytes (1 switches on core 0) [pid: 7|app: 0|req: 773/1642] 10.0.0.222 () {32 vars in 740 bytes} [Tue May 26 07:00:53 2026] DELETE /v2.0/security-groups/7bcb05a5-7905-4c80-b3bf-9be3a9ef037e => generated 0 bytes in 408 msecs (HTTP/1.1 204) 2 headers in 112 bytes (1 switches on core 0) [pid: 7|app: 0|req: 774/1643] 10.0.0.201 () {34 vars in 990 bytes} [Tue May 26 07:00:53 2026] GET /v2.0/ports?device_id=37c55776-8eb7-493d-a898-3a6d99fc7b9a => generated 12 bytes in 21 msecs (HTTP/1.1 200) 4 headers in 156 bytes (1 switches on core 0) [pid: 7|app: 0|req: 775/1644] 199.204.45.53 () {34 vars in 1049 bytes} [Tue May 26 07:00:53 2026] GET /v2.0/security-groups?fields=id&fields=name&tenant_id=d6363e302e474212bf6b7bb14ad4ab29 => generated 180 bytes in 37 msecs (HTTP/1.1 200) 4 headers in 157 bytes (1 switches on core 0)
2026-05-26 07:00:53.769 7 WARNING neutron.plugins.ml2.drivers.ovn.mech_driver.ovsdb.ovn_client [None req-c2aec536-70b1-4b96-99fb-786055b098fd - - - - - -] No hosting information found for port 9d58055a-c419-45cd-a6ad-69071478d452: RuntimeError: No hosting information found for port 9d58055a-c419-45cd-a6ad-69071478d452
2026-05-26 07:00:53.924 7 INFO neutron_taas.services.taas.taas_plugin [None req-ba32e23f-221b-49d3-a285-877c7ef7e191 093690209b994468b96db8ed748710e0 f6fbb52185c94fa59caed08d9339e6b0 - - default default] TaaS: Handle Delete Port: ccccd2fb-0996-41dc-b7a1-145807b7f912
2026-05-26 07:00:53.934 7 INFO neutron_taas.services.taas.tap_mirror_plugin [None req-ba32e23f-221b-49d3-a285-877c7ef7e191 093690209b994468b96db8ed748710e0 f6fbb52185c94fa59caed08d9339e6b0 - - default default] Tap Mirror: Handle Delete Port: ccccd2fb-0996-41dc-b7a1-145807b7f912
2026-05-26 07:00:53.984 7 INFO neutron.db.ovn_revision_numbers_db [None req-c2aec536-70b1-4b96-99fb-786055b098fd - - - - - -] Successfully bumped revision number for resource 9d58055a-c419-45cd-a6ad-69071478d452 (type: router_ports) to 2
2026-05-26 07:00:54.003 8 WARNING neutron.scheduler.dhcp_agent_scheduler [None req-5c47de8b-b5d1-4bdf-9bc5-ad3acac39429 7d312063c510449ba5a219e8fcadd68d eea3694c66fb41be913f1ace617b6092 - - default default] No more DHCP agents
2026-05-26 07:00:54.004 8 WARNING neutron.api.rpc.agentnotifiers.dhcp_rpc_agent_api [None req-5c47de8b-b5d1-4bdf-9bc5-ad3acac39429 7d312063c510449ba5a219e8fcadd68d eea3694c66fb41be913f1ace617b6092 - - default default] Unable to schedule network 560e13b2-9a70-4f23-998b-d0bae3b7f802: no agents available; will retry on subsequent port and subnet creation events.
2026-05-26 07:00:54.103 7 INFO neutron.plugins.ml2.drivers.ovn.mech_driver.mech_driver [None req-c2aec536-70b1-4b96-99fb-786055b098fd - - - - - -] OVN reports status down for port: e7c2696f-05b7-4170-9159-70a6b0d5a916
2026-05-26 07:00:54.227 8 INFO neutron.db.ovn_revision_numbers_db [None req-5c47de8b-b5d1-4bdf-9bc5-ad3acac39429 7d312063c510449ba5a219e8fcadd68d eea3694c66fb41be913f1ace617b6092 - - default default] Successfully bumped revision number for resource 02bb7a6d-dc67-428d-8e3a-6e39dfb7bc9f (type: ports) to 1
2026-05-26 07:00:54.298 7 INFO neutron.plugins.ml2.drivers.ovn.mech_driver.mech_driver [None req-c2aec536-70b1-4b96-99fb-786055b098fd - - - - - -] OVN reports status down for port: ccccd2fb-0996-41dc-b7a1-145807b7f912
2026-05-26 07:00:54.321 7 INFO neutron.plugins.ml2.drivers.ovn.mech_driver.mech_driver [None req-c2aec536-70b1-4b96-99fb-786055b098fd - - - - - -] OVN reports status up for port: ccccd2fb-0996-41dc-b7a1-145807b7f912
2026-05-26 07:00:54.381 7 INFO neutron.plugins.ml2.drivers.ovn.mech_driver.mech_driver [None req-c2aec536-70b1-4b96-99fb-786055b098fd - - - - - -] OVN reports status down for port: f7e73b1e-1dff-4402-baf2-7942dfc239bc
2026-05-26 07:00:54.572 7 INFO neutron.plugins.ml2.drivers.ovn.mech_driver.mech_driver [None req-c2aec536-70b1-4b96-99fb-786055b098fd - - - - - -] OVN reports status down for port: 02bb7a6d-dc67-428d-8e3a-6e39dfb7bc9f [pid: 7|app: 0|req: 776/1645] 10.0.0.222 () {34 vars in 789 bytes} [Tue May 26 07:00:53 2026] PUT /v2.0/routers/523def5d-45b7-4610-96e7-c98be63587c3/remove_router_interface => generated 309 bytes in 1190 msecs (HTTP/1.1 200) 4 headers in 157 bytes (1 switches on core 0) /var/lib/openstack/lib/python3.12/site-packages/pycadf/identifier.py:70: UserWarning: Invalid uuid: neutron. To ensure interoperability, identifiers should be a valid uuid. warnings.warn(('Invalid uuid: %s. To ensure interoperability, '
2026-05-26 07:00:54.955 8 INFO neutron.plugins.ml2.drivers.ovn.mech_driver.ovsdb.commands [-] Schedule LRP lrp-02bb7a6d-dc67-428d-8e3a-6e39dfb7bc9f on gateway fe61b169-fe31-400a-9ba1-305618db10ae with priority 1
2026-05-26 07:00:55.162 7 WARNING neutron.scheduler.dhcp_agent_scheduler [req-bbae7b77-4ef8-47f6-bedb-df245a36e919 req-ca6d5a9d-3b82-4412-890c-3b2d9ad6e6f3 44a2160da6cc4338846b540ad23ed3a6 d6363e302e474212bf6b7bb14ad4ab29 - - default default] No more DHCP agents
2026-05-26 07:00:55.167 7 WARNING neutron.api.rpc.agentnotifiers.dhcp_rpc_agent_api [req-bbae7b77-4ef8-47f6-bedb-df245a36e919 req-ca6d5a9d-3b82-4412-890c-3b2d9ad6e6f3 44a2160da6cc4338846b540ad23ed3a6 d6363e302e474212bf6b7bb14ad4ab29 - - default default] Unable to schedule network be7ccf3b-0cfb-4765-989d-7f2eeba8b3e6: no agents available; will retry on subsequent port and subnet creation events.
2026-05-26 07:00:55.182 8 INFO neutron.db.ovn_revision_numbers_db [None req-5c47de8b-b5d1-4bdf-9bc5-ad3acac39429 7d312063c510449ba5a219e8fcadd68d eea3694c66fb41be913f1ace617b6092 - - default default] Successfully bumped revision number for resource 02bb7a6d-dc67-428d-8e3a-6e39dfb7bc9f (type: router_ports) to 1
2026-05-26 07:00:55.200 7 INFO neutron.plugins.ml2.drivers.ovn.mech_driver.ovsdb.ovsdb_monitor [None req-144e326d-19da-451d-8cef-8570d6eec75e - - - - - -] Router 7f7762e4-5bc8-4412-84ca-c4148a0ac8e8 is bound to host instance
2026-05-26 07:00:55.205 7 INFO neutron.plugins.ml2.drivers.ovn.mech_driver.mech_driver [None req-c2aec536-70b1-4b96-99fb-786055b098fd - - - - - -] OVN reports status up for port: 02bb7a6d-dc67-428d-8e3a-6e39dfb7bc9f
2026-05-26 07:00:55.312 8 INFO neutron.db.ovn_revision_numbers_db [None req-5c47de8b-b5d1-4bdf-9bc5-ad3acac39429 7d312063c510449ba5a219e8fcadd68d eea3694c66fb41be913f1ace617b6092 - - default default] Successfully bumped revision number for resource 7f7762e4-5bc8-4412-84ca-c4148a0ac8e8 (type: routers) to 2
2026-05-26 07:00:55.319 7 INFO neutron.plugins.ml2.plugin [None req-c2aec536-70b1-4b96-99fb-786055b098fd - - - - - -] Attempt 1 to provision port 02bb7a6d-dc67-428d-8e3a-6e39dfb7bc9f [pid: 8|app: 0|req: 870/1646] 10.0.0.222 () {34 vars in 669 bytes} [Tue May 26 07:00:53 2026] POST /v2.0/routers => generated 955 bytes in 1899 msecs (HTTP/1.1 201) 4 headers in 162 bytes (1 switches on core 0) [pid: 8|app: 0|req: 871/1647] 10.0.0.201 () {34 vars in 990 bytes} [Tue May 26 07:00:55 2026] GET /v2.0/ports?device_id=37c55776-8eb7-493d-a898-3a6d99fc7b9a => generated 957 bytes in 128 msecs (HTTP/1.1 200) 4 headers in 157 bytes (1 switches on core 0)
2026-05-26 07:00:55.613 8 INFO neutron.api.v2.resource [None req-d681ef61-ca34-422d-a65d-f4de25dc9078 093690209b994468b96db8ed748710e0 f6fbb52185c94fa59caed08d9339e6b0 - - default default] remove_router_interface failed (client error): The resource could not be found. [pid: 8|app: 0|req: 872/1648] 10.0.0.222 () {34 vars in 789 bytes} [Tue May 26 07:00:55 2026] PUT /v2.0/routers/523def5d-45b7-4610-96e7-c98be63587c3/remove_router_interface => generated 197 bytes in 129 msecs (HTTP/1.1 404) 4 headers in 164 bytes (1 switches on core 0)
2026-05-26 07:00:55.680 7 INFO neutron.db.ovn_revision_numbers_db [req-bbae7b77-4ef8-47f6-bedb-df245a36e919 req-ca6d5a9d-3b82-4412-890c-3b2d9ad6e6f3 44a2160da6cc4338846b540ad23ed3a6 d6363e302e474212bf6b7bb14ad4ab29 - - default default] Successfully bumped revision number for resource 63198de0-c4e1-4412-b9da-3490ce46452e (type: ports) to 1 [pid: 8|app: 0|req: 873/1649] 10.0.0.222 () {32 vars in 776 bytes} [Tue May 26 07:00:55 2026] GET /v2.0/subnets?project_id=eea3694c66fb41be913f1ace617b6092&cidr=10.100.0.0%2F28 => generated 14 bytes in 245 msecs (HTTP/1.1 200) 4 headers in 156 bytes (1 switches on core 0) [pid: 7|app: 0|req: 777/1650] 199.204.45.53 () {38 vars in 954 bytes} [Tue May 26 07:00:54 2026] POST /v2.0/ports => generated 954 bytes in 1148 msecs (HTTP/1.1 201) 4 headers in 162 bytes (1 switches on core 0) /var/lib/openstack/lib/python3.12/site-packages/pycadf/identifier.py:70: UserWarning: Invalid uuid: neutron. To ensure interoperability, identifiers should be a valid uuid. warnings.warn(('Invalid uuid: %s. To ensure interoperability, ' [pid: 8|app: 0|req: 874/1651] 10.0.0.201 () {34 vars in 1040 bytes} [Tue May 26 07:00:55 2026] GET /v2.0/security-groups?id=86506b6b-8215-421a-bb53-5fdce15efde1&fields=id&fields=name => generated 113 bytes in 43 msecs (HTTP/1.1 200) 4 headers in 157 bytes (1 switches on core 0) [pid: 7|app: 0|req: 778/1652] 10.0.0.222 () {32 vars in 736 bytes} [Tue May 26 07:00:55 2026] GET /v2.0/ports?device_id=523def5d-45b7-4610-96e7-c98be63587c3 => generated 12 bytes in 48 msecs (HTTP/1.1 200) 4 headers in 156 bytes (1 switches on core 0) [pid: 8|app: 0|req: 875/1653] 10.0.0.222 () {32 vars in 694 bytes} [Tue May 26 07:00:55 2026] GET /v2.0/networks?router%3Aexternal=True => generated 753 bytes in 70 msecs (HTTP/1.1 200) 4 headers in 157 bytes (1 switches on core 0) [pid: 8|app: 0|req: 876/1654] 10.0.0.222 () {32 vars in 724 bytes} [Tue May 26 07:00:55 2026] DELETE /v2.0/routers/523def5d-45b7-4610-96e7-c98be63587c3 => generated 0 bytes in 265 msecs (HTTP/1.1 204) 2 headers in 112 bytes (1 switches on core 0) [pid: 8|app: 0|req: 877/1655] 10.0.0.222 () {32 vars in 784 bytes} [Tue May 26 07:00:56 2026] GET /v2.0/subnets?network_id=560e13b2-9a70-4f23-998b-d0bae3b7f802&cidr=10.100.0.0%2F28 => generated 14 bytes in 26 msecs (HTTP/1.1 200) 4 headers in 156 bytes (1 switches on core 0) [pid: 8|app: 0|req: 878/1656] 10.0.0.222 () {32 vars in 724 bytes} [Tue May 26 07:00:56 2026] DELETE /v2.0/subnets/3d5144a9-6aa7-493b-8416-4d02b4f87da8 => generated 0 bytes in 209 msecs (HTTP/1.1 204) 3 headers in 131 bytes (1 switches on core 0)
2026-05-26 07:00:56.718 8 WARNING neutron.scheduler.dhcp_agent_scheduler [None req-26f6ca30-f874-4938-81f5-af728023b487 7d312063c510449ba5a219e8fcadd68d eea3694c66fb41be913f1ace617b6092 - - default default] No more DHCP agents
2026-05-26 07:00:56.719 8 WARNING neutron.api.rpc.agentnotifiers.dhcp_rpc_agent_api [None req-26f6ca30-f874-4938-81f5-af728023b487 7d312063c510449ba5a219e8fcadd68d eea3694c66fb41be913f1ace617b6092 - - default default] Unable to schedule network 3d0112f3-412b-446b-bf54-5d0b2600fb36: no agents available; will retry on subsequent port and subnet creation events.
2026-05-26 07:00:56.720 7 INFO neutron.db.ovn_revision_numbers_db [req-bbae7b77-4ef8-47f6-bedb-df245a36e919 req-423b265d-7bf6-4290-ba8f-e83f386410dd 83f4f9e1468540b4a1d49e4016045e08 7e8090509dd54cfa98c7d04fac429ea5 - - adca7180446d40ffbaeb5ec3c4604bd8 adca7180446d40ffbaeb5ec3c4604bd8] Successfully bumped revision number for resource 63198de0-c4e1-4412-b9da-3490ce46452e (type: ports) to 2
2026-05-26 07:00:57.053 7 INFO neutron.db.ovn_revision_numbers_db [None req-b1d7fdc6-3050-40e0-8189-46bb54d2aacd - - - - - -] Successfully bumped revision number for resource 02bb7a6d-dc67-428d-8e3a-6e39dfb7bc9f (type: ports) to 4
2026-05-26 07:00:57.166 7 INFO neutron.db.ovn_revision_numbers_db [req-bbae7b77-4ef8-47f6-bedb-df245a36e919 req-423b265d-7bf6-4290-ba8f-e83f386410dd 83f4f9e1468540b4a1d49e4016045e08 7e8090509dd54cfa98c7d04fac429ea5 - - adca7180446d40ffbaeb5ec3c4604bd8 adca7180446d40ffbaeb5ec3c4604bd8] Successfully bumped revision number for resource 63198de0-c4e1-4412-b9da-3490ce46452e (type: ports) to 4 [pid: 7|app: 0|req: 779/1657] 199.204.45.53 () {38 vars in 1027 bytes} [Tue May 26 07:00:55 2026] PUT /v2.0/ports/63198de0-c4e1-4412-b9da-3490ce46452e => generated 1204 bytes in 1305 msecs (HTTP/1.1 200) 4 headers in 158 bytes (1 switches on core 0) /var/lib/openstack/lib/python3.12/site-packages/pycadf/identifier.py:70: UserWarning: Invalid uuid: neutron. To ensure interoperability, identifiers should be a valid uuid. warnings.warn(('Invalid uuid: %s. To ensure interoperability, '
2026-05-26 07:00:57.277 8 INFO neutron.db.ovn_revision_numbers_db [None req-35639803-7a21-4f30-9b95-999ffe5ebc46 - - - - - -] Successfully bumped revision number for resource f7e73b1e-1dff-4402-baf2-7942dfc239bc (type: ports) to 2
2026-05-26 07:00:57.310 8 INFO neutron.db.ovn_revision_numbers_db [None req-35639803-7a21-4f30-9b95-999ffe5ebc46 - - - - - -] Successfully bumped revision number for resource 1781afa6-7af4-492d-a360-6bb1cbe69996 (type: subnets) to 0
2026-05-26 07:00:57.313 7 INFO neutron.notifiers.nova [-] Nova event matching ['req-6571f1e7-e7db-474c-b270-006f1a34c9a5'] response: {'name': 'network-changed', 'server_uuid': '37c55776-8eb7-493d-a898-3a6d99fc7b9a', 'tag': '63198de0-c4e1-4412-b9da-3490ce46452e', 'status': 'completed', 'code': 200} [pid: 8|app: 0|req: 879/1658] 10.0.0.222 () {34 vars in 669 bytes} [Tue May 26 07:00:56 2026] POST /v2.0/subnets => generated 657 bytes in 854 msecs (HTTP/1.1 201) 4 headers in 162 bytes (1 switches on core 0) [pid: 8|app: 0|req: 880/1659] 10.0.0.168 () {30 vars in 650 bytes} [Tue May 26 07:00:57 2026] GET /v2.0/extensions => generated 20118 bytes in 46 msecs (HTTP/1.1 200) 4 headers in 159 bytes (1 switches on core 0) [pid: 8|app: 0|req: 881/1660] 10.0.0.201 () {34 vars in 990 bytes} [Tue May 26 07:00:57 2026] GET /v2.0/ports?device_id=37c55776-8eb7-493d-a898-3a6d99fc7b9a => generated 969 bytes in 55 msecs (HTTP/1.1 200) 4 headers in 157 bytes (1 switches on core 0)
2026-05-26 07:00:57.559 7 INFO neutron_taas.services.taas.taas_plugin [None req-10c413a1-b1be-4ed7-99b8-1196915db50a 093690209b994468b96db8ed748710e0 f6fbb52185c94fa59caed08d9339e6b0 - - default default] TaaS: Handle Delete Port: e7c2696f-05b7-4170-9159-70a6b0d5a916
2026-05-26 07:00:57.566 7 INFO neutron_taas.services.taas.tap_mirror_plugin [None req-10c413a1-b1be-4ed7-99b8-1196915db50a 093690209b994468b96db8ed748710e0 f6fbb52185c94fa59caed08d9339e6b0 - - default default] Tap Mirror: Handle Delete Port: e7c2696f-05b7-4170-9159-70a6b0d5a916
2026-05-26 07:00:57.795 7 INFO neutron.db.ovn_revision_numbers_db [None req-b1d7fdc6-3050-40e0-8189-46bb54d2aacd - - - - - -] Successfully bumped revision number for resource 02bb7a6d-dc67-428d-8e3a-6e39dfb7bc9f (type: ports) to 5
2026-05-26 07:00:57.968 7 INFO neutron.services.segments.plugin [-] Segment 23a95b60-23ab-4f79-80b1-49b5b3573658 resource provider aggregate not found
2026-05-26 07:00:57.970 7 INFO neutron.services.segments.plugin [-] Segment 23a95b60-23ab-4f79-80b1-49b5b3573658 resource provider aggregate not found
2026-05-26 07:00:57.989 7 INFO neutron.services.segments.plugin [-] Segment 23a95b60-23ab-4f79-80b1-49b5b3573658 resource provider not found; error: Placement Client Error (4xx): {"errors": [{"status": 404, "title": "Not Found", "detail": "The resource could not be found.\n\n No resource provider with uuid 23a95b60-23ab-4f79-80b1-49b5b3573658 found for delete ", "request_id": "req-38645c0c-0cb4-410f-a303-10e73485f634"}]}
2026-05-26 07:00:57.990 7 INFO neutron.services.segments.plugin [-] Segment 23a95b60-23ab-4f79-80b1-49b5b3573658 resource provider not found; error: Placement Client Error (4xx): {"errors": [{"status": 404, "title": "Not Found", "detail": "The resource could not be found.\n\n No resource provider with uuid 23a95b60-23ab-4f79-80b1-49b5b3573658 found for delete ", "request_id": "req-6cad6ac0-0576-4636-b4a3-c0a29363f001"}]} [pid: 7|app: 0|req: 780/1661] 10.0.0.222 () {32 vars in 726 bytes} [Tue May 26 07:00:57 2026] DELETE /v2.0/networks/d0f3f67a-f6c7-4949-9224-264886788799 => generated 0 bytes in 801 msecs (HTTP/1.1 204) 3 headers in 131 bytes (1 switches on core 0)
2026-05-26 07:00:58.050 8 WARNING neutron.scheduler.dhcp_agent_scheduler [None req-75d0a34d-3a10-40b2-90a2-7f39760b36ef 7d312063c510449ba5a219e8fcadd68d eea3694c66fb41be913f1ace617b6092 - - default default] No more DHCP agents
2026-05-26 07:00:58.051 8 WARNING neutron.api.rpc.agentnotifiers.dhcp_rpc_agent_api [None req-75d0a34d-3a10-40b2-90a2-7f39760b36ef 7d312063c510449ba5a219e8fcadd68d eea3694c66fb41be913f1ace617b6092 - - default default] Unable to schedule network 3d0112f3-412b-446b-bf54-5d0b2600fb36: no agents available; will retry on subsequent port and subnet creation events. [pid: 7|app: 0|req: 781/1662] 10.0.0.168 () {30 vars in 724 bytes} [Tue May 26 07:00:58 2026] GET /v2.0/quotas/fc78914074a742e5af936f0da1c2630e/details => generated 847 bytes in 96 msecs (HTTP/1.1 200) 4 headers in 157 bytes (1 switches on core 0) [pid: 7|app: 0|req: 782/1663] 10.0.0.201 () {34 vars in 1040 bytes} [Tue May 26 07:00:58 2026] GET /v2.0/security-groups?id=86506b6b-8215-421a-bb53-5fdce15efde1&fields=id&fields=name => generated 113 bytes in 47 msecs (HTTP/1.1 200) 4 headers in 157 bytes (1 switches on core 0)
2026-05-26 07:00:58.224 8 INFO neutron.db.ovn_revision_numbers_db [None req-75d0a34d-3a10-40b2-90a2-7f39760b36ef 7d312063c510449ba5a219e8fcadd68d eea3694c66fb41be913f1ace617b6092 - - default default] Successfully bumped revision number for resource 3688ae6d-5a18-438f-80f2-e3109a18d08b (type: ports) to 1 [pid: 7|app: 0|req: 783/1664] 199.204.45.53 () {34 vars in 1079 bytes} [Tue May 26 07:00:58 2026] GET /v2.0/ports?tenant_id=d6363e302e474212bf6b7bb14ad4ab29&device_id=37c55776-8eb7-493d-a898-3a6d99fc7b9a => generated 1207 bytes in 61 msecs (HTTP/1.1 200) 4 headers in 158 bytes (1 switches on core 0)
