2026-05-26 07:02:32.054 8 INFO neutron_taas.services.taas.taas_plugin [None req-1a1b4b69-6e01-4568-b8c4-baeccd859e92 1a22435ebb8948419802dc30c97fc3c0 5534fea927c3469ba878e4981e84556a - - default default] TaaS: Handle Delete Port: e6187e4f-f310-4589-93ce-475481665052
2026-05-26 07:02:32.057 8 INFO neutron_taas.services.taas.tap_mirror_plugin [None req-1a1b4b69-6e01-4568-b8c4-baeccd859e92 1a22435ebb8948419802dc30c97fc3c0 5534fea927c3469ba878e4981e84556a - - default default] Tap Mirror: Handle Delete Port: e6187e4f-f310-4589-93ce-475481665052 [pid: 7|app: 0|req: 1086/2319] 10.0.0.222 () {32 vars in 740 bytes} [Tue May 26 07:02:31 2026] DELETE /v2.0/security-groups/50633a34-b039-4f2e-a36f-88220f4cde76 => generated 0 bytes in 141 msecs (HTTP/1.1 204) 2 headers in 112 bytes (1 switches on core 0) [pid: 7|app: 0|req: 1087/2320] 10.0.0.222 () {32 vars in 740 bytes} [Tue May 26 07:02:32 2026] DELETE /v2.0/security-groups/1b16a53d-fd1c-4e94-8899-88e94dc3251c => generated 0 bytes in 340 msecs (HTTP/1.1 204) 2 headers in 112 bytes (1 switches on core 0)
2026-05-26 07:02:32.510 8 INFO neutron.services.segments.plugin [-] Segment 61e0bbec-8518-4c6f-b535-e79106c74d62 resource provider aggregate not found
2026-05-26 07:02:32.515 8 INFO neutron.services.segments.plugin [-] Segment 61e0bbec-8518-4c6f-b535-e79106c74d62 resource provider aggregate not found
2026-05-26 07:02:32.532 8 INFO neutron.services.segments.plugin [-] Segment 61e0bbec-8518-4c6f-b535-e79106c74d62 resource provider not found; error: Placement Client Error (4xx): {"errors": [{"status": 404, "title": "Not Found", "detail": "The resource could not be found.\n\n No resource provider with uuid 61e0bbec-8518-4c6f-b535-e79106c74d62 found for delete ", "request_id": "req-0630443f-e7d7-4814-a404-c8dbc7ca9bc8"}]}
2026-05-26 07:02:32.539 8 INFO neutron.services.segments.plugin [-] Segment 61e0bbec-8518-4c6f-b535-e79106c74d62 resource provider not found; error: Placement Client Error (4xx): {"errors": [{"status": 404, "title": "Not Found", "detail": "The resource could not be found.\n\n No resource provider with uuid 61e0bbec-8518-4c6f-b535-e79106c74d62 found for delete ", "request_id": "req-3dae10be-d776-49af-b9fe-7288b540bc72"}]} [pid: 8|app: 0|req: 1234/2321] 10.0.0.222 () {32 vars in 726 bytes} [Tue May 26 07:02:31 2026] DELETE /v2.0/networks/1a33b28c-10d5-462c-8f5e-a314e568e238 => generated 0 bytes in 681 msecs (HTTP/1.1 204) 3 headers in 131 bytes (1 switches on core 0) [pid: 7|app: 0|req: 1088/2322] 10.0.0.222 () {32 vars in 740 bytes} [Tue May 26 07:02:32 2026] DELETE /v2.0/security-groups/00b55bf6-db63-4d2c-9a65-0c871d0b5b23 => generated 0 bytes in 170 msecs (HTTP/1.1 204) 2 headers in 112 bytes (1 switches on core 0)
2026-05-26 07:02:32.696 8 INFO neutron.db.segments_db [None req-fd40074e-b16f-45a6-a54b-323ccf098ca6 1a22435ebb8948419802dc30c97fc3c0 5534fea927c3469ba878e4981e84556a - - default default] Added segment a62658b4-50c3-47da-93aa-11384e44da59 of type geneve for network 0a056a87-4237-4d0f-a820-5cc3ea04113b [pid: 7|app: 0|req: 1089/2323] 10.0.0.222 () {32 vars in 740 bytes} [Tue May 26 07:02:32 2026] DELETE /v2.0/security-groups/a5d52a87-4147-42c3-bed0-d210bd6cb65f => generated 0 bytes in 153 msecs (HTTP/1.1 204) 2 headers in 112 bytes (1 switches on core 0)
2026-05-26 07:02:32.885 8 INFO neutron.db.ovn_revision_numbers_db [None req-fd40074e-b16f-45a6-a54b-323ccf098ca6 1a22435ebb8948419802dc30c97fc3c0 5534fea927c3469ba878e4981e84556a - - default default] Successfully bumped revision number for resource 0a056a87-4237-4d0f-a820-5cc3ea04113b (type: networks) to 1 [pid: 7|app: 0|req: 1090/2324] 10.0.0.222 () {32 vars in 740 bytes} [Tue May 26 07:02:32 2026] DELETE /v2.0/security-groups/a6e83e6a-83c6-4fbe-80f1-97eba3c9b368 => generated 0 bytes in 191 msecs (HTTP/1.1 204) 2 headers in 112 bytes (1 switches on core 0)
2026-05-26 07:02:33.098 8 WARNING neutron.scheduler.dhcp_agent_scheduler [None req-fd40074e-b16f-45a6-a54b-323ccf098ca6 1a22435ebb8948419802dc30c97fc3c0 5534fea927c3469ba878e4981e84556a - - default default] No more DHCP agents
2026-05-26 07:02:33.103 8 WARNING neutron.api.rpc.agentnotifiers.dhcp_rpc_agent_api [None req-fd40074e-b16f-45a6-a54b-323ccf098ca6 1a22435ebb8948419802dc30c97fc3c0 5534fea927c3469ba878e4981e84556a - - default default] Unable to schedule network 0a056a87-4237-4d0f-a820-5cc3ea04113b: no agents available; will retry on subsequent port and subnet creation events. [pid: 7|app: 0|req: 1091/2325] 10.0.0.222 () {32 vars in 740 bytes} [Tue May 26 07:02:33 2026] DELETE /v2.0/security-groups/da7b5591-e4f4-409b-9f7b-acc6939d73ae => generated 0 bytes in 179 msecs (HTTP/1.1 204) 2 headers in 112 bytes (1 switches on core 0)
2026-05-26 07:02:33.214 7 INFO neutron.plugins.ml2.drivers.ovn.mech_driver.mech_driver [None req-0ed33de6-964b-4b53-9c99-35db9bb6b3b4 - - - - - -] OVN reports status down for port: 73a2f47a-982b-41c2-a419-f7bc35060650
2026-05-26 07:02:33.289 8 INFO neutron.db.ovn_revision_numbers_db [None req-fd40074e-b16f-45a6-a54b-323ccf098ca6 1a22435ebb8948419802dc30c97fc3c0 5534fea927c3469ba878e4981e84556a - - default default] Successfully bumped revision number for resource 73a2f47a-982b-41c2-a419-f7bc35060650 (type: ports) to 1 [pid: 8|app: 0|req: 1235/2326] 10.0.0.222 () {34 vars in 670 bytes} [Tue May 26 07:02:32 2026] POST /v2.0/networks => generated 730 bytes in 736 msecs (HTTP/1.1 201) 4 headers in 162 bytes (1 switches on core 0)
2026-05-26 07:02:33.477 7 WARNING neutron.scheduler.dhcp_agent_scheduler [None req-88ffa7e0-1da9-4f0e-b764-215f4dd62c7e 1a22435ebb8948419802dc30c97fc3c0 5534fea927c3469ba878e4981e84556a - - default default] No more DHCP agents
2026-05-26 07:02:33.480 7 WARNING neutron.api.rpc.agentnotifiers.dhcp_rpc_agent_api [None req-88ffa7e0-1da9-4f0e-b764-215f4dd62c7e 1a22435ebb8948419802dc30c97fc3c0 5534fea927c3469ba878e4981e84556a - - default default] Unable to schedule network 0a056a87-4237-4d0f-a820-5cc3ea04113b: no agents available; will retry on subsequent port and subnet creation events.
2026-05-26 07:02:34.000 7 INFO neutron.db.ovn_revision_numbers_db [None req-bfd7fd98-0614-47bb-90a2-a04231cad5d3 - - - - - -] Successfully bumped revision number for resource 73a2f47a-982b-41c2-a419-f7bc35060650 (type: ports) to 2
2026-05-26 07:02:34.038 7 INFO neutron.db.ovn_revision_numbers_db [None req-bfd7fd98-0614-47bb-90a2-a04231cad5d3 - - - - - -] Successfully bumped revision number for resource b9411eb5-d331-4995-b1a5-88c2d4a16712 (type: subnets) to 0 [pid: 7|app: 0|req: 1092/2327] 10.0.0.222 () {34 vars in 669 bytes} [Tue May 26 07:02:33 2026] POST /v2.0/subnets => generated 647 bytes in 726 msecs (HTTP/1.1 201) 4 headers in 162 bytes (1 switches on core 0)
2026-05-26 07:02:34.067 7 WARNING neutron.api.v2.base [None req-757aca55-a434-4623-95e2-1185ff3f3424 1a22435ebb8948419802dc30c97fc3c0 5534fea927c3469ba878e4981e84556a - - default default] An exception happened while processing the request body. The exception message is [Invalid input for target_tenant. Reason: '1234123412341234123412341234123412341234123412341234123412341234123412341234123412341234123412341234123412341234123412341234123412341234123412341234123412341234123412341234123412341234123412341234123412341234123412341234123412341234123412341234123412341234123412341234123412341234123412341234123412341234123412341234123412341234123412341234123412341234123412341234123412341234123412341234123412341234' exceeds maximum length of 255.].: webob.exc.HTTPBadRequest: Invalid input for target_tenant. Reason: '1234123412341234123412341234123412341234123412341234123412341234123412341234123412341234123412341234123412341234123412341234123412341234123412341234123412341234123412341234123412341234123412341234123412341234123412341234123412341234123412341234123412341234123412341234123412341234123412341234123412341234123412341234123412341234123412341234123412341234123412341234123412341234123412341234123412341234' exceeds maximum length of 255.
2026-05-26 07:02:34.068 7 INFO neutron.api.v2.resource [None req-757aca55-a434-4623-95e2-1185ff3f3424 1a22435ebb8948419802dc30c97fc3c0 5534fea927c3469ba878e4981e84556a - - default default] create failed (client error): Invalid input for target_tenant. Reason: '1234123412341234123412341234123412341234123412341234123412341234123412341234123412341234123412341234123412341234123412341234123412341234123412341234123412341234123412341234123412341234123412341234123412341234123412341234123412341234123412341234123412341234123412341234123412341234123412341234123412341234123412341234123412341234123412341234123412341234123412341234123412341234123412341234123412341234' exceeds maximum length of 255. [pid: 7|app: 0|req: 1093/2328] 10.0.0.222 () {34 vars in 681 bytes} [Tue May 26 07:02:34 2026] POST /v2.0/rbac-policies => generated 547 bytes in 8 msecs (HTTP/1.1 400) 4 headers in 166 bytes (1 switches on core 0)
2026-05-26 07:02:34.237 7 INFO neutron_taas.services.taas.taas_plugin [None req-b9abe7ea-a5a8-4361-8d97-98c139429674 1a22435ebb8948419802dc30c97fc3c0 5534fea927c3469ba878e4981e84556a - - default default] TaaS: Handle Delete Port: 73a2f47a-982b-41c2-a419-f7bc35060650
2026-05-26 07:02:34.240 7 INFO neutron_taas.services.taas.tap_mirror_plugin [None req-b9abe7ea-a5a8-4361-8d97-98c139429674 1a22435ebb8948419802dc30c97fc3c0 5534fea927c3469ba878e4981e84556a - - default default] Tap Mirror: Handle Delete Port: 73a2f47a-982b-41c2-a419-f7bc35060650 [pid: 8|app: 0|req: 1236/2329] 10.0.0.222 () {32 vars in 774 bytes} [Tue May 26 07:02:34 2026] GET /v2.0/security-groups?tenant_id=0bdf436c8ddf4ec7b4ae2fbe4fd7a0ea&name=default => generated 2925 bytes in 282 msecs (HTTP/1.1 200) 4 headers in 158 bytes (1 switches on core 0) [pid: 8|app: 0|req: 1237/2330] 10.0.0.222 () {32 vars in 740 bytes} [Tue May 26 07:02:34 2026] DELETE /v2.0/security-groups/8f9d15f1-d32f-4b5a-99b0-ad6ca583bf3a => generated 0 bytes in 379 msecs (HTTP/1.1 204) 2 headers in 112 bytes (1 switches on core 0)
2026-05-26 07:02:34.714 7 INFO neutron.services.segments.plugin [-] Segment a62658b4-50c3-47da-93aa-11384e44da59 resource provider aggregate not found
2026-05-26 07:02:34.725 7 INFO neutron.services.segments.plugin [-] Segment a62658b4-50c3-47da-93aa-11384e44da59 resource provider aggregate not found
2026-05-26 07:02:34.747 7 INFO neutron.services.segments.plugin [-] Segment a62658b4-50c3-47da-93aa-11384e44da59 resource provider not found; error: Placement Client Error (4xx): {"errors": [{"status": 404, "title": "Not Found", "detail": "The resource could not be found.\n\n No resource provider with uuid a62658b4-50c3-47da-93aa-11384e44da59 found for delete ", "request_id": "req-30000833-e213-4ce3-985b-545834d7e060"}]}
2026-05-26 07:02:34.752 7 INFO neutron.services.segments.plugin [-] Segment a62658b4-50c3-47da-93aa-11384e44da59 resource provider not found; error: Placement Client Error (4xx): {"errors": [{"status": 404, "title": "Not Found", "detail": "The resource could not be found.\n\n No resource provider with uuid a62658b4-50c3-47da-93aa-11384e44da59 found for delete ", "request_id": "req-6b65007c-2333-4607-b61f-fa94a8d8b5e8"}]} [pid: 7|app: 0|req: 1094/2331] 10.0.0.222 () {32 vars in 726 bytes} [Tue May 26 07:02:34 2026] DELETE /v2.0/networks/0a056a87-4237-4d0f-a820-5cc3ea04113b => generated 0 bytes in 710 msecs (HTTP/1.1 204) 3 headers in 131 bytes (1 switches on core 0)
2026-05-26 07:02:34.894 8 INFO neutron.db.segments_db [None req-f25de478-cfb8-49ce-b951-02b618c1568b 1a22435ebb8948419802dc30c97fc3c0 5534fea927c3469ba878e4981e84556a - - default default] Added segment 561d8ce7-2a7f-424d-8914-54a5c1f4d035 of type geneve for network c7854d7a-f756-4282-bc19-71a4a1e41e04
2026-05-26 07:02:35.024 7 INFO neutron.db.ovn_revision_numbers_db [None req-7c5c3c07-d912-4ae6-807a-1eb0bc69eadb 69450e7499ee4c6fadd31d75ee19566b 65f579e1801f4b07ac350c303332e7bf - - default default] Successfully bumped revision number for resource 84ca45c2-bab4-482e-a493-ff3fcce161b2 (type: security_groups) to 1
2026-05-26 07:02:35.053 7 INFO neutron.db.ovn_revision_numbers_db [None req-7c5c3c07-d912-4ae6-807a-1eb0bc69eadb 69450e7499ee4c6fadd31d75ee19566b 65f579e1801f4b07ac350c303332e7bf - - default default] Successfully bumped revision number for resource 1178d34d-a147-4a14-811a-2630bb162fed (type: security_group_rules) to 0
2026-05-26 07:02:35.071 7 INFO neutron.db.ovn_revision_numbers_db [None req-7c5c3c07-d912-4ae6-807a-1eb0bc69eadb 69450e7499ee4c6fadd31d75ee19566b 65f579e1801f4b07ac350c303332e7bf - - default default] Successfully bumped revision number for resource 35ee622b-76b8-47bb-b0c4-ed851ec19016 (type: security_group_rules) to 0
2026-05-26 07:02:35.073 8 INFO neutron.db.ovn_revision_numbers_db [None req-f25de478-cfb8-49ce-b951-02b618c1568b 1a22435ebb8948419802dc30c97fc3c0 5534fea927c3469ba878e4981e84556a - - default default] Successfully bumped revision number for resource c7854d7a-f756-4282-bc19-71a4a1e41e04 (type: networks) to 1
2026-05-26 07:02:35.086 7 INFO neutron.db.ovn_revision_numbers_db [None req-7c5c3c07-d912-4ae6-807a-1eb0bc69eadb 69450e7499ee4c6fadd31d75ee19566b 65f579e1801f4b07ac350c303332e7bf - - default default] Successfully bumped revision number for resource 868cd241-7a40-48cd-a446-84b7437c78e7 (type: security_group_rules) to 0
2026-05-26 07:02:35.099 7 INFO neutron.db.ovn_revision_numbers_db [None req-7c5c3c07-d912-4ae6-807a-1eb0bc69eadb 69450e7499ee4c6fadd31d75ee19566b 65f579e1801f4b07ac350c303332e7bf - - default default] Successfully bumped revision number for resource ca2f6f12-8222-4125-a7a7-da5ea845a26e (type: security_group_rules) to 0 [pid: 7|app: 0|req: 1095/2332] 10.0.0.222 () {32 vars in 774 bytes} [Tue May 26 07:02:34 2026] GET /v2.0/security-groups?tenant_id=90116b902b844eaabddbb0155c9c7379&name=default => generated 2925 bytes in 300 msecs (HTTP/1.1 200) 4 headers in 158 bytes (1 switches on core 0)
2026-05-26 07:02:35.255 8 WARNING neutron.scheduler.dhcp_agent_scheduler [None req-f25de478-cfb8-49ce-b951-02b618c1568b 1a22435ebb8948419802dc30c97fc3c0 5534fea927c3469ba878e4981e84556a - - default default] No more DHCP agents
2026-05-26 07:02:35.257 8 WARNING neutron.api.rpc.agentnotifiers.dhcp_rpc_agent_api [None req-f25de478-cfb8-49ce-b951-02b618c1568b 1a22435ebb8948419802dc30c97fc3c0 5534fea927c3469ba878e4981e84556a - - default default] Unable to schedule network c7854d7a-f756-4282-bc19-71a4a1e41e04: no agents available; will retry on subsequent port and subnet creation events.
2026-05-26 07:02:35.370 8 INFO neutron.db.ovn_revision_numbers_db [None req-f25de478-cfb8-49ce-b951-02b618c1568b 1a22435ebb8948419802dc30c97fc3c0 5534fea927c3469ba878e4981e84556a - - default default] Successfully bumped revision number for resource 695c1be7-94f7-4df9-9b5f-7d8b78a07e3a (type: ports) to 1
2026-05-26 07:02:35.378 7 INFO neutron.plugins.ml2.drivers.ovn.mech_driver.mech_driver [None req-0ed33de6-964b-4b53-9c99-35db9bb6b3b4 - - - - - -] OVN reports status down for port: 695c1be7-94f7-4df9-9b5f-7d8b78a07e3a [pid: 8|app: 0|req: 1238/2333] 10.0.0.222 () {34 vars in 670 bytes} [Tue May 26 07:02:34 2026] POST /v2.0/networks => generated 729 bytes in 604 msecs (HTTP/1.1 201) 4 headers in 162 bytes (1 switches on core 0)
2026-05-26 07:02:35.543 7 INFO neutron.db.ovn_revision_numbers_db [None req-00afb82c-d2e4-4a3e-9053-e156b9fb12f6 69450e7499ee4c6fadd31d75ee19566b 65f579e1801f4b07ac350c303332e7bf - - default default] Successfully bumped revision number for resource 4907ea53-178b-4eff-b327-b5314268c1bc (type: security_groups) to 1
2026-05-26 07:02:35.559 7 INFO neutron.db.ovn_revision_numbers_db [None req-00afb82c-d2e4-4a3e-9053-e156b9fb12f6 69450e7499ee4c6fadd31d75ee19566b 65f579e1801f4b07ac350c303332e7bf - - default default] Successfully bumped revision number for resource 048f97ac-6ceb-40f3-8eee-faabb1a1eaa8 (type: security_group_rules) to 0
2026-05-26 07:02:35.577 7 INFO neutron.db.ovn_revision_numbers_db [None req-00afb82c-d2e4-4a3e-9053-e156b9fb12f6 69450e7499ee4c6fadd31d75ee19566b 65f579e1801f4b07ac350c303332e7bf - - default default] Successfully bumped revision number for resource 3ebafc1a-c987-4ca5-a398-d02163f28247 (type: security_group_rules) to 0
2026-05-26 07:02:35.598 7 INFO neutron.db.ovn_revision_numbers_db [None req-00afb82c-d2e4-4a3e-9053-e156b9fb12f6 69450e7499ee4c6fadd31d75ee19566b 65f579e1801f4b07ac350c303332e7bf - - default default] Successfully bumped revision number for resource 8fa4eb13-ac8a-44aa-93b7-81fd96da060a (type: security_group_rules) to 0
2026-05-26 07:02:35.612 7 INFO neutron.db.ovn_revision_numbers_db [None req-00afb82c-d2e4-4a3e-9053-e156b9fb12f6 69450e7499ee4c6fadd31d75ee19566b 65f579e1801f4b07ac350c303332e7bf - - default default] Successfully bumped revision number for resource e6d73dde-bff7-49e7-be05-276dd3f6f1f7 (type: security_group_rules) to 0 [pid: 7|app: 0|req: 1096/2334] 10.0.0.222 () {32 vars in 774 bytes} [Tue May 26 07:02:35 2026] GET /v2.0/security-groups?tenant_id=021cc25cc509438f93639b7b2c9a3ac8&name=default => generated 2925 bytes in 512 msecs (HTTP/1.1 200) 4 headers in 158 bytes (1 switches on core 0) [pid: 8|app: 0|req: 1239/2335] 10.0.0.222 () {32 vars in 740 bytes} [Tue May 26 07:02:35 2026] DELETE /v2.0/security-groups/84ca45c2-bab4-482e-a493-ff3fcce161b2 => generated 0 bytes in 349 msecs (HTTP/1.1 204) 2 headers in 112 bytes (1 switches on core 0)
2026-05-26 07:02:35.849 7 WARNING neutron.scheduler.dhcp_agent_scheduler [None req-b4eb085d-8409-4bda-a372-a7d6fb351f0a 1a22435ebb8948419802dc30c97fc3c0 5534fea927c3469ba878e4981e84556a - - default default] No more DHCP agents
2026-05-26 07:02:35.850 7 WARNING neutron.api.rpc.agentnotifiers.dhcp_rpc_agent_api [None req-b4eb085d-8409-4bda-a372-a7d6fb351f0a 1a22435ebb8948419802dc30c97fc3c0 5534fea927c3469ba878e4981e84556a - - default default] Unable to schedule network c7854d7a-f756-4282-bc19-71a4a1e41e04: no agents available; will retry on subsequent port and subnet creation events. [pid: 8|app: 0|req: 1240/2336] 10.0.0.222 () {32 vars in 740 bytes} [Tue May 26 07:02:35 2026] DELETE /v2.0/security-groups/4907ea53-178b-4eff-b327-b5314268c1bc => generated 0 bytes in 332 msecs (HTTP/1.1 204) 2 headers in 112 bytes (1 switches on core 0)
2026-05-26 07:02:36.270 8 INFO neutron.db.ovn_revision_numbers_db [None req-0f7ebf4a-07d5-4ebc-9880-56c32158aed0 69450e7499ee4c6fadd31d75ee19566b 65f579e1801f4b07ac350c303332e7bf - - default default] Successfully bumped revision number for resource cfd90508-64db-43ce-b621-96bee8ec8e42 (type: security_groups) to 1
2026-05-26 07:02:36.282 8 INFO neutron.db.ovn_revision_numbers_db [None req-0f7ebf4a-07d5-4ebc-9880-56c32158aed0 69450e7499ee4c6fadd31d75ee19566b 65f579e1801f4b07ac350c303332e7bf - - default default] Successfully bumped revision number for resource 6ed3bc08-f56b-4020-bd9e-cd2982aa8937 (type: security_group_rules) to 0
2026-05-26 07:02:36.296 8 INFO neutron.db.ovn_revision_numbers_db [None req-0f7ebf4a-07d5-4ebc-9880-56c32158aed0 69450e7499ee4c6fadd31d75ee19566b 65f579e1801f4b07ac350c303332e7bf - - default default] Successfully bumped revision number for resource ab351e14-d0a7-4fa2-8ac3-890175cdff6a (type: security_group_rules) to 0
2026-05-26 07:02:36.307 8 INFO neutron.db.ovn_revision_numbers_db [None req-0f7ebf4a-07d5-4ebc-9880-56c32158aed0 69450e7499ee4c6fadd31d75ee19566b 65f579e1801f4b07ac350c303332e7bf - - default default] Successfully bumped revision number for resource d2b12798-e4ff-4b8b-a0c7-5aa76e33d93c (type: security_group_rules) to 0
2026-05-26 07:02:36.322 8 INFO neutron.db.ovn_revision_numbers_db [None req-0f7ebf4a-07d5-4ebc-9880-56c32158aed0 69450e7499ee4c6fadd31d75ee19566b 65f579e1801f4b07ac350c303332e7bf - - default default] Successfully bumped revision number for resource e1a5460d-50b7-4430-b86a-2abb29b6c076 (type: security_group_rules) to 0 [pid: 8|app: 0|req: 1241/2337] 10.0.0.222 () {32 vars in 774 bytes} [Tue May 26 07:02:36 2026] GET /v2.0/security-groups?tenant_id=e5a0e2efb19540d0b48055ba7261fd0e&name=default => generated 2925 bytes in 282 msecs (HTTP/1.1 200) 4 headers in 158 bytes (1 switches on core 0)
2026-05-26 07:02:36.487 7 INFO neutron.db.ovn_revision_numbers_db [None req-0bad69ff-3a76-4ba5-9382-fe8a7186450e - - - - - -] Successfully bumped revision number for resource 695c1be7-94f7-4df9-9b5f-7d8b78a07e3a (type: ports) to 2
2026-05-26 07:02:36.560 7 INFO neutron.db.ovn_revision_numbers_db [None req-0bad69ff-3a76-4ba5-9382-fe8a7186450e - - - - - -] Successfully bumped revision number for resource eb531fce-38d2-4cbd-803a-f3c94b711398 (type: subnets) to 0 [pid: 7|app: 0|req: 1097/2338] 10.0.0.222 () {34 vars in 669 bytes} [Tue May 26 07:02:35 2026] POST /v2.0/subnets => generated 647 bytes in 941 msecs (HTTP/1.1 201) 4 headers in 162 bytes (1 switches on core 0) [pid: 8|app: 0|req: 1242/2339] 10.0.0.222 () {32 vars in 740 bytes} [Tue May 26 07:02:36 2026] DELETE /v2.0/security-groups/cfd90508-64db-43ce-b621-96bee8ec8e42 => generated 0 bytes in 387 msecs (HTTP/1.1 204) 2 headers in 112 bytes (1 switches on core 0) [pid: 7|app: 0|req: 1098/2340] 10.0.0.222 () {34 vars in 681 bytes} [Tue May 26 07:02:36 2026] POST /v2.0/rbac-policies => generated 324 bytes in 326 msecs (HTTP/1.1 201) 4 headers in 162 bytes (1 switches on core 0) [pid: 8|app: 0|req: 1243/2341] 10.0.0.222 () {32 vars in 723 bytes} [Tue May 26 07:02:37 2026] GET /v2.0/networks/c7854d7a-f756-4282-bc19-71a4a1e41e04 => generated 655 bytes in 144 msecs (HTTP/1.1 200) 4 headers in 157 bytes (1 switches on core 0)
2026-05-26 07:02:37.940 7 INFO neutron.pecan_wsgi.hooks.translation [None req-fc60528e-858b-4d86-921f-c659c63aad1f 2295efa4ef2845bda070c79b1dc6a1c2 cae5a084e61e43759de2fa16f2dc131d - - default default] GET failed (client error): The resource could not be found. [pid: 7|app: 0|req: 1099/2342] 10.0.0.222 () {32 vars in 723 bytes} [Tue May 26 07:02:37 2026] GET /v2.0/networks/c7854d7a-f756-4282-bc19-71a4a1e41e04 => generated 138 bytes in 114 msecs (HTTP/1.1 404) 4 headers in 164 bytes (1 switches on core 0)
2026-05-26 07:02:38.160 7 INFO neutron_taas.services.taas.taas_plugin [None req-6b7ac428-98e8-4d50-8fdc-72ef42b228fe 1a22435ebb8948419802dc30c97fc3c0 5534fea927c3469ba878e4981e84556a - - default default] TaaS: Handle Delete Port: 695c1be7-94f7-4df9-9b5f-7d8b78a07e3a
2026-05-26 07:02:38.163 7 INFO neutron_taas.services.taas.tap_mirror_plugin [None req-6b7ac428-98e8-4d50-8fdc-72ef42b228fe 1a22435ebb8948419802dc30c97fc3c0 5534fea927c3469ba878e4981e84556a - - default default] Tap Mirror: Handle Delete Port: 695c1be7-94f7-4df9-9b5f-7d8b78a07e3a
2026-05-26 07:02:38.165 8 INFO neutron.db.ovn_revision_numbers_db [None req-97d53c49-33c9-4c96-b5fe-6d8fc6fbdb1b c11e6535aa494061b44f5fd0f87d2b65 3c3a47bfb9ff44c79b8ea9107d223947 - - default default] Successfully bumped revision number for resource 80f5e298-5b41-4812-94ad-97708338ef28 (type: security_groups) to 1
2026-05-26 07:02:38.179 8 INFO neutron.db.ovn_revision_numbers_db [None req-97d53c49-33c9-4c96-b5fe-6d8fc6fbdb1b c11e6535aa494061b44f5fd0f87d2b65 3c3a47bfb9ff44c79b8ea9107d223947 - - default default] Successfully bumped revision number for resource 0c54d577-16a3-46ca-bb9f-26367754fc5c (type: security_group_rules) to 0
2026-05-26 07:02:38.193 8 INFO neutron.db.ovn_revision_numbers_db [None req-97d53c49-33c9-4c96-b5fe-6d8fc6fbdb1b c11e6535aa494061b44f5fd0f87d2b65 3c3a47bfb9ff44c79b8ea9107d223947 - - default default] Successfully bumped revision number for resource 1dae97c1-b64d-48e9-9deb-752d1a89c751 (type: security_group_rules) to 0
2026-05-26 07:02:38.216 8 INFO neutron.db.ovn_revision_numbers_db [None req-97d53c49-33c9-4c96-b5fe-6d8fc6fbdb1b c11e6535aa494061b44f5fd0f87d2b65 3c3a47bfb9ff44c79b8ea9107d223947 - - default default] Successfully bumped revision number for resource 85fa2768-9e57-4d27-bf77-3940e8e0ed4b (type: security_group_rules) to 0
2026-05-26 07:02:38.231 8 INFO neutron.db.ovn_revision_numbers_db [None req-97d53c49-33c9-4c96-b5fe-6d8fc6fbdb1b c11e6535aa494061b44f5fd0f87d2b65 3c3a47bfb9ff44c79b8ea9107d223947 - - default default] Successfully bumped revision number for resource fa7fd940-1855-493d-8dad-b4ded8acba3a (type: security_group_rules) to 0
2026-05-26 07:02:38.340 8 INFO neutron.db.segments_db [None req-97d53c49-33c9-4c96-b5fe-6d8fc6fbdb1b c11e6535aa494061b44f5fd0f87d2b65 3c3a47bfb9ff44c79b8ea9107d223947 - - default default] Added segment 2d26aadc-0b17-4d16-9233-821e4128450b of type geneve for network 47d5d4b9-8675-499a-9595-1261502870d9
2026-05-26 07:02:38.482 8 INFO neutron.db.segments_db [None req-97d53c49-33c9-4c96-b5fe-6d8fc6fbdb1b c11e6535aa494061b44f5fd0f87d2b65 3c3a47bfb9ff44c79b8ea9107d223947 - - default default] Added segment 2a953d32-0573-4c6f-8f9e-2a24d7543a60 of type geneve for network bb7d06b8-153a-477c-b84e-19a181293c24
2026-05-26 07:02:38.573 7 INFO neutron.services.segments.plugin [-] Segment 561d8ce7-2a7f-424d-8914-54a5c1f4d035 resource provider aggregate not found
2026-05-26 07:02:38.578 7 INFO neutron.services.segments.plugin [-] Segment 561d8ce7-2a7f-424d-8914-54a5c1f4d035 resource provider aggregate not found
2026-05-26 07:02:38.605 7 INFO neutron.services.segments.plugin [-] Segment 561d8ce7-2a7f-424d-8914-54a5c1f4d035 resource provider not found; error: Placement Client Error (4xx): {"errors": [{"status": 404, "title": "Not Found", "detail": "The resource could not be found.\n\n No resource provider with uuid 561d8ce7-2a7f-424d-8914-54a5c1f4d035 found for delete ", "request_id": "req-9963035e-37a3-4012-a6d6-590d16a05297"}]}
2026-05-26 07:02:38.611 7 INFO neutron.services.segments.plugin [-] Segment 561d8ce7-2a7f-424d-8914-54a5c1f4d035 resource provider not found; error: Placement Client Error (4xx): {"errors": [{"status": 404, "title": "Not Found", "detail": "The resource could not be found.\n\n No resource provider with uuid 561d8ce7-2a7f-424d-8914-54a5c1f4d035 found for delete ", "request_id": "req-4673030f-372d-4885-b414-e9e3699a8390"}]}
2026-05-26 07:02:38.655 8 INFO neutron.db.ovn_revision_numbers_db [None req-97d53c49-33c9-4c96-b5fe-6d8fc6fbdb1b c11e6535aa494061b44f5fd0f87d2b65 3c3a47bfb9ff44c79b8ea9107d223947 - - default default] Successfully bumped revision number for resource 47d5d4b9-8675-499a-9595-1261502870d9 (type: networks) to 1 [pid: 7|app: 0|req: 1100/2343] 10.0.0.222 () {32 vars in 726 bytes} [Tue May 26 07:02:37 2026] DELETE /v2.0/networks/c7854d7a-f756-4282-bc19-71a4a1e41e04 => generated 0 bytes in 716 msecs (HTTP/1.1 204) 3 headers in 131 bytes (1 switches on core 0)
2026-05-26 07:02:38.688 7 INFO neutron.pecan_wsgi.hooks.translation [None req-58aa737a-cd22-4f35-8d4a-4c4f7a6642a5 1a22435ebb8948419802dc30c97fc3c0 5534fea927c3469ba878e4981e84556a - - default default] DELETE failed (client error): The resource could not be found. [pid: 7|app: 0|req: 1101/2344] 10.0.0.222 () {32 vars in 724 bytes} [Tue May 26 07:02:38 2026] DELETE /v2.0/subnets/331061e5-979a-49c0-a18a-fc0faa68d43d => generated 136 bytes in 17 msecs (HTTP/1.1 404) 4 headers in 164 bytes (1 switches on core 0)
2026-05-26 07:02:38.710 7 INFO neutron.pecan_wsgi.hooks.translation [None req-b53b815b-7909-4733-835c-ec6490378261 1a22435ebb8948419802dc30c97fc3c0 5534fea927c3469ba878e4981e84556a - - default default] DELETE failed (client error): The resource could not be found. [pid: 7|app: 0|req: 1102/2345] 10.0.0.222 () {32 vars in 724 bytes} [Tue May 26 07:02:38 2026] DELETE /v2.0/subnets/b9411eb5-d331-4995-b1a5-88c2d4a16712 => generated 136 bytes in 16 msecs (HTTP/1.1 404) 4 headers in 164 bytes (1 switches on core 0)
2026-05-26 07:02:38.736 7 INFO neutron.pecan_wsgi.hooks.translation [None req-44d359c4-ca39-4a0c-bdb3-c6329d62fbc3 1a22435ebb8948419802dc30c97fc3c0 5534fea927c3469ba878e4981e84556a - - default default] DELETE failed (client error): The resource could not be found. [pid: 7|app: 0|req: 1103/2346] 10.0.0.222 () {32 vars in 724 bytes} [Tue May 26 07:02:38 2026] DELETE /v2.0/subnets/eb531fce-38d2-4cbd-803a-f3c94b711398 => generated 136 bytes in 22 msecs (HTTP/1.1 404) 4 headers in 164 bytes (1 switches on core 0)
2026-05-26 07:02:38.835 8 WARNING neutron.scheduler.dhcp_agent_scheduler [None req-97d53c49-33c9-4c96-b5fe-6d8fc6fbdb1b c11e6535aa494061b44f5fd0f87d2b65 3c3a47bfb9ff44c79b8ea9107d223947 - - default default] No more DHCP agents
2026-05-26 07:02:38.837 8 WARNING neutron.api.rpc.agentnotifiers.dhcp_rpc_agent_api [None req-97d53c49-33c9-4c96-b5fe-6d8fc6fbdb1b c11e6535aa494061b44f5fd0f87d2b65 3c3a47bfb9ff44c79b8ea9107d223947 - - default default] Unable to schedule network 47d5d4b9-8675-499a-9595-1261502870d9: no agents available; will retry on subsequent port and subnet creation events.
2026-05-26 07:02:38.906 7 INFO neutron.plugins.ml2.drivers.ovn.mech_driver.mech_driver [None req-0ed33de6-964b-4b53-9c99-35db9bb6b3b4 - - - - - -] OVN reports status down for port: fe543a10-1a24-4676-ad43-b1ef1960f91d
2026-05-26 07:02:38.954 8 INFO neutron.db.ovn_revision_numbers_db [None req-97d53c49-33c9-4c96-b5fe-6d8fc6fbdb1b c11e6535aa494061b44f5fd0f87d2b65 3c3a47bfb9ff44c79b8ea9107d223947 - - default default] Successfully bumped revision number for resource fe543a10-1a24-4676-ad43-b1ef1960f91d (type: ports) to 1
2026-05-26 07:02:39.044 8 INFO neutron.db.ovn_revision_numbers_db [None req-97d53c49-33c9-4c96-b5fe-6d8fc6fbdb1b c11e6535aa494061b44f5fd0f87d2b65 3c3a47bfb9ff44c79b8ea9107d223947 - - default default] Successfully bumped revision number for resource bb7d06b8-153a-477c-b84e-19a181293c24 (type: networks) to 1
2026-05-26 07:02:39.218 8 WARNING neutron.scheduler.dhcp_agent_scheduler [None req-97d53c49-33c9-4c96-b5fe-6d8fc6fbdb1b c11e6535aa494061b44f5fd0f87d2b65 3c3a47bfb9ff44c79b8ea9107d223947 - - default default] No more DHCP agents
2026-05-26 07:02:39.219 8 WARNING neutron.api.rpc.agentnotifiers.dhcp_rpc_agent_api [None req-97d53c49-33c9-4c96-b5fe-6d8fc6fbdb1b c11e6535aa494061b44f5fd0f87d2b65 3c3a47bfb9ff44c79b8ea9107d223947 - - default default] Unable to schedule network bb7d06b8-153a-477c-b84e-19a181293c24: no agents available; will retry on subsequent port and subnet creation events.
2026-05-26 07:02:39.287 7 INFO neutron.plugins.ml2.drivers.ovn.mech_driver.mech_driver [None req-0ed33de6-964b-4b53-9c99-35db9bb6b3b4 - - - - - -] OVN reports status down for port: fd572a96-2773-47c5-a98d-b3b5651f2dd9
2026-05-26 07:02:39.334 8 INFO neutron.db.ovn_revision_numbers_db [None req-97d53c49-33c9-4c96-b5fe-6d8fc6fbdb1b c11e6535aa494061b44f5fd0f87d2b65 3c3a47bfb9ff44c79b8ea9107d223947 - - default default] Successfully bumped revision number for resource fd572a96-2773-47c5-a98d-b3b5651f2dd9 (type: ports) to 1 [pid: 8|app: 0|req: 1244/2347] 10.0.0.222 () {34 vars in 670 bytes} [Tue May 26 07:02:37 2026] POST /v2.0/networks => generated 1245 bytes in 1440 msecs (HTTP/1.1 201) 4 headers in 163 bytes (1 switches on core 0) [pid: 7|app: 0|req: 1104/2348] 10.0.0.222 () {32 vars in 649 bytes} [Tue May 26 07:02:39 2026] GET /v2.0/networks => generated 1856 bytes in 66 msecs (HTTP/1.1 200) 4 headers in 158 bytes (1 switches on core 0)
2026-05-26 07:02:39.580 8 INFO neutron_taas.services.taas.taas_plugin [None req-3f022fe1-d889-44ee-8b5d-cfca5cc8ab0f c11e6535aa494061b44f5fd0f87d2b65 3c3a47bfb9ff44c79b8ea9107d223947 - - default default] TaaS: Handle Delete Port: fe543a10-1a24-4676-ad43-b1ef1960f91d
2026-05-26 07:02:39.583 8 INFO neutron_taas.services.taas.tap_mirror_plugin [None req-3f022fe1-d889-44ee-8b5d-cfca5cc8ab0f c11e6535aa494061b44f5fd0f87d2b65 3c3a47bfb9ff44c79b8ea9107d223947 - - default default] Tap Mirror: Handle Delete Port: fe543a10-1a24-4676-ad43-b1ef1960f91d [pid: 7|app: 0|req: 1105/2349] 10.0.0.222 () {32 vars in 774 bytes} [Tue May 26 07:02:39 2026] GET /v2.0/security-groups?tenant_id=5534fea927c3469ba878e4981e84556a&name=default => generated 2925 bytes in 191 msecs (HTTP/1.1 200) 4 headers in 158 bytes (1 switches on core 0)
2026-05-26 07:02:39.790 8 INFO neutron.services.segments.plugin [-] Segment 2d26aadc-0b17-4d16-9233-821e4128450b resource provider aggregate not found
2026-05-26 07:02:39.796 8 INFO neutron.services.segments.plugin [-] Segment 2d26aadc-0b17-4d16-9233-821e4128450b resource provider aggregate not found
2026-05-26 07:02:39.812 8 INFO neutron.services.segments.plugin [-] Segment 2d26aadc-0b17-4d16-9233-821e4128450b resource provider not found; error: Placement Client Error (4xx): {"errors": [{"status": 404, "title": "Not Found", "detail": "The resource could not be found.\n\n No resource provider with uuid 2d26aadc-0b17-4d16-9233-821e4128450b found for delete ", "request_id": "req-8d3956c0-6e25-4dee-87ca-0c5af70ace18"}]}
2026-05-26 07:02:39.814 8 INFO neutron.services.segments.plugin [-] Segment 2d26aadc-0b17-4d16-9233-821e4128450b resource provider not found; error: Placement Client Error (4xx): {"errors": [{"status": 404, "title": "Not Found", "detail": "The resource could not be found.\n\n No resource provider with uuid 2d26aadc-0b17-4d16-9233-821e4128450b found for delete ", "request_id": "req-836b2117-c92b-4730-9910-b69cb2ad1536"}]} [pid: 8|app: 0|req: 1245/2350] 10.0.0.222 () {32 vars in 726 bytes} [Tue May 26 07:02:39 2026] DELETE /v2.0/networks/47d5d4b9-8675-499a-9595-1261502870d9 => generated 0 bytes in 424 msecs (HTTP/1.1 204) 3 headers in 131 bytes (1 switches on core 0) [pid: 7|app: 0|req: 1106/2351] 10.0.0.222 () {32 vars in 740 bytes} [Tue May 26 07:02:39 2026] DELETE /v2.0/security-groups/d95e8b9b-021f-4406-80d3-29ef59cb413f => generated 0 bytes in 312 msecs (HTTP/1.1 204) 2 headers in 112 bytes (1 switches on core 0)
2026-05-26 07:02:40.058 8 INFO neutron_taas.services.taas.taas_plugin [None req-0e9e6cd3-caca-4a83-957b-61b7e411e912 c11e6535aa494061b44f5fd0f87d2b65 3c3a47bfb9ff44c79b8ea9107d223947 - - default default] TaaS: Handle Delete Port: fd572a96-2773-47c5-a98d-b3b5651f2dd9
2026-05-26 07:02:40.062 8 INFO neutron_taas.services.taas.tap_mirror_plugin [None req-0e9e6cd3-caca-4a83-957b-61b7e411e912 c11e6535aa494061b44f5fd0f87d2b65 3c3a47bfb9ff44c79b8ea9107d223947 - - default default] Tap Mirror: Handle Delete Port: fd572a96-2773-47c5-a98d-b3b5651f2dd9 [pid: 8|app: 0|req: 1246/2352] 10.0.0.222 () {32 vars in 726 bytes} [Tue May 26 07:02:39 2026] DELETE /v2.0/networks/bb7d06b8-153a-477c-b84e-19a181293c24 => generated 0 bytes in 459 msecs (HTTP/1.1 204) 3 headers in 131 bytes (1 switches on core 0) [pid: 8|app: 0|req: 1247/2353] 10.0.0.222 () {32 vars in 649 bytes} [Tue May 26 07:02:40 2026] GET /v2.0/networks => generated 651 bytes in 104 msecs (HTTP/1.1 200) 4 headers in 157 bytes (1 switches on core 0)
2026-05-26 07:02:40.444 7 INFO neutron.db.ovn_revision_numbers_db [None req-aaf834cf-e9c1-4689-bbaa-c7f8889c4da2 69450e7499ee4c6fadd31d75ee19566b 65f579e1801f4b07ac350c303332e7bf - - default default] Successfully bumped revision number for resource e0ae7408-e623-488b-9953-09acb021d9cf (type: security_groups) to 1
2026-05-26 07:02:40.469 7 INFO neutron.db.ovn_revision_numbers_db [None req-aaf834cf-e9c1-4689-bbaa-c7f8889c4da2 69450e7499ee4c6fadd31d75ee19566b 65f579e1801f4b07ac350c303332e7bf - - default default] Successfully bumped revision number for resource 2d66460e-c84f-4859-8ef1-6d6029442e06 (type: security_group_rules) to 0
2026-05-26 07:02:40.486 7 INFO neutron.db.ovn_revision_numbers_db [None req-aaf834cf-e9c1-4689-bbaa-c7f8889c4da2 69450e7499ee4c6fadd31d75ee19566b 65f579e1801f4b07ac350c303332e7bf - - default default] Successfully bumped revision number for resource 6cef7e21-346d-496c-a3be-eddcc796eb01 (type: security_group_rules) to 0
2026-05-26 07:02:40.507 7 INFO neutron.db.ovn_revision_numbers_db [None req-aaf834cf-e9c1-4689-bbaa-c7f8889c4da2 69450e7499ee4c6fadd31d75ee19566b 65f579e1801f4b07ac350c303332e7bf - - default default] Successfully bumped revision number for resource bc871c3a-61aa-4c7b-b492-02856578633f (type: security_group_rules) to 0
2026-05-26 07:02:40.522 7 INFO neutron.db.ovn_revision_numbers_db [None req-aaf834cf-e9c1-4689-bbaa-c7f8889c4da2 69450e7499ee4c6fadd31d75ee19566b 65f579e1801f4b07ac350c303332e7bf - - default default] Successfully bumped revision number for resource f430dc90-eb06-4cde-b584-6072efcb968d (type: security_group_rules) to 0
2026-05-26 07:02:40.546 8 INFO neutron.db.segments_db [None req-9f74fe33-7031-4bf6-b65e-0344e004d0b0 c11e6535aa494061b44f5fd0f87d2b65 3c3a47bfb9ff44c79b8ea9107d223947 - - default default] Added segment 687a73a6-dc20-4960-a3c1-3d739ab92b15 of type geneve for network 46d03fb9-c606-42a2-b843-37964d28a19f [pid: 7|app: 0|req: 1107/2354] 10.0.0.222 () {32 vars in 774 bytes} [Tue May 26 07:02:40 2026] GET /v2.0/security-groups?tenant_id=7bf081aab3fd4f5c8fe95655eaeabce6&name=default => generated 2925 bytes in 338 msecs (HTTP/1.1 200) 4 headers in 158 bytes (1 switches on core 0)
2026-05-26 07:02:40.681 8 INFO neutron.db.ovn_revision_numbers_db [None req-9f74fe33-7031-4bf6-b65e-0344e004d0b0 c11e6535aa494061b44f5fd0f87d2b65 3c3a47bfb9ff44c79b8ea9107d223947 - - default default] Successfully bumped revision number for resource 46d03fb9-c606-42a2-b843-37964d28a19f (type: networks) to 1 [pid: 7|app: 0|req: 1108/2355] 10.0.0.222 () {32 vars in 740 bytes} [Tue May 26 07:02:40 2026] DELETE /v2.0/security-groups/e0ae7408-e623-488b-9953-09acb021d9cf => generated 0 bytes in 341 msecs (HTTP/1.1 204) 2 headers in 112 bytes (1 switches on core 0)
2026-05-26 07:02:40.917 8 WARNING neutron.scheduler.dhcp_agent_scheduler [None req-9f74fe33-7031-4bf6-b65e-0344e004d0b0 c11e6535aa494061b44f5fd0f87d2b65 3c3a47bfb9ff44c79b8ea9107d223947 - - default default] No more DHCP agents
2026-05-26 07:02:40.919 8 WARNING neutron.api.rpc.agentnotifiers.dhcp_rpc_agent_api [None req-9f74fe33-7031-4bf6-b65e-0344e004d0b0 c11e6535aa494061b44f5fd0f87d2b65 3c3a47bfb9ff44c79b8ea9107d223947 - - default default] Unable to schedule network 46d03fb9-c606-42a2-b843-37964d28a19f: no agents available; will retry on subsequent port and subnet creation events.
2026-05-26 07:02:40.998 7 INFO neutron.plugins.ml2.drivers.ovn.mech_driver.mech_driver [None req-0ed33de6-964b-4b53-9c99-35db9bb6b3b4 - - - - - -] OVN reports status down for port: b8221200-0649-4b57-a211-21872915a255
2026-05-26 07:02:41.034 8 INFO neutron.db.ovn_revision_numbers_db [None req-9f74fe33-7031-4bf6-b65e-0344e004d0b0 c11e6535aa494061b44f5fd0f87d2b65 3c3a47bfb9ff44c79b8ea9107d223947 - - default default] Successfully bumped revision number for resource b8221200-0649-4b57-a211-21872915a255 (type: ports) to 1 [pid: 8|app: 0|req: 1248/2356] 10.0.0.222 () {34 vars in 670 bytes} [Tue May 26 07:02:40 2026] POST /v2.0/networks => generated 653 bytes in 615 msecs (HTTP/1.1 201) 4 headers in 162 bytes (1 switches on core 0) [pid: 7|app: 0|req: 1109/2357] 10.0.0.222 () {34 vars in 676 bytes} [Tue May 26 07:02:40 2026] POST /v2.0/subnetpools => generated 516 bytes in 185 msecs (HTTP/1.1 201) 4 headers in 162 bytes (1 switches on core 0)
2026-05-26 07:02:41.158 8 INFO neutron.db.segments_db [None req-2f90a183-7594-4624-8da5-b216f7d53630 c11e6535aa494061b44f5fd0f87d2b65 3c3a47bfb9ff44c79b8ea9107d223947 - - default default] Added segment 09e713b7-6a59-491d-bff1-b643ac298883 of type geneve for network e11cd51d-1a05-439e-aa03-c969b23e1463
2026-05-26 07:02:41.326 8 INFO neutron.db.ovn_revision_numbers_db [None req-2f90a183-7594-4624-8da5-b216f7d53630 c11e6535aa494061b44f5fd0f87d2b65 3c3a47bfb9ff44c79b8ea9107d223947 - - default default] Successfully bumped revision number for resource e11cd51d-1a05-439e-aa03-c969b23e1463 (type: networks) to 1
2026-05-26 07:02:41.341 7 INFO neutron.db.ovn_revision_numbers_db [None req-ed5aa1ab-73c4-40b5-8ea0-6bdaef84d733 69450e7499ee4c6fadd31d75ee19566b 65f579e1801f4b07ac350c303332e7bf - - default default] Successfully bumped revision number for resource fc62c2da-2e47-4f78-8803-ccbe235b7d33 (type: security_groups) to 1
2026-05-26 07:02:41.356 7 INFO neutron.db.ovn_revision_numbers_db [None req-ed5aa1ab-73c4-40b5-8ea0-6bdaef84d733 69450e7499ee4c6fadd31d75ee19566b 65f579e1801f4b07ac350c303332e7bf - - default default] Successfully bumped revision number for resource 2214d8cd-475e-459a-b69e-775a71be29ad (type: security_group_rules) to 0
2026-05-26 07:02:41.372 7 INFO neutron.db.ovn_revision_numbers_db [None req-ed5aa1ab-73c4-40b5-8ea0-6bdaef84d733 69450e7499ee4c6fadd31d75ee19566b 65f579e1801f4b07ac350c303332e7bf - - default default] Successfully bumped revision number for resource 8465aebb-4319-4e71-9d42-e0980f4e61a2 (type: security_group_rules) to 0
2026-05-26 07:02:41.389 7 INFO neutron.db.ovn_revision_numbers_db [None req-ed5aa1ab-73c4-40b5-8ea0-6bdaef84d733 69450e7499ee4c6fadd31d75ee19566b 65f579e1801f4b07ac350c303332e7bf - - default default] Successfully bumped revision number for resource c0399d6a-92a4-438d-9ceb-1d7900c18261 (type: security_group_rules) to 0
2026-05-26 07:02:41.404 7 INFO neutron.db.ovn_revision_numbers_db [None req-ed5aa1ab-73c4-40b5-8ea0-6bdaef84d733 69450e7499ee4c6fadd31d75ee19566b 65f579e1801f4b07ac350c303332e7bf - - default default] Successfully bumped revision number for resource d0bb8dc0-6b38-4a85-bd47-69de6f080ee7 (type: security_group_rules) to 0 [pid: 7|app: 0|req: 1110/2358] 10.0.0.222 () {32 vars in 774 bytes} [Tue May 26 07:02:41 2026] GET /v2.0/security-groups?tenant_id=cae5a084e61e43759de2fa16f2dc131d&name=default => generated 2925 bytes in 307 msecs (HTTP/1.1 200) 4 headers in 158 bytes (1 switches on core 0) [pid: 7|app: 0|req: 1111/2359] 10.0.0.222 () {34 vars in 676 bytes} [Tue May 26 07:02:41 2026] POST /v2.0/subnetpools => generated 516 bytes in 65 msecs (HTTP/1.1 201) 4 headers in 162 bytes (1 switches on core 0)
2026-05-26 07:02:41.515 8 WARNING neutron.scheduler.dhcp_agent_scheduler [None req-2f90a183-7594-4624-8da5-b216f7d53630 c11e6535aa494061b44f5fd0f87d2b65 3c3a47bfb9ff44c79b8ea9107d223947 - - default default] No more DHCP agents
2026-05-26 07:02:41.518 8 WARNING neutron.api.rpc.agentnotifiers.dhcp_rpc_agent_api [None req-2f90a183-7594-4624-8da5-b216f7d53630 c11e6535aa494061b44f5fd0f87d2b65 3c3a47bfb9ff44c79b8ea9107d223947 - - default default] Unable to schedule network e11cd51d-1a05-439e-aa03-c969b23e1463: no agents available; will retry on subsequent port and subnet creation events.
2026-05-26 07:02:41.643 7 INFO neutron.plugins.ml2.drivers.ovn.mech_driver.mech_driver [None req-0ed33de6-964b-4b53-9c99-35db9bb6b3b4 - - - - - -] OVN reports status down for port: ec104e82-bf23-481f-9e58-45681183f912
2026-05-26 07:02:41.643 8 INFO neutron.db.ovn_revision_numbers_db [None req-2f90a183-7594-4624-8da5-b216f7d53630 c11e6535aa494061b44f5fd0f87d2b65 3c3a47bfb9ff44c79b8ea9107d223947 - - default default] Successfully bumped revision number for resource ec104e82-bf23-481f-9e58-45681183f912 (type: ports) to 1 [pid: 8|app: 0|req: 1249/2360] 10.0.0.222 () {34 vars in 670 bytes} [Tue May 26 07:02:41 2026] POST /v2.0/networks => generated 654 bytes in 598 msecs (HTTP/1.1 201) 4 headers in 162 bytes (1 switches on core 0) [pid: 8|app: 0|req: 1250/2361] 10.0.0.222 () {34 vars in 676 bytes} [Tue May 26 07:02:41 2026] POST /v2.0/subnetpools => generated 516 bytes in 100 msecs (HTTP/1.1 201) 4 headers in 162 bytes (1 switches on core 0)
2026-05-26 07:02:41.835 8 INFO neutron.services.segments.plugin [-] Segment 2a953d32-0573-4c6f-8f9e-2a24d7543a60 resource provider aggregate not found
2026-05-26 07:02:41.841 8 INFO neutron.services.segments.plugin [-] Segment 2a953d32-0573-4c6f-8f9e-2a24d7543a60 resource provider aggregate not found
2026-05-26 07:02:41.853 8 INFO neutron.services.segments.plugin [-] Segment 2a953d32-0573-4c6f-8f9e-2a24d7543a60 resource provider not found; error: Placement Client Error (4xx): {"errors": [{"status": 404, "title": "Not Found", "detail": "The resource could not be found.\n\n No resource provider with uuid 2a953d32-0573-4c6f-8f9e-2a24d7543a60 found for delete ", "request_id": "req-79b889e8-9119-4f4b-9120-68ebf45010ba"}]}
2026-05-26 07:02:41.872 8 INFO neutron.services.segments.plugin [-] Segment 2a953d32-0573-4c6f-8f9e-2a24d7543a60 resource provider not found; error: Placement Client Error (4xx): {"errors": [{"status": 404, "title": "Not Found", "detail": "The resource could not be found.\n\n No resource provider with uuid 2a953d32-0573-4c6f-8f9e-2a24d7543a60 found for delete ", "request_id": "req-d337212b-f763-405d-a644-b5c09b1f0885"}]} [pid: 7|app: 0|req: 1112/2362] 10.0.0.222 () {32 vars in 740 bytes} [Tue May 26 07:02:41 2026] DELETE /v2.0/security-groups/fc62c2da-2e47-4f78-8803-ccbe235b7d33 => generated 0 bytes in 436 msecs (HTTP/1.1 204) 2 headers in 112 bytes (1 switches on core 0) [pid: 7|app: 0|req: 1113/2363] 10.0.0.222 () {34 vars in 676 bytes} [Tue May 26 07:02:41 2026] POST /v2.0/subnetpools => generated 516 bytes in 55 msecs (HTTP/1.1 201) 4 headers in 162 bytes (1 switches on core 0) [pid: 7|app: 0|req: 1114/2364] 10.0.0.222 () {34 vars in 676 bytes} [Tue May 26 07:02:42 2026] POST /v2.0/subnetpools => generated 516 bytes in 57 msecs (HTTP/1.1 201) 4 headers in 162 bytes (1 switches on core 0) [pid: 7|app: 0|req: 1115/2365] 10.0.0.222 () {34 vars in 759 bytes} [Tue May 26 07:02:42 2026] PUT /v2.0/subnetpools/a93947d5-5671-4f68-9e02-14fa08e1f058/tags => generated 17 bytes in 50 msecs (HTTP/1.1 200) 4 headers in 156 bytes (1 switches on core 0) [pid: 7|app: 0|req: 1116/2366] 10.0.0.222 () {34 vars in 759 bytes} [Tue May 26 07:02:42 2026] PUT /v2.0/subnetpools/696c1864-d17d-4c17-8f15-8af3af7f55c0/tags => generated 25 bytes in 42 msecs (HTTP/1.1 200) 4 headers in 156 bytes (1 switches on core 0) [pid: 7|app: 0|req: 1117/2367] 10.0.0.222 () {34 vars in 759 bytes} [Tue May 26 07:02:42 2026] PUT /v2.0/subnetpools/20a77fab-997b-439a-a1ba-de95bbdd55c0/tags => generated 34 bytes in 45 msecs (HTTP/1.1 200) 4 headers in 156 bytes (1 switches on core 0)
2026-05-26 07:02:42.267 8 WARNING neutron.scheduler.dhcp_agent_scheduler [None req-e80bb36f-822a-4a32-8304-f608bf19d48e c11e6535aa494061b44f5fd0f87d2b65 3c3a47bfb9ff44c79b8ea9107d223947 - - default default] No more DHCP agents
2026-05-26 07:02:42.269 8 WARNING neutron.api.rpc.agentnotifiers.dhcp_rpc_agent_api [None req-e80bb36f-822a-4a32-8304-f608bf19d48e c11e6535aa494061b44f5fd0f87d2b65 3c3a47bfb9ff44c79b8ea9107d223947 - - default default] Unable to schedule network 46d03fb9-c606-42a2-b843-37964d28a19f: no agents available; will retry on subsequent port and subnet creation events. [pid: 7|app: 0|req: 1118/2368] 10.0.0.222 () {34 vars in 759 bytes} [Tue May 26 07:02:42 2026] PUT /v2.0/subnetpools/8bf21ab4-5ce4-4e64-88f5-9e430eace6ea/tags => generated 19 bytes in 63 msecs (HTTP/1.1 200) 4 headers in 156 bytes (1 switches on core 0) [pid: 7|app: 0|req: 1119/2369] 10.0.0.222 () {32 vars in 672 bytes} [Tue May 26 07:02:42 2026] GET /v2.0/subnetpools?tags=red => generated 1563 bytes in 62 msecs (HTTP/1.1 200) 4 headers in 158 bytes (1 switches on core 0)
2026-05-26 07:02:42.391 7 INFO neutron.plugins.ml2.drivers.ovn.mech_driver.mech_driver [None req-0ed33de6-964b-4b53-9c99-35db9bb6b3b4 - - - - - -] OVN reports status down for port: 32dd89fb-b99d-462a-be18-f9cfc5775c9e [pid: 7|app: 0|req: 1120/2370] 10.0.0.222 () {32 vars in 686 bytes} [Tue May 26 07:02:42 2026] GET /v2.0/subnetpools?tags=red%2Cblue => generated 1056 bytes in 42 msecs (HTTP/1.1 200) 4 headers in 158 bytes (1 switches on core 0)
2026-05-26 07:02:42.431 8 INFO neutron.db.ovn_revision_numbers_db [None req-e80bb36f-822a-4a32-8304-f608bf19d48e c11e6535aa494061b44f5fd0f87d2b65 3c3a47bfb9ff44c79b8ea9107d223947 - - default default] Successfully bumped revision number for resource 32dd89fb-b99d-462a-be18-f9cfc5775c9e (type: ports) to 1 [pid: 7|app: 0|req: 1121/2371] 10.0.0.222 () {32 vars in 682 bytes} [Tue May 26 07:02:42 2026] GET /v2.0/subnetpools?tags-any=blue => generated 1056 bytes in 41 msecs (HTTP/1.1 200) 4 headers in 158 bytes (1 switches on core 0)
2026-05-26 07:02:42.478 8 WARNING neutron.scheduler.dhcp_agent_scheduler [None req-e80bb36f-822a-4a32-8304-f608bf19d48e c11e6535aa494061b44f5fd0f87d2b65 3c3a47bfb9ff44c79b8ea9107d223947 - - default default] No more DHCP agents
2026-05-26 07:02:42.479 8 WARNING neutron.api.rpc.agentnotifiers.dhcp_rpc_agent_api [None req-e80bb36f-822a-4a32-8304-f608bf19d48e c11e6535aa494061b44f5fd0f87d2b65 3c3a47bfb9ff44c79b8ea9107d223947 - - default default] Unable to schedule network e11cd51d-1a05-439e-aa03-c969b23e1463: no agents available; will retry on subsequent port and subnet creation events. [pid: 7|app: 0|req: 1122/2372] 10.0.0.222 () {32 vars in 694 bytes} [Tue May 26 07:02:42 2026] GET /v2.0/subnetpools?tags-any=red%2Cblue => generated 1563 bytes in 41 msecs (HTTP/1.1 200) 4 headers in 158 bytes (1 switches on core 0) [pid: 7|app: 0|req: 1123/2373] 10.0.0.222 () {32 vars in 680 bytes} [Tue May 26 07:02:42 2026] GET /v2.0/subnetpools?not-tags=red => generated 1028 bytes in 59 msecs (HTTP/1.1 200) 4 headers in 158 bytes (1 switches on core 0)
2026-05-26 07:02:42.612 8 INFO neutron.db.ovn_revision_numbers_db [None req-e80bb36f-822a-4a32-8304-f608bf19d48e c11e6535aa494061b44f5fd0f87d2b65 3c3a47bfb9ff44c79b8ea9107d223947 - - default default] Successfully bumped revision number for resource 17b0ea59-b6d1-406b-a615-1a9747a0af6f (type: ports) to 1 [pid: 7|app: 0|req: 1124/2374] 10.0.0.222 () {32 vars in 694 bytes} [Tue May 26 07:02:42 2026] GET /v2.0/subnetpools?not-tags=red%2Cblue => generated 1535 bytes in 66 msecs (HTTP/1.1 200) 4 headers in 158 bytes (1 switches on core 0) [pid: 7|app: 0|req: 1125/2375] 10.0.0.222 () {32 vars in 690 bytes} [Tue May 26 07:02:42 2026] GET /v2.0/subnetpools?not-tags-any=blue => generated 1535 bytes in 30 msecs (HTTP/1.1 200) 4 headers in 158 bytes (1 switches on core 0)
