2026-07-16 17:05:52.066 7 INFO placement.requestlog [None req-499ceec1-5276-4023-b810-ebf6d234f72b bf3cdc26e7e2465fa71ba65d1b1d557d 9f424d211d20449f8052e346d535d9c2 - - a0c9e497ea8b45c68667e9a50c6938f7 a0c9e497ea8b45c68667e9a50c6938f7] 10.0.0.76 "DELETE /resource_providers/4aacb6d5-43fb-4d51-b16e-c57a19edef47" status: 404 len: 246 microversion: 1.1 [pid: 7|app: 0|req: 379/765] 10.0.0.76 () {34 vars in 814 bytes} [Thu Jul 16 17:05:52 2026] DELETE /resource_providers/4aacb6d5-43fb-4d51-b16e-c57a19edef47 => generated 246 bytes in 15 msecs (HTTP/1.1 404) 6 headers in 231 bytes (1 switches on core 0) [pid: 8|app: 0|req: 387/766] 10.0.0.76 () {34 vars in 814 bytes} [Thu Jul 16 17:05:52 2026] DELETE /resource_providers/4aacb6d5-43fb-4d51-b16e-c57a19edef47 => generated 246 bytes in 10 msecs (HTTP/1.1 404) 6 headers in 231 bytes (1 switches on core 0)
2026-07-16 17:05:55.100 7 INFO placement.requestlog [None req-f5b29642-ba45-41d9-8d8d-da93e6b79510 - - - - - -] 10.0.0.27 "GET /" status: 200 len: 136 microversion: 1.0
2026-07-16 17:05:55.101 8 INFO placement.requestlog [None req-8f20e454-bceb-4c21-9949-30ca9b42ff72 - - - - - -] 10.0.0.27 "GET /" status: 200 len: 136 microversion: 1.0
2026-07-16 17:05:56.497 7 INFO placement.requestlog [req-c882b715-a9a0-463e-bb28-a84f7cd1a805 req-068a38ac-8919-467a-9493-0818e4026ce4 b036715914e2404386318413f5da84a9 9f424d211d20449f8052e346d535d9c2 - - a0c9e497ea8b45c68667e9a50c6938f7 a0c9e497ea8b45c68667e9a50c6938f7] 199.204.45.72 "GET /resource_providers/786db091-fbb2-4215-9a26-8f64b55dbfa2/allocations" status: 200 len: 152 microversion: 1.0 [pid: 7|app: 0|req: 381/769] 199.204.45.72 () {32 vars in 855 bytes} [Thu Jul 16 17:05:56 2026] GET /resource_providers/786db091-fbb2-4215-9a26-8f64b55dbfa2/allocations => generated 152 bytes in 16 msecs (HTTP/1.1 200) 6 headers in 224 bytes (1 switches on core 0)
2026-07-16 17:05:56.524 8 INFO placement.requestlog [req-c882b715-a9a0-463e-bb28-a84f7cd1a805 req-b85d3244-1d8b-43c4-ae34-2b075eec19f7 b036715914e2404386318413f5da84a9 9f424d211d20449f8052e346d535d9c2 - - a0c9e497ea8b45c68667e9a50c6938f7 a0c9e497ea8b45c68667e9a50c6938f7] 199.204.45.72 "GET /resource_providers/786db091-fbb2-4215-9a26-8f64b55dbfa2/allocations" status: 200 len: 152 microversion: 1.0 [pid: 8|app: 0|req: 389/770] 199.204.45.72 () {32 vars in 855 bytes} [Thu Jul 16 17:05:56 2026] GET /resource_providers/786db091-fbb2-4215-9a26-8f64b55dbfa2/allocations => generated 152 bytes in 18 msecs (HTTP/1.1 200) 6 headers in 224 bytes (1 switches on core 0)
2026-07-16 17:05:56.552 7 INFO placement.requestlog [req-c882b715-a9a0-463e-bb28-a84f7cd1a805 req-63b5a2e8-ae8d-4bfd-aba8-5ebee917190d b036715914e2404386318413f5da84a9 9f424d211d20449f8052e346d535d9c2 - - a0c9e497ea8b45c68667e9a50c6938f7 a0c9e497ea8b45c68667e9a50c6938f7] 199.204.45.72 "GET /allocations/a29e4faa-0fbf-4be0-a8e6-35e8bf88ea29" status: 200 len: 257 microversion: 1.28 [pid: 7|app: 0|req: 382/771] 199.204.45.72 () {34 vars in 861 bytes} [Thu Jul 16 17:05:56 2026] GET /allocations/a29e4faa-0fbf-4be0-a8e6-35e8bf88ea29 => generated 257 bytes in 14 msecs (HTTP/1.1 200) 8 headers in 296 bytes (1 switches on core 0)
2026-07-16 17:05:59.117 7 INFO placement.requestlog [req-7a8d28f8-2a18-4840-979d-c0169e417c34 req-dbc566ce-8812-4b85-9057-7f8953636abd b036715914e2404386318413f5da84a9 9f424d211d20449f8052e346d535d9c2 - - a0c9e497ea8b45c68667e9a50c6938f7 a0c9e497ea8b45c68667e9a50c6938f7] 199.204.45.72 "GET /resource_providers/786db091-fbb2-4215-9a26-8f64b55dbfa2/allocations" status: 200 len: 152 microversion: 1.0 [pid: 7|app: 0|req: 383/772] 199.204.45.72 () {32 vars in 855 bytes} [Thu Jul 16 17:05:59 2026] GET /resource_providers/786db091-fbb2-4215-9a26-8f64b55dbfa2/allocations => generated 152 bytes in 11 msecs (HTTP/1.1 200) 6 headers in 224 bytes (1 switches on core 0)
2026-07-16 17:05:59.118 8 INFO placement.requestlog [req-849be2e7-4d0a-4d5e-9ba7-4de9149fd30f req-8e134b23-e7fa-4f58-b286-d179b9cf80b4 b036715914e2404386318413f5da84a9 9f424d211d20449f8052e346d535d9c2 - - a0c9e497ea8b45c68667e9a50c6938f7 a0c9e497ea8b45c68667e9a50c6938f7] 10.0.0.207 "GET /allocation_candidates?limit=1000&resources=DISK_GB%3A1%2CMEMORY_MB%3A512%2CVCPU%3A1&root_required=%21COMPUTE_STATUS_DISABLED" status: 200 len: 2783 microversion: 1.36 [pid: 8|app: 0|req: 390/773] 10.0.0.207 () {34 vars in 1011 bytes} [Thu Jul 16 17:05:59 2026] GET /allocation_candidates?limit=1000&resources=DISK_GB%3A1%2CMEMORY_MB%3A512%2CVCPU%3A1&root_required=%21COMPUTE_STATUS_DISABLED => generated 2783 bytes in 45 msecs (HTTP/1.1 200) 8 headers in 297 bytes (1 switches on core 0)
2026-07-16 17:05:59.133 7 INFO placement.requestlog [req-7a8d28f8-2a18-4840-979d-c0169e417c34 req-75681141-1e3d-476e-b63f-08d1b52157b6 b036715914e2404386318413f5da84a9 9f424d211d20449f8052e346d535d9c2 - - a0c9e497ea8b45c68667e9a50c6938f7 a0c9e497ea8b45c68667e9a50c6938f7] 199.204.45.72 "GET /allocations/a29e4faa-0fbf-4be0-a8e6-35e8bf88ea29" status: 200 len: 257 microversion: 1.28 [pid: 7|app: 0|req: 384/774] 199.204.45.72 () {34 vars in 861 bytes} [Thu Jul 16 17:05:59 2026] GET /allocations/a29e4faa-0fbf-4be0-a8e6-35e8bf88ea29 => generated 257 bytes in 10 msecs (HTTP/1.1 200) 8 headers in 296 bytes (1 switches on core 0)
2026-07-16 17:05:59.147 8 INFO placement.requestlog [req-849be2e7-4d0a-4d5e-9ba7-4de9149fd30f req-0ce1b048-3bf0-4e6f-a0cb-b901f43aaf45 b036715914e2404386318413f5da84a9 9f424d211d20449f8052e346d535d9c2 - - a0c9e497ea8b45c68667e9a50c6938f7 a0c9e497ea8b45c68667e9a50c6938f7] 10.0.0.207 "GET /allocations/b33730ca-1ed1-42fe-bfee-6c6b69362517" status: 200 len: 19 microversion: 1.28 [pid: 8|app: 0|req: 391/775] 10.0.0.207 () {34 vars in 860 bytes} [Thu Jul 16 17:05:59 2026] GET /allocations/b33730ca-1ed1-42fe-bfee-6c6b69362517 => generated 19 bytes in 8 msecs (HTTP/1.1 200) 8 headers in 295 bytes (1 switches on core 0)
2026-07-16 17:05:59.220 7 INFO placement.requestlog [req-849be2e7-4d0a-4d5e-9ba7-4de9149fd30f req-8f153406-3c9a-42d2-afdd-ba8168a2a8af b036715914e2404386318413f5da84a9 9f424d211d20449f8052e346d535d9c2 - - a0c9e497ea8b45c68667e9a50c6938f7 a0c9e497ea8b45c68667e9a50c6938f7] 10.0.0.207 "PUT /allocations/b33730ca-1ed1-42fe-bfee-6c6b69362517" status: 204 len: 0 microversion: 1.36 [pid: 7|app: 0|req: 385/776] 10.0.0.207 () {38 vars in 913 bytes} [Thu Jul 16 17:05:59 2026] PUT /allocations/b33730ca-1ed1-42fe-bfee-6c6b69362517 => generated 0 bytes in 66 msecs (HTTP/1.1 204) 5 headers in 199 bytes (1 switches on core 0)
2026-07-16 17:05:59.513 7 INFO placement.requestlog [None req-1346e932-9420-42e0-96de-10fc1f1cdde9 bf3cdc26e7e2465fa71ba65d1b1d557d 9f424d211d20449f8052e346d535d9c2 - - a0c9e497ea8b45c68667e9a50c6938f7 a0c9e497ea8b45c68667e9a50c6938f7] 10.0.0.76 "GET /resource_providers/782df2fc-9b57-4aa5-9f2e-426f3dcfb751/aggregates" status: 404 len: 235 microversion: 1.1 [pid: 7|app: 0|req: 386/777] 10.0.0.76 () {32 vars in 814 bytes} [Thu Jul 16 17:05:59 2026] GET /resource_providers/782df2fc-9b57-4aa5-9f2e-426f3dcfb751/aggregates => generated 235 bytes in 8 msecs (HTTP/1.1 404) 5 headers in 202 bytes (1 switches on core 0)
2026-07-16 17:05:59.516 8 INFO placement.requestlog [None req-be36e870-1be6-446a-87be-b96a08997bc8 bf3cdc26e7e2465fa71ba65d1b1d557d 9f424d211d20449f8052e346d535d9c2 - - a0c9e497ea8b45c68667e9a50c6938f7 a0c9e497ea8b45c68667e9a50c6938f7] 10.0.0.76 "GET /resource_providers/782df2fc-9b57-4aa5-9f2e-426f3dcfb751/aggregates" status: 404 len: 235 microversion: 1.1 [pid: 8|app: 0|req: 392/778] 10.0.0.76 () {32 vars in 814 bytes} [Thu Jul 16 17:05:59 2026] GET /resource_providers/782df2fc-9b57-4aa5-9f2e-426f3dcfb751/aggregates => generated 235 bytes in 12 msecs (HTTP/1.1 404) 5 headers in 202 bytes (1 switches on core 0)
2026-07-16 17:05:59.526 7 INFO placement.requestlog [None req-ca2dbbfb-d94d-4db6-acc9-dcab595305cd bf3cdc26e7e2465fa71ba65d1b1d557d 9f424d211d20449f8052e346d535d9c2 - - a0c9e497ea8b45c68667e9a50c6938f7 a0c9e497ea8b45c68667e9a50c6938f7] 10.0.0.76 "DELETE /resource_providers/782df2fc-9b57-4aa5-9f2e-426f3dcfb751" status: 404 len: 246 microversion: 1.1 [pid: 7|app: 0|req: 387/779] 10.0.0.76 () {34 vars in 814 bytes} [Thu Jul 16 17:05:59 2026] DELETE /resource_providers/782df2fc-9b57-4aa5-9f2e-426f3dcfb751 => generated 246 bytes in 6 msecs (HTTP/1.1 404) 6 headers in 231 bytes (1 switches on core 0)
2026-07-16 17:05:59.530 8 INFO placement.requestlog [None req-62aaed6c-6c16-446c-abc6-153873a35992 bf3cdc26e7e2465fa71ba65d1b1d557d 9f424d211d20449f8052e346d535d9c2 - - a0c9e497ea8b45c68667e9a50c6938f7 a0c9e497ea8b45c68667e9a50c6938f7] 10.0.0.76 "DELETE /resource_providers/782df2fc-9b57-4aa5-9f2e-426f3dcfb751" status: 404 len: 246 microversion: 1.1 [pid: 8|app: 0|req: 393/780] 10.0.0.76 () {34 vars in 814 bytes} [Thu Jul 16 17:05:59 2026] DELETE /resource_providers/782df2fc-9b57-4aa5-9f2e-426f3dcfb751 => generated 246 bytes in 7 msecs (HTTP/1.1 404) 6 headers in 231 bytes (1 switches on core 0)
2026-07-16 17:06:00.726 7 INFO placement.requestlog [req-849be2e7-4d0a-4d5e-9ba7-4de9149fd30f req-e5f9f5fe-4fa0-404f-baa0-930fc8c3ed20 b036715914e2404386318413f5da84a9 9f424d211d20449f8052e346d535d9c2 - - a0c9e497ea8b45c68667e9a50c6938f7 a0c9e497ea8b45c68667e9a50c6938f7] 199.204.45.72 "GET /allocations/b33730ca-1ed1-42fe-bfee-6c6b69362517" status: 200 len: 257 microversion: 1.28 [pid: 7|app: 0|req: 388/781] 199.204.45.72 () {34 vars in 861 bytes} [Thu Jul 16 17:06:00 2026] GET /allocations/b33730ca-1ed1-42fe-bfee-6c6b69362517 => generated 257 bytes in 21 msecs (HTTP/1.1 200) 8 headers in 296 bytes (1 switches on core 0)
2026-07-16 17:06:01.091 8 INFO placement.requestlog [None req-82a5339f-f69e-4b19-bdf1-9c5b9ddfa7d9 bf3cdc26e7e2465fa71ba65d1b1d557d 9f424d211d20449f8052e346d535d9c2 - - a0c9e497ea8b45c68667e9a50c6938f7 a0c9e497ea8b45c68667e9a50c6938f7] 10.0.0.76 "GET /resource_providers/3447a343-162e-498d-92da-9d21c48334c5/aggregates" status: 404 len: 235 microversion: 1.1 [pid: 8|app: 0|req: 394/782] 10.0.0.76 () {32 vars in 814 bytes} [Thu Jul 16 17:06:01 2026] GET /resource_providers/3447a343-162e-498d-92da-9d21c48334c5/aggregates => generated 235 bytes in 13 msecs (HTTP/1.1 404) 5 headers in 202 bytes (1 switches on core 0)
2026-07-16 17:06:01.110 7 INFO placement.requestlog [None req-55710c6d-879b-4049-8c5f-10cfb863a564 bf3cdc26e7e2465fa71ba65d1b1d557d 9f424d211d20449f8052e346d535d9c2 - - a0c9e497ea8b45c68667e9a50c6938f7 a0c9e497ea8b45c68667e9a50c6938f7] 10.0.0.76 "GET /resource_providers/3447a343-162e-498d-92da-9d21c48334c5/aggregates" status: 404 len: 235 microversion: 1.1 [pid: 7|app: 0|req: 389/783] 10.0.0.76 () {32 vars in 814 bytes} [Thu Jul 16 17:06:01 2026] GET /resource_providers/3447a343-162e-498d-92da-9d21c48334c5/aggregates => generated 235 bytes in 25 msecs (HTTP/1.1 404) 5 headers in 202 bytes (1 switches on core 0)
2026-07-16 17:06:01.118 8 INFO placement.requestlog [None req-c5c2867c-4d06-4140-badd-e5a8e4a1e9e7 bf3cdc26e7e2465fa71ba65d1b1d557d 9f424d211d20449f8052e346d535d9c2 - - a0c9e497ea8b45c68667e9a50c6938f7 a0c9e497ea8b45c68667e9a50c6938f7] 10.0.0.76 "DELETE /resource_providers/3447a343-162e-498d-92da-9d21c48334c5" status: 404 len: 246 microversion: 1.1 [pid: 8|app: 0|req: 395/784] 10.0.0.76 () {34 vars in 814 bytes} [Thu Jul 16 17:06:01 2026] DELETE /resource_providers/3447a343-162e-498d-92da-9d21c48334c5 => generated 246 bytes in 10 msecs (HTTP/1.1 404) 6 headers in 231 bytes (1 switches on core 0)
2026-07-16 17:06:01.127 7 INFO placement.requestlog [None req-781500c3-1a56-488c-85d2-173c4bb7c64c bf3cdc26e7e2465fa71ba65d1b1d557d 9f424d211d20449f8052e346d535d9c2 - - a0c9e497ea8b45c68667e9a50c6938f7 a0c9e497ea8b45c68667e9a50c6938f7] 10.0.0.76 "DELETE /resource_providers/3447a343-162e-498d-92da-9d21c48334c5" status: 404 len: 246 microversion: 1.1 [pid: 7|app: 0|req: 390/785] 10.0.0.76 () {34 vars in 814 bytes} [Thu Jul 16 17:06:01 2026] DELETE /resource_providers/3447a343-162e-498d-92da-9d21c48334c5 => generated 246 bytes in 10 msecs (HTTP/1.1 404) 6 headers in 231 bytes (1 switches on core 0)
2026-07-16 17:06:01.542 8 INFO placement.requestlog [None req-7470f701-a7fd-486f-ad15-76de823f6157 bf3cdc26e7e2465fa71ba65d1b1d557d 9f424d211d20449f8052e346d535d9c2 - - a0c9e497ea8b45c68667e9a50c6938f7 a0c9e497ea8b45c68667e9a50c6938f7] 10.0.0.76 "GET /resource_providers/c7f047c2-eebc-49e7-8b4c-36f952fda15d/aggregates" status: 404 len: 235 microversion: 1.1 [pid: 8|app: 0|req: 396/786] 10.0.0.76 () {32 vars in 814 bytes} [Thu Jul 16 17:06:01 2026] GET /resource_providers/c7f047c2-eebc-49e7-8b4c-36f952fda15d/aggregates => generated 235 bytes in 8 msecs (HTTP/1.1 404) 5 headers in 202 bytes (1 switches on core 0)
2026-07-16 17:06:01.559 7 INFO placement.requestlog [None req-0a07fbd0-b893-4729-9570-9c1977093fbb bf3cdc26e7e2465fa71ba65d1b1d557d 9f424d211d20449f8052e346d535d9c2 - - a0c9e497ea8b45c68667e9a50c6938f7 a0c9e497ea8b45c68667e9a50c6938f7] 10.0.0.76 "GET /resource_providers/c7f047c2-eebc-49e7-8b4c-36f952fda15d/aggregates" status: 404 len: 235 microversion: 1.1 [pid: 7|app: 0|req: 391/787] 10.0.0.76 () {32 vars in 814 bytes} [Thu Jul 16 17:06:01 2026] GET /resource_providers/c7f047c2-eebc-49e7-8b4c-36f952fda15d/aggregates => generated 235 bytes in 18 msecs (HTTP/1.1 404) 5 headers in 202 bytes (1 switches on core 0)
2026-07-16 17:06:01.562 8 INFO placement.requestlog [None req-aeb04afd-b135-4dba-b4fb-2695871b9781 bf3cdc26e7e2465fa71ba65d1b1d557d 9f424d211d20449f8052e346d535d9c2 - - a0c9e497ea8b45c68667e9a50c6938f7 a0c9e497ea8b45c68667e9a50c6938f7] 10.0.0.76 "DELETE /resource_providers/c7f047c2-eebc-49e7-8b4c-36f952fda15d" status: 404 len: 246 microversion: 1.1 [pid: 8|app: 0|req: 397/788] 10.0.0.76 () {34 vars in 814 bytes} [Thu Jul 16 17:06:01 2026] DELETE /resource_providers/c7f047c2-eebc-49e7-8b4c-36f952fda15d => generated 246 bytes in 11 msecs (HTTP/1.1 404) 6 headers in 231 bytes (1 switches on core 0)
2026-07-16 17:06:01.581 7 INFO placement.requestlog [None req-3c788482-c4e2-475c-a1f0-cc63ef618172 bf3cdc26e7e2465fa71ba65d1b1d557d 9f424d211d20449f8052e346d535d9c2 - - a0c9e497ea8b45c68667e9a50c6938f7 a0c9e497ea8b45c68667e9a50c6938f7] 10.0.0.76 "DELETE /resource_providers/c7f047c2-eebc-49e7-8b4c-36f952fda15d" status: 404 len: 246 microversion: 1.1
2026-07-16 17:06:01.581 8 INFO placement.requestlog [None req-404aa2d0-ddec-4f6f-a427-46bd5bc478c1 bf3cdc26e7e2465fa71ba65d1b1d557d 9f424d211d20449f8052e346d535d9c2 - - a0c9e497ea8b45c68667e9a50c6938f7 a0c9e497ea8b45c68667e9a50c6938f7] 10.0.0.76 "GET /resource_providers/5adfa5fd-f5cf-442f-bf37-3287ccd2009b/aggregates" status: 404 len: 235 microversion: 1.1 [pid: 7|app: 0|req: 392/790] 10.0.0.76 () {34 vars in 814 bytes} [Thu Jul 16 17:06:01 2026] DELETE /resource_providers/c7f047c2-eebc-49e7-8b4c-36f952fda15d => generated 246 bytes in 11 msecs (HTTP/1.1 404) 6 headers in 231 bytes (1 switches on core 0) [pid: 8|app: 0|req: 398/790] 10.0.0.76 () {32 vars in 814 bytes} [Thu Jul 16 17:06:01 2026] GET /resource_providers/5adfa5fd-f5cf-442f-bf37-3287ccd2009b/aggregates => generated 235 bytes in 9 msecs (HTTP/1.1 404) 5 headers in 202 bytes (1 switches on core 0)
2026-07-16 17:06:01.606 7 INFO placement.requestlog [None req-96da966f-8b0e-4343-9ccd-7bf1ceabe9f4 bf3cdc26e7e2465fa71ba65d1b1d557d 9f424d211d20449f8052e346d535d9c2 - - a0c9e497ea8b45c68667e9a50c6938f7 a0c9e497ea8b45c68667e9a50c6938f7] 10.0.0.76 "DELETE /resource_providers/5adfa5fd-f5cf-442f-bf37-3287ccd2009b" status: 404 len: 246 microversion: 1.1 [pid: 7|app: 0|req: 393/791] 10.0.0.76 () {34 vars in 814 bytes} [Thu Jul 16 17:06:01 2026] DELETE /resource_providers/5adfa5fd-f5cf-442f-bf37-3287ccd2009b => generated 246 bytes in 13 msecs (HTTP/1.1 404) 6 headers in 231 bytes (1 switches on core 0)
2026-07-16 17:06:01.608 8 INFO placement.requestlog [None req-de976fd5-2302-4a08-90e9-829a44e50e0a bf3cdc26e7e2465fa71ba65d1b1d557d 9f424d211d20449f8052e346d535d9c2 - - a0c9e497ea8b45c68667e9a50c6938f7 a0c9e497ea8b45c68667e9a50c6938f7] 10.0.0.76 "GET /resource_providers/5adfa5fd-f5cf-442f-bf37-3287ccd2009b/aggregates" status: 404 len: 235 microversion: 1.1 [pid: 8|app: 0|req: 399/792] 10.0.0.76 () {32 vars in 814 bytes} [Thu Jul 16 17:06:01 2026] GET /resource_providers/5adfa5fd-f5cf-442f-bf37-3287ccd2009b/aggregates => generated 235 bytes in 12 msecs (HTTP/1.1 404) 5 headers in 202 bytes (1 switches on core 0)
2026-07-16 17:06:01.645 8 INFO placement.requestlog [None req-428c17c7-a107-4beb-a8b4-58f252d717da bf3cdc26e7e2465fa71ba65d1b1d557d 9f424d211d20449f8052e346d535d9c2 - - a0c9e497ea8b45c68667e9a50c6938f7 a0c9e497ea8b45c68667e9a50c6938f7] 10.0.0.76 "GET /resource_providers/fe31c2c0-006c-481c-a7b8-64d4bbb7e383/aggregates" status: 404 len: 235 microversion: 1.1 [pid: 8|app: 0|req: 400/793] 10.0.0.76 () {32 vars in 814 bytes} [Thu Jul 16 17:06:01 2026] GET /resource_providers/fe31c2c0-006c-481c-a7b8-64d4bbb7e383/aggregates => generated 235 bytes in 19 msecs (HTTP/1.1 404) 5 headers in 202 bytes (1 switches on core 0)
2026-07-16 17:06:01.659 7 INFO placement.requestlog [None req-c1d98f1c-ca22-47a8-a311-65bb54447d22 bf3cdc26e7e2465fa71ba65d1b1d557d 9f424d211d20449f8052e346d535d9c2 - - a0c9e497ea8b45c68667e9a50c6938f7 a0c9e497ea8b45c68667e9a50c6938f7] 10.0.0.76 "DELETE /resource_providers/5adfa5fd-f5cf-442f-bf37-3287ccd2009b" status: 404 len: 246 microversion: 1.1 [pid: 7|app: 0|req: 394/794] 10.0.0.76 () {34 vars in 814 bytes} [Thu Jul 16 17:06:01 2026] DELETE /resource_providers/5adfa5fd-f5cf-442f-bf37-3287ccd2009b => generated 246 bytes in 33 msecs (HTTP/1.1 404) 6 headers in 231 bytes (1 switches on core 0)
2026-07-16 17:06:01.675 8 INFO placement.requestlog [None req-5fc1dd44-5837-4ff0-959a-7aaa7a45ef3f bf3cdc26e7e2465fa71ba65d1b1d557d 9f424d211d20449f8052e346d535d9c2 - - a0c9e497ea8b45c68667e9a50c6938f7 a0c9e497ea8b45c68667e9a50c6938f7] 10.0.0.76 "DELETE /resource_providers/fe31c2c0-006c-481c-a7b8-64d4bbb7e383" status: 404 len: 246 microversion: 1.1 [pid: 8|app: 0|req: 401/795] 10.0.0.76 () {34 vars in 814 bytes} [Thu Jul 16 17:06:01 2026] DELETE /resource_providers/fe31c2c0-006c-481c-a7b8-64d4bbb7e383 => generated 246 bytes in 16 msecs (HTTP/1.1 404) 6 headers in 231 bytes (1 switches on core 0)
2026-07-16 17:06:01.681 7 INFO placement.requestlog [None req-9560d11d-504e-4d07-9a07-961a5e8abbff bf3cdc26e7e2465fa71ba65d1b1d557d 9f424d211d20449f8052e346d535d9c2 - - a0c9e497ea8b45c68667e9a50c6938f7 a0c9e497ea8b45c68667e9a50c6938f7] 10.0.0.76 "GET /resource_providers/fe31c2c0-006c-481c-a7b8-64d4bbb7e383/aggregates" status: 404 len: 235 microversion: 1.1 [pid: 7|app: 0|req: 395/796] 10.0.0.76 () {32 vars in 814 bytes} [Thu Jul 16 17:06:01 2026] GET /resource_providers/fe31c2c0-006c-481c-a7b8-64d4bbb7e383/aggregates => generated 235 bytes in 7 msecs (HTTP/1.1 404) 5 headers in 202 bytes (1 switches on core 0)
2026-07-16 17:06:01.697 8 INFO placement.requestlog [None req-cc0f25ad-8c6a-4125-8923-4c5f6863ca91 bf3cdc26e7e2465fa71ba65d1b1d557d 9f424d211d20449f8052e346d535d9c2 - - a0c9e497ea8b45c68667e9a50c6938f7 a0c9e497ea8b45c68667e9a50c6938f7] 10.0.0.76 "GET /resource_providers/cfaea269-5bf2-44f8-9d22-cc9423e64e78/aggregates" status: 404 len: 235 microversion: 1.1
2026-07-16 17:06:01.698 7 INFO placement.requestlog [None req-021a2326-9a58-4a31-9637-b33b8b4feaa3 bf3cdc26e7e2465fa71ba65d1b1d557d 9f424d211d20449f8052e346d535d9c2 - - a0c9e497ea8b45c68667e9a50c6938f7 a0c9e497ea8b45c68667e9a50c6938f7] 10.0.0.76 "DELETE /resource_providers/fe31c2c0-006c-481c-a7b8-64d4bbb7e383" status: 404 len: 246 microversion: 1.1 [pid: 8|app: 0|req: 402/797] 10.0.0.76 () {32 vars in 814 bytes} [Thu Jul 16 17:06:01 2026] GET /resource_providers/cfaea269-5bf2-44f8-9d22-cc9423e64e78/aggregates => generated 235 bytes in 10 msecs (HTTP/1.1 404) 5 headers in 202 bytes (1 switches on core 0) [pid: 7|app: 0|req: 396/798] 10.0.0.76 () {34 vars in 814 bytes} [Thu Jul 16 17:06:01 2026] DELETE /resource_providers/fe31c2c0-006c-481c-a7b8-64d4bbb7e383 => generated 246 bytes in 10 msecs (HTTP/1.1 404) 6 headers in 231 bytes (1 switches on core 0)
2026-07-16 17:06:01.734 7 INFO placement.requestlog [None req-1c8017f6-3678-401c-8a40-44eba0a076d2 bf3cdc26e7e2465fa71ba65d1b1d557d 9f424d211d20449f8052e346d535d9c2 - - a0c9e497ea8b45c68667e9a50c6938f7 a0c9e497ea8b45c68667e9a50c6938f7] 10.0.0.76 "GET /resource_providers/cfaea269-5bf2-44f8-9d22-cc9423e64e78/aggregates" status: 404 len: 235 microversion: 1.1 [pid: 7|app: 0|req: 397/799] 10.0.0.76 () {32 vars in 814 bytes} [Thu Jul 16 17:06:01 2026] GET /resource_providers/cfaea269-5bf2-44f8-9d22-cc9423e64e78/aggregates => generated 235 bytes in 25 msecs (HTTP/1.1 404) 5 headers in 202 bytes (1 switches on core 0)
2026-07-16 17:06:01.736 8 INFO placement.requestlog [None req-06992add-0bbe-489e-bc37-8609f137926b bf3cdc26e7e2465fa71ba65d1b1d557d 9f424d211d20449f8052e346d535d9c2 - - a0c9e497ea8b45c68667e9a50c6938f7 a0c9e497ea8b45c68667e9a50c6938f7] 10.0.0.76 "DELETE /resource_providers/cfaea269-5bf2-44f8-9d22-cc9423e64e78" status: 404 len: 246 microversion: 1.1 [pid: 8|app: 0|req: 403/800] 10.0.0.76 () {34 vars in 814 bytes} [Thu Jul 16 17:06:01 2026] DELETE /resource_providers/cfaea269-5bf2-44f8-9d22-cc9423e64e78 => generated 246 bytes in 27 msecs (HTTP/1.1 404) 6 headers in 231 bytes (1 switches on core 0)
2026-07-16 17:06:01.761 7 INFO placement.requestlog [None req-c7f5ef42-16c2-49ee-9e80-afe82b25f91c bf3cdc26e7e2465fa71ba65d1b1d557d 9f424d211d20449f8052e346d535d9c2 - - a0c9e497ea8b45c68667e9a50c6938f7 a0c9e497ea8b45c68667e9a50c6938f7] 10.0.0.76 "DELETE /resource_providers/cfaea269-5bf2-44f8-9d22-cc9423e64e78" status: 404 len: 246 microversion: 1.1 [pid: 7|app: 0|req: 398/801] 10.0.0.76 () {34 vars in 814 bytes} [Thu Jul 16 17:06:01 2026] DELETE /resource_providers/cfaea269-5bf2-44f8-9d22-cc9423e64e78 => generated 246 bytes in 18 msecs (HTTP/1.1 404) 6 headers in 231 bytes (1 switches on core 0)
2026-07-16 17:06:01.770 8 INFO placement.requestlog [req-849be2e7-4d0a-4d5e-9ba7-4de9149fd30f req-ca510edb-911b-4468-830f-38362450f461 b036715914e2404386318413f5da84a9 9f424d211d20449f8052e346d535d9c2 - - a0c9e497ea8b45c68667e9a50c6938f7 a0c9e497ea8b45c68667e9a50c6938f7] 199.204.45.72 "GET /resource_providers/786db091-fbb2-4215-9a26-8f64b55dbfa2/allocations" status: 200 len: 252 microversion: 1.0 [pid: 8|app: 0|req: 404/802] 199.204.45.72 () {32 vars in 855 bytes} [Thu Jul 16 17:06:01 2026] GET /resource_providers/786db091-fbb2-4215-9a26-8f64b55dbfa2/allocations => generated 252 bytes in 13 msecs (HTTP/1.1 200) 6 headers in 224 bytes (1 switches on core 0)
2026-07-16 17:06:01.791 7 INFO placement.requestlog [req-849be2e7-4d0a-4d5e-9ba7-4de9149fd30f req-8f5d8f78-adcb-4f6e-bd8c-013fb1a2a209 b036715914e2404386318413f5da84a9 9f424d211d20449f8052e346d535d9c2 - - a0c9e497ea8b45c68667e9a50c6938f7 a0c9e497ea8b45c68667e9a50c6938f7] 199.204.45.72 "GET /allocations/a29e4faa-0fbf-4be0-a8e6-35e8bf88ea29" status: 200 len: 257 microversion: 1.28 [pid: 7|app: 0|req: 399/803] 199.204.45.72 () {34 vars in 861 bytes} [Thu Jul 16 17:06:01 2026] GET /allocations/a29e4faa-0fbf-4be0-a8e6-35e8bf88ea29 => generated 257 bytes in 16 msecs (HTTP/1.1 200) 8 headers in 296 bytes (1 switches on core 0)
2026-07-16 17:06:01.810 8 INFO placement.requestlog [req-849be2e7-4d0a-4d5e-9ba7-4de9149fd30f req-13e75270-dec8-4017-bdc3-cf23695dd66a b036715914e2404386318413f5da84a9 9f424d211d20449f8052e346d535d9c2 - - a0c9e497ea8b45c68667e9a50c6938f7 a0c9e497ea8b45c68667e9a50c6938f7] 199.204.45.72 "GET /allocations/b33730ca-1ed1-42fe-bfee-6c6b69362517" status: 200 len: 257 microversion: 1.28 [pid: 8|app: 0|req: 405/804] 199.204.45.72 () {34 vars in 861 bytes} [Thu Jul 16 17:06:01 2026] GET /allocations/b33730ca-1ed1-42fe-bfee-6c6b69362517 => generated 257 bytes in 12 msecs (HTTP/1.1 200) 8 headers in 296 bytes (1 switches on core 0)
2026-07-16 17:06:02.514 7 INFO placement.requestlog [req-7a8d28f8-2a18-4840-979d-c0169e417c34 req-a03213cd-8101-44ac-b074-ec81d2b5b89f b036715914e2404386318413f5da84a9 9f424d211d20449f8052e346d535d9c2 - - a0c9e497ea8b45c68667e9a50c6938f7 a0c9e497ea8b45c68667e9a50c6938f7] 199.204.45.72 "DELETE /allocations/a29e4faa-0fbf-4be0-a8e6-35e8bf88ea29" status: 204 len: 0 microversion: 1.0 [pid: 7|app: 0|req: 400/805] 199.204.45.72 () {34 vars in 839 bytes} [Thu Jul 16 17:06:02 2026] DELETE /allocations/a29e4faa-0fbf-4be0-a8e6-35e8bf88ea29 => generated 0 bytes in 25 msecs (HTTP/1.1 204) 5 headers in 198 bytes (1 switches on core 0)
2026-07-16 17:06:03.146 8 INFO placement.requestlog [None req-330166f5-eeae-431b-b906-8d3c99400ee8 bf3cdc26e7e2465fa71ba65d1b1d557d 9f424d211d20449f8052e346d535d9c2 - - a0c9e497ea8b45c68667e9a50c6938f7 a0c9e497ea8b45c68667e9a50c6938f7] 10.0.0.76 "GET /resource_providers/ca40f19f-4728-462c-ad24-cc8db028e439/aggregates" status: 404 len: 235 microversion: 1.1 [pid: 8|app: 0|req: 406/806] 10.0.0.76 () {32 vars in 814 bytes} [Thu Jul 16 17:06:03 2026] GET /resource_providers/ca40f19f-4728-462c-ad24-cc8db028e439/aggregates => generated 235 bytes in 10 msecs (HTTP/1.1 404) 5 headers in 202 bytes (1 switches on core 0)
2026-07-16 17:06:03.156 7 INFO placement.requestlog [None req-91146784-5488-4610-bf1e-f2680adac30c bf3cdc26e7e2465fa71ba65d1b1d557d 9f424d211d20449f8052e346d535d9c2 - - a0c9e497ea8b45c68667e9a50c6938f7 a0c9e497ea8b45c68667e9a50c6938f7] 10.0.0.76 "GET /resource_providers/ca40f19f-4728-462c-ad24-cc8db028e439/aggregates" status: 404 len: 235 microversion: 1.1 [pid: 7|app: 0|req: 401/807] 10.0.0.76 () {32 vars in 814 bytes} [Thu Jul 16 17:06:03 2026] GET /resource_providers/ca40f19f-4728-462c-ad24-cc8db028e439/aggregates => generated 235 bytes in 13 msecs (HTTP/1.1 404) 5 headers in 202 bytes (1 switches on core 0)
2026-07-16 17:06:03.164 8 INFO placement.requestlog [None req-97ce18b7-e6df-4dfa-bab9-de1b6a422d0b bf3cdc26e7e2465fa71ba65d1b1d557d 9f424d211d20449f8052e346d535d9c2 - - a0c9e497ea8b45c68667e9a50c6938f7 a0c9e497ea8b45c68667e9a50c6938f7] 10.0.0.76 "DELETE /resource_providers/ca40f19f-4728-462c-ad24-cc8db028e439" status: 404 len: 246 microversion: 1.1 [pid: 8|app: 0|req: 407/808] 10.0.0.76 () {34 vars in 814 bytes} [Thu Jul 16 17:06:03 2026] DELETE /resource_providers/ca40f19f-4728-462c-ad24-cc8db028e439 => generated 246 bytes in 8 msecs (HTTP/1.1 404) 6 headers in 231 bytes (1 switches on core 0)
2026-07-16 17:06:03.176 7 INFO placement.requestlog [None req-9d559871-db88-4447-9500-d61a36ac6e7d bf3cdc26e7e2465fa71ba65d1b1d557d 9f424d211d20449f8052e346d535d9c2 - - a0c9e497ea8b45c68667e9a50c6938f7 a0c9e497ea8b45c68667e9a50c6938f7] 10.0.0.76 "DELETE /resource_providers/ca40f19f-4728-462c-ad24-cc8db028e439" status: 404 len: 246 microversion: 1.1 [pid: 7|app: 0|req: 402/809] 10.0.0.76 () {34 vars in 814 bytes} [Thu Jul 16 17:06:03 2026] DELETE /resource_providers/ca40f19f-4728-462c-ad24-cc8db028e439 => generated 246 bytes in 8 msecs (HTTP/1.1 404) 6 headers in 231 bytes (1 switches on core 0)
2026-07-16 17:06:03.184 8 INFO placement.requestlog [None req-150fd0ea-04ed-424f-be6a-01f1ab3eb250 bf3cdc26e7e2465fa71ba65d1b1d557d 9f424d211d20449f8052e346d535d9c2 - - a0c9e497ea8b45c68667e9a50c6938f7 a0c9e497ea8b45c68667e9a50c6938f7] 10.0.0.76 "GET /resource_providers/3f63148b-1850-4d5c-ba9a-831d81eee261/aggregates" status: 404 len: 235 microversion: 1.1 [pid: 8|app: 0|req: 408/810] 10.0.0.76 () {32 vars in 814 bytes} [Thu Jul 16 17:06:03 2026] GET /resource_providers/3f63148b-1850-4d5c-ba9a-831d81eee261/aggregates => generated 235 bytes in 8 msecs (HTTP/1.1 404) 5 headers in 202 bytes (1 switches on core 0)
2026-07-16 17:06:03.196 7 INFO placement.requestlog [None req-be491ab0-7544-4f33-92b8-978f42e6a23d bf3cdc26e7e2465fa71ba65d1b1d557d 9f424d211d20449f8052e346d535d9c2 - - a0c9e497ea8b45c68667e9a50c6938f7 a0c9e497ea8b45c68667e9a50c6938f7] 10.0.0.76 "GET /resource_providers/3f63148b-1850-4d5c-ba9a-831d81eee261/aggregates" status: 404 len: 235 microversion: 1.1 [pid: 7|app: 0|req: 403/811] 10.0.0.76 () {32 vars in 814 bytes} [Thu Jul 16 17:06:03 2026] GET /resource_providers/3f63148b-1850-4d5c-ba9a-831d81eee261/aggregates => generated 235 bytes in 12 msecs (HTTP/1.1 404) 5 headers in 202 bytes (1 switches on core 0)
2026-07-16 17:06:03.202 8 INFO placement.requestlog [None req-dab09010-04ef-4418-8a71-040bee5b8882 bf3cdc26e7e2465fa71ba65d1b1d557d 9f424d211d20449f8052e346d535d9c2 - - a0c9e497ea8b45c68667e9a50c6938f7 a0c9e497ea8b45c68667e9a50c6938f7] 10.0.0.76 "DELETE /resource_providers/3f63148b-1850-4d5c-ba9a-831d81eee261" status: 404 len: 246 microversion: 1.1 [pid: 8|app: 0|req: 409/812] 10.0.0.76 () {34 vars in 814 bytes} [Thu Jul 16 17:06:03 2026] DELETE /resource_providers/3f63148b-1850-4d5c-ba9a-831d81eee261 => generated 246 bytes in 9 msecs (HTTP/1.1 404) 6 headers in 231 bytes (1 switches on core 0)
2026-07-16 17:06:03.206 7 INFO placement.requestlog [None req-ac3c88c5-603c-43fc-9ce7-226e5d4cd009 bf3cdc26e7e2465fa71ba65d1b1d557d 9f424d211d20449f8052e346d535d9c2 - - a0c9e497ea8b45c68667e9a50c6938f7 a0c9e497ea8b45c68667e9a50c6938f7] 10.0.0.76 "DELETE /resource_providers/3f63148b-1850-4d5c-ba9a-831d81eee261" status: 404 len: 246 microversion: 1.1 [pid: 7|app: 0|req: 404/813] 10.0.0.76 () {34 vars in 814 bytes} [Thu Jul 16 17:06:03 2026] DELETE /resource_providers/3f63148b-1850-4d5c-ba9a-831d81eee261 => generated 246 bytes in 5 msecs (HTTP/1.1 404) 6 headers in 231 bytes (1 switches on core 0)
2026-07-16 17:06:03.837 8 INFO placement.requestlog [req-8ecca206-6ea6-42e4-9eb7-e1b2afb42a09 req-d9720476-0162-44a1-8f08-834ce51476da b036715914e2404386318413f5da84a9 9f424d211d20449f8052e346d535d9c2 - - a0c9e497ea8b45c68667e9a50c6938f7 a0c9e497ea8b45c68667e9a50c6938f7] 10.0.0.11 "DELETE /allocations/a29e4faa-0fbf-4be0-a8e6-35e8bf88ea29" status: 404 len: 228 microversion: 1.0 [pid: 8|app: 0|req: 410/814] 10.0.0.11 () {34 vars in 828 bytes} [Thu Jul 16 17:06:03 2026] DELETE /allocations/a29e4faa-0fbf-4be0-a8e6-35e8bf88ea29 => generated 228 bytes in 10 msecs (HTTP/1.1 404) 6 headers in 231 bytes (1 switches on core 0)
2026-07-16 17:06:05.102 7 INFO placement.requestlog [None req-e412da5a-2945-42c5-9194-82ceb186584e - - - - - -] 10.0.0.27 "GET /" status: 200 len: 136 microversion: 1.0
2026-07-16 17:06:05.102 8 INFO placement.requestlog [None req-abd5902c-0fe4-4d36-b44b-fb27f64d0785 - - - - - -] 10.0.0.27 "GET /" status: 200 len: 136 microversion: 1.0
2026-07-16 17:06:05.965 8 INFO placement.requestlog [None req-991f5fd2-8266-4e10-8e58-3626670acc4b bf3cdc26e7e2465fa71ba65d1b1d557d 9f424d211d20449f8052e346d535d9c2 - - a0c9e497ea8b45c68667e9a50c6938f7 a0c9e497ea8b45c68667e9a50c6938f7] 10.0.0.76 "GET /resource_providers/be55f65c-df51-4c30-bec1-1b969b8ee71c/aggregates" status: 404 len: 235 microversion: 1.1
2026-07-16 17:06:05.966 7 INFO placement.requestlog [None req-0c79646c-d13b-4d14-ac9f-b7df089e22fc bf3cdc26e7e2465fa71ba65d1b1d557d 9f424d211d20449f8052e346d535d9c2 - - a0c9e497ea8b45c68667e9a50c6938f7 a0c9e497ea8b45c68667e9a50c6938f7] 10.0.0.76 "GET /resource_providers/be55f65c-df51-4c30-bec1-1b969b8ee71c/aggregates" status: 404 len: 235 microversion: 1.1 [pid: 7|app: 0|req: 406/818] 10.0.0.76 () {32 vars in 814 bytes} [Thu Jul 16 17:06:05 2026] GET /resource_providers/be55f65c-df51-4c30-bec1-1b969b8ee71c/aggregates => generated 235 bytes in 9 msecs (HTTP/1.1 404) 5 headers in 202 bytes (1 switches on core 0) [pid: 8|app: 0|req: 412/818] 10.0.0.76 () {32 vars in 814 bytes} [Thu Jul 16 17:06:05 2026] GET /resource_providers/be55f65c-df51-4c30-bec1-1b969b8ee71c/aggregates => generated 235 bytes in 9 msecs (HTTP/1.1 404) 5 headers in 202 bytes (1 switches on core 0)
2026-07-16 17:06:05.987 7 INFO placement.requestlog [None req-ffa91cfa-5146-4dc1-806f-ccd79f3a797f bf3cdc26e7e2465fa71ba65d1b1d557d 9f424d211d20449f8052e346d535d9c2 - - a0c9e497ea8b45c68667e9a50c6938f7 a0c9e497ea8b45c68667e9a50c6938f7] 10.0.0.76 "DELETE /resource_providers/be55f65c-df51-4c30-bec1-1b969b8ee71c" status: 404 len: 246 microversion: 1.1 [pid: 7|app: 0|req: 407/819] 10.0.0.76 () {34 vars in 814 bytes} [Thu Jul 16 17:06:05 2026] DELETE /resource_providers/be55f65c-df51-4c30-bec1-1b969b8ee71c => generated 246 bytes in 10 msecs (HTTP/1.1 404) 6 headers in 231 bytes (1 switches on core 0)
2026-07-16 17:06:05.989 8 INFO placement.requestlog [None req-ff81f327-a59a-4f99-a45d-60f459328002 bf3cdc26e7e2465fa71ba65d1b1d557d 9f424d211d20449f8052e346d535d9c2 - - a0c9e497ea8b45c68667e9a50c6938f7 a0c9e497ea8b45c68667e9a50c6938f7] 10.0.0.76 "DELETE /resource_providers/be55f65c-df51-4c30-bec1-1b969b8ee71c" status: 404 len: 246 microversion: 1.1 [pid: 8|app: 0|req: 413/820] 10.0.0.76 () {34 vars in 814 bytes} [Thu Jul 16 17:06:05 2026] DELETE /resource_providers/be55f65c-df51-4c30-bec1-1b969b8ee71c => generated 246 bytes in 10 msecs (HTTP/1.1 404) 6 headers in 231 bytes (1 switches on core 0)
2026-07-16 17:06:06.431 8 INFO placement.requestlog [None req-488f43c1-941e-4f49-9015-278ca4a3812a bf3cdc26e7e2465fa71ba65d1b1d557d 9f424d211d20449f8052e346d535d9c2 - - a0c9e497ea8b45c68667e9a50c6938f7 a0c9e497ea8b45c68667e9a50c6938f7] 10.0.0.76 "GET /resource_providers/bcb475a9-f214-46eb-a857-916352e7f558/aggregates" status: 404 len: 235 microversion: 1.1
2026-07-16 17:06:06.431 7 INFO placement.requestlog [None req-d477d1df-c398-41a5-a100-71094173fd2d bf3cdc26e7e2465fa71ba65d1b1d557d 9f424d211d20449f8052e346d535d9c2 - - a0c9e497ea8b45c68667e9a50c6938f7 a0c9e497ea8b45c68667e9a50c6938f7] 10.0.0.76 "GET /resource_providers/bcb475a9-f214-46eb-a857-916352e7f558/aggregates" status: 404 len: 235 microversion: 1.1 [pid: 8|app: 0|req: 414/821] 10.0.0.76 () {32 vars in 814 bytes} [Thu Jul 16 17:06:06 2026] GET /resource_providers/bcb475a9-f214-46eb-a857-916352e7f558/aggregates => generated 235 bytes in 9 msecs (HTTP/1.1 404) 5 headers in 202 bytes (1 switches on core 0) [pid: 7|app: 0|req: 408/822] 10.0.0.76 () {32 vars in 814 bytes} [Thu Jul 16 17:06:06 2026] GET /resource_providers/bcb475a9-f214-46eb-a857-916352e7f558/aggregates => generated 235 bytes in 9 msecs (HTTP/1.1 404) 5 headers in 202 bytes (1 switches on core 0)
2026-07-16 17:06:06.452 8 INFO placement.requestlog [None req-c276bc82-18d8-4d2f-86fe-5462912ce7e4 bf3cdc26e7e2465fa71ba65d1b1d557d 9f424d211d20449f8052e346d535d9c2 - - a0c9e497ea8b45c68667e9a50c6938f7 a0c9e497ea8b45c68667e9a50c6938f7] 10.0.0.76 "DELETE /resource_providers/bcb475a9-f214-46eb-a857-916352e7f558" status: 404 len: 246 microversion: 1.1 [pid: 8|app: 0|req: 415/823] 10.0.0.76 () {34 vars in 814 bytes} [Thu Jul 16 17:06:06 2026] DELETE /resource_providers/bcb475a9-f214-46eb-a857-916352e7f558 => generated 246 bytes in 8 msecs (HTTP/1.1 404) 6 headers in 231 bytes (1 switches on core 0)
2026-07-16 17:06:06.455 7 INFO placement.requestlog [None req-4222dc0e-ed96-477f-aeca-8d3bd4228037 bf3cdc26e7e2465fa71ba65d1b1d557d 9f424d211d20449f8052e346d535d9c2 - - a0c9e497ea8b45c68667e9a50c6938f7 a0c9e497ea8b45c68667e9a50c6938f7] 10.0.0.76 "DELETE /resource_providers/bcb475a9-f214-46eb-a857-916352e7f558" status: 404 len: 246 microversion: 1.1 [pid: 7|app: 0|req: 409/824] 10.0.0.76 () {34 vars in 814 bytes} [Thu Jul 16 17:06:06 2026] DELETE /resource_providers/bcb475a9-f214-46eb-a857-916352e7f558 => generated 246 bytes in 8 msecs (HTTP/1.1 404) 6 headers in 231 bytes (1 switches on core 0)
2026-07-16 17:06:08.019 8 INFO placement.requestlog [None req-39023679-3aa5-4fb1-a094-26f71698fdfb bf3cdc26e7e2465fa71ba65d1b1d557d 9f424d211d20449f8052e346d535d9c2 - - a0c9e497ea8b45c68667e9a50c6938f7 a0c9e497ea8b45c68667e9a50c6938f7] 10.0.0.76 "GET /resource_providers/b80c5e5a-ae09-45e4-86bc-7770febe6279/aggregates" status: 404 len: 235 microversion: 1.1 [pid: 8|app: 0|req: 416/825] 10.0.0.76 () {32 vars in 814 bytes} [Thu Jul 16 17:06:08 2026] GET /resource_providers/b80c5e5a-ae09-45e4-86bc-7770febe6279/aggregates => generated 235 bytes in 13 msecs (HTTP/1.1 404) 5 headers in 202 bytes (1 switches on core 0)
2026-07-16 17:06:08.020 7 INFO placement.requestlog [None req-7a08bfdc-f281-47d2-b9b4-08bf89f5863d bf3cdc26e7e2465fa71ba65d1b1d557d 9f424d211d20449f8052e346d535d9c2 - - a0c9e497ea8b45c68667e9a50c6938f7 a0c9e497ea8b45c68667e9a50c6938f7] 10.0.0.76 "GET /resource_providers/b80c5e5a-ae09-45e4-86bc-7770febe6279/aggregates" status: 404 len: 235 microversion: 1.1 [pid: 7|app: 0|req: 410/826] 10.0.0.76 () {32 vars in 814 bytes} [Thu Jul 16 17:06:08 2026] GET /resource_providers/b80c5e5a-ae09-45e4-86bc-7770febe6279/aggregates => generated 235 bytes in 14 msecs (HTTP/1.1 404) 5 headers in 202 bytes (1 switches on core 0)
2026-07-16 17:06:08.040 8 INFO placement.requestlog [None req-7a6ea22e-6c19-4f9d-a82f-2c524e815adc bf3cdc26e7e2465fa71ba65d1b1d557d 9f424d211d20449f8052e346d535d9c2 - - a0c9e497ea8b45c68667e9a50c6938f7 a0c9e497ea8b45c68667e9a50c6938f7] 10.0.0.76 "DELETE /resource_providers/b80c5e5a-ae09-45e4-86bc-7770febe6279" status: 404 len: 246 microversion: 1.1 [pid: 8|app: 0|req: 417/827] 10.0.0.76 () {34 vars in 814 bytes} [Thu Jul 16 17:06:08 2026] DELETE /resource_providers/b80c5e5a-ae09-45e4-86bc-7770febe6279 => generated 246 bytes in 9 msecs (HTTP/1.1 404) 6 headers in 231 bytes (1 switches on core 0)
2026-07-16 17:06:08.042 7 INFO placement.requestlog [None req-b12a585e-a9aa-4695-b50f-f10362700354 bf3cdc26e7e2465fa71ba65d1b1d557d 9f424d211d20449f8052e346d535d9c2 - - a0c9e497ea8b45c68667e9a50c6938f7 a0c9e497ea8b45c68667e9a50c6938f7] 10.0.0.76 "DELETE /resource_providers/b80c5e5a-ae09-45e4-86bc-7770febe6279" status: 404 len: 246 microversion: 1.1 [pid: 7|app: 0|req: 411/828] 10.0.0.76 () {34 vars in 814 bytes} [Thu Jul 16 17:06:08 2026] DELETE /resource_providers/b80c5e5a-ae09-45e4-86bc-7770febe6279 => generated 246 bytes in 11 msecs (HTTP/1.1 404) 6 headers in 231 bytes (1 switches on core 0)
2026-07-16 17:06:08.473 8 INFO placement.requestlog [None req-6c38cf34-b6ef-4000-bd74-7a873f096329 bf3cdc26e7e2465fa71ba65d1b1d557d 9f424d211d20449f8052e346d535d9c2 - - a0c9e497ea8b45c68667e9a50c6938f7 a0c9e497ea8b45c68667e9a50c6938f7] 10.0.0.76 "GET /resource_providers/c1f159f5-1e16-43d7-a4b6-9b59de9d05ef/aggregates" status: 404 len: 235 microversion: 1.1 [pid: 8|app: 0|req: 418/829] 10.0.0.76 () {32 vars in 814 bytes} [Thu Jul 16 17:06:08 2026] GET /resource_providers/c1f159f5-1e16-43d7-a4b6-9b59de9d05ef/aggregates => generated 235 bytes in 9 msecs (HTTP/1.1 404) 5 headers in 202 bytes (1 switches on core 0)
2026-07-16 17:06:08.480 7 INFO placement.requestlog [None req-3d9215b6-97af-491f-ac2f-56eadc12135f bf3cdc26e7e2465fa71ba65d1b1d557d 9f424d211d20449f8052e346d535d9c2 - - a0c9e497ea8b45c68667e9a50c6938f7 a0c9e497ea8b45c68667e9a50c6938f7] 10.0.0.76 "GET /resource_providers/c1f159f5-1e16-43d7-a4b6-9b59de9d05ef/aggregates" status: 404 len: 235 microversion: 1.1 [pid: 7|app: 0|req: 412/830] 10.0.0.76 () {32 vars in 814 bytes} [Thu Jul 16 17:06:08 2026] GET /resource_providers/c1f159f5-1e16-43d7-a4b6-9b59de9d05ef/aggregates => generated 235 bytes in 12 msecs (HTTP/1.1 404) 5 headers in 202 bytes (1 switches on core 0)
2026-07-16 17:06:08.490 8 INFO placement.requestlog [None req-69a98050-5e15-4c2f-8701-9a4670ff9314 bf3cdc26e7e2465fa71ba65d1b1d557d 9f424d211d20449f8052e346d535d9c2 - - a0c9e497ea8b45c68667e9a50c6938f7 a0c9e497ea8b45c68667e9a50c6938f7] 10.0.0.76 "DELETE /resource_providers/c1f159f5-1e16-43d7-a4b6-9b59de9d05ef" status: 404 len: 246 microversion: 1.1 [pid: 8|app: 0|req: 419/831] 10.0.0.76 () {34 vars in 814 bytes} [Thu Jul 16 17:06:08 2026] DELETE /resource_providers/c1f159f5-1e16-43d7-a4b6-9b59de9d05ef => generated 246 bytes in 12 msecs (HTTP/1.1 404) 6 headers in 231 bytes (1 switches on core 0)
2026-07-16 17:06:08.497 7 INFO placement.requestlog [None req-6a7aaa9f-fee0-46e3-ad79-fcef00232747 bf3cdc26e7e2465fa71ba65d1b1d557d 9f424d211d20449f8052e346d535d9c2 - - a0c9e497ea8b45c68667e9a50c6938f7 a0c9e497ea8b45c68667e9a50c6938f7] 10.0.0.76 "DELETE /resource_providers/c1f159f5-1e16-43d7-a4b6-9b59de9d05ef" status: 404 len: 246 microversion: 1.1 [pid: 7|app: 0|req: 413/832] 10.0.0.76 () {34 vars in 814 bytes} [Thu Jul 16 17:06:08 2026] DELETE /resource_providers/c1f159f5-1e16-43d7-a4b6-9b59de9d05ef => generated 246 bytes in 9 msecs (HTTP/1.1 404) 6 headers in 231 bytes (1 switches on core 0)
2026-07-16 17:06:10.133 8 INFO placement.requestlog [req-849be2e7-4d0a-4d5e-9ba7-4de9149fd30f req-0016386b-2a10-4167-a2a2-d34ca98d72ad b036715914e2404386318413f5da84a9 9f424d211d20449f8052e346d535d9c2 - - a0c9e497ea8b45c68667e9a50c6938f7 a0c9e497ea8b45c68667e9a50c6938f7] 199.204.45.72 "GET /resource_providers/786db091-fbb2-4215-9a26-8f64b55dbfa2/allocations" status: 200 len: 152 microversion: 1.0 [pid: 8|app: 0|req: 420/833] 199.204.45.72 () {32 vars in 855 bytes} [Thu Jul 16 17:06:10 2026] GET /resource_providers/786db091-fbb2-4215-9a26-8f64b55dbfa2/allocations => generated 152 bytes in 14 msecs (HTTP/1.1 200) 6 headers in 224 bytes (1 switches on core 0)
2026-07-16 17:06:10.170 7 INFO placement.requestlog [req-849be2e7-4d0a-4d5e-9ba7-4de9149fd30f req-35e7ee6a-38ec-4049-920c-fb182c20e0a5 b036715914e2404386318413f5da84a9 9f424d211d20449f8052e346d535d9c2 - - a0c9e497ea8b45c68667e9a50c6938f7 a0c9e497ea8b45c68667e9a50c6938f7] 199.204.45.72 "GET /allocations/b33730ca-1ed1-42fe-bfee-6c6b69362517" status: 200 len: 257 microversion: 1.28 [pid: 7|app: 0|req: 414/834] 199.204.45.72 () {34 vars in 861 bytes} [Thu Jul 16 17:06:10 2026] GET /allocations/b33730ca-1ed1-42fe-bfee-6c6b69362517 => generated 257 bytes in 30 msecs (HTTP/1.1 200) 8 headers in 296 bytes (1 switches on core 0)
2026-07-16 17:06:10.566 8 INFO placement.requestlog [None req-a35ce0fa-4c0e-460c-a27c-e7eac13e347d bf3cdc26e7e2465fa71ba65d1b1d557d 9f424d211d20449f8052e346d535d9c2 - - a0c9e497ea8b45c68667e9a50c6938f7 a0c9e497ea8b45c68667e9a50c6938f7] 10.0.0.76 "GET /resource_providers/65176b56-14ab-4dc4-beb3-862d3e50f0d1/aggregates" status: 404 len: 235 microversion: 1.1 [pid: 8|app: 0|req: 421/835] 10.0.0.76 () {32 vars in 814 bytes} [Thu Jul 16 17:06:10 2026] GET /resource_providers/65176b56-14ab-4dc4-beb3-862d3e50f0d1/aggregates => generated 235 bytes in 9 msecs (HTTP/1.1 404) 5 headers in 202 bytes (1 switches on core 0)
2026-07-16 17:06:10.573 7 INFO placement.requestlog [None req-a5bf54b5-041b-4fc8-bae9-4a4a713920f3 bf3cdc26e7e2465fa71ba65d1b1d557d 9f424d211d20449f8052e346d535d9c2 - - a0c9e497ea8b45c68667e9a50c6938f7 a0c9e497ea8b45c68667e9a50c6938f7] 10.0.0.76 "GET /resource_providers/65176b56-14ab-4dc4-beb3-862d3e50f0d1/aggregates" status: 404 len: 235 microversion: 1.1 [pid: 7|app: 0|req: 415/836] 10.0.0.76 () {32 vars in 814 bytes} [Thu Jul 16 17:06:10 2026] GET /resource_providers/65176b56-14ab-4dc4-beb3-862d3e50f0d1/aggregates => generated 235 bytes in 9 msecs (HTTP/1.1 404) 5 headers in 202 bytes (1 switches on core 0)
2026-07-16 17:06:10.578 8 INFO placement.requestlog [None req-0051c9ab-e788-4aa7-bbaf-b1266ea293c9 bf3cdc26e7e2465fa71ba65d1b1d557d 9f424d211d20449f8052e346d535d9c2 - - a0c9e497ea8b45c68667e9a50c6938f7 a0c9e497ea8b45c68667e9a50c6938f7] 10.0.0.76 "DELETE /resource_providers/65176b56-14ab-4dc4-beb3-862d3e50f0d1" status: 404 len: 246 microversion: 1.1 [pid: 8|app: 0|req: 422/837] 10.0.0.76 () {34 vars in 814 bytes} [Thu Jul 16 17:06:10 2026] DELETE /resource_providers/65176b56-14ab-4dc4-beb3-862d3e50f0d1 => generated 246 bytes in 5 msecs (HTTP/1.1 404) 6 headers in 231 bytes (1 switches on core 0)
2026-07-16 17:06:10.590 7 INFO placement.requestlog [None req-27354223-d8f8-47ea-ac70-481603f51545 bf3cdc26e7e2465fa71ba65d1b1d557d 9f424d211d20449f8052e346d535d9c2 - - a0c9e497ea8b45c68667e9a50c6938f7 a0c9e497ea8b45c68667e9a50c6938f7] 10.0.0.76 "DELETE /resource_providers/65176b56-14ab-4dc4-beb3-862d3e50f0d1" status: 404 len: 246 microversion: 1.1 [pid: 7|app: 0|req: 416/838] 10.0.0.76 () {34 vars in 814 bytes} [Thu Jul 16 17:06:10 2026] DELETE /resource_providers/65176b56-14ab-4dc4-beb3-862d3e50f0d1 => generated 246 bytes in 7 msecs (HTTP/1.1 404) 6 headers in 231 bytes (1 switches on core 0)
2026-07-16 17:06:12.611 8 INFO placement.requestlog [None req-e383b1e5-01af-4c83-8cc2-a0a9d67a8ddf bf3cdc26e7e2465fa71ba65d1b1d557d 9f424d211d20449f8052e346d535d9c2 - - a0c9e497ea8b45c68667e9a50c6938f7 a0c9e497ea8b45c68667e9a50c6938f7] 10.0.0.76 "GET /resource_providers/e143ce2f-b893-4bbc-82ec-0316a27cbf47/aggregates" status: 404 len: 235 microversion: 1.1 [pid: 8|app: 0|req: 423/839] 10.0.0.76 () {32 vars in 814 bytes} [Thu Jul 16 17:06:12 2026] GET /resource_providers/e143ce2f-b893-4bbc-82ec-0316a27cbf47/aggregates => generated 235 bytes in 11 msecs (HTTP/1.1 404) 5 headers in 202 bytes (1 switches on core 0)
2026-07-16 17:06:12.612 7 INFO placement.requestlog [None req-86ba22f1-1584-4da5-b68c-13f05014e45d bf3cdc26e7e2465fa71ba65d1b1d557d 9f424d211d20449f8052e346d535d9c2 - - a0c9e497ea8b45c68667e9a50c6938f7 a0c9e497ea8b45c68667e9a50c6938f7] 10.0.0.76 "GET /resource_providers/e143ce2f-b893-4bbc-82ec-0316a27cbf47/aggregates" status: 404 len: 235 microversion: 1.1 [pid: 7|app: 0|req: 417/840] 10.0.0.76 () {32 vars in 814 bytes} [Thu Jul 16 17:06:12 2026] GET /resource_providers/e143ce2f-b893-4bbc-82ec-0316a27cbf47/aggregates => generated 235 bytes in 9 msecs (HTTP/1.1 404) 5 headers in 202 bytes (1 switches on core 0)
2026-07-16 17:06:12.648 8 INFO placement.requestlog [None req-010361c3-f67e-4306-9ada-72f0623e29e0 bf3cdc26e7e2465fa71ba65d1b1d557d 9f424d211d20449f8052e346d535d9c2 - - a0c9e497ea8b45c68667e9a50c6938f7 a0c9e497ea8b45c68667e9a50c6938f7] 10.0.0.76 "DELETE /resource_providers/e143ce2f-b893-4bbc-82ec-0316a27cbf47" status: 404 len: 246 microversion: 1.1 [pid: 8|app: 0|req: 424/841] 10.0.0.76 () {34 vars in 814 bytes} [Thu Jul 16 17:06:12 2026] DELETE /resource_providers/e143ce2f-b893-4bbc-82ec-0316a27cbf47 => generated 246 bytes in 8 msecs (HTTP/1.1 404) 6 headers in 231 bytes (1 switches on core 0)
2026-07-16 17:06:12.650 7 INFO placement.requestlog [None req-e76e0732-79de-4d09-b047-2622869bdc57 bf3cdc26e7e2465fa71ba65d1b1d557d 9f424d211d20449f8052e346d535d9c2 - - a0c9e497ea8b45c68667e9a50c6938f7 a0c9e497ea8b45c68667e9a50c6938f7] 10.0.0.76 "DELETE /resource_providers/e143ce2f-b893-4bbc-82ec-0316a27cbf47" status: 404 len: 246 microversion: 1.1 [pid: 7|app: 0|req: 418/842] 10.0.0.76 () {34 vars in 814 bytes} [Thu Jul 16 17:06:12 2026] DELETE /resource_providers/e143ce2f-b893-4bbc-82ec-0316a27cbf47 => generated 246 bytes in 9 msecs (HTTP/1.1 404) 6 headers in 231 bytes (1 switches on core 0)
2026-07-16 17:06:13.589 8 INFO placement.requestlog [req-849be2e7-4d0a-4d5e-9ba7-4de9149fd30f req-8a3fda7b-cd45-421d-905a-f894fde10c10 b036715914e2404386318413f5da84a9 9f424d211d20449f8052e346d535d9c2 - - a0c9e497ea8b45c68667e9a50c6938f7 a0c9e497ea8b45c68667e9a50c6938f7] 199.204.45.72 "DELETE /allocations/b33730ca-1ed1-42fe-bfee-6c6b69362517" status: 204 len: 0 microversion: 1.0 [pid: 8|app: 0|req: 425/843] 199.204.45.72 () {34 vars in 839 bytes} [Thu Jul 16 17:06:13 2026] DELETE /allocations/b33730ca-1ed1-42fe-bfee-6c6b69362517 => generated 0 bytes in 21 msecs (HTTP/1.1 204) 5 headers in 198 bytes (1 switches on core 0)
2026-07-16 17:06:14.451 7 INFO placement.requestlog [None req-d70579c6-192a-4e77-a565-29e652471416 bf3cdc26e7e2465fa71ba65d1b1d557d 9f424d211d20449f8052e346d535d9c2 - - a0c9e497ea8b45c68667e9a50c6938f7 a0c9e497ea8b45c68667e9a50c6938f7] 10.0.0.76 "GET /resource_providers/8bf879da-3e6a-4f5d-939a-b3dcdaf91dc7/aggregates" status: 404 len: 235 microversion: 1.1 [pid: 7|app: 0|req: 419/844] 10.0.0.76 () {32 vars in 814 bytes} [Thu Jul 16 17:06:14 2026] GET /resource_providers/8bf879da-3e6a-4f5d-939a-b3dcdaf91dc7/aggregates => generated 235 bytes in 13 msecs (HTTP/1.1 404) 5 headers in 202 bytes (1 switches on core 0)
2026-07-16 17:06:14.456 8 INFO placement.requestlog [None req-5ac87f83-78a6-4d75-b5f9-970332b4137a bf3cdc26e7e2465fa71ba65d1b1d557d 9f424d211d20449f8052e346d535d9c2 - - a0c9e497ea8b45c68667e9a50c6938f7 a0c9e497ea8b45c68667e9a50c6938f7] 10.0.0.76 "GET /resource_providers/8bf879da-3e6a-4f5d-939a-b3dcdaf91dc7/aggregates" status: 404 len: 235 microversion: 1.1 [pid: 8|app: 0|req: 426/845] 10.0.0.76 () {32 vars in 814 bytes} [Thu Jul 16 17:06:14 2026] GET /resource_providers/8bf879da-3e6a-4f5d-939a-b3dcdaf91dc7/aggregates => generated 235 bytes in 15 msecs (HTTP/1.1 404) 5 headers in 202 bytes (1 switches on core 0)
2026-07-16 17:06:14.469 7 INFO placement.requestlog [None req-e92d9743-6aea-4672-9f0d-12db09b0558d bf3cdc26e7e2465fa71ba65d1b1d557d 9f424d211d20449f8052e346d535d9c2 - - a0c9e497ea8b45c68667e9a50c6938f7 a0c9e497ea8b45c68667e9a50c6938f7] 10.0.0.76 "DELETE /resource_providers/8bf879da-3e6a-4f5d-939a-b3dcdaf91dc7" status: 404 len: 246 microversion: 1.1 [pid: 7|app: 0|req: 420/846] 10.0.0.76 () {34 vars in 814 bytes} [Thu Jul 16 17:06:14 2026] DELETE /resource_providers/8bf879da-3e6a-4f5d-939a-b3dcdaf91dc7 => generated 246 bytes in 7 msecs (HTTP/1.1 404) 6 headers in 231 bytes (1 switches on core 0)
2026-07-16 17:06:14.494 8 INFO placement.requestlog [None req-f5d2f547-8c8d-4e88-ac80-739596884b30 bf3cdc26e7e2465fa71ba65d1b1d557d 9f424d211d20449f8052e346d535d9c2 - - a0c9e497ea8b45c68667e9a50c6938f7 a0c9e497ea8b45c68667e9a50c6938f7] 10.0.0.76 "DELETE /resource_providers/8bf879da-3e6a-4f5d-939a-b3dcdaf91dc7" status: 404 len: 246 microversion: 1.1 [pid: 8|app: 0|req: 427/847] 10.0.0.76 () {34 vars in 814 bytes} [Thu Jul 16 17:06:14 2026] DELETE /resource_providers/8bf879da-3e6a-4f5d-939a-b3dcdaf91dc7 => generated 246 bytes in 10 msecs (HTTP/1.1 404) 6 headers in 231 bytes (1 switches on core 0)
2026-07-16 17:06:14.897 7 INFO placement.requestlog [req-48cf81b9-5ff1-44f6-8328-e7f20dd6405d req-5b82de5a-c1b1-4e43-8ba4-b3fe64f6df60 b036715914e2404386318413f5da84a9 9f424d211d20449f8052e346d535d9c2 - - a0c9e497ea8b45c68667e9a50c6938f7 a0c9e497ea8b45c68667e9a50c6938f7] 10.0.0.11 "DELETE /allocations/b33730ca-1ed1-42fe-bfee-6c6b69362517" status: 404 len: 228 microversion: 1.0 [pid: 7|app: 0|req: 421/848] 10.0.0.11 () {34 vars in 828 bytes} [Thu Jul 16 17:06:14 2026] DELETE /allocations/b33730ca-1ed1-42fe-bfee-6c6b69362517 => generated 228 bytes in 9 msecs (HTTP/1.1 404) 6 headers in 231 bytes (1 switches on core 0)
2026-07-16 17:06:15.100 8 INFO placement.requestlog [None req-85031372-1d86-4fa5-9c47-d29a0343762a - - - - - -] 10.0.0.27 "GET /" status: 200 len: 136 microversion: 1.0
