Feb 25 03:15:34.941115 np0000156879 devstack@neutron-api.service[103155]: DEBUG neutron_lib.callbacks.manager [None req-2b3f9420-ca44-4db3-9632-a388d8591a59 None None] Subscribe: port before_delete 55550000, False {{(pid=103155) subscribe /opt/stack/data/venv/lib/python3.12/site-packages/neutron_lib/callbacks/manager.py:52}}
Feb 25 03:15:34.941277 np0000156879 devstack@neutron-api.service[103154]: DEBUG neutron.api.extensions [None req-a835be00-c735-44ed-a007-ddabc6b6bb98 None None] Ext name="Availability Zone" alias="availability_zone" description="The availability zone extension." updated="2015-01-01T10:00:00-00:00" {{(pid=103154) _check_extension /opt/stack/neutron/neutron/api/extensions.py:415}}
Feb 25 03:15:34.941348 np0000156879 devstack@neutron-api.service[103155]: DEBUG neutron_lib.callbacks.manager [None req-2b3f9420-ca44-4db3-9632-a388d8591a59 None None] Subscribe: > router precommit_create 55550000, False {{(pid=103155) subscribe /opt/stack/data/venv/lib/python3.12/site-packages/neutron_lib/callbacks/manager.py:52}}
Feb 25 03:15:34.941348 np0000156879 devstack@neutron-api.service[103155]: DEBUG neutron_lib.callbacks.manager [None req-2b3f9420-ca44-4db3-9632-a388d8591a59 None None] Subscribe: > router precommit_create 55550000, False {{(pid=103155) subscribe /opt/stack/data/venv/lib/python3.12/site-packages/neutron_lib/callbacks/manager.py:52}}
Feb 25 03:15:34.941510 np0000156879 devstack@neutron-api.service[103154]: INFO neutron.api.extensions [None req-a835be00-c735-44ed-a007-ddabc6b6bb98 None None] Loaded extension: availability_zone
Feb 25 03:15:34.941542 np0000156879 devstack@neutron-api.service[103156]: DEBUG neutron.api.extensions [None req-bf7f7f9c-1f63-4fdd-a765-c9d1b109c54b None None] Ext name="Neutron L3 Router" alias="router" description="Router abstraction for basic L3 forwarding between L2 Neutron networks and access to external networks via a NAT gateway." updated="2012-07-20T10:00:00-00:00" {{(pid=103156) _check_extension /opt/stack/neutron/neutron/api/extensions.py:415}}
Feb 25 03:15:34.941638 np0000156879 devstack@neutron-api.service[103155]: DEBUG neutron_lib.callbacks.manager [None req-2b3f9420-ca44-4db3-9632-a388d8591a59 None None] Subscribe: > router precommit_update 55550000, False {{(pid=103155) subscribe /opt/stack/data/venv/lib/python3.12/site-packages/neutron_lib/callbacks/manager.py:52}}
Feb 25 03:15:34.941698 np0000156879 devstack@neutron-api.service[103154]: DEBUG neutron.api.extensions [None req-a835be00-c735-44ed-a007-ddabc6b6bb98 None None] Loading extension file: availability_zone_filter.py {{(pid=103154) _load_all_extensions_from_path /opt/stack/neutron/neutron/api/extensions.py:449}}
Feb 25 03:15:34.941754 np0000156879 devstack@neutron-api.service[103155]: DEBUG neutron_lib.callbacks.manager [None req-2b3f9420-ca44-4db3-9632-a388d8591a59 None None] Subscribe: subnet after_update 55550000, False {{(pid=103155) subscribe /opt/stack/data/venv/lib/python3.12/site-packages/neutron_lib/callbacks/manager.py:52}}
Feb 25 03:15:34.941794 np0000156879 devstack@neutron-api.service[103156]: INFO neutron.api.extensions [None req-bf7f7f9c-1f63-4fdd-a765-c9d1b109c54b None None] Loaded extension: router
Feb 25 03:15:34.941794 np0000156879 devstack@neutron-api.service[103156]: DEBUG neutron.api.extensions [None req-bf7f7f9c-1f63-4fdd-a765-c9d1b109c54b None None] Loading extension file: l3_conntrack_helper.py {{(pid=103156) _load_all_extensions_from_path /opt/stack/neutron/neutron/api/extensions.py:449}}
Feb 25 03:15:34.941878 np0000156879 devstack@neutron-api.service[103154]: DEBUG neutron.api.extensions [None req-a835be00-c735-44ed-a007-ddabc6b6bb98 None None] Ext name="Availability Zone Filter Extension" alias="availability_zone_filter" description="Add filter parameters to AvailabilityZone resource" updated="2018-06-22T10:00:00-00:00" {{(pid=103154) _check_extension /opt/stack/neutron/neutron/api/extensions.py:415}}
Feb 25 03:15:34.941878 np0000156879 devstack@neutron-api.service[103154]: INFO neutron.api.extensions [None req-a835be00-c735-44ed-a007-ddabc6b6bb98 None None] Extension availability_zone_filter not supported by any of loaded plugins
Feb 25 03:15:34.941878 np0000156879 devstack@neutron-api.service[103154]: DEBUG neutron.api.extensions [None req-a835be00-c735-44ed-a007-ddabc6b6bb98 None None] Loading extension file: data_plane_status.py {{(pid=103154) _load_all_extensions_from_path /opt/stack/neutron/neutron/api/extensions.py:449}}
Feb 25 03:15:34.941878 np0000156879 devstack@neutron-api.service[103154]: DEBUG neutron.api.extensions [None req-a835be00-c735-44ed-a007-ddabc6b6bb98 None None] Ext name="Port data plane status extension" alias="data-plane-status" description="Expose status of underlying data plane" updated="2017-01-24T10:00:00-00:00" {{(pid=103154) _check_extension /opt/stack/neutron/neutron/api/extensions.py:415}}
Feb 25 03:15:34.942111 np0000156879 devstack@neutron-api.service[103155]: DEBUG neutron.quota.resource_registry [None req-2b3f9420-ca44-4db3-9632-a388d8591a59 None None] Tracking information for resource: router configured {{(pid=103155) set_tracked_resource /opt/stack/neutron/neutron/quota/resource_registry.py:203}}
Feb 25 03:15:34.942169 np0000156879 devstack@neutron-api.service[103156]: DEBUG neutron.api.extensions [None req-bf7f7f9c-1f63-4fdd-a765-c9d1b109c54b None None] Ext name="L3 Conntrack helper" alias="l3-conntrack-helper" description="Allow adding CT target rules for conntrack helper" updated="2019-04-04T10:00:00-00:00" {{(pid=103156) _check_extension /opt/stack/neutron/neutron/api/extensions.py:415}}
Feb 25 03:15:34.942228 np0000156879 devstack@neutron-api.service[103154]: INFO neutron.api.extensions [None req-a835be00-c735-44ed-a007-ddabc6b6bb98 None None] Extension data-plane-status not supported by any of loaded plugins
Feb 25 03:15:34.942256 np0000156879 devstack@neutron-api.service[103155]: DEBUG neutron.quota.resource_registry [None req-2b3f9420-ca44-4db3-9632-a388d8591a59 None None] Tracking information for resource: floatingip configured {{(pid=103155) set_tracked_resource /opt/stack/neutron/neutron/quota/resource_registry.py:203}}
Feb 25 03:15:34.942313 np0000156879 devstack@neutron-api.service[103154]: DEBUG neutron.api.extensions [None req-a835be00-c735-44ed-a007-ddabc6b6bb98 None None] Loading extension file: default_subnetpools.py {{(pid=103154) _load_all_extensions_from_path /opt/stack/neutron/neutron/api/extensions.py:449}}
Feb 25 03:15:34.942341 np0000156879 devstack@neutron-api.service[103155]: INFO neutron.services.ovn_l3.plugin [None req-2b3f9420-ca44-4db3-9632-a388d8591a59 None None] Starting OVNL3RouterPlugin
Feb 25 03:15:34.942406 np0000156879 devstack@neutron-api.service[103156]: INFO neutron.api.extensions [None req-bf7f7f9c-1f63-4fdd-a765-c9d1b109c54b None None] Extension l3-conntrack-helper not supported by any of loaded plugins
Feb 25 03:15:34.942406 np0000156879 devstack@neutron-api.service[103156]: DEBUG neutron.api.extensions [None req-bf7f7f9c-1f63-4fdd-a765-c9d1b109c54b None None] Loading extension file: l3_enable_default_route_bfd.py {{(pid=103156) _load_all_extensions_from_path /opt/stack/neutron/neutron/api/extensions.py:449}}
Feb 25 03:15:34.942464 np0000156879 devstack@neutron-api.service[103154]: DEBUG neutron.api.extensions [None req-a835be00-c735-44ed-a007-ddabc6b6bb98 None None] Ext name="Default Subnetpools" alias="default-subnetpools" description="Provides ability to mark and use a subnetpool as the default." updated="2016-02-18T18:00:00-00:00" {{(pid=103154) _check_extension /opt/stack/neutron/neutron/api/extensions.py:415}}
Feb 25 03:15:34.942542 np0000156879 devstack@neutron-api.service[103155]: DEBUG neutron_lib.callbacks.manager [None req-2b3f9420-ca44-4db3-9632-a388d8591a59 None None] Subscribe: > port_forwarding_plugin after_init 55550000, False {{(pid=103155) subscribe /opt/stack/data/venv/lib/python3.12/site-packages/neutron_lib/callbacks/manager.py:52}}
Feb 25 03:15:34.942579 np0000156879 devstack@neutron-api.service[103154]: INFO neutron.api.extensions [None req-a835be00-c735-44ed-a007-ddabc6b6bb98 None None] Loaded extension: default-subnetpools
Feb 25 03:15:34.942635 np0000156879 devstack@neutron-api.service[103156]: DEBUG neutron.api.extensions [None req-bf7f7f9c-1f63-4fdd-a765-c9d1b109c54b None None] Ext name="Enable Default Route BFD" alias="enable-default-route-bfd" description="Enables configurable BFD behavior for default routes" updated="2023-02-27T00:00:00-00:00" {{(pid=103156) _check_extension /opt/stack/neutron/neutron/api/extensions.py:415}}
Feb 25 03:15:34.942667 np0000156879 devstack@neutron-api.service[103155]: DEBUG neutron_lib.callbacks.manager [None req-2b3f9420-ca44-4db3-9632-a388d8591a59 None None] Subscribe: > router before_create 55550100, False {{(pid=103155) subscribe /opt/stack/data/venv/lib/python3.12/site-packages/neutron_lib/callbacks/manager.py:52}}
Feb 25 03:15:34.942728 np0000156879 devstack@neutron-api.service[103154]: DEBUG neutron.api.extensions [None req-a835be00-c735-44ed-a007-ddabc6b6bb98 None None] Loading extension file: dhcpagentscheduler.py {{(pid=103154) _load_all_extensions_from_path /opt/stack/neutron/neutron/api/extensions.py:449}}
Feb 25 03:15:34.942757 np0000156879 devstack@neutron-api.service[103155]: DEBUG neutron_lib.callbacks.manager [None req-2b3f9420-ca44-4db3-9632-a388d8591a59 None None] Subscribe: > router precommit_delete 55550100, False {{(pid=103155) subscribe /opt/stack/data/venv/lib/python3.12/site-packages/neutron_lib/callbacks/manager.py:52}}
Feb 25 03:15:34.942844 np0000156879 devstack@neutron-api.service[103156]: INFO neutron.api.extensions [None req-bf7f7f9c-1f63-4fdd-a765-c9d1b109c54b None None] Loaded extension: enable-default-route-bfd
Feb 25 03:15:34.942844 np0000156879 devstack@neutron-api.service[103156]: DEBUG neutron.api.extensions [None req-bf7f7f9c-1f63-4fdd-a765-c9d1b109c54b None None] Loading extension file: l3_enable_default_route_ecmp.py {{(pid=103156) _load_all_extensions_from_path /opt/stack/neutron/neutron/api/extensions.py:449}}
Feb 25 03:15:34.943014 np0000156879 devstack@neutron-api.service[103155]: DEBUG neutron_lib.callbacks.manager [None req-2b3f9420-ca44-4db3-9632-a388d8591a59 None None] Subscribe: > router precommit_create 55550100, False {{(pid=103155) subscribe /opt/stack/data/venv/lib/python3.12/site-packages/neutron_lib/callbacks/manager.py:52}}
Feb 25 03:15:34.943014 np0000156879 devstack@neutron-api.service[103155]: DEBUG neutron_lib.callbacks.manager [None req-2b3f9420-ca44-4db3-9632-a388d8591a59 None None] Subscribe: > router precommit_update 55550100, False {{(pid=103155) subscribe /opt/stack/data/venv/lib/python3.12/site-packages/neutron_lib/callbacks/manager.py:52}}
Feb 25 03:15:34.943101 np0000156879 devstack@neutron-api.service[103154]: DEBUG neutron.api.extensions [None req-a835be00-c735-44ed-a007-ddabc6b6bb98 None None] Ext name="DHCP Agent Scheduler" alias="dhcp_agent_scheduler" description="Schedule networks among dhcp agents" updated="2013-02-07T10:00:00-00:00" {{(pid=103154) _check_extension /opt/stack/neutron/neutron/api/extensions.py:415}}
Feb 25 03:15:34.943216 np0000156879 devstack@neutron-api.service[103156]: DEBUG neutron.api.extensions [None req-bf7f7f9c-1f63-4fdd-a765-c9d1b109c54b None None] Ext name="Enable Default Route ECMP" alias="enable-default-route-ecmp" description="Enables configurable ECMP behavior for default routes" updated="2023-02-27T00:00:00-00:00" {{(pid=103156) _check_extension /opt/stack/neutron/neutron/api/extensions.py:415}}
Feb 25 03:15:34.943351 np0000156879 devstack@neutron-api.service[103154]: INFO neutron.api.extensions [None req-a835be00-c735-44ed-a007-ddabc6b6bb98 None None] Loaded extension: dhcp_agent_scheduler
Feb 25 03:15:34.943387 np0000156879 devstack@neutron-api.service[103156]: INFO neutron.api.extensions [None req-bf7f7f9c-1f63-4fdd-a765-c9d1b109c54b None None] Loaded extension: enable-default-route-ecmp
Feb 25 03:15:34.943521 np0000156879 devstack@neutron-api.service[103154]: DEBUG neutron.api.extensions [None req-a835be00-c735-44ed-a007-ddabc6b6bb98 None None] Loading extension file: dns.py {{(pid=103154) _load_all_extensions_from_path /opt/stack/neutron/neutron/api/extensions.py:449}}
Feb 25 03:15:34.943578 np0000156879 devstack@neutron-api.service[103156]: DEBUG neutron.api.extensions [None req-bf7f7f9c-1f63-4fdd-a765-c9d1b109c54b None None] Loading extension file: l3_ext_gw_mode.py {{(pid=103156) _load_all_extensions_from_path /opt/stack/neutron/neutron/api/extensions.py:449}}
Feb 25 03:15:34.943611 np0000156879 devstack@neutron-api.service[103154]: DEBUG neutron.api.extensions [None req-a835be00-c735-44ed-a007-ddabc6b6bb98 None None] Ext name="DNS Integration" alias="dns-integration" description="Provides integration with DNS." updated="2015-08-15T18:00:00-00:00" {{(pid=103154) _check_extension /opt/stack/neutron/neutron/api/extensions.py:415}}
Feb 25 03:15:34.943669 np0000156879 devstack@neutron-api.service[103156]: DEBUG neutron.api.extensions [None req-bf7f7f9c-1f63-4fdd-a765-c9d1b109c54b None None] Ext name="Neutron L3 Configurable external gateway mode" alias="ext-gw-mode" description="Extension of the router abstraction for specifying whether SNAT should occur on the external gateway" updated="2013-03-28T10:00:00-00:00" {{(pid=103156) _check_extension /opt/stack/neutron/neutron/api/extensions.py:415}}
Feb 25 03:15:34.943703 np0000156879 devstack@neutron-api.service[103154]: INFO neutron.api.extensions [None req-a835be00-c735-44ed-a007-ddabc6b6bb98 None None] Loaded extension: dns-integration
Feb 25 03:15:34.943765 np0000156879 devstack@neutron-api.service[103156]: INFO neutron.api.extensions [None req-bf7f7f9c-1f63-4fdd-a765-c9d1b109c54b None None] Loaded extension: ext-gw-mode
Feb 25 03:15:34.943792 np0000156879 devstack@neutron-api.service[103154]: DEBUG neutron.api.extensions [None req-a835be00-c735-44ed-a007-ddabc6b6bb98 None None] Loading extension file: dns_domain_ports.py {{(pid=103154) _load_all_extensions_from_path /opt/stack/neutron/neutron/api/extensions.py:449}}
Feb 25 03:15:34.943856 np0000156879 devstack@neutron-api.service[103156]: DEBUG neutron.api.extensions [None req-bf7f7f9c-1f63-4fdd-a765-c9d1b109c54b None None] Loading extension file: l3_ext_ha_mode.py {{(pid=103156) _load_all_extensions_from_path /opt/stack/neutron/neutron/api/extensions.py:449}}
Feb 25 03:15:34.943927 np0000156879 devstack@neutron-api.service[103154]: DEBUG neutron.api.extensions [None req-a835be00-c735-44ed-a007-ddabc6b6bb98 None None] Ext name="dns_domain for ports" alias="dns-domain-ports" description="Allows the DNS domain to be specified for a network port." updated="2017-04-24T10:00:00-00:00" {{(pid=103154) _check_extension /opt/stack/neutron/neutron/api/extensions.py:415}}
Feb 25 03:15:34.943965 np0000156879 devstack@neutron-api.service[103156]: DEBUG neutron.api.extensions [None req-bf7f7f9c-1f63-4fdd-a765-c9d1b109c54b None None] Ext name="HA Router extension" alias="l3-ha" description="Adds HA capability to routers." updated="2014-04-26T00:00:00-00:00" {{(pid=103156) _check_extension /opt/stack/neutron/neutron/api/extensions.py:415}}
Feb 25 03:15:34.943994 np0000156879 devstack@neutron-api.service[103154]: INFO neutron.api.extensions [None req-a835be00-c735-44ed-a007-ddabc6b6bb98 None None] Loaded extension: dns-domain-ports
Feb 25 03:15:34.944050 np0000156879 devstack@neutron-api.service[103156]: INFO neutron.api.extensions [None req-bf7f7f9c-1f63-4fdd-a765-c9d1b109c54b None None] Loaded extension: l3-ha
Feb 25 03:15:34.944077 np0000156879 devstack@neutron-api.service[103154]: DEBUG neutron.api.extensions [None req-a835be00-c735-44ed-a007-ddabc6b6bb98 None None] Loading extension file: dns_integration_domain_keywords.py {{(pid=103154) _load_all_extensions_from_path /opt/stack/neutron/neutron/api/extensions.py:449}}
Feb 25 03:15:34.944139 np0000156879 devstack@neutron-api.service[103156]: DEBUG neutron.api.extensions [None req-bf7f7f9c-1f63-4fdd-a765-c9d1b109c54b None None] Loading extension file: l3_ext_ndp_proxy.py {{(pid=103156) _load_all_extensions_from_path /opt/stack/neutron/neutron/api/extensions.py:449}}
Feb 25 03:15:34.944208 np0000156879 devstack@neutron-api.service[103154]: DEBUG neutron.api.extensions [None req-a835be00-c735-44ed-a007-ddabc6b6bb98 None None] Ext name="DNS domain names with keywords allowed" alias="dns-integration-domain-keywords" description="Allows to use keywords like , , and as DNS domain name" updated="2020-06-15T18:00:00-00:00" {{(pid=103154) _check_extension /opt/stack/neutron/neutron/api/extensions.py:415}}
Feb 25 03:15:34.944266 np0000156879 devstack@neutron-api.service[103156]: DEBUG neutron.api.extensions [None req-bf7f7f9c-1f63-4fdd-a765-c9d1b109c54b None None] Ext name="Router support to enable NDP proxy" alias="l3-ext-ndp-proxy" description="Router extension to enable ndp proxy" updated="2020-08-25T00:00:00-00:00" {{(pid=103156) _check_extension /opt/stack/neutron/neutron/api/extensions.py:415}}
Feb 25 03:15:34.944348 np0000156879 devstack@neutron-api.service[103154]: INFO neutron.api.extensions [None req-a835be00-c735-44ed-a007-ddabc6b6bb98 None None] Loaded extension: dns-integration-domain-keywords
Feb 25 03:15:34.944421 np0000156879 devstack@neutron-api.service[103156]: INFO neutron.api.extensions [None req-bf7f7f9c-1f63-4fdd-a765-c9d1b109c54b None None] Extension l3-ext-ndp-proxy not supported by any of loaded plugins
Feb 25 03:15:34.944478 np0000156879 devstack@neutron-api.service[103154]: DEBUG neutron.api.extensions [None req-a835be00-c735-44ed-a007-ddabc6b6bb98 None None] Loading extension file: dvr.py {{(pid=103154) _load_all_extensions_from_path /opt/stack/neutron/neutron/api/extensions.py:449}}
Feb 25 03:15:34.944603 np0000156879 devstack@neutron-api.service[103156]: DEBUG neutron.api.extensions [None req-bf7f7f9c-1f63-4fdd-a765-c9d1b109c54b None None] Loading extension file: l3_extra_gws.py {{(pid=103156) _load_all_extensions_from_path /opt/stack/neutron/neutron/api/extensions.py:449}}
Feb 25 03:15:34.944686 np0000156879 devstack@neutron-api.service[103154]: DEBUG neutron.api.extensions [None req-a835be00-c735-44ed-a007-ddabc6b6bb98 None None] Ext name="Distributed Virtual Router" alias="dvr" description="Enables configuration of Distributed Virtual Routers." updated="2014-06-1T10:00:00-00:00" {{(pid=103154) _check_extension /opt/stack/neutron/neutron/api/extensions.py:415}}
Feb 25 03:15:34.944746 np0000156879 devstack@neutron-api.service[103156]: DEBUG neutron.api.extensions [None req-bf7f7f9c-1f63-4fdd-a765-c9d1b109c54b None None] Ext name="Neutron L3 External Gateway Multihoming" alias="external-gateway-multihoming" description="Allow multiple external gateway ports per router" updated="2023-01-18T00:00:00-00:00" {{(pid=103156) _check_extension /opt/stack/neutron/neutron/api/extensions.py:415}}
Feb 25 03:15:34.944807 np0000156879 devstack@neutron-api.service[103154]: INFO neutron.api.extensions [None req-a835be00-c735-44ed-a007-ddabc6b6bb98 None None] Extension dvr not supported by any of loaded plugins
Feb 25 03:15:34.944870 np0000156879 devstack@neutron-api.service[103156]: INFO neutron.api.extensions [None req-bf7f7f9c-1f63-4fdd-a765-c9d1b109c54b None None] Loaded extension: external-gateway-multihoming
Feb 25 03:15:34.944911 np0000156879 devstack@neutron-api.service[103154]: DEBUG neutron.api.extensions [None req-a835be00-c735-44ed-a007-ddabc6b6bb98 None None] Loading extension file: ecmp_routes.py {{(pid=103154) _load_all_extensions_from_path /opt/stack/neutron/neutron/api/extensions.py:449}}
Feb 25 03:15:34.944978 np0000156879 devstack@neutron-api.service[103156]: DEBUG neutron.api.extensions [None req-bf7f7f9c-1f63-4fdd-a765-c9d1b109c54b None None] Loading extension file: l3_flavors.py {{(pid=103156) _load_all_extensions_from_path /opt/stack/neutron/neutron/api/extensions.py:449}}
Feb 25 03:15:34.945006 np0000156879 devstack@neutron-api.service[103154]: DEBUG neutron.api.extensions [None req-a835be00-c735-44ed-a007-ddabc6b6bb98 None None] Ext name="Equal Cost Multipath Routing" alias="ecmp_routes" description="Allows traffic to reach thesame destination via multiple different links " updated="2020-11-26T18:00:00-00:00" {{(pid=103154) _check_extension /opt/stack/neutron/neutron/api/extensions.py:415}}
Feb 25 03:15:34.945067 np0000156879 devstack@neutron-api.service[103156]: DEBUG neutron.api.extensions [None req-bf7f7f9c-1f63-4fdd-a765-c9d1b109c54b None None] Ext name="Router Flavor Extension" alias="l3-flavors" description="Flavor support for routers." updated="2016-05-17T00:00:00-00:00" {{(pid=103156) _check_extension /opt/stack/neutron/neutron/api/extensions.py:415}}
Feb 25 03:15:34.945101 np0000156879 devstack@neutron-api.service[103154]: INFO neutron.api.extensions [None req-a835be00-c735-44ed-a007-ddabc6b6bb98 None None] Extension ecmp_routes not supported by any of loaded plugins
Feb 25 03:15:34.945157 np0000156879 devstack@neutron-api.service[103156]: INFO neutron.api.extensions [None req-bf7f7f9c-1f63-4fdd-a765-c9d1b109c54b None None] Loaded extension: l3-flavors
Feb 25 03:15:34.945185 np0000156879 devstack@neutron-api.service[103154]: DEBUG neutron.api.extensions [None req-a835be00-c735-44ed-a007-ddabc6b6bb98 None None] Loading extension file: empty_string_filtering.py {{(pid=103154) _load_all_extensions_from_path /opt/stack/neutron/neutron/api/extensions.py:449}}
Feb 25 03:15:34.945243 np0000156879 devstack@neutron-api.service[103156]: DEBUG neutron.api.extensions [None req-bf7f7f9c-1f63-4fdd-a765-c9d1b109c54b None None] Loading extension file: l3_ndp_proxy.py {{(pid=103156) _load_all_extensions_from_path /opt/stack/neutron/neutron/api/extensions.py:449}}
Feb 25 03:15:34.945270 np0000156879 devstack@neutron-api.service[103154]: DEBUG neutron.api.extensions [None req-a835be00-c735-44ed-a007-ddabc6b6bb98 None None] Ext name="Empty String Filtering Extension" alias="empty-string-filtering" description="Allow filtering by attributes with empty string value" updated="2018-05-01T10:00:00-00:00" {{(pid=103154) _check_extension /opt/stack/neutron/neutron/api/extensions.py:415}}
Feb 25 03:15:34.945331 np0000156879 devstack@neutron-api.service[103156]: DEBUG neutron.api.extensions [None req-bf7f7f9c-1f63-4fdd-a765-c9d1b109c54b None None] Ext name="name" alias="l3-ndp-proxy" description="description" updated="2021-06-29T10:00:00-00:00" {{(pid=103156) _check_extension /opt/stack/neutron/neutron/api/extensions.py:415}}
Feb 25 03:15:34.945391 np0000156879 devstack@neutron-api.service[103154]: INFO neutron.api.extensions [None req-a835be00-c735-44ed-a007-ddabc6b6bb98 None None] Loaded extension: empty-string-filtering
Feb 25 03:15:34.945391 np0000156879 devstack@neutron-api.service[103154]: DEBUG neutron.api.extensions [None req-a835be00-c735-44ed-a007-ddabc6b6bb98 None None] Loading extension file: expose_l3_conntrack_helper.py {{(pid=103154) _load_all_extensions_from_path /opt/stack/neutron/neutron/api/extensions.py:449}}
Feb 25 03:15:34.945453 np0000156879 devstack@neutron-api.service[103156]: INFO neutron.api.extensions [None req-bf7f7f9c-1f63-4fdd-a765-c9d1b109c54b None None] Extension l3-ndp-proxy not supported by any of loaded plugins
Feb 25 03:15:34.945453 np0000156879 devstack@neutron-api.service[103156]: DEBUG neutron.api.extensions [None req-bf7f7f9c-1f63-4fdd-a765-c9d1b109c54b None None] Loading extension file: l3_port_ip_change_not_allowed.py {{(pid=103156) _load_all_extensions_from_path /opt/stack/neutron/neutron/api/extensions.py:449}}
Feb 25 03:15:34.945562 np0000156879 devstack@neutron-api.service[103155]: DEBUG neutron.services.provider_configuration [None req-2b3f9420-ca44-4db3-9632-a388d8591a59 None None] Service providers = [] {{(pid=103155) parse_service_provider_opt /opt/stack/neutron/neutron/services/provider_configuration.py:171}}
Feb 25 03:15:34.945590 np0000156879 devstack@neutron-api.service[103154]: DEBUG neutron.api.extensions [None req-a835be00-c735-44ed-a007-ddabc6b6bb98 None None] Ext name="Expose CT target rules for conntrack helper" alias="expose-l3-conntrack-helper" description="Expose allow adding CT target rules for conntrack helper" updated="2019-04-04T10:00:00-00:00" {{(pid=103154) _check_extension /opt/stack/neutron/neutron/api/extensions.py:415}}
Feb 25 03:15:34.945644 np0000156879 devstack@neutron-api.service[103155]: DEBUG neutron.db.servicetype_db [None req-2b3f9420-ca44-4db3-9632-a388d8591a59 None None] Adding provider configuration for service L3_ROUTER_NAT {{(pid=103155) add_provider_configuration /opt/stack/neutron/neutron/db/servicetype_db.py:42}}
Feb 25 03:15:34.945673 np0000156879 devstack@neutron-api.service[103156]: DEBUG neutron.api.extensions [None req-bf7f7f9c-1f63-4fdd-a765-c9d1b109c54b None None] Ext name="Prevent L3 router ports IP address change extension" alias="l3-port-ip-change-not-allowed" description="Prevent change of IP address for some L3 router ports" updated="2018-10-09T10:00:00-00:00" {{(pid=103156) _check_extension /opt/stack/neutron/neutron/api/extensions.py:415}}
Feb 25 03:15:34.945736 np0000156879 devstack@neutron-api.service[103154]: INFO neutron.api.extensions [None req-a835be00-c735-44ed-a007-ddabc6b6bb98 None None] Extension expose-l3-conntrack-helper not supported by any of loaded plugins
Feb 25 03:15:34.945736 np0000156879 devstack@neutron-api.service[103154]: DEBUG neutron.api.extensions [None req-a835be00-c735-44ed-a007-ddabc6b6bb98 None None] Loading extension file: expose_port_forwarding_in_fip.py {{(pid=103154) _load_all_extensions_from_path /opt/stack/neutron/neutron/api/extensions.py:449}}
Feb 25 03:15:34.945832 np0000156879 devstack@neutron-api.service[103156]: INFO neutron.api.extensions [None req-bf7f7f9c-1f63-4fdd-a765-c9d1b109c54b None None] Extension l3-port-ip-change-not-allowed not supported by any of loaded plugins
Feb 25 03:15:34.945832 np0000156879 devstack@neutron-api.service[103156]: DEBUG neutron.api.extensions [None req-bf7f7f9c-1f63-4fdd-a765-c9d1b109c54b None None] Loading extension file: l3agentscheduler.py {{(pid=103156) _load_all_extensions_from_path /opt/stack/neutron/neutron/api/extensions.py:449}}
Feb 25 03:15:34.945879 np0000156879 devstack@neutron-api.service[103154]: DEBUG neutron.api.extensions [None req-a835be00-c735-44ed-a007-ddabc6b6bb98 None None] Ext name="Expose Floating IP port forwardings" alias="expose-port-forwarding-in-fip" description="Expose port forwarding fields in floating IP response" updated="2018-06-28T16:00:00-00:00" {{(pid=103154) _check_extension /opt/stack/neutron/neutron/api/extensions.py:415}}
Feb 25 03:15:34.945879 np0000156879 devstack@neutron-api.service[103154]: INFO neutron.api.extensions [None req-a835be00-c735-44ed-a007-ddabc6b6bb98 None None] Extension expose-port-forwarding-in-fip not supported by any of loaded plugins
Feb 25 03:15:34.945879 np0000156879 devstack@neutron-api.service[103154]: DEBUG neutron.api.extensions [None req-a835be00-c735-44ed-a007-ddabc6b6bb98 None None] Loading extension file: external_net.py {{(pid=103154) _load_all_extensions_from_path /opt/stack/neutron/neutron/api/extensions.py:449}}
Feb 25 03:15:34.946013 np0000156879 devstack@neutron-api.service[103156]: DEBUG neutron.api.extensions [None req-bf7f7f9c-1f63-4fdd-a765-c9d1b109c54b None None] Ext name="L3 Agent Scheduler" alias="l3_agent_scheduler" description="Schedule routers among l3 agents" updated="2013-02-07T10:00:00-00:00" {{(pid=103156) _check_extension /opt/stack/neutron/neutron/api/extensions.py:415}}
Feb 25 03:15:34.946037 np0000156879 devstack@neutron-api.service[103154]: DEBUG neutron.api.extensions [None req-a835be00-c735-44ed-a007-ddabc6b6bb98 None None] Ext name="Neutron external network" alias="external-net" description="Adds external network attribute to network resource." updated="2013-01-14T10:00:00-00:00" {{(pid=103154) _check_extension /opt/stack/neutron/neutron/api/extensions.py:415}}
Feb 25 03:15:34.946066 np0000156879 devstack@neutron-api.service[103156]: INFO neutron.api.extensions [None req-bf7f7f9c-1f63-4fdd-a765-c9d1b109c54b None None] Extension l3_agent_scheduler not supported by any of loaded plugins
Feb 25 03:15:34.946114 np0000156879 devstack@neutron-api.service[103154]: INFO neutron.api.extensions [None req-a835be00-c735-44ed-a007-ddabc6b6bb98 None None] Loaded extension: external-net
Feb 25 03:15:34.946145 np0000156879 devstack@neutron-api.service[103156]: DEBUG neutron.api.extensions [None req-bf7f7f9c-1f63-4fdd-a765-c9d1b109c54b None None] Loading extension file: local_ip.py {{(pid=103156) _load_all_extensions_from_path /opt/stack/neutron/neutron/api/extensions.py:449}}
Feb 25 03:15:34.946194 np0000156879 devstack@neutron-api.service[103154]: DEBUG neutron.api.extensions [None req-a835be00-c735-44ed-a007-ddabc6b6bb98 None None] Loading extension file: extra_dhcp_opt.py {{(pid=103154) _load_all_extensions_from_path /opt/stack/neutron/neutron/api/extensions.py:449}}
Feb 25 03:15:34.946219 np0000156879 devstack@neutron-api.service[103155]: DEBUG neutron_lib.callbacks.manager [None req-2b3f9420-ca44-4db3-9632-a388d8591a59 None None] Subscribe: > router precommit_create 55549900, False {{(pid=103155) subscribe /opt/stack/data/venv/lib/python3.12/site-packages/neutron_lib/callbacks/manager.py:52}}
Feb 25 03:15:34.946269 np0000156879 devstack@neutron-api.service[103154]: DEBUG neutron.api.extensions [None req-a835be00-c735-44ed-a007-ddabc6b6bb98 None None] Ext name="Neutron Extra DHCP options" alias="extra_dhcp_opt" description="Extra options configuration for DHCP. For example PXE boot options to DHCP clients can be specified (e.g. tftp-server, server-ip-address, bootfile-name)" updated="2013-03-17T12:00:00-00:00" {{(pid=103154) _check_extension /opt/stack/neutron/neutron/api/extensions.py:415}}
Feb 25 03:15:34.946294 np0000156879 devstack@neutron-api.service[103155]: DEBUG neutron_lib.callbacks.manager [None req-2b3f9420-ca44-4db3-9632-a388d8591a59 None None] Subscribe: > router_interface after_create 55550000, False {{(pid=103155) subscribe /opt/stack/data/venv/lib/python3.12/site-packages/neutron_lib/callbacks/manager.py:52}}
Feb 25 03:15:34.946352 np0000156879 devstack@neutron-api.service[103156]: DEBUG neutron.api.extensions [None req-bf7f7f9c-1f63-4fdd-a765-c9d1b109c54b None None] Ext name="Local IP" alias="local_ip" description="Support Node Local Virtual IP" updated="2021-07-26T10:00:00-00:00" {{(pid=103156) _check_extension /opt/stack/neutron/neutron/api/extensions.py:415}}
Feb 25 03:15:34.946377 np0000156879 devstack@neutron-api.service[103155]: DEBUG neutron_lib.callbacks.manager [None req-2b3f9420-ca44-4db3-9632-a388d8591a59 None None] Subscribe: > floatingip after_create 55550000, False {{(pid=103155) subscribe /opt/stack/data/venv/lib/python3.12/site-packages/neutron_lib/callbacks/manager.py:52}}
Feb 25 03:15:34.946405 np0000156879 devstack@neutron-api.service[103154]: INFO neutron.api.extensions [None req-a835be00-c735-44ed-a007-ddabc6b6bb98 None None] Loaded extension: extra_dhcp_opt
Feb 25 03:15:34.946457 np0000156879 devstack@neutron-api.service[103155]: DEBUG neutron_lib.callbacks.manager [None req-2b3f9420-ca44-4db3-9632-a388d8591a59 None None] Subscribe: > floatingip precommit_create 55550000, False {{(pid=103155) subscribe /opt/stack/data/venv/lib/python3.12/site-packages/neutron_lib/callbacks/manager.py:52}}
Feb 25 03:15:34.946481 np0000156879 devstack@neutron-api.service[103156]: INFO neutron.api.extensions [None req-bf7f7f9c-1f63-4fdd-a765-c9d1b109c54b None None] Extension local_ip not supported by any of loaded plugins
Feb 25 03:15:34.946533 np0000156879 devstack@neutron-api.service[103154]: DEBUG neutron.api.extensions [None req-a835be00-c735-44ed-a007-ddabc6b6bb98 None None] Loading extension file: extraroute.py {{(pid=103154) _load_all_extensions_from_path /opt/stack/neutron/neutron/api/extensions.py:449}}
Feb 25 03:15:34.946557 np0000156879 devstack@neutron-api.service[103156]: DEBUG neutron.api.extensions [None req-bf7f7f9c-1f63-4fdd-a765-c9d1b109c54b None None] Loading extension file: logging.py {{(pid=103156) _load_all_extensions_from_path /opt/stack/neutron/neutron/api/extensions.py:449}}
Feb 25 03:15:34.946606 np0000156879 devstack@neutron-api.service[103155]: DEBUG neutron_lib.callbacks.manager [None req-2b3f9420-ca44-4db3-9632-a388d8591a59 None None] Subscribe: > floatingip precommit_update 55550000, False {{(pid=103155) subscribe /opt/stack/data/venv/lib/python3.12/site-packages/neutron_lib/callbacks/manager.py:52}}
Feb 25 03:15:34.946606 np0000156879 devstack@neutron-api.service[103155]: DEBUG neutron_lib.callbacks.manager [None req-2b3f9420-ca44-4db3-9632-a388d8591a59 None None] Subscribe: > floatingip after_delete 55550000, False {{(pid=103155) subscribe /opt/stack/data/venv/lib/python3.12/site-packages/neutron_lib/callbacks/manager.py:52}}
Feb 25 03:15:34.946652 np0000156879 devstack@neutron-api.service[103154]: DEBUG neutron.api.extensions [None req-a835be00-c735-44ed-a007-ddabc6b6bb98 None None] Ext name="Neutron Extra Route" alias="extraroute" description="Extra routes configuration for L3 router" updated="2013-02-01T10:00:00-00:00" {{(pid=103154) _check_extension /opt/stack/neutron/neutron/api/extensions.py:415}}
Feb 25 03:15:34.946716 np0000156879 devstack@neutron-api.service[103155]: DEBUG neutron_lib.callbacks.manager [None req-2b3f9420-ca44-4db3-9632-a388d8591a59 None None] Subscribe: > floatingip after_status_update 55550000, False {{(pid=103155) subscribe /opt/stack/data/venv/lib/python3.12/site-packages/neutron_lib/callbacks/manager.py:52}}
Feb 25 03:15:34.946742 np0000156879 devstack@neutron-api.service[103156]: DEBUG neutron.api.extensions [None req-bf7f7f9c-1f63-4fdd-a765-c9d1b109c54b None None] Ext name="Logging API Extension" alias="logging" description="Provides a logging API for resources such as security group and firewall." updated="2017-01-01T10:00:00-00:00" {{(pid=103156) _check_extension /opt/stack/neutron/neutron/api/extensions.py:415}}
Feb 25 03:15:34.946792 np0000156879 devstack@neutron-api.service[103155]: DEBUG neutron_lib.callbacks.manager [None req-2b3f9420-ca44-4db3-9632-a388d8591a59 None None] Subscribe: > floatingip after_update 55550000, False {{(pid=103155) subscribe /opt/stack/data/venv/lib/python3.12/site-packages/neutron_lib/callbacks/manager.py:52}}
Feb 25 03:15:34.946822 np0000156879 devstack@neutron-api.service[103154]: INFO neutron.api.extensions [None req-a835be00-c735-44ed-a007-ddabc6b6bb98 None None] Loaded extension: extraroute
Feb 25 03:15:34.946822 np0000156879 devstack@neutron-api.service[103154]: DEBUG neutron.api.extensions [None req-a835be00-c735-44ed-a007-ddabc6b6bb98 None None] Loading extension file: extraroute_atomic.py {{(pid=103154) _load_all_extensions_from_path /opt/stack/neutron/neutron/api/extensions.py:449}}
Feb 25 03:15:34.946914 np0000156879 devstack@neutron-api.service[103155]: DEBUG neutron_lib.callbacks.manager [None req-2b3f9420-ca44-4db3-9632-a388d8591a59 None None] Subscribe: > port_forwarding after_create 55550000, False {{(pid=103155) subscribe /opt/stack/data/venv/lib/python3.12/site-packages/neutron_lib/callbacks/manager.py:52}}
Feb 25 03:15:34.946969 np0000156879 devstack@neutron-api.service[103156]: INFO neutron.api.extensions [None req-bf7f7f9c-1f63-4fdd-a765-c9d1b109c54b None None] Extension logging not supported by any of loaded plugins
Feb 25 03:15:34.946993 np0000156879 devstack@neutron-api.service[103155]: DEBUG neutron_lib.callbacks.manager [None req-2b3f9420-ca44-4db3-9632-a388d8591a59 None None] Subscribe: > router_interface after_delete 55550000, False {{(pid=103155) subscribe /opt/stack/data/venv/lib/python3.12/site-packages/neutron_lib/callbacks/manager.py:52}}
Feb 25 03:15:34.947025 np0000156879 devstack@neutron-api.service[103156]: DEBUG neutron.api.extensions [None req-bf7f7f9c-1f63-4fdd-a765-c9d1b109c54b None None] Loading extension file: metering.py {{(pid=103156) _load_all_extensions_from_path /opt/stack/neutron/neutron/api/extensions.py:449}}
Feb 25 03:15:34.947075 np0000156879 devstack@neutron-api.service[103155]: DEBUG neutron_lib.callbacks.manager [None req-2b3f9420-ca44-4db3-9632-a388d8591a59 None None] Subscribe: > router after_create 55550000, False {{(pid=103155) subscribe /opt/stack/data/venv/lib/python3.12/site-packages/neutron_lib/callbacks/manager.py:52}}
Feb 25 03:15:34.947102 np0000156879 devstack@neutron-api.service[103154]: DEBUG neutron.api.extensions [None req-a835be00-c735-44ed-a007-ddabc6b6bb98 None None] Ext name="Atomically add/remove extra routes" alias="extraroute-atomic" description="Edit extra routes of a router on server side by atomically adding/removing extra routes" updated="2019-07-10T00:00:00+00:00" {{(pid=103154) _check_extension /opt/stack/neutron/neutron/api/extensions.py:415}}
Feb 25 03:15:34.947166 np0000156879 devstack@neutron-api.service[103155]: DEBUG neutron_lib.callbacks.manager [None req-2b3f9420-ca44-4db3-9632-a388d8591a59 None None] Subscribe: > router precommit_create 55550000, False {{(pid=103155) subscribe /opt/stack/data/venv/lib/python3.12/site-packages/neutron_lib/callbacks/manager.py:52}}
Feb 25 03:15:34.947193 np0000156879 devstack@neutron-api.service[103154]: INFO neutron.api.extensions [None req-a835be00-c735-44ed-a007-ddabc6b6bb98 None None] Loaded extension: extraroute-atomic
Feb 25 03:15:34.947245 np0000156879 devstack@neutron-api.service[103155]: DEBUG neutron_lib.callbacks.manager [None req-2b3f9420-ca44-4db3-9632-a388d8591a59 None None] Subscribe: > router after_delete 55550000, False {{(pid=103155) subscribe /opt/stack/data/venv/lib/python3.12/site-packages/neutron_lib/callbacks/manager.py:52}}
Feb 25 03:15:34.947271 np0000156879 devstack@neutron-api.service[103154]: DEBUG neutron.api.extensions [None req-a835be00-c735-44ed-a007-ddabc6b6bb98 None None] Loading extension file: filter_validation.py {{(pid=103154) _load_all_extensions_from_path /opt/stack/neutron/neutron/api/extensions.py:449}}
Feb 25 03:15:34.947328 np0000156879 devstack@neutron-api.service[103155]: DEBUG neutron_lib.callbacks.manager [None req-2b3f9420-ca44-4db3-9632-a388d8591a59 None None] Subscribe: > router after_update 55550000, False {{(pid=103155) subscribe /opt/stack/data/venv/lib/python3.12/site-packages/neutron_lib/callbacks/manager.py:52}}
Feb 25 03:15:34.947357 np0000156879 devstack@neutron-api.service[103156]: DEBUG neutron.api.extensions [None req-bf7f7f9c-1f63-4fdd-a765-c9d1b109c54b None None] Ext name="Neutron Metering" alias="metering" description="Neutron Metering extension." updated="2013-06-12T10:00:00-00:00" {{(pid=103156) _check_extension /opt/stack/neutron/neutron/api/extensions.py:415}}
Feb 25 03:15:34.947383 np0000156879 devstack@neutron-api.service[103155]: DEBUG neutron.services.service_base [None req-2b3f9420-ca44-4db3-9632-a388d8591a59 None None] Loaded 'neutron.services.ovn_l3.service_providers.ovn.OvnDriver' provider for service L3_ROUTER_NAT {{(pid=103155) load_drivers /opt/stack/neutron/neutron/services/service_base.py:49}}
Feb 25 03:15:34.947439 np0000156879 devstack@neutron-api.service[103154]: DEBUG neutron.api.extensions [None req-a835be00-c735-44ed-a007-ddabc6b6bb98 None None] Ext name="Filter parameters validation" alias="filter-validation" description="Provides validation on filter parameters." updated="2018-07-04T10:00:00-00:00" {{(pid=103154) _check_extension /opt/stack/neutron/neutron/api/extensions.py:415}}
Feb 25 03:15:34.947467 np0000156879 devstack@neutron-api.service[103156]: INFO neutron.api.extensions [None req-bf7f7f9c-1f63-4fdd-a765-c9d1b109c54b None None] Extension metering not supported by any of loaded plugins
Feb 25 03:15:34.947520 np0000156879 devstack@neutron-api.service[103155]: DEBUG neutron_lib.callbacks.manager [None req-2b3f9420-ca44-4db3-9632-a388d8591a59 None None] Subscribe: > process after_init 55550001, True {{(pid=103155) subscribe /opt/stack/data/venv/lib/python3.12/site-packages/neutron_lib/callbacks/manager.py:52}}
Feb 25 03:15:34.947554 np0000156879 devstack@neutron-api.service[103156]: DEBUG neutron.api.extensions [None req-bf7f7f9c-1f63-4fdd-a765-c9d1b109c54b None None] Loading extension file: metering_source_and_destination_fields.py {{(pid=103156) _load_all_extensions_from_path /opt/stack/neutron/neutron/api/extensions.py:449}}
Feb 25 03:15:34.947620 np0000156879 devstack@neutron-api.service[103155]: DEBUG neutron.manager [None req-2b3f9420-ca44-4db3-9632-a388d8591a59 None None] Successfully loaded L3_ROUTER_NAT plugin. Description: L3 Router Service Plugin for basic L3 forwarding using OVN {{(pid=103155) _create_and_add_service_plugin /opt/stack/neutron/neutron/manager.py:229}}
Feb 25 03:15:34.947648 np0000156879 devstack@neutron-api.service[103154]: INFO neutron.api.extensions [None req-a835be00-c735-44ed-a007-ddabc6b6bb98 None None] Loaded extension: filter-validation
Feb 25 03:15:34.947706 np0000156879 devstack@neutron-api.service[103155]: INFO neutron.manager [None req-2b3f9420-ca44-4db3-9632-a388d8591a59 None None] Loading Plugin: auto_allocate
Feb 25 03:15:34.947734 np0000156879 devstack@neutron-api.service[103154]: DEBUG neutron.api.extensions [None req-a835be00-c735-44ed-a007-ddabc6b6bb98 None None] Loading extension file: fip_pf_description.py {{(pid=103154) _load_all_extensions_from_path /opt/stack/neutron/neutron/api/extensions.py:449}}
Feb 25 03:15:34.947798 np0000156879 devstack@neutron-api.service[103156]: DEBUG neutron.api.extensions [None req-bf7f7f9c-1f63-4fdd-a765-c9d1b109c54b None None] Ext name="Neutron Metering with source and destination filtering" alias="metering_source_and_destination_fields" description="Neutron Metering extension that enables the use of source and destination IP prefixes to create metering label rules." updated="2020-08-21T08:12:00-00:00" {{(pid=103156) _check_extension /opt/stack/neutron/neutron/api/extensions.py:415}}
Feb 25 03:15:34.947855 np0000156879 devstack@neutron-api.service[103154]: DEBUG neutron.api.extensions [None req-a835be00-c735-44ed-a007-ddabc6b6bb98 None None] Ext name="Floating IP Port Forwarding new attribute description" alias="floating-ip-port-forwarding-description" description="Add a description field to Port Forwarding rules" updated="2019-11-01T10:00:00-00:00" {{(pid=103154) _check_extension /opt/stack/neutron/neutron/api/extensions.py:415}}
Feb 25 03:15:34.947881 np0000156879 devstack@neutron-api.service[103156]: INFO neutron.api.extensions [None req-bf7f7f9c-1f63-4fdd-a765-c9d1b109c54b None None] Extension metering_source_and_destination_fields not supported by any of loaded plugins
Feb 25 03:15:34.947881 np0000156879 devstack@neutron-api.service[103156]: DEBUG neutron.api.extensions [None req-bf7f7f9c-1f63-4fdd-a765-c9d1b109c54b None None] Loading extension file: multiprovidernet.py {{(pid=103156) _load_all_extensions_from_path /opt/stack/neutron/neutron/api/extensions.py:449}}
Feb 25 03:15:34.947940 np0000156879 devstack@neutron-api.service[103154]: INFO neutron.api.extensions [None req-a835be00-c735-44ed-a007-ddabc6b6bb98 None None] Extension floating-ip-port-forwarding-description not supported by any of loaded plugins
Feb 25 03:15:34.947940 np0000156879 devstack@neutron-api.service[103154]: DEBUG neutron.api.extensions [None req-a835be00-c735-44ed-a007-ddabc6b6bb98 None None] Loading extension file: fip_pf_detail.py {{(pid=103154) _load_all_extensions_from_path /opt/stack/neutron/neutron/api/extensions.py:449}}
Feb 25 03:15:34.948017 np0000156879 devstack@neutron-api.service[103156]: DEBUG neutron.api.extensions [None req-bf7f7f9c-1f63-4fdd-a765-c9d1b109c54b None None] Ext name="Multi Provider Network" alias="multi-provider" description="Expose mapping of virtual networks to multiple physical networks" updated="2013-06-27T10:00:00-00:00" {{(pid=103156) _check_extension /opt/stack/neutron/neutron/api/extensions.py:415}}
Feb 25 03:15:34.948070 np0000156879 devstack@neutron-api.service[103154]: DEBUG neutron.api.extensions [None req-a835be00-c735-44ed-a007-ddabc6b6bb98 None None] Ext name="Floating IP port forwarding detail" alias="floating-ip-port-forwarding-detail" description="Allow list floating ip return more port forwarding data, include'id' and 'internal_port_id'" updated="2022-05-06T10:00:00-00:00" {{(pid=103154) _check_extension /opt/stack/neutron/neutron/api/extensions.py:415}}
Feb 25 03:15:34.948095 np0000156879 devstack@neutron-api.service[103156]: INFO neutron.api.extensions [None req-bf7f7f9c-1f63-4fdd-a765-c9d1b109c54b None None] Loaded extension: multi-provider
Feb 25 03:15:34.948095 np0000156879 devstack@neutron-api.service[103156]: DEBUG neutron.api.extensions [None req-bf7f7f9c-1f63-4fdd-a765-c9d1b109c54b None None] Loading extension file: netmtu.py {{(pid=103156) _load_all_extensions_from_path /opt/stack/neutron/neutron/api/extensions.py:449}}
Feb 25 03:15:34.948138 np0000156879 devstack@neutron-api.service[103154]: INFO neutron.api.extensions [None req-a835be00-c735-44ed-a007-ddabc6b6bb98 None None] Loaded extension: floating-ip-port-forwarding-detail
Feb 25 03:15:34.948257 np0000156879 devstack@neutron-api.service[103155]: DEBUG neutron_lib.callbacks.manager [None req-2b3f9420-ca44-4db3-9632-a388d8591a59 None None] Subscribe: network precommit_update 55550000, False {{(pid=103155) subscribe /opt/stack/data/venv/lib/python3.12/site-packages/neutron_lib/callbacks/manager.py:52}}
Feb 25 03:15:34.948329 np0000156879 devstack@neutron-api.service[103154]: DEBUG neutron.api.extensions [None req-a835be00-c735-44ed-a007-ddabc6b6bb98 None None] Loading extension file: fip_pf_port_range.py {{(pid=103154) _load_all_extensions_from_path /opt/stack/neutron/neutron/api/extensions.py:449}}
Feb 25 03:15:34.948352 np0000156879 devstack@neutron-api.service[103155]: DEBUG neutron_lib.callbacks.manager [None req-2b3f9420-ca44-4db3-9632-a388d8591a59 None None] Subscribe: network precommit_create 55550000, False {{(pid=103155) subscribe /opt/stack/data/venv/lib/python3.12/site-packages/neutron_lib/callbacks/manager.py:52}}
Feb 25 03:15:34.948376 np0000156879 devstack@neutron-api.service[103156]: DEBUG neutron.api.extensions [None req-bf7f7f9c-1f63-4fdd-a765-c9d1b109c54b None None] Ext name="Network MTU" alias="net-mtu" description="Provides MTU attribute for a network resource." updated="2015-03-25T10:00:00-00:00" {{(pid=103156) _check_extension /opt/stack/neutron/neutron/api/extensions.py:415}}
Feb 25 03:15:34.948401 np0000156879 devstack@neutron-api.service[103155]: DEBUG neutron.manager [None req-2b3f9420-ca44-4db3-9632-a388d8591a59 None None] Successfully loaded auto-allocated-topology plugin. Description: Auto Allocated Topology - aka get me a network. {{(pid=103155) _create_and_add_service_plugin /opt/stack/neutron/neutron/manager.py:229}}
Feb 25 03:15:34.948454 np0000156879 devstack@neutron-api.service[103154]: DEBUG neutron.api.extensions [None req-a835be00-c735-44ed-a007-ddabc6b6bb98 None None] Ext name="Floating IP Port Forwarding support port ranges" alias="floating-ip-port-forwarding-port-ranges" description="Add support to port ranges" updated="2020-07-01T10:00:00-00:00" {{(pid=103154) _check_extension /opt/stack/neutron/neutron/api/extensions.py:415}}
Feb 25 03:15:34.948478 np0000156879 devstack@neutron-api.service[103156]: INFO neutron.api.extensions [None req-bf7f7f9c-1f63-4fdd-a765-c9d1b109c54b None None] Loaded extension: net-mtu
Feb 25 03:15:34.948526 np0000156879 devstack@neutron-api.service[103155]: INFO neutron.manager [None req-2b3f9420-ca44-4db3-9632-a388d8591a59 None None] Loading Plugin: tag
Feb 25 03:15:34.948553 np0000156879 devstack@neutron-api.service[103156]: DEBUG neutron.api.extensions [None req-bf7f7f9c-1f63-4fdd-a765-c9d1b109c54b None None] Loading extension file: netmtu_writable.py {{(pid=103156) _load_all_extensions_from_path /opt/stack/neutron/neutron/api/extensions.py:449}}
Feb 25 03:15:34.948577 np0000156879 devstack@neutron-api.service[103154]: INFO neutron.api.extensions [None req-a835be00-c735-44ed-a007-ddabc6b6bb98 None None] Extension floating-ip-port-forwarding-port-ranges not supported by any of loaded plugins
Feb 25 03:15:34.948577 np0000156879 devstack@neutron-api.service[103154]: DEBUG neutron.api.extensions [None req-a835be00-c735-44ed-a007-ddabc6b6bb98 None None] Loading extension file: fip_port_details.py {{(pid=103154) _load_all_extensions_from_path /opt/stack/neutron/neutron/api/extensions.py:449}}
Feb 25 03:15:34.948649 np0000156879 devstack@neutron-api.service[103156]: DEBUG neutron.api.extensions [None req-bf7f7f9c-1f63-4fdd-a765-c9d1b109c54b None None] Ext name="Network MTU (writable)" alias="net-mtu-writable" description="Provides a writable MTU attribute for a network resource." updated="2017-07-12T00:00:00-00:00" {{(pid=103156) _check_extension /opt/stack/neutron/neutron/api/extensions.py:415}}
Feb 25 03:15:34.948649 np0000156879 devstack@neutron-api.service[103156]: INFO neutron.api.extensions [None req-bf7f7f9c-1f63-4fdd-a765-c9d1b109c54b None None] Loaded extension: net-mtu-writable
Feb 25 03:15:34.948768 np0000156879 devstack@neutron-api.service[103154]: DEBUG neutron.api.extensions [None req-a835be00-c735-44ed-a007-ddabc6b6bb98 None None] Ext name="Floating IP Port Details Extension" alias="fip-port-details" description="Add port_details attribute to Floating IP resource" updated="2018-04-09T10:00:00-00:00" {{(pid=103154) _check_extension /opt/stack/neutron/neutron/api/extensions.py:415}}
Feb 25 03:15:34.948798 np0000156879 devstack@neutron-api.service[103156]: DEBUG neutron.api.extensions [None req-bf7f7f9c-1f63-4fdd-a765-c9d1b109c54b None None] Loading extension file: network_availability_zone.py {{(pid=103156) _load_all_extensions_from_path /opt/stack/neutron/neutron/api/extensions.py:449}}
Feb 25 03:15:34.948823 np0000156879 devstack@neutron-api.service[103154]: INFO neutron.api.extensions [None req-a835be00-c735-44ed-a007-ddabc6b6bb98 None None] Loaded extension: fip-port-details
