2026-04-14 05:37:44.337 7 INFO placement.requestlog [None req-9b0994e0-a3b8-4516-a212-df11d8d77b52 8eb339862bb7414c8f25f96247f5346f 04626c89dd3143bab2f8c562ffca05b5 - - 3a77b75bcde34ae5bb5105449eb7016d 3a77b75bcde34ae5bb5105449eb7016d] 10.0.0.250 "GET /resource_providers/d836603e-4cb0-4223-9fee-fb837e9c7012/aggregates" status: 404 len: 235 microversion: 1.1 [pid: 7|app: 0|req: 425/852] 10.0.0.250 () {32 vars in 816 bytes} [Tue Apr 14 05:37:44 2026] GET /resource_providers/d836603e-4cb0-4223-9fee-fb837e9c7012/aggregates => generated 235 bytes in 14 msecs (HTTP/1.1 404) 5 headers in 202 bytes (1 switches on core 0)
2026-04-14 05:37:44.341 8 INFO placement.requestlog [None req-9fbc3008-356c-48a0-a5ec-2cf396ff6c30 8eb339862bb7414c8f25f96247f5346f 04626c89dd3143bab2f8c562ffca05b5 - - 3a77b75bcde34ae5bb5105449eb7016d 3a77b75bcde34ae5bb5105449eb7016d] 10.0.0.250 "GET /resource_providers/d836603e-4cb0-4223-9fee-fb837e9c7012/aggregates" status: 404 len: 235 microversion: 1.1 [pid: 8|app: 0|req: 428/853] 10.0.0.250 () {32 vars in 816 bytes} [Tue Apr 14 05:37:44 2026] GET /resource_providers/d836603e-4cb0-4223-9fee-fb837e9c7012/aggregates => generated 235 bytes in 13 msecs (HTTP/1.1 404) 5 headers in 202 bytes (1 switches on core 0)
2026-04-14 05:37:44.375 7 INFO placement.requestlog [None req-b77673d9-7019-4cc7-b286-aa29e0b81f4a 8eb339862bb7414c8f25f96247f5346f 04626c89dd3143bab2f8c562ffca05b5 - - 3a77b75bcde34ae5bb5105449eb7016d 3a77b75bcde34ae5bb5105449eb7016d] 10.0.0.250 "DELETE /resource_providers/d836603e-4cb0-4223-9fee-fb837e9c7012" status: 404 len: 246 microversion: 1.1 [pid: 7|app: 0|req: 426/854] 10.0.0.250 () {34 vars in 816 bytes} [Tue Apr 14 05:37:44 2026] DELETE /resource_providers/d836603e-4cb0-4223-9fee-fb837e9c7012 => generated 246 bytes in 19 msecs (HTTP/1.1 404) 6 headers in 231 bytes (1 switches on core 0)
2026-04-14 05:37:44.380 8 INFO placement.requestlog [None req-afd4d50a-807d-4c53-a490-22d172ab01ca 8eb339862bb7414c8f25f96247f5346f 04626c89dd3143bab2f8c562ffca05b5 - - 3a77b75bcde34ae5bb5105449eb7016d 3a77b75bcde34ae5bb5105449eb7016d] 10.0.0.250 "DELETE /resource_providers/d836603e-4cb0-4223-9fee-fb837e9c7012" status: 404 len: 246 microversion: 1.1 [pid: 8|app: 0|req: 429/855] 10.0.0.250 () {34 vars in 816 bytes} [Tue Apr 14 05:37:44 2026] DELETE /resource_providers/d836603e-4cb0-4223-9fee-fb837e9c7012 => generated 246 bytes in 24 msecs (HTTP/1.1 404) 6 headers in 231 bytes (1 switches on core 0)
2026-04-14 05:37:45.544 8 INFO placement.requestlog [None req-7b73cfcd-7e55-4c71-8513-a133f59183f9 - - - - - -] 10.0.0.49 "GET /" status: 200 len: 136 microversion: 1.0
2026-04-14 05:37:45.543 7 INFO placement.requestlog [None req-35e1820b-e2a8-4de9-8510-ade65248a3bb - - - - - -] 10.0.0.49 "GET /" status: 200 len: 136 microversion: 1.0
2026-04-14 05:37:45.736 8 INFO placement.requestlog [req-a5c84dad-5de8-43ab-8a63-935619412c93 req-66af2fe5-33c0-42e3-b52e-bd53368c6bf1 2bc6162ce6f14c7a9457fbbcbeca7aca 04626c89dd3143bab2f8c562ffca05b5 - - 3a77b75bcde34ae5bb5105449eb7016d 3a77b75bcde34ae5bb5105449eb7016d] 10.0.0.79 "GET /allocation_candidates?limit=1000&resources=DISK_GB%3A1%2CMEMORY_MB%3A512%2CVCPU%3A1&root_required=%21COMPUTE_STATUS_DISABLED" status: 200 len: 2783 microversion: 1.36 [pid: 8|app: 0|req: 431/858] 10.0.0.79 () {34 vars in 1011 bytes} [Tue Apr 14 05:37:45 2026] GET /allocation_candidates?limit=1000&resources=DISK_GB%3A1%2CMEMORY_MB%3A512%2CVCPU%3A1&root_required=%21COMPUTE_STATUS_DISABLED => generated 2783 bytes in 42 msecs (HTTP/1.1 200) 8 headers in 297 bytes (1 switches on core 0)
2026-04-14 05:37:45.777 7 INFO placement.requestlog [req-a5c84dad-5de8-43ab-8a63-935619412c93 req-3f698d77-e455-4339-9222-d473501735d1 2bc6162ce6f14c7a9457fbbcbeca7aca 04626c89dd3143bab2f8c562ffca05b5 - - 3a77b75bcde34ae5bb5105449eb7016d 3a77b75bcde34ae5bb5105449eb7016d] 10.0.0.79 "GET /allocations/45cfcb2f-a6c8-48c8-9d8f-826d09d18cab" status: 200 len: 19 microversion: 1.28 [pid: 7|app: 0|req: 428/859] 10.0.0.79 () {34 vars in 860 bytes} [Tue Apr 14 05:37:45 2026] GET /allocations/45cfcb2f-a6c8-48c8-9d8f-826d09d18cab => generated 19 bytes in 14 msecs (HTTP/1.1 200) 8 headers in 295 bytes (1 switches on core 0)
2026-04-14 05:37:45.860 8 INFO placement.requestlog [req-a5c84dad-5de8-43ab-8a63-935619412c93 req-05e7b6a5-eedc-4cb5-ba26-d55eef2eace6 2bc6162ce6f14c7a9457fbbcbeca7aca 04626c89dd3143bab2f8c562ffca05b5 - - 3a77b75bcde34ae5bb5105449eb7016d 3a77b75bcde34ae5bb5105449eb7016d] 10.0.0.79 "PUT /allocations/45cfcb2f-a6c8-48c8-9d8f-826d09d18cab" status: 204 len: 0 microversion: 1.36 [pid: 8|app: 0|req: 432/860] 10.0.0.79 () {38 vars in 913 bytes} [Tue Apr 14 05:37:45 2026] PUT /allocations/45cfcb2f-a6c8-48c8-9d8f-826d09d18cab => generated 0 bytes in 74 msecs (HTTP/1.1 204) 5 headers in 199 bytes (1 switches on core 0)
2026-04-14 05:37:46.073 7 INFO placement.requestlog [req-7107909c-e595-4749-a0ae-e10942cc5e4a req-94231e64-d455-4ef6-86e6-7d938ac1e49a 2bc6162ce6f14c7a9457fbbcbeca7aca 04626c89dd3143bab2f8c562ffca05b5 - - 3a77b75bcde34ae5bb5105449eb7016d 3a77b75bcde34ae5bb5105449eb7016d] 199.204.45.115 "GET /resource_providers/b30836d1-4cc0-4adc-aa46-5da1e95df3c0/allocations" status: 200 len: 252 microversion: 1.0 [pid: 7|app: 0|req: 429/861] 199.204.45.115 () {32 vars in 857 bytes} [Tue Apr 14 05:37:46 2026] GET /resource_providers/b30836d1-4cc0-4adc-aa46-5da1e95df3c0/allocations => generated 252 bytes in 16 msecs (HTTP/1.1 200) 6 headers in 224 bytes (1 switches on core 0)
2026-04-14 05:37:46.607 8 INFO placement.requestlog [req-7107909c-e595-4749-a0ae-e10942cc5e4a req-5914c67e-2e47-4bc4-a231-714ec5c3d580 2bc6162ce6f14c7a9457fbbcbeca7aca 04626c89dd3143bab2f8c562ffca05b5 - - 3a77b75bcde34ae5bb5105449eb7016d 3a77b75bcde34ae5bb5105449eb7016d] 199.204.45.115 "GET /resource_providers/b30836d1-4cc0-4adc-aa46-5da1e95df3c0/allocations" status: 200 len: 252 microversion: 1.0 [pid: 8|app: 0|req: 433/862] 199.204.45.115 () {32 vars in 857 bytes} [Tue Apr 14 05:37:46 2026] GET /resource_providers/b30836d1-4cc0-4adc-aa46-5da1e95df3c0/allocations => generated 252 bytes in 18 msecs (HTTP/1.1 200) 6 headers in 224 bytes (1 switches on core 0)
2026-04-14 05:37:46.630 7 INFO placement.requestlog [req-7107909c-e595-4749-a0ae-e10942cc5e4a req-f67a9d35-9b75-4ac1-b584-eda79b7a0132 2bc6162ce6f14c7a9457fbbcbeca7aca 04626c89dd3143bab2f8c562ffca05b5 - - 3a77b75bcde34ae5bb5105449eb7016d 3a77b75bcde34ae5bb5105449eb7016d] 199.204.45.115 "GET /allocations/2cabfb1f-d6ad-4775-a064-7f0cd2303c5c" status: 200 len: 257 microversion: 1.28 [pid: 7|app: 0|req: 430/863] 199.204.45.115 () {34 vars in 863 bytes} [Tue Apr 14 05:37:46 2026] GET /allocations/2cabfb1f-d6ad-4775-a064-7f0cd2303c5c => generated 257 bytes in 17 msecs (HTTP/1.1 200) 8 headers in 296 bytes (1 switches on core 0)
2026-04-14 05:37:46.646 8 INFO placement.requestlog [req-7107909c-e595-4749-a0ae-e10942cc5e4a req-6232c577-0cd3-47a7-a64a-fd8146f388ac 2bc6162ce6f14c7a9457fbbcbeca7aca 04626c89dd3143bab2f8c562ffca05b5 - - 3a77b75bcde34ae5bb5105449eb7016d 3a77b75bcde34ae5bb5105449eb7016d] 199.204.45.115 "GET /allocations/45cfcb2f-a6c8-48c8-9d8f-826d09d18cab" status: 200 len: 257 microversion: 1.28 [pid: 8|app: 0|req: 434/864] 199.204.45.115 () {34 vars in 863 bytes} [Tue Apr 14 05:37:46 2026] GET /allocations/45cfcb2f-a6c8-48c8-9d8f-826d09d18cab => generated 257 bytes in 13 msecs (HTTP/1.1 200) 8 headers in 296 bytes (1 switches on core 0)
2026-04-14 05:37:47.359 7 INFO placement.requestlog [req-a5c84dad-5de8-43ab-8a63-935619412c93 req-71653d32-72f5-43b4-878c-f70b22c322b6 2bc6162ce6f14c7a9457fbbcbeca7aca 04626c89dd3143bab2f8c562ffca05b5 - - 3a77b75bcde34ae5bb5105449eb7016d 3a77b75bcde34ae5bb5105449eb7016d] 199.204.45.115 "GET /allocations/45cfcb2f-a6c8-48c8-9d8f-826d09d18cab" status: 200 len: 257 microversion: 1.28 [pid: 7|app: 0|req: 431/865] 199.204.45.115 () {34 vars in 863 bytes} [Tue Apr 14 05:37:47 2026] GET /allocations/45cfcb2f-a6c8-48c8-9d8f-826d09d18cab => generated 257 bytes in 13 msecs (HTTP/1.1 200) 8 headers in 296 bytes (1 switches on core 0)
2026-04-14 05:37:48.711 8 INFO placement.requestlog [req-a5c84dad-5de8-43ab-8a63-935619412c93 req-ea546dcf-d2de-4594-9a1c-8ffe4bd3b0fd 2bc6162ce6f14c7a9457fbbcbeca7aca 04626c89dd3143bab2f8c562ffca05b5 - - 3a77b75bcde34ae5bb5105449eb7016d 3a77b75bcde34ae5bb5105449eb7016d] 199.204.45.115 "GET /resource_providers/b30836d1-4cc0-4adc-aa46-5da1e95df3c0/allocations" status: 200 len: 252 microversion: 1.0 [pid: 8|app: 0|req: 435/866] 199.204.45.115 () {32 vars in 857 bytes} [Tue Apr 14 05:37:48 2026] GET /resource_providers/b30836d1-4cc0-4adc-aa46-5da1e95df3c0/allocations => generated 252 bytes in 18 msecs (HTTP/1.1 200) 6 headers in 224 bytes (1 switches on core 0)
2026-04-14 05:37:48.732 7 INFO placement.requestlog [req-a5c84dad-5de8-43ab-8a63-935619412c93 req-c02ef565-ec3a-4a1e-b38e-3989f95d14f1 2bc6162ce6f14c7a9457fbbcbeca7aca 04626c89dd3143bab2f8c562ffca05b5 - - 3a77b75bcde34ae5bb5105449eb7016d 3a77b75bcde34ae5bb5105449eb7016d] 199.204.45.115 "GET /allocations/2cabfb1f-d6ad-4775-a064-7f0cd2303c5c" status: 200 len: 257 microversion: 1.28 [pid: 7|app: 0|req: 432/867] 199.204.45.115 () {34 vars in 863 bytes} [Tue Apr 14 05:37:48 2026] GET /allocations/2cabfb1f-d6ad-4775-a064-7f0cd2303c5c => generated 257 bytes in 13 msecs (HTTP/1.1 200) 8 headers in 296 bytes (1 switches on core 0)
2026-04-14 05:37:48.749 8 INFO placement.requestlog [req-a5c84dad-5de8-43ab-8a63-935619412c93 req-1c455642-38e7-4dfe-b41e-0dd0e0f4ad50 2bc6162ce6f14c7a9457fbbcbeca7aca 04626c89dd3143bab2f8c562ffca05b5 - - 3a77b75bcde34ae5bb5105449eb7016d 3a77b75bcde34ae5bb5105449eb7016d] 199.204.45.115 "GET /allocations/45cfcb2f-a6c8-48c8-9d8f-826d09d18cab" status: 200 len: 257 microversion: 1.28 [pid: 8|app: 0|req: 436/868] 199.204.45.115 () {34 vars in 863 bytes} [Tue Apr 14 05:37:48 2026] GET /allocations/45cfcb2f-a6c8-48c8-9d8f-826d09d18cab => generated 257 bytes in 12 msecs (HTTP/1.1 200) 8 headers in 296 bytes (1 switches on core 0)
2026-04-14 05:37:55.543 7 INFO placement.requestlog [None req-e4140366-13fd-4c08-bf6a-72be8aa9f0f7 - - - - - -] 10.0.0.49 "GET /" status: 200 len: 136 microversion: 1.0
2026-04-14 05:37:55.543 8 INFO placement.requestlog [None req-0390968a-a3a2-4676-9cbf-4c335a3cbf49 - - - - - -] 10.0.0.49 "GET /" status: 200 len: 136 microversion: 1.0
2026-04-14 05:37:59.550 7 INFO placement.requestlog [req-a0cb4720-baab-4a85-b0e4-aa7f826a68c8 req-f74afb0c-44e9-4342-b653-3467a2390878 2bc6162ce6f14c7a9457fbbcbeca7aca 04626c89dd3143bab2f8c562ffca05b5 - - 3a77b75bcde34ae5bb5105449eb7016d 3a77b75bcde34ae5bb5105449eb7016d] 10.0.0.79 "GET /allocation_candidates?limit=1000&resources=DISK_GB%3A1%2CMEMORY_MB%3A512%2CVCPU%3A1&root_required=%21COMPUTE_STATUS_DISABLED" status: 200 len: 2784 microversion: 1.36 [pid: 7|app: 0|req: 434/871] 10.0.0.79 () {34 vars in 1011 bytes} [Tue Apr 14 05:37:59 2026] GET /allocation_candidates?limit=1000&resources=DISK_GB%3A1%2CMEMORY_MB%3A512%2CVCPU%3A1&root_required=%21COMPUTE_STATUS_DISABLED => generated 2784 bytes in 40 msecs (HTTP/1.1 200) 8 headers in 297 bytes (1 switches on core 0)
2026-04-14 05:37:59.589 8 INFO placement.requestlog [req-a0cb4720-baab-4a85-b0e4-aa7f826a68c8 req-17acddf2-01af-427b-bcc3-52a6e1a35e12 2bc6162ce6f14c7a9457fbbcbeca7aca 04626c89dd3143bab2f8c562ffca05b5 - - 3a77b75bcde34ae5bb5105449eb7016d 3a77b75bcde34ae5bb5105449eb7016d] 10.0.0.79 "GET /allocations/b800aa3f-afe0-41e5-bfe7-b44bbcfb78e6" status: 200 len: 19 microversion: 1.28 [pid: 8|app: 0|req: 438/872] 10.0.0.79 () {34 vars in 860 bytes} [Tue Apr 14 05:37:59 2026] GET /allocations/b800aa3f-afe0-41e5-bfe7-b44bbcfb78e6 => generated 19 bytes in 13 msecs (HTTP/1.1 200) 8 headers in 295 bytes (1 switches on core 0)
2026-04-14 05:37:59.676 7 INFO placement.requestlog [req-a0cb4720-baab-4a85-b0e4-aa7f826a68c8 req-6178c6f1-45e6-44f1-875f-d3decefe8d40 2bc6162ce6f14c7a9457fbbcbeca7aca 04626c89dd3143bab2f8c562ffca05b5 - - 3a77b75bcde34ae5bb5105449eb7016d 3a77b75bcde34ae5bb5105449eb7016d] 10.0.0.79 "PUT /allocations/b800aa3f-afe0-41e5-bfe7-b44bbcfb78e6" status: 204 len: 0 microversion: 1.36 [pid: 7|app: 0|req: 435/873] 10.0.0.79 () {38 vars in 913 bytes} [Tue Apr 14 05:37:59 2026] PUT /allocations/b800aa3f-afe0-41e5-bfe7-b44bbcfb78e6 => generated 0 bytes in 80 msecs (HTTP/1.1 204) 5 headers in 199 bytes (1 switches on core 0)
2026-04-14 05:38:00.403 8 INFO placement.requestlog [req-64bc8be4-74cc-4899-bf31-dd071948c6b6 req-692687cf-b872-462a-b77b-db20fee4726a 2bc6162ce6f14c7a9457fbbcbeca7aca 04626c89dd3143bab2f8c562ffca05b5 - - 3a77b75bcde34ae5bb5105449eb7016d 3a77b75bcde34ae5bb5105449eb7016d] 10.0.0.79 "GET /allocation_candidates?limit=1000&resources=DISK_GB%3A1%2CMEMORY_MB%3A512%2CVCPU%3A1&root_required=%21COMPUTE_STATUS_DISABLED" status: 200 len: 2784 microversion: 1.36 [pid: 8|app: 0|req: 439/874] 10.0.0.79 () {34 vars in 1011 bytes} [Tue Apr 14 05:38:00 2026] GET /allocation_candidates?limit=1000&resources=DISK_GB%3A1%2CMEMORY_MB%3A512%2CVCPU%3A1&root_required=%21COMPUTE_STATUS_DISABLED => generated 2784 bytes in 48 msecs (HTTP/1.1 200) 8 headers in 297 bytes (1 switches on core 0)
2026-04-14 05:38:00.440 7 INFO placement.requestlog [req-64bc8be4-74cc-4899-bf31-dd071948c6b6 req-ca530e3a-5c9f-49ec-acfe-265e2da16a5b 2bc6162ce6f14c7a9457fbbcbeca7aca 04626c89dd3143bab2f8c562ffca05b5 - - 3a77b75bcde34ae5bb5105449eb7016d 3a77b75bcde34ae5bb5105449eb7016d] 10.0.0.79 "GET /allocations/63b4e57c-75ae-4c2d-9bc5-fbe1dce24da4" status: 200 len: 19 microversion: 1.28 [pid: 7|app: 0|req: 436/875] 10.0.0.79 () {34 vars in 860 bytes} [Tue Apr 14 05:38:00 2026] GET /allocations/63b4e57c-75ae-4c2d-9bc5-fbe1dce24da4 => generated 19 bytes in 11 msecs (HTTP/1.1 200) 8 headers in 295 bytes (1 switches on core 0)
2026-04-14 05:38:00.508 8 INFO placement.requestlog [req-64bc8be4-74cc-4899-bf31-dd071948c6b6 req-0b38646e-5dd1-441d-8861-664ff09b71d4 2bc6162ce6f14c7a9457fbbcbeca7aca 04626c89dd3143bab2f8c562ffca05b5 - - 3a77b75bcde34ae5bb5105449eb7016d 3a77b75bcde34ae5bb5105449eb7016d] 10.0.0.79 "PUT /allocations/63b4e57c-75ae-4c2d-9bc5-fbe1dce24da4" status: 204 len: 0 microversion: 1.36 [pid: 8|app: 0|req: 440/876] 10.0.0.79 () {38 vars in 913 bytes} [Tue Apr 14 05:38:00 2026] PUT /allocations/63b4e57c-75ae-4c2d-9bc5-fbe1dce24da4 => generated 0 bytes in 60 msecs (HTTP/1.1 204) 5 headers in 199 bytes (1 switches on core 0)
2026-04-14 05:38:01.169 7 INFO placement.requestlog [req-a0cb4720-baab-4a85-b0e4-aa7f826a68c8 req-98e6d784-7bcd-4acf-8598-049605ef8dc0 2bc6162ce6f14c7a9457fbbcbeca7aca 04626c89dd3143bab2f8c562ffca05b5 - - 3a77b75bcde34ae5bb5105449eb7016d 3a77b75bcde34ae5bb5105449eb7016d] 199.204.45.115 "GET /allocations/b800aa3f-afe0-41e5-bfe7-b44bbcfb78e6" status: 200 len: 258 microversion: 1.28 [pid: 7|app: 0|req: 437/877] 199.204.45.115 () {34 vars in 863 bytes} [Tue Apr 14 05:38:01 2026] GET /allocations/b800aa3f-afe0-41e5-bfe7-b44bbcfb78e6 => generated 258 bytes in 14 msecs (HTTP/1.1 200) 8 headers in 296 bytes (1 switches on core 0)
2026-04-14 05:38:02.006 8 INFO placement.requestlog [req-64bc8be4-74cc-4899-bf31-dd071948c6b6 req-61e7594d-2ebc-4a76-806c-fc8324f28ac1 2bc6162ce6f14c7a9457fbbcbeca7aca 04626c89dd3143bab2f8c562ffca05b5 - - 3a77b75bcde34ae5bb5105449eb7016d 3a77b75bcde34ae5bb5105449eb7016d] 199.204.45.115 "GET /allocations/63b4e57c-75ae-4c2d-9bc5-fbe1dce24da4" status: 200 len: 258 microversion: 1.28 [pid: 8|app: 0|req: 441/878] 199.204.45.115 () {34 vars in 863 bytes} [Tue Apr 14 05:38:01 2026] GET /allocations/63b4e57c-75ae-4c2d-9bc5-fbe1dce24da4 => generated 258 bytes in 14 msecs (HTTP/1.1 200) 8 headers in 296 bytes (1 switches on core 0)
2026-04-14 05:38:02.216 7 INFO placement.requestlog [req-a0cb4720-baab-4a85-b0e4-aa7f826a68c8 req-fc03540a-5fc0-4d33-8907-ec2912f11497 2bc6162ce6f14c7a9457fbbcbeca7aca 04626c89dd3143bab2f8c562ffca05b5 - - 3a77b75bcde34ae5bb5105449eb7016d 3a77b75bcde34ae5bb5105449eb7016d] 199.204.45.115 "GET /resource_providers/b30836d1-4cc0-4adc-aa46-5da1e95df3c0/allocations" status: 200 len: 453 microversion: 1.0 [pid: 7|app: 0|req: 438/879] 199.204.45.115 () {32 vars in 857 bytes} [Tue Apr 14 05:38:02 2026] GET /resource_providers/b30836d1-4cc0-4adc-aa46-5da1e95df3c0/allocations => generated 453 bytes in 17 msecs (HTTP/1.1 200) 6 headers in 224 bytes (1 switches on core 0)
2026-04-14 05:38:02.245 8 INFO placement.requestlog [req-a0cb4720-baab-4a85-b0e4-aa7f826a68c8 req-e6ca83a6-e372-46fd-b9da-24b0695ff04c 2bc6162ce6f14c7a9457fbbcbeca7aca 04626c89dd3143bab2f8c562ffca05b5 - - 3a77b75bcde34ae5bb5105449eb7016d 3a77b75bcde34ae5bb5105449eb7016d] 199.204.45.115 "GET /allocations/2cabfb1f-d6ad-4775-a064-7f0cd2303c5c" status: 200 len: 258 microversion: 1.28 [pid: 8|app: 0|req: 442/880] 199.204.45.115 () {34 vars in 863 bytes} [Tue Apr 14 05:38:02 2026] GET /allocations/2cabfb1f-d6ad-4775-a064-7f0cd2303c5c => generated 258 bytes in 24 msecs (HTTP/1.1 200) 8 headers in 296 bytes (1 switches on core 0)
2026-04-14 05:38:02.261 7 INFO placement.requestlog [req-a0cb4720-baab-4a85-b0e4-aa7f826a68c8 req-e8946f64-ac44-4a7c-b9c4-52ef3efd3d7e 2bc6162ce6f14c7a9457fbbcbeca7aca 04626c89dd3143bab2f8c562ffca05b5 - - 3a77b75bcde34ae5bb5105449eb7016d 3a77b75bcde34ae5bb5105449eb7016d] 199.204.45.115 "GET /allocations/63b4e57c-75ae-4c2d-9bc5-fbe1dce24da4" status: 200 len: 258 microversion: 1.28 [pid: 7|app: 0|req: 439/881] 199.204.45.115 () {34 vars in 863 bytes} [Tue Apr 14 05:38:02 2026] GET /allocations/63b4e57c-75ae-4c2d-9bc5-fbe1dce24da4 => generated 258 bytes in 11 msecs (HTTP/1.1 200) 8 headers in 296 bytes (1 switches on core 0)
2026-04-14 05:38:02.304 8 INFO placement.requestlog [req-a0cb4720-baab-4a85-b0e4-aa7f826a68c8 req-5d03658f-43f0-47a7-9d33-213eb142c49d 2bc6162ce6f14c7a9457fbbcbeca7aca 04626c89dd3143bab2f8c562ffca05b5 - - 3a77b75bcde34ae5bb5105449eb7016d 3a77b75bcde34ae5bb5105449eb7016d] 199.204.45.115 "GET /allocations/b800aa3f-afe0-41e5-bfe7-b44bbcfb78e6" status: 200 len: 258 microversion: 1.28 [pid: 8|app: 0|req: 443/882] 199.204.45.115 () {34 vars in 863 bytes} [Tue Apr 14 05:38:02 2026] GET /allocations/b800aa3f-afe0-41e5-bfe7-b44bbcfb78e6 => generated 258 bytes in 25 msecs (HTTP/1.1 200) 8 headers in 296 bytes (1 switches on core 0)
2026-04-14 05:38:02.322 7 INFO placement.requestlog [req-a0cb4720-baab-4a85-b0e4-aa7f826a68c8 req-a260765d-7164-457f-873a-3a7a8a1f6bd2 2bc6162ce6f14c7a9457fbbcbeca7aca 04626c89dd3143bab2f8c562ffca05b5 - - 3a77b75bcde34ae5bb5105449eb7016d 3a77b75bcde34ae5bb5105449eb7016d] 199.204.45.115 "GET /allocations/45cfcb2f-a6c8-48c8-9d8f-826d09d18cab" status: 200 len: 258 microversion: 1.28 [pid: 7|app: 0|req: 440/883] 199.204.45.115 () {34 vars in 863 bytes} [Tue Apr 14 05:38:02 2026] GET /allocations/45cfcb2f-a6c8-48c8-9d8f-826d09d18cab => generated 258 bytes in 12 msecs (HTTP/1.1 200) 8 headers in 296 bytes (1 switches on core 0)
2026-04-14 05:38:04.400 8 INFO placement.requestlog [req-64bc8be4-74cc-4899-bf31-dd071948c6b6 req-08a96742-bb0a-49e7-9001-5de6cb8c0f73 2bc6162ce6f14c7a9457fbbcbeca7aca 04626c89dd3143bab2f8c562ffca05b5 - - 3a77b75bcde34ae5bb5105449eb7016d 3a77b75bcde34ae5bb5105449eb7016d] 199.204.45.115 "GET /resource_providers/b30836d1-4cc0-4adc-aa46-5da1e95df3c0/allocations" status: 200 len: 453 microversion: 1.0 [pid: 8|app: 0|req: 444/884] 199.204.45.115 () {32 vars in 857 bytes} [Tue Apr 14 05:38:04 2026] GET /resource_providers/b30836d1-4cc0-4adc-aa46-5da1e95df3c0/allocations => generated 453 bytes in 14 msecs (HTTP/1.1 200) 6 headers in 224 bytes (1 switches on core 0)
2026-04-14 05:38:04.417 7 INFO placement.requestlog [req-64bc8be4-74cc-4899-bf31-dd071948c6b6 req-4afd6f89-5dc3-4188-8619-631261dbdf89 2bc6162ce6f14c7a9457fbbcbeca7aca 04626c89dd3143bab2f8c562ffca05b5 - - 3a77b75bcde34ae5bb5105449eb7016d 3a77b75bcde34ae5bb5105449eb7016d] 199.204.45.115 "GET /allocations/2cabfb1f-d6ad-4775-a064-7f0cd2303c5c" status: 200 len: 258 microversion: 1.28 [pid: 7|app: 0|req: 441/885] 199.204.45.115 () {34 vars in 863 bytes} [Tue Apr 14 05:38:04 2026] GET /allocations/2cabfb1f-d6ad-4775-a064-7f0cd2303c5c => generated 258 bytes in 12 msecs (HTTP/1.1 200) 8 headers in 296 bytes (1 switches on core 0)
2026-04-14 05:38:04.434 8 INFO placement.requestlog [req-64bc8be4-74cc-4899-bf31-dd071948c6b6 req-8cc9dfb5-c4e3-492f-9de0-6f44d15f433b 2bc6162ce6f14c7a9457fbbcbeca7aca 04626c89dd3143bab2f8c562ffca05b5 - - 3a77b75bcde34ae5bb5105449eb7016d 3a77b75bcde34ae5bb5105449eb7016d] 199.204.45.115 "GET /allocations/63b4e57c-75ae-4c2d-9bc5-fbe1dce24da4" status: 200 len: 258 microversion: 1.28 [pid: 8|app: 0|req: 445/886] 199.204.45.115 () {34 vars in 863 bytes} [Tue Apr 14 05:38:04 2026] GET /allocations/63b4e57c-75ae-4c2d-9bc5-fbe1dce24da4 => generated 258 bytes in 12 msecs (HTTP/1.1 200) 8 headers in 296 bytes (1 switches on core 0)
2026-04-14 05:38:04.460 7 INFO placement.requestlog [req-64bc8be4-74cc-4899-bf31-dd071948c6b6 req-1a93cad5-39bb-4d0a-adcb-bcf97698cf98 2bc6162ce6f14c7a9457fbbcbeca7aca 04626c89dd3143bab2f8c562ffca05b5 - - 3a77b75bcde34ae5bb5105449eb7016d 3a77b75bcde34ae5bb5105449eb7016d] 199.204.45.115 "GET /allocations/b800aa3f-afe0-41e5-bfe7-b44bbcfb78e6" status: 200 len: 258 microversion: 1.28 [pid: 7|app: 0|req: 442/887] 199.204.45.115 () {34 vars in 863 bytes} [Tue Apr 14 05:38:04 2026] GET /allocations/b800aa3f-afe0-41e5-bfe7-b44bbcfb78e6 => generated 258 bytes in 18 msecs (HTTP/1.1 200) 8 headers in 296 bytes (1 switches on core 0)
2026-04-14 05:38:04.482 8 INFO placement.requestlog [req-64bc8be4-74cc-4899-bf31-dd071948c6b6 req-630ecdac-6e5e-4953-8dae-419ad8cabb87 2bc6162ce6f14c7a9457fbbcbeca7aca 04626c89dd3143bab2f8c562ffca05b5 - - 3a77b75bcde34ae5bb5105449eb7016d 3a77b75bcde34ae5bb5105449eb7016d] 199.204.45.115 "GET /allocations/45cfcb2f-a6c8-48c8-9d8f-826d09d18cab" status: 200 len: 258 microversion: 1.28 [pid: 8|app: 0|req: 446/888] 199.204.45.115 () {34 vars in 863 bytes} [Tue Apr 14 05:38:04 2026] GET /allocations/45cfcb2f-a6c8-48c8-9d8f-826d09d18cab => generated 258 bytes in 12 msecs (HTTP/1.1 200) 8 headers in 296 bytes (1 switches on core 0)
2026-04-14 05:38:05.239 7 INFO placement.requestlog [None req-d0402560-d79c-48da-bdac-fb3c013e0dad 8eb339862bb7414c8f25f96247f5346f 04626c89dd3143bab2f8c562ffca05b5 - - 3a77b75bcde34ae5bb5105449eb7016d 3a77b75bcde34ae5bb5105449eb7016d] 10.0.0.250 "GET /resource_providers/a041b036-bc20-4b11-ac71-1cc33ec362a6/aggregates" status: 404 len: 235 microversion: 1.1 [pid: 7|app: 0|req: 443/889] 10.0.0.250 () {32 vars in 816 bytes} [Tue Apr 14 05:38:05 2026] GET /resource_providers/a041b036-bc20-4b11-ac71-1cc33ec362a6/aggregates => generated 235 bytes in 14 msecs (HTTP/1.1 404) 5 headers in 202 bytes (1 switches on core 0)
2026-04-14 05:38:05.249 8 INFO placement.requestlog [None req-9d57a607-cc60-4b51-a47b-830bee869f80 8eb339862bb7414c8f25f96247f5346f 04626c89dd3143bab2f8c562ffca05b5 - - 3a77b75bcde34ae5bb5105449eb7016d 3a77b75bcde34ae5bb5105449eb7016d] 10.0.0.250 "GET /resource_providers/a041b036-bc20-4b11-ac71-1cc33ec362a6/aggregates" status: 404 len: 235 microversion: 1.1 [pid: 8|app: 0|req: 447/890] 10.0.0.250 () {32 vars in 816 bytes} [Tue Apr 14 05:38:05 2026] GET /resource_providers/a041b036-bc20-4b11-ac71-1cc33ec362a6/aggregates => generated 235 bytes in 12 msecs (HTTP/1.1 404) 5 headers in 202 bytes (1 switches on core 0)
2026-04-14 05:38:05.257 7 INFO placement.requestlog [None req-b3915777-c92b-43c1-9786-aa1c545ae573 8eb339862bb7414c8f25f96247f5346f 04626c89dd3143bab2f8c562ffca05b5 - - 3a77b75bcde34ae5bb5105449eb7016d 3a77b75bcde34ae5bb5105449eb7016d] 10.0.0.250 "DELETE /resource_providers/a041b036-bc20-4b11-ac71-1cc33ec362a6" status: 404 len: 246 microversion: 1.1 [pid: 7|app: 0|req: 444/891] 10.0.0.250 () {34 vars in 816 bytes} [Tue Apr 14 05:38:05 2026] DELETE /resource_providers/a041b036-bc20-4b11-ac71-1cc33ec362a6 => generated 246 bytes in 9 msecs (HTTP/1.1 404) 6 headers in 231 bytes (1 switches on core 0)
2026-04-14 05:38:05.277 8 INFO placement.requestlog [None req-bf58ba3c-a939-4a56-b9e1-214a6925e53f 8eb339862bb7414c8f25f96247f5346f 04626c89dd3143bab2f8c562ffca05b5 - - 3a77b75bcde34ae5bb5105449eb7016d 3a77b75bcde34ae5bb5105449eb7016d] 10.0.0.250 "DELETE /resource_providers/a041b036-bc20-4b11-ac71-1cc33ec362a6" status: 404 len: 246 microversion: 1.1 [pid: 8|app: 0|req: 448/892] 10.0.0.250 () {34 vars in 816 bytes} [Tue Apr 14 05:38:05 2026] DELETE /resource_providers/a041b036-bc20-4b11-ac71-1cc33ec362a6 => generated 246 bytes in 9 msecs (HTTP/1.1 404) 6 headers in 231 bytes (1 switches on core 0)
2026-04-14 05:38:05.543 7 INFO placement.requestlog [None req-af4a6323-828a-4958-baed-5ef7d62d063a - - - - - -] 10.0.0.49 "GET /" status: 200 len: 136 microversion: 1.0
2026-04-14 05:38:05.544 8 INFO placement.requestlog [None req-9728bbd7-48e2-46de-adab-fa7345d5a83d - - - - - -] 10.0.0.49 "GET /" status: 200 len: 136 microversion: 1.0
2026-04-14 05:38:05.894 7 INFO placement.requestlog [None req-2c33e2d5-b0f7-4b08-9f57-51aa9d2dafee 8eb339862bb7414c8f25f96247f5346f 04626c89dd3143bab2f8c562ffca05b5 - - 3a77b75bcde34ae5bb5105449eb7016d 3a77b75bcde34ae5bb5105449eb7016d] 10.0.0.250 "GET /resource_providers/e4a86861-8217-4d3f-beea-d496094ec63c/aggregates" status: 404 len: 235 microversion: 1.1 [pid: 7|app: 0|req: 446/895] 10.0.0.250 () {32 vars in 816 bytes} [Tue Apr 14 05:38:05 2026] GET /resource_providers/e4a86861-8217-4d3f-beea-d496094ec63c/aggregates => generated 235 bytes in 11 msecs (HTTP/1.1 404) 5 headers in 202 bytes (1 switches on core 0)
2026-04-14 05:38:05.900 8 INFO placement.requestlog [None req-19561156-b4a4-423f-ba61-addad098ed25 8eb339862bb7414c8f25f96247f5346f 04626c89dd3143bab2f8c562ffca05b5 - - 3a77b75bcde34ae5bb5105449eb7016d 3a77b75bcde34ae5bb5105449eb7016d] 10.0.0.250 "GET /resource_providers/e4a86861-8217-4d3f-beea-d496094ec63c/aggregates" status: 404 len: 235 microversion: 1.1 [pid: 8|app: 0|req: 450/896] 10.0.0.250 () {32 vars in 816 bytes} [Tue Apr 14 05:38:05 2026] GET /resource_providers/e4a86861-8217-4d3f-beea-d496094ec63c/aggregates => generated 235 bytes in 11 msecs (HTTP/1.1 404) 5 headers in 202 bytes (1 switches on core 0)
2026-04-14 05:38:05.917 7 INFO placement.requestlog [None req-3307f8f3-2848-4c95-9937-f1c39b09a50d 8eb339862bb7414c8f25f96247f5346f 04626c89dd3143bab2f8c562ffca05b5 - - 3a77b75bcde34ae5bb5105449eb7016d 3a77b75bcde34ae5bb5105449eb7016d] 10.0.0.250 "DELETE /resource_providers/e4a86861-8217-4d3f-beea-d496094ec63c" status: 404 len: 246 microversion: 1.1 [pid: 7|app: 0|req: 447/897] 10.0.0.250 () {34 vars in 816 bytes} [Tue Apr 14 05:38:05 2026] DELETE /resource_providers/e4a86861-8217-4d3f-beea-d496094ec63c => generated 246 bytes in 9 msecs (HTTP/1.1 404) 6 headers in 231 bytes (1 switches on core 0)
2026-04-14 05:38:05.927 8 INFO placement.requestlog [None req-4f9769c3-95c3-4212-8e1b-117e391aae54 8eb339862bb7414c8f25f96247f5346f 04626c89dd3143bab2f8c562ffca05b5 - - 3a77b75bcde34ae5bb5105449eb7016d 3a77b75bcde34ae5bb5105449eb7016d] 10.0.0.250 "DELETE /resource_providers/e4a86861-8217-4d3f-beea-d496094ec63c" status: 404 len: 246 microversion: 1.1 [pid: 8|app: 0|req: 451/898] 10.0.0.250 () {34 vars in 816 bytes} [Tue Apr 14 05:38:05 2026] DELETE /resource_providers/e4a86861-8217-4d3f-beea-d496094ec63c => generated 246 bytes in 11 msecs (HTTP/1.1 404) 6 headers in 231 bytes (1 switches on core 0)
2026-04-14 05:38:07.284 7 INFO placement.requestlog [None req-5831d889-4f0d-4de2-b6b4-d36f908bab75 8eb339862bb7414c8f25f96247f5346f 04626c89dd3143bab2f8c562ffca05b5 - - 3a77b75bcde34ae5bb5105449eb7016d 3a77b75bcde34ae5bb5105449eb7016d] 10.0.0.250 "GET /resource_providers/b5352605-13b7-4f67-b872-96b1d03cdc29/aggregates" status: 404 len: 235 microversion: 1.1 [pid: 7|app: 0|req: 448/899] 10.0.0.250 () {32 vars in 816 bytes} [Tue Apr 14 05:38:07 2026] GET /resource_providers/b5352605-13b7-4f67-b872-96b1d03cdc29/aggregates => generated 235 bytes in 11 msecs (HTTP/1.1 404) 5 headers in 202 bytes (1 switches on core 0)
2026-04-14 05:38:07.313 8 INFO placement.requestlog [None req-85d0b6b8-c1d8-4c61-b2a0-94d63513c897 8eb339862bb7414c8f25f96247f5346f 04626c89dd3143bab2f8c562ffca05b5 - - 3a77b75bcde34ae5bb5105449eb7016d 3a77b75bcde34ae5bb5105449eb7016d] 10.0.0.250 "DELETE /resource_providers/b5352605-13b7-4f67-b872-96b1d03cdc29" status: 404 len: 246 microversion: 1.1 [pid: 8|app: 0|req: 452/900] 10.0.0.250 () {34 vars in 816 bytes} [Tue Apr 14 05:38:07 2026] DELETE /resource_providers/b5352605-13b7-4f67-b872-96b1d03cdc29 => generated 246 bytes in 12 msecs (HTTP/1.1 404) 6 headers in 231 bytes (1 switches on core 0)
2026-04-14 05:38:07.314 7 INFO placement.requestlog [None req-6af05128-7a5d-4dbf-ac2c-5849cdb3fd2f 8eb339862bb7414c8f25f96247f5346f 04626c89dd3143bab2f8c562ffca05b5 - - 3a77b75bcde34ae5bb5105449eb7016d 3a77b75bcde34ae5bb5105449eb7016d] 10.0.0.250 "GET /resource_providers/b5352605-13b7-4f67-b872-96b1d03cdc29/aggregates" status: 404 len: 235 microversion: 1.1 [pid: 7|app: 0|req: 449/901] 10.0.0.250 () {32 vars in 816 bytes} [Tue Apr 14 05:38:07 2026] GET /resource_providers/b5352605-13b7-4f67-b872-96b1d03cdc29/aggregates => generated 235 bytes in 13 msecs (HTTP/1.1 404) 5 headers in 202 bytes (1 switches on core 0)
2026-04-14 05:38:07.346 8 INFO placement.requestlog [None req-a385c080-e4cf-4139-89f6-a85c137e6d71 8eb339862bb7414c8f25f96247f5346f 04626c89dd3143bab2f8c562ffca05b5 - - 3a77b75bcde34ae5bb5105449eb7016d 3a77b75bcde34ae5bb5105449eb7016d] 10.0.0.250 "DELETE /resource_providers/b5352605-13b7-4f67-b872-96b1d03cdc29" status: 404 len: 246 microversion: 1.1 [pid: 8|app: 0|req: 453/902] 10.0.0.250 () {34 vars in 816 bytes} [Tue Apr 14 05:38:07 2026] DELETE /resource_providers/b5352605-13b7-4f67-b872-96b1d03cdc29 => generated 246 bytes in 11 msecs (HTTP/1.1 404) 6 headers in 231 bytes (1 switches on core 0)
2026-04-14 05:38:07.352 7 INFO placement.requestlog [None req-ff068603-b754-4b15-b22e-00b0f4949ec9 8eb339862bb7414c8f25f96247f5346f 04626c89dd3143bab2f8c562ffca05b5 - - 3a77b75bcde34ae5bb5105449eb7016d 3a77b75bcde34ae5bb5105449eb7016d] 10.0.0.250 "GET /resource_providers/62217365-2d75-4fbe-944f-8d2c3b0737b1/aggregates" status: 404 len: 235 microversion: 1.1 [pid: 7|app: 0|req: 450/903] 10.0.0.250 () {32 vars in 816 bytes} [Tue Apr 14 05:38:07 2026] GET /resource_providers/62217365-2d75-4fbe-944f-8d2c3b0737b1/aggregates => generated 235 bytes in 13 msecs (HTTP/1.1 404) 5 headers in 202 bytes (1 switches on core 0)
2026-04-14 05:38:07.374 8 INFO placement.requestlog [None req-e91ccec2-a823-480b-96d3-e0d0b642219f 8eb339862bb7414c8f25f96247f5346f 04626c89dd3143bab2f8c562ffca05b5 - - 3a77b75bcde34ae5bb5105449eb7016d 3a77b75bcde34ae5bb5105449eb7016d] 10.0.0.250 "GET /resource_providers/62217365-2d75-4fbe-944f-8d2c3b0737b1/aggregates" status: 404 len: 235 microversion: 1.1
2026-04-14 05:38:07.375 7 INFO placement.requestlog [None req-641cb0a8-7a8e-4ff3-8da6-8fbf227e0b8c 8eb339862bb7414c8f25f96247f5346f 04626c89dd3143bab2f8c562ffca05b5 - - 3a77b75bcde34ae5bb5105449eb7016d 3a77b75bcde34ae5bb5105449eb7016d] 10.0.0.250 "DELETE /resource_providers/62217365-2d75-4fbe-944f-8d2c3b0737b1" status: 404 len: 246 microversion: 1.1 [pid: 8|app: 0|req: 454/904] 10.0.0.250 () {32 vars in 816 bytes} [Tue Apr 14 05:38:07 2026] GET /resource_providers/62217365-2d75-4fbe-944f-8d2c3b0737b1/aggregates => generated 235 bytes in 14 msecs (HTTP/1.1 404) 5 headers in 202 bytes (1 switches on core 0) [pid: 7|app: 0|req: 451/905] 10.0.0.250 () {34 vars in 816 bytes} [Tue Apr 14 05:38:07 2026] DELETE /resource_providers/62217365-2d75-4fbe-944f-8d2c3b0737b1 => generated 246 bytes in 15 msecs (HTTP/1.1 404) 6 headers in 231 bytes (1 switches on core 0)
2026-04-14 05:38:07.417 8 INFO placement.requestlog [None req-8c42ed68-6db4-437f-b52e-53fb192a6c11 8eb339862bb7414c8f25f96247f5346f 04626c89dd3143bab2f8c562ffca05b5 - - 3a77b75bcde34ae5bb5105449eb7016d 3a77b75bcde34ae5bb5105449eb7016d] 10.0.0.250 "DELETE /resource_providers/62217365-2d75-4fbe-944f-8d2c3b0737b1" status: 404 len: 246 microversion: 1.1 [pid: 8|app: 0|req: 455/906] 10.0.0.250 () {34 vars in 816 bytes} [Tue Apr 14 05:38:07 2026] DELETE /resource_providers/62217365-2d75-4fbe-944f-8d2c3b0737b1 => generated 246 bytes in 11 msecs (HTTP/1.1 404) 6 headers in 231 bytes (1 switches on core 0)
2026-04-14 05:38:09.410 7 INFO placement.requestlog [None req-cf61f2bb-0220-4b11-ace3-a8bc39200699 8eb339862bb7414c8f25f96247f5346f 04626c89dd3143bab2f8c562ffca05b5 - - 3a77b75bcde34ae5bb5105449eb7016d 3a77b75bcde34ae5bb5105449eb7016d] 10.0.0.250 "GET /resource_providers/b51c1c4e-aaa6-4a95-a9a5-e097cf559958/aggregates" status: 404 len: 235 microversion: 1.1 [pid: 7|app: 0|req: 452/907] 10.0.0.250 () {32 vars in 816 bytes} [Tue Apr 14 05:38:09 2026] GET /resource_providers/b51c1c4e-aaa6-4a95-a9a5-e097cf559958/aggregates => generated 235 bytes in 14 msecs (HTTP/1.1 404) 5 headers in 202 bytes (1 switches on core 0)
2026-04-14 05:38:09.428 8 INFO placement.requestlog [None req-596f8f9d-1c8d-4e7f-a218-d7db3ad5db1e 8eb339862bb7414c8f25f96247f5346f 04626c89dd3143bab2f8c562ffca05b5 - - 3a77b75bcde34ae5bb5105449eb7016d 3a77b75bcde34ae5bb5105449eb7016d] 10.0.0.250 "DELETE /resource_providers/b51c1c4e-aaa6-4a95-a9a5-e097cf559958" status: 404 len: 246 microversion: 1.1 [pid: 8|app: 0|req: 456/908] 10.0.0.250 () {34 vars in 816 bytes} [Tue Apr 14 05:38:09 2026] DELETE /resource_providers/b51c1c4e-aaa6-4a95-a9a5-e097cf559958 => generated 246 bytes in 9 msecs (HTTP/1.1 404) 6 headers in 231 bytes (1 switches on core 0)
2026-04-14 05:38:09.445 7 INFO placement.requestlog [None req-df6d6e70-e7a3-4522-8e93-2500645813fa 8eb339862bb7414c8f25f96247f5346f 04626c89dd3143bab2f8c562ffca05b5 - - 3a77b75bcde34ae5bb5105449eb7016d 3a77b75bcde34ae5bb5105449eb7016d] 10.0.0.250 "GET /resource_providers/b51c1c4e-aaa6-4a95-a9a5-e097cf559958/aggregates" status: 404 len: 235 microversion: 1.1 [pid: 7|app: 0|req: 453/909] 10.0.0.250 () {32 vars in 816 bytes} [Tue Apr 14 05:38:09 2026] GET /resource_providers/b51c1c4e-aaa6-4a95-a9a5-e097cf559958/aggregates => generated 235 bytes in 9 msecs (HTTP/1.1 404) 5 headers in 202 bytes (1 switches on core 0)
2026-04-14 05:38:09.476 8 INFO placement.requestlog [None req-d3e86a2c-333d-408c-8b47-e9357ecf6e46 8eb339862bb7414c8f25f96247f5346f 04626c89dd3143bab2f8c562ffca05b5 - - 3a77b75bcde34ae5bb5105449eb7016d 3a77b75bcde34ae5bb5105449eb7016d] 10.0.0.250 "DELETE /resource_providers/b51c1c4e-aaa6-4a95-a9a5-e097cf559958" status: 404 len: 246 microversion: 1.1 [pid: 8|app: 0|req: 457/910] 10.0.0.250 () {34 vars in 816 bytes} [Tue Apr 14 05:38:09 2026] DELETE /resource_providers/b51c1c4e-aaa6-4a95-a9a5-e097cf559958 => generated 246 bytes in 22 msecs (HTTP/1.1 404) 6 headers in 231 bytes (1 switches on core 0)
2026-04-14 05:38:15.544 7 INFO placement.requestlog [None req-bc5376a1-51fa-48be-99ba-a5c561b5fa27 - - - - - -] 10.0.0.49 "GET /" status: 200 len: 136 microversion: 1.0
2026-04-14 05:38:15.547 8 INFO placement.requestlog [None req-5c4e79fb-edf3-42c3-b904-2df4839f4a00 - - - - - -] 10.0.0.49 "GET /" status: 200 len: 136 microversion: 1.0
2026-04-14 05:38:18.198 8 INFO placement.requestlog [None req-c29cd0a6-268b-4ee7-8798-36e665938038 8eb339862bb7414c8f25f96247f5346f 04626c89dd3143bab2f8c562ffca05b5 - - 3a77b75bcde34ae5bb5105449eb7016d 3a77b75bcde34ae5bb5105449eb7016d] 10.0.0.250 "GET /resource_providers/a1e38d31-9b3a-4fd1-bbb3-931872addc73/aggregates" status: 404 len: 235 microversion: 1.1 [pid: 8|app: 0|req: 459/913] 10.0.0.250 () {32 vars in 816 bytes} [Tue Apr 14 05:38:18 2026] GET /resource_providers/a1e38d31-9b3a-4fd1-bbb3-931872addc73/aggregates => generated 235 bytes in 9 msecs (HTTP/1.1 404) 5 headers in 202 bytes (1 switches on core 0)
2026-04-14 05:38:18.211 7 INFO placement.requestlog [None req-af5ec257-960a-4be1-a356-a221ba6c41e2 8eb339862bb7414c8f25f96247f5346f 04626c89dd3143bab2f8c562ffca05b5 - - 3a77b75bcde34ae5bb5105449eb7016d 3a77b75bcde34ae5bb5105449eb7016d] 10.0.0.250 "GET /resource_providers/a1e38d31-9b3a-4fd1-bbb3-931872addc73/aggregates" status: 404 len: 235 microversion: 1.1 [pid: 7|app: 0|req: 455/914] 10.0.0.250 () {32 vars in 816 bytes} [Tue Apr 14 05:38:18 2026] GET /resource_providers/a1e38d31-9b3a-4fd1-bbb3-931872addc73/aggregates => generated 235 bytes in 23 msecs (HTTP/1.1 404) 5 headers in 202 bytes (1 switches on core 0)
2026-04-14 05:38:18.217 8 INFO placement.requestlog [None req-7add61cd-eea5-4b06-a9c8-082edee0c6c6 8eb339862bb7414c8f25f96247f5346f 04626c89dd3143bab2f8c562ffca05b5 - - 3a77b75bcde34ae5bb5105449eb7016d 3a77b75bcde34ae5bb5105449eb7016d] 10.0.0.250 "DELETE /resource_providers/a1e38d31-9b3a-4fd1-bbb3-931872addc73" status: 404 len: 246 microversion: 1.1 [pid: 8|app: 0|req: 460/915] 10.0.0.250 () {34 vars in 816 bytes} [Tue Apr 14 05:38:18 2026] DELETE /resource_providers/a1e38d31-9b3a-4fd1-bbb3-931872addc73 => generated 246 bytes in 8 msecs (HTTP/1.1 404) 6 headers in 231 bytes (1 switches on core 0)
2026-04-14 05:38:18.232 7 INFO placement.requestlog [None req-508c38db-7950-477b-b999-e589862375be 8eb339862bb7414c8f25f96247f5346f 04626c89dd3143bab2f8c562ffca05b5 - - 3a77b75bcde34ae5bb5105449eb7016d 3a77b75bcde34ae5bb5105449eb7016d] 10.0.0.250 "DELETE /resource_providers/a1e38d31-9b3a-4fd1-bbb3-931872addc73" status: 404 len: 246 microversion: 1.1 [pid: 7|app: 0|req: 456/916] 10.0.0.250 () {34 vars in 816 bytes} [Tue Apr 14 05:38:18 2026] DELETE /resource_providers/a1e38d31-9b3a-4fd1-bbb3-931872addc73 => generated 246 bytes in 11 msecs (HTTP/1.1 404) 6 headers in 231 bytes (1 switches on core 0)
2026-04-14 05:38:21.553 8 INFO placement.requestlog [req-1d51a3af-389e-4409-89b0-f0015f8a2124 req-1494a71b-fb71-4808-b780-95ce2922887e 2bc6162ce6f14c7a9457fbbcbeca7aca 04626c89dd3143bab2f8c562ffca05b5 - - 3a77b75bcde34ae5bb5105449eb7016d 3a77b75bcde34ae5bb5105449eb7016d] 199.204.45.115 "GET /resource_providers/b30836d1-4cc0-4adc-aa46-5da1e95df3c0/allocations" status: 200 len: 453 microversion: 1.0 [pid: 8|app: 0|req: 461/917] 199.204.45.115 () {32 vars in 857 bytes} [Tue Apr 14 05:38:21 2026] GET /resource_providers/b30836d1-4cc0-4adc-aa46-5da1e95df3c0/allocations => generated 453 bytes in 18 msecs (HTTP/1.1 200) 6 headers in 224 bytes (1 switches on core 0)
2026-04-14 05:38:21.573 7 INFO placement.requestlog [req-1d51a3af-389e-4409-89b0-f0015f8a2124 req-7218c6e3-0b13-415c-bafe-236eb3d7cbe8 2bc6162ce6f14c7a9457fbbcbeca7aca 04626c89dd3143bab2f8c562ffca05b5 - - 3a77b75bcde34ae5bb5105449eb7016d 3a77b75bcde34ae5bb5105449eb7016d] 199.204.45.115 "GET /allocations/2cabfb1f-d6ad-4775-a064-7f0cd2303c5c" status: 200 len: 258 microversion: 1.28 [pid: 7|app: 0|req: 457/918] 199.204.45.115 () {34 vars in 863 bytes} [Tue Apr 14 05:38:21 2026] GET /allocations/2cabfb1f-d6ad-4775-a064-7f0cd2303c5c => generated 258 bytes in 13 msecs (HTTP/1.1 200) 8 headers in 296 bytes (1 switches on core 0)
2026-04-14 05:38:21.598 8 INFO placement.requestlog [req-1d51a3af-389e-4409-89b0-f0015f8a2124 req-be920048-885a-49b5-9b89-07203aecd0f4 2bc6162ce6f14c7a9457fbbcbeca7aca 04626c89dd3143bab2f8c562ffca05b5 - - 3a77b75bcde34ae5bb5105449eb7016d 3a77b75bcde34ae5bb5105449eb7016d] 199.204.45.115 "GET /allocations/63b4e57c-75ae-4c2d-9bc5-fbe1dce24da4" status: 200 len: 258 microversion: 1.28 [pid: 8|app: 0|req: 462/919] 199.204.45.115 () {34 vars in 863 bytes} [Tue Apr 14 05:38:21 2026] GET /allocations/63b4e57c-75ae-4c2d-9bc5-fbe1dce24da4 => generated 258 bytes in 17 msecs (HTTP/1.1 200) 8 headers in 296 bytes (1 switches on core 0)
2026-04-14 05:38:21.618 7 INFO placement.requestlog [req-1d51a3af-389e-4409-89b0-f0015f8a2124 req-64f9d49f-d318-431d-a8af-92071d4ac782 2bc6162ce6f14c7a9457fbbcbeca7aca 04626c89dd3143bab2f8c562ffca05b5 - - 3a77b75bcde34ae5bb5105449eb7016d 3a77b75bcde34ae5bb5105449eb7016d] 199.204.45.115 "GET /allocations/b800aa3f-afe0-41e5-bfe7-b44bbcfb78e6" status: 200 len: 258 microversion: 1.28 [pid: 7|app: 0|req: 458/920] 199.204.45.115 () {34 vars in 863 bytes} [Tue Apr 14 05:38:21 2026] GET /allocations/b800aa3f-afe0-41e5-bfe7-b44bbcfb78e6 => generated 258 bytes in 12 msecs (HTTP/1.1 200) 8 headers in 296 bytes (1 switches on core 0)
2026-04-14 05:38:21.641 8 INFO placement.requestlog [req-1d51a3af-389e-4409-89b0-f0015f8a2124 req-e624ee6d-7608-42b0-98a3-bec68626163b 2bc6162ce6f14c7a9457fbbcbeca7aca 04626c89dd3143bab2f8c562ffca05b5 - - 3a77b75bcde34ae5bb5105449eb7016d 3a77b75bcde34ae5bb5105449eb7016d] 199.204.45.115 "GET /allocations/45cfcb2f-a6c8-48c8-9d8f-826d09d18cab" status: 200 len: 258 microversion: 1.28 [pid: 8|app: 0|req: 463/921] 199.204.45.115 () {34 vars in 863 bytes} [Tue Apr 14 05:38:21 2026] GET /allocations/45cfcb2f-a6c8-48c8-9d8f-826d09d18cab => generated 258 bytes in 16 msecs (HTTP/1.1 200) 8 headers in 296 bytes (1 switches on core 0)
2026-04-14 05:38:22.696 7 INFO placement.requestlog [req-1d51a3af-389e-4409-89b0-f0015f8a2124 req-712b1403-de80-4e1e-ae82-4f8ae549a45f 2bc6162ce6f14c7a9457fbbcbeca7aca 04626c89dd3143bab2f8c562ffca05b5 - - 3a77b75bcde34ae5bb5105449eb7016d 3a77b75bcde34ae5bb5105449eb7016d] 199.204.45.115 "DELETE /allocations/63b4e57c-75ae-4c2d-9bc5-fbe1dce24da4" status: 204 len: 0 microversion: 1.0 [pid: 7|app: 0|req: 459/922] 199.204.45.115 () {34 vars in 841 bytes} [Tue Apr 14 05:38:22 2026] DELETE /allocations/63b4e57c-75ae-4c2d-9bc5-fbe1dce24da4 => generated 0 bytes in 30 msecs (HTTP/1.1 204) 5 headers in 198 bytes (1 switches on core 0)
2026-04-14 05:38:25.544 8 INFO placement.requestlog [None req-a08c3370-c64c-4e34-8e71-f8321db6e4e4 - - - - - -] 10.0.0.49 "GET /" status: 200 len: 136 microversion: 1.0
2026-04-14 05:38:25.548 7 INFO placement.requestlog [None req-4dc42c32-aa1a-4dc5-957a-e9ab7ba14bf0 - - - - - -] 10.0.0.49 "GET /" status: 200 len: 136 microversion: 1.0
2026-04-14 05:38:27.364 8 INFO placement.requestlog [None req-238f54d4-9f0c-4ee9-b29b-433887a9f0a5 8eb339862bb7414c8f25f96247f5346f 04626c89dd3143bab2f8c562ffca05b5 - - 3a77b75bcde34ae5bb5105449eb7016d 3a77b75bcde34ae5bb5105449eb7016d] 10.0.0.250 "GET /resource_providers/bbe860e5-91b7-46db-9d12-b9b64248e7f3/aggregates" status: 404 len: 235 microversion: 1.1 [pid: 8|app: 0|req: 465/925] 10.0.0.250 () {32 vars in 816 bytes} [Tue Apr 14 05:38:27 2026] GET /resource_providers/bbe860e5-91b7-46db-9d12-b9b64248e7f3/aggregates => generated 235 bytes in 10 msecs (HTTP/1.1 404) 5 headers in 202 bytes (1 switches on core 0)
2026-04-14 05:38:27.373 7 INFO placement.requestlog [None req-13f684e1-2306-4c0a-813a-5af61ac7020c 8eb339862bb7414c8f25f96247f5346f 04626c89dd3143bab2f8c562ffca05b5 - - 3a77b75bcde34ae5bb5105449eb7016d 3a77b75bcde34ae5bb5105449eb7016d] 10.0.0.250 "GET /resource_providers/bbe860e5-91b7-46db-9d12-b9b64248e7f3/aggregates" status: 404 len: 235 microversion: 1.1 [pid: 7|app: 0|req: 461/926] 10.0.0.250 () {32 vars in 816 bytes} [Tue Apr 14 05:38:27 2026] GET /resource_providers/bbe860e5-91b7-46db-9d12-b9b64248e7f3/aggregates => generated 235 bytes in 14 msecs (HTTP/1.1 404) 5 headers in 202 bytes (1 switches on core 0)
2026-04-14 05:38:27.381 8 INFO placement.requestlog [None req-f6bc0f0e-29ea-4d55-bcba-6f60bba79d43 8eb339862bb7414c8f25f96247f5346f 04626c89dd3143bab2f8c562ffca05b5 - - 3a77b75bcde34ae5bb5105449eb7016d 3a77b75bcde34ae5bb5105449eb7016d] 10.0.0.250 "DELETE /resource_providers/bbe860e5-91b7-46db-9d12-b9b64248e7f3" status: 404 len: 246 microversion: 1.1 [pid: 8|app: 0|req: 466/927] 10.0.0.250 () {34 vars in 816 bytes} [Tue Apr 14 05:38:27 2026] DELETE /resource_providers/bbe860e5-91b7-46db-9d12-b9b64248e7f3 => generated 246 bytes in 10 msecs (HTTP/1.1 404) 6 headers in 231 bytes (1 switches on core 0)
2026-04-14 05:38:27.405 7 INFO placement.requestlog [None req-7be63bcf-2995-4338-ad8c-fb25fc14ad75 8eb339862bb7414c8f25f96247f5346f 04626c89dd3143bab2f8c562ffca05b5 - - 3a77b75bcde34ae5bb5105449eb7016d 3a77b75bcde34ae5bb5105449eb7016d] 10.0.0.250 "DELETE /resource_providers/bbe860e5-91b7-46db-9d12-b9b64248e7f3" status: 404 len: 246 microversion: 1.1 [pid: 7|app: 0|req: 462/928] 10.0.0.250 () {34 vars in 816 bytes} [Tue Apr 14 05:38:27 2026] DELETE /resource_providers/bbe860e5-91b7-46db-9d12-b9b64248e7f3 => generated 246 bytes in 21 msecs (HTTP/1.1 404) 6 headers in 231 bytes (1 switches on core 0)
2026-04-14 05:38:27.917 8 INFO placement.requestlog [req-f9ec5dcf-ddb0-42d9-bbc0-75eb8d9a75bb req-df89872a-a4c4-4916-98cc-980c1909c9dd 2bc6162ce6f14c7a9457fbbcbeca7aca 04626c89dd3143bab2f8c562ffca05b5 - - 3a77b75bcde34ae5bb5105449eb7016d 3a77b75bcde34ae5bb5105449eb7016d] 199.204.45.115 "GET /resource_providers/b30836d1-4cc0-4adc-aa46-5da1e95df3c0/allocations" status: 200 len: 353 microversion: 1.0 [pid: 8|app: 0|req: 467/929] 199.204.45.115 () {32 vars in 857 bytes} [Tue Apr 14 05:38:27 2026] GET /resource_providers/b30836d1-4cc0-4adc-aa46-5da1e95df3c0/allocations => generated 353 bytes in 20 msecs (HTTP/1.1 200) 6 headers in 224 bytes (1 switches on core 0)
2026-04-14 05:38:27.939 7 INFO placement.requestlog [req-f9ec5dcf-ddb0-42d9-bbc0-75eb8d9a75bb req-ad5a6f0d-a462-429a-8c2e-a25134254023 2bc6162ce6f14c7a9457fbbcbeca7aca 04626c89dd3143bab2f8c562ffca05b5 - - 3a77b75bcde34ae5bb5105449eb7016d 3a77b75bcde34ae5bb5105449eb7016d] 199.204.45.115 "GET /allocations/2cabfb1f-d6ad-4775-a064-7f0cd2303c5c" status: 200 len: 258 microversion: 1.28 [pid: 7|app: 0|req: 463/930] 199.204.45.115 () {34 vars in 863 bytes} [Tue Apr 14 05:38:27 2026] GET /allocations/2cabfb1f-d6ad-4775-a064-7f0cd2303c5c => generated 258 bytes in 15 msecs (HTTP/1.1 200) 8 headers in 296 bytes (1 switches on core 0)
2026-04-14 05:38:27.964 8 INFO placement.requestlog [req-f9ec5dcf-ddb0-42d9-bbc0-75eb8d9a75bb req-ca368f4f-12c5-4d6b-9454-c14f709e772b 2bc6162ce6f14c7a9457fbbcbeca7aca 04626c89dd3143bab2f8c562ffca05b5 - - 3a77b75bcde34ae5bb5105449eb7016d 3a77b75bcde34ae5bb5105449eb7016d] 199.204.45.115 "GET /allocations/b800aa3f-afe0-41e5-bfe7-b44bbcfb78e6" status: 200 len: 258 microversion: 1.28 [pid: 8|app: 0|req: 468/931] 199.204.45.115 () {34 vars in 863 bytes} [Tue Apr 14 05:38:27 2026] GET /allocations/b800aa3f-afe0-41e5-bfe7-b44bbcfb78e6 => generated 258 bytes in 20 msecs (HTTP/1.1 200) 8 headers in 296 bytes (1 switches on core 0)
2026-04-14 05:38:27.989 7 INFO placement.requestlog [req-f9ec5dcf-ddb0-42d9-bbc0-75eb8d9a75bb req-4ef8c05e-5a82-477a-b6e1-afa69754de10 2bc6162ce6f14c7a9457fbbcbeca7aca 04626c89dd3143bab2f8c562ffca05b5 - - 3a77b75bcde34ae5bb5105449eb7016d 3a77b75bcde34ae5bb5105449eb7016d] 199.204.45.115 "GET /allocations/45cfcb2f-a6c8-48c8-9d8f-826d09d18cab" status: 200 len: 258 microversion: 1.28 [pid: 7|app: 0|req: 464/932] 199.204.45.115 () {34 vars in 863 bytes} [Tue Apr 14 05:38:27 2026] GET /allocations/45cfcb2f-a6c8-48c8-9d8f-826d09d18cab => generated 258 bytes in 17 msecs (HTTP/1.1 200) 8 headers in 296 bytes (1 switches on core 0)
2026-04-14 05:38:29.042 8 INFO placement.requestlog [req-f9ec5dcf-ddb0-42d9-bbc0-75eb8d9a75bb req-1862ae24-676d-4390-940c-2c4c24cfd608 2bc6162ce6f14c7a9457fbbcbeca7aca 04626c89dd3143bab2f8c562ffca05b5 - - 3a77b75bcde34ae5bb5105449eb7016d 3a77b75bcde34ae5bb5105449eb7016d] 199.204.45.115 "DELETE /allocations/45cfcb2f-a6c8-48c8-9d8f-826d09d18cab" status: 204 len: 0 microversion: 1.0 [pid: 8|app: 0|req: 469/933] 199.204.45.115 () {34 vars in 841 bytes} [Tue Apr 14 05:38:29 2026] DELETE /allocations/45cfcb2f-a6c8-48c8-9d8f-826d09d18cab => generated 0 bytes in 27 msecs (HTTP/1.1 204) 5 headers in 198 bytes (1 switches on core 0)
2026-04-14 05:38:34.604 7 INFO placement.requestlog [None req-55993876-ed12-460d-aa78-a92d779a0d25 8eb339862bb7414c8f25f96247f5346f 04626c89dd3143bab2f8c562ffca05b5 - - 3a77b75bcde34ae5bb5105449eb7016d 3a77b75bcde34ae5bb5105449eb7016d] 10.0.0.250 "GET /resource_providers/2773e109-49d5-4a21-bb59-90df2fba50f9/aggregates" status: 404 len: 235 microversion: 1.1 [pid: 7|app: 0|req: 465/934] 10.0.0.250 () {32 vars in 816 bytes} [Tue Apr 14 05:38:34 2026] GET /resource_providers/2773e109-49d5-4a21-bb59-90df2fba50f9/aggregates => generated 235 bytes in 13 msecs (HTTP/1.1 404) 5 headers in 202 bytes (1 switches on core 0)
2026-04-14 05:38:34.608 8 INFO placement.requestlog [None req-76e1c584-c6b5-43af-8d65-736fd924c7ab 8eb339862bb7414c8f25f96247f5346f 04626c89dd3143bab2f8c562ffca05b5 - - 3a77b75bcde34ae5bb5105449eb7016d 3a77b75bcde34ae5bb5105449eb7016d] 10.0.0.250 "GET /resource_providers/2773e109-49d5-4a21-bb59-90df2fba50f9/aggregates" status: 404 len: 235 microversion: 1.1 [pid: 8|app: 0|req: 470/935] 10.0.0.250 () {32 vars in 816 bytes} [Tue Apr 14 05:38:34 2026] GET /resource_providers/2773e109-49d5-4a21-bb59-90df2fba50f9/aggregates => generated 235 bytes in 13 msecs (HTTP/1.1 404) 5 headers in 202 bytes (1 switches on core 0)
2026-04-14 05:38:34.634 8 INFO placement.requestlog [None req-faffce40-5cfa-4f19-b852-db00be09b58b 8eb339862bb7414c8f25f96247f5346f 04626c89dd3143bab2f8c562ffca05b5 - - 3a77b75bcde34ae5bb5105449eb7016d 3a77b75bcde34ae5bb5105449eb7016d] 10.0.0.250 "DELETE /resource_providers/2773e109-49d5-4a21-bb59-90df2fba50f9" status: 404 len: 246 microversion: 1.1 [pid: 8|app: 0|req: 471/936] 10.0.0.250 () {34 vars in 816 bytes} [Tue Apr 14 05:38:34 2026] DELETE /resource_providers/2773e109-49d5-4a21-bb59-90df2fba50f9 => generated 246 bytes in 9 msecs (HTTP/1.1 404) 6 headers in 231 bytes (1 switches on core 0)
2026-04-14 05:38:34.635 7 INFO placement.requestlog [None req-94fa2b7d-05bc-45a2-a98c-fc833757cc8c 8eb339862bb7414c8f25f96247f5346f 04626c89dd3143bab2f8c562ffca05b5 - - 3a77b75bcde34ae5bb5105449eb7016d 3a77b75bcde34ae5bb5105449eb7016d] 10.0.0.250 "DELETE /resource_providers/2773e109-49d5-4a21-bb59-90df2fba50f9" status: 404 len: 246 microversion: 1.1 [pid: 7|app: 0|req: 466/937] 10.0.0.250 () {34 vars in 816 bytes} [Tue Apr 14 05:38:34 2026] DELETE /resource_providers/2773e109-49d5-4a21-bb59-90df2fba50f9 => generated 246 bytes in 11 msecs (HTTP/1.1 404) 6 headers in 231 bytes (1 switches on core 0)
