2026-08-26 01:35:25.712 9 INFO neutron.wsgi [None req-d3166e61-9fed-483c-b840-d41f666f52e1 75a3f75738464ed5844a18eb9086ecc2 e1bf056ab133470e80896a1d25e7b372 - - default default] 10.0.0.178 "POST /v2.0/security-group-rules HTTP/1.1" status: 201 len: 764 time: 0.1575687
2026-08-26 01:35:25.827 10 INFO neutron.wsgi [None req-a88995b1-9f78-404f-9085-a3f929a88405 a9cd6db1d1cd455e807691f3c66e7b74 1829cd35881e4bb3ab306b5e951b2670 - - default default] 10.0.0.178 "PUT /v2.0/routers/47491f84-a05c-47a2-b099-eec0c7b27e3f/remove_router_interface HTTP/1.1" status: 200 len: 503 time: 1.1274817 /var/lib/openstack/lib/python3.10/site-packages/pycadf/identifier.py:71: UserWarning: Invalid uuid: neutron. To ensure interoperability, identifiers should be a valid uuid. warnings.warn(('Invalid uuid: %s. To ensure interoperability, '
2026-08-26 01:35:25.848 9 INFO neutron.db.ovn_revision_numbers_db [None req-149a8dc1-b2da-40a8-ad10-85e260990b51 75a3f75738464ed5844a18eb9086ecc2 e1bf056ab133470e80896a1d25e7b372 - - default default] Successfully bumped revision number for resource e2c1bccb-b96d-46a4-8f4c-4038c426fe3d (type: security_group_rules) to 0
2026-08-26 01:35:25.875 9 INFO neutron.wsgi [None req-149a8dc1-b2da-40a8-ad10-85e260990b51 75a3f75738464ed5844a18eb9086ecc2 e1bf056ab133470e80896a1d25e7b372 - - default default] 10.0.0.178 "POST /v2.0/security-group-rules HTTP/1.1" status: 201 len: 763 time: 0.1562290
2026-08-26 01:35:25.997 9 INFO neutron.db.ovn_revision_numbers_db [None req-3df070ec-ee35-443a-9127-29d54d752377 75a3f75738464ed5844a18eb9086ecc2 e1bf056ab133470e80896a1d25e7b372 - - default default] Successfully bumped revision number for resource 919d5fb4-bc74-4825-89b9-84ace6a97b28 (type: security_group_rules) to 0
2026-08-26 01:35:26.022 9 INFO neutron.wsgi [None req-3df070ec-ee35-443a-9127-29d54d752377 75a3f75738464ed5844a18eb9086ecc2 e1bf056ab133470e80896a1d25e7b372 - - default default] 10.0.0.178 "POST /v2.0/security-group-rules HTTP/1.1" status: 201 len: 769 time: 0.1421793
2026-08-26 01:35:26.137 9 INFO neutron.db.ovn_revision_numbers_db [None req-40c22b20-3313-4bf8-a780-bf31e38595d5 75a3f75738464ed5844a18eb9086ecc2 e1bf056ab133470e80896a1d25e7b372 - - default default] Successfully bumped revision number for resource 31a764d0-1f71-4a42-83d0-6e0b62330914 (type: security_group_rules) to 0
2026-08-26 01:35:26.162 9 INFO neutron.wsgi [None req-40c22b20-3313-4bf8-a780-bf31e38595d5 75a3f75738464ed5844a18eb9086ecc2 e1bf056ab133470e80896a1d25e7b372 - - default default] 10.0.0.178 "POST /v2.0/security-group-rules HTTP/1.1" status: 201 len: 768 time: 0.1348200
2026-08-26 01:35:26.189 9 INFO neutron.db.securitygroups_db [None req-7f6948b6-4c40-414c-a783-ceba00ac1f60 75a3f75738464ed5844a18eb9086ecc2 e1bf056ab133470e80896a1d25e7b372 - - default default] Project e1bf056ab133470e80896a1d25e7b372 added a security group rule with legacy IPv6 ICMP protocol name icmp, ipv6-icmp should be used instead. It was automatically converted.
2026-08-26 01:35:26.248 9 WARNING neutron.plugins.ml2.drivers.ovn.mech_driver.ovsdb.ovn_client [None req-dbd92cae-e408-4fb9-8fed-7a72a72e573c - - - - - -] No hosting information found for port 8c7467d2-9733-4dd3-875d-1bb7302a5442: RuntimeError: No hosting information found for port 8c7467d2-9733-4dd3-875d-1bb7302a5442
2026-08-26 01:35:26.248 9 INFO neutron.plugins.ml2.drivers.ovn.mech_driver.mech_driver [None req-dbd92cae-e408-4fb9-8fed-7a72a72e573c - - - - - -] OVN reports status up for port: c58e954d-8970-4810-adfc-46c9ecfe4f1b
2026-08-26 01:35:26.262 9 INFO neutron.plugins.ml2.plugin [None req-dbd92cae-e408-4fb9-8fed-7a72a72e573c - - - - - -] Attempt 1 to provision port c58e954d-8970-4810-adfc-46c9ecfe4f1b
2026-08-26 01:35:26.299 9 INFO neutron.db.ovn_revision_numbers_db [None req-7f6948b6-4c40-414c-a783-ceba00ac1f60 75a3f75738464ed5844a18eb9086ecc2 e1bf056ab133470e80896a1d25e7b372 - - default default] Successfully bumped revision number for resource c6c34d21-420d-4ab0-82df-26298c92ec53 (type: security_group_rules) to 0
2026-08-26 01:35:26.335 9 INFO neutron.wsgi [None req-7f6948b6-4c40-414c-a783-ceba00ac1f60 75a3f75738464ed5844a18eb9086ecc2 e1bf056ab133470e80896a1d25e7b372 - - default default] 10.0.0.178 "POST /v2.0/security-group-rules HTTP/1.1" status: 201 len: 774 time: 0.1681333
2026-08-26 01:35:26.355 9 INFO neutron.plugins.ml2.drivers.ovn.mech_driver.mech_driver [None req-dbd92cae-e408-4fb9-8fed-7a72a72e573c - - - - - -] OVN reports status up for port: a9ada308-624a-4d57-ba72-a296ef784a70
2026-08-26 01:35:26.367 9 INFO neutron.db.securitygroups_db [None req-dad40067-09c6-4f67-831b-7129d8f246d5 75a3f75738464ed5844a18eb9086ecc2 e1bf056ab133470e80896a1d25e7b372 - - default default] Project e1bf056ab133470e80896a1d25e7b372 added a security group rule with legacy IPv6 ICMP protocol name icmp, ipv6-icmp should be used instead. It was automatically converted.
2026-08-26 01:35:26.386 10 INFO neutron.wsgi [None req-e8efb8f2-9f58-4158-95e3-fce028460b53 a9cd6db1d1cd455e807691f3c66e7b74 1829cd35881e4bb3ab306b5e951b2670 - - default default] 10.0.0.178 "DELETE /v2.0/routers/47491f84-a05c-47a2-b099-eec0c7b27e3f HTTP/1.1" status: 204 len: 168 time: 0.5508435
2026-08-26 01:35:26.391 9 INFO neutron.plugins.ml2.drivers.ovn.mech_driver.mech_driver [None req-dbd92cae-e408-4fb9-8fed-7a72a72e573c - - - - - -] OVN reports status up for port: ad57e169-dec4-47b9-a937-314d059ea897
2026-08-26 01:35:26.404 9 INFO neutron.plugins.ml2.plugin [None req-dbd92cae-e408-4fb9-8fed-7a72a72e573c - - - - - -] Attempt 1 to provision port ad57e169-dec4-47b9-a937-314d059ea897
2026-08-26 01:35:26.493 9 INFO neutron.db.ovn_revision_numbers_db [None req-dad40067-09c6-4f67-831b-7129d8f246d5 75a3f75738464ed5844a18eb9086ecc2 e1bf056ab133470e80896a1d25e7b372 - - default default] Successfully bumped revision number for resource 29e890a3-bbba-444a-807d-e5be24689047 (type: security_group_rules) to 0
2026-08-26 01:35:26.520 9 INFO neutron.wsgi [None req-dad40067-09c6-4f67-831b-7129d8f246d5 75a3f75738464ed5844a18eb9086ecc2 e1bf056ab133470e80896a1d25e7b372 - - default default] 10.0.0.178 "POST /v2.0/security-group-rules HTTP/1.1" status: 201 len: 773 time: 0.1787336
2026-08-26 01:35:26.553 10 INFO neutron.wsgi [None req-606c2db7-b327-4649-ab9d-2f40eba59c80 a9cd6db1d1cd455e807691f3c66e7b74 1829cd35881e4bb3ab306b5e951b2670 - - default default] 10.0.0.178 "DELETE /v2.0/subnets/f8bf7258-fcae-40dc-bf13-00fdf8d025eb HTTP/1.1" status: 204 len: 168 time: 0.1604342
2026-08-26 01:35:26.704 9 INFO neutron.db.ovn_revision_numbers_db [None req-dbd92cae-e408-4fb9-8fed-7a72a72e573c - - - - - -] Successfully bumped revision number for resource ad57e169-dec4-47b9-a937-314d059ea897 (type: ports) to 2
2026-08-26 01:35:26.776 10 INFO neutron.wsgi [req-e7d8942d-1a3c-49c5-b777-52a6997f6c21 req-00ccb234-9340-4e47-9a54-8197b164dbbc e92633adc59843cd955933c3d1ad4d96 375538753e0c4fb2b9072261aa92c47b - - default default] 10.0.0.217 "GET /v2.0/ports?device_id=c18e1392-7877-432d-9508-69c68bbadf82 HTTP/1.1" status: 200 len: 1168 time: 0.0554693
2026-08-26 01:35:26.839 10 INFO neutron.wsgi [req-e7d8942d-1a3c-49c5-b777-52a6997f6c21 req-d64dbf4e-e1ad-4526-b046-3cc21b271e5b e92633adc59843cd955933c3d1ad4d96 375538753e0c4fb2b9072261aa92c47b - - default default] 10.0.0.217 "GET /v2.0/security-groups?id=bd2d2c5d-e895-48cb-ad48-367b27c3e8a6&fields=id&fields=name HTTP/1.1" status: 200 len: 286 time: 0.0540137
2026-08-26 01:35:26.902 9 INFO neutron.db.ovn_revision_numbers_db [None req-dbd92cae-e408-4fb9-8fed-7a72a72e573c - - - - - -] Successfully bumped revision number for resource ad57e169-dec4-47b9-a937-314d059ea897 (type: router_ports) to 2
2026-08-26 01:35:26.971 10 INFO neutron.db.ovn_revision_numbers_db [None req-c55c6fc5-f700-4d4b-8666-fafb12f630ba 14a5bbbbe17e4a5caa9185f582a358e0 1d20d688d1f941db8581da66dcb5e9db - - default default] Successfully bumped revision number for resource 9b0ffff6-fcb6-42a7-801a-f96d96113068 (type: security_groups) to 1
2026-08-26 01:35:26.985 10 INFO neutron.db.ovn_revision_numbers_db [None req-c55c6fc5-f700-4d4b-8666-fafb12f630ba 14a5bbbbe17e4a5caa9185f582a358e0 1d20d688d1f941db8581da66dcb5e9db - - default default] Successfully bumped revision number for resource 27280df4-f118-490a-b317-39c61425a69d (type: security_group_rules) to 0
2026-08-26 01:35:26.996 10 INFO neutron.db.ovn_revision_numbers_db [None req-c55c6fc5-f700-4d4b-8666-fafb12f630ba 14a5bbbbe17e4a5caa9185f582a358e0 1d20d688d1f941db8581da66dcb5e9db - - default default] Successfully bumped revision number for resource 50039901-ada9-4ffe-a615-ef14372d1198 (type: security_group_rules) to 0
2026-08-26 01:35:27.018 10 INFO neutron.db.ovn_revision_numbers_db [None req-c55c6fc5-f700-4d4b-8666-fafb12f630ba 14a5bbbbe17e4a5caa9185f582a358e0 1d20d688d1f941db8581da66dcb5e9db - - default default] Successfully bumped revision number for resource 8c383218-6f84-4a07-b556-353cdc7f753f (type: security_group_rules) to 0
2026-08-26 01:35:27.034 10 INFO neutron.db.ovn_revision_numbers_db [None req-c55c6fc5-f700-4d4b-8666-fafb12f630ba 14a5bbbbe17e4a5caa9185f582a358e0 1d20d688d1f941db8581da66dcb5e9db - - default default] Successfully bumped revision number for resource 9a288fd5-b4c4-474e-9f22-5a966999b219 (type: security_group_rules) to 0
2026-08-26 01:35:27.058 10 INFO neutron.wsgi [None req-c55c6fc5-f700-4d4b-8666-fafb12f630ba 14a5bbbbe17e4a5caa9185f582a358e0 1d20d688d1f941db8581da66dcb5e9db - - default default] 10.0.0.178 "GET /v2.0/security-groups?tenant_id=6fcdbcb1c9f74abab2b65964b39eae42&name=default HTTP/1.1" status: 200 len: 2996 time: 0.4244821
2026-08-26 01:35:27.134 10 INFO neutron.db.ovn_revision_numbers_db [None req-e999cf38-3d7b-45c8-8876-ee4e84a78bea 75a3f75738464ed5844a18eb9086ecc2 e1bf056ab133470e80896a1d25e7b372 - - default default] Successfully bumped revision number for resource 6fb57dab-7ba0-4e0e-94e2-efc4fd4ccdc8 (type: security_groups) to 1
2026-08-26 01:35:27.152 10 INFO neutron.db.ovn_revision_numbers_db [None req-e999cf38-3d7b-45c8-8876-ee4e84a78bea 75a3f75738464ed5844a18eb9086ecc2 e1bf056ab133470e80896a1d25e7b372 - - default default] Successfully bumped revision number for resource 31e4833c-3a55-4d35-9a04-252b0de2e051 (type: security_group_rules) to 0
2026-08-26 01:35:27.167 10 INFO neutron.db.ovn_revision_numbers_db [None req-e999cf38-3d7b-45c8-8876-ee4e84a78bea 75a3f75738464ed5844a18eb9086ecc2 e1bf056ab133470e80896a1d25e7b372 - - default default] Successfully bumped revision number for resource ec7bd0f1-84b9-4353-b142-e0b29a64650b (type: security_group_rules) to 0
2026-08-26 01:35:27.190 10 INFO neutron.wsgi [None req-e999cf38-3d7b-45c8-8876-ee4e84a78bea 75a3f75738464ed5844a18eb9086ecc2 e1bf056ab133470e80896a1d25e7b372 - - default default] 10.0.0.178 "POST /v2.0/security-groups HTTP/1.1" status: 201 len: 1796 time: 0.1896133
2026-08-26 01:35:27.265 10 INFO neutron.wsgi [None req-a5e62157-34bf-4900-8e61-c707a57fda1a 14a5bbbbe17e4a5caa9185f582a358e0 1d20d688d1f941db8581da66dcb5e9db - - default default] 10.0.0.178 "DELETE /v2.0/security-groups/9b0ffff6-fcb6-42a7-801a-f96d96113068 HTTP/1.1" status: 204 len: 168 time: 0.2017684
2026-08-26 01:35:27.284 9 INFO neutron.services.segments.plugin [-] Segment 09b93707-938b-4c41-889b-50435a5cd02d resource provider aggregate not found
2026-08-26 01:35:27.288 9 INFO neutron.services.segments.plugin [-] Segment 09b93707-938b-4c41-889b-50435a5cd02d resource provider aggregate not found
2026-08-26 01:35:27.303 9 INFO neutron.services.segments.plugin [-] Segment 09b93707-938b-4c41-889b-50435a5cd02d resource provider not found; error: Placement Client Error (4xx): {"errors": [{"status": 404, "title": "Not Found", "detail": "The resource could not be found.\n\n No resource provider with uuid 09b93707-938b-4c41-889b-50435a5cd02d found for delete ", "request_id": "req-ba1735c0-a76c-4fe7-9781-fdb48273ef8c"}]}
2026-08-26 01:35:27.309 9 INFO neutron.services.segments.plugin [-] Segment 09b93707-938b-4c41-889b-50435a5cd02d resource provider not found; error: Placement Client Error (4xx): {"errors": [{"status": 404, "title": "Not Found", "detail": "The resource could not be found.\n\n No resource provider with uuid 09b93707-938b-4c41-889b-50435a5cd02d found for delete ", "request_id": "req-1b3dcd6c-80e9-4ce8-94c8-139cb2a09c10"}]}
2026-08-26 01:35:27.327 9 INFO neutron.wsgi [None req-a7e959b6-c2af-445c-a170-bfbec735e4b4 a9cd6db1d1cd455e807691f3c66e7b74 1829cd35881e4bb3ab306b5e951b2670 - - default default] 10.0.0.178 "DELETE /v2.0/networks/60be10a6-a3e2-4d72-889a-5ad4ba28034d HTTP/1.1" status: 204 len: 168 time: 0.7662218
2026-08-26 01:35:27.390 9 INFO neutron.db.ovn_revision_numbers_db [None req-2ca3659d-af84-44b5-a3a0-d39d5cdbbaa9 75a3f75738464ed5844a18eb9086ecc2 e1bf056ab133470e80896a1d25e7b372 - - default default] Successfully bumped revision number for resource 46325034-dd59-49c1-8ceb-13aaf8834d32 (type: security_group_rules) to 0
2026-08-26 01:35:27.425 9 INFO neutron.wsgi [None req-2ca3659d-af84-44b5-a3a0-d39d5cdbbaa9 75a3f75738464ed5844a18eb9086ecc2 e1bf056ab133470e80896a1d25e7b372 - - default default] 10.0.0.178 "POST /v2.0/security-group-rules HTTP/1.1" status: 201 len: 764 time: 0.2294831
2026-08-26 01:35:27.487 10 INFO neutron.db.ovn_revision_numbers_db [None req-651aa3c5-4e7b-4053-b091-d817a741dfc5 14a5bbbbe17e4a5caa9185f582a358e0 1d20d688d1f941db8581da66dcb5e9db - - default default] Successfully bumped revision number for resource d99c693a-c98c-45fe-b9c9-7a6aa755fdc5 (type: security_groups) to 1
2026-08-26 01:35:27.504 10 INFO neutron.db.ovn_revision_numbers_db [None req-651aa3c5-4e7b-4053-b091-d817a741dfc5 14a5bbbbe17e4a5caa9185f582a358e0 1d20d688d1f941db8581da66dcb5e9db - - default default] Successfully bumped revision number for resource a894b7eb-9741-40f2-85af-6c2b455afec0 (type: security_group_rules) to 0
2026-08-26 01:35:27.522 10 INFO neutron.db.ovn_revision_numbers_db [None req-651aa3c5-4e7b-4053-b091-d817a741dfc5 14a5bbbbe17e4a5caa9185f582a358e0 1d20d688d1f941db8581da66dcb5e9db - - default default] Successfully bumped revision number for resource e119ad00-5292-4683-a972-47a9c49fa3a2 (type: security_group_rules) to 0
2026-08-26 01:35:27.536 10 INFO neutron.db.ovn_revision_numbers_db [None req-651aa3c5-4e7b-4053-b091-d817a741dfc5 14a5bbbbe17e4a5caa9185f582a358e0 1d20d688d1f941db8581da66dcb5e9db - - default default] Successfully bumped revision number for resource f299a15a-b3b4-4cc0-b094-ab16896f7882 (type: security_group_rules) to 0
2026-08-26 01:35:27.551 10 INFO neutron.db.ovn_revision_numbers_db [None req-651aa3c5-4e7b-4053-b091-d817a741dfc5 14a5bbbbe17e4a5caa9185f582a358e0 1d20d688d1f941db8581da66dcb5e9db - - default default] Successfully bumped revision number for resource f5640abf-f547-4828-a229-9c857bbc6cb1 (type: security_group_rules) to 0
2026-08-26 01:35:27.557 9 INFO neutron.db.ovn_revision_numbers_db [None req-b01de3c8-35cb-4fd5-9e8e-af18bc3c6b57 75a3f75738464ed5844a18eb9086ecc2 e1bf056ab133470e80896a1d25e7b372 - - default default] Successfully bumped revision number for resource 426090d9-20ef-41fe-a351-6d7c9d51a7b0 (type: security_group_rules) to 0
2026-08-26 01:35:27.573 10 INFO neutron.wsgi [None req-651aa3c5-4e7b-4053-b091-d817a741dfc5 14a5bbbbe17e4a5caa9185f582a358e0 1d20d688d1f941db8581da66dcb5e9db - - default default] 10.0.0.178 "GET /v2.0/security-groups?tenant_id=4edef00e9e644626b844f9ff28c8236a&name=default HTTP/1.1" status: 200 len: 2996 time: 0.1937189
2026-08-26 01:35:27.587 9 INFO neutron.wsgi [None req-b01de3c8-35cb-4fd5-9e8e-af18bc3c6b57 75a3f75738464ed5844a18eb9086ecc2 e1bf056ab133470e80896a1d25e7b372 - - default default] 10.0.0.178 "POST /v2.0/security-group-rules HTTP/1.1" status: 201 len: 769 time: 0.1533999
2026-08-26 01:35:27.800 9 INFO neutron.wsgi [None req-9c9fdf27-05cb-4667-92c4-fa0d505db5e6 14a5bbbbe17e4a5caa9185f582a358e0 1d20d688d1f941db8581da66dcb5e9db - - default default] 10.0.0.178 "DELETE /v2.0/security-groups/d99c693a-c98c-45fe-b9c9-7a6aa755fdc5 HTTP/1.1" status: 204 len: 168 time: 0.2212424
2026-08-26 01:35:27.907 10 WARNING neutron.scheduler.dhcp_agent_scheduler [None req-3f790f05-39b5-448f-a244-cfbf451528cc 75a3f75738464ed5844a18eb9086ecc2 e1bf056ab133470e80896a1d25e7b372 - - default default] No more DHCP agents
2026-08-26 01:35:27.916 10 WARNING neutron.api.rpc.agentnotifiers.dhcp_rpc_agent_api [None req-3f790f05-39b5-448f-a244-cfbf451528cc 75a3f75738464ed5844a18eb9086ecc2 e1bf056ab133470e80896a1d25e7b372 - - default default] Unable to schedule network 415ffb59-4738-4fc9-b964-7a656a47f54d: no agents available; will retry on subsequent port and subnet creation events.
2026-08-26 01:35:28.038 10 INFO neutron.wsgi [req-fbd2d242-a36d-4fe7-9384-051f635475d5 req-d0e969fb-ffde-45dd-8898-374eaff1dbf5 e92633adc59843cd955933c3d1ad4d96 375538753e0c4fb2b9072261aa92c47b - - default default] 10.0.0.217 "GET /v2.0/ports?device_id=c18e1392-7877-432d-9508-69c68bbadf82 HTTP/1.1" status: 200 len: 1168 time: 0.0943878
2026-08-26 01:35:28.092 10 INFO neutron.wsgi [req-fbd2d242-a36d-4fe7-9384-051f635475d5 req-4101c42f-30e6-440c-889b-6086cce677e8 e92633adc59843cd955933c3d1ad4d96 375538753e0c4fb2b9072261aa92c47b - - default default] 10.0.0.217 "GET /v2.0/security-groups?id=bd2d2c5d-e895-48cb-ad48-367b27c3e8a6&fields=id&fields=name HTTP/1.1" status: 200 len: 286 time: 0.0483172
2026-08-26 01:35:28.221 9 INFO neutron.wsgi [None req-e0cddde2-cb63-425b-a534-d50e79376e77 14a5bbbbe17e4a5caa9185f582a358e0 1d20d688d1f941db8581da66dcb5e9db - - default default] 10.0.0.178 "GET /v2.0/security-groups?tenant_id=1829cd35881e4bb3ab306b5e951b2670&name=default HTTP/1.1" status: 200 len: 2996 time: 0.2489555
2026-08-26 01:35:28.249 10 INFO neutron.db.ovn_revision_numbers_db [None req-3f790f05-39b5-448f-a244-cfbf451528cc 75a3f75738464ed5844a18eb9086ecc2 e1bf056ab133470e80896a1d25e7b372 - - default default] Successfully bumped revision number for resource 588b6f3c-b0f8-4023-80bb-6ce26f064944 (type: floatingips) to 0
2026-08-26 01:35:28.263 10 INFO neutron.wsgi [None req-3f790f05-39b5-448f-a244-cfbf451528cc 75a3f75738464ed5844a18eb9086ecc2 e1bf056ab133470e80896a1d25e7b372 - - default default] 10.0.0.178 "POST /v2.0/floatingips HTTP/1.1" status: 201 len: 751 time: 0.6635146
2026-08-26 01:35:28.370 10 INFO neutron.wsgi [req-5775c9c5-953b-477b-b7f6-c78a71205ffa req-c07b7229-279c-43ce-906d-fe06b0842754 75a3f75738464ed5844a18eb9086ecc2 e1bf056ab133470e80896a1d25e7b372 - - default default] 10.0.0.217 "GET /v2.0/security-groups?name=tempest-securitygroup--1389302480&fields=id&tenant_id=e1bf056ab133470e80896a1d25e7b372 HTTP/1.1" status: 200 len: 267 time: 0.0367277
2026-08-26 01:35:28.412 10 INFO neutron.wsgi [req-5775c9c5-953b-477b-b7f6-c78a71205ffa req-05ba4123-e149-4f76-ae00-3a9c971edb32 75a3f75738464ed5844a18eb9086ecc2 e1bf056ab133470e80896a1d25e7b372 - - default default] 10.0.0.217 "GET /v2.0/security-groups?name=tempest-secgroup-smoke-1105806527&fields=id&tenant_id=e1bf056ab133470e80896a1d25e7b372 HTTP/1.1" status: 200 len: 267 time: 0.0351858
2026-08-26 01:35:28.461 9 INFO neutron.wsgi [None req-1a8bbdff-7281-476f-a7ec-bdbb01003652 14a5bbbbe17e4a5caa9185f582a358e0 1d20d688d1f941db8581da66dcb5e9db - - default default] 10.0.0.178 "DELETE /v2.0/security-groups/0e7da4be-a749-41ca-9f20-28ee9457aa05 HTTP/1.1" status: 204 len: 168 time: 0.2331748
2026-08-26 01:35:28.486 10 INFO neutron.wsgi [req-5775c9c5-953b-477b-b7f6-c78a71205ffa req-b230ed9d-5faa-4526-9837-dff797cb693c 75a3f75738464ed5844a18eb9086ecc2 e1bf056ab133470e80896a1d25e7b372 - - default default] 10.0.0.217 "GET /v2.0/networks?id=95fd54fd-339a-4832-a2fa-a8bcc043241c HTTP/1.1" status: 200 len: 871 time: 0.0655947
2026-08-26 01:35:28.504 10 INFO neutron.wsgi [req-5775c9c5-953b-477b-b7f6-c78a71205ffa req-82c25074-fc05-485b-81ae-c8e8f4a13e39 75a3f75738464ed5844a18eb9086ecc2 e1bf056ab133470e80896a1d25e7b372 - - default default] 10.0.0.217 "GET /v2.0/quotas/e1bf056ab133470e80896a1d25e7b372 HTTP/1.1" status: 200 len: 386 time: 0.0117800
2026-08-26 01:35:28.591 10 INFO neutron.wsgi [req-5775c9c5-953b-477b-b7f6-c78a71205ffa req-66600526-d18a-49a5-8e8b-69d2afaef88e 75a3f75738464ed5844a18eb9086ecc2 e1bf056ab133470e80896a1d25e7b372 - - default default] 10.0.0.217 "GET /v2.0/ports?tenant_id=e1bf056ab133470e80896a1d25e7b372&fields=id HTTP/1.1" status: 200 len: 302 time: 0.0799015
2026-08-26 01:35:28.705 10 INFO neutron.wsgi [req-5775c9c5-953b-477b-b7f6-c78a71205ffa req-18a9be64-5f34-48b0-b579-b648d4b035d4 bea7bc0961f947e2b286a0fe320d5182 f3ff69420cff44f69c56d1fc62951f3a - - adaf2d6749674b529570a5f21aa29bb0 adaf2d6749674b529570a5f21aa29bb0] 10.0.0.217 "GET /v2.0/networks/95fd54fd-339a-4832-a2fa-a8bcc043241c?fields=segments HTTP/1.1" status: 200 len: 212 time: 0.0998373
2026-08-26 01:35:28.776 10 INFO neutron.wsgi [req-5775c9c5-953b-477b-b7f6-c78a71205ffa req-d95062cb-f2ae-4e0b-aa8d-1dbbc7b756c3 bea7bc0961f947e2b286a0fe320d5182 f3ff69420cff44f69c56d1fc62951f3a - - adaf2d6749674b529570a5f21aa29bb0 adaf2d6749674b529570a5f21aa29bb0] 10.0.0.217 "GET /v2.0/networks/95fd54fd-339a-4832-a2fa-a8bcc043241c?fields=provider%3Aphysical_network&fields=provider%3Anetwork_type HTTP/1.1" status: 200 len: 277 time: 0.0645492
2026-08-26 01:35:28.952 10 INFO neutron.wsgi [req-25137147-70a0-4f05-af51-d3e3584da188 req-bbdff2fb-4755-4268-aea7-4bfc46c192d6 75a3f75738464ed5844a18eb9086ecc2 e1bf056ab133470e80896a1d25e7b372 - - default default] 10.0.0.217 "GET /v2.0/ports?device_id=d400f5a3-1463-45b1-8639-630f62941bf1 HTTP/1.1" status: 200 len: 210 time: 0.0247412
2026-08-26 01:35:29.208 10 INFO neutron.wsgi [req-4089e41a-74a0-4861-b5c8-cab02beff939 req-b8b110e0-5d04-47a1-b2ad-0cd29c80eb2d e92633adc59843cd955933c3d1ad4d96 375538753e0c4fb2b9072261aa92c47b - - default default] 10.0.0.217 "GET /v2.0/ports?device_id=c18e1392-7877-432d-9508-69c68bbadf82 HTTP/1.1" status: 200 len: 1168 time: 0.0413673
2026-08-26 01:35:29.267 10 INFO neutron.wsgi [req-4089e41a-74a0-4861-b5c8-cab02beff939 req-28904ba8-5288-4162-9d0f-c3f943091542 e92633adc59843cd955933c3d1ad4d96 375538753e0c4fb2b9072261aa92c47b - - default default] 10.0.0.217 "GET /v2.0/security-groups?id=bd2d2c5d-e895-48cb-ad48-367b27c3e8a6&fields=id&fields=name HTTP/1.1" status: 200 len: 286 time: 0.0511959
2026-08-26 01:35:29.961 10 INFO neutron.wsgi [req-5775c9c5-953b-477b-b7f6-c78a71205ffa req-797df36c-f088-4ab0-8cb8-a3a4f9de1734 75a3f75738464ed5844a18eb9086ecc2 e1bf056ab133470e80896a1d25e7b372 - - default default] 162.253.55.148 "GET /v2.0/networks?id=95fd54fd-339a-4832-a2fa-a8bcc043241c HTTP/1.1" status: 200 len: 871 time: 0.0652766
2026-08-26 01:35:30.024 10 INFO neutron.wsgi [req-5775c9c5-953b-477b-b7f6-c78a71205ffa req-a2dc5703-72a1-4f50-a101-c0dc8c1c1c10 75a3f75738464ed5844a18eb9086ecc2 e1bf056ab133470e80896a1d25e7b372 - - default default] 162.253.55.148 "GET /v2.0/security-groups?fields=id&fields=name&tenant_id=e1bf056ab133470e80896a1d25e7b372 HTTP/1.1" status: 200 len: 473 time: 0.0558190
2026-08-26 01:35:30.081 10 INFO neutron.wsgi [req-a580ea45-adc4-49ec-b51e-5bc74aa975f8 req-736e028d-6df2-4a6c-a840-a1f690639ef7 75a3f75738464ed5844a18eb9086ecc2 e1bf056ab133470e80896a1d25e7b372 - - default default] 10.0.0.217 "GET /v2.0/ports?device_id=d400f5a3-1463-45b1-8639-630f62941bf1 HTTP/1.1" status: 200 len: 210 time: 0.0311019
2026-08-26 01:35:30.423 10 INFO neutron.wsgi [req-d822cef4-64c1-402b-ac81-b3e07820fab3 req-0a1d0734-5b5b-400c-a587-8ff9535a1185 e92633adc59843cd955933c3d1ad4d96 375538753e0c4fb2b9072261aa92c47b - - default default] 10.0.0.217 "GET /v2.0/ports?device_id=c18e1392-7877-432d-9508-69c68bbadf82 HTTP/1.1" status: 200 len: 1168 time: 0.0651424 /var/lib/openstack/lib/python3.10/site-packages/pycadf/identifier.py:71: UserWarning: Invalid uuid: neutron. To ensure interoperability, identifiers should be a valid uuid. warnings.warn(('Invalid uuid: %s. To ensure interoperability, '
2026-08-26 01:35:30.474 10 WARNING neutron.scheduler.dhcp_agent_scheduler [req-5775c9c5-953b-477b-b7f6-c78a71205ffa req-eeb4d8ea-fb03-447c-aff3-3bb753233e3b 75a3f75738464ed5844a18eb9086ecc2 e1bf056ab133470e80896a1d25e7b372 - - default default] No more DHCP agents
2026-08-26 01:35:30.476 10 WARNING neutron.api.rpc.agentnotifiers.dhcp_rpc_agent_api [req-5775c9c5-953b-477b-b7f6-c78a71205ffa req-eeb4d8ea-fb03-447c-aff3-3bb753233e3b 75a3f75738464ed5844a18eb9086ecc2 e1bf056ab133470e80896a1d25e7b372 - - default default] Unable to schedule network 95fd54fd-339a-4832-a2fa-a8bcc043241c: no agents available; will retry on subsequent port and subnet creation events.
2026-08-26 01:35:30.482 10 INFO neutron.wsgi [req-d822cef4-64c1-402b-ac81-b3e07820fab3 req-c2d7cfc3-5c50-440a-95eb-24c86dd4c2dc e92633adc59843cd955933c3d1ad4d96 375538753e0c4fb2b9072261aa92c47b - - default default] 10.0.0.217 "GET /v2.0/security-groups?id=bd2d2c5d-e895-48cb-ad48-367b27c3e8a6&fields=id&fields=name HTTP/1.1" status: 200 len: 286 time: 0.0526745
2026-08-26 01:35:30.647 9 INFO neutron.db.ovn_revision_numbers_db [None req-6d17f4e0-de37-48a4-a13d-824af0a906fd 3a22bfce693a44b7bf02095e29c5c016 eb865e2d6bd343f0a66febe2d8596bb6 - - default default] Successfully bumped revision number for resource 144e5a46-3c22-4c79-bd3e-86691c2b7893 (type: security_groups) to 1
2026-08-26 01:35:30.659 10 INFO neutron.db.ovn_revision_numbers_db [req-5775c9c5-953b-477b-b7f6-c78a71205ffa req-eeb4d8ea-fb03-447c-aff3-3bb753233e3b 75a3f75738464ed5844a18eb9086ecc2 e1bf056ab133470e80896a1d25e7b372 - - default default] Successfully bumped revision number for resource 1eae0b8d-6411-422a-b28c-5482c05e6655 (type: ports) to 1
2026-08-26 01:35:30.662 9 INFO neutron.db.ovn_revision_numbers_db [None req-6d17f4e0-de37-48a4-a13d-824af0a906fd 3a22bfce693a44b7bf02095e29c5c016 eb865e2d6bd343f0a66febe2d8596bb6 - - default default] Successfully bumped revision number for resource 25291762-6c7c-40cb-bf47-6b8f3e59d046 (type: security_group_rules) to 0
2026-08-26 01:35:30.681 9 INFO neutron.db.ovn_revision_numbers_db [None req-6d17f4e0-de37-48a4-a13d-824af0a906fd 3a22bfce693a44b7bf02095e29c5c016 eb865e2d6bd343f0a66febe2d8596bb6 - - default default] Successfully bumped revision number for resource 5b63209e-5dbe-4976-9278-869976b2da93 (type: security_group_rules) to 0
2026-08-26 01:35:30.691 10 INFO neutron.wsgi [req-5775c9c5-953b-477b-b7f6-c78a71205ffa req-eeb4d8ea-fb03-447c-aff3-3bb753233e3b 75a3f75738464ed5844a18eb9086ecc2 e1bf056ab133470e80896a1d25e7b372 - - default default] 162.253.55.148 "POST /v2.0/ports HTTP/1.1" status: 201 len: 1201 time: 0.6608789
2026-08-26 01:35:30.705 9 INFO neutron.db.ovn_revision_numbers_db [None req-6d17f4e0-de37-48a4-a13d-824af0a906fd 3a22bfce693a44b7bf02095e29c5c016 eb865e2d6bd343f0a66febe2d8596bb6 - - default default] Successfully bumped revision number for resource 69d43864-884a-4cf8-adfa-d357518b2598 (type: security_group_rules) to 0 /var/lib/openstack/lib/python3.10/site-packages/pycadf/identifier.py:71: UserWarning: Invalid uuid: neutron. To ensure interoperability, identifiers should be a valid uuid. warnings.warn(('Invalid uuid: %s. To ensure interoperability, '
2026-08-26 01:35:30.736 9 INFO neutron.db.ovn_revision_numbers_db [None req-6d17f4e0-de37-48a4-a13d-824af0a906fd 3a22bfce693a44b7bf02095e29c5c016 eb865e2d6bd343f0a66febe2d8596bb6 - - default default] Successfully bumped revision number for resource a2c64b3f-9daa-426f-990d-d798cf827b2e (type: security_group_rules) to 0
2026-08-26 01:35:30.812 9 INFO neutron.db.segments_db [None req-6d17f4e0-de37-48a4-a13d-824af0a906fd 3a22bfce693a44b7bf02095e29c5c016 eb865e2d6bd343f0a66febe2d8596bb6 - - default default] Added segment 496e7845-31ee-4e28-bfa2-34985489d6d5 of type geneve for network 37e31b8d-ef17-452e-9b31-713feefb71ee
2026-08-26 01:35:30.987 9 INFO neutron.db.ovn_revision_numbers_db [None req-6d17f4e0-de37-48a4-a13d-824af0a906fd 3a22bfce693a44b7bf02095e29c5c016 eb865e2d6bd343f0a66febe2d8596bb6 - - default default] Successfully bumped revision number for resource 37e31b8d-ef17-452e-9b31-713feefb71ee (type: networks) to 1
2026-08-26 01:35:31.130 10 INFO neutron.db.ovn_revision_numbers_db [req-5775c9c5-953b-477b-b7f6-c78a71205ffa req-0d39c8b5-4657-49d3-b267-667b57e59823 bea7bc0961f947e2b286a0fe320d5182 f3ff69420cff44f69c56d1fc62951f3a - - adaf2d6749674b529570a5f21aa29bb0 adaf2d6749674b529570a5f21aa29bb0] Successfully bumped revision number for resource 1eae0b8d-6411-422a-b28c-5482c05e6655 (type: ports) to 2
2026-08-26 01:35:31.168 9 WARNING neutron.scheduler.dhcp_agent_scheduler [None req-6d17f4e0-de37-48a4-a13d-824af0a906fd 3a22bfce693a44b7bf02095e29c5c016 eb865e2d6bd343f0a66febe2d8596bb6 - - default default] No more DHCP agents /var/lib/openstack/lib/python3.10/site-packages/pycadf/identifier.py:71: UserWarning: Invalid uuid: neutron. To ensure interoperability, identifiers should be a valid uuid. warnings.warn(('Invalid uuid: %s. To ensure interoperability, '
2026-08-26 01:35:31.170 9 WARNING neutron.api.rpc.agentnotifiers.dhcp_rpc_agent_api [None req-6d17f4e0-de37-48a4-a13d-824af0a906fd 3a22bfce693a44b7bf02095e29c5c016 eb865e2d6bd343f0a66febe2d8596bb6 - - default default] Unable to schedule network 37e31b8d-ef17-452e-9b31-713feefb71ee: no agents available; will retry on subsequent port and subnet creation events.
2026-08-26 01:35:31.209 10 INFO neutron.wsgi [req-93f9c9ee-73f7-4788-9212-1cf6c550ca0e req-f8f32de9-ce24-444c-9a12-5bf6002549d9 75a3f75738464ed5844a18eb9086ecc2 e1bf056ab133470e80896a1d25e7b372 - - default default] 10.0.0.217 "GET /v2.0/ports?device_id=d400f5a3-1463-45b1-8639-630f62941bf1 HTTP/1.1" status: 200 len: 1212 time: 0.0454445
2026-08-26 01:35:31.247 9 INFO neutron.db.ovn_revision_numbers_db [None req-6d17f4e0-de37-48a4-a13d-824af0a906fd 3a22bfce693a44b7bf02095e29c5c016 eb865e2d6bd343f0a66febe2d8596bb6 - - default default] Successfully bumped revision number for resource 8c351360-faab-497a-8b1b-1c482d080c71 (type: ports) to 1
2026-08-26 01:35:31.269 9 INFO neutron.wsgi [None req-6d17f4e0-de37-48a4-a13d-824af0a906fd 3a22bfce693a44b7bf02095e29c5c016 eb865e2d6bd343f0a66febe2d8596bb6 - - default default] 10.0.0.178 "POST /v2.0/networks HTTP/1.1" status: 201 len: 847 time: 0.9667084
2026-08-26 01:35:31.272 10 INFO neutron.wsgi [req-93f9c9ee-73f7-4788-9212-1cf6c550ca0e req-f76f79bb-f0a3-4071-9d76-306198a83b95 75a3f75738464ed5844a18eb9086ecc2 e1bf056ab133470e80896a1d25e7b372 - - default default] 10.0.0.217 "GET /v2.0/security-groups?id=6fb57dab-7ba0-4e0e-94e2-efc4fd4ccdc8&id=40f2cc31-983c-4a79-aff4-8c1ad034f6ab&fields=id&fields=name HTTP/1.1" status: 200 len: 406 time: 0.0547566
2026-08-26 01:35:31.391 10 INFO neutron.db.ovn_revision_numbers_db [req-5775c9c5-953b-477b-b7f6-c78a71205ffa req-0d39c8b5-4657-49d3-b267-667b57e59823 bea7bc0961f947e2b286a0fe320d5182 f3ff69420cff44f69c56d1fc62951f3a - - adaf2d6749674b529570a5f21aa29bb0 adaf2d6749674b529570a5f21aa29bb0] Successfully bumped revision number for resource 1eae0b8d-6411-422a-b28c-5482c05e6655 (type: ports) to 2
2026-08-26 01:35:31.412 10 INFO neutron.wsgi [req-5775c9c5-953b-477b-b7f6-c78a71205ffa req-0d39c8b5-4657-49d3-b267-667b57e59823 bea7bc0961f947e2b286a0fe320d5182 f3ff69420cff44f69c56d1fc62951f3a - - adaf2d6749674b529570a5f21aa29bb0 adaf2d6749674b529570a5f21aa29bb0] 162.253.55.148 "PUT /v2.0/ports/1eae0b8d-6411-422a-b28c-5482c05e6655 HTTP/1.1" status: 200 len: 1419 time: 0.7080593
2026-08-26 01:35:31.452 10 INFO neutron.notifiers.nova [-] Nova event matching ['req-bedd8baa-59e5-45e7-be92-c16494712a2f'] response: {'name': 'network-changed', 'server_uuid': 'd400f5a3-1463-45b1-8639-630f62941bf1', 'tag': '1eae0b8d-6411-422a-b28c-5482c05e6655', 'status': 'completed', 'code': 200} /var/lib/openstack/lib/python3.10/site-packages/pycadf/identifier.py:71: UserWarning: Invalid uuid: neutron. To ensure interoperability, identifiers should be a valid uuid. warnings.warn(('Invalid uuid: %s. To ensure interoperability, '
2026-08-26 01:35:31.502 10 INFO neutron.wsgi [req-5775c9c5-953b-477b-b7f6-c78a71205ffa req-b1453a0b-f7a9-461d-bddf-84f26fb82bf7 bea7bc0961f947e2b286a0fe320d5182 f3ff69420cff44f69c56d1fc62951f3a - - adaf2d6749674b529570a5f21aa29bb0 adaf2d6749674b529570a5f21aa29bb0] 162.253.55.148 "GET /v2.0/ports?tenant_id=e1bf056ab133470e80896a1d25e7b372&device_id=d400f5a3-1463-45b1-8639-630f62941bf1 HTTP/1.1" status: 200 len: 1450 time: 0.0377603
2026-08-26 01:35:31.532 10 INFO neutron.wsgi [req-5775c9c5-953b-477b-b7f6-c78a71205ffa req-e0964619-ee61-452a-8b28-cc739cd93a16 bea7bc0961f947e2b286a0fe320d5182 f3ff69420cff44f69c56d1fc62951f3a - - adaf2d6749674b529570a5f21aa29bb0 adaf2d6749674b529570a5f21aa29bb0] 162.253.55.148 "GET /v2.0/floatingips?fixed_ip_address=10.100.0.12&port_id=1eae0b8d-6411-422a-b28c-5482c05e6655 HTTP/1.1" status: 200 len: 217 time: 0.0221500
2026-08-26 01:35:31.586 10 INFO neutron.wsgi [req-5775c9c5-953b-477b-b7f6-c78a71205ffa req-0a1f603d-7652-4208-a0eb-b97b80117589 bea7bc0961f947e2b286a0fe320d5182 f3ff69420cff44f69c56d1fc62951f3a - - adaf2d6749674b529570a5f21aa29bb0 adaf2d6749674b529570a5f21aa29bb0] 162.253.55.148 "GET /v2.0/subnets?id=27cf6e37-caef-4496-9771-9c7cd7c29771 HTTP/1.1" status: 200 len: 865 time: 0.0468473
2026-08-26 01:35:31.633 10 INFO neutron.wsgi [req-5775c9c5-953b-477b-b7f6-c78a71205ffa req-1785451d-f5b3-4b32-9a1a-01e9e7994f82 bea7bc0961f947e2b286a0fe320d5182 f3ff69420cff44f69c56d1fc62951f3a - - adaf2d6749674b529570a5f21aa29bb0 adaf2d6749674b529570a5f21aa29bb0] 162.253.55.148 "GET /v2.0/ports?network_id=95fd54fd-339a-4832-a2fa-a8bcc043241c&device_owner=network%3Adhcp HTTP/1.1" status: 200 len: 210 time: 0.0256472
2026-08-26 01:35:31.643 10 INFO neutron.wsgi [req-cb751430-b5b4-4006-820d-29e8ee30e295 req-9fb4af6b-34d1-47b2-b829-c29f1f2bd0ae e92633adc59843cd955933c3d1ad4d96 375538753e0c4fb2b9072261aa92c47b - - default default] 10.0.0.217 "GET /v2.0/ports?device_id=c18e1392-7877-432d-9508-69c68bbadf82 HTTP/1.1" status: 200 len: 1168 time: 0.0704803
2026-08-26 01:35:31.675 10 INFO neutron.db.ovn_revision_numbers_db [None req-6501c814-6c28-4254-9abd-97434edbd83c 14a5bbbbe17e4a5caa9185f582a358e0 1d20d688d1f941db8581da66dcb5e9db - - default default] Successfully bumped revision number for resource c4a443b2-b56d-4de2-b753-ce883bf01909 (type: security_groups) to 1
2026-08-26 01:35:31.711 10 INFO neutron.db.ovn_revision_numbers_db [None req-6501c814-6c28-4254-9abd-97434edbd83c 14a5bbbbe17e4a5caa9185f582a358e0 1d20d688d1f941db8581da66dcb5e9db - - default default] Successfully bumped revision number for resource 0622f089-a981-4c97-91ef-6b6dad9f8ea0 (type: security_group_rules) to 0
2026-08-26 01:35:31.740 10 INFO neutron.wsgi [req-cb751430-b5b4-4006-820d-29e8ee30e295 req-dc2a79fb-3a21-4083-8dfa-bf6e3ccf746e e92633adc59843cd955933c3d1ad4d96 375538753e0c4fb2b9072261aa92c47b - - default default] 10.0.0.217 "GET /v2.0/security-groups?id=bd2d2c5d-e895-48cb-ad48-367b27c3e8a6&fields=id&fields=name HTTP/1.1" status: 200 len: 286 time: 0.0858815
2026-08-26 01:35:31.748 10 INFO neutron.wsgi [req-5775c9c5-953b-477b-b7f6-c78a71205ffa req-5af6ef69-0704-4c16-bfea-3b2edf9afee6 bea7bc0961f947e2b286a0fe320d5182 f3ff69420cff44f69c56d1fc62951f3a - - adaf2d6749674b529570a5f21aa29bb0 adaf2d6749674b529570a5f21aa29bb0] 162.253.55.148 "GET /v2.0/networks/95fd54fd-339a-4832-a2fa-a8bcc043241c?fields=segments HTTP/1.1" status: 200 len: 212 time: 0.1103854
2026-08-26 01:35:31.750 10 INFO neutron.db.ovn_revision_numbers_db [None req-6501c814-6c28-4254-9abd-97434edbd83c 14a5bbbbe17e4a5caa9185f582a358e0 1d20d688d1f941db8581da66dcb5e9db - - default default] Successfully bumped revision number for resource 07ba7eaa-ca03-4126-ada4-9fc158d8083c (type: security_group_rules) to 0
2026-08-26 01:35:31.775 10 INFO neutron.db.ovn_revision_numbers_db [None req-6501c814-6c28-4254-9abd-97434edbd83c 14a5bbbbe17e4a5caa9185f582a358e0 1d20d688d1f941db8581da66dcb5e9db - - default default] Successfully bumped revision number for resource 8faa1b20-156a-4a9b-8a79-8ccdf57be82e (type: security_group_rules) to 0
2026-08-26 01:35:31.803 10 INFO neutron.db.ovn_revision_numbers_db [None req-6501c814-6c28-4254-9abd-97434edbd83c 14a5bbbbe17e4a5caa9185f582a358e0 1d20d688d1f941db8581da66dcb5e9db - - default default] Successfully bumped revision number for resource a71266bc-c64f-4913-a59c-40db77e4753c (type: security_group_rules) to 0
2026-08-26 01:35:31.822 10 INFO neutron.wsgi [req-5775c9c5-953b-477b-b7f6-c78a71205ffa req-39db8e6e-65fb-4ca3-a851-90a2abfe7f0d bea7bc0961f947e2b286a0fe320d5182 f3ff69420cff44f69c56d1fc62951f3a - - adaf2d6749674b529570a5f21aa29bb0 adaf2d6749674b529570a5f21aa29bb0] 162.253.55.148 "GET /v2.0/networks/95fd54fd-339a-4832-a2fa-a8bcc043241c?fields=provider%3Aphysical_network&fields=provider%3Anetwork_type HTTP/1.1" status: 200 len: 277 time: 0.0662837
2026-08-26 01:35:31.833 10 INFO neutron.wsgi [None req-6501c814-6c28-4254-9abd-97434edbd83c 14a5bbbbe17e4a5caa9185f582a358e0 1d20d688d1f941db8581da66dcb5e9db - - default default] 10.0.0.178 "GET /v2.0/security-groups?tenant_id=e6fb0e807436463a97b16e1622fab2d1&name=default HTTP/1.1" status: 200 len: 2996 time: 0.4715199
2026-08-26 01:35:31.913 10 INFO neutron.wsgi [req-f4ec0fbf-b6a6-4f69-aef4-13d64fba373e req-ccd62775-653b-4366-b4ad-9485c379f82d bea7bc0961f947e2b286a0fe320d5182 f3ff69420cff44f69c56d1fc62951f3a - - adaf2d6749674b529570a5f21aa29bb0 adaf2d6749674b529570a5f21aa29bb0] 162.253.55.148 "GET /v2.0/ports?tenant_id=e1bf056ab133470e80896a1d25e7b372&device_id=d400f5a3-1463-45b1-8639-630f62941bf1 HTTP/1.1" status: 200 len: 1450 time: 0.0387807
2026-08-26 01:35:31.981 10 INFO neutron.wsgi [req-f4ec0fbf-b6a6-4f69-aef4-13d64fba373e req-6f2f6f0b-f168-456d-9372-355956269bc9 bea7bc0961f947e2b286a0fe320d5182 f3ff69420cff44f69c56d1fc62951f3a - - adaf2d6749674b529570a5f21aa29bb0 adaf2d6749674b529570a5f21aa29bb0] 162.253.55.148 "GET /v2.0/networks?id=95fd54fd-339a-4832-a2fa-a8bcc043241c HTTP/1.1" status: 200 len: 970 time: 0.0614030
2026-08-26 01:35:31.991 9 WARNING neutron.scheduler.dhcp_agent_scheduler [None req-a4f899ed-51a3-4f21-9fd3-2f85c3c7847a 3a22bfce693a44b7bf02095e29c5c016 eb865e2d6bd343f0a66febe2d8596bb6 - - default default] No more DHCP agents
2026-08-26 01:35:31.995 9 WARNING neutron.api.rpc.agentnotifiers.dhcp_rpc_agent_api [None req-a4f899ed-51a3-4f21-9fd3-2f85c3c7847a 3a22bfce693a44b7bf02095e29c5c016 eb865e2d6bd343f0a66febe2d8596bb6 - - default default] Unable to schedule network 37e31b8d-ef17-452e-9b31-713feefb71ee: no agents available; will retry on subsequent port and subnet creation events.
2026-08-26 01:35:32.011 10 INFO neutron.wsgi [req-f4ec0fbf-b6a6-4f69-aef4-13d64fba373e req-72d6bbfd-9815-46ae-a5ce-e389f1d3c9fc bea7bc0961f947e2b286a0fe320d5182 f3ff69420cff44f69c56d1fc62951f3a - - adaf2d6749674b529570a5f21aa29bb0 adaf2d6749674b529570a5f21aa29bb0] 162.253.55.148 "GET /v2.0/floatingips?fixed_ip_address=10.100.0.12&port_id=1eae0b8d-6411-422a-b28c-5482c05e6655 HTTP/1.1" status: 200 len: 217 time: 0.0215673
2026-08-26 01:35:32.046 9 INFO neutron.wsgi [req-4448f1fc-ee15-4315-9d51-648d121a49a1 req-5b0f8151-c078-4c5a-add2-aac767603109 bea7bc0961f947e2b286a0fe320d5182 f3ff69420cff44f69c56d1fc62951f3a - - adaf2d6749674b529570a5f21aa29bb0 adaf2d6749674b529570a5f21aa29bb0] 162.253.55.148 "GET /v2.0/ports?device_id=d400f5a3-1463-45b1-8639-630f62941bf1 HTTP/1.1" status: 200 len: 1450 time: 0.0561545
2026-08-26 01:35:32.050 10 INFO neutron.wsgi [req-f4ec0fbf-b6a6-4f69-aef4-13d64fba373e req-6b7cd0c9-49f8-4764-b246-ca2358159698 bea7bc0961f947e2b286a0fe320d5182 f3ff69420cff44f69c56d1fc62951f3a - - adaf2d6749674b529570a5f21aa29bb0 adaf2d6749674b529570a5f21aa29bb0] 162.253.55.148 "GET /v2.0/subnets?id=27cf6e37-caef-4496-9771-9c7cd7c29771 HTTP/1.1" status: 200 len: 865 time: 0.0331225
2026-08-26 01:35:32.065 9 INFO neutron.db.ovn_revision_numbers_db [None req-a4f899ed-51a3-4f21-9fd3-2f85c3c7847a 3a22bfce693a44b7bf02095e29c5c016 eb865e2d6bd343f0a66febe2d8596bb6 - - default default] Successfully bumped revision number for resource c35f2615-c156-4759-b7e7-6351d42430e4 (type: subnets) to 0
2026-08-26 01:35:32.078 10 INFO neutron.wsgi [req-f4ec0fbf-b6a6-4f69-aef4-13d64fba373e req-f9831f1e-3c3d-4e4f-8041-fb4e315965be bea7bc0961f947e2b286a0fe320d5182 f3ff69420cff44f69c56d1fc62951f3a - - adaf2d6749674b529570a5f21aa29bb0 adaf2d6749674b529570a5f21aa29bb0] 162.253.55.148 "GET /v2.0/ports?network_id=95fd54fd-339a-4832-a2fa-a8bcc043241c&device_owner=network%3Adhcp HTTP/1.1" status: 200 len: 210 time: 0.0200434
2026-08-26 01:35:32.087 9 INFO neutron.wsgi [None req-a4f899ed-51a3-4f21-9fd3-2f85c3c7847a 3a22bfce693a44b7bf02095e29c5c016 eb865e2d6bd343f0a66febe2d8596bb6 - - default default] 10.0.0.178 "POST /v2.0/subnets HTTP/1.1" status: 201 len: 848 time: 0.3620148
2026-08-26 01:35:32.111 9 INFO neutron.wsgi [req-4448f1fc-ee15-4315-9d51-648d121a49a1 req-a188474e-3952-42aa-b434-6472493e3ab5 bea7bc0961f947e2b286a0fe320d5182 f3ff69420cff44f69c56d1fc62951f3a - - adaf2d6749674b529570a5f21aa29bb0 adaf2d6749674b529570a5f21aa29bb0] 162.253.55.148 "GET /v2.0/security-groups?id=6fb57dab-7ba0-4e0e-94e2-efc4fd4ccdc8&id=40f2cc31-983c-4a79-aff4-8c1ad034f6ab&fields=id&fields=name HTTP/1.1" status: 200 len: 406 time: 0.0537007
2026-08-26 01:35:32.134 10 INFO neutron.wsgi [None req-59cc46db-fefc-4f40-abc5-f71e2d92603c 14a5bbbbe17e4a5caa9185f582a358e0 1d20d688d1f941db8581da66dcb5e9db - - default default] 10.0.0.178 "DELETE /v2.0/security-groups/c4a443b2-b56d-4de2-b753-ce883bf01909 HTTP/1.1" status: 204 len: 168 time: 0.2952223
2026-08-26 01:35:32.156 10 INFO neutron.wsgi [req-f4ec0fbf-b6a6-4f69-aef4-13d64fba373e req-9062cf9e-7e64-47d7-94c1-f228e052caf9 bea7bc0961f947e2b286a0fe320d5182 f3ff69420cff44f69c56d1fc62951f3a - - adaf2d6749674b529570a5f21aa29bb0 adaf2d6749674b529570a5f21aa29bb0] 162.253.55.148 "GET /v2.0/networks/95fd54fd-339a-4832-a2fa-a8bcc043241c?fields=segments HTTP/1.1" status: 200 len: 212 time: 0.0718918
2026-08-26 01:35:32.191 9 INFO neutron.db.segments_db [None req-41c8fdf9-1f55-4e0d-9952-39f07cf0c2c3 3a22bfce693a44b7bf02095e29c5c016 eb865e2d6bd343f0a66febe2d8596bb6 - - default default] Added segment d12113fe-a2b5-417a-b77d-f1d08164a0dc of type geneve for network fc1e2cac-ae8f-4423-a9f8-c6bf08263fdc
2026-08-26 01:35:32.238 10 INFO neutron.wsgi [req-f4ec0fbf-b6a6-4f69-aef4-13d64fba373e req-f1691a7c-9a08-4b2f-8d0a-7ebaf92416f4 bea7bc0961f947e2b286a0fe320d5182 f3ff69420cff44f69c56d1fc62951f3a - - adaf2d6749674b529570a5f21aa29bb0 adaf2d6749674b529570a5f21aa29bb0] 162.253.55.148 "GET /v2.0/networks/95fd54fd-339a-4832-a2fa-a8bcc043241c?fields=provider%3Aphysical_network&fields=provider%3Anetwork_type HTTP/1.1" status: 200 len: 277 time: 0.0756485
2026-08-26 01:35:32.386 10 INFO neutron.wsgi [req-0784a1e8-41e5-4dde-939f-05d1f897a2bf req-ebf83d59-aa64-47a8-8ab3-d9619ad26447 75a3f75738464ed5844a18eb9086ecc2 e1bf056ab133470e80896a1d25e7b372 - - default default] 10.0.0.217 "GET /v2.0/ports?device_id=d400f5a3-1463-45b1-8639-630f62941bf1 HTTP/1.1" status: 200 len: 1212 time: 0.0447922
2026-08-26 01:35:32.406 9 INFO neutron.db.ovn_revision_numbers_db [None req-41c8fdf9-1f55-4e0d-9952-39f07cf0c2c3 3a22bfce693a44b7bf02095e29c5c016 eb865e2d6bd343f0a66febe2d8596bb6 - - default default] Successfully bumped revision number for resource fc1e2cac-ae8f-4423-a9f8-c6bf08263fdc (type: networks) to 1
2026-08-26 01:35:32.438 10 INFO neutron.wsgi [req-0784a1e8-41e5-4dde-939f-05d1f897a2bf req-7dc4175c-a014-42a7-b8b2-79e6d3962f03 75a3f75738464ed5844a18eb9086ecc2 e1bf056ab133470e80896a1d25e7b372 - - default default] 10.0.0.217 "GET /v2.0/security-groups?id=6fb57dab-7ba0-4e0e-94e2-efc4fd4ccdc8&id=40f2cc31-983c-4a79-aff4-8c1ad034f6ab&fields=id&fields=name HTTP/1.1" status: 200 len: 406 time: 0.0478051
2026-08-26 01:35:32.625 9 WARNING neutron.plugins.ml2.drivers.ovn.mech_driver.ovsdb.ovn_client [None req-dbd92cae-e408-4fb9-8fed-7a72a72e573c - - - - - -] No hosting information found for port ad57e169-dec4-47b9-a937-314d059ea897: RuntimeError: No hosting information found for port ad57e169-dec4-47b9-a937-314d059ea897
2026-08-26 01:35:32.626 9 INFO neutron.plugins.ml2.drivers.ovn.mech_driver.mech_driver [None req-dbd92cae-e408-4fb9-8fed-7a72a72e573c - - - - - -] OVN reports status up for port: 5181f7ec-d11e-4844-8345-e4c15f0c67aa
2026-08-26 01:35:32.630 9 WARNING neutron.scheduler.dhcp_agent_scheduler [None req-41c8fdf9-1f55-4e0d-9952-39f07cf0c2c3 3a22bfce693a44b7bf02095e29c5c016 eb865e2d6bd343f0a66febe2d8596bb6 - - default default] No more DHCP agents
2026-08-26 01:35:32.635 9 WARNING neutron.api.rpc.agentnotifiers.dhcp_rpc_agent_api [None req-41c8fdf9-1f55-4e0d-9952-39f07cf0c2c3 3a22bfce693a44b7bf02095e29c5c016 eb865e2d6bd343f0a66febe2d8596bb6 - - default default] Unable to schedule network fc1e2cac-ae8f-4423-a9f8-c6bf08263fdc: no agents available; will retry on subsequent port and subnet creation events.
2026-08-26 01:35:32.644 9 INFO neutron.plugins.ml2.plugin [None req-dbd92cae-e408-4fb9-8fed-7a72a72e573c - - - - - -] Attempt 1 to provision port 5181f7ec-d11e-4844-8345-e4c15f0c67aa
2026-08-26 01:35:32.732 9 INFO neutron.db.ovn_revision_numbers_db [None req-41c8fdf9-1f55-4e0d-9952-39f07cf0c2c3 3a22bfce693a44b7bf02095e29c5c016 eb865e2d6bd343f0a66febe2d8596bb6 - - default default] Successfully bumped revision number for resource 4ec69f87-a93b-4ae3-a7ba-7a0449dc6f39 (type: ports) to 1
2026-08-26 01:35:32.769 9 INFO neutron.wsgi [None req-41c8fdf9-1f55-4e0d-9952-39f07cf0c2c3 3a22bfce693a44b7bf02095e29c5c016 eb865e2d6bd343f0a66febe2d8596bb6 - - default default] 10.0.0.178 "POST /v2.0/networks HTTP/1.1" status: 201 len: 846 time: 0.6741629
2026-08-26 01:35:32.780 9 INFO neutron.notifiers.nova [-] Nova event matching ['req-fa25345a-fd19-4dfc-ade2-c0e795c39558'] response: {'server_uuid': 'c18e1392-7877-432d-9508-69c68bbadf82', 'name': 'network-vif-plugged', 'status': 'completed', 'tag': '5181f7ec-d11e-4844-8345-e4c15f0c67aa', 'code': 200}
2026-08-26 01:35:32.883 10 INFO neutron.wsgi [req-1a3bec19-5d42-4f8a-9b47-2cfbc38bf288 req-6a85913a-6eb5-461a-aa9b-dbb7598a8f2b e92633adc59843cd955933c3d1ad4d96 375538753e0c4fb2b9072261aa92c47b - - default default] 10.0.0.217 "GET /v2.0/ports?device_id=c18e1392-7877-432d-9508-69c68bbadf82 HTTP/1.1" status: 200 len: 1170 time: 0.0546184
2026-08-26 01:35:32.938 9 INFO neutron.db.ovn_revision_numbers_db [None req-dbd92cae-e408-4fb9-8fed-7a72a72e573c - - - - - -] Successfully bumped revision number for resource 5181f7ec-d11e-4844-8345-e4c15f0c67aa (type: ports) to 4
2026-08-26 01:35:33.034 9 INFO neutron.plugins.ml2.drivers.ovn.mech_driver.mech_driver [None req-dbd92cae-e408-4fb9-8fed-7a72a72e573c - - - - - -] OVN reports status up for port: f4e69c9d-9369-4c78-a530-3eb22f8ed40a
2026-08-26 01:35:33.044 9 INFO neutron.plugins.ml2.plugin [None req-dbd92cae-e408-4fb9-8fed-7a72a72e573c - - - - - -] Attempt 1 to provision port f4e69c9d-9369-4c78-a530-3eb22f8ed40a
2026-08-26 01:35:33.205 10 INFO neutron.wsgi [req-1a3bec19-5d42-4f8a-9b47-2cfbc38bf288 req-d619d485-69df-4439-907b-9bf22aa20430 e92633adc59843cd955933c3d1ad4d96 375538753e0c4fb2b9072261aa92c47b - - default default] 10.0.0.217 "GET /v2.0/security-groups?id=bd2d2c5d-e895-48cb-ad48-367b27c3e8a6&fields=id&fields=name HTTP/1.1" status: 200 len: 286 time: 0.3170409
2026-08-26 01:35:33.320 9 INFO neutron.db.ovn_revision_numbers_db [None req-dbd92cae-e408-4fb9-8fed-7a72a72e573c - - - - - -] Successfully bumped revision number for resource f4e69c9d-9369-4c78-a530-3eb22f8ed40a (type: ports) to 2
2026-08-26 01:35:33.329 10 INFO neutron.db.ovn_revision_numbers_db [None req-98644833-e1fb-40c1-8608-20a444332ed4 3a22bfce693a44b7bf02095e29c5c016 eb865e2d6bd343f0a66febe2d8596bb6 - - default default] Successfully bumped revision number for resource fc1e2cac-ae8f-4423-a9f8-c6bf08263fdc (type: networks) to 2
2026-08-26 01:35:33.332 10 INFO neutron.wsgi [None req-98644833-e1fb-40c1-8608-20a444332ed4 3a22bfce693a44b7bf02095e29c5c016 eb865e2d6bd343f0a66febe2d8596bb6 - - default default] 10.0.0.178 "PUT /v2.0/networks/fc1e2cac-ae8f-4423-a9f8-c6bf08263fdc HTTP/1.1" status: 200 len: 792 time: 0.5576448
2026-08-26 01:35:33.432 9 INFO neutron.db.ovn_revision_numbers_db [None req-dbd92cae-e408-4fb9-8fed-7a72a72e573c - - - - - -] Successfully bumped revision number for resource f4e69c9d-9369-4c78-a530-3eb22f8ed40a (type: router_ports) to 2
2026-08-26 01:35:33.544 10 INFO neutron.wsgi [req-04bef9ef-a9dd-49b9-aee7-b3b8ea5f7e27 req-8a832ab7-3a88-49e4-a91b-de9ecb46f4ec 75a3f75738464ed5844a18eb9086ecc2 e1bf056ab133470e80896a1d25e7b372 - - default default] 10.0.0.217 "GET /v2.0/ports?device_id=d400f5a3-1463-45b1-8639-630f62941bf1 HTTP/1.1" status: 200 len: 1212 time: 0.0423310
2026-08-26 01:35:33.614 10 INFO neutron.wsgi [req-04bef9ef-a9dd-49b9-aee7-b3b8ea5f7e27 req-237a7646-b13b-4781-b5a6-6a57a20e0fca 75a3f75738464ed5844a18eb9086ecc2 e1bf056ab133470e80896a1d25e7b372 - - default default] 10.0.0.217 "GET /v2.0/security-groups?id=6fb57dab-7ba0-4e0e-94e2-efc4fd4ccdc8&id=40f2cc31-983c-4a79-aff4-8c1ad034f6ab&fields=id&fields=name HTTP/1.1" status: 200 len: 406 time: 0.0583770
2026-08-26 01:35:33.618 10 WARNING neutron.scheduler.dhcp_agent_scheduler [None req-fdced497-e469-4bde-8975-5bed5236ea00 3a22bfce693a44b7bf02095e29c5c016 eb865e2d6bd343f0a66febe2d8596bb6 - - default default] No more DHCP agents
2026-08-26 01:35:33.620 10 WARNING neutron.api.rpc.agentnotifiers.dhcp_rpc_agent_api [None req-fdced497-e469-4bde-8975-5bed5236ea00 3a22bfce693a44b7bf02095e29c5c016 eb865e2d6bd343f0a66febe2d8596bb6 - - default default] Unable to schedule network fc1e2cac-ae8f-4423-a9f8-c6bf08263fdc: no agents available; will retry on subsequent port and subnet creation events.
2026-08-26 01:35:33.652 10 INFO neutron.db.ovn_revision_numbers_db [None req-fdced497-e469-4bde-8975-5bed5236ea00 3a22bfce693a44b7bf02095e29c5c016 eb865e2d6bd343f0a66febe2d8596bb6 - - default default] Successfully bumped revision number for resource b4ca340c-4a9b-4d7f-ac83-ee1b079ccef1 (type: subnets) to 0
2026-08-26 01:35:33.667 10 INFO neutron.wsgi [None req-fdced497-e469-4bde-8975-5bed5236ea00 3a22bfce693a44b7bf02095e29c5c016 eb865e2d6bd343f0a66febe2d8596bb6 - - default default] 10.0.0.178 "POST /v2.0/subnets HTTP/1.1" status: 201 len: 821 time: 0.3294730
