2026-08-26 01:34:42.063 10 INFO neutron.services.segments.plugin [-] Segment db56eeb1-41db-4966-93fc-682c7c71dbfe resource provider not found; error: Placement Client Error (4xx): {"errors": [{"status": 404, "title": "Not Found", "detail": "The resource could not be found.\n\n No resource provider with uuid db56eeb1-41db-4966-93fc-682c7c71dbfe found for delete ", "request_id": "req-2dfeda46-5ac3-4b6b-ae78-a297870f2920"}]}
2026-08-26 01:34:42.076 10 INFO neutron.wsgi [req-01efd4bc-7b46-4bb6-9a59-13819e3f5901 req-90736fb5-f3c4-46e0-a2cc-a35e96232e16 52b169aaaa8a4390a3dda99cb4c90571 8c5210b3c8ee44ce9075588a7ead263a - - default default] 10.0.0.217 "GET /v2.0/ports?device_id=f4ca5bf0-413e-4aea-9611-6a845322ec63 HTTP/1.1" status: 200 len: 210 time: 0.0220919
2026-08-26 01:34:42.080 10 INFO neutron.wsgi [req-ededeba0-f418-4b80-98e0-6eb3171bdae8 req-668c3fe2-9615-4927-9b64-f2aeb6519274 f557fa3d6eb84dddb6f63834da8b09cd 513bb44bbf234657b79ec1b30b72557e - - default default] 10.0.0.217 "GET /v2.0/ports?device_id=9e5e0085-78a0-4dea-82af-f72ca2a106b5 HTTP/1.1" status: 200 len: 1174 time: 0.0686510
2026-08-26 01:34:42.102 10 INFO neutron.wsgi [None req-882361cd-eee8-4d38-b0ba-2d6c3dee027b 3420ea7a21e34f39b82e63d85c64a09f 122f215e0ac847a4b41861c33c59ac34 - - default default] 10.0.0.178 "DELETE /v2.0/networks/54877424-a0f8-4c66-a068-4a1dd23a05e5 HTTP/1.1" status: 204 len: 168 time: 0.5480397
2026-08-26 01:34:42.143 10 INFO neutron.wsgi [req-ededeba0-f418-4b80-98e0-6eb3171bdae8 req-1e322ea7-b265-4166-8fac-4e908ea31330 f557fa3d6eb84dddb6f63834da8b09cd 513bb44bbf234657b79ec1b30b72557e - - default default] 10.0.0.217 "GET /v2.0/security-groups?id=05561510-1cef-4aca-8f3c-db1a12943040&fields=id&fields=name HTTP/1.1" status: 200 len: 313 time: 0.0503752
2026-08-26 01:34:42.318 9 INFO neutron.wsgi [None req-85cada33-25b0-4344-add3-6b4922746063 7313055bc7c746f3ae6d7d1953e34aa3 84783b9d0f094e079f7e48891414877e - - default default] 10.0.0.178 "DELETE /v2.0/networks/178b65f8-9ed2-48a0-9885-e85bdd07f22d HTTP/1.1" status: 204 len: 168 time: 0.5675492
2026-08-26 01:34:42.329 9 INFO neutron.notifiers.nova [-] Nova event matching ['req-5401eb57-7b3e-4803-ad29-b2f8260ba41d'] response: {'name': 'network-changed', 'server_uuid': 'f4ca5bf0-413e-4aea-9611-6a845322ec63', 'tag': '4aab4fc8-e5b8-4781-a113-eac5ca5fbf60', 'status': 'completed', 'code': 200}
2026-08-26 01:34:42.329 9 INFO neutron.notifiers.nova [-] Nova event matching ['req-5401eb57-7b3e-4803-ad29-b2f8260ba41d'] response: {'server_uuid': '9e5e0085-78a0-4dea-82af-f72ca2a106b5', 'name': 'network-vif-unplugged', 'status': 'completed', 'tag': '7e948292-2ab6-4507-b130-2368acb462ec', 'code': 200}
2026-08-26 01:34:42.329 9 INFO neutron.notifiers.nova [-] Nova event matching ['req-5401eb57-7b3e-4803-ad29-b2f8260ba41d'] response: {'server_uuid': '9e5e0085-78a0-4dea-82af-f72ca2a106b5', 'name': 'network-vif-plugged', 'status': 'completed', 'tag': '7e948292-2ab6-4507-b130-2368acb462ec', 'code': 200}
2026-08-26 01:34:42.330 9 INFO neutron.notifiers.nova [-] Nova event matching ['req-5401eb57-7b3e-4803-ad29-b2f8260ba41d'] response: {'server_uuid': 'f4ca5bf0-413e-4aea-9611-6a845322ec63', 'name': 'network-vif-unplugged', 'status': 'completed', 'tag': '4aab4fc8-e5b8-4781-a113-eac5ca5fbf60', 'code': 200}
2026-08-26 01:34:42.330 9 INFO neutron.notifiers.nova [-] Nova event matching ['req-5401eb57-7b3e-4803-ad29-b2f8260ba41d'] response: {'server_uuid': 'f4ca5bf0-413e-4aea-9611-6a845322ec63', 'name': 'network-vif-plugged', 'status': 'completed', 'tag': '4aab4fc8-e5b8-4781-a113-eac5ca5fbf60', 'code': 200}
2026-08-26 01:34:42.330 9 INFO neutron.notifiers.nova [-] Nova event matching ['req-5401eb57-7b3e-4803-ad29-b2f8260ba41d'] response: {'server_uuid': '9e5e0085-78a0-4dea-82af-f72ca2a106b5', 'name': 'network-vif-plugged', 'status': 'completed', 'tag': '7e948292-2ab6-4507-b130-2368acb462ec', 'code': 200}
2026-08-26 01:34:42.330 9 INFO neutron.notifiers.nova [-] Nova event matching ['req-5401eb57-7b3e-4803-ad29-b2f8260ba41d'] response: {'server_uuid': '9e5e0085-78a0-4dea-82af-f72ca2a106b5', 'name': 'network-vif-plugged', 'status': 'completed', 'tag': '7e948292-2ab6-4507-b130-2368acb462ec', 'code': 200}
2026-08-26 01:34:42.371 10 INFO neutron.wsgi [req-97f4defc-4365-4556-9d08-e4afe9728993 req-5d25c050-5586-4fc4-837a-e8bf4138f60a bea7bc0961f947e2b286a0fe320d5182 f3ff69420cff44f69c56d1fc62951f3a - - adaf2d6749674b529570a5f21aa29bb0 adaf2d6749674b529570a5f21aa29bb0] 162.253.55.148 "GET /v2.0/ports?tenant_id=8c5210b3c8ee44ce9075588a7ead263a&device_id=f4ca5bf0-413e-4aea-9611-6a845322ec63 HTTP/1.1" status: 200 len: 210 time: 0.0244415
2026-08-26 01:34:42.457 10 INFO neutron.wsgi [req-97f4defc-4365-4556-9d08-e4afe9728993 req-25b9d3d6-5bb7-4acb-b625-622b79bf0543 bea7bc0961f947e2b286a0fe320d5182 f3ff69420cff44f69c56d1fc62951f3a - - adaf2d6749674b529570a5f21aa29bb0 adaf2d6749674b529570a5f21aa29bb0] 162.253.55.148 "GET /v2.0/networks?tenant_id=8c5210b3c8ee44ce9075588a7ead263a&shared=False HTTP/1.1" status: 200 len: 968 time: 0.0802526
2026-08-26 01:34:42.542 10 INFO neutron.wsgi [req-97f4defc-4365-4556-9d08-e4afe9728993 req-841dd0e7-b24c-48f8-8fc0-05ba1bec2b64 bea7bc0961f947e2b286a0fe320d5182 f3ff69420cff44f69c56d1fc62951f3a - - adaf2d6749674b529570a5f21aa29bb0 adaf2d6749674b529570a5f21aa29bb0] 162.253.55.148 "GET /v2.0/networks?shared=True HTTP/1.1" status: 200 len: 952 time: 0.0788689
2026-08-26 01:34:42.896 9 INFO neutron.services.segments.plugin [-] Segment b94bf97a-c45a-46c9-a490-3b1ff2f0b050 resource provider aggregate not found
2026-08-26 01:34:42.912 9 INFO neutron.services.segments.plugin [-] Segment b94bf97a-c45a-46c9-a490-3b1ff2f0b050 resource provider not found; error: Placement Client Error (4xx): {"errors": [{"status": 404, "title": "Not Found", "detail": "The resource could not be found.\n\n No resource provider with uuid b94bf97a-c45a-46c9-a490-3b1ff2f0b050 found for delete ", "request_id": "req-488318f5-023a-4ed4-a0ff-30dd55639e3e"}]}
2026-08-26 01:34:42.914 9 INFO neutron.services.segments.plugin [-] Segment b94bf97a-c45a-46c9-a490-3b1ff2f0b050 resource provider aggregate not found
2026-08-26 01:34:42.928 9 INFO neutron.services.segments.plugin [-] Segment b94bf97a-c45a-46c9-a490-3b1ff2f0b050 resource provider not found; error: Placement Client Error (4xx): {"errors": [{"status": 404, "title": "Not Found", "detail": "The resource could not be found.\n\n No resource provider with uuid b94bf97a-c45a-46c9-a490-3b1ff2f0b050 found for delete ", "request_id": "req-84fcab90-8300-4aff-a770-378b2efc4d42"}]}
2026-08-26 01:34:43.176 10 INFO neutron.wsgi [None req-846d3032-d01d-4cdd-9023-b321fec08bc4 14a5bbbbe17e4a5caa9185f582a358e0 1d20d688d1f941db8581da66dcb5e9db - - default default] 10.0.0.178 "GET /v2.0/security-groups?tenant_id=122f215e0ac847a4b41861c33c59ac34&name=default HTTP/1.1" status: 200 len: 2996 time: 0.5154924
2026-08-26 01:34:43.180 10 INFO neutron.wsgi [None req-1ce1bc19-2830-46bd-9fac-9901ef80cc25 14a5bbbbe17e4a5caa9185f582a358e0 1d20d688d1f941db8581da66dcb5e9db - - default default] 10.0.0.178 "GET /v2.0/security-groups?tenant_id=84783b9d0f094e079f7e48891414877e&name=default HTTP/1.1" status: 200 len: 2996 time: 0.3590305 /var/lib/openstack/lib/python3.10/site-packages/pycadf/identifier.py:71: UserWarning: Invalid uuid: neutron. To ensure interoperability, identifiers should be a valid uuid. warnings.warn(('Invalid uuid: %s. To ensure interoperability, '
2026-08-26 01:34:43.334 9 INFO neutron.wsgi [None req-4f38db4b-c926-48ea-8a90-6f29329eee64 52b169aaaa8a4390a3dda99cb4c90571 8c5210b3c8ee44ce9075588a7ead263a - - default default] 10.0.0.178 "DELETE /v2.0/security-groups/955a017d-61f3-4cec-a503-789c1856246a HTTP/1.1" status: 204 len: 168 time: 0.1570847
2026-08-26 01:34:43.356 9 INFO neutron.api.v2.resource [None req-0e773200-15ac-49f9-94e0-32694297ffc2 52b169aaaa8a4390a3dda99cb4c90571 8c5210b3c8ee44ce9075588a7ead263a - - default default] show failed (client error): The resource could not be found.
2026-08-26 01:34:43.357 9 INFO neutron.wsgi [None req-0e773200-15ac-49f9-94e0-32694297ffc2 52b169aaaa8a4390a3dda99cb4c90571 8c5210b3c8ee44ce9075588a7ead263a - - default default] 10.0.0.178 "GET /v2.0/security-groups/955a017d-61f3-4cec-a503-789c1856246a HTTP/1.1" status: 404 len: 347 time: 0.0156977
2026-08-26 01:34:43.401 10 INFO neutron.wsgi [None req-4222ca6e-e15c-4e3f-90dd-c9ce972795ff 14a5bbbbe17e4a5caa9185f582a358e0 1d20d688d1f941db8581da66dcb5e9db - - default default] 10.0.0.178 "DELETE /v2.0/security-groups/0ed6f66b-84a8-4a42-8a74-39f567b8bd25 HTTP/1.1" status: 204 len: 168 time: 0.2182059
2026-08-26 01:34:43.417 10 INFO neutron.wsgi [None req-e62e08ec-27fd-4afe-9989-b2d1496a542c 14a5bbbbe17e4a5caa9185f582a358e0 1d20d688d1f941db8581da66dcb5e9db - - default default] 10.0.0.178 "DELETE /v2.0/security-groups/03b7cc1c-50e6-47bb-b5ac-d661c5f3aa10 HTTP/1.1" status: 204 len: 168 time: 0.2249739
2026-08-26 01:34:43.968 9 INFO neutron.wsgi [None req-89701acc-eb92-4ff3-b44c-718d19a36043 52b169aaaa8a4390a3dda99cb4c90571 8c5210b3c8ee44ce9075588a7ead263a - - default default] 10.0.0.178 "DELETE /v2.0/floatingips/653bb4f0-4aad-4dc4-8104-594cb6ce50be HTTP/1.1" status: 204 len: 168 time: 0.6059911
2026-08-26 01:34:44.950 9 INFO neutron.wsgi [None req-cb14a153-fc58-4447-822c-b35a113eba7f 14a5bbbbe17e4a5caa9185f582a358e0 1d20d688d1f941db8581da66dcb5e9db - - default default] 10.0.0.178 "PUT /v2.0/routers/a5b768fd-30de-40d5-abc4-ca4644ca32b6/remove_router_interface HTTP/1.1" status: 200 len: 503 time: 0.9784212 /var/lib/openstack/lib/python3.10/site-packages/pycadf/identifier.py:71: UserWarning: Invalid uuid: neutron. To ensure interoperability, identifiers should be a valid uuid. warnings.warn(('Invalid uuid: %s. To ensure interoperability, '
2026-08-26 01:34:45.460 9 INFO neutron.db.ovn_revision_numbers_db [None req-608d1cc0-04a9-4ca7-b7e5-900cfb224289 01956b91ee9a4420b2e443dcd58ae257 e1a7606e233c49189a3afb5ca3fdd209 - - default default] Successfully bumped revision number for resource 2e1fc576-a492-4fe9-b9b0-cbd79a8cd9b5 (type: security_groups) to 1
2026-08-26 01:34:45.465 9 INFO neutron.db.ovn_revision_numbers_db [None req-961f2dbb-e43c-4ca4-9533-9983208beb9a e72254ecbc8f448086104ec0e01f80f7 35d1885d2b39479d8262a8c816dfff4e - - default default] Successfully bumped revision number for resource 2533be3e-791e-4d11-810a-2073a674e94d (type: security_groups) to 1
2026-08-26 01:34:45.476 9 INFO neutron.db.ovn_revision_numbers_db [None req-608d1cc0-04a9-4ca7-b7e5-900cfb224289 01956b91ee9a4420b2e443dcd58ae257 e1a7606e233c49189a3afb5ca3fdd209 - - default default] Successfully bumped revision number for resource 20a4ae9c-534b-4247-8fd4-5ad337446d60 (type: security_group_rules) to 0
2026-08-26 01:34:45.481 9 INFO neutron.db.ovn_revision_numbers_db [None req-961f2dbb-e43c-4ca4-9533-9983208beb9a e72254ecbc8f448086104ec0e01f80f7 35d1885d2b39479d8262a8c816dfff4e - - default default] Successfully bumped revision number for resource 00051eae-e0a6-4ce4-90f7-0ade31f6618c (type: security_group_rules) to 0
2026-08-26 01:34:45.499 9 INFO neutron.db.ovn_revision_numbers_db [None req-608d1cc0-04a9-4ca7-b7e5-900cfb224289 01956b91ee9a4420b2e443dcd58ae257 e1a7606e233c49189a3afb5ca3fdd209 - - default default] Successfully bumped revision number for resource 901c45be-f3ff-44c2-a865-641fa7273c2f (type: security_group_rules) to 0
2026-08-26 01:34:45.500 9 INFO neutron.db.ovn_revision_numbers_db [None req-961f2dbb-e43c-4ca4-9533-9983208beb9a e72254ecbc8f448086104ec0e01f80f7 35d1885d2b39479d8262a8c816dfff4e - - default default] Successfully bumped revision number for resource 89e9ff0c-eda7-4fa1-92e4-975dc35a3091 (type: security_group_rules) to 0
2026-08-26 01:34:45.515 9 INFO neutron.db.ovn_revision_numbers_db [None req-608d1cc0-04a9-4ca7-b7e5-900cfb224289 01956b91ee9a4420b2e443dcd58ae257 e1a7606e233c49189a3afb5ca3fdd209 - - default default] Successfully bumped revision number for resource 99dc2269-1eef-443c-9046-8dd4258dab44 (type: security_group_rules) to 0
2026-08-26 01:34:45.516 9 INFO neutron.db.ovn_revision_numbers_db [None req-961f2dbb-e43c-4ca4-9533-9983208beb9a e72254ecbc8f448086104ec0e01f80f7 35d1885d2b39479d8262a8c816dfff4e - - default default] Successfully bumped revision number for resource bb94a921-94c9-4400-be3b-2e72389f039d (type: security_group_rules) to 0
2026-08-26 01:34:45.529 9 INFO neutron.db.ovn_revision_numbers_db [None req-608d1cc0-04a9-4ca7-b7e5-900cfb224289 01956b91ee9a4420b2e443dcd58ae257 e1a7606e233c49189a3afb5ca3fdd209 - - default default] Successfully bumped revision number for resource e05a56b8-3d81-44f1-a7d2-0769aa37d750 (type: security_group_rules) to 0
2026-08-26 01:34:45.537 9 INFO neutron.db.ovn_revision_numbers_db [None req-961f2dbb-e43c-4ca4-9533-9983208beb9a e72254ecbc8f448086104ec0e01f80f7 35d1885d2b39479d8262a8c816dfff4e - - default default] Successfully bumped revision number for resource ea8d93ec-33b8-45d4-86a9-d960e46a2631 (type: security_group_rules) to 0
2026-08-26 01:34:45.585 10 INFO neutron.wsgi [None req-0476c523-d6cd-4666-8fcb-9d4fc35de7e4 14a5bbbbe17e4a5caa9185f582a358e0 1d20d688d1f941db8581da66dcb5e9db - - default default] 10.0.0.178 "DELETE /v2.0/routers/a5b768fd-30de-40d5-abc4-ca4644ca32b6 HTTP/1.1" status: 204 len: 168 time: 0.6263006
2026-08-26 01:34:45.595 9 INFO neutron.db.segments_db [None req-608d1cc0-04a9-4ca7-b7e5-900cfb224289 01956b91ee9a4420b2e443dcd58ae257 e1a7606e233c49189a3afb5ca3fdd209 - - default default] Added segment b6a170db-f670-484f-baae-065aa4fbd6b9 of type geneve for network 640e42d8-75a5-45c1-a5f9-7b63c337d95a
2026-08-26 01:34:45.650 9 INFO neutron.db.ovn_revision_numbers_db [None req-961f2dbb-e43c-4ca4-9533-9983208beb9a e72254ecbc8f448086104ec0e01f80f7 35d1885d2b39479d8262a8c816dfff4e - - default default] Successfully bumped revision number for resource 4de5e0fe-32a2-4a67-b146-41925899b644 (type: security_groups) to 1
2026-08-26 01:34:45.668 9 INFO neutron.db.ovn_revision_numbers_db [None req-961f2dbb-e43c-4ca4-9533-9983208beb9a e72254ecbc8f448086104ec0e01f80f7 35d1885d2b39479d8262a8c816dfff4e - - default default] Successfully bumped revision number for resource 69503dc0-ba2f-4116-accd-2c9de67db18b (type: security_group_rules) to 0
2026-08-26 01:34:45.688 9 INFO neutron.db.ovn_revision_numbers_db [None req-961f2dbb-e43c-4ca4-9533-9983208beb9a e72254ecbc8f448086104ec0e01f80f7 35d1885d2b39479d8262a8c816dfff4e - - default default] Successfully bumped revision number for resource b95095cb-3ab0-4944-802b-3100181ebc40 (type: security_group_rules) to 0
2026-08-26 01:34:45.726 9 INFO neutron.wsgi [None req-961f2dbb-e43c-4ca4-9533-9983208beb9a e72254ecbc8f448086104ec0e01f80f7 35d1885d2b39479d8262a8c816dfff4e - - default default] 10.0.0.178 "POST /v2.0/security-groups HTTP/1.1" status: 201 len: 1760 time: 0.5287144
2026-08-26 01:34:45.759 9 INFO neutron.db.ovn_revision_numbers_db [None req-608d1cc0-04a9-4ca7-b7e5-900cfb224289 01956b91ee9a4420b2e443dcd58ae257 e1a7606e233c49189a3afb5ca3fdd209 - - default default] Successfully bumped revision number for resource 640e42d8-75a5-45c1-a5f9-7b63c337d95a (type: networks) to 1
2026-08-26 01:34:45.781 10 INFO neutron.wsgi [None req-603f6856-3048-4095-ac8a-3cb86d0c4238 e72254ecbc8f448086104ec0e01f80f7 35d1885d2b39479d8262a8c816dfff4e - - default default] 10.0.0.178 "GET /v2.0/security-groups HTTP/1.1" status: 200 len: 4538 time: 0.0478747
2026-08-26 01:34:45.800 10 INFO neutron.wsgi [None req-ed35056a-deb1-480a-b432-78ecaa255239 14a5bbbbe17e4a5caa9185f582a358e0 1d20d688d1f941db8581da66dcb5e9db - - default default] 10.0.0.178 "DELETE /v2.0/subnets/567822a0-8fc2-4558-8a7b-3052206af8f6 HTTP/1.1" status: 204 len: 168 time: 0.2084630
2026-08-26 01:34:45.878 10 INFO neutron.db.ovn_revision_numbers_db [None req-6a510e28-052b-4b4a-8fc6-893a24d6f95f e72254ecbc8f448086104ec0e01f80f7 35d1885d2b39479d8262a8c816dfff4e - - default default] Successfully bumped revision number for resource 4de5e0fe-32a2-4a67-b146-41925899b644 (type: security_groups) to 2
2026-08-26 01:34:45.882 10 INFO neutron.wsgi [None req-6a510e28-052b-4b4a-8fc6-893a24d6f95f e72254ecbc8f448086104ec0e01f80f7 35d1885d2b39479d8262a8c816dfff4e - - default default] 10.0.0.178 "PUT /v2.0/security-groups/4de5e0fe-32a2-4a67-b146-41925899b644 HTTP/1.1" status: 200 len: 1794 time: 0.0955460
2026-08-26 01:34:45.948 9 INFO neutron.wsgi [None req-fd8e4a04-35de-4309-af9b-0e8f2cf7a9ad e72254ecbc8f448086104ec0e01f80f7 35d1885d2b39479d8262a8c816dfff4e - - default default] 10.0.0.178 "GET /v2.0/security-groups/4de5e0fe-32a2-4a67-b146-41925899b644 HTTP/1.1" status: 200 len: 1794 time: 0.0592952
2026-08-26 01:34:45.986 9 WARNING neutron.scheduler.dhcp_agent_scheduler [None req-608d1cc0-04a9-4ca7-b7e5-900cfb224289 01956b91ee9a4420b2e443dcd58ae257 e1a7606e233c49189a3afb5ca3fdd209 - - default default] No more DHCP agents
2026-08-26 01:34:45.990 9 WARNING neutron.api.rpc.agentnotifiers.dhcp_rpc_agent_api [None req-608d1cc0-04a9-4ca7-b7e5-900cfb224289 01956b91ee9a4420b2e443dcd58ae257 e1a7606e233c49189a3afb5ca3fdd209 - - default default] Unable to schedule network 640e42d8-75a5-45c1-a5f9-7b63c337d95a: no agents available; will retry on subsequent port and subnet creation events.
2026-08-26 01:34:46.100 10 INFO neutron.wsgi [None req-1365a0e1-2ac6-4725-b2b6-1170a82ca861 e72254ecbc8f448086104ec0e01f80f7 35d1885d2b39479d8262a8c816dfff4e - - default default] 10.0.0.178 "DELETE /v2.0/security-groups/4de5e0fe-32a2-4a67-b146-41925899b644 HTTP/1.1" status: 204 len: 168 time: 0.1456792
2026-08-26 01:34:46.102 9 INFO neutron.db.ovn_revision_numbers_db [None req-608d1cc0-04a9-4ca7-b7e5-900cfb224289 01956b91ee9a4420b2e443dcd58ae257 e1a7606e233c49189a3afb5ca3fdd209 - - default default] Successfully bumped revision number for resource 6ff3f1c8-fd4d-490b-9295-b193215742aa (type: ports) to 1
2026-08-26 01:34:46.134 9 INFO neutron.wsgi [None req-608d1cc0-04a9-4ca7-b7e5-900cfb224289 01956b91ee9a4420b2e443dcd58ae257 e1a7606e233c49189a3afb5ca3fdd209 - - default default] 10.0.0.178 "POST /v2.0/networks HTTP/1.1" status: 201 len: 829 time: 0.9384832
2026-08-26 01:34:46.150 10 INFO neutron.wsgi [None req-05129d20-70a6-4fa5-a848-11015804ba42 e72254ecbc8f448086104ec0e01f80f7 35d1885d2b39479d8262a8c816dfff4e - - default default] 10.0.0.178 "GET /v2.0/security-groups HTTP/1.1" status: 200 len: 2996 time: 0.0418215
2026-08-26 01:34:46.165 10 INFO neutron.api.v2.resource [None req-844dacea-c344-4aaf-95ae-33176b65055a e72254ecbc8f448086104ec0e01f80f7 35d1885d2b39479d8262a8c816dfff4e - - default default] delete failed (client error): The resource could not be found.
2026-08-26 01:34:46.167 10 INFO neutron.wsgi [None req-844dacea-c344-4aaf-95ae-33176b65055a e72254ecbc8f448086104ec0e01f80f7 35d1885d2b39479d8262a8c816dfff4e - - default default] 10.0.0.178 "DELETE /v2.0/security-groups/4de5e0fe-32a2-4a67-b146-41925899b644 HTTP/1.1" status: 404 len: 347 time: 0.0114017
2026-08-26 01:34:46.286 9 INFO neutron.db.segments_db [None req-231e1563-b84d-4169-b769-e703f47c9e95 01956b91ee9a4420b2e443dcd58ae257 e1a7606e233c49189a3afb5ca3fdd209 - - default default] Added segment 448491e7-b4af-4e14-aeed-0e985394fa55 of type geneve for network d7253c18-be27-4623-b013-47d004d05f22
2026-08-26 01:34:46.289 9 INFO neutron.services.segments.plugin [-] Segment cf2b0367-85bb-4fbc-8de4-c5ee90028da1 resource provider aggregate not found
2026-08-26 01:34:46.294 9 INFO neutron.services.segments.plugin [-] Segment cf2b0367-85bb-4fbc-8de4-c5ee90028da1 resource provider aggregate not found
2026-08-26 01:34:46.311 9 INFO neutron.services.segments.plugin [-] Segment cf2b0367-85bb-4fbc-8de4-c5ee90028da1 resource provider not found; error: Placement Client Error (4xx): {"errors": [{"status": 404, "title": "Not Found", "detail": "The resource could not be found.\n\n No resource provider with uuid cf2b0367-85bb-4fbc-8de4-c5ee90028da1 found for delete ", "request_id": "req-d8adfa84-d082-4a23-b4ef-6e96c7b83092"}]}
2026-08-26 01:34:46.314 9 INFO neutron.services.segments.plugin [-] Segment cf2b0367-85bb-4fbc-8de4-c5ee90028da1 resource provider not found; error: Placement Client Error (4xx): {"errors": [{"status": 404, "title": "Not Found", "detail": "The resource could not be found.\n\n No resource provider with uuid cf2b0367-85bb-4fbc-8de4-c5ee90028da1 found for delete ", "request_id": "req-5e0b1aa6-7f3e-4d5d-8a08-8999bef3d9b1"}]}
2026-08-26 01:34:46.347 9 INFO neutron.wsgi [None req-47e5257b-935c-41ce-aba8-a789df42834d 14a5bbbbe17e4a5caa9185f582a358e0 1d20d688d1f941db8581da66dcb5e9db - - default default] 10.0.0.178 "DELETE /v2.0/networks/457a813c-702a-4e33-b34f-89f697c84f57 HTTP/1.1" status: 204 len: 168 time: 0.5403643
2026-08-26 01:34:46.393 9 INFO neutron.db.ovn_revision_numbers_db [None req-1fbe7896-1051-4f93-9015-057c0166f899 e72254ecbc8f448086104ec0e01f80f7 35d1885d2b39479d8262a8c816dfff4e - - default default] Successfully bumped revision number for resource c0ba95a5-71d5-4baf-9b0b-574eb8b6ebad (type: security_groups) to 1
2026-08-26 01:34:46.425 9 INFO neutron.db.ovn_revision_numbers_db [None req-1fbe7896-1051-4f93-9015-057c0166f899 e72254ecbc8f448086104ec0e01f80f7 35d1885d2b39479d8262a8c816dfff4e - - default default] Successfully bumped revision number for resource 32f56f28-9431-4e26-906c-9db63075d1c5 (type: security_group_rules) to 0
2026-08-26 01:34:46.450 9 INFO neutron.db.ovn_revision_numbers_db [None req-1fbe7896-1051-4f93-9015-057c0166f899 e72254ecbc8f448086104ec0e01f80f7 35d1885d2b39479d8262a8c816dfff4e - - default default] Successfully bumped revision number for resource 7ba7bbe9-fc6d-4808-81e4-32dcdf01bd19 (type: security_group_rules) to 0
2026-08-26 01:34:46.457 9 INFO neutron.db.ovn_revision_numbers_db [None req-231e1563-b84d-4169-b769-e703f47c9e95 01956b91ee9a4420b2e443dcd58ae257 e1a7606e233c49189a3afb5ca3fdd209 - - default default] Successfully bumped revision number for resource d7253c18-be27-4623-b013-47d004d05f22 (type: networks) to 1
2026-08-26 01:34:46.470 9 INFO neutron.wsgi [None req-1fbe7896-1051-4f93-9015-057c0166f899 e72254ecbc8f448086104ec0e01f80f7 35d1885d2b39479d8262a8c816dfff4e - - default default] 10.0.0.178 "POST /v2.0/security-groups HTTP/1.1" status: 201 len: 1761 time: 0.2967532
2026-08-26 01:34:46.573 10 INFO neutron.wsgi [None req-7852378d-0214-495d-9c46-ef5a225dc9b3 14a5bbbbe17e4a5caa9185f582a358e0 1d20d688d1f941db8581da66dcb5e9db - - default default] 10.0.0.178 "GET /v2.0/security-groups?tenant_id=8c5210b3c8ee44ce9075588a7ead263a&name=default HTTP/1.1" status: 200 len: 2996 time: 0.0416052
2026-08-26 01:34:46.635 9 WARNING neutron.scheduler.dhcp_agent_scheduler [None req-231e1563-b84d-4169-b769-e703f47c9e95 01956b91ee9a4420b2e443dcd58ae257 e1a7606e233c49189a3afb5ca3fdd209 - - default default] No more DHCP agents
2026-08-26 01:34:46.638 9 WARNING neutron.api.rpc.agentnotifiers.dhcp_rpc_agent_api [None req-231e1563-b84d-4169-b769-e703f47c9e95 01956b91ee9a4420b2e443dcd58ae257 e1a7606e233c49189a3afb5ca3fdd209 - - default default] Unable to schedule network d7253c18-be27-4623-b013-47d004d05f22: no agents available; will retry on subsequent port and subnet creation events.
2026-08-26 01:34:46.660 9 INFO neutron.db.ovn_revision_numbers_db [None req-d70aa5bf-6189-4caf-acee-cd75de006d99 e72254ecbc8f448086104ec0e01f80f7 35d1885d2b39479d8262a8c816dfff4e - - default default] Successfully bumped revision number for resource 1c9a6e31-6d16-40d5-ad23-6c6a7fa7fa0c (type: security_group_rules) to 0
2026-08-26 01:34:46.705 9 INFO neutron.wsgi [None req-d70aa5bf-6189-4caf-acee-cd75de006d99 e72254ecbc8f448086104ec0e01f80f7 35d1885d2b39479d8262a8c816dfff4e - - default default] 10.0.0.178 "POST /v2.0/security-group-rules HTTP/1.1" status: 201 len: 768 time: 0.2294579
2026-08-26 01:34:46.730 9 INFO neutron.wsgi [None req-d5d8b564-43db-46ad-a81e-a195d3dee1a6 e72254ecbc8f448086104ec0e01f80f7 35d1885d2b39479d8262a8c816dfff4e - - default default] 10.0.0.178 "GET /v2.0/security-group-rules/1c9a6e31-6d16-40d5-ad23-6c6a7fa7fa0c HTTP/1.1" status: 200 len: 763 time: 0.0182748
2026-08-26 01:34:46.742 9 INFO neutron.db.ovn_revision_numbers_db [None req-231e1563-b84d-4169-b769-e703f47c9e95 01956b91ee9a4420b2e443dcd58ae257 e1a7606e233c49189a3afb5ca3fdd209 - - default default] Successfully bumped revision number for resource 82875a69-6134-4f0a-a12d-2535118b184e (type: ports) to 1
2026-08-26 01:34:46.767 9 INFO neutron.wsgi [None req-231e1563-b84d-4169-b769-e703f47c9e95 01956b91ee9a4420b2e443dcd58ae257 e1a7606e233c49189a3afb5ca3fdd209 - - default default] 10.0.0.178 "POST /v2.0/networks HTTP/1.1" status: 201 len: 828 time: 0.6265819
2026-08-26 01:34:46.784 9 INFO neutron.wsgi [None req-b08cbf0e-71b4-41b1-bfb1-5118369c9f56 e72254ecbc8f448086104ec0e01f80f7 35d1885d2b39479d8262a8c816dfff4e - - default default] 10.0.0.178 "GET /v2.0/security-group-rules HTTP/1.1" status: 200 len: 4113 time: 0.0462856
2026-08-26 01:34:46.831 10 INFO neutron.wsgi [None req-f6a12eb8-7d32-48f2-81fc-8b96a87c1ee9 14a5bbbbe17e4a5caa9185f582a358e0 1d20d688d1f941db8581da66dcb5e9db - - default default] 10.0.0.178 "DELETE /v2.0/security-groups/f6f74818-b7ce-4892-bc69-94e1dccc2ca6 HTTP/1.1" status: 204 len: 168 time: 0.2530804
2026-08-26 01:34:46.928 10 INFO neutron.wsgi [None req-e4b0bd8e-e642-44e0-84fb-d4b70e4d9ee6 e72254ecbc8f448086104ec0e01f80f7 35d1885d2b39479d8262a8c816dfff4e - - default default] 10.0.0.178 "DELETE /v2.0/security-group-rules/1c9a6e31-6d16-40d5-ad23-6c6a7fa7fa0c HTTP/1.1" status: 204 len: 168 time: 0.1352825
2026-08-26 01:34:46.973 10 INFO neutron.wsgi [None req-75dce714-5e6c-4908-9844-093bd93a68d5 e72254ecbc8f448086104ec0e01f80f7 35d1885d2b39479d8262a8c816dfff4e - - default default] 10.0.0.178 "GET /v2.0/security-group-rules HTTP/1.1" status: 200 len: 3567 time: 0.0390785
2026-08-26 01:34:47.064 9 WARNING neutron.scheduler.dhcp_agent_scheduler [None req-bc46fe1a-87de-42b8-9518-e2ef30313538 01956b91ee9a4420b2e443dcd58ae257 e1a7606e233c49189a3afb5ca3fdd209 - - default default] No more DHCP agents
2026-08-26 01:34:47.066 9 WARNING neutron.api.rpc.agentnotifiers.dhcp_rpc_agent_api [None req-bc46fe1a-87de-42b8-9518-e2ef30313538 01956b91ee9a4420b2e443dcd58ae257 e1a7606e233c49189a3afb5ca3fdd209 - - default default] Unable to schedule network 640e42d8-75a5-45c1-a5f9-7b63c337d95a: no agents available; will retry on subsequent port and subnet creation events.
2026-08-26 01:34:47.083 10 INFO neutron.db.ovn_revision_numbers_db [None req-3fa06b26-e32f-406c-91d3-31ea5bee05af e72254ecbc8f448086104ec0e01f80f7 35d1885d2b39479d8262a8c816dfff4e - - default default] Successfully bumped revision number for resource 851d6cd7-08ab-481e-a2d4-26d041751958 (type: security_group_rules) to 0
2026-08-26 01:34:47.106 10 INFO neutron.wsgi [None req-3fa06b26-e32f-406c-91d3-31ea5bee05af e72254ecbc8f448086104ec0e01f80f7 35d1885d2b39479d8262a8c816dfff4e - - default default] 10.0.0.178 "POST /v2.0/security-group-rules HTTP/1.1" status: 201 len: 768 time: 0.1286867
2026-08-26 01:34:47.125 10 INFO neutron.wsgi [None req-155b0892-fc76-4dce-82a1-fea2e9a7a203 e72254ecbc8f448086104ec0e01f80f7 35d1885d2b39479d8262a8c816dfff4e - - default default] 10.0.0.178 "GET /v2.0/security-group-rules/851d6cd7-08ab-481e-a2d4-26d041751958 HTTP/1.1" status: 200 len: 763 time: 0.0130768
2026-08-26 01:34:47.174 10 INFO neutron.wsgi [None req-ace2e4d4-fe37-4cd4-b977-dd26847e0dab e72254ecbc8f448086104ec0e01f80f7 35d1885d2b39479d8262a8c816dfff4e - - default default] 10.0.0.178 "GET /v2.0/security-group-rules HTTP/1.1" status: 200 len: 4113 time: 0.0435314
2026-08-26 01:34:47.321 10 INFO neutron.wsgi [None req-6e492c79-d72e-4e86-af1b-484fb7d29175 e72254ecbc8f448086104ec0e01f80f7 35d1885d2b39479d8262a8c816dfff4e - - default default] 10.0.0.178 "DELETE /v2.0/security-group-rules/851d6cd7-08ab-481e-a2d4-26d041751958 HTTP/1.1" status: 204 len: 168 time: 0.1333785
2026-08-26 01:34:47.364 10 INFO neutron.wsgi [None req-78a34d49-4f1c-4a95-a0db-8a6e18029350 e72254ecbc8f448086104ec0e01f80f7 35d1885d2b39479d8262a8c816dfff4e - - default default] 10.0.0.178 "GET /v2.0/security-group-rules HTTP/1.1" status: 200 len: 3567 time: 0.0370903
2026-08-26 01:34:47.484 10 INFO neutron.db.ovn_revision_numbers_db [None req-fbaad9b7-b4dc-4f16-901f-3cb9a3c42541 e72254ecbc8f448086104ec0e01f80f7 35d1885d2b39479d8262a8c816dfff4e - - default default] Successfully bumped revision number for resource f9aed031-3843-41bd-b7d0-32e510dc0eb1 (type: security_group_rules) to 0
2026-08-26 01:34:47.511 10 INFO neutron.wsgi [None req-fbaad9b7-b4dc-4f16-901f-3cb9a3c42541 e72254ecbc8f448086104ec0e01f80f7 35d1885d2b39479d8262a8c816dfff4e - - default default] 10.0.0.178 "POST /v2.0/security-group-rules HTTP/1.1" status: 201 len: 769 time: 0.1422684
2026-08-26 01:34:47.511 9 INFO neutron.db.ovn_revision_numbers_db [None req-bc46fe1a-87de-42b8-9518-e2ef30313538 01956b91ee9a4420b2e443dcd58ae257 e1a7606e233c49189a3afb5ca3fdd209 - - default default] Successfully bumped revision number for resource 6ff3f1c8-fd4d-490b-9295-b193215742aa (type: ports) to 2
2026-08-26 01:34:47.537 10 INFO neutron.wsgi [None req-8ce3777f-7ef0-4ccf-a79b-f2adee69a93a e72254ecbc8f448086104ec0e01f80f7 35d1885d2b39479d8262a8c816dfff4e - - default default] 10.0.0.178 "GET /v2.0/security-group-rules/f9aed031-3843-41bd-b7d0-32e510dc0eb1 HTTP/1.1" status: 200 len: 764 time: 0.0184343
2026-08-26 01:34:47.545 9 INFO neutron.db.ovn_revision_numbers_db [None req-bc46fe1a-87de-42b8-9518-e2ef30313538 01956b91ee9a4420b2e443dcd58ae257 e1a7606e233c49189a3afb5ca3fdd209 - - default default] Successfully bumped revision number for resource 4f1b54bb-41c6-4927-b9b0-77f344484592 (type: subnets) to 0
2026-08-26 01:34:47.561 9 INFO neutron.wsgi [None req-bc46fe1a-87de-42b8-9518-e2ef30313538 01956b91ee9a4420b2e443dcd58ae257 e1a7606e233c49189a3afb5ca3fdd209 - - default default] 10.0.0.178 "POST /v2.0/subnets HTTP/1.1" status: 201 len: 801 time: 0.7877984
2026-08-26 01:34:47.578 10 INFO neutron.wsgi [None req-65251d13-0d78-49a9-8bfc-899100d95230 e72254ecbc8f448086104ec0e01f80f7 35d1885d2b39479d8262a8c816dfff4e - - default default] 10.0.0.178 "GET /v2.0/security-group-rules HTTP/1.1" status: 200 len: 4114 time: 0.0365517
2026-08-26 01:34:47.766 9 INFO neutron.wsgi [None req-559a698d-db31-4bba-98dd-f012ff85899e e72254ecbc8f448086104ec0e01f80f7 35d1885d2b39479d8262a8c816dfff4e - - default default] 10.0.0.178 "DELETE /v2.0/security-group-rules/f9aed031-3843-41bd-b7d0-32e510dc0eb1 HTTP/1.1" status: 204 len: 168 time: 0.1802845
2026-08-26 01:34:47.825 10 INFO neutron.wsgi [None req-a4978f0b-e92f-4776-8772-1d341f7622e0 e72254ecbc8f448086104ec0e01f80f7 35d1885d2b39479d8262a8c816dfff4e - - default default] 10.0.0.178 "GET /v2.0/security-group-rules HTTP/1.1" status: 200 len: 3567 time: 0.0520427
2026-08-26 01:34:47.841 9 WARNING neutron.scheduler.dhcp_agent_scheduler [None req-e37f8f69-8fe7-43d9-8ad4-59e7eb830f8e 01956b91ee9a4420b2e443dcd58ae257 e1a7606e233c49189a3afb5ca3fdd209 - - default default] No more DHCP agents
2026-08-26 01:34:47.843 9 WARNING neutron.api.rpc.agentnotifiers.dhcp_rpc_agent_api [None req-e37f8f69-8fe7-43d9-8ad4-59e7eb830f8e 01956b91ee9a4420b2e443dcd58ae257 e1a7606e233c49189a3afb5ca3fdd209 - - default default] Unable to schedule network d7253c18-be27-4623-b013-47d004d05f22: no agents available; will retry on subsequent port and subnet creation events.
2026-08-26 01:34:47.942 10 INFO neutron.wsgi [None req-f692012c-dc93-44bc-9e16-8b9c49abd3da e72254ecbc8f448086104ec0e01f80f7 35d1885d2b39479d8262a8c816dfff4e - - default default] 10.0.0.178 "DELETE /v2.0/security-groups/c0ba95a5-71d5-4baf-9b0b-574eb8b6ebad HTTP/1.1" status: 204 len: 168 time: 0.1101360
2026-08-26 01:34:47.974 10 INFO neutron.wsgi [None req-c64bdd4a-8435-41fe-a953-68be37be937b e72254ecbc8f448086104ec0e01f80f7 35d1885d2b39479d8262a8c816dfff4e - - default default] 10.0.0.178 "GET /v2.0/security-groups HTTP/1.1" status: 200 len: 2996 time: 0.0266113
2026-08-26 01:34:48.016 10 INFO neutron.wsgi [None req-90e12bf8-5bf2-4cac-a9d3-7343b9117273 e72254ecbc8f448086104ec0e01f80f7 35d1885d2b39479d8262a8c816dfff4e - - default default] 10.0.0.178 "GET /v2.0/security-groups HTTP/1.1" status: 200 len: 2996 time: 0.0321357
2026-08-26 01:34:48.291 9 INFO neutron.db.ovn_revision_numbers_db [None req-e37f8f69-8fe7-43d9-8ad4-59e7eb830f8e 01956b91ee9a4420b2e443dcd58ae257 e1a7606e233c49189a3afb5ca3fdd209 - - default default] Successfully bumped revision number for resource 82875a69-6134-4f0a-a12d-2535118b184e (type: ports) to 2
2026-08-26 01:34:48.346 9 INFO neutron.db.ovn_revision_numbers_db [None req-e37f8f69-8fe7-43d9-8ad4-59e7eb830f8e 01956b91ee9a4420b2e443dcd58ae257 e1a7606e233c49189a3afb5ca3fdd209 - - default default] Successfully bumped revision number for resource aa7571c8-062b-49d7-870c-c08f869a2859 (type: subnets) to 0
2026-08-26 01:34:48.362 9 INFO neutron.wsgi [None req-e37f8f69-8fe7-43d9-8ad4-59e7eb830f8e 01956b91ee9a4420b2e443dcd58ae257 e1a7606e233c49189a3afb5ca3fdd209 - - default default] 10.0.0.178 "POST /v2.0/subnets HTTP/1.1" status: 201 len: 801 time: 0.7941480
2026-08-26 01:34:48.549 9 INFO neutron.db.ovn_revision_numbers_db [None req-4552bdce-0b9b-4f81-ad80-07fac6bff9c7 01956b91ee9a4420b2e443dcd58ae257 e1a7606e233c49189a3afb5ca3fdd209 - - default default] Successfully bumped revision number for resource d92cdd2b-5a0b-4959-82b0-1a71658a8d77 (type: routers) to 1
2026-08-26 01:34:48.568 9 INFO neutron.wsgi [None req-4552bdce-0b9b-4f81-ad80-07fac6bff9c7 01956b91ee9a4420b2e443dcd58ae257 e1a7606e233c49189a3afb5ca3fdd209 - - default default] 10.0.0.178 "POST /v2.0/routers HTTP/1.1" status: 201 len: 687 time: 0.1974237
2026-08-26 01:34:48.714 10 INFO neutron.wsgi [None req-a86e6ba2-8fc3-4724-b3f6-13c1b2106e43 14a5bbbbe17e4a5caa9185f582a358e0 1d20d688d1f941db8581da66dcb5e9db - - default default] 10.0.0.178 "GET /v2.0/security-groups?tenant_id=35d1885d2b39479d8262a8c816dfff4e&name=default HTTP/1.1" status: 200 len: 2996 time: 0.2433906
2026-08-26 01:34:48.948 9 INFO neutron.wsgi [None req-b9046dfa-0f33-4459-a026-7a6ef420681d 14a5bbbbe17e4a5caa9185f582a358e0 1d20d688d1f941db8581da66dcb5e9db - - default default] 10.0.0.178 "DELETE /v2.0/security-groups/2533be3e-791e-4d11-810a-2073a674e94d HTTP/1.1" status: 204 len: 168 time: 0.2296078
2026-08-26 01:34:49.021 10 WARNING neutron.scheduler.dhcp_agent_scheduler [None req-0c598d40-f986-4862-985e-8408388e191f 01956b91ee9a4420b2e443dcd58ae257 e1a7606e233c49189a3afb5ca3fdd209 - - default default] No more DHCP agents
2026-08-26 01:34:49.024 10 WARNING neutron.api.rpc.agentnotifiers.dhcp_rpc_agent_api [None req-0c598d40-f986-4862-985e-8408388e191f 01956b91ee9a4420b2e443dcd58ae257 e1a7606e233c49189a3afb5ca3fdd209 - - default default] Unable to schedule network 640e42d8-75a5-45c1-a5f9-7b63c337d95a: no agents available; will retry on subsequent port and subnet creation events.
2026-08-26 01:34:49.149 10 INFO neutron.db.ovn_revision_numbers_db [None req-0c598d40-f986-4862-985e-8408388e191f 01956b91ee9a4420b2e443dcd58ae257 e1a7606e233c49189a3afb5ca3fdd209 - - default default] Successfully bumped revision number for resource 88628905-d6f8-4073-8cca-6aba3c2fe098 (type: ports) to 1
2026-08-26 01:34:49.546 10 INFO neutron.plugins.ml2.drivers.ovn.mech_driver.mech_driver [None req-435eb9db-07de-4c7a-a677-6d05d7c7e294 - - - - - -] OVN reports status up for port: 88628905-d6f8-4073-8cca-6aba3c2fe098
2026-08-26 01:34:49.567 10 INFO neutron.plugins.ml2.plugin [None req-435eb9db-07de-4c7a-a677-6d05d7c7e294 - - - - - -] Attempt 1 to provision port 88628905-d6f8-4073-8cca-6aba3c2fe098
2026-08-26 01:34:49.596 10 INFO neutron.db.ovn_revision_numbers_db [None req-0c598d40-f986-4862-985e-8408388e191f 01956b91ee9a4420b2e443dcd58ae257 e1a7606e233c49189a3afb5ca3fdd209 - - default default] Successfully bumped revision number for resource 88628905-d6f8-4073-8cca-6aba3c2fe098 (type: router_ports) to 1
2026-08-26 01:34:49.841 10 INFO neutron.db.ovn_revision_numbers_db [None req-0c598d40-f986-4862-985e-8408388e191f 01956b91ee9a4420b2e443dcd58ae257 e1a7606e233c49189a3afb5ca3fdd209 - - default default] Successfully bumped revision number for resource 88628905-d6f8-4073-8cca-6aba3c2fe098 (type: ports) to 1
2026-08-26 01:34:49.914 10 INFO neutron.db.ovn_revision_numbers_db [None req-435eb9db-07de-4c7a-a677-6d05d7c7e294 - - - - - -] Successfully bumped revision number for resource 88628905-d6f8-4073-8cca-6aba3c2fe098 (type: ports) to 2
2026-08-26 01:34:49.917 10 WARNING neutron.scheduler.dhcp_agent_scheduler [None req-0c598d40-f986-4862-985e-8408388e191f 01956b91ee9a4420b2e443dcd58ae257 e1a7606e233c49189a3afb5ca3fdd209 - - default default] No more DHCP agents
2026-08-26 01:34:49.918 10 WARNING neutron.api.rpc.agentnotifiers.dhcp_rpc_agent_api [None req-0c598d40-f986-4862-985e-8408388e191f 01956b91ee9a4420b2e443dcd58ae257 e1a7606e233c49189a3afb5ca3fdd209 - - default default] Unable to schedule network 640e42d8-75a5-45c1-a5f9-7b63c337d95a: no agents available; will retry on subsequent port and subnet creation events.
2026-08-26 01:34:49.974 9 INFO neutron.wsgi [-] 10.0.0.183 "GET / HTTP/1.1" status: 200 len: 247 time: 0.0020156
2026-08-26 01:34:49.976 9 INFO neutron.wsgi [-] 10.0.0.183 "GET / HTTP/1.1" status: 200 len: 247 time: 0.0020928
2026-08-26 01:34:50.101 10 INFO neutron.db.ovn_revision_numbers_db [None req-435eb9db-07de-4c7a-a677-6d05d7c7e294 - - - - - -] Successfully bumped revision number for resource 88628905-d6f8-4073-8cca-6aba3c2fe098 (type: router_ports) to 2
2026-08-26 01:34:50.156 10 INFO neutron.db.ovn_revision_numbers_db [None req-0c598d40-f986-4862-985e-8408388e191f 01956b91ee9a4420b2e443dcd58ae257 e1a7606e233c49189a3afb5ca3fdd209 - - default default] Successfully bumped revision number for resource 88628905-d6f8-4073-8cca-6aba3c2fe098 (type: router_ports) to 2
2026-08-26 01:34:50.158 10 INFO neutron.wsgi [None req-0c598d40-f986-4862-985e-8408388e191f 01956b91ee9a4420b2e443dcd58ae257 e1a7606e233c49189a3afb5ca3fdd209 - - default default] 10.0.0.178 "PUT /v2.0/routers/d92cdd2b-5a0b-4959-82b0-1a71658a8d77/add_router_interface HTTP/1.1" status: 200 len: 503 time: 1.5839586
2026-08-26 01:34:50.195 9 INFO neutron.wsgi [None req-cfced520-bdc7-4326-9b7a-1ca1e1f9e9c3 01956b91ee9a4420b2e443dcd58ae257 e1a7606e233c49189a3afb5ca3fdd209 - - default default] 10.0.0.178 "GET /v2.0/ports/88628905-d6f8-4073-8cca-6aba3c2fe098 HTTP/1.1" status: 200 len: 1137 time: 0.0326083
2026-08-26 01:34:50.986 9 WARNING neutron.scheduler.dhcp_agent_scheduler [None req-304f5dc9-8caa-40ed-94d3-5d9b45fe3b12 01956b91ee9a4420b2e443dcd58ae257 e1a7606e233c49189a3afb5ca3fdd209 - - default default] No more DHCP agents
2026-08-26 01:34:50.990 9 WARNING neutron.api.rpc.agentnotifiers.dhcp_rpc_agent_api [None req-304f5dc9-8caa-40ed-94d3-5d9b45fe3b12 01956b91ee9a4420b2e443dcd58ae257 e1a7606e233c49189a3afb5ca3fdd209 - - default default] Unable to schedule network d7253c18-be27-4623-b013-47d004d05f22: no agents available; will retry on subsequent port and subnet creation events.
2026-08-26 01:34:51.181 9 INFO neutron.wsgi [None req-21a0513f-1538-4c81-86f3-e1a2aa4b954e a732e190997043339639768729c6fcd6 69ba410076204570a240626ea5770ebb - - default default] 10.0.0.178 "POST /v2.0/subnetpools HTTP/1.1" status: 201 len: 747 time: 0.3568203
2026-08-26 01:34:51.207 9 INFO neutron.db.ovn_revision_numbers_db [None req-304f5dc9-8caa-40ed-94d3-5d9b45fe3b12 01956b91ee9a4420b2e443dcd58ae257 e1a7606e233c49189a3afb5ca3fdd209 - - default default] Successfully bumped revision number for resource f4731ff9-12d7-4654-bd14-a2cdf5d1ac96 (type: ports) to 1
2026-08-26 01:34:51.209 10 INFO neutron.wsgi [None req-8d8f4318-2bb2-4676-b0fa-85e816bed551 a732e190997043339639768729c6fcd6 69ba410076204570a240626ea5770ebb - - default default] 10.0.0.178 "GET /v2.0/subnetpools/e1a37b2c-f03a-40b3-a5de-f32cb575d27a HTTP/1.1" status: 200 len: 742 time: 0.0223961
2026-08-26 01:34:51.633 10 INFO neutron.wsgi [None req-5f03fc65-71a8-40d7-906d-30ecb964d3ff a732e190997043339639768729c6fcd6 69ba410076204570a240626ea5770ebb - - default default] 10.0.0.178 "PUT /v2.0/subnetpools/e1a37b2c-f03a-40b3-a5de-f32cb575d27a HTTP/1.1" status: 200 len: 695 time: 0.4199483
2026-08-26 01:34:51.658 9 INFO neutron.plugins.ml2.drivers.ovn.mech_driver.mech_driver [None req-dbd92cae-e408-4fb9-8fed-7a72a72e573c - - - - - -] OVN reports status up for port: f4731ff9-12d7-4654-bd14-a2cdf5d1ac96
2026-08-26 01:34:51.676 9 INFO neutron.plugins.ml2.plugin [None req-dbd92cae-e408-4fb9-8fed-7a72a72e573c - - - - - -] Attempt 1 to provision port f4731ff9-12d7-4654-bd14-a2cdf5d1ac96
2026-08-26 01:34:51.708 9 INFO neutron.db.ovn_revision_numbers_db [None req-304f5dc9-8caa-40ed-94d3-5d9b45fe3b12 01956b91ee9a4420b2e443dcd58ae257 e1a7606e233c49189a3afb5ca3fdd209 - - default default] Successfully bumped revision number for resource f4731ff9-12d7-4654-bd14-a2cdf5d1ac96 (type: router_ports) to 1
2026-08-26 01:34:51.749 10 INFO neutron.wsgi [None req-235f4a9d-d6e7-4cb8-9cfc-2bd0b3173e6e a732e190997043339639768729c6fcd6 69ba410076204570a240626ea5770ebb - - default default] 10.0.0.178 "DELETE /v2.0/subnetpools/e1a37b2c-f03a-40b3-a5de-f32cb575d27a HTTP/1.1" status: 204 len: 168 time: 0.1101565
2026-08-26 01:34:51.778 9 INFO neutron.api.v2.resource [None req-c5c27e58-8418-4e2e-9367-60d6397bca85 a732e190997043339639768729c6fcd6 69ba410076204570a240626ea5770ebb - - default default] show failed (client error): The resource could not be found.
2026-08-26 01:34:51.779 9 INFO neutron.wsgi [None req-c5c27e58-8418-4e2e-9367-60d6397bca85 a732e190997043339639768729c6fcd6 69ba410076204570a240626ea5770ebb - - default default] 10.0.0.178 "GET /v2.0/subnetpools/e1a37b2c-f03a-40b3-a5de-f32cb575d27a HTTP/1.1" status: 404 len: 346 time: 0.0233858
2026-08-26 01:34:51.797 10 INFO neutron.api.v2.resource [None req-12e557b0-c3ee-45a2-a3b0-94fbf1bd6b16 a732e190997043339639768729c6fcd6 69ba410076204570a240626ea5770ebb - - default default] delete failed (client error): The resource could not be found.
2026-08-26 01:34:51.798 10 INFO neutron.wsgi [None req-12e557b0-c3ee-45a2-a3b0-94fbf1bd6b16 a732e190997043339639768729c6fcd6 69ba410076204570a240626ea5770ebb - - default default] 10.0.0.178 "DELETE /v2.0/subnetpools/e1a37b2c-f03a-40b3-a5de-f32cb575d27a HTTP/1.1" status: 404 len: 346 time: 0.0145526
2026-08-26 01:34:51.942 9 INFO neutron.db.ovn_revision_numbers_db [None req-304f5dc9-8caa-40ed-94d3-5d9b45fe3b12 01956b91ee9a4420b2e443dcd58ae257 e1a7606e233c49189a3afb5ca3fdd209 - - default default] Successfully bumped revision number for resource f4731ff9-12d7-4654-bd14-a2cdf5d1ac96 (type: ports) to 1
2026-08-26 01:34:52.021 9 WARNING neutron.scheduler.dhcp_agent_scheduler [None req-304f5dc9-8caa-40ed-94d3-5d9b45fe3b12 01956b91ee9a4420b2e443dcd58ae257 e1a7606e233c49189a3afb5ca3fdd209 - - default default] No more DHCP agents
2026-08-26 01:34:52.022 9 WARNING neutron.api.rpc.agentnotifiers.dhcp_rpc_agent_api [None req-304f5dc9-8caa-40ed-94d3-5d9b45fe3b12 01956b91ee9a4420b2e443dcd58ae257 e1a7606e233c49189a3afb5ca3fdd209 - - default default] Unable to schedule network d7253c18-be27-4623-b013-47d004d05f22: no agents available; will retry on subsequent port and subnet creation events.
2026-08-26 01:34:52.125 9 INFO neutron.db.ovn_revision_numbers_db [None req-dbd92cae-e408-4fb9-8fed-7a72a72e573c - - - - - -] Successfully bumped revision number for resource f4731ff9-12d7-4654-bd14-a2cdf5d1ac96 (type: ports) to 2
2026-08-26 01:34:52.245 9 INFO neutron.db.ovn_revision_numbers_db [None req-304f5dc9-8caa-40ed-94d3-5d9b45fe3b12 01956b91ee9a4420b2e443dcd58ae257 e1a7606e233c49189a3afb5ca3fdd209 - - default default] Successfully bumped revision number for resource f4731ff9-12d7-4654-bd14-a2cdf5d1ac96 (type: router_ports) to 2
2026-08-26 01:34:52.248 9 INFO neutron.wsgi [None req-304f5dc9-8caa-40ed-94d3-5d9b45fe3b12 01956b91ee9a4420b2e443dcd58ae257 e1a7606e233c49189a3afb5ca3fdd209 - - default default] 10.0.0.178 "PUT /v2.0/routers/d92cdd2b-5a0b-4959-82b0-1a71658a8d77/add_router_interface HTTP/1.1" status: 200 len: 503 time: 2.0485630
2026-08-26 01:34:52.299 9 INFO neutron.wsgi [None req-d4cfa74c-89ea-4c61-8b6e-67ce03f1d97d 01956b91ee9a4420b2e443dcd58ae257 e1a7606e233c49189a3afb5ca3fdd209 - - default default] 10.0.0.178 "GET /v2.0/ports/f4731ff9-12d7-4654-bd14-a2cdf5d1ac96 HTTP/1.1" status: 200 len: 1137 time: 0.0442262
2026-08-26 01:34:52.394 10 INFO neutron.wsgi [None req-6216015b-2d37-4df7-8eec-b5bea3cfd631 01956b91ee9a4420b2e443dcd58ae257 e1a7606e233c49189a3afb5ca3fdd209 - - default default] 10.0.0.178 "GET /v2.0/ports/f4731ff9-12d7-4654-bd14-a2cdf5d1ac96 HTTP/1.1" status: 200 len: 1137 time: 0.0908511
2026-08-26 01:34:52.694 9 INFO neutron.db.ovn_revision_numbers_db [None req-00c69570-9a1c-46a3-8dc1-fbb58c48cfe8 14a5bbbbe17e4a5caa9185f582a358e0 1d20d688d1f941db8581da66dcb5e9db - - default default] Successfully bumped revision number for resource d5419add-7738-4a99-8f36-7e1216578516 (type: security_groups) to 1
2026-08-26 01:34:52.713 9 INFO neutron.db.ovn_revision_numbers_db [None req-00c69570-9a1c-46a3-8dc1-fbb58c48cfe8 14a5bbbbe17e4a5caa9185f582a358e0 1d20d688d1f941db8581da66dcb5e9db - - default default] Successfully bumped revision number for resource 0af3e1b9-753e-4819-a0ed-020ca650cf8b (type: security_group_rules) to 0
2026-08-26 01:34:52.731 9 INFO neutron.db.ovn_revision_numbers_db [None req-00c69570-9a1c-46a3-8dc1-fbb58c48cfe8 14a5bbbbe17e4a5caa9185f582a358e0 1d20d688d1f941db8581da66dcb5e9db - - default default] Successfully bumped revision number for resource b2057c81-95cc-4053-890c-af81c3d484ec (type: security_group_rules) to 0
2026-08-26 01:34:52.751 9 INFO neutron.db.ovn_revision_numbers_db [None req-00c69570-9a1c-46a3-8dc1-fbb58c48cfe8 14a5bbbbe17e4a5caa9185f582a358e0 1d20d688d1f941db8581da66dcb5e9db - - default default] Successfully bumped revision number for resource b995190b-01bf-4e0d-ad61-707c619a4713 (type: security_group_rules) to 0
2026-08-26 01:34:52.767 9 INFO neutron.db.ovn_revision_numbers_db [None req-00c69570-9a1c-46a3-8dc1-fbb58c48cfe8 14a5bbbbe17e4a5caa9185f582a358e0 1d20d688d1f941db8581da66dcb5e9db - - default default] Successfully bumped revision number for resource f94e0163-9e0f-4050-8adc-5fdf9ac83f01 (type: security_group_rules) to 0
2026-08-26 01:34:52.790 9 INFO neutron.wsgi [None req-00c69570-9a1c-46a3-8dc1-fbb58c48cfe8 14a5bbbbe17e4a5caa9185f582a358e0 1d20d688d1f941db8581da66dcb5e9db - - default default] 10.0.0.178 "GET /v2.0/security-groups?tenant_id=69ba410076204570a240626ea5770ebb&name=default HTTP/1.1" status: 200 len: 2996 time: 0.4404790
2026-08-26 01:34:53.015 9 INFO neutron.wsgi [None req-c4ce7cc0-e6bd-407e-accd-dd2733a1b5ab 14a5bbbbe17e4a5caa9185f582a358e0 1d20d688d1f941db8581da66dcb5e9db - - default default] 10.0.0.178 "DELETE /v2.0/security-groups/d5419add-7738-4a99-8f36-7e1216578516 HTTP/1.1" status: 204 len: 168 time: 0.2209945
2026-08-26 01:34:53.118 10 INFO neutron.wsgi [None req-7caa3d40-1ae0-4c8c-848a-4cc17f0973cc 01956b91ee9a4420b2e443dcd58ae257 e1a7606e233c49189a3afb5ca3fdd209 - - default default] 10.0.0.178 "PUT /v2.0/routers/d92cdd2b-5a0b-4959-82b0-1a71658a8d77/remove_router_interface HTTP/1.1" status: 200 len: 503 time: 0.7189567
2026-08-26 01:34:53.229 9 INFO neutron.wsgi [None req-7ef91faf-e90b-4fe9-b9cc-3826edff4128 01956b91ee9a4420b2e443dcd58ae257 e1a7606e233c49189a3afb5ca3fdd209 - - default default] 10.0.0.178 "GET /v2.0/ports/88628905-d6f8-4073-8cca-6aba3c2fe098 HTTP/1.1" status: 200 len: 1137 time: 0.1058059 /var/lib/openstack/lib/python3.10/site-packages/pycadf/identifier.py:71: UserWarning: Invalid uuid: neutron. To ensure interoperability, identifiers should be a valid uuid. warnings.warn(('Invalid uuid: %s. To ensure interoperability, '
2026-08-26 01:34:53.715 10 INFO neutron.db.ovn_revision_numbers_db [None req-c934d15a-90bc-4975-995a-9d7cad6788f8 14a5bbbbe17e4a5caa9185f582a358e0 1d20d688d1f941db8581da66dcb5e9db - - default default] Successfully bumped revision number for resource a1ccf2d1-630f-4ec3-8294-3726f66b6bf0 (type: security_groups) to 1
2026-08-26 01:34:53.736 10 INFO neutron.db.ovn_revision_numbers_db [None req-c934d15a-90bc-4975-995a-9d7cad6788f8 14a5bbbbe17e4a5caa9185f582a358e0 1d20d688d1f941db8581da66dcb5e9db - - default default] Successfully bumped revision number for resource 485140f0-d22c-45c5-8298-363f26d5ae36 (type: security_group_rules) to 0
2026-08-26 01:34:53.767 10 INFO neutron.db.ovn_revision_numbers_db [None req-c934d15a-90bc-4975-995a-9d7cad6788f8 14a5bbbbe17e4a5caa9185f582a358e0 1d20d688d1f941db8581da66dcb5e9db - - default default] Successfully bumped revision number for resource 5e25fd30-dd5b-452b-9636-bc2105c37a9d (type: security_group_rules) to 0
2026-08-26 01:34:53.795 10 INFO neutron.db.ovn_revision_numbers_db [None req-c934d15a-90bc-4975-995a-9d7cad6788f8 14a5bbbbe17e4a5caa9185f582a358e0 1d20d688d1f941db8581da66dcb5e9db - - default default] Successfully bumped revision number for resource 93f9cf65-e1b1-41b7-a4c3-903d34b9ce03 (type: security_group_rules) to 0
2026-08-26 01:34:53.813 10 INFO neutron.db.ovn_revision_numbers_db [None req-c934d15a-90bc-4975-995a-9d7cad6788f8 14a5bbbbe17e4a5caa9185f582a358e0 1d20d688d1f941db8581da66dcb5e9db - - default default] Successfully bumped revision number for resource d0797eec-5958-474c-8b36-abbe97948495 (type: security_group_rules) to 0
2026-08-26 01:34:53.856 10 INFO neutron.wsgi [None req-c934d15a-90bc-4975-995a-9d7cad6788f8 14a5bbbbe17e4a5caa9185f582a358e0 1d20d688d1f941db8581da66dcb5e9db - - default default] 10.0.0.178 "GET /v2.0/security-groups?tenant_id=7e0aef355a1145c08c2c3c34e3789990&name=default HTTP/1.1" status: 200 len: 2996 time: 0.3592613
2026-08-26 01:34:53.953 9 INFO neutron.wsgi [None req-38bf4827-af93-4deb-b95e-840561fa1899 01956b91ee9a4420b2e443dcd58ae257 e1a7606e233c49189a3afb5ca3fdd209 - - default default] 10.0.0.178 "PUT /v2.0/routers/d92cdd2b-5a0b-4959-82b0-1a71658a8d77/remove_router_interface HTTP/1.1" status: 200 len: 503 time: 0.7167027 /var/lib/openstack/lib/python3.10/site-packages/pycadf/identifier.py:71: UserWarning: Invalid uuid: neutron. To ensure interoperability, identifiers should be a valid uuid. warnings.warn(('Invalid uuid: %s. To ensure interoperability, '
