2026-08-26 01:34:26.868 9 WARNING neutron.scheduler.dhcp_agent_scheduler [None req-af50ef2d-430d-4b51-a9f7-c87c5256786e 14a5bbbbe17e4a5caa9185f582a358e0 1d20d688d1f941db8581da66dcb5e9db - - default default] No more DHCP agents
2026-08-26 01:34:26.874 9 WARNING neutron.api.rpc.agentnotifiers.dhcp_rpc_agent_api [None req-af50ef2d-430d-4b51-a9f7-c87c5256786e 14a5bbbbe17e4a5caa9185f582a358e0 1d20d688d1f941db8581da66dcb5e9db - - default default] Unable to schedule network 415ffb59-4738-4fc9-b964-7a656a47f54d: no agents available; will retry on subsequent port and subnet creation events.
2026-08-26 01:34:27.065 9 INFO neutron.db.ovn_revision_numbers_db [None req-af50ef2d-430d-4b51-a9f7-c87c5256786e 14a5bbbbe17e4a5caa9185f582a358e0 1d20d688d1f941db8581da66dcb5e9db - - default default] Successfully bumped revision number for resource b0a1cf4e-0053-442e-aafa-1e224caa254d (type: ports) to 1
2026-08-26 01:34:27.291 10 INFO neutron.wsgi [None req-6d2f0987-c72b-47fd-b966-f45399faf711 14a5bbbbe17e4a5caa9185f582a358e0 1d20d688d1f941db8581da66dcb5e9db - - default default] 10.0.0.178 "GET /v2.0/security-groups?tenant_id=dada7669e482439a8ccd78e47641e7f6&name=default HTTP/1.1" status: 200 len: 2996 time: 0.1913309
2026-08-26 01:34:27.481 10 INFO neutron.wsgi [None req-c2589a42-7c98-4595-88bd-57da8513984b 14a5bbbbe17e4a5caa9185f582a358e0 1d20d688d1f941db8581da66dcb5e9db - - default default] 10.0.0.178 "DELETE /v2.0/security-groups/80b58c20-7bbe-4989-b8c5-5dcd4c9715f9 HTTP/1.1" status: 204 len: 168 time: 0.1850102
2026-08-26 01:34:27.612 9 INFO neutron.plugins.ml2.drivers.ovn.mech_driver.mech_driver [None req-dbd92cae-e408-4fb9-8fed-7a72a72e573c - - - - - -] OVN reports status up for port: b0a1cf4e-0053-442e-aafa-1e224caa254d
2026-08-26 01:34:27.633 9 INFO neutron.plugins.ml2.drivers.ovn.mech_driver.ovsdb.ovsdb_monitor [None req-4100bb7d-a654-4c16-a0be-4c663c9a151d - - - - - -] Router a5b768fd-30de-40d5-abc4-ca4644ca32b6 is bound to host instance
2026-08-26 01:34:27.634 9 INFO neutron.plugins.ml2.plugin [None req-dbd92cae-e408-4fb9-8fed-7a72a72e573c - - - - - -] Attempt 1 to provision port b0a1cf4e-0053-442e-aafa-1e224caa254d
2026-08-26 01:34:27.663 9 INFO neutron.db.ovn_revision_numbers_db [None req-af50ef2d-430d-4b51-a9f7-c87c5256786e 14a5bbbbe17e4a5caa9185f582a358e0 1d20d688d1f941db8581da66dcb5e9db - - default default] Successfully bumped revision number for resource b0a1cf4e-0053-442e-aafa-1e224caa254d (type: router_ports) to 1
2026-08-26 01:34:27.761 9 INFO neutron.db.ovn_revision_numbers_db [None req-af50ef2d-430d-4b51-a9f7-c87c5256786e 14a5bbbbe17e4a5caa9185f582a358e0 1d20d688d1f941db8581da66dcb5e9db - - default default] Successfully bumped revision number for resource a5b768fd-30de-40d5-abc4-ca4644ca32b6 (type: routers) to 2
2026-08-26 01:34:27.782 9 INFO neutron.wsgi [None req-af50ef2d-430d-4b51-a9f7-c87c5256786e 14a5bbbbe17e4a5caa9185f582a358e0 1d20d688d1f941db8581da66dcb5e9db - - default default] 10.0.0.178 "POST /v2.0/routers HTTP/1.1" status: 201 len: 871 time: 1.4437244
2026-08-26 01:34:27.810 10 INFO neutron.services.segments.plugin [-] Segment 60cd34d8-fa93-43d5-b5bb-ffee4cb030ac resource provider aggregate not found
2026-08-26 01:34:27.817 10 INFO neutron.services.segments.plugin [-] Segment 60cd34d8-fa93-43d5-b5bb-ffee4cb030ac resource provider aggregate not found
2026-08-26 01:34:27.830 10 INFO neutron.services.segments.plugin [-] Segment 60cd34d8-fa93-43d5-b5bb-ffee4cb030ac resource provider not found; error: Placement Client Error (4xx): {"errors": [{"status": 404, "title": "Not Found", "detail": "The resource could not be found.\n\n No resource provider with uuid 60cd34d8-fa93-43d5-b5bb-ffee4cb030ac found for delete ", "request_id": "req-4d2e161a-fe26-4e27-8773-77b5d586b98e"}]}
2026-08-26 01:34:27.838 10 INFO neutron.services.segments.plugin [-] Segment 60cd34d8-fa93-43d5-b5bb-ffee4cb030ac resource provider not found; error: Placement Client Error (4xx): {"errors": [{"status": 404, "title": "Not Found", "detail": "The resource could not be found.\n\n No resource provider with uuid 60cd34d8-fa93-43d5-b5bb-ffee4cb030ac found for delete ", "request_id": "req-f91ae499-be70-45fd-a531-98e5d87647d3"}]}
2026-08-26 01:34:27.849 10 INFO neutron.services.segments.plugin [-] Segment 280abcf8-4618-49d4-9ccf-c5250b0846ca resource provider aggregate not found
2026-08-26 01:34:27.854 10 INFO neutron.services.segments.plugin [-] Segment 280abcf8-4618-49d4-9ccf-c5250b0846ca resource provider aggregate not found
2026-08-26 01:34:27.867 10 INFO neutron.services.segments.plugin [-] Segment 280abcf8-4618-49d4-9ccf-c5250b0846ca resource provider not found; error: Placement Client Error (4xx): {"errors": [{"status": 404, "title": "Not Found", "detail": "The resource could not be found.\n\n No resource provider with uuid 280abcf8-4618-49d4-9ccf-c5250b0846ca found for delete ", "request_id": "req-d7fea7c3-a680-49dd-8a9e-fbef2143619f"}]}
2026-08-26 01:34:27.871 10 INFO neutron.services.segments.plugin [-] Segment 280abcf8-4618-49d4-9ccf-c5250b0846ca resource provider not found; error: Placement Client Error (4xx): {"errors": [{"status": 404, "title": "Not Found", "detail": "The resource could not be found.\n\n No resource provider with uuid 280abcf8-4618-49d4-9ccf-c5250b0846ca found for delete ", "request_id": "req-c761b9d3-9f07-453b-8e14-94895a662783"}]}
2026-08-26 01:34:28.502 9 INFO neutron.db.ovn_revision_numbers_db [None req-4100bb7d-a654-4c16-a0be-4c663c9a151d - - - - - -] Successfully bumped revision number for resource b0a1cf4e-0053-442e-aafa-1e224caa254d (type: ports) to 1
2026-08-26 01:34:28.517 9 WARNING neutron.scheduler.dhcp_agent_scheduler [None req-502c984f-b6ba-4c50-bd3a-d0751e765652 14a5bbbbe17e4a5caa9185f582a358e0 1d20d688d1f941db8581da66dcb5e9db - - default default] No more DHCP agents
2026-08-26 01:34:28.519 9 WARNING neutron.api.rpc.agentnotifiers.dhcp_rpc_agent_api [None req-502c984f-b6ba-4c50-bd3a-d0751e765652 14a5bbbbe17e4a5caa9185f582a358e0 1d20d688d1f941db8581da66dcb5e9db - - default default] Unable to schedule network 457a813c-702a-4e33-b34f-89f697c84f57: no agents available; will retry on subsequent port and subnet creation events.
2026-08-26 01:34:28.733 9 INFO neutron.db.ovn_revision_numbers_db [None req-502c984f-b6ba-4c50-bd3a-d0751e765652 14a5bbbbe17e4a5caa9185f582a358e0 1d20d688d1f941db8581da66dcb5e9db - - default default] Successfully bumped revision number for resource 579aafdd-2a26-445d-96a2-df5a5da00958 (type: ports) to 1
2026-08-26 01:34:28.900 9 INFO neutron.db.ovn_revision_numbers_db [None req-4100bb7d-a654-4c16-a0be-4c663c9a151d - - - - - -] Successfully bumped revision number for resource b0a1cf4e-0053-442e-aafa-1e224caa254d (type: router_ports) to 3
2026-08-26 01:34:29.075 9 INFO neutron.db.ovn_revision_numbers_db [None req-4100bb7d-a654-4c16-a0be-4c663c9a151d - - - - - -] Successfully bumped revision number for resource b0a1cf4e-0053-442e-aafa-1e224caa254d (type: ports) to 2
2026-08-26 01:34:29.188 10 INFO neutron.db.ovn_revision_numbers_db [None req-333daf0d-2b8b-45df-bbf7-4a4f0b122925 14a5bbbbe17e4a5caa9185f582a358e0 1d20d688d1f941db8581da66dcb5e9db - - default default] Successfully bumped revision number for resource f8707b5b-3e22-4de9-b760-b7f0a35f140f (type: security_groups) to 1
2026-08-26 01:34:29.204 10 INFO neutron.db.ovn_revision_numbers_db [None req-333daf0d-2b8b-45df-bbf7-4a4f0b122925 14a5bbbbe17e4a5caa9185f582a358e0 1d20d688d1f941db8581da66dcb5e9db - - default default] Successfully bumped revision number for resource 778f1dd9-30e6-4f15-97e1-7451d8be1719 (type: security_group_rules) to 0
2026-08-26 01:34:29.222 10 INFO neutron.db.ovn_revision_numbers_db [None req-333daf0d-2b8b-45df-bbf7-4a4f0b122925 14a5bbbbe17e4a5caa9185f582a358e0 1d20d688d1f941db8581da66dcb5e9db - - default default] Successfully bumped revision number for resource a67b2d55-c3b5-4fac-8751-c2c1e5a5bd70 (type: security_group_rules) to 0
2026-08-26 01:34:29.237 10 INFO neutron.db.ovn_revision_numbers_db [None req-333daf0d-2b8b-45df-bbf7-4a4f0b122925 14a5bbbbe17e4a5caa9185f582a358e0 1d20d688d1f941db8581da66dcb5e9db - - default default] Successfully bumped revision number for resource ba759d6b-2fbe-496e-ae95-9386aeb370c2 (type: security_group_rules) to 0
2026-08-26 01:34:29.249 10 INFO neutron.db.ovn_revision_numbers_db [None req-333daf0d-2b8b-45df-bbf7-4a4f0b122925 14a5bbbbe17e4a5caa9185f582a358e0 1d20d688d1f941db8581da66dcb5e9db - - default default] Successfully bumped revision number for resource f0c3e53a-3b69-4380-8f1d-a6ff0f00a465 (type: security_group_rules) to 0
2026-08-26 01:34:29.269 10 INFO neutron.wsgi [None req-333daf0d-2b8b-45df-bbf7-4a4f0b122925 14a5bbbbe17e4a5caa9185f582a358e0 1d20d688d1f941db8581da66dcb5e9db - - default default] 10.0.0.178 "GET /v2.0/security-groups?tenant_id=e8a5575127984767b49b460ca89e7177&name=default HTTP/1.1" status: 200 len: 2996 time: 0.4592180
2026-08-26 01:34:29.325 9 INFO neutron.db.ovn_revision_numbers_db [None req-502c984f-b6ba-4c50-bd3a-d0751e765652 14a5bbbbe17e4a5caa9185f582a358e0 1d20d688d1f941db8581da66dcb5e9db - - default default] Successfully bumped revision number for resource 579aafdd-2a26-445d-96a2-df5a5da00958 (type: router_ports) to 1
2026-08-26 01:34:29.380 9 INFO neutron.db.ovn_revision_numbers_db [None req-4100bb7d-a654-4c16-a0be-4c663c9a151d - - - - - -] Successfully bumped revision number for resource b0a1cf4e-0053-442e-aafa-1e224caa254d (type: ports) to 4
2026-08-26 01:34:29.476 10 INFO neutron.db.ovn_revision_numbers_db [None req-de09eb7d-5606-46c8-b5a4-9bdecb78bfa8 7313055bc7c746f3ae6d7d1953e34aa3 84783b9d0f094e079f7e48891414877e - - default default] Successfully bumped revision number for resource 03b7cc1c-50e6-47bb-b5ac-d661c5f3aa10 (type: security_groups) to 1
2026-08-26 01:34:29.502 10 INFO neutron.wsgi [None req-9b7518eb-a730-4be9-ad11-6e44a281f7c8 14a5bbbbe17e4a5caa9185f582a358e0 1d20d688d1f941db8581da66dcb5e9db - - default default] 10.0.0.178 "DELETE /v2.0/security-groups/f8707b5b-3e22-4de9-b760-b7f0a35f140f HTTP/1.1" status: 204 len: 168 time: 0.2263870
2026-08-26 01:34:29.504 10 INFO neutron.db.ovn_revision_numbers_db [None req-de09eb7d-5606-46c8-b5a4-9bdecb78bfa8 7313055bc7c746f3ae6d7d1953e34aa3 84783b9d0f094e079f7e48891414877e - - default default] Successfully bumped revision number for resource 080c47b4-c82f-4b7e-8d5a-a7bcf4e6f521 (type: security_group_rules) to 0
2026-08-26 01:34:29.516 10 INFO neutron.db.ovn_revision_numbers_db [None req-de09eb7d-5606-46c8-b5a4-9bdecb78bfa8 7313055bc7c746f3ae6d7d1953e34aa3 84783b9d0f094e079f7e48891414877e - - default default] Successfully bumped revision number for resource 7e3288a1-94b4-4069-a7a0-ab4c5c490537 (type: security_group_rules) to 0
2026-08-26 01:34:29.543 10 INFO neutron.db.ovn_revision_numbers_db [None req-de09eb7d-5606-46c8-b5a4-9bdecb78bfa8 7313055bc7c746f3ae6d7d1953e34aa3 84783b9d0f094e079f7e48891414877e - - default default] Successfully bumped revision number for resource d5e96ce1-e132-4c77-83e0-4204fc384297 (type: security_group_rules) to 0
2026-08-26 01:34:29.557 9 INFO neutron.db.ovn_revision_numbers_db [None req-502c984f-b6ba-4c50-bd3a-d0751e765652 14a5bbbbe17e4a5caa9185f582a358e0 1d20d688d1f941db8581da66dcb5e9db - - default default] Successfully bumped revision number for resource 579aafdd-2a26-445d-96a2-df5a5da00958 (type: ports) to 1
2026-08-26 01:34:29.559 10 INFO neutron.db.ovn_revision_numbers_db [None req-de09eb7d-5606-46c8-b5a4-9bdecb78bfa8 7313055bc7c746f3ae6d7d1953e34aa3 84783b9d0f094e079f7e48891414877e - - default default] Successfully bumped revision number for resource ede7fc01-a0ed-456a-9e90-427d4b704de3 (type: security_group_rules) to 0
2026-08-26 01:34:29.625 10 INFO neutron.db.segments_db [None req-de09eb7d-5606-46c8-b5a4-9bdecb78bfa8 7313055bc7c746f3ae6d7d1953e34aa3 84783b9d0f094e079f7e48891414877e - - default default] Added segment b94bf97a-c45a-46c9-a490-3b1ff2f0b050 of type geneve for network 178b65f8-9ed2-48a0-9885-e85bdd07f22d
2026-08-26 01:34:29.658 9 WARNING neutron.scheduler.dhcp_agent_scheduler [None req-502c984f-b6ba-4c50-bd3a-d0751e765652 14a5bbbbe17e4a5caa9185f582a358e0 1d20d688d1f941db8581da66dcb5e9db - - default default] No more DHCP agents
2026-08-26 01:34:29.659 9 WARNING neutron.api.rpc.agentnotifiers.dhcp_rpc_agent_api [None req-502c984f-b6ba-4c50-bd3a-d0751e765652 14a5bbbbe17e4a5caa9185f582a358e0 1d20d688d1f941db8581da66dcb5e9db - - default default] Unable to schedule network 457a813c-702a-4e33-b34f-89f697c84f57: no agents available; will retry on subsequent port and subnet creation events.
2026-08-26 01:34:29.760 9 INFO neutron.db.ovn_revision_numbers_db [None req-4100bb7d-a654-4c16-a0be-4c663c9a151d - - - - - -] Successfully bumped revision number for resource b0a1cf4e-0053-442e-aafa-1e224caa254d (type: router_ports) to 4
2026-08-26 01:34:29.785 10 INFO neutron.db.ovn_revision_numbers_db [None req-de09eb7d-5606-46c8-b5a4-9bdecb78bfa8 7313055bc7c746f3ae6d7d1953e34aa3 84783b9d0f094e079f7e48891414877e - - default default] Successfully bumped revision number for resource 178b65f8-9ed2-48a0-9885-e85bdd07f22d (type: networks) to 1
2026-08-26 01:34:29.963 10 WARNING neutron.scheduler.dhcp_agent_scheduler [None req-de09eb7d-5606-46c8-b5a4-9bdecb78bfa8 7313055bc7c746f3ae6d7d1953e34aa3 84783b9d0f094e079f7e48891414877e - - default default] No more DHCP agents
2026-08-26 01:34:29.965 10 WARNING neutron.api.rpc.agentnotifiers.dhcp_rpc_agent_api [None req-de09eb7d-5606-46c8-b5a4-9bdecb78bfa8 7313055bc7c746f3ae6d7d1953e34aa3 84783b9d0f094e079f7e48891414877e - - default default] Unable to schedule network 178b65f8-9ed2-48a0-9885-e85bdd07f22d: no agents available; will retry on subsequent port and subnet creation events.
2026-08-26 01:34:30.039 10 INFO neutron.db.ovn_revision_numbers_db [None req-de09eb7d-5606-46c8-b5a4-9bdecb78bfa8 7313055bc7c746f3ae6d7d1953e34aa3 84783b9d0f094e079f7e48891414877e - - default default] Successfully bumped revision number for resource d20e5e35-8d70-4af6-99f1-217f57a4e6b5 (type: ports) to 1
2026-08-26 01:34:30.061 10 INFO neutron.wsgi [None req-de09eb7d-5606-46c8-b5a4-9bdecb78bfa8 7313055bc7c746f3ae6d7d1953e34aa3 84783b9d0f094e079f7e48891414877e - - default default] 10.0.0.178 "POST /v2.0/networks HTTP/1.1" status: 201 len: 844 time: 0.7699265
2026-08-26 01:34:30.252 9 INFO neutron.db.ovn_revision_numbers_db [None req-502c984f-b6ba-4c50-bd3a-d0751e765652 14a5bbbbe17e4a5caa9185f582a358e0 1d20d688d1f941db8581da66dcb5e9db - - default default] Successfully bumped revision number for resource 579aafdd-2a26-445d-96a2-df5a5da00958 (type: router_ports) to 1
2026-08-26 01:34:30.255 9 INFO neutron.wsgi [None req-502c984f-b6ba-4c50-bd3a-d0751e765652 14a5bbbbe17e4a5caa9185f582a358e0 1d20d688d1f941db8581da66dcb5e9db - - default default] 10.0.0.178 "PUT /v2.0/routers/a5b768fd-30de-40d5-abc4-ca4644ca32b6/add_router_interface HTTP/1.1" status: 200 len: 503 time: 2.4643433
2026-08-26 01:34:30.336 9 INFO neutron.plugins.ml2.drivers.ovn.mech_driver.mech_driver [None req-dbd92cae-e408-4fb9-8fed-7a72a72e573c - - - - - -] OVN reports status up for port: 579aafdd-2a26-445d-96a2-df5a5da00958
2026-08-26 01:34:30.342 9 INFO neutron.plugins.ml2.plugin [None req-dbd92cae-e408-4fb9-8fed-7a72a72e573c - - - - - -] Attempt 1 to provision port 579aafdd-2a26-445d-96a2-df5a5da00958
2026-08-26 01:34:30.363 10 WARNING neutron.scheduler.dhcp_agent_scheduler [None req-7b3a7f10-b3f0-4b8f-98c1-83b695d6e505 7313055bc7c746f3ae6d7d1953e34aa3 84783b9d0f094e079f7e48891414877e - - default default] No more DHCP agents
2026-08-26 01:34:30.365 10 WARNING neutron.api.rpc.agentnotifiers.dhcp_rpc_agent_api [None req-7b3a7f10-b3f0-4b8f-98c1-83b695d6e505 7313055bc7c746f3ae6d7d1953e34aa3 84783b9d0f094e079f7e48891414877e - - default default] Unable to schedule network 178b65f8-9ed2-48a0-9885-e85bdd07f22d: no agents available; will retry on subsequent port and subnet creation events.
2026-08-26 01:34:30.453 10 INFO neutron.db.ovn_revision_numbers_db [None req-7b3a7f10-b3f0-4b8f-98c1-83b695d6e505 7313055bc7c746f3ae6d7d1953e34aa3 84783b9d0f094e079f7e48891414877e - - default default] Successfully bumped revision number for resource 52fa2c9b-f467-44a8-8a40-4eee0919f530 (type: ports) to 1
2026-08-26 01:34:30.476 10 INFO neutron.wsgi [None req-7b3a7f10-b3f0-4b8f-98c1-83b695d6e505 7313055bc7c746f3ae6d7d1953e34aa3 84783b9d0f094e079f7e48891414877e - - default default] 10.0.0.178 "POST /v2.0/ports HTTP/1.1" status: 201 len: 973 time: 0.4092116 /var/lib/openstack/lib/python3.10/site-packages/pycadf/identifier.py:71: UserWarning: Invalid uuid: neutron. To ensure interoperability, identifiers should be a valid uuid. warnings.warn(('Invalid uuid: %s. To ensure interoperability, '
2026-08-26 01:34:30.571 10 INFO neutron.db.segments_db [None req-9d0e7afd-be23-4be1-9553-02681288fc58 7313055bc7c746f3ae6d7d1953e34aa3 84783b9d0f094e079f7e48891414877e - - default default] Added segment 09e630ab-e704-427d-ac67-980f5cd7ad10 of type geneve for network 55311715-cd8f-4fdb-9ac3-777deec56d51
2026-08-26 01:34:30.620 9 INFO neutron.db.ovn_revision_numbers_db [None req-dbd92cae-e408-4fb9-8fed-7a72a72e573c - - - - - -] Successfully bumped revision number for resource 579aafdd-2a26-445d-96a2-df5a5da00958 (type: ports) to 2
2026-08-26 01:34:30.722 10 INFO neutron.db.ovn_revision_numbers_db [None req-9d0e7afd-be23-4be1-9553-02681288fc58 7313055bc7c746f3ae6d7d1953e34aa3 84783b9d0f094e079f7e48891414877e - - default default] Successfully bumped revision number for resource 55311715-cd8f-4fdb-9ac3-777deec56d51 (type: networks) to 1
2026-08-26 01:34:30.763 9 INFO neutron.db.ovn_revision_numbers_db [None req-dbd92cae-e408-4fb9-8fed-7a72a72e573c - - - - - -] Successfully bumped revision number for resource 579aafdd-2a26-445d-96a2-df5a5da00958 (type: router_ports) to 2
2026-08-26 01:34:30.917 10 WARNING neutron.scheduler.dhcp_agent_scheduler [None req-9d0e7afd-be23-4be1-9553-02681288fc58 7313055bc7c746f3ae6d7d1953e34aa3 84783b9d0f094e079f7e48891414877e - - default default] No more DHCP agents
2026-08-26 01:34:30.919 10 WARNING neutron.api.rpc.agentnotifiers.dhcp_rpc_agent_api [None req-9d0e7afd-be23-4be1-9553-02681288fc58 7313055bc7c746f3ae6d7d1953e34aa3 84783b9d0f094e079f7e48891414877e - - default default] Unable to schedule network 55311715-cd8f-4fdb-9ac3-777deec56d51: no agents available; will retry on subsequent port and subnet creation events.
2026-08-26 01:34:31.003 10 INFO neutron.db.ovn_revision_numbers_db [None req-9d0e7afd-be23-4be1-9553-02681288fc58 7313055bc7c746f3ae6d7d1953e34aa3 84783b9d0f094e079f7e48891414877e - - default default] Successfully bumped revision number for resource 014735ec-0b9e-4419-8bed-72673d1ee565 (type: ports) to 1
2026-08-26 01:34:31.025 10 INFO neutron.wsgi [None req-9d0e7afd-be23-4be1-9553-02681288fc58 7313055bc7c746f3ae6d7d1953e34aa3 84783b9d0f094e079f7e48891414877e - - default default] 10.0.0.178 "POST /v2.0/networks HTTP/1.1" status: 201 len: 831 time: 0.5391359
2026-08-26 01:34:31.066 9 INFO neutron.db.ovn_revision_numbers_db [None req-e661891e-0a55-46af-908f-6e290767499b 52b169aaaa8a4390a3dda99cb4c90571 8c5210b3c8ee44ce9075588a7ead263a - - default default] Successfully bumped revision number for resource 955a017d-61f3-4cec-a503-789c1856246a (type: security_groups) to 1
2026-08-26 01:34:31.085 9 INFO neutron.db.ovn_revision_numbers_db [None req-e661891e-0a55-46af-908f-6e290767499b 52b169aaaa8a4390a3dda99cb4c90571 8c5210b3c8ee44ce9075588a7ead263a - - default default] Successfully bumped revision number for resource 136c27d3-65af-4ab1-adf1-95f8560d9b49 (type: security_group_rules) to 0
2026-08-26 01:34:31.105 9 INFO neutron.db.ovn_revision_numbers_db [None req-e661891e-0a55-46af-908f-6e290767499b 52b169aaaa8a4390a3dda99cb4c90571 8c5210b3c8ee44ce9075588a7ead263a - - default default] Successfully bumped revision number for resource 8db965d8-bdd5-4a43-935d-8a9606f9581a (type: security_group_rules) to 0
2026-08-26 01:34:31.144 9 INFO neutron.wsgi [None req-e661891e-0a55-46af-908f-6e290767499b 52b169aaaa8a4390a3dda99cb4c90571 8c5210b3c8ee44ce9075588a7ead263a - - default default] 10.0.0.178 "POST /v2.0/security-groups HTTP/1.1" status: 201 len: 1796 time: 0.2187450
2026-08-26 01:34:31.311 9 WARNING neutron.scheduler.dhcp_agent_scheduler [None req-3d403506-adb1-4398-a155-1dd6404ceb67 7313055bc7c746f3ae6d7d1953e34aa3 84783b9d0f094e079f7e48891414877e - - default default] No more DHCP agents
2026-08-26 01:34:31.311 9 INFO neutron.db.ovn_revision_numbers_db [None req-3030d7aa-42e2-48ae-ab07-5fe57968ad18 52b169aaaa8a4390a3dda99cb4c90571 8c5210b3c8ee44ce9075588a7ead263a - - default default] Successfully bumped revision number for resource 4ccb6abc-6cbc-4f23-bf97-f6deccce4d79 (type: security_group_rules) to 0
2026-08-26 01:34:31.317 9 WARNING neutron.api.rpc.agentnotifiers.dhcp_rpc_agent_api [None req-3d403506-adb1-4398-a155-1dd6404ceb67 7313055bc7c746f3ae6d7d1953e34aa3 84783b9d0f094e079f7e48891414877e - - default default] Unable to schedule network 55311715-cd8f-4fdb-9ac3-777deec56d51: no agents available; will retry on subsequent port and subnet creation events.
2026-08-26 01:34:31.588 10 INFO neutron.db.ovn_revision_numbers_db [None req-7da4a61f-c4ce-4c89-aff4-e29160149f9c 3420ea7a21e34f39b82e63d85c64a09f 122f215e0ac847a4b41861c33c59ac34 - - default default] Successfully bumped revision number for resource 0ed6f66b-84a8-4a42-8a74-39f567b8bd25 (type: security_groups) to 1
2026-08-26 01:34:31.602 10 INFO neutron.db.ovn_revision_numbers_db [None req-7da4a61f-c4ce-4c89-aff4-e29160149f9c 3420ea7a21e34f39b82e63d85c64a09f 122f215e0ac847a4b41861c33c59ac34 - - default default] Successfully bumped revision number for resource 1ca5d841-ee7a-4d56-91d7-4db1f0208150 (type: security_group_rules) to 0
2026-08-26 01:34:31.616 10 INFO neutron.db.ovn_revision_numbers_db [None req-7da4a61f-c4ce-4c89-aff4-e29160149f9c 3420ea7a21e34f39b82e63d85c64a09f 122f215e0ac847a4b41861c33c59ac34 - - default default] Successfully bumped revision number for resource 2c9659a1-58a8-4cb7-813c-da23279166df (type: security_group_rules) to 0
2026-08-26 01:34:31.631 10 INFO neutron.db.ovn_revision_numbers_db [None req-7da4a61f-c4ce-4c89-aff4-e29160149f9c 3420ea7a21e34f39b82e63d85c64a09f 122f215e0ac847a4b41861c33c59ac34 - - default default] Successfully bumped revision number for resource 5cfdb9cd-b63e-4f2e-af4b-35ab90ac3809 (type: security_group_rules) to 0
2026-08-26 01:34:31.649 10 INFO neutron.db.ovn_revision_numbers_db [None req-7da4a61f-c4ce-4c89-aff4-e29160149f9c 3420ea7a21e34f39b82e63d85c64a09f 122f215e0ac847a4b41861c33c59ac34 - - default default] Successfully bumped revision number for resource e969da16-39e0-4a3b-9563-a7f41a18d436 (type: security_group_rules) to 0
2026-08-26 01:34:31.705 10 INFO neutron.db.segments_db [None req-7da4a61f-c4ce-4c89-aff4-e29160149f9c 3420ea7a21e34f39b82e63d85c64a09f 122f215e0ac847a4b41861c33c59ac34 - - default default] Added segment db56eeb1-41db-4966-93fc-682c7c71dbfe of type geneve for network 54877424-a0f8-4c66-a068-4a1dd23a05e5
2026-08-26 01:34:31.723 9 INFO neutron.wsgi [None req-3030d7aa-42e2-48ae-ab07-5fe57968ad18 52b169aaaa8a4390a3dda99cb4c90571 8c5210b3c8ee44ce9075588a7ead263a - - default default] 10.0.0.178 "POST /v2.0/security-group-rules HTTP/1.1" status: 201 len: 764 time: 0.5724196
2026-08-26 01:34:31.933 10 INFO neutron.db.ovn_revision_numbers_db [None req-7da4a61f-c4ce-4c89-aff4-e29160149f9c 3420ea7a21e34f39b82e63d85c64a09f 122f215e0ac847a4b41861c33c59ac34 - - default default] Successfully bumped revision number for resource 54877424-a0f8-4c66-a068-4a1dd23a05e5 (type: networks) to 1
2026-08-26 01:34:31.972 10 INFO neutron.db.ovn_revision_numbers_db [None req-68aeb31d-0e60-490f-a0e8-bb5de0e659f5 52b169aaaa8a4390a3dda99cb4c90571 8c5210b3c8ee44ce9075588a7ead263a - - default default] Successfully bumped revision number for resource 0156cceb-736b-43ca-a2a9-1e8350e3ba84 (type: security_group_rules) to 0
2026-08-26 01:34:32.014 10 INFO neutron.wsgi [None req-68aeb31d-0e60-490f-a0e8-bb5de0e659f5 52b169aaaa8a4390a3dda99cb4c90571 8c5210b3c8ee44ce9075588a7ead263a - - default default] 10.0.0.178 "POST /v2.0/security-group-rules HTTP/1.1" status: 201 len: 769 time: 0.2838824
2026-08-26 01:34:32.146 10 WARNING neutron.scheduler.dhcp_agent_scheduler [None req-7da4a61f-c4ce-4c89-aff4-e29160149f9c 3420ea7a21e34f39b82e63d85c64a09f 122f215e0ac847a4b41861c33c59ac34 - - default default] No more DHCP agents
2026-08-26 01:34:32.149 10 WARNING neutron.api.rpc.agentnotifiers.dhcp_rpc_agent_api [None req-7da4a61f-c4ce-4c89-aff4-e29160149f9c 3420ea7a21e34f39b82e63d85c64a09f 122f215e0ac847a4b41861c33c59ac34 - - default default] Unable to schedule network 54877424-a0f8-4c66-a068-4a1dd23a05e5: no agents available; will retry on subsequent port and subnet creation events.
2026-08-26 01:34:32.188 9 INFO neutron.db.ovn_revision_numbers_db [None req-3d403506-adb1-4398-a155-1dd6404ceb67 7313055bc7c746f3ae6d7d1953e34aa3 84783b9d0f094e079f7e48891414877e - - default default] Successfully bumped revision number for resource 014735ec-0b9e-4419-8bed-72673d1ee565 (type: ports) to 2
2026-08-26 01:34:32.225 9 INFO neutron.db.ovn_revision_numbers_db [None req-3d403506-adb1-4398-a155-1dd6404ceb67 7313055bc7c746f3ae6d7d1953e34aa3 84783b9d0f094e079f7e48891414877e - - default default] Successfully bumped revision number for resource cada6747-3ca8-4e59-8638-6cd922395053 (type: subnets) to 0
2026-08-26 01:34:32.241 9 INFO neutron.wsgi [None req-3d403506-adb1-4398-a155-1dd6404ceb67 7313055bc7c746f3ae6d7d1953e34aa3 84783b9d0f094e079f7e48891414877e - - default default] 10.0.0.178 "POST /v2.0/subnets HTTP/1.1" status: 201 len: 801 time: 1.2107861
2026-08-26 01:34:32.263 10 INFO neutron.db.ovn_revision_numbers_db [None req-7da4a61f-c4ce-4c89-aff4-e29160149f9c 3420ea7a21e34f39b82e63d85c64a09f 122f215e0ac847a4b41861c33c59ac34 - - default default] Successfully bumped revision number for resource c5d95c8a-55bd-4c86-8b2f-edbe5ee65d42 (type: ports) to 1
2026-08-26 01:34:32.298 10 INFO neutron.wsgi [None req-7da4a61f-c4ce-4c89-aff4-e29160149f9c 3420ea7a21e34f39b82e63d85c64a09f 122f215e0ac847a4b41861c33c59ac34 - - default default] 10.0.0.178 "POST /v2.0/networks HTTP/1.1" status: 201 len: 847 time: 1.0041492
2026-08-26 01:34:32.373 10 WARNING neutron.scheduler.dhcp_agent_scheduler [None req-934641aa-8f7d-4028-9de8-cee650bf0b46 52b169aaaa8a4390a3dda99cb4c90571 8c5210b3c8ee44ce9075588a7ead263a - - default default] No more DHCP agents
2026-08-26 01:34:32.378 10 WARNING neutron.api.rpc.agentnotifiers.dhcp_rpc_agent_api [None req-934641aa-8f7d-4028-9de8-cee650bf0b46 52b169aaaa8a4390a3dda99cb4c90571 8c5210b3c8ee44ce9075588a7ead263a - - default default] Unable to schedule network 415ffb59-4738-4fc9-b964-7a656a47f54d: no agents available; will retry on subsequent port and subnet creation events.
2026-08-26 01:34:32.635 9 WARNING neutron.scheduler.dhcp_agent_scheduler [None req-dd460ae3-3b49-4b51-82a8-f493afb0706d 3420ea7a21e34f39b82e63d85c64a09f 122f215e0ac847a4b41861c33c59ac34 - - default default] No more DHCP agents
2026-08-26 01:34:32.639 9 WARNING neutron.api.rpc.agentnotifiers.dhcp_rpc_agent_api [None req-dd460ae3-3b49-4b51-82a8-f493afb0706d 3420ea7a21e34f39b82e63d85c64a09f 122f215e0ac847a4b41861c33c59ac34 - - default default] Unable to schedule network 54877424-a0f8-4c66-a068-4a1dd23a05e5: no agents available; will retry on subsequent port and subnet creation events.
2026-08-26 01:34:32.703 9 WARNING neutron.scheduler.dhcp_agent_scheduler [None req-e5052ff7-caab-47ea-865b-790ead9aecda 7313055bc7c746f3ae6d7d1953e34aa3 84783b9d0f094e079f7e48891414877e - - default default] No more DHCP agents
2026-08-26 01:34:32.713 9 WARNING neutron.api.rpc.agentnotifiers.dhcp_rpc_agent_api [None req-e5052ff7-caab-47ea-865b-790ead9aecda 7313055bc7c746f3ae6d7d1953e34aa3 84783b9d0f094e079f7e48891414877e - - default default] Unable to schedule network 55311715-cd8f-4fdb-9ac3-777deec56d51: no agents available; will retry on subsequent port and subnet creation events.
2026-08-26 01:34:32.790 9 INFO neutron.db.ovn_revision_numbers_db [None req-dd460ae3-3b49-4b51-82a8-f493afb0706d 3420ea7a21e34f39b82e63d85c64a09f 122f215e0ac847a4b41861c33c59ac34 - - default default] Successfully bumped revision number for resource c1029778-56d0-4c2a-bab9-83faab3ac635 (type: ports) to 1
2026-08-26 01:34:32.835 9 INFO neutron.wsgi [None req-dd460ae3-3b49-4b51-82a8-f493afb0706d 3420ea7a21e34f39b82e63d85c64a09f 122f215e0ac847a4b41861c33c59ac34 - - default default] 10.0.0.178 "POST /v2.0/ports HTTP/1.1" status: 201 len: 978 time: 0.5309148
2026-08-26 01:34:32.935 9 INFO neutron.db.ovn_revision_numbers_db [None req-e5052ff7-caab-47ea-865b-790ead9aecda 7313055bc7c746f3ae6d7d1953e34aa3 84783b9d0f094e079f7e48891414877e - - default default] Successfully bumped revision number for resource e4c5496b-e916-4ce1-abe9-a7a7fb55006e (type: ports) to 1
2026-08-26 01:34:32.946 10 INFO neutron.db.segments_db [None req-ef3cd0bc-766b-4ccf-acd9-07563bc0e40f 3420ea7a21e34f39b82e63d85c64a09f 122f215e0ac847a4b41861c33c59ac34 - - default default] Added segment 8bd62f61-0b29-4477-8a3c-98a6ce987f52 of type geneve for network b3ab54ef-0958-4226-88a0-dc95a132a215
2026-08-26 01:34:32.956 9 INFO neutron.wsgi [None req-e5052ff7-caab-47ea-865b-790ead9aecda 7313055bc7c746f3ae6d7d1953e34aa3 84783b9d0f094e079f7e48891414877e - - default default] 10.0.0.178 "POST /v2.0/ports HTTP/1.1" status: 201 len: 1148 time: 0.7092512 /var/lib/openstack/lib/python3.10/site-packages/pycadf/identifier.py:71: UserWarning: Invalid uuid: neutron. To ensure interoperability, identifiers should be a valid uuid. warnings.warn(('Invalid uuid: %s. To ensure interoperability, '
2026-08-26 01:34:33.049 10 INFO neutron.db.ovn_revision_numbers_db [None req-934641aa-8f7d-4028-9de8-cee650bf0b46 52b169aaaa8a4390a3dda99cb4c90571 8c5210b3c8ee44ce9075588a7ead263a - - default default] Successfully bumped revision number for resource 653bb4f0-4aad-4dc4-8104-594cb6ce50be (type: floatingips) to 0
2026-08-26 01:34:33.078 10 INFO neutron.wsgi [None req-934641aa-8f7d-4028-9de8-cee650bf0b46 52b169aaaa8a4390a3dda99cb4c90571 8c5210b3c8ee44ce9075588a7ead263a - - default default] 10.0.0.178 "POST /v2.0/floatingips HTTP/1.1" status: 201 len: 751 time: 1.0591021
2026-08-26 01:34:33.141 10 INFO neutron.db.ovn_revision_numbers_db [None req-ef3cd0bc-766b-4ccf-acd9-07563bc0e40f 3420ea7a21e34f39b82e63d85c64a09f 122f215e0ac847a4b41861c33c59ac34 - - default default] Successfully bumped revision number for resource b3ab54ef-0958-4226-88a0-dc95a132a215 (type: networks) to 1
2026-08-26 01:34:33.322 9 INFO neutron.wsgi [None req-684bed84-0fc4-4c74-b538-66758747d484 7313055bc7c746f3ae6d7d1953e34aa3 84783b9d0f094e079f7e48891414877e - - default default] 10.0.0.178 "DELETE /v2.0/ports/e4c5496b-e916-4ce1-abe9-a7a7fb55006e HTTP/1.1" status: 204 len: 168 time: 0.3609512
2026-08-26 01:34:33.354 10 INFO neutron.pecan_wsgi.hooks.translation [None req-403e7175-9e2c-4024-84e2-5261c07fcc32 7313055bc7c746f3ae6d7d1953e34aa3 84783b9d0f094e079f7e48891414877e - - default default] DELETE failed (client error): The resource could not be found.
2026-08-26 01:34:33.356 10 INFO neutron.wsgi [None req-403e7175-9e2c-4024-84e2-5261c07fcc32 7313055bc7c746f3ae6d7d1953e34aa3 84783b9d0f094e079f7e48891414877e - - default default] 10.0.0.178 "DELETE /v2.0/ports/e4c5496b-e916-4ce1-abe9-a7a7fb55006e HTTP/1.1" status: 404 len: 333 time: 0.0293901
2026-08-26 01:34:33.362 10 WARNING neutron.scheduler.dhcp_agent_scheduler [None req-ef3cd0bc-766b-4ccf-acd9-07563bc0e40f 3420ea7a21e34f39b82e63d85c64a09f 122f215e0ac847a4b41861c33c59ac34 - - default default] No more DHCP agents
2026-08-26 01:34:33.368 10 WARNING neutron.api.rpc.agentnotifiers.dhcp_rpc_agent_api [None req-ef3cd0bc-766b-4ccf-acd9-07563bc0e40f 3420ea7a21e34f39b82e63d85c64a09f 122f215e0ac847a4b41861c33c59ac34 - - default default] Unable to schedule network b3ab54ef-0958-4226-88a0-dc95a132a215: no agents available; will retry on subsequent port and subnet creation events.
2026-08-26 01:34:33.376 10 INFO neutron.pecan_wsgi.hooks.translation [None req-20366af4-f437-4d73-8569-d367e9e43a45 7313055bc7c746f3ae6d7d1953e34aa3 84783b9d0f094e079f7e48891414877e - - default default] GET failed (client error): The resource could not be found.
2026-08-26 01:34:33.377 10 INFO neutron.wsgi [None req-20366af4-f437-4d73-8569-d367e9e43a45 7313055bc7c746f3ae6d7d1953e34aa3 84783b9d0f094e079f7e48891414877e - - default default] 10.0.0.178 "GET /v2.0/ports/e4c5496b-e916-4ce1-abe9-a7a7fb55006e HTTP/1.1" status: 404 len: 333 time: 0.0161595
2026-08-26 01:34:33.474 10 INFO neutron.db.ovn_revision_numbers_db [None req-ef3cd0bc-766b-4ccf-acd9-07563bc0e40f 3420ea7a21e34f39b82e63d85c64a09f 122f215e0ac847a4b41861c33c59ac34 - - default default] Successfully bumped revision number for resource 77469b48-8190-4abe-8bf2-a2621d3a300f (type: ports) to 1
2026-08-26 01:34:33.498 10 INFO neutron.wsgi [None req-ef3cd0bc-766b-4ccf-acd9-07563bc0e40f 3420ea7a21e34f39b82e63d85c64a09f 122f215e0ac847a4b41861c33c59ac34 - - default default] 10.0.0.178 "POST /v2.0/networks HTTP/1.1" status: 201 len: 834 time: 0.6558669
2026-08-26 01:34:33.595 10 INFO neutron.wsgi [req-82d858fe-62b8-468f-967a-611e076d4179 req-05f5055b-7733-4052-b90f-30531724e640 52b169aaaa8a4390a3dda99cb4c90571 8c5210b3c8ee44ce9075588a7ead263a - - default default] 10.0.0.217 "GET /v2.0/security-groups?name=tempest-securitygroup--303970023&fields=id&tenant_id=8c5210b3c8ee44ce9075588a7ead263a HTTP/1.1" status: 200 len: 267 time: 0.0579507
2026-08-26 01:34:33.610 9 INFO neutron.wsgi [None req-2ac7ccab-e0ec-48ce-98ed-9ba8fd205e34 7313055bc7c746f3ae6d7d1953e34aa3 84783b9d0f094e079f7e48891414877e - - default default] 10.0.0.178 "DELETE /v2.0/subnets/cada6747-3ca8-4e59-8638-6cd922395053 HTTP/1.1" status: 204 len: 168 time: 0.2272625
2026-08-26 01:34:33.701 10 INFO neutron.wsgi [req-82d858fe-62b8-468f-967a-611e076d4179 req-87394e70-9f93-482f-845e-44d67bc0817d 52b169aaaa8a4390a3dda99cb4c90571 8c5210b3c8ee44ce9075588a7ead263a - - default default] 10.0.0.217 "GET /v2.0/networks?id=457a813c-702a-4e33-b34f-89f697c84f57 HTTP/1.1" status: 200 len: 869 time: 0.0968895
2026-08-26 01:34:33.720 10 INFO neutron.wsgi [req-82d858fe-62b8-468f-967a-611e076d4179 req-444fe844-9ced-48e6-a95e-76607ab4ef34 52b169aaaa8a4390a3dda99cb4c90571 8c5210b3c8ee44ce9075588a7ead263a - - default default] 10.0.0.217 "GET /v2.0/quotas/8c5210b3c8ee44ce9075588a7ead263a HTTP/1.1" status: 200 len: 386 time: 0.0128250
2026-08-26 01:34:33.837 10 INFO neutron.wsgi [req-82d858fe-62b8-468f-967a-611e076d4179 req-9fce3df9-aa7d-4d6d-afd4-4061520249b0 52b169aaaa8a4390a3dda99cb4c90571 8c5210b3c8ee44ce9075588a7ead263a - - default default] 10.0.0.217 "GET /v2.0/ports?tenant_id=8c5210b3c8ee44ce9075588a7ead263a&fields=id HTTP/1.1" status: 200 len: 302 time: 0.1099930
2026-08-26 01:34:33.838 10 WARNING neutron.scheduler.dhcp_agent_scheduler [None req-51bf12d2-5473-45b6-b877-be77da74f36b 3420ea7a21e34f39b82e63d85c64a09f 122f215e0ac847a4b41861c33c59ac34 - - default default] No more DHCP agents
2026-08-26 01:34:33.841 10 WARNING neutron.api.rpc.agentnotifiers.dhcp_rpc_agent_api [None req-51bf12d2-5473-45b6-b877-be77da74f36b 3420ea7a21e34f39b82e63d85c64a09f 122f215e0ac847a4b41861c33c59ac34 - - default default] Unable to schedule network b3ab54ef-0958-4226-88a0-dc95a132a215: no agents available; will retry on subsequent port and subnet creation events.
2026-08-26 01:34:33.910 10 INFO neutron.db.ovn_revision_numbers_db [None req-51bf12d2-5473-45b6-b877-be77da74f36b 3420ea7a21e34f39b82e63d85c64a09f 122f215e0ac847a4b41861c33c59ac34 - - default default] Successfully bumped revision number for resource b948d026-de21-46bd-b625-07489c32f14f (type: subnets) to 0
2026-08-26 01:34:33.939 10 INFO neutron.wsgi [req-c3ef8486-0344-46bc-b410-446f13f4ea4f req-f4c4a6a7-2472-4747-9526-473631d38b33 bea7bc0961f947e2b286a0fe320d5182 f3ff69420cff44f69c56d1fc62951f3a - - adaf2d6749674b529570a5f21aa29bb0 adaf2d6749674b529570a5f21aa29bb0] 10.0.0.150 "GET /v2.0/ports?device_id=9e5e0085-78a0-4dea-82af-f72ca2a106b5 HTTP/1.1" status: 200 len: 1413 time: 0.0448799
2026-08-26 01:34:33.942 10 INFO neutron.wsgi [None req-51bf12d2-5473-45b6-b877-be77da74f36b 3420ea7a21e34f39b82e63d85c64a09f 122f215e0ac847a4b41861c33c59ac34 - - default default] 10.0.0.178 "POST /v2.0/subnets HTTP/1.1" status: 201 len: 821 time: 0.4362743
2026-08-26 01:34:33.944 10 INFO neutron.wsgi [req-82d858fe-62b8-468f-967a-611e076d4179 req-16e7610e-de2b-49d1-b556-4786863a5a7b bea7bc0961f947e2b286a0fe320d5182 f3ff69420cff44f69c56d1fc62951f3a - - adaf2d6749674b529570a5f21aa29bb0 adaf2d6749674b529570a5f21aa29bb0] 10.0.0.217 "GET /v2.0/networks/457a813c-702a-4e33-b34f-89f697c84f57?fields=segments HTTP/1.1" status: 200 len: 212 time: 0.0893400
2026-08-26 01:34:34.003 10 INFO neutron.wsgi [req-c3ef8486-0344-46bc-b410-446f13f4ea4f req-50353ae4-7203-425f-b020-f1d7a354d379 bea7bc0961f947e2b286a0fe320d5182 f3ff69420cff44f69c56d1fc62951f3a - - adaf2d6749674b529570a5f21aa29bb0 adaf2d6749674b529570a5f21aa29bb0] 10.0.0.150 "GET /v2.0/security-groups?id=05561510-1cef-4aca-8f3c-db1a12943040&fields=id&fields=name HTTP/1.1" status: 200 len: 313 time: 0.0554261
2026-08-26 01:34:34.014 10 INFO neutron.wsgi [req-82d858fe-62b8-468f-967a-611e076d4179 req-cf4f28b8-834e-47cf-8f4f-eac0123bc714 bea7bc0961f947e2b286a0fe320d5182 f3ff69420cff44f69c56d1fc62951f3a - - adaf2d6749674b529570a5f21aa29bb0 adaf2d6749674b529570a5f21aa29bb0] 10.0.0.217 "GET /v2.0/networks/457a813c-702a-4e33-b34f-89f697c84f57?fields=provider%3Aphysical_network&fields=provider%3Anetwork_type HTTP/1.1" status: 200 len: 277 time: 0.0603921
2026-08-26 01:34:34.019 9 INFO neutron.services.segments.plugin [-] Segment 09e630ab-e704-427d-ac67-980f5cd7ad10 resource provider aggregate not found
2026-08-26 01:34:34.024 9 INFO neutron.services.segments.plugin [-] Segment 09e630ab-e704-427d-ac67-980f5cd7ad10 resource provider aggregate not found
2026-08-26 01:34:34.041 9 INFO neutron.services.segments.plugin [-] Segment 09e630ab-e704-427d-ac67-980f5cd7ad10 resource provider not found; error: Placement Client Error (4xx): {"errors": [{"status": 404, "title": "Not Found", "detail": "The resource could not be found.\n\n No resource provider with uuid 09e630ab-e704-427d-ac67-980f5cd7ad10 found for delete ", "request_id": "req-aa38f603-e1e0-41f2-b4ab-2d36759790a2"}]}
2026-08-26 01:34:34.050 9 INFO neutron.services.segments.plugin [-] Segment 09e630ab-e704-427d-ac67-980f5cd7ad10 resource provider not found; error: Placement Client Error (4xx): {"errors": [{"status": 404, "title": "Not Found", "detail": "The resource could not be found.\n\n No resource provider with uuid 09e630ab-e704-427d-ac67-980f5cd7ad10 found for delete ", "request_id": "req-c8a18d94-df38-420f-b597-8c6074d3408f"}]}
2026-08-26 01:34:34.083 9 INFO neutron.wsgi [None req-9a12312e-7ee4-4fc3-9ca5-cfc02b1a6049 7313055bc7c746f3ae6d7d1953e34aa3 84783b9d0f094e079f7e48891414877e - - default default] 10.0.0.178 "DELETE /v2.0/networks/55311715-cd8f-4fdb-9ac3-777deec56d51 HTTP/1.1" status: 204 len: 168 time: 0.4672766
2026-08-26 01:34:34.195 10 INFO neutron.db.segments_db [None req-b9ead338-db46-4b55-8eac-b81dc37cbb4b 7313055bc7c746f3ae6d7d1953e34aa3 84783b9d0f094e079f7e48891414877e - - default default] Added segment 5ab43822-8312-4fc1-b39f-7f50994a30cb of type geneve for network cd4a2d9e-7891-40e0-b048-fee2020d2e63
2026-08-26 01:34:34.228 10 INFO neutron.wsgi [req-346a6f49-108b-4795-8a04-2d84c21537f1 req-17f9bc96-5ec4-4a12-84a2-199f10d83763 52b169aaaa8a4390a3dda99cb4c90571 8c5210b3c8ee44ce9075588a7ead263a - - default default] 10.0.0.217 "GET /v2.0/ports?device_id=f4ca5bf0-413e-4aea-9611-6a845322ec63 HTTP/1.1" status: 200 len: 210 time: 0.0195253
2026-08-26 01:34:34.354 10 INFO neutron.db.ovn_revision_numbers_db [None req-b9ead338-db46-4b55-8eac-b81dc37cbb4b 7313055bc7c746f3ae6d7d1953e34aa3 84783b9d0f094e079f7e48891414877e - - default default] Successfully bumped revision number for resource cd4a2d9e-7891-40e0-b048-fee2020d2e63 (type: networks) to 1
2026-08-26 01:34:34.355 9 WARNING neutron.scheduler.dhcp_agent_scheduler [None req-cea5f856-926f-4084-9f5c-9d9f0f140ee0 3420ea7a21e34f39b82e63d85c64a09f 122f215e0ac847a4b41861c33c59ac34 - - default default] No more DHCP agents
2026-08-26 01:34:34.359 9 WARNING neutron.api.rpc.agentnotifiers.dhcp_rpc_agent_api [None req-cea5f856-926f-4084-9f5c-9d9f0f140ee0 3420ea7a21e34f39b82e63d85c64a09f 122f215e0ac847a4b41861c33c59ac34 - - default default] Unable to schedule network b3ab54ef-0958-4226-88a0-dc95a132a215: no agents available; will retry on subsequent port and subnet creation events.
2026-08-26 01:34:34.487 9 INFO neutron.db.ovn_revision_numbers_db [None req-cea5f856-926f-4084-9f5c-9d9f0f140ee0 3420ea7a21e34f39b82e63d85c64a09f 122f215e0ac847a4b41861c33c59ac34 - - default default] Successfully bumped revision number for resource 534684e6-84cc-462c-82a5-38665e56be3e (type: ports) to 1
2026-08-26 01:34:34.527 9 INFO neutron.wsgi [None req-cea5f856-926f-4084-9f5c-9d9f0f140ee0 3420ea7a21e34f39b82e63d85c64a09f 122f215e0ac847a4b41861c33c59ac34 - - default default] 10.0.0.178 "POST /v2.0/ports HTTP/1.1" status: 201 len: 1165 time: 0.5779693 /var/lib/openstack/lib/python3.10/site-packages/pycadf/identifier.py:71: UserWarning: Invalid uuid: neutron. To ensure interoperability, identifiers should be a valid uuid. warnings.warn(('Invalid uuid: %s. To ensure interoperability, '
2026-08-26 01:34:34.580 10 WARNING neutron.scheduler.dhcp_agent_scheduler [None req-b9ead338-db46-4b55-8eac-b81dc37cbb4b 7313055bc7c746f3ae6d7d1953e34aa3 84783b9d0f094e079f7e48891414877e - - default default] No more DHCP agents
2026-08-26 01:34:34.583 10 WARNING neutron.api.rpc.agentnotifiers.dhcp_rpc_agent_api [None req-b9ead338-db46-4b55-8eac-b81dc37cbb4b 7313055bc7c746f3ae6d7d1953e34aa3 84783b9d0f094e079f7e48891414877e - - default default] Unable to schedule network cd4a2d9e-7891-40e0-b048-fee2020d2e63: no agents available; will retry on subsequent port and subnet creation events.
2026-08-26 01:34:34.686 10 INFO neutron.db.ovn_revision_numbers_db [None req-b9ead338-db46-4b55-8eac-b81dc37cbb4b 7313055bc7c746f3ae6d7d1953e34aa3 84783b9d0f094e079f7e48891414877e - - default default] Successfully bumped revision number for resource 808f2324-c8e8-4796-9060-90ca5d28fcd4 (type: ports) to 1
2026-08-26 01:34:34.716 10 INFO neutron.wsgi [None req-b9ead338-db46-4b55-8eac-b81dc37cbb4b 7313055bc7c746f3ae6d7d1953e34aa3 84783b9d0f094e079f7e48891414877e - - default default] 10.0.0.178 "POST /v2.0/networks HTTP/1.1" status: 201 len: 830 time: 0.6271040
2026-08-26 01:34:34.880 9 INFO neutron.wsgi [None req-9728a93d-5d22-44ad-a459-11140bcaf44d 3420ea7a21e34f39b82e63d85c64a09f 122f215e0ac847a4b41861c33c59ac34 - - default default] 10.0.0.178 "DELETE /v2.0/ports/534684e6-84cc-462c-82a5-38665e56be3e HTTP/1.1" status: 204 len: 168 time: 0.3454120
2026-08-26 01:34:34.909 10 INFO neutron.pecan_wsgi.hooks.translation [None req-bf81ebbc-be2f-4f08-a31c-6d0b7021f987 3420ea7a21e34f39b82e63d85c64a09f 122f215e0ac847a4b41861c33c59ac34 - - default default] DELETE failed (client error): The resource could not be found.
2026-08-26 01:34:34.912 10 INFO neutron.wsgi [None req-bf81ebbc-be2f-4f08-a31c-6d0b7021f987 3420ea7a21e34f39b82e63d85c64a09f 122f215e0ac847a4b41861c33c59ac34 - - default default] 10.0.0.178 "DELETE /v2.0/ports/534684e6-84cc-462c-82a5-38665e56be3e HTTP/1.1" status: 404 len: 333 time: 0.0267742
2026-08-26 01:34:34.943 9 INFO neutron.pecan_wsgi.hooks.translation [None req-f60f6d2f-ebbc-4c99-8b7d-3c69aac84989 3420ea7a21e34f39b82e63d85c64a09f 122f215e0ac847a4b41861c33c59ac34 - - default default] GET failed (client error): The resource could not be found.
2026-08-26 01:34:34.945 9 INFO neutron.wsgi [None req-f60f6d2f-ebbc-4c99-8b7d-3c69aac84989 3420ea7a21e34f39b82e63d85c64a09f 122f215e0ac847a4b41861c33c59ac34 - - default default] 10.0.0.178 "GET /v2.0/ports/534684e6-84cc-462c-82a5-38665e56be3e HTTP/1.1" status: 404 len: 333 time: 0.0286214
2026-08-26 01:34:34.973 10 INFO neutron.wsgi [-] 10.0.0.183 "GET / HTTP/1.1" status: 200 len: 247 time: 0.0015156
2026-08-26 01:34:34.977 10 INFO neutron.wsgi [-] 10.0.0.183 "GET / HTTP/1.1" status: 200 len: 247 time: 0.0031347
2026-08-26 01:34:35.046 10 WARNING neutron.scheduler.dhcp_agent_scheduler [None req-a69fc2f9-bef3-4e0d-ad36-7a86e0215c64 7313055bc7c746f3ae6d7d1953e34aa3 84783b9d0f094e079f7e48891414877e - - default default] No more DHCP agents
2026-08-26 01:34:35.051 10 WARNING neutron.api.rpc.agentnotifiers.dhcp_rpc_agent_api [None req-a69fc2f9-bef3-4e0d-ad36-7a86e0215c64 7313055bc7c746f3ae6d7d1953e34aa3 84783b9d0f094e079f7e48891414877e - - default default] Unable to schedule network cd4a2d9e-7891-40e0-b048-fee2020d2e63: no agents available; will retry on subsequent port and subnet creation events.
2026-08-26 01:34:35.209 10 INFO neutron.wsgi [req-82d858fe-62b8-468f-967a-611e076d4179 req-5754218d-1cb1-4d1d-adee-aff06b22a657 52b169aaaa8a4390a3dda99cb4c90571 8c5210b3c8ee44ce9075588a7ead263a - - default default] 162.253.55.148 "GET /v2.0/networks?id=457a813c-702a-4e33-b34f-89f697c84f57 HTTP/1.1" status: 200 len: 869 time: 0.1159022
2026-08-26 01:34:35.214 9 INFO neutron.wsgi [None req-0f3558db-8982-49ac-8e5f-4377de25da7b 3420ea7a21e34f39b82e63d85c64a09f 122f215e0ac847a4b41861c33c59ac34 - - default default] 10.0.0.178 "DELETE /v2.0/subnets/b948d026-de21-46bd-b625-07489c32f14f HTTP/1.1" status: 204 len: 168 time: 0.2621415
2026-08-26 01:34:35.297 10 INFO neutron.wsgi [req-82d858fe-62b8-468f-967a-611e076d4179 req-28f3d690-51cb-4289-88ad-411c7baaa0e8 52b169aaaa8a4390a3dda99cb4c90571 8c5210b3c8ee44ce9075588a7ead263a - - default default] 162.253.55.148 "GET /v2.0/security-groups?fields=id&fields=name&tenant_id=8c5210b3c8ee44ce9075588a7ead263a HTTP/1.1" status: 200 len: 379 time: 0.0709465
2026-08-26 01:34:35.343 10 INFO neutron.wsgi [req-777ce867-5d86-4b09-80d0-b67b6e41f588 req-8bb57b38-ae83-4c79-8c3d-a6302fd6aa29 52b169aaaa8a4390a3dda99cb4c90571 8c5210b3c8ee44ce9075588a7ead263a - - default default] 10.0.0.217 "GET /v2.0/ports?device_id=f4ca5bf0-413e-4aea-9611-6a845322ec63 HTTP/1.1" status: 200 len: 210 time: 0.0406070
2026-08-26 01:34:35.665 9 INFO neutron.wsgi [None req-68496f80-d774-46c5-9e9f-1ab8d3a6e5ae 3420ea7a21e34f39b82e63d85c64a09f 122f215e0ac847a4b41861c33c59ac34 - - default default] 10.0.0.178 "DELETE /v2.0/networks/b3ab54ef-0958-4226-88a0-dc95a132a215 HTTP/1.1" status: 204 len: 168 time: 0.4391623
2026-08-26 01:34:35.792 10 WARNING neutron.scheduler.dhcp_agent_scheduler [req-82d858fe-62b8-468f-967a-611e076d4179 req-5549da26-79ef-4c24-a487-d5d5b314bad2 52b169aaaa8a4390a3dda99cb4c90571 8c5210b3c8ee44ce9075588a7ead263a - - default default] No more DHCP agents
2026-08-26 01:34:35.797 10 WARNING neutron.api.rpc.agentnotifiers.dhcp_rpc_agent_api [req-82d858fe-62b8-468f-967a-611e076d4179 req-5549da26-79ef-4c24-a487-d5d5b314bad2 52b169aaaa8a4390a3dda99cb4c90571 8c5210b3c8ee44ce9075588a7ead263a - - default default] Unable to schedule network 457a813c-702a-4e33-b34f-89f697c84f57: no agents available; will retry on subsequent port and subnet creation events.
2026-08-26 01:34:35.801 9 INFO neutron.db.segments_db [None req-e30591ee-8be6-4a00-bfc3-b5d6cab742a8 3420ea7a21e34f39b82e63d85c64a09f 122f215e0ac847a4b41861c33c59ac34 - - default default] Added segment bc6160e0-ea65-49a9-93d4-4ffb274cc763 of type geneve for network 7c4ad1c4-7c21-477b-8108-85d49c83da18
2026-08-26 01:34:35.812 10 INFO neutron.db.ovn_revision_numbers_db [None req-a69fc2f9-bef3-4e0d-ad36-7a86e0215c64 7313055bc7c746f3ae6d7d1953e34aa3 84783b9d0f094e079f7e48891414877e - - default default] Successfully bumped revision number for resource 808f2324-c8e8-4796-9060-90ca5d28fcd4 (type: ports) to 2
2026-08-26 01:34:35.867 10 INFO neutron.db.ovn_revision_numbers_db [None req-a69fc2f9-bef3-4e0d-ad36-7a86e0215c64 7313055bc7c746f3ae6d7d1953e34aa3 84783b9d0f094e079f7e48891414877e - - default default] Successfully bumped revision number for resource 0d331024-4a75-4c02-8726-8728a4dbf4e4 (type: subnets) to 0
2026-08-26 01:34:35.890 10 INFO neutron.wsgi [None req-a69fc2f9-bef3-4e0d-ad36-7a86e0215c64 7313055bc7c746f3ae6d7d1953e34aa3 84783b9d0f094e079f7e48891414877e - - default default] 10.0.0.178 "POST /v2.0/subnets HTTP/1.1" status: 201 len: 801 time: 1.1664798 /var/lib/openstack/lib/python3.10/site-packages/pycadf/identifier.py:71: UserWarning: Invalid uuid: neutron. To ensure interoperability, identifiers should be a valid uuid. warnings.warn(('Invalid uuid: %s. To ensure interoperability, '
2026-08-26 01:34:35.954 9 INFO neutron.db.ovn_revision_numbers_db [None req-e30591ee-8be6-4a00-bfc3-b5d6cab742a8 3420ea7a21e34f39b82e63d85c64a09f 122f215e0ac847a4b41861c33c59ac34 - - default default] Successfully bumped revision number for resource 7c4ad1c4-7c21-477b-8108-85d49c83da18 (type: networks) to 1
2026-08-26 01:34:35.976 9 WARNING neutron.plugins.ml2.drivers.ovn.mech_driver.ovsdb.ovn_client [None req-dbd92cae-e408-4fb9-8fed-7a72a72e573c - - - - - -] No hosting information found for port 579aafdd-2a26-445d-96a2-df5a5da00958: RuntimeError: No hosting information found for port 579aafdd-2a26-445d-96a2-df5a5da00958
2026-08-26 01:34:36.039 10 INFO neutron.db.ovn_revision_numbers_db [req-82d858fe-62b8-468f-967a-611e076d4179 req-5549da26-79ef-4c24-a487-d5d5b314bad2 52b169aaaa8a4390a3dda99cb4c90571 8c5210b3c8ee44ce9075588a7ead263a - - default default] Successfully bumped revision number for resource 4aab4fc8-e5b8-4781-a113-eac5ca5fbf60 (type: ports) to 1
2026-08-26 01:34:36.064 9 INFO neutron.services.segments.plugin [-] Segment 8bd62f61-0b29-4477-8a3c-98a6ce987f52 resource provider aggregate not found
2026-08-26 01:34:36.082 9 INFO neutron.services.segments.plugin [-] Segment 8bd62f61-0b29-4477-8a3c-98a6ce987f52 resource provider not found; error: Placement Client Error (4xx): {"errors": [{"status": 404, "title": "Not Found", "detail": "The resource could not be found.\n\n No resource provider with uuid 8bd62f61-0b29-4477-8a3c-98a6ce987f52 found for delete ", "request_id": "req-96f2b7f0-fa12-4cb4-a049-7165903be9c1"}]}
2026-08-26 01:34:36.085 9 INFO neutron.services.segments.plugin [-] Segment 8bd62f61-0b29-4477-8a3c-98a6ce987f52 resource provider aggregate not found
