2026-08-26 01:49:07.047 10 INFO neutron.wsgi [None req-229adaa2-52c9-43d4-bdc1-2be8fe4e4886 c78677d916ac4b2a9ed0bc154278354e fab22b5d119c46eda3653f9adffc0daa - - default default] 10.0.0.178 "DELETE /v2.0/security-groups/c92a210d-e8b9-4c60-9879-e1050887f7e6 HTTP/1.1" status: 204 len: 168 time: 0.1006484
2026-08-26 01:49:08.265 9 INFO neutron.db.ovn_revision_numbers_db [None req-028441f0-654f-4df8-9713-a20879d03b69 14a5bbbbe17e4a5caa9185f582a358e0 1d20d688d1f941db8581da66dcb5e9db - - default default] Successfully bumped revision number for resource 4e61cc2f-d841-4ad6-b1bb-648e1e43bfa1 (type: security_groups) to 1
2026-08-26 01:49:08.279 9 INFO neutron.db.ovn_revision_numbers_db [None req-028441f0-654f-4df8-9713-a20879d03b69 14a5bbbbe17e4a5caa9185f582a358e0 1d20d688d1f941db8581da66dcb5e9db - - default default] Successfully bumped revision number for resource 84a75e53-0689-4c6e-9deb-835f8e0de9f7 (type: security_group_rules) to 0
2026-08-26 01:49:08.293 9 INFO neutron.db.ovn_revision_numbers_db [None req-028441f0-654f-4df8-9713-a20879d03b69 14a5bbbbe17e4a5caa9185f582a358e0 1d20d688d1f941db8581da66dcb5e9db - - default default] Successfully bumped revision number for resource c2ad08af-ad7e-4c42-b538-dbdb35be09a8 (type: security_group_rules) to 0
2026-08-26 01:49:08.306 9 INFO neutron.db.ovn_revision_numbers_db [None req-028441f0-654f-4df8-9713-a20879d03b69 14a5bbbbe17e4a5caa9185f582a358e0 1d20d688d1f941db8581da66dcb5e9db - - default default] Successfully bumped revision number for resource cd1f0b8f-be95-460d-88c3-6dfd3ef2d0c1 (type: security_group_rules) to 0
2026-08-26 01:49:08.320 9 INFO neutron.db.ovn_revision_numbers_db [None req-028441f0-654f-4df8-9713-a20879d03b69 14a5bbbbe17e4a5caa9185f582a358e0 1d20d688d1f941db8581da66dcb5e9db - - default default] Successfully bumped revision number for resource ee51b878-0b30-4448-9d13-bea782a7edbd (type: security_group_rules) to 0
2026-08-26 01:49:08.342 9 INFO neutron.wsgi [None req-028441f0-654f-4df8-9713-a20879d03b69 14a5bbbbe17e4a5caa9185f582a358e0 1d20d688d1f941db8581da66dcb5e9db - - default default] 10.0.0.178 "GET /v2.0/security-groups?tenant_id=e096869f27d24bab9adc05ec7d8843e6&name=default HTTP/1.1" status: 200 len: 3000 time: 0.4164698
2026-08-26 01:49:08.528 9 INFO neutron.wsgi [None req-48b6231c-8e8b-461b-ad20-370efe984e20 14a5bbbbe17e4a5caa9185f582a358e0 1d20d688d1f941db8581da66dcb5e9db - - default default] 10.0.0.178 "DELETE /v2.0/security-groups/4e61cc2f-d841-4ad6-b1bb-648e1e43bfa1 HTTP/1.1" status: 204 len: 168 time: 0.1809013
2026-08-26 01:49:08.710 9 INFO neutron.wsgi [None req-89b3c6df-31b9-48b4-b284-f433c17ff7a1 14a5bbbbe17e4a5caa9185f582a358e0 1d20d688d1f941db8581da66dcb5e9db - - default default] 10.0.0.178 "GET /v2.0/security-groups?tenant_id=fab22b5d119c46eda3653f9adffc0daa&name=default HTTP/1.1" status: 200 len: 3000 time: 0.0394399
2026-08-26 01:49:08.920 9 INFO neutron.wsgi [None req-8ea8c3d0-4fcc-492e-8faa-09deb1568e66 14a5bbbbe17e4a5caa9185f582a358e0 1d20d688d1f941db8581da66dcb5e9db - - default default] 10.0.0.178 "DELETE /v2.0/security-groups/6ec6b0db-825d-4cdd-916b-fbd3b3b8f203 HTTP/1.1" status: 204 len: 168 time: 0.2050676
2026-08-26 01:49:09.169 10 INFO neutron.db.ovn_revision_numbers_db [None req-462c9819-b376-4e2c-b8d4-cabee92ad948 14a5bbbbe17e4a5caa9185f582a358e0 1d20d688d1f941db8581da66dcb5e9db - - default default] Successfully bumped revision number for resource ddba6d18-6014-42e3-a49b-527135931d2f (type: security_groups) to 1
2026-08-26 01:49:09.185 10 INFO neutron.db.ovn_revision_numbers_db [None req-462c9819-b376-4e2c-b8d4-cabee92ad948 14a5bbbbe17e4a5caa9185f582a358e0 1d20d688d1f941db8581da66dcb5e9db - - default default] Successfully bumped revision number for resource 73b4cd73-58b7-4044-b13b-2ad379d55c67 (type: security_group_rules) to 0
2026-08-26 01:49:09.203 10 INFO neutron.db.ovn_revision_numbers_db [None req-462c9819-b376-4e2c-b8d4-cabee92ad948 14a5bbbbe17e4a5caa9185f582a358e0 1d20d688d1f941db8581da66dcb5e9db - - default default] Successfully bumped revision number for resource a7981452-858d-431b-b11b-19112b276e82 (type: security_group_rules) to 0
2026-08-26 01:49:09.216 10 INFO neutron.db.ovn_revision_numbers_db [None req-462c9819-b376-4e2c-b8d4-cabee92ad948 14a5bbbbe17e4a5caa9185f582a358e0 1d20d688d1f941db8581da66dcb5e9db - - default default] Successfully bumped revision number for resource d1946e70-396c-4484-a3d2-95e41cc0eaa1 (type: security_group_rules) to 0
2026-08-26 01:49:09.230 10 INFO neutron.db.ovn_revision_numbers_db [None req-462c9819-b376-4e2c-b8d4-cabee92ad948 14a5bbbbe17e4a5caa9185f582a358e0 1d20d688d1f941db8581da66dcb5e9db - - default default] Successfully bumped revision number for resource e5f9e2d0-66c0-4d15-966c-0ad98f078c61 (type: security_group_rules) to 0
2026-08-26 01:49:09.255 10 INFO neutron.wsgi [None req-462c9819-b376-4e2c-b8d4-cabee92ad948 14a5bbbbe17e4a5caa9185f582a358e0 1d20d688d1f941db8581da66dcb5e9db - - default default] 10.0.0.178 "GET /v2.0/security-groups?tenant_id=148afc286cae42918f97ec11eb51e0e2&name=default HTTP/1.1" status: 200 len: 3000 time: 0.1938930
2026-08-26 01:49:09.456 9 INFO neutron.wsgi [None req-a71178e8-19f1-42d3-8622-ca0b29c3cc39 14a5bbbbe17e4a5caa9185f582a358e0 1d20d688d1f941db8581da66dcb5e9db - - default default] 10.0.0.178 "DELETE /v2.0/security-groups/ddba6d18-6014-42e3-a49b-527135931d2f HTTP/1.1" status: 204 len: 168 time: 0.1951258
2026-08-26 01:49:13.069 9 INFO neutron.db.ovn_revision_numbers_db [None req-1787148c-80be-4180-9c7a-6cd745bbf8a3 8144bf6f2da24385a1310ee586a837df 1135b254398a4799b3004da4eba980b7 - - default default] Successfully bumped revision number for resource 39af21e5-becb-4268-96c6-65f4c870b497 (type: security_groups) to 1
2026-08-26 01:49:13.083 9 INFO neutron.db.ovn_revision_numbers_db [None req-1787148c-80be-4180-9c7a-6cd745bbf8a3 8144bf6f2da24385a1310ee586a837df 1135b254398a4799b3004da4eba980b7 - - default default] Successfully bumped revision number for resource 1903080a-db83-4d32-8601-5280f1986c0e (type: security_group_rules) to 0
2026-08-26 01:49:13.097 9 INFO neutron.db.ovn_revision_numbers_db [None req-1787148c-80be-4180-9c7a-6cd745bbf8a3 8144bf6f2da24385a1310ee586a837df 1135b254398a4799b3004da4eba980b7 - - default default] Successfully bumped revision number for resource 5e3535a3-fc6b-4e4b-84be-ed66a2ac2158 (type: security_group_rules) to 0
2026-08-26 01:49:13.123 9 INFO neutron.db.ovn_revision_numbers_db [None req-1787148c-80be-4180-9c7a-6cd745bbf8a3 8144bf6f2da24385a1310ee586a837df 1135b254398a4799b3004da4eba980b7 - - default default] Successfully bumped revision number for resource 9ca7dd93-e400-4afa-b993-7a8636fff801 (type: security_group_rules) to 0
2026-08-26 01:49:13.143 9 INFO neutron.db.ovn_revision_numbers_db [None req-1787148c-80be-4180-9c7a-6cd745bbf8a3 8144bf6f2da24385a1310ee586a837df 1135b254398a4799b3004da4eba980b7 - - default default] Successfully bumped revision number for resource f1f7b987-9ac0-41b7-98eb-fd444282b6f5 (type: security_group_rules) to 0
2026-08-26 01:49:13.198 9 INFO neutron.db.segments_db [None req-1787148c-80be-4180-9c7a-6cd745bbf8a3 8144bf6f2da24385a1310ee586a837df 1135b254398a4799b3004da4eba980b7 - - default default] Added segment 2d699f92-7d68-4793-90b2-f242d390d30c of type geneve for network a4c66f49-fdee-4d07-9850-c2a086939d94
2026-08-26 01:49:13.338 9 INFO neutron.db.ovn_revision_numbers_db [None req-1787148c-80be-4180-9c7a-6cd745bbf8a3 8144bf6f2da24385a1310ee586a837df 1135b254398a4799b3004da4eba980b7 - - default default] Successfully bumped revision number for resource a4c66f49-fdee-4d07-9850-c2a086939d94 (type: networks) to 1
2026-08-26 01:49:13.507 9 WARNING neutron.scheduler.dhcp_agent_scheduler [None req-1787148c-80be-4180-9c7a-6cd745bbf8a3 8144bf6f2da24385a1310ee586a837df 1135b254398a4799b3004da4eba980b7 - - default default] No more DHCP agents
2026-08-26 01:49:13.509 9 WARNING neutron.api.rpc.agentnotifiers.dhcp_rpc_agent_api [None req-1787148c-80be-4180-9c7a-6cd745bbf8a3 8144bf6f2da24385a1310ee586a837df 1135b254398a4799b3004da4eba980b7 - - default default] Unable to schedule network a4c66f49-fdee-4d07-9850-c2a086939d94: no agents available; will retry on subsequent port and subnet creation events.
2026-08-26 01:49:13.594 9 INFO neutron.db.ovn_revision_numbers_db [None req-1787148c-80be-4180-9c7a-6cd745bbf8a3 8144bf6f2da24385a1310ee586a837df 1135b254398a4799b3004da4eba980b7 - - default default] Successfully bumped revision number for resource 619b8322-fc40-465f-a1bd-eea04ea4faae (type: ports) to 1
2026-08-26 01:49:13.621 9 INFO neutron.wsgi [None req-1787148c-80be-4180-9c7a-6cd745bbf8a3 8144bf6f2da24385a1310ee586a837df 1135b254398a4799b3004da4eba980b7 - - default default] 10.0.0.178 "POST /v2.0/networks HTTP/1.1" status: 201 len: 831 time: 0.8413908
2026-08-26 01:49:13.897 9 WARNING neutron.scheduler.dhcp_agent_scheduler [None req-43ec464a-d944-4a6f-b911-21f893ff3353 8144bf6f2da24385a1310ee586a837df 1135b254398a4799b3004da4eba980b7 - - default default] No more DHCP agents
2026-08-26 01:49:13.899 9 WARNING neutron.api.rpc.agentnotifiers.dhcp_rpc_agent_api [None req-43ec464a-d944-4a6f-b911-21f893ff3353 8144bf6f2da24385a1310ee586a837df 1135b254398a4799b3004da4eba980b7 - - default default] Unable to schedule network a4c66f49-fdee-4d07-9850-c2a086939d94: no agents available; will retry on subsequent port and subnet creation events.
2026-08-26 01:49:13.994 9 INFO neutron.db.ovn_revision_numbers_db [None req-43ec464a-d944-4a6f-b911-21f893ff3353 8144bf6f2da24385a1310ee586a837df 1135b254398a4799b3004da4eba980b7 - - default default] Successfully bumped revision number for resource 04bd049d-5bac-442f-bef0-812ced2668a3 (type: ports) to 1
2026-08-26 01:49:14.015 9 INFO neutron.wsgi [None req-43ec464a-d944-4a6f-b911-21f893ff3353 8144bf6f2da24385a1310ee586a837df 1135b254398a4799b3004da4eba980b7 - - default default] 10.0.0.178 "POST /v2.0/ports HTTP/1.1" status: 201 len: 942 time: 0.3860526
2026-08-26 01:49:14.059 10 INFO neutron.wsgi [None req-8ca2ffd8-ac71-4b8a-8456-4044a36f80cf 8144bf6f2da24385a1310ee586a837df 1135b254398a4799b3004da4eba980b7 - - default default] 10.0.0.178 "PUT /v2.0/ports/04bd049d-5bac-442f-bef0-812ced2668a3/tags HTTP/1.1" status: 200 len: 218 time: 0.0363326
2026-08-26 01:49:14.094 10 INFO neutron.wsgi [None req-21b8a02a-a98d-4c85-9ff0-22c21ab39e8f 8144bf6f2da24385a1310ee586a837df 1135b254398a4799b3004da4eba980b7 - - default default] 10.0.0.178 "GET /v2.0/ports/04bd049d-5bac-442f-bef0-812ced2668a3/tags HTTP/1.1" status: 200 len: 218 time: 0.0290308
2026-08-26 01:49:14.145 10 INFO neutron.wsgi [None req-41e5f3e8-e961-4438-8fe6-73010198f6c8 8144bf6f2da24385a1310ee586a837df 1135b254398a4799b3004da4eba980b7 - - default default] 10.0.0.178 "PUT /v2.0/ports/04bd049d-5bac-442f-bef0-812ced2668a3/tags/green HTTP/1.1" status: 201 len: 201 time: 0.0454922
2026-08-26 01:49:14.177 10 INFO neutron.wsgi [None req-b514581b-6330-4190-8a16-2641e843ca9e 8144bf6f2da24385a1310ee586a837df 1135b254398a4799b3004da4eba980b7 - - default default] 10.0.0.178 "GET /v2.0/ports/04bd049d-5bac-442f-bef0-812ced2668a3/tags HTTP/1.1" status: 200 len: 227 time: 0.0273089 /var/lib/openstack/lib/python3.10/site-packages/pycadf/identifier.py:71: UserWarning: Invalid uuid: neutron. To ensure interoperability, identifiers should be a valid uuid. warnings.warn(('Invalid uuid: %s. To ensure interoperability, '
2026-08-26 01:49:14.218 9 INFO neutron.wsgi [None req-dbf440c5-0efa-46cb-a98e-58f162834b34 8144bf6f2da24385a1310ee586a837df 1135b254398a4799b3004da4eba980b7 - - default default] 10.0.0.178 "PUT /v2.0/ports/04bd049d-5bac-442f-bef0-812ced2668a3/tags/red HTTP/1.1" status: 201 len: 201 time: 0.0350583
2026-08-26 01:49:14.252 9 INFO neutron.wsgi [None req-9e52297e-2595-43b2-b213-46af70338192 8144bf6f2da24385a1310ee586a837df 1135b254398a4799b3004da4eba980b7 - - default default] 10.0.0.178 "GET /v2.0/ports/04bd049d-5bac-442f-bef0-812ced2668a3/tags HTTP/1.1" status: 200 len: 227 time: 0.0298538
2026-08-26 01:49:14.295 9 INFO neutron.wsgi [None req-fc412820-e3c4-432c-89c3-16abb7047bcb 8144bf6f2da24385a1310ee586a837df 1135b254398a4799b3004da4eba980b7 - - default default] 10.0.0.178 "PUT /v2.0/ports/04bd049d-5bac-442f-bef0-812ced2668a3/tags/black.or.white HTTP/1.1" status: 201 len: 201 time: 0.0384393
2026-08-26 01:49:14.326 9 INFO neutron.wsgi [None req-2d8fffaf-8cdc-41ff-afbd-2f597840b839 8144bf6f2da24385a1310ee586a837df 1135b254398a4799b3004da4eba980b7 - - default default] 10.0.0.178 "GET /v2.0/ports/04bd049d-5bac-442f-bef0-812ced2668a3/tags HTTP/1.1" status: 200 len: 245 time: 0.0264802
2026-08-26 01:49:14.382 9 INFO neutron.wsgi [None req-c07e4665-9822-4895-a91d-f572c404cd50 8144bf6f2da24385a1310ee586a837df 1135b254398a4799b3004da4eba980b7 - - default default] 10.0.0.178 "PUT /v2.0/ports/04bd049d-5bac-442f-bef0-812ced2668a3/tags HTTP/1.1" status: 200 len: 230 time: 0.0504901
2026-08-26 01:49:14.411 9 INFO neutron.wsgi [None req-91a7be42-bcd6-4c92-8848-25b24386e83d 8144bf6f2da24385a1310ee586a837df 1135b254398a4799b3004da4eba980b7 - - default default] 10.0.0.178 "GET /v2.0/ports/04bd049d-5bac-442f-bef0-812ced2668a3/tags HTTP/1.1" status: 200 len: 230 time: 0.0250187
2026-08-26 01:49:14.443 9 INFO neutron.wsgi [None req-d4a51d11-9b5f-4f6e-b5bd-a1c05ab1c1d3 8144bf6f2da24385a1310ee586a837df 1135b254398a4799b3004da4eba980b7 - - default default] 10.0.0.178 "GET /v2.0/ports/04bd049d-5bac-442f-bef0-812ced2668a3/tags/red HTTP/1.1" status: 204 len: 168 time: 0.0270214
2026-08-26 01:49:14.470 9 INFO neutron.api.v2.resource [None req-dbb36716-5325-4e77-b255-e083207e7d5d 8144bf6f2da24385a1310ee586a837df 1135b254398a4799b3004da4eba980b7 - - default default] show failed (client error): The resource could not be found.
2026-08-26 01:49:14.472 9 INFO neutron.wsgi [None req-dbb36716-5325-4e77-b255-e083207e7d5d 8144bf6f2da24385a1310ee586a837df 1135b254398a4799b3004da4eba980b7 - - default default] 10.0.0.178 "GET /v2.0/ports/04bd049d-5bac-442f-bef0-812ced2668a3/tags/green HTTP/1.1" status: 404 len: 299 time: 0.0242548
2026-08-26 01:49:14.518 9 INFO neutron.wsgi [None req-94725e8e-3043-43a8-821a-65f1b03504ed 8144bf6f2da24385a1310ee586a837df 1135b254398a4799b3004da4eba980b7 - - default default] 10.0.0.178 "DELETE /v2.0/ports/04bd049d-5bac-442f-bef0-812ced2668a3/tags/red HTTP/1.1" status: 204 len: 168 time: 0.0421317
2026-08-26 01:49:14.555 9 INFO neutron.wsgi [None req-3d76bb49-d02f-482a-9f07-cb4fe6715dd6 8144bf6f2da24385a1310ee586a837df 1135b254398a4799b3004da4eba980b7 - - default default] 10.0.0.178 "GET /v2.0/ports/04bd049d-5bac-442f-bef0-812ced2668a3/tags HTTP/1.1" status: 200 len: 223 time: 0.0262032
2026-08-26 01:49:14.585 9 INFO neutron.api.v2.resource [None req-8876780f-1f77-4890-b383-f6383bd7a174 8144bf6f2da24385a1310ee586a837df 1135b254398a4799b3004da4eba980b7 - - default default] delete failed (client error): The resource could not be found.
2026-08-26 01:49:14.586 9 INFO neutron.wsgi [None req-8876780f-1f77-4890-b383-f6383bd7a174 8144bf6f2da24385a1310ee586a837df 1135b254398a4799b3004da4eba980b7 - - default default] 10.0.0.178 "DELETE /v2.0/ports/04bd049d-5bac-442f-bef0-812ced2668a3/tags/green HTTP/1.1" status: 404 len: 299 time: 0.0262754
2026-08-26 01:49:14.625 9 INFO neutron.wsgi [None req-f7640c52-fb92-46b2-9cd7-bdfcb6a009c5 8144bf6f2da24385a1310ee586a837df 1135b254398a4799b3004da4eba980b7 - - default default] 10.0.0.178 "DELETE /v2.0/ports/04bd049d-5bac-442f-bef0-812ced2668a3/tags HTTP/1.1" status: 204 len: 168 time: 0.0345294
2026-08-26 01:49:14.655 9 INFO neutron.wsgi [None req-efbaf4e8-ee44-4ede-8ddb-900d0e43f433 8144bf6f2da24385a1310ee586a837df 1135b254398a4799b3004da4eba980b7 - - default default] 10.0.0.178 "GET /v2.0/ports/04bd049d-5bac-442f-bef0-812ced2668a3/tags HTTP/1.1" status: 200 len: 205 time: 0.0249352
2026-08-26 01:49:14.913 9 INFO neutron.wsgi [None req-0439f035-e7ec-42c7-ab7a-34fa11c37c78 8144bf6f2da24385a1310ee586a837df 1135b254398a4799b3004da4eba980b7 - - default default] 10.0.0.178 "DELETE /v2.0/ports/04bd049d-5bac-442f-bef0-812ced2668a3 HTTP/1.1" status: 204 len: 168 time: 0.2463934
2026-08-26 01:49:15.275 10 INFO neutron.services.segments.plugin [-] Segment 2d699f92-7d68-4793-90b2-f242d390d30c resource provider aggregate not found
2026-08-26 01:49:15.282 10 INFO neutron.services.segments.plugin [-] Segment 2d699f92-7d68-4793-90b2-f242d390d30c resource provider aggregate not found
2026-08-26 01:49:15.300 10 INFO neutron.services.segments.plugin [-] Segment 2d699f92-7d68-4793-90b2-f242d390d30c resource provider not found; error: Placement Client Error (4xx): {"errors": [{"status": 404, "title": "Not Found", "detail": "The resource could not be found.\n\n No resource provider with uuid 2d699f92-7d68-4793-90b2-f242d390d30c found for delete ", "request_id": "req-4217f80b-684f-4314-9026-3c20c67ce2b6"}]}
2026-08-26 01:49:15.301 10 INFO neutron.services.segments.plugin [-] Segment 2d699f92-7d68-4793-90b2-f242d390d30c resource provider not found; error: Placement Client Error (4xx): {"errors": [{"status": 404, "title": "Not Found", "detail": "The resource could not be found.\n\n No resource provider with uuid 2d699f92-7d68-4793-90b2-f242d390d30c found for delete ", "request_id": "req-272a31f7-f531-488e-86c6-46000c7816ec"}]}
2026-08-26 01:49:15.335 10 INFO neutron.wsgi [None req-8ab3b9e0-4a26-4f64-bf27-fe766f30c70d 8144bf6f2da24385a1310ee586a837df 1135b254398a4799b3004da4eba980b7 - - default default] 10.0.0.178 "DELETE /v2.0/networks/a4c66f49-fdee-4d07-9850-c2a086939d94 HTTP/1.1" status: 204 len: 168 time: 0.4170310
2026-08-26 01:49:16.242 10 INFO neutron.db.ovn_revision_numbers_db [None req-0e8cdb3c-d80e-4db8-b2c0-f185e0c6638f 14a5bbbbe17e4a5caa9185f582a358e0 1d20d688d1f941db8581da66dcb5e9db - - default default] Successfully bumped revision number for resource 41b2e6ca-753a-4fc6-bda3-bdbaf2ea6a8e (type: security_groups) to 1
2026-08-26 01:49:16.256 10 INFO neutron.db.ovn_revision_numbers_db [None req-0e8cdb3c-d80e-4db8-b2c0-f185e0c6638f 14a5bbbbe17e4a5caa9185f582a358e0 1d20d688d1f941db8581da66dcb5e9db - - default default] Successfully bumped revision number for resource 365a4ccc-66c5-4c0e-8243-838faa60aa33 (type: security_group_rules) to 0
2026-08-26 01:49:16.270 10 INFO neutron.db.ovn_revision_numbers_db [None req-0e8cdb3c-d80e-4db8-b2c0-f185e0c6638f 14a5bbbbe17e4a5caa9185f582a358e0 1d20d688d1f941db8581da66dcb5e9db - - default default] Successfully bumped revision number for resource 65b58439-dc82-4522-ba26-ab74c2c804ae (type: security_group_rules) to 0
2026-08-26 01:49:16.287 10 INFO neutron.db.ovn_revision_numbers_db [None req-0e8cdb3c-d80e-4db8-b2c0-f185e0c6638f 14a5bbbbe17e4a5caa9185f582a358e0 1d20d688d1f941db8581da66dcb5e9db - - default default] Successfully bumped revision number for resource ab69f33f-fa17-4698-8b94-7cc715a209d3 (type: security_group_rules) to 0
2026-08-26 01:49:16.309 10 INFO neutron.db.ovn_revision_numbers_db [None req-0e8cdb3c-d80e-4db8-b2c0-f185e0c6638f 14a5bbbbe17e4a5caa9185f582a358e0 1d20d688d1f941db8581da66dcb5e9db - - default default] Successfully bumped revision number for resource f251084a-7aa0-453b-bf15-dcb4590b6739 (type: security_group_rules) to 0
2026-08-26 01:49:16.333 10 INFO neutron.wsgi [None req-0e8cdb3c-d80e-4db8-b2c0-f185e0c6638f 14a5bbbbe17e4a5caa9185f582a358e0 1d20d688d1f941db8581da66dcb5e9db - - default default] 10.0.0.178 "GET /v2.0/security-groups?tenant_id=b2073106974b4e1ca213ed4f78f1562e&name=default HTTP/1.1" status: 200 len: 3000 time: 0.2957830
2026-08-26 01:49:16.534 10 INFO neutron.wsgi [None req-414e2780-98ae-4137-bea4-469f7a7d0f45 14a5bbbbe17e4a5caa9185f582a358e0 1d20d688d1f941db8581da66dcb5e9db - - default default] 10.0.0.178 "DELETE /v2.0/security-groups/41b2e6ca-753a-4fc6-bda3-bdbaf2ea6a8e HTTP/1.1" status: 204 len: 168 time: 0.1956494
2026-08-26 01:49:16.668 9 INFO neutron.wsgi [None req-b05c4e74-7445-404b-a760-4d2ec2eb3cc8 14a5bbbbe17e4a5caa9185f582a358e0 1d20d688d1f941db8581da66dcb5e9db - - default default] 10.0.0.178 "GET /v2.0/security-groups?tenant_id=1135b254398a4799b3004da4eba980b7&name=default HTTP/1.1" status: 200 len: 3000 time: 0.0328302
2026-08-26 01:49:16.911 10 INFO neutron.wsgi [None req-9214d29d-4c0f-4c7d-818f-36a4ebec2ef8 14a5bbbbe17e4a5caa9185f582a358e0 1d20d688d1f941db8581da66dcb5e9db - - default default] 10.0.0.178 "DELETE /v2.0/security-groups/39af21e5-becb-4268-96c6-65f4c870b497 HTTP/1.1" status: 204 len: 168 time: 0.2375662
2026-08-26 01:49:19.974 9 INFO neutron.wsgi [-] 10.0.0.183 "GET / HTTP/1.1" status: 200 len: 247 time: 0.0026512
2026-08-26 01:49:19.975 10 INFO neutron.wsgi [-] 10.0.0.183 "GET / HTTP/1.1" status: 200 len: 247 time: 0.0038083
2026-08-26 01:49:20.854 9 INFO neutron.db.ovn_revision_numbers_db [None req-97413f0b-ef2f-43f8-bf6d-8be4f0f8129f 14a5bbbbe17e4a5caa9185f582a358e0 1d20d688d1f941db8581da66dcb5e9db - - default default] Successfully bumped revision number for resource 1d0a18e7-e656-4c69-a21f-ec89bcdef446 (type: security_groups) to 1
2026-08-26 01:49:20.874 9 INFO neutron.db.ovn_revision_numbers_db [None req-97413f0b-ef2f-43f8-bf6d-8be4f0f8129f 14a5bbbbe17e4a5caa9185f582a358e0 1d20d688d1f941db8581da66dcb5e9db - - default default] Successfully bumped revision number for resource 0876df3d-b2cf-4dc2-b6aa-dc916cb26dab (type: security_group_rules) to 0
2026-08-26 01:49:20.887 9 INFO neutron.db.ovn_revision_numbers_db [None req-97413f0b-ef2f-43f8-bf6d-8be4f0f8129f 14a5bbbbe17e4a5caa9185f582a358e0 1d20d688d1f941db8581da66dcb5e9db - - default default] Successfully bumped revision number for resource 30f61c68-ede0-4c5a-bfb9-85b82e05b0db (type: security_group_rules) to 0
2026-08-26 01:49:20.898 9 INFO neutron.db.ovn_revision_numbers_db [None req-97413f0b-ef2f-43f8-bf6d-8be4f0f8129f 14a5bbbbe17e4a5caa9185f582a358e0 1d20d688d1f941db8581da66dcb5e9db - - default default] Successfully bumped revision number for resource 46d51ccf-5e83-460d-931c-e9aa7b77fb98 (type: security_group_rules) to 0
2026-08-26 01:49:20.925 9 INFO neutron.db.ovn_revision_numbers_db [None req-97413f0b-ef2f-43f8-bf6d-8be4f0f8129f 14a5bbbbe17e4a5caa9185f582a358e0 1d20d688d1f941db8581da66dcb5e9db - - default default] Successfully bumped revision number for resource e3fb08cf-e898-40e6-b76a-8b3c99178759 (type: security_group_rules) to 0
2026-08-26 01:49:20.952 9 INFO neutron.wsgi [None req-97413f0b-ef2f-43f8-bf6d-8be4f0f8129f 14a5bbbbe17e4a5caa9185f582a358e0 1d20d688d1f941db8581da66dcb5e9db - - default default] 10.0.0.178 "GET /v2.0/security-groups?tenant_id=c0762f94bcdd46a0af1f0f40fdbaeeff&name=default HTTP/1.1" status: 200 len: 3000 time: 0.4248011
2026-08-26 01:49:21.164 9 INFO neutron.wsgi [None req-599cd81a-a32f-475f-baa0-8520cbca657e 14a5bbbbe17e4a5caa9185f582a358e0 1d20d688d1f941db8581da66dcb5e9db - - default default] 10.0.0.178 "DELETE /v2.0/security-groups/1d0a18e7-e656-4c69-a21f-ec89bcdef446 HTTP/1.1" status: 204 len: 168 time: 0.2060499
2026-08-26 01:49:21.408 9 INFO neutron.db.ovn_revision_numbers_db [None req-20917888-e19d-45a3-af2a-f9f248259f1b 14a5bbbbe17e4a5caa9185f582a358e0 1d20d688d1f941db8581da66dcb5e9db - - default default] Successfully bumped revision number for resource 34237281-ed3c-404c-ab85-bd1e60efeb05 (type: security_groups) to 1
2026-08-26 01:49:21.421 9 INFO neutron.db.ovn_revision_numbers_db [None req-20917888-e19d-45a3-af2a-f9f248259f1b 14a5bbbbe17e4a5caa9185f582a358e0 1d20d688d1f941db8581da66dcb5e9db - - default default] Successfully bumped revision number for resource 08016140-eb8c-4b2b-be7a-7ebd0df48daa (type: security_group_rules) to 0
2026-08-26 01:49:21.442 9 INFO neutron.db.ovn_revision_numbers_db [None req-20917888-e19d-45a3-af2a-f9f248259f1b 14a5bbbbe17e4a5caa9185f582a358e0 1d20d688d1f941db8581da66dcb5e9db - - default default] Successfully bumped revision number for resource 1e07c4ed-44aa-4a25-ac8e-907674040cfc (type: security_group_rules) to 0
2026-08-26 01:49:21.454 9 INFO neutron.db.ovn_revision_numbers_db [None req-20917888-e19d-45a3-af2a-f9f248259f1b 14a5bbbbe17e4a5caa9185f582a358e0 1d20d688d1f941db8581da66dcb5e9db - - default default] Successfully bumped revision number for resource 72ec3f9a-e37a-4d2c-a6df-ddb9fdd0f70c (type: security_group_rules) to 0
2026-08-26 01:49:21.478 9 INFO neutron.db.ovn_revision_numbers_db [None req-20917888-e19d-45a3-af2a-f9f248259f1b 14a5bbbbe17e4a5caa9185f582a358e0 1d20d688d1f941db8581da66dcb5e9db - - default default] Successfully bumped revision number for resource d517c961-889f-4a0c-aa2a-13e62c1ebe21 (type: security_group_rules) to 0
2026-08-26 01:49:21.502 9 INFO neutron.wsgi [None req-20917888-e19d-45a3-af2a-f9f248259f1b 14a5bbbbe17e4a5caa9185f582a358e0 1d20d688d1f941db8581da66dcb5e9db - - default default] 10.0.0.178 "GET /v2.0/security-groups?tenant_id=96e64938b03747d483870b19fd8bec62&name=default HTTP/1.1" status: 200 len: 3000 time: 0.2357945
2026-08-26 01:49:21.737 9 INFO neutron.wsgi [None req-de9ab8e7-5354-4893-bcd8-ffa13be71fa8 14a5bbbbe17e4a5caa9185f582a358e0 1d20d688d1f941db8581da66dcb5e9db - - default default] 10.0.0.178 "DELETE /v2.0/security-groups/34237281-ed3c-404c-ab85-bd1e60efeb05 HTTP/1.1" status: 204 len: 168 time: 0.2306445
2026-08-26 01:49:34.977 9 INFO neutron.wsgi [-] 10.0.0.183 "GET / HTTP/1.1" status: 200 len: 247 time: 0.0048602
2026-08-26 01:49:34.977 10 INFO neutron.wsgi [-] 10.0.0.183 "GET / HTTP/1.1" status: 200 len: 247 time: 0.0031266
2026-08-26 01:49:38.326 9 INFO neutron.wsgi [None req-854331a9-eb76-460a-8fae-5aafccc119f4 14a5bbbbe17e4a5caa9185f582a358e0 1d20d688d1f941db8581da66dcb5e9db - - default default] 10.0.0.143 "GET /v2.0/subnets HTTP/1.1" status: 200 len: 1437 time: 0.1881421
2026-08-26 01:49:38.351 9 INFO neutron.wsgi [None req-443e6f8a-9cb0-420d-a220-55417d2bcec3 14a5bbbbe17e4a5caa9185f582a358e0 1d20d688d1f941db8581da66dcb5e9db - - default default] 10.0.0.143 "GET /v2.0/agents HTTP/1.1" status: 200 len: 997 time: 0.0242357
2026-08-26 01:49:38.378 9 INFO neutron.wsgi [None req-623cdbf6-a56f-401b-bf91-daee14dc6191 14a5bbbbe17e4a5caa9185f582a358e0 1d20d688d1f941db8581da66dcb5e9db - - default default] 10.0.0.143 "GET /v2.0/floatingips HTTP/1.1" status: 200 len: 193 time: 0.0232267
2026-08-26 01:49:38.426 9 INFO neutron.wsgi [None req-3a3c196d-e4f2-4c54-a4bf-6d2b69f242af 14a5bbbbe17e4a5caa9185f582a358e0 1d20d688d1f941db8581da66dcb5e9db - - default default] 10.0.0.143 "GET /v2.0/security-groups HTTP/1.1" status: 200 len: 16803 time: 0.0466347
2026-08-26 01:49:38.448 9 INFO neutron.wsgi [None req-24d71b30-11af-4ca1-ab15-46bb5f3587da 14a5bbbbe17e4a5caa9185f582a358e0 1d20d688d1f941db8581da66dcb5e9db - - default default] 10.0.0.143 "GET /v2.0/network-ip-availabilities HTTP/1.1" status: 200 len: 1280 time: 0.0147483
2026-08-26 01:49:38.512 9 INFO neutron.wsgi [None req-f0c8b335-c0f3-4dc4-abea-84703441ce2b 14a5bbbbe17e4a5caa9185f582a358e0 1d20d688d1f941db8581da66dcb5e9db - - default default] 10.0.0.143 "GET /v2.0/networks HTTP/1.1" status: 200 len: 2350 time: 0.0639436
2026-08-26 01:49:38.550 9 INFO neutron.wsgi [None req-07724764-39ca-42c1-8208-e0b50920f573 14a5bbbbe17e4a5caa9185f582a358e0 1d20d688d1f941db8581da66dcb5e9db - - default default] 10.0.0.143 "GET /v2.0/ports HTTP/1.1" status: 200 len: 5349 time: 0.0361214
2026-08-26 01:49:38.576 9 INFO neutron.wsgi [None req-b3a939e6-cd00-4ddc-9475-fd4806c499e7 14a5bbbbe17e4a5caa9185f582a358e0 1d20d688d1f941db8581da66dcb5e9db - - default default] 10.0.0.143 "GET /v2.0/routers HTTP/1.1" status: 200 len: 189 time: 0.0225954
2026-08-26 01:49:38.587 9 INFO neutron.wsgi [None req-72e62f58-a59b-4245-9a71-219dfff4411a 14a5bbbbe17e4a5caa9185f582a358e0 1d20d688d1f941db8581da66dcb5e9db - - default default] 10.0.0.143 "GET /v2.0/agents?binary=ovn-controller HTTP/1.1" status: 200 len: 591 time: 0.0107865
2026-08-26 01:49:38.635 9 INFO neutron.wsgi [None req-707142f6-729c-43b6-99f2-75a2b007a31d 14a5bbbbe17e4a5caa9185f582a358e0 1d20d688d1f941db8581da66dcb5e9db - - default default] 10.0.0.143 "GET /v2.0/subnets HTTP/1.1" status: 200 len: 1437 time: 0.0463939
2026-08-26 01:49:38.646 9 INFO neutron.wsgi [None req-ed727c05-5de8-45fb-8e99-320f7687bde8 14a5bbbbe17e4a5caa9185f582a358e0 1d20d688d1f941db8581da66dcb5e9db - - default default] 10.0.0.143 "GET /v2.0/subnetpools HTTP/1.1" status: 200 len: 193 time: 0.0105481
2026-08-26 01:49:49.974 10 INFO neutron.wsgi [-] 10.0.0.183 "GET / HTTP/1.1" status: 200 len: 247 time: 0.0027633
2026-08-26 01:49:49.976 10 INFO neutron.wsgi [-] 10.0.0.183 "GET / HTTP/1.1" status: 200 len: 247 time: 0.0012403
2026-08-26 01:50:04.973 10 INFO neutron.wsgi [-] 10.0.0.183 "GET / HTTP/1.1" status: 200 len: 247 time: 0.0018601
2026-08-26 01:50:04.973 9 INFO neutron.wsgi [-] 10.0.0.183 "GET / HTTP/1.1" status: 200 len: 247 time: 0.0019217
2026-08-26 01:50:19.972 9 INFO neutron.wsgi [-] 10.0.0.183 "GET / HTTP/1.1" status: 200 len: 247 time: 0.0019052
2026-08-26 01:50:19.974 10 INFO neutron.wsgi [-] 10.0.0.183 "GET / HTTP/1.1" status: 200 len: 247 time: 0.0036070
2026-08-26 01:50:34.977 10 INFO neutron.wsgi [-] 10.0.0.183 "GET / HTTP/1.1" status: 200 len: 247 time: 0.0031862
2026-08-26 01:50:34.980 9 INFO neutron.wsgi [-] 10.0.0.183 "GET / HTTP/1.1" status: 200 len: 247 time: 0.0060024
2026-08-26 01:50:38.163 9 INFO neutron.wsgi [None req-6d0e1bdf-9ac1-42df-9f5d-e40d64a84433 14a5bbbbe17e4a5caa9185f582a358e0 1d20d688d1f941db8581da66dcb5e9db - - default default] 10.0.0.143 "GET /v2.0/subnets HTTP/1.1" status: 200 len: 1437 time: 0.0860417
2026-08-26 01:50:38.171 9 INFO neutron.wsgi [None req-dfaf92e5-2fe0-408c-b80d-d2da50d4e6d0 14a5bbbbe17e4a5caa9185f582a358e0 1d20d688d1f941db8581da66dcb5e9db - - default default] 10.0.0.143 "GET /v2.0/subnetpools HTTP/1.1" status: 200 len: 193 time: 0.0077307
2026-08-26 01:50:38.248 9 INFO neutron.wsgi [None req-bdcd42e0-2503-4f3d-8a9a-513666831330 14a5bbbbe17e4a5caa9185f582a358e0 1d20d688d1f941db8581da66dcb5e9db - - default default] 10.0.0.143 "GET /v2.0/networks HTTP/1.1" status: 200 len: 2350 time: 0.0759203
2026-08-26 01:50:38.278 9 INFO neutron.wsgi [None req-f3813892-3574-4624-98bd-0c18147c62de 14a5bbbbe17e4a5caa9185f582a358e0 1d20d688d1f941db8581da66dcb5e9db - - default default] 10.0.0.143 "GET /v2.0/subnets HTTP/1.1" status: 200 len: 1437 time: 0.0278029
2026-08-26 01:50:38.312 9 INFO neutron.wsgi [None req-a77f09d2-4657-481b-9b64-d72aa5f82296 14a5bbbbe17e4a5caa9185f582a358e0 1d20d688d1f941db8581da66dcb5e9db - - default default] 10.0.0.143 "GET /v2.0/floatingips HTTP/1.1" status: 200 len: 193 time: 0.0265601
2026-08-26 01:50:38.365 9 INFO neutron.wsgi [None req-42281680-c605-4706-a7bc-7fab5ddf0dc0 14a5bbbbe17e4a5caa9185f582a358e0 1d20d688d1f941db8581da66dcb5e9db - - default default] 10.0.0.143 "GET /v2.0/security-groups HTTP/1.1" status: 200 len: 16803 time: 0.0527658
2026-08-26 01:50:38.409 9 INFO neutron.wsgi [None req-7bd65608-d1d8-4650-9b22-55c6766a52d6 14a5bbbbe17e4a5caa9185f582a358e0 1d20d688d1f941db8581da66dcb5e9db - - default default] 10.0.0.143 "GET /v2.0/ports HTTP/1.1" status: 200 len: 5349 time: 0.0400877
2026-08-26 01:50:38.425 9 INFO neutron.wsgi [None req-8477665d-8873-4424-8787-569269465658 14a5bbbbe17e4a5caa9185f582a358e0 1d20d688d1f941db8581da66dcb5e9db - - default default] 10.0.0.143 "GET /v2.0/network-ip-availabilities HTTP/1.1" status: 200 len: 1280 time: 0.0131905
2026-08-26 01:50:38.447 9 INFO neutron.wsgi [None req-0ca6e787-11bf-47db-8a9c-1323c5991927 14a5bbbbe17e4a5caa9185f582a358e0 1d20d688d1f941db8581da66dcb5e9db - - default default] 10.0.0.143 "GET /v2.0/routers HTTP/1.1" status: 200 len: 189 time: 0.0209928
2026-08-26 01:50:38.490 9 INFO neutron.wsgi [None req-acecfadd-2409-45b4-9302-ebf614537270 14a5bbbbe17e4a5caa9185f582a358e0 1d20d688d1f941db8581da66dcb5e9db - - default default] 10.0.0.143 "GET /v2.0/agents?binary=ovn-controller HTTP/1.1" status: 200 len: 591 time: 0.0431523
2026-08-26 01:50:38.501 9 INFO neutron.wsgi [None req-4cc571bc-dbd0-4d79-81a4-36ddaf7172b8 14a5bbbbe17e4a5caa9185f582a358e0 1d20d688d1f941db8581da66dcb5e9db - - default default] 10.0.0.143 "GET /v2.0/agents HTTP/1.1" status: 200 len: 997 time: 0.0094194
2026-08-26 01:50:49.973 9 INFO neutron.wsgi [-] 10.0.0.183 "GET / HTTP/1.1" status: 200 len: 247 time: 0.0018442
2026-08-26 01:50:49.974 10 INFO neutron.wsgi [-] 10.0.0.183 "GET / HTTP/1.1" status: 200 len: 247 time: 0.0026767
2026-08-26 01:51:04.975 9 INFO neutron.wsgi [-] 10.0.0.183 "GET / HTTP/1.1" status: 200 len: 247 time: 0.0018735
2026-08-26 01:51:04.976 10 INFO neutron.wsgi [-] 10.0.0.183 "GET / HTTP/1.1" status: 200 len: 247 time: 0.0045166
2026-08-26 01:51:19.974 10 INFO neutron.wsgi [-] 10.0.0.183 "GET / HTTP/1.1" status: 200 len: 247 time: 0.0025990
2026-08-26 01:51:19.974 9 INFO neutron.wsgi [-] 10.0.0.183 "GET / HTTP/1.1" status: 200 len: 247 time: 0.0025935
2026-08-26 01:51:34.972 9 INFO neutron.wsgi [-] 10.0.0.183 "GET / HTTP/1.1" status: 200 len: 247 time: 0.0013590
2026-08-26 01:51:34.972 10 INFO neutron.wsgi [-] 10.0.0.183 "GET / HTTP/1.1" status: 200 len: 247 time: 0.0018137
2026-08-26 01:51:38.186 9 INFO neutron.wsgi [None req-de92052d-7652-47f2-98e4-60fafd34b1b9 14a5bbbbe17e4a5caa9185f582a358e0 1d20d688d1f941db8581da66dcb5e9db - - default default] 10.0.0.143 "GET /v2.0/subnets HTTP/1.1" status: 200 len: 1437 time: 0.1005518
2026-08-26 01:51:38.231 9 INFO neutron.wsgi [None req-efa80594-b2fd-45b3-b8e1-74cb7ccde00c 14a5bbbbe17e4a5caa9185f582a358e0 1d20d688d1f941db8581da66dcb5e9db - - default default] 10.0.0.143 "GET /v2.0/ports HTTP/1.1" status: 200 len: 5349 time: 0.0432708
2026-08-26 01:51:38.307 9 INFO neutron.wsgi [None req-80351bf7-f857-486c-bbe9-6d1c774b25f3 14a5bbbbe17e4a5caa9185f582a358e0 1d20d688d1f941db8581da66dcb5e9db - - default default] 10.0.0.143 "GET /v2.0/networks HTTP/1.1" status: 200 len: 2350 time: 0.0708222
2026-08-26 01:51:38.333 9 INFO neutron.wsgi [None req-6cd0e465-50af-45eb-9e8c-ddbf98cc195d 14a5bbbbe17e4a5caa9185f582a358e0 1d20d688d1f941db8581da66dcb5e9db - - default default] 10.0.0.143 "GET /v2.0/routers HTTP/1.1" status: 200 len: 189 time: 0.0238187
2026-08-26 01:51:38.375 9 INFO neutron.wsgi [None req-3000d566-74e3-4dcf-bb81-9ff5e94fa17d 14a5bbbbe17e4a5caa9185f582a358e0 1d20d688d1f941db8581da66dcb5e9db - - default default] 10.0.0.143 "GET /v2.0/agents?binary=ovn-controller HTTP/1.1" status: 200 len: 591 time: 0.0412223
2026-08-26 01:51:38.391 9 INFO neutron.wsgi [None req-8b6da21d-0cf3-4d9d-bc3f-4f92dcbe70f8 14a5bbbbe17e4a5caa9185f582a358e0 1d20d688d1f941db8581da66dcb5e9db - - default default] 10.0.0.143 "GET /v2.0/network-ip-availabilities HTTP/1.1" status: 200 len: 1280 time: 0.0148628
2026-08-26 01:51:38.449 9 INFO neutron.wsgi [None req-cb33133b-2db8-4897-8bdc-e135a420cd38 14a5bbbbe17e4a5caa9185f582a358e0 1d20d688d1f941db8581da66dcb5e9db - - default default] 10.0.0.143 "GET /v2.0/security-groups HTTP/1.1" status: 200 len: 16803 time: 0.0570023
2026-08-26 01:51:38.465 9 INFO neutron.wsgi [None req-5dc25fb8-4ac7-419a-8b7e-0b5b2b79b7f4 14a5bbbbe17e4a5caa9185f582a358e0 1d20d688d1f941db8581da66dcb5e9db - - default default] 10.0.0.143 "GET /v2.0/agents HTTP/1.1" status: 200 len: 997 time: 0.0123320
2026-08-26 01:51:38.485 9 INFO neutron.wsgi [None req-e5331270-9b17-4a99-9c37-b6b97f159e54 14a5bbbbe17e4a5caa9185f582a358e0 1d20d688d1f941db8581da66dcb5e9db - - default default] 10.0.0.143 "GET /v2.0/floatingips HTTP/1.1" status: 200 len: 193 time: 0.0183978
2026-08-26 01:51:38.518 9 INFO neutron.wsgi [None req-b22e1ca2-9b90-4004-a1f8-794860e72432 14a5bbbbe17e4a5caa9185f582a358e0 1d20d688d1f941db8581da66dcb5e9db - - default default] 10.0.0.143 "GET /v2.0/subnets HTTP/1.1" status: 200 len: 1437 time: 0.0317733
2026-08-26 01:51:38.528 9 INFO neutron.wsgi [None req-dad8df89-cd3c-4c1f-9c29-544be8edbd71 14a5bbbbe17e4a5caa9185f582a358e0 1d20d688d1f941db8581da66dcb5e9db - - default default] 10.0.0.143 "GET /v2.0/subnetpools HTTP/1.1" status: 200 len: 193 time: 0.0092182
2026-08-26 01:51:40.796 15 INFO neutron.plugins.ml2.drivers.ovn.mech_driver.ovsdb.maintenance [None req-4b335d16-2c28-4cd9-9ffe-c0e4db60d085 - - - - - -] Maintenance task: Synchronization finished (took 0.52 seconds)
2026-08-26 01:51:49.973 9 INFO neutron.wsgi [-] 10.0.0.183 "GET / HTTP/1.1" status: 200 len: 247 time: 0.0018516
2026-08-26 01:51:49.975 10 INFO neutron.wsgi [-] 10.0.0.183 "GET / HTTP/1.1" status: 200 len: 247 time: 0.0030344
2026-08-26 01:52:04.975 10 INFO neutron.wsgi [-] 10.0.0.183 "GET / HTTP/1.1" status: 200 len: 247 time: 0.0030005
2026-08-26 01:52:04.980 10 INFO neutron.wsgi [-] 10.0.0.183 "GET / HTTP/1.1" status: 200 len: 247 time: 0.0026803
2026-08-26 01:52:19.975 10 INFO neutron.wsgi [-] 10.0.0.183 "GET / HTTP/1.1" status: 200 len: 247 time: 0.0036423
2026-08-26 01:52:19.976 9 INFO neutron.wsgi [-] 10.0.0.183 "GET / HTTP/1.1" status: 200 len: 247 time: 0.0044856
2026-08-26 01:52:34.974 9 INFO neutron.wsgi [-] 10.0.0.183 "GET / HTTP/1.1" status: 200 len: 247 time: 0.0027883
2026-08-26 01:52:34.974 10 INFO neutron.wsgi [-] 10.0.0.183 "GET / HTTP/1.1" status: 200 len: 247 time: 0.0027485
2026-08-26 01:52:38.165 9 INFO neutron.wsgi [None req-9735d436-4d4f-4120-a05f-0e0e50449db6 14a5bbbbe17e4a5caa9185f582a358e0 1d20d688d1f941db8581da66dcb5e9db - - default default] 10.0.0.143 "GET /v2.0/routers HTTP/1.1" status: 200 len: 189 time: 0.0763223
2026-08-26 01:52:38.205 9 INFO neutron.wsgi [None req-8382f3fc-dd3b-4c5c-811d-ab0eb1fb5008 14a5bbbbe17e4a5caa9185f582a358e0 1d20d688d1f941db8581da66dcb5e9db - - default default] 10.0.0.143 "GET /v2.0/agents?binary=ovn-controller HTTP/1.1" status: 200 len: 591 time: 0.0390246
2026-08-26 01:52:38.215 9 INFO neutron.wsgi [None req-ec06619b-33a4-4896-9523-55d2e5808aa8 14a5bbbbe17e4a5caa9185f582a358e0 1d20d688d1f941db8581da66dcb5e9db - - default default] 10.0.0.143 "GET /v2.0/agents HTTP/1.1" status: 200 len: 997 time: 0.0089564
2026-08-26 01:52:38.232 9 INFO neutron.wsgi [None req-1bc32829-b85e-4fad-a229-5f836c35e90d 14a5bbbbe17e4a5caa9185f582a358e0 1d20d688d1f941db8581da66dcb5e9db - - default default] 10.0.0.143 "GET /v2.0/floatingips HTTP/1.1" status: 200 len: 193 time: 0.0167832
2026-08-26 01:52:38.287 9 INFO neutron.wsgi [None req-f36e69bc-3db3-4c52-9440-fb3037472c82 14a5bbbbe17e4a5caa9185f582a358e0 1d20d688d1f941db8581da66dcb5e9db - - default default] 10.0.0.143 "GET /v2.0/security-groups HTTP/1.1" status: 200 len: 16803 time: 0.0536079
2026-08-26 01:52:38.336 9 INFO neutron.wsgi [None req-f562a87e-bf02-4291-a1dd-89520f2d4e23 14a5bbbbe17e4a5caa9185f582a358e0 1d20d688d1f941db8581da66dcb5e9db - - default default] 10.0.0.143 "GET /v2.0/subnets HTTP/1.1" status: 200 len: 1437 time: 0.0421293
2026-08-26 01:52:38.388 9 INFO neutron.wsgi [None req-f8fc22e1-0d78-41a2-9aee-b08738125a91 14a5bbbbe17e4a5caa9185f582a358e0 1d20d688d1f941db8581da66dcb5e9db - - default default] 10.0.0.143 "GET /v2.0/subnets HTTP/1.1" status: 200 len: 1437 time: 0.0509431
2026-08-26 01:52:38.404 9 INFO neutron.wsgi [None req-eeb69fe9-c385-43e3-a669-b13710669db3 14a5bbbbe17e4a5caa9185f582a358e0 1d20d688d1f941db8581da66dcb5e9db - - default default] 10.0.0.143 "GET /v2.0/subnetpools HTTP/1.1" status: 200 len: 193 time: 0.0143485
2026-08-26 01:52:38.432 9 INFO neutron.wsgi [None req-08ce545c-0085-4879-9ee6-3e42c292d127 14a5bbbbe17e4a5caa9185f582a358e0 1d20d688d1f941db8581da66dcb5e9db - - default default] 10.0.0.143 "GET /v2.0/ports HTTP/1.1" status: 200 len: 5349 time: 0.0271380
2026-08-26 01:52:38.445 9 INFO neutron.wsgi [None req-ccd311c0-66e8-41fc-81e9-3534ff807dbe 14a5bbbbe17e4a5caa9185f582a358e0 1d20d688d1f941db8581da66dcb5e9db - - default default] 10.0.0.143 "GET /v2.0/network-ip-availabilities HTTP/1.1" status: 200 len: 1280 time: 0.0100441
2026-08-26 01:52:38.523 9 INFO neutron.wsgi [None req-a67829c4-bdf8-438d-b8b4-e8d557105f7b 14a5bbbbe17e4a5caa9185f582a358e0 1d20d688d1f941db8581da66dcb5e9db - - default default] 10.0.0.143 "GET /v2.0/networks HTTP/1.1" status: 200 len: 2350 time: 0.0779173
2026-08-26 01:52:49.973 9 INFO neutron.wsgi [-] 10.0.0.183 "GET / HTTP/1.1" status: 200 len: 247 time: 0.0017743
2026-08-26 01:52:49.977 10 INFO neutron.wsgi [-] 10.0.0.183 "GET / HTTP/1.1" status: 200 len: 247 time: 0.0031393
2026-08-26 01:53:04.974 9 INFO neutron.wsgi [-] 10.0.0.183 "GET / HTTP/1.1" status: 200 len: 247 time: 0.0022128
2026-08-26 01:53:04.976 10 INFO neutron.wsgi [-] 10.0.0.183 "GET / HTTP/1.1" status: 200 len: 247 time: 0.0047917
2026-08-26 01:53:19.972 10 INFO neutron.wsgi [-] 10.0.0.183 "GET / HTTP/1.1" status: 200 len: 247 time: 0.0017724
2026-08-26 01:53:19.975 9 INFO neutron.wsgi [-] 10.0.0.183 "GET / HTTP/1.1" status: 200 len: 247 time: 0.0045719
2026-08-26 01:53:34.975 9 INFO neutron.wsgi [-] 10.0.0.183 "GET / HTTP/1.1" status: 200 len: 247 time: 0.0034380
2026-08-26 01:53:34.975 10 INFO neutron.wsgi [-] 10.0.0.183 "GET / HTTP/1.1" status: 200 len: 247 time: 0.0036449
2026-08-26 01:53:38.166 9 INFO neutron.wsgi [None req-b784edab-85c7-4e1c-b3ac-664d3a5f534e 14a5bbbbe17e4a5caa9185f582a358e0 1d20d688d1f941db8581da66dcb5e9db - - default default] 10.0.0.143 "GET /v2.0/network-ip-availabilities HTTP/1.1" status: 200 len: 1280 time: 0.0614829
2026-08-26 01:53:38.227 9 INFO neutron.wsgi [None req-2d2c199e-3de1-44f4-a0e3-9c3e42ca8de5 14a5bbbbe17e4a5caa9185f582a358e0 1d20d688d1f941db8581da66dcb5e9db - - default default] 10.0.0.143 "GET /v2.0/security-groups HTTP/1.1" status: 200 len: 16803 time: 0.0600326
2026-08-26 01:53:38.296 9 INFO neutron.wsgi [None req-b446ffe0-fdeb-4822-a797-ca0db78c1d51 14a5bbbbe17e4a5caa9185f582a358e0 1d20d688d1f941db8581da66dcb5e9db - - default default] 10.0.0.143 "GET /v2.0/agents HTTP/1.1" status: 200 len: 997 time: 0.0605371
2026-08-26 01:53:38.327 9 INFO neutron.wsgi [None req-cfd45c87-0672-4340-96f5-860673f162b5 14a5bbbbe17e4a5caa9185f582a358e0 1d20d688d1f941db8581da66dcb5e9db - - default default] 10.0.0.143 "GET /v2.0/subnets HTTP/1.1" status: 200 len: 1437 time: 0.0303836
2026-08-26 01:53:38.339 9 INFO neutron.wsgi [None req-e8e20eab-2d59-41e0-b6c1-473daa4c3155 14a5bbbbe17e4a5caa9185f582a358e0 1d20d688d1f941db8581da66dcb5e9db - - default default] 10.0.0.143 "GET /v2.0/subnetpools HTTP/1.1" status: 200 len: 193 time: 0.0105395
2026-08-26 01:53:38.363 9 INFO neutron.wsgi [None req-4e707a65-c0ff-4a5c-b51c-9862594221d7 14a5bbbbe17e4a5caa9185f582a358e0 1d20d688d1f941db8581da66dcb5e9db - - default default] 10.0.0.143 "GET /v2.0/floatingips HTTP/1.1" status: 200 len: 193 time: 0.0235364
2026-08-26 01:53:38.435 9 INFO neutron.wsgi [None req-0f3f9e4c-f85c-459f-9b9c-ed5762c7840a 14a5bbbbe17e4a5caa9185f582a358e0 1d20d688d1f941db8581da66dcb5e9db - - default default] 10.0.0.143 "GET /v2.0/networks HTTP/1.1" status: 200 len: 2350 time: 0.0716810
2026-08-26 01:53:38.473 9 INFO neutron.wsgi [None req-b5fbfb9f-e9d5-46bf-8187-b4b72945451a 14a5bbbbe17e4a5caa9185f582a358e0 1d20d688d1f941db8581da66dcb5e9db - - default default] 10.0.0.143 "GET /v2.0/subnets HTTP/1.1" status: 200 len: 1437 time: 0.0357399
2026-08-26 01:53:38.509 9 INFO neutron.wsgi [None req-4a775be3-f77d-406b-b4c3-d340b3375177 14a5bbbbe17e4a5caa9185f582a358e0 1d20d688d1f941db8581da66dcb5e9db - - default default] 10.0.0.143 "GET /v2.0/ports HTTP/1.1" status: 200 len: 5349 time: 0.0343058
2026-08-26 01:53:38.536 9 INFO neutron.wsgi [None req-93789bf6-cbff-4cbb-b633-0ec7a94f7186 14a5bbbbe17e4a5caa9185f582a358e0 1d20d688d1f941db8581da66dcb5e9db - - default default] 10.0.0.143 "GET /v2.0/routers HTTP/1.1" status: 200 len: 189 time: 0.0214682
2026-08-26 01:53:38.549 9 INFO neutron.wsgi [None req-8d39fb75-bd46-47d2-8bee-6adb67cbb4e2 14a5bbbbe17e4a5caa9185f582a358e0 1d20d688d1f941db8581da66dcb5e9db - - default default] 10.0.0.143 "GET /v2.0/agents?binary=ovn-controller HTTP/1.1" status: 200 len: 591 time: 0.0122957
2026-08-26 01:53:49.973 10 INFO neutron.wsgi [-] 10.0.0.183 "GET / HTTP/1.1" status: 200 len: 247 time: 0.0028150
2026-08-26 01:53:49.977 10 INFO neutron.wsgi [-] 10.0.0.183 "GET / HTTP/1.1" status: 200 len: 247 time: 0.0020945
2026-08-26 01:54:04.974 9 INFO neutron.wsgi [-] 10.0.0.183 "GET / HTTP/1.1" status: 200 len: 247 time: 0.0034945
2026-08-26 01:54:04.976 10 INFO neutron.wsgi [-] 10.0.0.183 "GET / HTTP/1.1" status: 200 len: 247 time: 0.0017419
2026-08-26 01:54:19.973 10 INFO neutron.wsgi [-] 10.0.0.183 "GET / HTTP/1.1" status: 200 len: 247 time: 0.0027349
2026-08-26 01:54:19.974 9 INFO neutron.wsgi [-] 10.0.0.183 "GET / HTTP/1.1" status: 200 len: 247 time: 0.0035207
2026-08-26 01:54:34.973 10 INFO neutron.wsgi [-] 10.0.0.183 "GET / HTTP/1.1" status: 200 len: 247 time: 0.0018370
2026-08-26 01:54:34.974 9 INFO neutron.wsgi [-] 10.0.0.183 "GET / HTTP/1.1" status: 200 len: 247 time: 0.0034506
2026-08-26 01:54:38.171 9 INFO neutron.wsgi [None req-d8074ad4-967a-448e-8ab6-7573235ffdee 14a5bbbbe17e4a5caa9185f582a358e0 1d20d688d1f941db8581da66dcb5e9db - - default default] 10.0.0.143 "GET /v2.0/agents HTTP/1.1" status: 200 len: 997 time: 0.0903141
2026-08-26 01:54:38.205 9 INFO neutron.wsgi [None req-f540b90c-643c-44d2-8f16-190954b58819 14a5bbbbe17e4a5caa9185f582a358e0 1d20d688d1f941db8581da66dcb5e9db - - default default] 10.0.0.143 "GET /v2.0/subnets HTTP/1.1" status: 200 len: 1437 time: 0.0331845
2026-08-26 01:54:38.216 9 INFO neutron.wsgi [None req-d2790661-b523-4b3c-9554-81d8347e868f 14a5bbbbe17e4a5caa9185f582a358e0 1d20d688d1f941db8581da66dcb5e9db - - default default] 10.0.0.143 "GET /v2.0/subnetpools HTTP/1.1" status: 200 len: 193 time: 0.0099697
2026-08-26 01:54:38.240 9 INFO neutron.wsgi [None req-05a7510c-b47d-4fce-829b-30bc7228d801 14a5bbbbe17e4a5caa9185f582a358e0 1d20d688d1f941db8581da66dcb5e9db - - default default] 10.0.0.143 "GET /v2.0/floatingips HTTP/1.1" status: 200 len: 193 time: 0.0226815
2026-08-26 01:54:38.319 9 INFO neutron.wsgi [None req-8e5b0b2c-33a3-4acd-a974-98e9d7f878cc 14a5bbbbe17e4a5caa9185f582a358e0 1d20d688d1f941db8581da66dcb5e9db - - default default] 10.0.0.143 "GET /v2.0/security-groups HTTP/1.1" status: 200 len: 16803 time: 0.0786965
2026-08-26 01:54:38.367 9 INFO neutron.wsgi [None req-06cf33ae-f50f-4336-8316-c33618f03b5d 14a5bbbbe17e4a5caa9185f582a358e0 1d20d688d1f941db8581da66dcb5e9db - - default default] 10.0.0.143 "GET /v2.0/subnets HTTP/1.1" status: 200 len: 1437 time: 0.0443509
2026-08-26 01:54:38.378 9 INFO neutron.wsgi [None req-0bc9662a-86e2-4ac7-958d-3547924775c8 14a5bbbbe17e4a5caa9185f582a358e0 1d20d688d1f941db8581da66dcb5e9db - - default default] 10.0.0.143 "GET /v2.0/network-ip-availabilities HTTP/1.1" status: 200 len: 1280 time: 0.0098152
2026-08-26 01:54:38.433 9 INFO neutron.wsgi [None req-7f0fefc0-106f-4caf-b209-2e6ecfbe0a2a 14a5bbbbe17e4a5caa9185f582a358e0 1d20d688d1f941db8581da66dcb5e9db - - default default] 10.0.0.143 "GET /v2.0/networks HTTP/1.1" status: 200 len: 2350 time: 0.0512025
2026-08-26 01:54:38.461 9 INFO neutron.wsgi [None req-42df1ff6-25bd-4ca5-8ae7-6cf9222a78e8 14a5bbbbe17e4a5caa9185f582a358e0 1d20d688d1f941db8581da66dcb5e9db - - default default] 10.0.0.143 "GET /v2.0/ports HTTP/1.1" status: 200 len: 5349 time: 0.0260739
2026-08-26 01:54:38.489 9 INFO neutron.wsgi [None req-1331f8a9-7625-4fd2-b546-8341b4b12fa0 14a5bbbbe17e4a5caa9185f582a358e0 1d20d688d1f941db8581da66dcb5e9db - - default default] 10.0.0.143 "GET /v2.0/routers HTTP/1.1" status: 200 len: 189 time: 0.0217941
2026-08-26 01:54:38.497 9 INFO neutron.wsgi [None req-55e4675d-9473-4ad4-833d-5e3bc6f284a7 14a5bbbbe17e4a5caa9185f582a358e0 1d20d688d1f941db8581da66dcb5e9db - - default default] 10.0.0.143 "GET /v2.0/agents?binary=ovn-controller HTTP/1.1" status: 200 len: 591 time: 0.0076401
2026-08-26 01:54:49.975 10 INFO neutron.wsgi [-] 10.0.0.183 "GET / HTTP/1.1" status: 200 len: 247 time: 0.0039325
2026-08-26 01:54:49.976 9 INFO neutron.wsgi [-] 10.0.0.183 "GET / HTTP/1.1" status: 200 len: 247 time: 0.0044289
2026-08-26 01:55:04.974 10 INFO neutron.wsgi [-] 10.0.0.183 "GET / HTTP/1.1" status: 200 len: 247 time: 0.0025125
2026-08-26 01:55:04.978 10 INFO neutron.wsgi [-] 10.0.0.183 "GET / HTTP/1.1" status: 200 len: 247 time: 0.0027101