2026-08-26 01:29:19.258 9 INFO neutron.wsgi [None req-d8cfee6b-02df-40c9-9391-0647df1fa20c 14a5bbbbe17e4a5caa9185f582a358e0 1d20d688d1f941db8581da66dcb5e9db - - default default] 162.253.55.148,10.0.0.183 "GET /v2.0/networks HTTP/1.1" status: 200 len: 2350 time: 0.1089408
2026-08-26 01:29:19.974 10 INFO neutron.wsgi [-] 10.0.0.183 "GET / HTTP/1.1" status: 200 len: 247 time: 0.0024147
2026-08-26 01:29:19.977 10 INFO neutron.wsgi [-] 10.0.0.183 "GET / HTTP/1.1" status: 200 len: 247 time: 0.0024140
2026-08-26 01:29:20.428 9 INFO neutron.wsgi [None req-1f34dff3-b4d3-4fe0-b537-e5450c0e6a30 14a5bbbbe17e4a5caa9185f582a358e0 1d20d688d1f941db8581da66dcb5e9db - - default default] 162.253.55.148,10.0.0.183 "GET /v2.0/subnets HTTP/1.1" status: 200 len: 1437 time: 0.0671430
2026-08-26 01:29:20.499 9 INFO neutron.wsgi [None req-068a5551-8406-480e-a5d5-da300f3f3e7d 14a5bbbbe17e4a5caa9185f582a358e0 1d20d688d1f941db8581da66dcb5e9db - - default default] 162.253.55.148,10.0.0.183 "GET /v2.0/networks HTTP/1.1" status: 200 len: 2350 time: 0.0648887
2026-08-26 01:29:34.973 9 INFO neutron.wsgi [-] 10.0.0.183 "GET / HTTP/1.1" status: 200 len: 247 time: 0.0025718
2026-08-26 01:29:34.975 10 INFO neutron.wsgi [-] 10.0.0.183 "GET / HTTP/1.1" status: 200 len: 247 time: 0.0037246
2026-08-26 01:29:38.172 9 INFO neutron.wsgi [None req-c5f00215-7cde-4f86-aa29-f10c5f353be5 14a5bbbbe17e4a5caa9185f582a358e0 1d20d688d1f941db8581da66dcb5e9db - - default default] 10.0.0.143 "GET /v2.0/security-groups HTTP/1.1" status: 200 len: 16803 time: 0.1035790
2026-08-26 01:29:38.214 9 INFO neutron.wsgi [None req-e30a56c2-b59e-426f-b4ff-e24959294f34 14a5bbbbe17e4a5caa9185f582a358e0 1d20d688d1f941db8581da66dcb5e9db - - default default] 10.0.0.143 "GET /v2.0/ports HTTP/1.1" status: 200 len: 5349 time: 0.0358217
2026-08-26 01:29:38.259 9 INFO neutron.wsgi [None req-8f009b2b-4116-4c38-ace0-fda46c0c7227 14a5bbbbe17e4a5caa9185f582a358e0 1d20d688d1f941db8581da66dcb5e9db - - default default] 10.0.0.143 "GET /v2.0/subnets HTTP/1.1" status: 200 len: 1437 time: 0.0417686
2026-08-26 01:29:38.269 9 INFO neutron.wsgi [None req-35e8e986-9a3a-4376-b3fe-419b326eeee5 14a5bbbbe17e4a5caa9185f582a358e0 1d20d688d1f941db8581da66dcb5e9db - - default default] 10.0.0.143 "GET /v2.0/subnetpools HTTP/1.1" status: 200 len: 193 time: 0.0084846
2026-08-26 01:29:38.288 9 INFO neutron.wsgi [None req-059567c3-41ef-4edd-a4d0-aad5463d1397 14a5bbbbe17e4a5caa9185f582a358e0 1d20d688d1f941db8581da66dcb5e9db - - default default] 10.0.0.143 "GET /v2.0/routers HTTP/1.1" status: 200 len: 189 time: 0.0185969
2026-08-26 01:29:38.323 9 INFO neutron.wsgi [None req-bf730804-cef1-49a2-969d-17973f8a5303 14a5bbbbe17e4a5caa9185f582a358e0 1d20d688d1f941db8581da66dcb5e9db - - default default] 10.0.0.143 "GET /v2.0/agents?binary=ovn-controller HTTP/1.1" status: 200 len: 591 time: 0.0344024
2026-08-26 01:29:38.335 9 INFO neutron.wsgi [None req-16f25542-f0e1-4ab5-8f87-02a17ac82c66 14a5bbbbe17e4a5caa9185f582a358e0 1d20d688d1f941db8581da66dcb5e9db - - default default] 10.0.0.143 "GET /v2.0/agents HTTP/1.1" status: 200 len: 997 time: 0.0106900
2026-08-26 01:29:38.351 9 INFO neutron.wsgi [None req-ce73af18-d82d-466e-bce3-ebebd71d091d 14a5bbbbe17e4a5caa9185f582a358e0 1d20d688d1f941db8581da66dcb5e9db - - default default] 10.0.0.143 "GET /v2.0/floatingips HTTP/1.1" status: 200 len: 193 time: 0.0154126
2026-08-26 01:29:38.405 9 INFO neutron.wsgi [None req-a2e2f496-c378-45b8-9681-8a5ea7b27481 14a5bbbbe17e4a5caa9185f582a358e0 1d20d688d1f941db8581da66dcb5e9db - - default default] 10.0.0.143 "GET /v2.0/networks HTTP/1.1" status: 200 len: 2350 time: 0.0520597
2026-08-26 01:29:38.417 9 INFO neutron.wsgi [None req-5269af25-bf38-4ae1-8ef2-2b834bfb4c14 14a5bbbbe17e4a5caa9185f582a358e0 1d20d688d1f941db8581da66dcb5e9db - - default default] 10.0.0.143 "GET /v2.0/network-ip-availabilities HTTP/1.1" status: 200 len: 1280 time: 0.0105233
2026-08-26 01:29:38.447 9 INFO neutron.wsgi [None req-3972ac15-80ef-469f-895c-24bd62f735f5 14a5bbbbe17e4a5caa9185f582a358e0 1d20d688d1f941db8581da66dcb5e9db - - default default] 10.0.0.143 "GET /v2.0/subnets HTTP/1.1" status: 200 len: 1437 time: 0.0284595
2026-08-26 01:29:49.972 9 INFO neutron.wsgi [-] 10.0.0.183 "GET / HTTP/1.1" status: 200 len: 247 time: 0.0015159
2026-08-26 01:29:49.972 10 INFO neutron.wsgi [-] 10.0.0.183 "GET / HTTP/1.1" status: 200 len: 247 time: 0.0012929
2026-08-26 01:29:58.957 9 INFO neutron.wsgi [None req-a2de315c-f9d6-41d9-8dd5-3b1877655beb 14a5bbbbe17e4a5caa9185f582a358e0 1d20d688d1f941db8581da66dcb5e9db - - default default] 162.253.55.148,10.0.0.183 "GET /v2.0/networks HTTP/1.1" status: 200 len: 2350 time: 0.1338248
2026-08-26 01:29:59.958 10 INFO neutron.wsgi [None req-891f85c3-f88d-43c1-af88-15e0cc8c126e 14a5bbbbe17e4a5caa9185f582a358e0 1d20d688d1f941db8581da66dcb5e9db - - default default] 162.253.55.148,10.0.0.183 "GET /v2.0/subnets HTTP/1.1" status: 200 len: 1437 time: 0.1715956
2026-08-26 01:30:00.051 10 INFO neutron.wsgi [None req-a137333f-e78c-45c9-8329-fecd15ce6444 14a5bbbbe17e4a5caa9185f582a358e0 1d20d688d1f941db8581da66dcb5e9db - - default default] 162.253.55.148,10.0.0.183 "GET /v2.0/networks HTTP/1.1" status: 200 len: 2350 time: 0.0852816
2026-08-26 01:30:01.158 10 INFO neutron.wsgi [None req-6140a202-5af6-406f-8e14-50d45f30842b 14a5bbbbe17e4a5caa9185f582a358e0 1d20d688d1f941db8581da66dcb5e9db - - default default] 162.253.55.148,10.0.0.183 "GET /v2.0/security-groups?tenant_id=1d20d688d1f941db8581da66dcb5e9db HTTP/1.1" status: 200 len: 10161 time: 0.0916302
2026-08-26 01:30:02.188 10 INFO neutron.wsgi [None req-09652635-29f9-47f1-8950-4e521b80d1a0 14a5bbbbe17e4a5caa9185f582a358e0 1d20d688d1f941db8581da66dcb5e9db - - default default] 162.253.55.148,10.0.0.183 "GET /v2.0/security-groups?tenant_id=1d20d688d1f941db8581da66dcb5e9db HTTP/1.1" status: 200 len: 10161 time: 0.0864143
2026-08-26 01:30:03.063 10 INFO neutron.wsgi [None req-e231a4ce-799f-4b6c-81a6-6abe1a37d067 14a5bbbbe17e4a5caa9185f582a358e0 1d20d688d1f941db8581da66dcb5e9db - - default default] 162.253.55.148,10.0.0.183 "GET /v2.0/security-groups?tenant_id=1d20d688d1f941db8581da66dcb5e9db HTTP/1.1" status: 200 len: 10161 time: 0.0845981
2026-08-26 01:30:03.985 10 INFO neutron.wsgi [None req-ef7d8688-2be0-4414-a9b9-42646345be2f 14a5bbbbe17e4a5caa9185f582a358e0 1d20d688d1f941db8581da66dcb5e9db - - default default] 162.253.55.148,10.0.0.183 "GET /v2.0/security-groups?tenant_id=1d20d688d1f941db8581da66dcb5e9db HTTP/1.1" status: 200 len: 10161 time: 0.1205146
2026-08-26 01:30:04.892 10 INFO neutron.wsgi [None req-8a52353b-04b6-4463-a833-f8c22c57af8f 14a5bbbbe17e4a5caa9185f582a358e0 1d20d688d1f941db8581da66dcb5e9db - - default default] 162.253.55.148,10.0.0.183 "GET /v2.0/security-groups?tenant_id=1d20d688d1f941db8581da66dcb5e9db HTTP/1.1" status: 200 len: 10161 time: 0.0865664
2026-08-26 01:30:04.973 9 INFO neutron.wsgi [-] 10.0.0.183 "GET / HTTP/1.1" status: 200 len: 247 time: 0.0018227
2026-08-26 01:30:04.978 10 INFO neutron.wsgi [-] 10.0.0.183 "GET / HTTP/1.1" status: 200 len: 247 time: 0.0068176
2026-08-26 01:30:05.838 9 INFO neutron.wsgi [None req-6cefa019-1f17-4e40-bed0-bb4874c11471 14a5bbbbe17e4a5caa9185f582a358e0 1d20d688d1f941db8581da66dcb5e9db - - default default] 162.253.55.148,10.0.0.183 "GET /v2.0/security-groups?tenant_id=1d20d688d1f941db8581da66dcb5e9db HTTP/1.1" status: 200 len: 10161 time: 0.1481922
2026-08-26 01:30:06.987 10 INFO neutron.wsgi [None req-49064c00-6bc6-4a29-a879-5a32fc4bb508 14a5bbbbe17e4a5caa9185f582a358e0 1d20d688d1f941db8581da66dcb5e9db - - default default] 162.253.55.148,10.0.0.183 "GET /v2.0/security-groups HTTP/1.1" status: 200 len: 16803 time: 0.1011603
2026-08-26 01:30:07.052 10 INFO neutron.wsgi [None req-166a224a-514d-4cb7-9c48-dae5b142a7bf 14a5bbbbe17e4a5caa9185f582a358e0 1d20d688d1f941db8581da66dcb5e9db - - default default] 162.253.55.148,10.0.0.183 "GET /v2.0/ports HTTP/1.1" status: 200 len: 5349 time: 0.0531626
2026-08-26 01:30:14.857 10 INFO neutron.pecan_wsgi.hooks.translation [None req-f613bf54-55c7-47e1-bba7-abbb549dd18b 14a5bbbbe17e4a5caa9185f582a358e0 1d20d688d1f941db8581da66dcb5e9db - - default default] GET failed (client error): The resource could not be found.
2026-08-26 01:30:14.859 10 INFO neutron.wsgi [None req-f613bf54-55c7-47e1-bba7-abbb549dd18b 14a5bbbbe17e4a5caa9185f582a358e0 1d20d688d1f941db8581da66dcb5e9db - - default default] 162.253.55.148,10.0.0.183 "GET /v2.0/ports/octavia-health-manager-port-instance HTTP/1.1" status: 404 len: 314 time: 0.0927463
2026-08-26 01:30:14.912 10 INFO neutron.wsgi [None req-ee6206b6-2369-4fba-9563-5cb7a4c2e21d 14a5bbbbe17e4a5caa9185f582a358e0 1d20d688d1f941db8581da66dcb5e9db - - default default] 162.253.55.148,10.0.0.183 "GET /v2.0/ports?name=octavia-health-manager-port-instance HTTP/1.1" status: 200 len: 1397 time: 0.0465672
2026-08-26 01:30:16.479 10 INFO neutron.wsgi [None req-05eb4449-f899-4971-939f-5c95eaad4577 14a5bbbbe17e4a5caa9185f582a358e0 1d20d688d1f941db8581da66dcb5e9db - - default default] 162.253.55.148,10.0.0.183 "GET /v2.0/ports HTTP/1.1" status: 200 len: 5349 time: 0.0787528
2026-08-26 01:30:17.520 9 INFO neutron.wsgi [None req-e3b6a3ba-e5ef-44d2-9454-b383cec63ecc 14a5bbbbe17e4a5caa9185f582a358e0 1d20d688d1f941db8581da66dcb5e9db - - default default] 162.253.55.148,10.0.0.183 "GET /v2.0/security-groups?tenant_id=1d20d688d1f941db8581da66dcb5e9db HTTP/1.1" status: 200 len: 10161 time: 0.1076479
2026-08-26 01:30:18.544 9 INFO neutron.wsgi [None req-76c41f37-d141-4041-9adc-cb1829f64770 14a5bbbbe17e4a5caa9185f582a358e0 1d20d688d1f941db8581da66dcb5e9db - - default default] 162.253.55.148,10.0.0.183 "GET /v2.0/security-groups?tenant_id=1d20d688d1f941db8581da66dcb5e9db HTTP/1.1" status: 200 len: 10161 time: 0.1138356
2026-08-26 01:30:19.422 10 INFO neutron.wsgi [None req-470bed95-6302-490f-8f0b-d7f4616234db 14a5bbbbe17e4a5caa9185f582a358e0 1d20d688d1f941db8581da66dcb5e9db - - default default] 162.253.55.148,10.0.0.183 "GET /v2.0/security-groups?tenant_id=1d20d688d1f941db8581da66dcb5e9db HTTP/1.1" status: 200 len: 10161 time: 0.0807817
2026-08-26 01:30:19.975 9 INFO neutron.wsgi [-] 10.0.0.183 "GET / HTTP/1.1" status: 200 len: 247 time: 0.0029683
2026-08-26 01:30:19.975 10 INFO neutron.wsgi [-] 10.0.0.183 "GET / HTTP/1.1" status: 200 len: 247 time: 0.0030391
2026-08-26 01:30:30.956 9 INFO neutron.wsgi [None req-59131f51-53dc-41c3-9a18-3b0864f0a66e 14a5bbbbe17e4a5caa9185f582a358e0 1d20d688d1f941db8581da66dcb5e9db - - default default] 162.253.55.148,10.0.0.183 "GET /v2.0/quotas/1d20d688d1f941db8581da66dcb5e9db HTTP/1.1" status: 200 len: 361 time: 0.0133314
2026-08-26 01:30:34.973 9 INFO neutron.wsgi [-] 10.0.0.183 "GET / HTTP/1.1" status: 200 len: 247 time: 0.0019209
2026-08-26 01:30:34.975 10 INFO neutron.wsgi [-] 10.0.0.183 "GET / HTTP/1.1" status: 200 len: 247 time: 0.0023522
2026-08-26 01:30:38.184 9 INFO neutron.wsgi [None req-a3fb990b-5cba-45ab-ad67-da8924dac42d 14a5bbbbe17e4a5caa9185f582a358e0 1d20d688d1f941db8581da66dcb5e9db - - default default] 10.0.0.143 "GET /v2.0/agents HTTP/1.1" status: 200 len: 997 time: 0.1015911
2026-08-26 01:30:38.211 9 INFO neutron.wsgi [None req-8801e145-c5fa-41c6-b81f-61c4bd16f535 14a5bbbbe17e4a5caa9185f582a358e0 1d20d688d1f941db8581da66dcb5e9db - - default default] 10.0.0.143 "GET /v2.0/network-ip-availabilities HTTP/1.1" status: 200 len: 1280 time: 0.0252805
2026-08-26 01:30:38.287 9 INFO neutron.wsgi [None req-67c35191-ab9c-4ba6-9e49-8f05d7dd0d0d 14a5bbbbe17e4a5caa9185f582a358e0 1d20d688d1f941db8581da66dcb5e9db - - default default] 10.0.0.143 "GET /v2.0/networks HTTP/1.1" status: 200 len: 2350 time: 0.0748181
2026-08-26 01:30:38.319 9 INFO neutron.wsgi [None req-e8334e64-2647-4edc-a76b-4f11772b2b16 14a5bbbbe17e4a5caa9185f582a358e0 1d20d688d1f941db8581da66dcb5e9db - - default default] 10.0.0.143 "GET /v2.0/subnets HTTP/1.1" status: 200 len: 1437 time: 0.0307665
2026-08-26 01:30:38.333 9 INFO neutron.wsgi [None req-a6787a80-a749-4dca-91e5-3fdb7af8d865 14a5bbbbe17e4a5caa9185f582a358e0 1d20d688d1f941db8581da66dcb5e9db - - default default] 10.0.0.143 "GET /v2.0/subnetpools HTTP/1.1" status: 200 len: 193 time: 0.0104892
2026-08-26 01:30:38.354 9 INFO neutron.wsgi [None req-9a478a0e-41c4-4fcc-93c8-21d50e7a654f 14a5bbbbe17e4a5caa9185f582a358e0 1d20d688d1f941db8581da66dcb5e9db - - default default] 10.0.0.143 "GET /v2.0/floatingips HTTP/1.1" status: 200 len: 193 time: 0.0193717
2026-08-26 01:30:38.410 9 INFO neutron.wsgi [None req-cd906134-7b94-44e4-89ed-6fe4b379a560 14a5bbbbe17e4a5caa9185f582a358e0 1d20d688d1f941db8581da66dcb5e9db - - default default] 10.0.0.143 "GET /v2.0/security-groups HTTP/1.1" status: 200 len: 16803 time: 0.0560293
2026-08-26 01:30:38.444 9 INFO neutron.wsgi [None req-c9c06085-a220-4f00-ac1a-11632e2f6e25 14a5bbbbe17e4a5caa9185f582a358e0 1d20d688d1f941db8581da66dcb5e9db - - default default] 10.0.0.143 "GET /v2.0/subnets HTTP/1.1" status: 200 len: 1437 time: 0.0286930
2026-08-26 01:30:38.484 9 INFO neutron.wsgi [None req-ac911e23-15f6-4348-8d52-77ee537f604b 14a5bbbbe17e4a5caa9185f582a358e0 1d20d688d1f941db8581da66dcb5e9db - - default default] 10.0.0.143 "GET /v2.0/ports HTTP/1.1" status: 200 len: 5349 time: 0.0393155
2026-08-26 01:30:38.511 9 INFO neutron.wsgi [None req-f914bd0b-be04-4018-b003-3b0f635b8cfd 14a5bbbbe17e4a5caa9185f582a358e0 1d20d688d1f941db8581da66dcb5e9db - - default default] 10.0.0.143 "GET /v2.0/routers HTTP/1.1" status: 200 len: 189 time: 0.0224330
2026-08-26 01:30:38.519 9 INFO neutron.wsgi [None req-1c1174c4-4dd1-437f-b147-480da8d8a55b 14a5bbbbe17e4a5caa9185f582a358e0 1d20d688d1f941db8581da66dcb5e9db - - default default] 10.0.0.143 "GET /v2.0/agents?binary=ovn-controller HTTP/1.1" status: 200 len: 591 time: 0.0078027
2026-08-26 01:30:49.973 10 INFO neutron.wsgi [-] 10.0.0.183 "GET / HTTP/1.1" status: 200 len: 247 time: 0.0023770
2026-08-26 01:30:49.976 10 INFO neutron.wsgi [-] 10.0.0.183 "GET / HTTP/1.1" status: 200 len: 247 time: 0.0019553
2026-08-26 01:31:04.974 10 INFO neutron.wsgi [-] 10.0.0.183 "GET / HTTP/1.1" status: 200 len: 247 time: 0.0030961
2026-08-26 01:31:04.975 9 INFO neutron.wsgi [-] 10.0.0.183 "GET / HTTP/1.1" status: 200 len: 247 time: 0.0045238
2026-08-26 01:31:19.973 9 INFO neutron.wsgi [-] 10.0.0.183 "GET / HTTP/1.1" status: 200 len: 247 time: 0.0025661
2026-08-26 01:31:19.975 9 INFO neutron.wsgi [-] 10.0.0.183 "GET / HTTP/1.1" status: 200 len: 247 time: 0.0012550
2026-08-26 01:31:22.219 9 INFO neutron.wsgi [None req-e2d40be0-b049-4d7c-b742-c992cb9ddd2c 14a5bbbbe17e4a5caa9185f582a358e0 1d20d688d1f941db8581da66dcb5e9db - - default default] 162.253.55.148,10.0.0.183 "GET /v2.0/security-groups?tenant_id=f3ff69420cff44f69c56d1fc62951f3a HTTP/1.1" status: 200 len: 6838 time: 0.0870652
2026-08-26 01:31:23.188 9 INFO neutron.wsgi [None req-fa1acc0f-34e7-4e97-9617-4d17d2fbb827 14a5bbbbe17e4a5caa9185f582a358e0 1d20d688d1f941db8581da66dcb5e9db - - default default] 162.253.55.148,10.0.0.183 "GET /v2.0/security-groups?tenant_id=f3ff69420cff44f69c56d1fc62951f3a HTTP/1.1" status: 200 len: 6838 time: 0.0697579
2026-08-26 01:31:24.042 9 INFO neutron.wsgi [None req-935c2aa2-4d6b-403d-951d-01900e5e6307 14a5bbbbe17e4a5caa9185f582a358e0 1d20d688d1f941db8581da66dcb5e9db - - default default] 162.253.55.148,10.0.0.183 "GET /v2.0/security-groups?tenant_id=f3ff69420cff44f69c56d1fc62951f3a HTTP/1.1" status: 200 len: 6838 time: 0.0724163
2026-08-26 01:31:24.949 9 INFO neutron.wsgi [None req-c7fc9805-12d9-4cde-a410-f22372baefdf 14a5bbbbe17e4a5caa9185f582a358e0 1d20d688d1f941db8581da66dcb5e9db - - default default] 162.253.55.148,10.0.0.183 "GET /v2.0/security-groups?tenant_id=f3ff69420cff44f69c56d1fc62951f3a HTTP/1.1" status: 200 len: 6838 time: 0.0859532
2026-08-26 01:31:26.034 9 INFO neutron.wsgi [None req-0c441906-55c4-47e1-8534-992c1c6433b9 14a5bbbbe17e4a5caa9185f582a358e0 1d20d688d1f941db8581da66dcb5e9db - - default default] 162.253.55.148,10.0.0.183 "GET /v2.0/security-groups?tenant_id=f3ff69420cff44f69c56d1fc62951f3a HTTP/1.1" status: 200 len: 6838 time: 0.0876789
2026-08-26 01:31:33.246 9 INFO neutron.wsgi [None req-57202c86-72b8-46c2-95b4-49d63650c47e 14a5bbbbe17e4a5caa9185f582a358e0 1d20d688d1f941db8581da66dcb5e9db - - default default] 162.253.55.148,10.0.0.183 "GET /v2.0/quotas/f3ff69420cff44f69c56d1fc62951f3a HTTP/1.1" status: 200 len: 361 time: 0.0133052
2026-08-26 01:31:34.972 10 INFO neutron.wsgi [-] 10.0.0.183 "GET / HTTP/1.1" status: 200 len: 247 time: 0.0016823
2026-08-26 01:31:34.973 9 INFO neutron.wsgi [-] 10.0.0.183 "GET / HTTP/1.1" status: 200 len: 247 time: 0.0017269
2026-08-26 01:31:38.151 9 INFO neutron.wsgi [None req-7217f5c0-a643-4403-a26d-628ee365640f 14a5bbbbe17e4a5caa9185f582a358e0 1d20d688d1f941db8581da66dcb5e9db - - default default] 10.0.0.143 "GET /v2.0/subnets HTTP/1.1" status: 200 len: 1437 time: 0.0781631
2026-08-26 01:31:38.174 9 INFO neutron.wsgi [None req-7230b681-e1fe-4e6b-bcf3-a71562d49aa3 14a5bbbbe17e4a5caa9185f582a358e0 1d20d688d1f941db8581da66dcb5e9db - - default default] 10.0.0.143 "GET /v2.0/routers HTTP/1.1" status: 200 len: 189 time: 0.0216451
2026-08-26 01:31:38.206 9 INFO neutron.wsgi [None req-96847082-9d19-4f0f-816b-0ca0f9bae7ba 14a5bbbbe17e4a5caa9185f582a358e0 1d20d688d1f941db8581da66dcb5e9db - - default default] 10.0.0.143 "GET /v2.0/agents?binary=ovn-controller HTTP/1.1" status: 200 len: 591 time: 0.0309494
2026-08-26 01:31:38.226 9 INFO neutron.wsgi [None req-3b34f3e3-3c28-4298-85f8-a078c51c82e8 14a5bbbbe17e4a5caa9185f582a358e0 1d20d688d1f941db8581da66dcb5e9db - - default default] 10.0.0.143 "GET /v2.0/floatingips HTTP/1.1" status: 200 len: 193 time: 0.0190723
2026-08-26 01:31:38.278 9 INFO neutron.wsgi [None req-0b2271f5-0902-4d8a-9cef-304976ed3fd2 14a5bbbbe17e4a5caa9185f582a358e0 1d20d688d1f941db8581da66dcb5e9db - - default default] 10.0.0.143 "GET /v2.0/networks HTTP/1.1" status: 200 len: 2350 time: 0.0510607
2026-08-26 01:31:38.324 9 INFO neutron.wsgi [None req-f24dc1f7-8ef6-40ba-b511-117c88c1f167 14a5bbbbe17e4a5caa9185f582a358e0 1d20d688d1f941db8581da66dcb5e9db - - default default] 10.0.0.143 "GET /v2.0/security-groups HTTP/1.1" status: 200 len: 16803 time: 0.0430140
2026-08-26 01:31:38.344 9 INFO neutron.wsgi [None req-af7664e7-125e-484e-b6c7-23d5bec635b4 14a5bbbbe17e4a5caa9185f582a358e0 1d20d688d1f941db8581da66dcb5e9db - - default default] 10.0.0.143 "GET /v2.0/agents HTTP/1.1" status: 200 len: 997 time: 0.0129864
2026-08-26 01:31:38.354 9 INFO neutron.wsgi [None req-8f553b20-cd9c-4258-a4ca-122ec78a4a2f 14a5bbbbe17e4a5caa9185f582a358e0 1d20d688d1f941db8581da66dcb5e9db - - default default] 10.0.0.143 "GET /v2.0/network-ip-availabilities HTTP/1.1" status: 200 len: 1280 time: 0.0093775
2026-08-26 01:31:38.384 9 INFO neutron.wsgi [None req-2d63f814-3429-4ebf-9ca8-db6f6b84dbdb 14a5bbbbe17e4a5caa9185f582a358e0 1d20d688d1f941db8581da66dcb5e9db - - default default] 10.0.0.143 "GET /v2.0/ports HTTP/1.1" status: 200 len: 5349 time: 0.0290360
2026-08-26 01:31:38.421 9 INFO neutron.wsgi [None req-f3c27cf1-ab07-4f27-867a-a792fb9e1940 14a5bbbbe17e4a5caa9185f582a358e0 1d20d688d1f941db8581da66dcb5e9db - - default default] 10.0.0.143 "GET /v2.0/subnets HTTP/1.1" status: 200 len: 1437 time: 0.0328636
2026-08-26 01:31:38.429 9 INFO neutron.wsgi [None req-efe2db5a-3862-42de-abde-92803720e35a 14a5bbbbe17e4a5caa9185f582a358e0 1d20d688d1f941db8581da66dcb5e9db - - default default] 10.0.0.143 "GET /v2.0/subnetpools HTTP/1.1" status: 200 len: 193 time: 0.0076258
2026-08-26 01:31:49.973 10 INFO neutron.wsgi [-] 10.0.0.183 "GET / HTTP/1.1" status: 200 len: 247 time: 0.0016389
2026-08-26 01:31:49.974 9 INFO neutron.wsgi [-] 10.0.0.183 "GET / HTTP/1.1" status: 200 len: 247 time: 0.0021961
2026-08-26 01:32:04.974 10 INFO neutron.wsgi [-] 10.0.0.183 "GET / HTTP/1.1" status: 200 len: 247 time: 0.0031497
2026-08-26 01:32:04.974 9 INFO neutron.wsgi [-] 10.0.0.183 "GET / HTTP/1.1" status: 200 len: 247 time: 0.0034459
2026-08-26 01:32:19.972 10 INFO neutron.wsgi [-] 10.0.0.183 "GET / HTTP/1.1" status: 200 len: 247 time: 0.0016389
2026-08-26 01:32:19.974 9 INFO neutron.wsgi [-] 10.0.0.183 "GET / HTTP/1.1" status: 200 len: 247 time: 0.0025587
2026-08-26 01:32:27.491 9 INFO neutron.wsgi [None req-95bf5611-6ae8-48ae-98fc-780b9f1c7fab 14a5bbbbe17e4a5caa9185f582a358e0 1d20d688d1f941db8581da66dcb5e9db - - default default] 162.253.55.148,10.0.0.183 "GET /v2.0/networks HTTP/1.1" status: 200 len: 2350 time: 0.0943377
2026-08-26 01:32:34.974 10 INFO neutron.wsgi [-] 10.0.0.183 "GET / HTTP/1.1" status: 200 len: 247 time: 0.0032110
2026-08-26 01:32:34.981 9 INFO neutron.wsgi [-] 10.0.0.183 "GET / HTTP/1.1" status: 200 len: 247 time: 0.0017939
2026-08-26 01:32:38.180 9 INFO neutron.wsgi [None req-d2bd4e33-8fed-4713-962e-64e25693ed7e 14a5bbbbe17e4a5caa9185f582a358e0 1d20d688d1f941db8581da66dcb5e9db - - default default] 10.0.0.143 "GET /v2.0/agents HTTP/1.1" status: 200 len: 997 time: 0.0837109
2026-08-26 01:32:38.334 9 INFO neutron.wsgi [None req-960323c6-ff7a-4a87-9dfc-9b6a614ce1ad 14a5bbbbe17e4a5caa9185f582a358e0 1d20d688d1f941db8581da66dcb5e9db - - default default] 10.0.0.143 "GET /v2.0/security-groups HTTP/1.1" status: 200 len: 16803 time: 0.1532876
2026-08-26 01:32:38.364 9 INFO neutron.wsgi [None req-d15b0c84-54a2-40a2-922a-c521df01b5b1 14a5bbbbe17e4a5caa9185f582a358e0 1d20d688d1f941db8581da66dcb5e9db - - default default] 10.0.0.143 "GET /v2.0/routers HTTP/1.1" status: 200 len: 189 time: 0.0237896
2026-08-26 01:32:38.377 9 INFO neutron.wsgi [None req-2e9601b1-6370-454b-ae88-f441b6b4735e 14a5bbbbe17e4a5caa9185f582a358e0 1d20d688d1f941db8581da66dcb5e9db - - default default] 10.0.0.143 "GET /v2.0/agents?binary=ovn-controller HTTP/1.1" status: 200 len: 591 time: 0.0116167
2026-08-26 01:32:38.387 9 INFO neutron.wsgi [None req-cf6fbac0-839f-4e41-9d0b-66eec6bfb590 14a5bbbbe17e4a5caa9185f582a358e0 1d20d688d1f941db8581da66dcb5e9db - - default default] 10.0.0.143 "GET /v2.0/network-ip-availabilities HTTP/1.1" status: 200 len: 1280 time: 0.0099399
2026-08-26 01:32:38.453 9 INFO neutron.wsgi [None req-9107472f-9c6c-401c-a811-e024a0969f60 14a5bbbbe17e4a5caa9185f582a358e0 1d20d688d1f941db8581da66dcb5e9db - - default default] 10.0.0.143 "GET /v2.0/networks HTTP/1.1" status: 200 len: 2350 time: 0.0642776
2026-08-26 01:32:38.499 9 INFO neutron.wsgi [None req-f43d2cf6-80c4-41b6-b039-289bc2a26fbf 14a5bbbbe17e4a5caa9185f582a358e0 1d20d688d1f941db8581da66dcb5e9db - - default default] 10.0.0.143 "GET /v2.0/subnets HTTP/1.1" status: 200 len: 1437 time: 0.0431530
2026-08-26 01:32:38.529 9 INFO neutron.wsgi [None req-50c3c396-6423-42bd-9b5a-b44ed4c572d5 14a5bbbbe17e4a5caa9185f582a358e0 1d20d688d1f941db8581da66dcb5e9db - - default default] 10.0.0.143 "GET /v2.0/subnets HTTP/1.1" status: 200 len: 1437 time: 0.0280354
2026-08-26 01:32:38.539 9 INFO neutron.wsgi [None req-33510986-273d-4ccd-b707-ec248c6a421b 14a5bbbbe17e4a5caa9185f582a358e0 1d20d688d1f941db8581da66dcb5e9db - - default default] 10.0.0.143 "GET /v2.0/subnetpools HTTP/1.1" status: 200 len: 193 time: 0.0088403
2026-08-26 01:32:38.600 9 INFO neutron.wsgi [None req-9277f91a-e8ef-40ad-b0e4-a2a1d66a04b0 14a5bbbbe17e4a5caa9185f582a358e0 1d20d688d1f941db8581da66dcb5e9db - - default default] 10.0.0.143 "GET /v2.0/ports HTTP/1.1" status: 200 len: 5349 time: 0.0602355
2026-08-26 01:32:38.629 9 INFO neutron.wsgi [None req-bcd069a4-5d01-4dad-a413-a25950362d8b 14a5bbbbe17e4a5caa9185f582a358e0 1d20d688d1f941db8581da66dcb5e9db - - default default] 10.0.0.143 "GET /v2.0/floatingips HTTP/1.1" status: 200 len: 193 time: 0.0238340
2026-08-26 01:32:49.973 9 INFO neutron.wsgi [-] 10.0.0.183 "GET / HTTP/1.1" status: 200 len: 247 time: 0.0018537
2026-08-26 01:32:49.975 9 INFO neutron.wsgi [-] 10.0.0.183 "GET / HTTP/1.1" status: 200 len: 247 time: 0.0009811
2026-08-26 01:33:04.974 9 INFO neutron.wsgi [-] 10.0.0.183 "GET / HTTP/1.1" status: 200 len: 247 time: 0.0026042
2026-08-26 01:33:04.976 10 INFO neutron.wsgi [-] 10.0.0.183 "GET / HTTP/1.1" status: 200 len: 247 time: 0.0032265
2026-08-26 01:33:08.865 10 INFO neutron.wsgi [None req-7f77ee18-2ad5-49d5-80fd-cf1b1a7a37fe 14a5bbbbe17e4a5caa9185f582a358e0 1d20d688d1f941db8581da66dcb5e9db - - default default] 10.0.0.178 "GET /v2.0/networks HTTP/1.1" status: 200 len: 2369 time: 0.2524672
2026-08-26 01:33:10.007 10 INFO neutron.wsgi [None req-f6a888b8-4fa6-437f-9f7e-b7397dd314e9 14a5bbbbe17e4a5caa9185f582a358e0 1d20d688d1f941db8581da66dcb5e9db - - default default] 10.0.0.178 "GET /v2.0/floatingips HTTP/1.1" status: 200 len: 212 time: 0.0330908
2026-08-26 01:33:10.044 10 INFO neutron.wsgi [None req-7ae458fa-070a-40b6-8a6a-2da08f5f5bee 14a5bbbbe17e4a5caa9185f582a358e0 1d20d688d1f941db8581da66dcb5e9db - - default default] 10.0.0.178 "GET /v2.0/routers HTTP/1.1" status: 200 len: 208 time: 0.0324299
2026-08-26 01:33:10.085 9 INFO neutron.wsgi [None req-e5a99a28-9b1b-43f7-904a-80dc6b993911 14a5bbbbe17e4a5caa9185f582a358e0 1d20d688d1f941db8581da66dcb5e9db - - default default] 10.0.0.178 "GET /v2.0/ports HTTP/1.1" status: 200 len: 5368 time: 0.0362952
2026-08-26 01:33:10.117 9 INFO neutron.wsgi [None req-55139c6d-a449-4678-9c25-b60a206e5f26 14a5bbbbe17e4a5caa9185f582a358e0 1d20d688d1f941db8581da66dcb5e9db - - default default] 10.0.0.178 "GET /v2.0/subnets HTTP/1.1" status: 200 len: 1456 time: 0.0272951
2026-08-26 01:33:10.179 9 INFO neutron.wsgi [None req-0a7359cd-529e-48ed-b1f0-1057d6f9790c 14a5bbbbe17e4a5caa9185f582a358e0 1d20d688d1f941db8581da66dcb5e9db - - default default] 10.0.0.178 "GET /v2.0/networks HTTP/1.1" status: 200 len: 2369 time: 0.0580246
2026-08-26 01:33:10.237 9 INFO neutron.wsgi [None req-3e160649-8c29-4845-b30d-de818ace2835 14a5bbbbe17e4a5caa9185f582a358e0 1d20d688d1f941db8581da66dcb5e9db - - default default] 10.0.0.178 "GET /v2.0/security-groups HTTP/1.1" status: 200 len: 16822 time: 0.0519788
2026-08-26 01:33:10.255 10 INFO neutron.wsgi [None req-6275a1c5-1600-46f9-9535-74211b4d8739 14a5bbbbe17e4a5caa9185f582a358e0 1d20d688d1f941db8581da66dcb5e9db - - default default] 10.0.0.178 "GET /v2.0/subnetpools HTTP/1.1" status: 200 len: 212 time: 0.0115116
2026-08-26 01:33:19.972 10 INFO neutron.wsgi [-] 10.0.0.183 "GET / HTTP/1.1" status: 200 len: 247 time: 0.0013375
2026-08-26 01:33:19.975 9 INFO neutron.wsgi [-] 10.0.0.183 "GET / HTTP/1.1" status: 200 len: 247 time: 0.0037060
2026-08-26 01:33:21.065 10 INFO neutron.db.ovn_revision_numbers_db [None req-686c2e9a-26f9-4a87-b268-b4e3196957c8 14a5bbbbe17e4a5caa9185f582a358e0 1d20d688d1f941db8581da66dcb5e9db - - default default] Successfully bumped revision number for resource 4e2c896b-bb97-4390-9a26-fe68b2656f51 (type: security_groups) to 1
2026-08-26 01:33:21.083 10 INFO neutron.db.ovn_revision_numbers_db [None req-686c2e9a-26f9-4a87-b268-b4e3196957c8 14a5bbbbe17e4a5caa9185f582a358e0 1d20d688d1f941db8581da66dcb5e9db - - default default] Successfully bumped revision number for resource 7f941a5e-5c9b-4ba4-9775-d6a0880e7c03 (type: security_group_rules) to 0
2026-08-26 01:33:21.103 10 INFO neutron.db.ovn_revision_numbers_db [None req-686c2e9a-26f9-4a87-b268-b4e3196957c8 14a5bbbbe17e4a5caa9185f582a358e0 1d20d688d1f941db8581da66dcb5e9db - - default default] Successfully bumped revision number for resource 938fbfa6-cc56-4c68-8987-c6dc979ca706 (type: security_group_rules) to 0
2026-08-26 01:33:21.118 10 INFO neutron.db.ovn_revision_numbers_db [None req-686c2e9a-26f9-4a87-b268-b4e3196957c8 14a5bbbbe17e4a5caa9185f582a358e0 1d20d688d1f941db8581da66dcb5e9db - - default default] Successfully bumped revision number for resource bd325a4d-6cb7-43d6-947e-4ce98d78a62e (type: security_group_rules) to 0
2026-08-26 01:33:21.136 10 INFO neutron.db.ovn_revision_numbers_db [None req-686c2e9a-26f9-4a87-b268-b4e3196957c8 14a5bbbbe17e4a5caa9185f582a358e0 1d20d688d1f941db8581da66dcb5e9db - - default default] Successfully bumped revision number for resource e58a4bfd-6bde-47d8-ad61-1e8c45bed243 (type: security_group_rules) to 0
2026-08-26 01:33:21.187 10 INFO neutron.db.segments_db [None req-686c2e9a-26f9-4a87-b268-b4e3196957c8 14a5bbbbe17e4a5caa9185f582a358e0 1d20d688d1f941db8581da66dcb5e9db - - default default] Added segment 03e90538-8a76-4246-b930-f5db87d0b93a of type geneve for network b31462b5-9350-4e2f-963e-49aa996317f3
2026-08-26 01:33:21.265 9 INFO neutron.db.ovn_revision_numbers_db [None req-082dc170-52a3-4499-bb73-68fc2c078180 14a5bbbbe17e4a5caa9185f582a358e0 1d20d688d1f941db8581da66dcb5e9db - - default default] Successfully bumped revision number for resource 8d6b0ae7-f980-41d3-b581-4c93e7189faf (type: security_groups) to 1
2026-08-26 01:33:21.285 9 INFO neutron.db.ovn_revision_numbers_db [None req-082dc170-52a3-4499-bb73-68fc2c078180 14a5bbbbe17e4a5caa9185f582a358e0 1d20d688d1f941db8581da66dcb5e9db - - default default] Successfully bumped revision number for resource 25a8b097-8bdd-43a4-bc30-f443225adb2b (type: security_group_rules) to 0
2026-08-26 01:33:21.305 9 INFO neutron.db.ovn_revision_numbers_db [None req-082dc170-52a3-4499-bb73-68fc2c078180 14a5bbbbe17e4a5caa9185f582a358e0 1d20d688d1f941db8581da66dcb5e9db - - default default] Successfully bumped revision number for resource 69290f8a-b63d-4d7c-8fe5-a6173a6e0710 (type: security_group_rules) to 0
2026-08-26 01:33:21.325 9 INFO neutron.db.ovn_revision_numbers_db [None req-082dc170-52a3-4499-bb73-68fc2c078180 14a5bbbbe17e4a5caa9185f582a358e0 1d20d688d1f941db8581da66dcb5e9db - - default default] Successfully bumped revision number for resource 8bfb49ab-4f02-4dc8-9434-6859ef93d25b (type: security_group_rules) to 0
2026-08-26 01:33:21.326 10 INFO neutron.db.ovn_revision_numbers_db [None req-686c2e9a-26f9-4a87-b268-b4e3196957c8 14a5bbbbe17e4a5caa9185f582a358e0 1d20d688d1f941db8581da66dcb5e9db - - default default] Successfully bumped revision number for resource b31462b5-9350-4e2f-963e-49aa996317f3 (type: networks) to 1
2026-08-26 01:33:21.341 9 INFO neutron.db.ovn_revision_numbers_db [None req-082dc170-52a3-4499-bb73-68fc2c078180 14a5bbbbe17e4a5caa9185f582a358e0 1d20d688d1f941db8581da66dcb5e9db - - default default] Successfully bumped revision number for resource 8e345d2b-a29f-452e-9a4d-a050afd055d6 (type: security_group_rules) to 0
2026-08-26 01:33:21.390 9 INFO neutron.db.segments_db [None req-082dc170-52a3-4499-bb73-68fc2c078180 14a5bbbbe17e4a5caa9185f582a358e0 1d20d688d1f941db8581da66dcb5e9db - - default default] Added segment 4997fb6b-d3f5-4f42-82da-0805ee6b7293 of type geneve for network 861f523a-5aa2-4fb6-ac04-25ce42e24c5b
2026-08-26 01:33:21.442 9 INFO neutron.db.ovn_revision_numbers_db [None req-afb934ae-f0fd-4ce8-91a2-6af3f585b1db 14a5bbbbe17e4a5caa9185f582a358e0 1d20d688d1f941db8581da66dcb5e9db - - default default] Successfully bumped revision number for resource a89055c9-d3aa-4ed1-8572-ef890758cdf8 (type: security_groups) to 1
2026-08-26 01:33:21.467 9 INFO neutron.db.ovn_revision_numbers_db [None req-afb934ae-f0fd-4ce8-91a2-6af3f585b1db 14a5bbbbe17e4a5caa9185f582a358e0 1d20d688d1f941db8581da66dcb5e9db - - default default] Successfully bumped revision number for resource 22e0adf7-8d93-4fb0-ba73-23c869774714 (type: security_group_rules) to 0
2026-08-26 01:33:21.484 9 INFO neutron.db.ovn_revision_numbers_db [None req-afb934ae-f0fd-4ce8-91a2-6af3f585b1db 14a5bbbbe17e4a5caa9185f582a358e0 1d20d688d1f941db8581da66dcb5e9db - - default default] Successfully bumped revision number for resource 3d9ef6b7-cab7-4d18-8396-be922329f65b (type: security_group_rules) to 0
2026-08-26 01:33:21.494 10 WARNING neutron.scheduler.dhcp_agent_scheduler [None req-686c2e9a-26f9-4a87-b268-b4e3196957c8 14a5bbbbe17e4a5caa9185f582a358e0 1d20d688d1f941db8581da66dcb5e9db - - default default] No more DHCP agents
2026-08-26 01:33:21.496 10 WARNING neutron.api.rpc.agentnotifiers.dhcp_rpc_agent_api [None req-686c2e9a-26f9-4a87-b268-b4e3196957c8 14a5bbbbe17e4a5caa9185f582a358e0 1d20d688d1f941db8581da66dcb5e9db - - default default] Unable to schedule network b31462b5-9350-4e2f-963e-49aa996317f3: no agents available; will retry on subsequent port and subnet creation events.
2026-08-26 01:33:21.519 9 INFO neutron.db.ovn_revision_numbers_db [None req-afb934ae-f0fd-4ce8-91a2-6af3f585b1db 14a5bbbbe17e4a5caa9185f582a358e0 1d20d688d1f941db8581da66dcb5e9db - - default default] Successfully bumped revision number for resource 8c258c38-653a-4f8b-9134-410a21986224 (type: security_group_rules) to 0
2026-08-26 01:33:21.550 9 INFO neutron.db.ovn_revision_numbers_db [None req-afb934ae-f0fd-4ce8-91a2-6af3f585b1db 14a5bbbbe17e4a5caa9185f582a358e0 1d20d688d1f941db8581da66dcb5e9db - - default default] Successfully bumped revision number for resource f3e1bb85-fa6a-486c-a730-31eb1f354d49 (type: security_group_rules) to 0
2026-08-26 01:33:21.580 9 INFO neutron.db.ovn_revision_numbers_db [None req-082dc170-52a3-4499-bb73-68fc2c078180 14a5bbbbe17e4a5caa9185f582a358e0 1d20d688d1f941db8581da66dcb5e9db - - default default] Successfully bumped revision number for resource 861f523a-5aa2-4fb6-ac04-25ce42e24c5b (type: networks) to 1
2026-08-26 01:33:21.588 10 INFO neutron.db.ovn_revision_numbers_db [None req-686c2e9a-26f9-4a87-b268-b4e3196957c8 14a5bbbbe17e4a5caa9185f582a358e0 1d20d688d1f941db8581da66dcb5e9db - - default default] Successfully bumped revision number for resource 36c72515-32d3-4daf-b3da-b9ba1f02434e (type: ports) to 1
2026-08-26 01:33:21.606 10 INFO neutron.wsgi [None req-686c2e9a-26f9-4a87-b268-b4e3196957c8 14a5bbbbe17e4a5caa9185f582a358e0 1d20d688d1f941db8581da66dcb5e9db - - default default] 10.0.0.178 "POST /v2.0/networks HTTP/1.1" status: 201 len: 946 time: 0.8525019
2026-08-26 01:33:21.611 9 INFO neutron.db.segments_db [None req-afb934ae-f0fd-4ce8-91a2-6af3f585b1db 14a5bbbbe17e4a5caa9185f582a358e0 1d20d688d1f941db8581da66dcb5e9db - - default default] Added segment 9b7a887a-39d2-4de3-ae6f-2560f9809b15 of type geneve for network ec473b3e-4115-48a3-ae80-1b5dce5e1616
2026-08-26 01:33:21.813 9 WARNING neutron.scheduler.dhcp_agent_scheduler [None req-082dc170-52a3-4499-bb73-68fc2c078180 14a5bbbbe17e4a5caa9185f582a358e0 1d20d688d1f941db8581da66dcb5e9db - - default default] No more DHCP agents
2026-08-26 01:33:21.814 9 WARNING neutron.api.rpc.agentnotifiers.dhcp_rpc_agent_api [None req-082dc170-52a3-4499-bb73-68fc2c078180 14a5bbbbe17e4a5caa9185f582a358e0 1d20d688d1f941db8581da66dcb5e9db - - default default] Unable to schedule network 861f523a-5aa2-4fb6-ac04-25ce42e24c5b: no agents available; will retry on subsequent port and subnet creation events.
2026-08-26 01:33:21.826 9 INFO neutron.db.ovn_revision_numbers_db [None req-afb934ae-f0fd-4ce8-91a2-6af3f585b1db 14a5bbbbe17e4a5caa9185f582a358e0 1d20d688d1f941db8581da66dcb5e9db - - default default] Successfully bumped revision number for resource ec473b3e-4115-48a3-ae80-1b5dce5e1616 (type: networks) to 1
2026-08-26 01:33:21.831 10 WARNING neutron.scheduler.dhcp_agent_scheduler [None req-b672b272-cb66-48ef-9eff-3094766d7642 14a5bbbbe17e4a5caa9185f582a358e0 1d20d688d1f941db8581da66dcb5e9db - - default default] No more DHCP agents
2026-08-26 01:33:21.834 10 WARNING neutron.api.rpc.agentnotifiers.dhcp_rpc_agent_api [None req-b672b272-cb66-48ef-9eff-3094766d7642 14a5bbbbe17e4a5caa9185f582a358e0 1d20d688d1f941db8581da66dcb5e9db - - default default] Unable to schedule network b31462b5-9350-4e2f-963e-49aa996317f3: no agents available; will retry on subsequent port and subnet creation events.
2026-08-26 01:33:21.934 9 INFO neutron.db.ovn_revision_numbers_db [None req-082dc170-52a3-4499-bb73-68fc2c078180 14a5bbbbe17e4a5caa9185f582a358e0 1d20d688d1f941db8581da66dcb5e9db - - default default] Successfully bumped revision number for resource 3bf5eaf3-7d64-49f9-ba68-dfd2ba8fef3b (type: ports) to 1
2026-08-26 01:33:21.966 9 INFO neutron.wsgi [None req-082dc170-52a3-4499-bb73-68fc2c078180 14a5bbbbe17e4a5caa9185f582a358e0 1d20d688d1f941db8581da66dcb5e9db - - default default] 10.0.0.178 "POST /v2.0/networks HTTP/1.1" status: 201 len: 951 time: 1.0343640
2026-08-26 01:33:22.031 9 WARNING neutron.scheduler.dhcp_agent_scheduler [None req-afb934ae-f0fd-4ce8-91a2-6af3f585b1db 14a5bbbbe17e4a5caa9185f582a358e0 1d20d688d1f941db8581da66dcb5e9db - - default default] No more DHCP agents
2026-08-26 01:33:22.039 9 WARNING neutron.api.rpc.agentnotifiers.dhcp_rpc_agent_api [None req-afb934ae-f0fd-4ce8-91a2-6af3f585b1db 14a5bbbbe17e4a5caa9185f582a358e0 1d20d688d1f941db8581da66dcb5e9db - - default default] Unable to schedule network ec473b3e-4115-48a3-ae80-1b5dce5e1616: no agents available; will retry on subsequent port and subnet creation events.
2026-08-26 01:33:22.141 9 INFO neutron.db.ovn_revision_numbers_db [None req-afb934ae-f0fd-4ce8-91a2-6af3f585b1db 14a5bbbbe17e4a5caa9185f582a358e0 1d20d688d1f941db8581da66dcb5e9db - - default default] Successfully bumped revision number for resource 263b42f4-fb22-4ba4-be8e-093f5f7439b3 (type: ports) to 1
2026-08-26 01:33:22.163 9 WARNING neutron.scheduler.dhcp_agent_scheduler [None req-70d64509-1b6d-4f69-ae5b-2345dc66f998 14a5bbbbe17e4a5caa9185f582a358e0 1d20d688d1f941db8581da66dcb5e9db - - default default] No more DHCP agents
2026-08-26 01:33:22.165 9 WARNING neutron.api.rpc.agentnotifiers.dhcp_rpc_agent_api [None req-70d64509-1b6d-4f69-ae5b-2345dc66f998 14a5bbbbe17e4a5caa9185f582a358e0 1d20d688d1f941db8581da66dcb5e9db - - default default] Unable to schedule network 861f523a-5aa2-4fb6-ac04-25ce42e24c5b: no agents available; will retry on subsequent port and subnet creation events.
2026-08-26 01:33:22.169 10 INFO neutron.db.ovn_revision_numbers_db [None req-09228104-9f9b-408b-9c6c-1e7c499ff0da 14a5bbbbe17e4a5caa9185f582a358e0 1d20d688d1f941db8581da66dcb5e9db - - default default] Successfully bumped revision number for resource 41b8c467-0209-4391-a42a-f449ca0ca474 (type: security_groups) to 1
2026-08-26 01:33:22.176 9 INFO neutron.wsgi [None req-afb934ae-f0fd-4ce8-91a2-6af3f585b1db 14a5bbbbe17e4a5caa9185f582a358e0 1d20d688d1f941db8581da66dcb5e9db - - default default] 10.0.0.178 "POST /v2.0/networks HTTP/1.1" status: 201 len: 953 time: 0.9251404
2026-08-26 01:33:22.206 10 INFO neutron.db.ovn_revision_numbers_db [None req-09228104-9f9b-408b-9c6c-1e7c499ff0da 14a5bbbbe17e4a5caa9185f582a358e0 1d20d688d1f941db8581da66dcb5e9db - - default default] Successfully bumped revision number for resource 084f36ed-babb-45dd-9b8a-dff0c17f7a76 (type: security_group_rules) to 0
2026-08-26 01:33:22.223 10 INFO neutron.db.ovn_revision_numbers_db [None req-09228104-9f9b-408b-9c6c-1e7c499ff0da 14a5bbbbe17e4a5caa9185f582a358e0 1d20d688d1f941db8581da66dcb5e9db - - default default] Successfully bumped revision number for resource 37bb09f3-af9c-493f-bc3f-2bbf03fddf0e (type: security_group_rules) to 0
2026-08-26 01:33:22.249 10 INFO neutron.db.ovn_revision_numbers_db [None req-09228104-9f9b-408b-9c6c-1e7c499ff0da 14a5bbbbe17e4a5caa9185f582a358e0 1d20d688d1f941db8581da66dcb5e9db - - default default] Successfully bumped revision number for resource 659f2d92-b8f6-4a8f-afc3-32565611c970 (type: security_group_rules) to 0
2026-08-26 01:33:22.265 10 INFO neutron.db.ovn_revision_numbers_db [None req-09228104-9f9b-408b-9c6c-1e7c499ff0da 14a5bbbbe17e4a5caa9185f582a358e0 1d20d688d1f941db8581da66dcb5e9db - - default default] Successfully bumped revision number for resource c5c35fdd-1049-45bb-8dc7-c3abcb39f9cb (type: security_group_rules) to 0
2026-08-26 01:33:22.297 10 INFO neutron.wsgi [None req-09228104-9f9b-408b-9c6c-1e7c499ff0da 14a5bbbbe17e4a5caa9185f582a358e0 1d20d688d1f941db8581da66dcb5e9db - - default default] 10.0.0.178 "GET /v2.0/security-groups?tenant_id=59d9b719b1334fc4b35ee38ff5452bbe&name=default HTTP/1.1" status: 200 len: 2992 time: 0.3917155
2026-08-26 01:33:22.411 10 INFO neutron.db.ovn_revision_numbers_db [None req-b672b272-cb66-48ef-9eff-3094766d7642 14a5bbbbe17e4a5caa9185f582a358e0 1d20d688d1f941db8581da66dcb5e9db - - default default] Successfully bumped revision number for resource 36c72515-32d3-4daf-b3da-b9ba1f02434e (type: ports) to 2
2026-08-26 01:33:22.456 10 INFO neutron.db.ovn_revision_numbers_db [None req-b672b272-cb66-48ef-9eff-3094766d7642 14a5bbbbe17e4a5caa9185f582a358e0 1d20d688d1f941db8581da66dcb5e9db - - default default] Successfully bumped revision number for resource 2d6e29d5-53d2-4e85-b065-06ed4f333de1 (type: subnets) to 0
2026-08-26 01:33:22.456 9 WARNING neutron.scheduler.dhcp_agent_scheduler [None req-a6361449-9358-472f-8d14-cb3ba8ee9538 14a5bbbbe17e4a5caa9185f582a358e0 1d20d688d1f941db8581da66dcb5e9db - - default default] No more DHCP agents
2026-08-26 01:33:22.460 9 WARNING neutron.api.rpc.agentnotifiers.dhcp_rpc_agent_api [None req-a6361449-9358-472f-8d14-cb3ba8ee9538 14a5bbbbe17e4a5caa9185f582a358e0 1d20d688d1f941db8581da66dcb5e9db - - default default] Unable to schedule network ec473b3e-4115-48a3-ae80-1b5dce5e1616: no agents available; will retry on subsequent port and subnet creation events.
2026-08-26 01:33:22.470 10 INFO neutron.wsgi [None req-b672b272-cb66-48ef-9eff-3094766d7642 14a5bbbbe17e4a5caa9185f582a358e0 1d20d688d1f941db8581da66dcb5e9db - - default default] 10.0.0.178 "POST /v2.0/subnets HTTP/1.1" status: 201 len: 866 time: 0.8586183
2026-08-26 01:33:22.556 10 INFO neutron.wsgi [None req-fad2fc3b-3897-40f7-a011-38ac97c4f1c8 14a5bbbbe17e4a5caa9185f582a358e0 1d20d688d1f941db8581da66dcb5e9db - - default default] 10.0.0.178 "DELETE /v2.0/security-groups/41b8c467-0209-4391-a42a-f449ca0ca474 HTTP/1.1" status: 204 len: 168 time: 0.2543507
2026-08-26 01:33:22.993 9 INFO neutron.db.ovn_revision_numbers_db [None req-70d64509-1b6d-4f69-ae5b-2345dc66f998 14a5bbbbe17e4a5caa9185f582a358e0 1d20d688d1f941db8581da66dcb5e9db - - default default] Successfully bumped revision number for resource 3bf5eaf3-7d64-49f9-ba68-dfd2ba8fef3b (type: ports) to 2
2026-08-26 01:33:23.064 9 INFO neutron.db.ovn_revision_numbers_db [None req-70d64509-1b6d-4f69-ae5b-2345dc66f998 14a5bbbbe17e4a5caa9185f582a358e0 1d20d688d1f941db8581da66dcb5e9db - - default default] Successfully bumped revision number for resource 557884b7-ef8c-4d0f-bc40-bb6c25efd643 (type: subnets) to 0
2026-08-26 01:33:23.085 9 INFO neutron.wsgi [None req-70d64509-1b6d-4f69-ae5b-2345dc66f998 14a5bbbbe17e4a5caa9185f582a358e0 1d20d688d1f941db8581da66dcb5e9db - - default default] 10.0.0.178 "POST /v2.0/subnets HTTP/1.1" status: 201 len: 871 time: 1.1124635
2026-08-26 01:33:23.331 9 WARNING neutron.scheduler.dhcp_agent_scheduler [None req-fd0cf1e0-f381-49db-b5c3-dde1674f04b3 14a5bbbbe17e4a5caa9185f582a358e0 1d20d688d1f941db8581da66dcb5e9db - - default default] No more DHCP agents
2026-08-26 01:33:23.338 9 WARNING neutron.api.rpc.agentnotifiers.dhcp_rpc_agent_api [None req-fd0cf1e0-f381-49db-b5c3-dde1674f04b3 14a5bbbbe17e4a5caa9185f582a358e0 1d20d688d1f941db8581da66dcb5e9db - - default default] Unable to schedule network 415ffb59-4738-4fc9-b964-7a656a47f54d: no agents available; will retry on subsequent port and subnet creation events.
2026-08-26 01:33:23.376 9 INFO neutron.db.ovn_revision_numbers_db [None req-a6361449-9358-472f-8d14-cb3ba8ee9538 14a5bbbbe17e4a5caa9185f582a358e0 1d20d688d1f941db8581da66dcb5e9db - - default default] Successfully bumped revision number for resource 263b42f4-fb22-4ba4-be8e-093f5f7439b3 (type: ports) to 2
2026-08-26 01:33:23.424 9 INFO neutron.db.ovn_revision_numbers_db [None req-a6361449-9358-472f-8d14-cb3ba8ee9538 14a5bbbbe17e4a5caa9185f582a358e0 1d20d688d1f941db8581da66dcb5e9db - - default default] Successfully bumped revision number for resource 2e215c13-301b-488f-8cca-b50812131086 (type: subnets) to 0
2026-08-26 01:33:23.442 9 INFO neutron.wsgi [None req-a6361449-9358-472f-8d14-cb3ba8ee9538 14a5bbbbe17e4a5caa9185f582a358e0 1d20d688d1f941db8581da66dcb5e9db - - default default] 10.0.0.178 "POST /v2.0/subnets HTTP/1.1" status: 201 len: 873 time: 1.2604759
2026-08-26 01:33:23.476 9 INFO neutron.db.ovn_revision_numbers_db [None req-fd0cf1e0-f381-49db-b5c3-dde1674f04b3 14a5bbbbe17e4a5caa9185f582a358e0 1d20d688d1f941db8581da66dcb5e9db - - default default] Successfully bumped revision number for resource 83002c90-12f6-4442-856c-ceb99a0de96b (type: ports) to 1
2026-08-26 01:33:23.688 10 WARNING neutron.scheduler.dhcp_agent_scheduler [None req-fef0459f-546a-4118-83e3-165e85d59432 14a5bbbbe17e4a5caa9185f582a358e0 1d20d688d1f941db8581da66dcb5e9db - - default default] No more DHCP agents
2026-08-26 01:33:23.691 10 WARNING neutron.api.rpc.agentnotifiers.dhcp_rpc_agent_api [None req-fef0459f-546a-4118-83e3-165e85d59432 14a5bbbbe17e4a5caa9185f582a358e0 1d20d688d1f941db8581da66dcb5e9db - - default default] Unable to schedule network 415ffb59-4738-4fc9-b964-7a656a47f54d: no agents available; will retry on subsequent port and subnet creation events.
2026-08-26 01:33:23.829 9 INFO neutron.plugins.ml2.drivers.ovn.mech_driver.ovsdb.extensions.qos [None req-fd0cf1e0-f381-49db-b5c3-dde1674f04b3 14a5bbbbe17e4a5caa9185f582a358e0 1d20d688d1f941db8581da66dcb5e9db - - default default] Starting OVNClientQosExtension
2026-08-26 01:33:23.842 10 INFO neutron.db.ovn_revision_numbers_db [None req-fef0459f-546a-4118-83e3-165e85d59432 14a5bbbbe17e4a5caa9185f582a358e0 1d20d688d1f941db8581da66dcb5e9db - - default default] Successfully bumped revision number for resource 65ac7e5c-0a92-43d6-b584-b4e83e6996d4 (type: ports) to 1
2026-08-26 01:33:24.115 10 INFO neutron.plugins.ml2.drivers.ovn.mech_driver.ovsdb.extensions.qos [None req-fef0459f-546a-4118-83e3-165e85d59432 14a5bbbbe17e4a5caa9185f582a358e0 1d20d688d1f941db8581da66dcb5e9db - - default default] Starting OVNClientQosExtension
2026-08-26 01:33:24.130 9 WARNING neutron.scheduler.dhcp_agent_scheduler [None req-fbafc7dc-cd02-432b-99f5-7ed99bede1f3 14a5bbbbe17e4a5caa9185f582a358e0 1d20d688d1f941db8581da66dcb5e9db - - default default] No more DHCP agents
2026-08-26 01:33:24.134 9 WARNING neutron.api.rpc.agentnotifiers.dhcp_rpc_agent_api [None req-fbafc7dc-cd02-432b-99f5-7ed99bede1f3 14a5bbbbe17e4a5caa9185f582a358e0 1d20d688d1f941db8581da66dcb5e9db - - default default] Unable to schedule network 415ffb59-4738-4fc9-b964-7a656a47f54d: no agents available; will retry on subsequent port and subnet creation events.
2026-08-26 01:33:24.305 9 INFO neutron.db.ovn_revision_numbers_db [None req-fbafc7dc-cd02-432b-99f5-7ed99bede1f3 14a5bbbbe17e4a5caa9185f582a358e0 1d20d688d1f941db8581da66dcb5e9db - - default default] Successfully bumped revision number for resource 8471b58a-62d7-41b9-8a50-99b7f09235ce (type: ports) to 1
2026-08-26 01:33:24.312 9 INFO neutron.plugins.ml2.drivers.ovn.mech_driver.mech_driver [None req-dbd92cae-e408-4fb9-8fed-7a72a72e573c - - - - - -] OVN reports status up for port: 83002c90-12f6-4442-856c-ceb99a0de96b
2026-08-26 01:33:24.334 9 INFO neutron.plugins.ml2.drivers.ovn.mech_driver.ovsdb.ovsdb_monitor [-] Router 0c2ef335-88c9-403a-981c-b0b0e5515bc3 is bound to host instance
2026-08-26 01:33:24.359 9 INFO neutron.plugins.ml2.plugin [None req-dbd92cae-e408-4fb9-8fed-7a72a72e573c - - - - - -] Attempt 1 to provision port 83002c90-12f6-4442-856c-ceb99a0de96b
2026-08-26 01:33:24.398 9 INFO neutron.db.ovn_revision_numbers_db [None req-fd0cf1e0-f381-49db-b5c3-dde1674f04b3 14a5bbbbe17e4a5caa9185f582a358e0 1d20d688d1f941db8581da66dcb5e9db - - default default] Successfully bumped revision number for resource 83002c90-12f6-4442-856c-ceb99a0de96b (type: router_ports) to 1
2026-08-26 01:33:24.449 10 INFO neutron.plugins.ml2.drivers.ovn.mech_driver.mech_driver [-] OVN reports status up for port: 65ac7e5c-0a92-43d6-b584-b4e83e6996d4
2026-08-26 01:33:24.467 10 INFO neutron.plugins.ml2.plugin [None req-435eb9db-07de-4c7a-a677-6d05d7c7e294 - - - - - -] Attempt 1 to provision port 65ac7e5c-0a92-43d6-b584-b4e83e6996d4
2026-08-26 01:33:24.498 10 INFO neutron.db.ovn_revision_numbers_db [None req-fef0459f-546a-4118-83e3-165e85d59432 14a5bbbbe17e4a5caa9185f582a358e0 1d20d688d1f941db8581da66dcb5e9db - - default default] Successfully bumped revision number for resource 65ac7e5c-0a92-43d6-b584-b4e83e6996d4 (type: router_ports) to 1
2026-08-26 01:33:24.591 9 INFO neutron.db.ovn_revision_numbers_db [None req-fd0cf1e0-f381-49db-b5c3-dde1674f04b3 14a5bbbbe17e4a5caa9185f582a358e0 1d20d688d1f941db8581da66dcb5e9db - - default default] Successfully bumped revision number for resource 0c2ef335-88c9-403a-981c-b0b0e5515bc3 (type: routers) to 2
2026-08-26 01:33:24.630 9 INFO neutron.wsgi [None req-fd0cf1e0-f381-49db-b5c3-dde1674f04b3 14a5bbbbe17e4a5caa9185f582a358e0 1d20d688d1f941db8581da66dcb5e9db - - default default] 10.0.0.178 "POST /v2.0/routers HTTP/1.1" status: 201 len: 877 time: 2.1532903
2026-08-26 01:33:24.685 10 INFO neutron.db.ovn_revision_numbers_db [None req-fef0459f-546a-4118-83e3-165e85d59432 14a5bbbbe17e4a5caa9185f582a358e0 1d20d688d1f941db8581da66dcb5e9db - - default default] Successfully bumped revision number for resource 1dab26ae-6142-4556-8dc9-1c3c0ae030a1 (type: routers) to 2
2026-08-26 01:33:24.708 10 INFO neutron.wsgi [None req-fef0459f-546a-4118-83e3-165e85d59432 14a5bbbbe17e4a5caa9185f582a358e0 1d20d688d1f941db8581da66dcb5e9db - - default default] 10.0.0.178 "POST /v2.0/routers HTTP/1.1" status: 201 len: 882 time: 1.6151803
2026-08-26 01:33:24.858 9 INFO neutron.db.ovn_revision_numbers_db [None req-aa5bfc75-fff0-4f19-bbf3-d20731da2944 14a5bbbbe17e4a5caa9185f582a358e0 1d20d688d1f941db8581da66dcb5e9db - - default default] Successfully bumped revision number for resource 7dfc0745-fdca-40bb-a72d-78e3ec55ecc2 (type: security_groups) to 1
2026-08-26 01:33:25.024 9 INFO neutron.db.ovn_revision_numbers_db [None req-aa5bfc75-fff0-4f19-bbf3-d20731da2944 14a5bbbbe17e4a5caa9185f582a358e0 1d20d688d1f941db8581da66dcb5e9db - - default default] Successfully bumped revision number for resource 850dac5b-7d12-4158-abf0-fbed969ffc1b (type: security_group_rules) to 0
2026-08-26 01:33:25.079 9 INFO neutron.db.ovn_revision_numbers_db [None req-aa5bfc75-fff0-4f19-bbf3-d20731da2944 14a5bbbbe17e4a5caa9185f582a358e0 1d20d688d1f941db8581da66dcb5e9db - - default default] Successfully bumped revision number for resource d429ed64-beb7-42b3-be8e-d9a3567e2d96 (type: security_group_rules) to 0
2026-08-26 01:33:25.120 9 INFO neutron.db.ovn_revision_numbers_db [None req-aa5bfc75-fff0-4f19-bbf3-d20731da2944 14a5bbbbe17e4a5caa9185f582a358e0 1d20d688d1f941db8581da66dcb5e9db - - default default] Successfully bumped revision number for resource e4101bd1-73b7-4dba-b53f-2e3ebaac68eb (type: security_group_rules) to 0
