2026-08-26 01:36:10.430 10 INFO neutron.wsgi [req-b9de2870-120d-4111-b416-c4be4489822e req-53c89654-bd9b-4bf7-85f6-006cb2e051b2 e85c28413f274d42b7ab2b31c30a4550 1a1e6297964f4c0bb12c181a7ea57acf - - default default] 10.0.0.217 "GET /v2.0/ports?device_id=df7c0f13-1727-4b1d-b790-13abf81203fc HTTP/1.1" status: 200 len: 210 time: 0.0241644
2026-08-26 01:36:10.597 10 INFO neutron.services.segments.plugin [-] Segment 10c6738f-30ae-484a-8763-b0d5a78a7e8b resource provider aggregate not found
2026-08-26 01:36:10.604 10 INFO neutron.services.segments.plugin [-] Segment 10c6738f-30ae-484a-8763-b0d5a78a7e8b resource provider aggregate not found
2026-08-26 01:36:10.611 10 INFO neutron.services.segments.plugin [-] Segment 10c6738f-30ae-484a-8763-b0d5a78a7e8b resource provider not found; error: Placement Client Error (4xx): {"errors": [{"status": 404, "title": "Not Found", "detail": "The resource could not be found.\n\n No resource provider with uuid 10c6738f-30ae-484a-8763-b0d5a78a7e8b found for delete ", "request_id": "req-6d888ad2-152f-45bc-9045-7a99fe87f8a0"}]}
2026-08-26 01:36:10.617 10 INFO neutron.services.segments.plugin [-] Segment 10c6738f-30ae-484a-8763-b0d5a78a7e8b resource provider not found; error: Placement Client Error (4xx): {"errors": [{"status": 404, "title": "Not Found", "detail": "The resource could not be found.\n\n No resource provider with uuid 10c6738f-30ae-484a-8763-b0d5a78a7e8b found for delete ", "request_id": "req-5dbe2bde-6084-4d9a-a2d1-6ff4339af582"}]}
2026-08-26 01:36:11.015 9 WARNING neutron.plugins.ml2.drivers.ovn.mech_driver.ovsdb.ovn_client [None req-dbd92cae-e408-4fb9-8fed-7a72a72e573c - - - - - -] No hosting information found for port 8d0b5986-73a6-4ff3-98df-3e461039d929: RuntimeError: No hosting information found for port 8d0b5986-73a6-4ff3-98df-3e461039d929
2026-08-26 01:36:11.114 9 INFO neutron.db.ovn_revision_numbers_db [None req-5add9d20-926d-44e8-bc83-5d9ae0701a8c 3e4c0d86f41045958c578699dab522bc cf582b177a1f461da87fff1226ddb28d - - default default] Successfully bumped revision number for resource 19adaf48-3662-4deb-8e95-d4316571b646 (type: security_groups) to 1
2026-08-26 01:36:11.130 9 INFO neutron.db.ovn_revision_numbers_db [None req-5add9d20-926d-44e8-bc83-5d9ae0701a8c 3e4c0d86f41045958c578699dab522bc cf582b177a1f461da87fff1226ddb28d - - default default] Successfully bumped revision number for resource 4603a3c3-ad5e-44fc-8fb1-ed6ab5b1d0d6 (type: security_group_rules) to 0
2026-08-26 01:36:11.145 9 INFO neutron.db.ovn_revision_numbers_db [None req-5add9d20-926d-44e8-bc83-5d9ae0701a8c 3e4c0d86f41045958c578699dab522bc cf582b177a1f461da87fff1226ddb28d - - default default] Successfully bumped revision number for resource 7ec775fe-a602-4363-927b-4d90bebe3d84 (type: security_group_rules) to 0
2026-08-26 01:36:11.168 9 INFO neutron.db.ovn_revision_numbers_db [None req-5add9d20-926d-44e8-bc83-5d9ae0701a8c 3e4c0d86f41045958c578699dab522bc cf582b177a1f461da87fff1226ddb28d - - default default] Successfully bumped revision number for resource 8d8ba2a7-4868-4d12-a696-c3312eab32c6 (type: security_group_rules) to 0
2026-08-26 01:36:11.186 9 INFO neutron.db.ovn_revision_numbers_db [None req-5add9d20-926d-44e8-bc83-5d9ae0701a8c 3e4c0d86f41045958c578699dab522bc cf582b177a1f461da87fff1226ddb28d - - default default] Successfully bumped revision number for resource f32d5f54-1fc8-4253-ab52-f91ab3232e05 (type: security_group_rules) to 0
2026-08-26 01:36:11.230 10 INFO neutron.wsgi [req-b0904373-ce8f-47bb-bf3e-0d14375fd108 req-138fb1ac-7d88-4db3-9118-60e85af68924 e85c28413f274d42b7ab2b31c30a4550 1a1e6297964f4c0bb12c181a7ea57acf - - default default] 162.253.55.148 "GET /v2.0/networks?id=b530331b-5126-4a28-852b-afad5c478e23 HTTP/1.1" status: 200 len: 860 time: 0.0753746
2026-08-26 01:36:11.244 9 INFO neutron.db.segments_db [None req-5add9d20-926d-44e8-bc83-5d9ae0701a8c 3e4c0d86f41045958c578699dab522bc cf582b177a1f461da87fff1226ddb28d - - default default] Added segment 6639d7d0-baa8-4e7e-b365-8731b5b7cba7 of type geneve for network 85d73dbd-d360-45fb-a892-7d9570363edb
2026-08-26 01:36:11.281 10 INFO neutron.wsgi [req-b0904373-ce8f-47bb-bf3e-0d14375fd108 req-5d9ee790-f3fc-464f-9ea5-2c9187fa1d21 e85c28413f274d42b7ab2b31c30a4550 1a1e6297964f4c0bb12c181a7ea57acf - - default default] 162.253.55.148 "GET /v2.0/security-groups?fields=id&fields=name&tenant_id=1a1e6297964f4c0bb12c181a7ea57acf HTTP/1.1" status: 200 len: 379 time: 0.0451603
2026-08-26 01:36:11.463 9 INFO neutron.db.ovn_revision_numbers_db [None req-5add9d20-926d-44e8-bc83-5d9ae0701a8c 3e4c0d86f41045958c578699dab522bc cf582b177a1f461da87fff1226ddb28d - - default default] Successfully bumped revision number for resource 85d73dbd-d360-45fb-a892-7d9570363edb (type: networks) to 1
2026-08-26 01:36:11.523 10 INFO neutron.wsgi [req-841b803e-182c-42eb-9779-11666e85310a req-0c80f477-8392-4eb1-8971-32a3c58c45ec e85c28413f274d42b7ab2b31c30a4550 1a1e6297964f4c0bb12c181a7ea57acf - - default default] 10.0.0.217 "GET /v2.0/ports?device_id=df7c0f13-1727-4b1d-b790-13abf81203fc HTTP/1.1" status: 200 len: 210 time: 0.0267711
2026-08-26 01:36:11.677 10 WARNING neutron.scheduler.dhcp_agent_scheduler [req-b0904373-ce8f-47bb-bf3e-0d14375fd108 req-fef9f326-07aa-4f2b-a3ac-f4aa44f92449 e85c28413f274d42b7ab2b31c30a4550 1a1e6297964f4c0bb12c181a7ea57acf - - default default] No more DHCP agents
2026-08-26 01:36:11.680 10 WARNING neutron.api.rpc.agentnotifiers.dhcp_rpc_agent_api [req-b0904373-ce8f-47bb-bf3e-0d14375fd108 req-fef9f326-07aa-4f2b-a3ac-f4aa44f92449 e85c28413f274d42b7ab2b31c30a4550 1a1e6297964f4c0bb12c181a7ea57acf - - default default] Unable to schedule network b530331b-5126-4a28-852b-afad5c478e23: no agents available; will retry on subsequent port and subnet creation events.
2026-08-26 01:36:11.683 9 WARNING neutron.scheduler.dhcp_agent_scheduler [None req-5add9d20-926d-44e8-bc83-5d9ae0701a8c 3e4c0d86f41045958c578699dab522bc cf582b177a1f461da87fff1226ddb28d - - default default] No more DHCP agents
2026-08-26 01:36:11.684 9 WARNING neutron.api.rpc.agentnotifiers.dhcp_rpc_agent_api [None req-5add9d20-926d-44e8-bc83-5d9ae0701a8c 3e4c0d86f41045958c578699dab522bc cf582b177a1f461da87fff1226ddb28d - - default default] Unable to schedule network 85d73dbd-d360-45fb-a892-7d9570363edb: no agents available; will retry on subsequent port and subnet creation events.
2026-08-26 01:36:11.796 9 INFO neutron.db.ovn_revision_numbers_db [None req-5add9d20-926d-44e8-bc83-5d9ae0701a8c 3e4c0d86f41045958c578699dab522bc cf582b177a1f461da87fff1226ddb28d - - default default] Successfully bumped revision number for resource 9d1d4935-bff6-48d9-8014-f74bbea6a36c (type: ports) to 1
2026-08-26 01:36:11.823 9 INFO neutron.wsgi [None req-5add9d20-926d-44e8-bc83-5d9ae0701a8c 3e4c0d86f41045958c578699dab522bc cf582b177a1f461da87fff1226ddb28d - - default default] 10.0.0.178 "POST /v2.0/networks HTTP/1.1" status: 201 len: 833 time: 1.0455220
2026-08-26 01:36:11.902 10 INFO neutron.db.ovn_revision_numbers_db [req-b0904373-ce8f-47bb-bf3e-0d14375fd108 req-fef9f326-07aa-4f2b-a3ac-f4aa44f92449 e85c28413f274d42b7ab2b31c30a4550 1a1e6297964f4c0bb12c181a7ea57acf - - default default] Successfully bumped revision number for resource cc73ee43-3be6-4e57-a632-36537cc19fd2 (type: ports) to 1
2026-08-26 01:36:11.923 10 INFO neutron.wsgi [req-b0904373-ce8f-47bb-bf3e-0d14375fd108 req-fef9f326-07aa-4f2b-a3ac-f4aa44f92449 e85c28413f274d42b7ab2b31c30a4550 1a1e6297964f4c0bb12c181a7ea57acf - - default default] 162.253.55.148 "POST /v2.0/ports HTTP/1.1" status: 201 len: 1158 time: 0.6388052
2026-08-26 01:36:11.928 9 INFO neutron.db.segments_db [None req-3eca28bc-a464-490f-abcb-d845ba6b8c39 3e4c0d86f41045958c578699dab522bc cf582b177a1f461da87fff1226ddb28d - - default default] Added segment 685ca125-c3fb-46f5-811d-5097c5423af2 of type geneve for network 85056001-4776-40ed-b4cc-fedc1d986a16 /var/lib/openstack/lib/python3.10/site-packages/pycadf/identifier.py:71: UserWarning: Invalid uuid: neutron. To ensure interoperability, identifiers should be a valid uuid. warnings.warn(('Invalid uuid: %s. To ensure interoperability, '
2026-08-26 01:36:12.083 9 INFO neutron.db.ovn_revision_numbers_db [None req-3eca28bc-a464-490f-abcb-d845ba6b8c39 3e4c0d86f41045958c578699dab522bc cf582b177a1f461da87fff1226ddb28d - - default default] Successfully bumped revision number for resource 85056001-4776-40ed-b4cc-fedc1d986a16 (type: networks) to 1
2026-08-26 01:36:12.367 10 INFO neutron.db.ovn_revision_numbers_db [req-b0904373-ce8f-47bb-bf3e-0d14375fd108 req-545959ad-cc3f-4fa8-9730-08a59916b8b2 bea7bc0961f947e2b286a0fe320d5182 f3ff69420cff44f69c56d1fc62951f3a - - adaf2d6749674b529570a5f21aa29bb0 adaf2d6749674b529570a5f21aa29bb0] Successfully bumped revision number for resource cc73ee43-3be6-4e57-a632-36537cc19fd2 (type: ports) to 2
2026-08-26 01:36:12.522 9 WARNING neutron.scheduler.dhcp_agent_scheduler [None req-3eca28bc-a464-490f-abcb-d845ba6b8c39 3e4c0d86f41045958c578699dab522bc cf582b177a1f461da87fff1226ddb28d - - default default] No more DHCP agents
2026-08-26 01:36:12.526 9 WARNING neutron.api.rpc.agentnotifiers.dhcp_rpc_agent_api [None req-3eca28bc-a464-490f-abcb-d845ba6b8c39 3e4c0d86f41045958c578699dab522bc cf582b177a1f461da87fff1226ddb28d - - default default] Unable to schedule network 85056001-4776-40ed-b4cc-fedc1d986a16: no agents available; will retry on subsequent port and subnet creation events.
2026-08-26 01:36:12.560 10 INFO neutron.db.ovn_revision_numbers_db [req-b0904373-ce8f-47bb-bf3e-0d14375fd108 req-545959ad-cc3f-4fa8-9730-08a59916b8b2 bea7bc0961f947e2b286a0fe320d5182 f3ff69420cff44f69c56d1fc62951f3a - - adaf2d6749674b529570a5f21aa29bb0 adaf2d6749674b529570a5f21aa29bb0] Successfully bumped revision number for resource cc73ee43-3be6-4e57-a632-36537cc19fd2 (type: ports) to 2
2026-08-26 01:36:12.575 10 INFO neutron.wsgi [req-b0904373-ce8f-47bb-bf3e-0d14375fd108 req-545959ad-cc3f-4fa8-9730-08a59916b8b2 bea7bc0961f947e2b286a0fe320d5182 f3ff69420cff44f69c56d1fc62951f3a - - adaf2d6749674b529570a5f21aa29bb0 adaf2d6749674b529570a5f21aa29bb0] 162.253.55.148 "PUT /v2.0/ports/cc73ee43-3be6-4e57-a632-36537cc19fd2 HTTP/1.1" status: 200 len: 1376 time: 0.6394105
2026-08-26 01:36:12.621 10 INFO neutron.notifiers.nova [-] Nova event matching ['req-f7900d68-3b5c-48ee-972c-a95999930bb9'] response: {'name': 'network-changed', 'server_uuid': 'df7c0f13-1727-4b1d-b790-13abf81203fc', 'tag': 'cc73ee43-3be6-4e57-a632-36537cc19fd2', 'status': 'completed', 'code': 200} /var/lib/openstack/lib/python3.10/site-packages/pycadf/identifier.py:71: UserWarning: Invalid uuid: neutron. To ensure interoperability, identifiers should be a valid uuid. warnings.warn(('Invalid uuid: %s. To ensure interoperability, '
2026-08-26 01:36:12.653 9 INFO neutron.db.ovn_revision_numbers_db [None req-3eca28bc-a464-490f-abcb-d845ba6b8c39 3e4c0d86f41045958c578699dab522bc cf582b177a1f461da87fff1226ddb28d - - default default] Successfully bumped revision number for resource 06a388f4-af64-4862-a927-75605896e35c (type: ports) to 1
2026-08-26 01:36:12.670 10 INFO neutron.wsgi [req-b0904373-ce8f-47bb-bf3e-0d14375fd108 req-7dbd523e-d287-4345-bc3b-855363b414f6 bea7bc0961f947e2b286a0fe320d5182 f3ff69420cff44f69c56d1fc62951f3a - - adaf2d6749674b529570a5f21aa29bb0 adaf2d6749674b529570a5f21aa29bb0] 162.253.55.148 "GET /v2.0/ports?tenant_id=1a1e6297964f4c0bb12c181a7ea57acf&device_id=df7c0f13-1727-4b1d-b790-13abf81203fc HTTP/1.1" status: 200 len: 1407 time: 0.0425186
2026-08-26 01:36:12.676 10 INFO neutron.wsgi [req-43b527c2-b3a0-424f-9edf-1effaa57c814 req-49801791-2ca9-489b-982c-ec8fd1a602d3 e85c28413f274d42b7ab2b31c30a4550 1a1e6297964f4c0bb12c181a7ea57acf - - default default] 10.0.0.217 "GET /v2.0/ports?device_id=df7c0f13-1727-4b1d-b790-13abf81203fc HTTP/1.1" status: 200 len: 1168 time: 0.0486324
2026-08-26 01:36:12.680 9 INFO neutron.wsgi [None req-3eca28bc-a464-490f-abcb-d845ba6b8c39 3e4c0d86f41045958c578699dab522bc cf582b177a1f461da87fff1226ddb28d - - default default] 10.0.0.178 "POST /v2.0/networks HTTP/1.1" status: 201 len: 831 time: 0.8519471
2026-08-26 01:36:12.698 10 INFO neutron.wsgi [req-b0904373-ce8f-47bb-bf3e-0d14375fd108 req-185aa3af-9fed-400c-a937-d59dc3c24f90 bea7bc0961f947e2b286a0fe320d5182 f3ff69420cff44f69c56d1fc62951f3a - - adaf2d6749674b529570a5f21aa29bb0 adaf2d6749674b529570a5f21aa29bb0] 162.253.55.148 "GET /v2.0/floatingips?fixed_ip_address=10.100.0.5&port_id=cc73ee43-3be6-4e57-a632-36537cc19fd2 HTTP/1.1" status: 200 len: 217 time: 0.0196297
2026-08-26 01:36:12.740 10 INFO neutron.wsgi [req-b0904373-ce8f-47bb-bf3e-0d14375fd108 req-5dfacdb9-f7f1-4b6f-bc0d-2db5ba0e9e4a bea7bc0961f947e2b286a0fe320d5182 f3ff69420cff44f69c56d1fc62951f3a - - adaf2d6749674b529570a5f21aa29bb0 adaf2d6749674b529570a5f21aa29bb0] 162.253.55.148 "GET /v2.0/subnets?id=70a914db-1fa5-4b02-b317-a19944abfe36 HTTP/1.1" status: 200 len: 853 time: 0.0390785
2026-08-26 01:36:12.750 10 INFO neutron.wsgi [req-43b527c2-b3a0-424f-9edf-1effaa57c814 req-d81173a1-4e66-4aa1-b33b-0332673c0888 e85c28413f274d42b7ab2b31c30a4550 1a1e6297964f4c0bb12c181a7ea57acf - - default default] 10.0.0.217 "GET /v2.0/security-groups?id=c5a27501-9d39-43ab-ab9e-5975a4bb958c&fields=id&fields=name HTTP/1.1" status: 200 len: 312 time: 0.0587053
2026-08-26 01:36:12.785 10 INFO neutron.wsgi [req-b0904373-ce8f-47bb-bf3e-0d14375fd108 req-065bf985-94be-49f0-9a76-a345020443e2 bea7bc0961f947e2b286a0fe320d5182 f3ff69420cff44f69c56d1fc62951f3a - - adaf2d6749674b529570a5f21aa29bb0 adaf2d6749674b529570a5f21aa29bb0] 162.253.55.148 "GET /v2.0/ports?network_id=b530331b-5126-4a28-852b-afad5c478e23&device_owner=network%3Adhcp HTTP/1.1" status: 200 len: 210 time: 0.0385115
2026-08-26 01:36:12.860 10 INFO neutron.wsgi [req-b0904373-ce8f-47bb-bf3e-0d14375fd108 req-bfdbe133-69e1-4404-9ba9-8a36731bf4fd bea7bc0961f947e2b286a0fe320d5182 f3ff69420cff44f69c56d1fc62951f3a - - adaf2d6749674b529570a5f21aa29bb0 adaf2d6749674b529570a5f21aa29bb0] 162.253.55.148 "GET /v2.0/networks/b530331b-5126-4a28-852b-afad5c478e23?fields=segments HTTP/1.1" status: 200 len: 212 time: 0.0694275
2026-08-26 01:36:12.938 10 INFO neutron.wsgi [req-b0904373-ce8f-47bb-bf3e-0d14375fd108 req-e1d747e1-00e0-4265-8c3b-061d14411d97 bea7bc0961f947e2b286a0fe320d5182 f3ff69420cff44f69c56d1fc62951f3a - - adaf2d6749674b529570a5f21aa29bb0 adaf2d6749674b529570a5f21aa29bb0] 162.253.55.148 "GET /v2.0/networks/b530331b-5126-4a28-852b-afad5c478e23?fields=provider%3Aphysical_network&fields=provider%3Anetwork_type HTTP/1.1" status: 200 len: 277 time: 0.0704956
2026-08-26 01:36:12.979 9 WARNING neutron.scheduler.dhcp_agent_scheduler [None req-c65814af-d45f-4b98-b0f1-cae197f47ed7 3e4c0d86f41045958c578699dab522bc cf582b177a1f461da87fff1226ddb28d - - default default] No more DHCP agents
2026-08-26 01:36:12.982 9 WARNING neutron.api.rpc.agentnotifiers.dhcp_rpc_agent_api [None req-c65814af-d45f-4b98-b0f1-cae197f47ed7 3e4c0d86f41045958c578699dab522bc cf582b177a1f461da87fff1226ddb28d - - default default] Unable to schedule network 85d73dbd-d360-45fb-a892-7d9570363edb: no agents available; will retry on subsequent port and subnet creation events.
2026-08-26 01:36:13.023 9 INFO neutron.db.ovn_revision_numbers_db [None req-c65814af-d45f-4b98-b0f1-cae197f47ed7 3e4c0d86f41045958c578699dab522bc cf582b177a1f461da87fff1226ddb28d - - default default] Successfully bumped revision number for resource 57e9fc3a-2991-4a23-8cee-d4e810ae5084 (type: subnets) to 0
2026-08-26 01:36:13.039 10 INFO neutron.wsgi [req-38c7dba4-c596-4842-b5a0-3206c62782eb req-03545786-163a-4378-8a67-83df1b9823a2 bea7bc0961f947e2b286a0fe320d5182 f3ff69420cff44f69c56d1fc62951f3a - - adaf2d6749674b529570a5f21aa29bb0 adaf2d6749674b529570a5f21aa29bb0] 162.253.55.148 "GET /v2.0/ports?tenant_id=1a1e6297964f4c0bb12c181a7ea57acf&device_id=df7c0f13-1727-4b1d-b790-13abf81203fc HTTP/1.1" status: 200 len: 1407 time: 0.0508268
2026-08-26 01:36:13.042 9 INFO neutron.wsgi [None req-c65814af-d45f-4b98-b0f1-cae197f47ed7 3e4c0d86f41045958c578699dab522bc cf582b177a1f461da87fff1226ddb28d - - default default] 10.0.0.178 "POST /v2.0/subnets HTTP/1.1" status: 201 len: 821 time: 0.3467388
2026-08-26 01:36:13.166 10 INFO neutron.wsgi [req-38c7dba4-c596-4842-b5a0-3206c62782eb req-fee83931-8c8c-418a-bd19-07308b3427f5 bea7bc0961f947e2b286a0fe320d5182 f3ff69420cff44f69c56d1fc62951f3a - - adaf2d6749674b529570a5f21aa29bb0 adaf2d6749674b529570a5f21aa29bb0] 162.253.55.148 "GET /v2.0/networks?id=b530331b-5126-4a28-852b-afad5c478e23 HTTP/1.1" status: 200 len: 959 time: 0.1224267
2026-08-26 01:36:13.170 9 INFO neutron.plugins.ml2.drivers.ovn.mech_driver.mech_driver [None req-dbd92cae-e408-4fb9-8fed-7a72a72e573c - - - - - -] OVN reports status up for port: cc73ee43-3be6-4e57-a632-36537cc19fd2
2026-08-26 01:36:13.190 9 INFO neutron.plugins.ml2.plugin [None req-dbd92cae-e408-4fb9-8fed-7a72a72e573c - - - - - -] Attempt 1 to provision port cc73ee43-3be6-4e57-a632-36537cc19fd2
2026-08-26 01:36:13.223 10 INFO neutron.wsgi [req-38c7dba4-c596-4842-b5a0-3206c62782eb req-62f49c51-6baf-4532-aabe-4e0f3938370a bea7bc0961f947e2b286a0fe320d5182 f3ff69420cff44f69c56d1fc62951f3a - - adaf2d6749674b529570a5f21aa29bb0 adaf2d6749674b529570a5f21aa29bb0] 162.253.55.148 "GET /v2.0/floatingips?fixed_ip_address=10.100.0.5&port_id=cc73ee43-3be6-4e57-a632-36537cc19fd2 HTTP/1.1" status: 200 len: 217 time: 0.0503983
2026-08-26 01:36:13.285 10 INFO neutron.wsgi [req-38c7dba4-c596-4842-b5a0-3206c62782eb req-9ca27296-e1ff-44bf-afc0-aff6d4a0f6bb bea7bc0961f947e2b286a0fe320d5182 f3ff69420cff44f69c56d1fc62951f3a - - adaf2d6749674b529570a5f21aa29bb0 adaf2d6749674b529570a5f21aa29bb0] 162.253.55.148 "GET /v2.0/subnets?id=70a914db-1fa5-4b02-b317-a19944abfe36 HTTP/1.1" status: 200 len: 853 time: 0.0531790
2026-08-26 01:36:13.311 10 INFO neutron.wsgi [req-38c7dba4-c596-4842-b5a0-3206c62782eb req-db6c4afc-49ad-4c47-a77b-a6f0406d7cdb bea7bc0961f947e2b286a0fe320d5182 f3ff69420cff44f69c56d1fc62951f3a - - adaf2d6749674b529570a5f21aa29bb0 adaf2d6749674b529570a5f21aa29bb0] 162.253.55.148 "GET /v2.0/ports?network_id=b530331b-5126-4a28-852b-afad5c478e23&device_owner=network%3Adhcp HTTP/1.1" status: 200 len: 210 time: 0.0185459
2026-08-26 01:36:13.361 9 INFO neutron.notifiers.nova [-] Nova event matching ['req-0c51f0f4-f4f8-4bbe-8f13-d0198bd44341'] response: {'server_uuid': 'df7c0f13-1727-4b1d-b790-13abf81203fc', 'name': 'network-vif-plugged', 'status': 'completed', 'tag': 'cc73ee43-3be6-4e57-a632-36537cc19fd2', 'code': 200}
2026-08-26 01:36:13.370 10 INFO neutron.wsgi [req-38c7dba4-c596-4842-b5a0-3206c62782eb req-08c5cdec-71d0-44a8-af35-c33a7c2f7c7b bea7bc0961f947e2b286a0fe320d5182 f3ff69420cff44f69c56d1fc62951f3a - - adaf2d6749674b529570a5f21aa29bb0 adaf2d6749674b529570a5f21aa29bb0] 162.253.55.148 "GET /v2.0/networks/b530331b-5126-4a28-852b-afad5c478e23?fields=segments HTTP/1.1" status: 200 len: 212 time: 0.0520730
2026-08-26 01:36:13.443 10 INFO neutron.wsgi [req-38c7dba4-c596-4842-b5a0-3206c62782eb req-1b17f2ac-1575-4d69-8589-f3d5d76dc6b2 bea7bc0961f947e2b286a0fe320d5182 f3ff69420cff44f69c56d1fc62951f3a - - adaf2d6749674b529570a5f21aa29bb0 adaf2d6749674b529570a5f21aa29bb0] 162.253.55.148 "GET /v2.0/networks/b530331b-5126-4a28-852b-afad5c478e23?fields=provider%3Aphysical_network&fields=provider%3Anetwork_type HTTP/1.1" status: 200 len: 277 time: 0.0688696
2026-08-26 01:36:13.445 9 WARNING neutron.scheduler.dhcp_agent_scheduler [None req-e5409433-1dee-4ad0-b650-74298457043e 3e4c0d86f41045958c578699dab522bc cf582b177a1f461da87fff1226ddb28d - - default default] No more DHCP agents
2026-08-26 01:36:13.453 9 WARNING neutron.api.rpc.agentnotifiers.dhcp_rpc_agent_api [None req-e5409433-1dee-4ad0-b650-74298457043e 3e4c0d86f41045958c578699dab522bc cf582b177a1f461da87fff1226ddb28d - - default default] Unable to schedule network 85056001-4776-40ed-b4cc-fedc1d986a16: no agents available; will retry on subsequent port and subnet creation events.
2026-08-26 01:36:13.505 9 INFO neutron.db.ovn_revision_numbers_db [None req-e5409433-1dee-4ad0-b650-74298457043e 3e4c0d86f41045958c578699dab522bc cf582b177a1f461da87fff1226ddb28d - - default default] Successfully bumped revision number for resource 91c3e403-272b-4743-82bc-c0077f784967 (type: subnets) to 0
2026-08-26 01:36:13.521 9 INFO neutron.wsgi [None req-e5409433-1dee-4ad0-b650-74298457043e 3e4c0d86f41045958c578699dab522bc cf582b177a1f461da87fff1226ddb28d - - default default] 10.0.0.178 "POST /v2.0/subnets HTTP/1.1" status: 201 len: 830 time: 0.4736567
2026-08-26 01:36:13.621 9 INFO neutron.db.ovn_revision_numbers_db [None req-dbd92cae-e408-4fb9-8fed-7a72a72e573c - - - - - -] Successfully bumped revision number for resource cc73ee43-3be6-4e57-a632-36537cc19fd2 (type: ports) to 4
2026-08-26 01:36:13.743 9 INFO neutron.db.ovn_revision_numbers_db [None req-35e8707d-8834-4de7-ab79-2018f4aa7e8e 3e4c0d86f41045958c578699dab522bc cf582b177a1f461da87fff1226ddb28d - - default default] Successfully bumped revision number for resource e011749e-54d2-4efc-8bae-67a339e9fb56 (type: routers) to 1
2026-08-26 01:36:13.762 9 INFO neutron.wsgi [None req-35e8707d-8834-4de7-ab79-2018f4aa7e8e 3e4c0d86f41045958c578699dab522bc cf582b177a1f461da87fff1226ddb28d - - default default] 10.0.0.178 "POST /v2.0/routers HTTP/1.1" status: 201 len: 690 time: 0.2290893 /var/lib/openstack/lib/python3.10/site-packages/pycadf/identifier.py:71: UserWarning: Invalid uuid: neutron. To ensure interoperability, identifiers should be a valid uuid. warnings.warn(('Invalid uuid: %s. To ensure interoperability, '
2026-08-26 01:36:13.904 10 INFO neutron.wsgi [req-e4386fe6-240c-43ed-be29-3f41983bdb20 req-5ef8c612-e062-46c9-b5d4-b31838d97add e85c28413f274d42b7ab2b31c30a4550 1a1e6297964f4c0bb12c181a7ea57acf - - default default] 10.0.0.217 "GET /v2.0/ports?device_id=df7c0f13-1727-4b1d-b790-13abf81203fc HTTP/1.1" status: 200 len: 1170 time: 0.0677977
2026-08-26 01:36:13.973 10 INFO neutron.wsgi [req-e4386fe6-240c-43ed-be29-3f41983bdb20 req-fc2d578b-b2b3-42ae-a916-a66f5b6e71c0 e85c28413f274d42b7ab2b31c30a4550 1a1e6297964f4c0bb12c181a7ea57acf - - default default] 10.0.0.217 "GET /v2.0/security-groups?id=c5a27501-9d39-43ab-ab9e-5975a4bb958c&fields=id&fields=name HTTP/1.1" status: 200 len: 312 time: 0.0645566
2026-08-26 01:36:14.115 10 INFO neutron.db.ovn_revision_numbers_db [None req-c0d9f449-9d54-4d0d-b0c9-f12e7b902f71 4c0f3e6f838947f4aee88d72205c91ec 360bfd26a8694d6fb9a22a71d39d4bcb - - default default] Successfully bumped revision number for resource 350c7738-b899-4ca2-9c0f-285a9bf0d400 (type: routers) to 1
2026-08-26 01:36:14.142 10 INFO neutron.wsgi [None req-c0d9f449-9d54-4d0d-b0c9-f12e7b902f71 4c0f3e6f838947f4aee88d72205c91ec 360bfd26a8694d6fb9a22a71d39d4bcb - - default default] 10.0.0.178 "POST /v2.0/routers HTTP/1.1" status: 201 len: 654 time: 0.4641659
2026-08-26 01:36:14.252 9 WARNING neutron.scheduler.dhcp_agent_scheduler [None req-e6ef86e7-20aa-4434-80dd-0a34b0901931 3e4c0d86f41045958c578699dab522bc cf582b177a1f461da87fff1226ddb28d - - default default] No more DHCP agents
2026-08-26 01:36:14.254 9 WARNING neutron.api.rpc.agentnotifiers.dhcp_rpc_agent_api [None req-e6ef86e7-20aa-4434-80dd-0a34b0901931 3e4c0d86f41045958c578699dab522bc cf582b177a1f461da87fff1226ddb28d - - default default] Unable to schedule network 85d73dbd-d360-45fb-a892-7d9570363edb: no agents available; will retry on subsequent port and subnet creation events.
2026-08-26 01:36:14.312 10 INFO neutron.db.ovn_revision_numbers_db [None req-7d66f148-85e3-4705-80d4-c3102f503ae4 4c0f3e6f838947f4aee88d72205c91ec 360bfd26a8694d6fb9a22a71d39d4bcb - - default default] Successfully bumped revision number for resource 3f4174d5-a68f-4014-805c-84e74e434ca2 (type: routers) to 1
2026-08-26 01:36:14.326 10 INFO neutron.wsgi [None req-7d66f148-85e3-4705-80d4-c3102f503ae4 4c0f3e6f838947f4aee88d72205c91ec 360bfd26a8694d6fb9a22a71d39d4bcb - - default default] 10.0.0.178 "POST /v2.0/routers HTTP/1.1" status: 201 len: 654 time: 0.1773593
2026-08-26 01:36:14.370 9 INFO neutron.db.ovn_revision_numbers_db [None req-e6ef86e7-20aa-4434-80dd-0a34b0901931 3e4c0d86f41045958c578699dab522bc cf582b177a1f461da87fff1226ddb28d - - default default] Successfully bumped revision number for resource 9ed59ea8-fff9-49e1-ac70-3832c2e08a4d (type: ports) to 1
2026-08-26 01:36:14.472 10 INFO neutron.db.ovn_revision_numbers_db [None req-362bff52-ef49-4c9d-b910-33f84146c40f 4c0f3e6f838947f4aee88d72205c91ec 360bfd26a8694d6fb9a22a71d39d4bcb - - default default] Successfully bumped revision number for resource 7257f2f1-a9f9-4b66-8fe5-b5aef5271586 (type: routers) to 1
2026-08-26 01:36:14.487 10 INFO neutron.wsgi [None req-362bff52-ef49-4c9d-b910-33f84146c40f 4c0f3e6f838947f4aee88d72205c91ec 360bfd26a8694d6fb9a22a71d39d4bcb - - default default] 10.0.0.178 "POST /v2.0/routers HTTP/1.1" status: 201 len: 654 time: 0.1566749
2026-08-26 01:36:14.644 10 INFO neutron.db.ovn_revision_numbers_db [None req-3a812f68-c8bd-485e-97b3-26097e176b8a 4c0f3e6f838947f4aee88d72205c91ec 360bfd26a8694d6fb9a22a71d39d4bcb - - default default] Successfully bumped revision number for resource a88f59be-7571-4bf3-8c73-63d660da4ffe (type: routers) to 1
2026-08-26 01:36:14.663 10 INFO neutron.wsgi [None req-3a812f68-c8bd-485e-97b3-26097e176b8a 4c0f3e6f838947f4aee88d72205c91ec 360bfd26a8694d6fb9a22a71d39d4bcb - - default default] 10.0.0.178 "POST /v2.0/routers HTTP/1.1" status: 201 len: 654 time: 0.1672370
2026-08-26 01:36:14.747 9 INFO neutron.plugins.ml2.drivers.ovn.mech_driver.mech_driver [None req-dbd92cae-e408-4fb9-8fed-7a72a72e573c - - - - - -] OVN reports status up for port: 9ed59ea8-fff9-49e1-ac70-3832c2e08a4d
2026-08-26 01:36:14.763 9 INFO neutron.plugins.ml2.plugin [None req-dbd92cae-e408-4fb9-8fed-7a72a72e573c - - - - - -] Attempt 1 to provision port 9ed59ea8-fff9-49e1-ac70-3832c2e08a4d
2026-08-26 01:36:14.788 9 INFO neutron.db.ovn_revision_numbers_db [None req-e6ef86e7-20aa-4434-80dd-0a34b0901931 3e4c0d86f41045958c578699dab522bc cf582b177a1f461da87fff1226ddb28d - - default default] Successfully bumped revision number for resource 9ed59ea8-fff9-49e1-ac70-3832c2e08a4d (type: router_ports) to 1
2026-08-26 01:36:14.823 10 INFO neutron.db.ovn_revision_numbers_db [None req-e6202532-7f76-4d2f-a8af-dcbac425c419 4c0f3e6f838947f4aee88d72205c91ec 360bfd26a8694d6fb9a22a71d39d4bcb - - default default] Successfully bumped revision number for resource 92116350-18fe-40e9-99b4-947cab7181fd (type: routers) to 1
2026-08-26 01:36:14.839 10 INFO neutron.wsgi [None req-e6202532-7f76-4d2f-a8af-dcbac425c419 4c0f3e6f838947f4aee88d72205c91ec 360bfd26a8694d6fb9a22a71d39d4bcb - - default default] 10.0.0.178 "POST /v2.0/routers HTTP/1.1" status: 201 len: 654 time: 0.1714132
2026-08-26 01:36:14.918 10 INFO neutron.wsgi [None req-fdce5330-26f8-4c5b-9cad-59df562ad26a 4c0f3e6f838947f4aee88d72205c91ec 360bfd26a8694d6fb9a22a71d39d4bcb - - default default] 10.0.0.178 "PUT /v2.0/routers/350c7738-b899-4ca2-9c0f-285a9bf0d400/tags HTTP/1.1" status: 200 len: 210 time: 0.0729575
2026-08-26 01:36:14.929 9 INFO neutron.db.ovn_revision_numbers_db [None req-e6ef86e7-20aa-4434-80dd-0a34b0901931 3e4c0d86f41045958c578699dab522bc cf582b177a1f461da87fff1226ddb28d - - default default] Successfully bumped revision number for resource 9ed59ea8-fff9-49e1-ac70-3832c2e08a4d (type: ports) to 1
2026-08-26 01:36:14.986 10 INFO neutron.wsgi [None req-1c2a19bb-b799-4b42-828f-86c3baa78df9 4c0f3e6f838947f4aee88d72205c91ec 360bfd26a8694d6fb9a22a71d39d4bcb - - default default] 10.0.0.178 "PUT /v2.0/routers/3f4174d5-a68f-4014-805c-84e74e434ca2/tags HTTP/1.1" status: 200 len: 218 time: 0.0638325
2026-08-26 01:36:15.038 9 WARNING neutron.scheduler.dhcp_agent_scheduler [None req-e6ef86e7-20aa-4434-80dd-0a34b0901931 3e4c0d86f41045958c578699dab522bc cf582b177a1f461da87fff1226ddb28d - - default default] No more DHCP agents
2026-08-26 01:36:15.042 9 WARNING neutron.api.rpc.agentnotifiers.dhcp_rpc_agent_api [None req-e6ef86e7-20aa-4434-80dd-0a34b0901931 3e4c0d86f41045958c578699dab522bc cf582b177a1f461da87fff1226ddb28d - - default default] Unable to schedule network 85d73dbd-d360-45fb-a892-7d9570363edb: no agents available; will retry on subsequent port and subnet creation events.
2026-08-26 01:36:15.230 9 INFO neutron.db.ovn_revision_numbers_db [None req-dbd92cae-e408-4fb9-8fed-7a72a72e573c - - - - - -] Successfully bumped revision number for resource 9ed59ea8-fff9-49e1-ac70-3832c2e08a4d (type: ports) to 2
2026-08-26 01:36:15.304 10 INFO neutron.wsgi [None req-e7bf90ca-f948-49eb-bc36-d072e691ce87 4c0f3e6f838947f4aee88d72205c91ec 360bfd26a8694d6fb9a22a71d39d4bcb - - default default] 10.0.0.178 "PUT /v2.0/routers/7257f2f1-a9f9-4b66-8fe5-b5aef5271586/tags HTTP/1.1" status: 200 len: 227 time: 0.3121877
2026-08-26 01:36:15.372 9 INFO neutron.db.ovn_revision_numbers_db [None req-e6ef86e7-20aa-4434-80dd-0a34b0901931 3e4c0d86f41045958c578699dab522bc cf582b177a1f461da87fff1226ddb28d - - default default] Successfully bumped revision number for resource 9ed59ea8-fff9-49e1-ac70-3832c2e08a4d (type: router_ports) to 2
2026-08-26 01:36:15.375 9 INFO neutron.wsgi [None req-e6ef86e7-20aa-4434-80dd-0a34b0901931 3e4c0d86f41045958c578699dab522bc cf582b177a1f461da87fff1226ddb28d - - default default] 10.0.0.178 "PUT /v2.0/routers/e011749e-54d2-4efc-8bae-67a339e9fb56/add_router_interface HTTP/1.1" status: 200 len: 503 time: 1.6045856
2026-08-26 01:36:15.378 10 INFO neutron.wsgi [None req-f89f2093-e990-4a18-94dd-f2ac99695955 4c0f3e6f838947f4aee88d72205c91ec 360bfd26a8694d6fb9a22a71d39d4bcb - - default default] 10.0.0.178 "PUT /v2.0/routers/a88f59be-7571-4bf3-8c73-63d660da4ffe/tags HTTP/1.1" status: 200 len: 212 time: 0.0672541
2026-08-26 01:36:15.409 9 INFO neutron.notifiers.nova [-] Nova event matching ['req-f6054d2b-6f35-42f2-8135-fe9bb390bde1'] response: {'server_uuid': 'df7c0f13-1727-4b1d-b790-13abf81203fc', 'name': 'network-vif-plugged', 'status': 'completed', 'tag': 'cc73ee43-3be6-4e57-a632-36537cc19fd2', 'code': 200}
2026-08-26 01:36:15.428 9 INFO neutron.wsgi [None req-1ac63f72-4ffd-433a-a9bd-4b8854b2a9fc 3e4c0d86f41045958c578699dab522bc cf582b177a1f461da87fff1226ddb28d - - default default] 10.0.0.178 "GET /v2.0/ports/9ed59ea8-fff9-49e1-ac70-3832c2e08a4d HTTP/1.1" status: 200 len: 1141 time: 0.0463660
2026-08-26 01:36:15.436 10 INFO neutron.wsgi [req-93c8b661-0405-43db-a875-73fb17d08999 req-092d5623-ee6d-4277-82ab-d464b05bd520 e85c28413f274d42b7ab2b31c30a4550 1a1e6297964f4c0bb12c181a7ea57acf - - default default] 10.0.0.217 "GET /v2.0/ports?device_id=df7c0f13-1727-4b1d-b790-13abf81203fc HTTP/1.1" status: 200 len: 1170 time: 0.3853686
2026-08-26 01:36:15.467 10 INFO neutron.wsgi [None req-b85ea86b-ea93-4ee0-a964-b5d17e0e6adb 4c0f3e6f838947f4aee88d72205c91ec 360bfd26a8694d6fb9a22a71d39d4bcb - - default default] 10.0.0.178 "GET /v2.0/routers?tags=red HTTP/1.1" status: 200 len: 1601 time: 0.0842435
2026-08-26 01:36:15.483 9 INFO neutron.db.ovn_revision_numbers_db [None req-d55f0fd4-5cf5-4490-813a-e3537cc7a278 ba96fc271dac43c2bf7904f761ae76f7 3fbbd26a4cb24ae39d8defd321694641 - - default default] Successfully bumped revision number for resource fc4293fc-f006-4d76-9c94-e038146efee6 (type: security_groups) to 1
2026-08-26 01:36:15.503 9 INFO neutron.db.ovn_revision_numbers_db [None req-d55f0fd4-5cf5-4490-813a-e3537cc7a278 ba96fc271dac43c2bf7904f761ae76f7 3fbbd26a4cb24ae39d8defd321694641 - - default default] Successfully bumped revision number for resource 406b72dd-aae3-4d37-bc25-8041a50f3ff8 (type: security_group_rules) to 0
2026-08-26 01:36:15.534 9 INFO neutron.db.ovn_revision_numbers_db [None req-d55f0fd4-5cf5-4490-813a-e3537cc7a278 ba96fc271dac43c2bf7904f761ae76f7 3fbbd26a4cb24ae39d8defd321694641 - - default default] Successfully bumped revision number for resource 5cc7988c-a2c9-432d-a521-d8aaf9eb4120 (type: security_group_rules) to 0
2026-08-26 01:36:15.540 10 INFO neutron.wsgi [None req-431c7d2c-c603-48bf-9e88-fcc77ff5a35c 4c0f3e6f838947f4aee88d72205c91ec 360bfd26a8694d6fb9a22a71d39d4bcb - - default default] 10.0.0.178 "GET /v2.0/routers?tags=red%2Cblue HTTP/1.1" status: 200 len: 1144 time: 0.0696418
2026-08-26 01:36:15.545 10 INFO neutron.wsgi [req-93c8b661-0405-43db-a875-73fb17d08999 req-7f87553a-95cf-47ab-8085-a0e1adeadbed e85c28413f274d42b7ab2b31c30a4550 1a1e6297964f4c0bb12c181a7ea57acf - - default default] 10.0.0.217 "GET /v2.0/security-groups?id=c5a27501-9d39-43ab-ab9e-5975a4bb958c&fields=id&fields=name HTTP/1.1" status: 200 len: 312 time: 0.0951626
2026-08-26 01:36:15.565 9 INFO neutron.db.ovn_revision_numbers_db [None req-d55f0fd4-5cf5-4490-813a-e3537cc7a278 ba96fc271dac43c2bf7904f761ae76f7 3fbbd26a4cb24ae39d8defd321694641 - - default default] Successfully bumped revision number for resource b01f3e82-6952-4b83-9490-d11cb5522fbe (type: security_group_rules) to 0
2026-08-26 01:36:15.592 9 INFO neutron.db.ovn_revision_numbers_db [None req-d55f0fd4-5cf5-4490-813a-e3537cc7a278 ba96fc271dac43c2bf7904f761ae76f7 3fbbd26a4cb24ae39d8defd321694641 - - default default] Successfully bumped revision number for resource c11bce35-c896-4c65-a763-90ee64c07fff (type: security_group_rules) to 0
2026-08-26 01:36:15.651 10 INFO neutron.wsgi [None req-9bdab07d-c2d4-47b8-b61f-6ea22811c67d 4c0f3e6f838947f4aee88d72205c91ec 360bfd26a8694d6fb9a22a71d39d4bcb - - default default] 10.0.0.178 "GET /v2.0/routers?tags-any=blue HTTP/1.1" status: 200 len: 1144 time: 0.1005545
2026-08-26 01:36:15.681 9 INFO neutron.db.segments_db [None req-d55f0fd4-5cf5-4490-813a-e3537cc7a278 ba96fc271dac43c2bf7904f761ae76f7 3fbbd26a4cb24ae39d8defd321694641 - - default default] Added segment 8b90777f-5553-431e-8164-329d9400f486 of type geneve for network 7ce1a558-2fa1-4659-8e96-cc0edc2ba4d1
2026-08-26 01:36:15.700 10 INFO neutron.wsgi [req-6125f1cd-d0f8-487e-a8ae-8e38674e4209 req-d4ebe712-bc09-4ec2-a058-dba57a1f5d93 e85c28413f274d42b7ab2b31c30a4550 1a1e6297964f4c0bb12c181a7ea57acf - - default default] 10.0.0.217 "GET /v2.0/ports?device_id=df7c0f13-1727-4b1d-b790-13abf81203fc HTTP/1.1" status: 200 len: 1170 time: 0.0616846
2026-08-26 01:36:15.717 10 INFO neutron.wsgi [None req-7ca29a8d-949e-48d2-9d2a-01f746d1290b 4c0f3e6f838947f4aee88d72205c91ec 360bfd26a8694d6fb9a22a71d39d4bcb - - default default] 10.0.0.178 "GET /v2.0/routers?tags-any=red%2Cblue HTTP/1.1" status: 200 len: 1601 time: 0.0592990
2026-08-26 01:36:15.797 10 INFO neutron.wsgi [req-6125f1cd-d0f8-487e-a8ae-8e38674e4209 req-3c1f2a36-b302-498e-82f2-02bacbd4ffe5 e85c28413f274d42b7ab2b31c30a4550 1a1e6297964f4c0bb12c181a7ea57acf - - default default] 10.0.0.217 "GET /v2.0/security-groups?id=c5a27501-9d39-43ab-ab9e-5975a4bb958c&fields=id&fields=name HTTP/1.1" status: 200 len: 312 time: 0.0906012
2026-08-26 01:36:15.801 10 INFO neutron.wsgi [None req-172995db-a230-45df-8999-4657f8336d92 4c0f3e6f838947f4aee88d72205c91ec 360bfd26a8694d6fb9a22a71d39d4bcb - - default default] 10.0.0.178 "GET /v2.0/routers?not-tags=red HTTP/1.1" status: 200 len: 1116 time: 0.0775898
2026-08-26 01:36:15.875 10 INFO neutron.wsgi [None req-b39d8021-dc88-4635-b4e5-3cdd78e96762 4c0f3e6f838947f4aee88d72205c91ec 360bfd26a8694d6fb9a22a71d39d4bcb - - default default] 10.0.0.178 "GET /v2.0/routers?not-tags=red%2Cblue HTTP/1.1" status: 200 len: 1573 time: 0.0684962
2026-08-26 01:36:15.941 10 INFO neutron.wsgi [None req-05d4d0d0-0620-4048-b88a-fc86fb4c1b2e 4c0f3e6f838947f4aee88d72205c91ec 360bfd26a8694d6fb9a22a71d39d4bcb - - default default] 10.0.0.178 "GET /v2.0/routers?not-tags-any=blue HTTP/1.1" status: 200 len: 1573 time: 0.0604775
2026-08-26 01:36:15.988 10 INFO neutron.wsgi [None req-f9cc99a0-bfc6-4c73-84ee-4ff6994da48e 4c0f3e6f838947f4aee88d72205c91ec 360bfd26a8694d6fb9a22a71d39d4bcb - - default default] 10.0.0.178 "GET /v2.0/routers?not-tags-any=red%2Cblue HTTP/1.1" status: 200 len: 1116 time: 0.0422130
2026-08-26 01:36:16.031 10 INFO neutron.wsgi [None req-43ef9f74-c3a9-437e-b88c-b0e3716b600e 4c0f3e6f838947f4aee88d72205c91ec 360bfd26a8694d6fb9a22a71d39d4bcb - - default default] 10.0.0.178 "GET /v2.0/routers/350c7738-b899-4ca2-9c0f-285a9bf0d400 HTTP/1.1" status: 200 len: 660 time: 0.0368237
2026-08-26 01:36:16.204 9 INFO neutron.wsgi [None req-55654d0b-36a6-44ab-9d2c-35f5d64afa42 0cf6ed49f2bb449a993f39120451f374 0b93f7ef832d4a99982eb68f64439f85 - - default default] 10.0.0.178 "GET /v2.0/ports?device_id=df7c0f13-1727-4b1d-b790-13abf81203fc HTTP/1.1" status: 200 len: 1404 time: 0.3809481
2026-08-26 01:36:16.280 9 INFO neutron.db.ovn_revision_numbers_db [None req-d55f0fd4-5cf5-4490-813a-e3537cc7a278 ba96fc271dac43c2bf7904f761ae76f7 3fbbd26a4cb24ae39d8defd321694641 - - default default] Successfully bumped revision number for resource 7ce1a558-2fa1-4659-8e96-cc0edc2ba4d1 (type: networks) to 1
2026-08-26 01:36:16.466 9 WARNING neutron.scheduler.dhcp_agent_scheduler [None req-576e54c7-93a7-4641-8447-62ea10a6e2ff 3e4c0d86f41045958c578699dab522bc cf582b177a1f461da87fff1226ddb28d - - default default] No more DHCP agents
2026-08-26 01:36:16.472 9 WARNING neutron.api.rpc.agentnotifiers.dhcp_rpc_agent_api [None req-576e54c7-93a7-4641-8447-62ea10a6e2ff 3e4c0d86f41045958c578699dab522bc cf582b177a1f461da87fff1226ddb28d - - default default] Unable to schedule network 85056001-4776-40ed-b4cc-fedc1d986a16: no agents available; will retry on subsequent port and subnet creation events.
2026-08-26 01:36:16.614 9 WARNING neutron.scheduler.dhcp_agent_scheduler [None req-d55f0fd4-5cf5-4490-813a-e3537cc7a278 ba96fc271dac43c2bf7904f761ae76f7 3fbbd26a4cb24ae39d8defd321694641 - - default default] No more DHCP agents
2026-08-26 01:36:16.625 9 WARNING neutron.api.rpc.agentnotifiers.dhcp_rpc_agent_api [None req-d55f0fd4-5cf5-4490-813a-e3537cc7a278 ba96fc271dac43c2bf7904f761ae76f7 3fbbd26a4cb24ae39d8defd321694641 - - default default] Unable to schedule network 7ce1a558-2fa1-4659-8e96-cc0edc2ba4d1: no agents available; will retry on subsequent port and subnet creation events.
2026-08-26 01:36:16.645 10 INFO neutron.db.ovn_revision_numbers_db [None req-ef14af24-5229-4607-ba63-b2324e24642d 4c0f3e6f838947f4aee88d72205c91ec 360bfd26a8694d6fb9a22a71d39d4bcb - - default default] Successfully bumped revision number for resource 350c7738-b899-4ca2-9c0f-285a9bf0d400 (type: routers) to 2
2026-08-26 01:36:16.648 10 INFO neutron.wsgi [None req-ef14af24-5229-4607-ba63-b2324e24642d 4c0f3e6f838947f4aee88d72205c91ec 360bfd26a8694d6fb9a22a71d39d4bcb - - default default] 10.0.0.178 "PUT /v2.0/routers/350c7738-b899-4ca2-9c0f-285a9bf0d400 HTTP/1.1" status: 200 len: 660 time: 0.6127343
2026-08-26 01:36:16.678 10 INFO neutron.wsgi [None req-ff7bc917-02b7-46be-bdb3-a39d4bd15921 4c0f3e6f838947f4aee88d72205c91ec 360bfd26a8694d6fb9a22a71d39d4bcb - - default default] 10.0.0.178 "GET /v2.0/ports?device_id=350c7738-b899-4ca2-9c0f-285a9bf0d400 HTTP/1.1" status: 200 len: 205 time: 0.0233655
2026-08-26 01:36:16.687 9 INFO neutron.db.ovn_revision_numbers_db [None req-576e54c7-93a7-4641-8447-62ea10a6e2ff 3e4c0d86f41045958c578699dab522bc cf582b177a1f461da87fff1226ddb28d - - default default] Successfully bumped revision number for resource 49b18137-86b0-4e68-b5fe-12dce403ada0 (type: ports) to 1
2026-08-26 01:36:16.726 9 WARNING neutron.scheduler.dhcp_agent_scheduler [None req-dcac2f20-5d0e-4af8-8842-abfdfa230299 e85c28413f274d42b7ab2b31c30a4550 1a1e6297964f4c0bb12c181a7ea57acf - - default default] No more DHCP agents
2026-08-26 01:36:16.732 9 WARNING neutron.api.rpc.agentnotifiers.dhcp_rpc_agent_api [None req-dcac2f20-5d0e-4af8-8842-abfdfa230299 e85c28413f274d42b7ab2b31c30a4550 1a1e6297964f4c0bb12c181a7ea57acf - - default default] Unable to schedule network 415ffb59-4738-4fc9-b964-7a656a47f54d: no agents available; will retry on subsequent port and subnet creation events.
2026-08-26 01:36:16.798 9 INFO neutron.db.ovn_revision_numbers_db [None req-d55f0fd4-5cf5-4490-813a-e3537cc7a278 ba96fc271dac43c2bf7904f761ae76f7 3fbbd26a4cb24ae39d8defd321694641 - - default default] Successfully bumped revision number for resource 9d32b341-246c-46c8-99c5-bb8ccf859249 (type: ports) to 1
2026-08-26 01:36:16.841 9 INFO neutron.wsgi [None req-d55f0fd4-5cf5-4490-813a-e3537cc7a278 ba96fc271dac43c2bf7904f761ae76f7 3fbbd26a4cb24ae39d8defd321694641 - - default default] 10.0.0.178 "POST /v2.0/networks HTTP/1.1" status: 201 len: 830 time: 1.8418133
2026-08-26 01:36:16.971 10 INFO neutron.wsgi [None req-d0ad415e-b992-462d-b366-883416abc86c 4c0f3e6f838947f4aee88d72205c91ec 360bfd26a8694d6fb9a22a71d39d4bcb - - default default] 10.0.0.178 "DELETE /v2.0/routers/350c7738-b899-4ca2-9c0f-285a9bf0d400 HTTP/1.1" status: 204 len: 168 time: 0.2864702
2026-08-26 01:36:16.984 10 INFO neutron.db.segments_db [None req-8bd44ced-5b24-4707-8ed4-17b7eeeb01b5 ba96fc271dac43c2bf7904f761ae76f7 3fbbd26a4cb24ae39d8defd321694641 - - default default] Added segment 8b354517-3017-4387-88f3-790d6a1479ef of type geneve for network d7ce4492-95eb-4d8e-a52a-b43b7ac20c0e
2026-08-26 01:36:17.030 9 INFO neutron.wsgi [None req-db01377a-9a5b-4c7d-b22d-a5497ce43afa 4c0f3e6f838947f4aee88d72205c91ec 360bfd26a8694d6fb9a22a71d39d4bcb - - default default] 10.0.0.178 "GET /v2.0/routers/3f4174d5-a68f-4014-805c-84e74e434ca2 HTTP/1.1" status: 200 len: 668 time: 0.0548232
2026-08-26 01:36:17.116 10 INFO neutron.db.ovn_revision_numbers_db [None req-8bd44ced-5b24-4707-8ed4-17b7eeeb01b5 ba96fc271dac43c2bf7904f761ae76f7 3fbbd26a4cb24ae39d8defd321694641 - - default default] Successfully bumped revision number for resource d7ce4492-95eb-4d8e-a52a-b43b7ac20c0e (type: networks) to 1
2026-08-26 01:36:17.280 10 WARNING neutron.scheduler.dhcp_agent_scheduler [None req-8bd44ced-5b24-4707-8ed4-17b7eeeb01b5 ba96fc271dac43c2bf7904f761ae76f7 3fbbd26a4cb24ae39d8defd321694641 - - default default] No more DHCP agents
2026-08-26 01:36:17.282 10 WARNING neutron.api.rpc.agentnotifiers.dhcp_rpc_agent_api [None req-8bd44ced-5b24-4707-8ed4-17b7eeeb01b5 ba96fc271dac43c2bf7904f761ae76f7 3fbbd26a4cb24ae39d8defd321694641 - - default default] Unable to schedule network d7ce4492-95eb-4d8e-a52a-b43b7ac20c0e: no agents available; will retry on subsequent port and subnet creation events.
2026-08-26 01:36:17.366 10 INFO neutron.db.ovn_revision_numbers_db [None req-8bd44ced-5b24-4707-8ed4-17b7eeeb01b5 ba96fc271dac43c2bf7904f761ae76f7 3fbbd26a4cb24ae39d8defd321694641 - - default default] Successfully bumped revision number for resource b64fbdb5-902e-4151-89d4-5d82aa6ffd37 (type: ports) to 1
2026-08-26 01:36:17.391 10 INFO neutron.wsgi [None req-8bd44ced-5b24-4707-8ed4-17b7eeeb01b5 ba96fc271dac43c2bf7904f761ae76f7 3fbbd26a4cb24ae39d8defd321694641 - - default default] 10.0.0.178 "POST /v2.0/networks HTTP/1.1" status: 201 len: 830 time: 0.5437579
2026-08-26 01:36:17.481 10 INFO neutron.db.segments_db [None req-a11fedfe-556a-4690-b550-a5bd494ab3aa ba96fc271dac43c2bf7904f761ae76f7 3fbbd26a4cb24ae39d8defd321694641 - - default default] Added segment 8f465865-098f-4319-bf7b-673f55423e5f of type geneve for network 804e8d71-5ec4-4def-a96d-594f5af23f1a
2026-08-26 01:36:17.515 9 INFO neutron.db.l3_db [None req-dcac2f20-5d0e-4af8-8842-abfdfa230299 e85c28413f274d42b7ab2b31c30a4550 1a1e6297964f4c0bb12c181a7ea57acf - - default default] Floating IP 86bb3a90-3e42-44dc-a671-49cb8b414fa5 associated. External IP: 10.96.250.219, port: cc73ee43-3be6-4e57-a632-36537cc19fd2.
2026-08-26 01:36:17.560 9 INFO neutron.db.ovn_revision_numbers_db [None req-576e54c7-93a7-4641-8447-62ea10a6e2ff 3e4c0d86f41045958c578699dab522bc cf582b177a1f461da87fff1226ddb28d - - default default] Successfully bumped revision number for resource 49b18137-86b0-4e68-b5fe-12dce403ada0 (type: router_ports) to 1
2026-08-26 01:36:17.620 10 INFO neutron.db.ovn_revision_numbers_db [None req-a11fedfe-556a-4690-b550-a5bd494ab3aa ba96fc271dac43c2bf7904f761ae76f7 3fbbd26a4cb24ae39d8defd321694641 - - default default] Successfully bumped revision number for resource 804e8d71-5ec4-4def-a96d-594f5af23f1a (type: networks) to 1
2026-08-26 01:36:17.818 10 WARNING neutron.scheduler.dhcp_agent_scheduler [None req-a11fedfe-556a-4690-b550-a5bd494ab3aa ba96fc271dac43c2bf7904f761ae76f7 3fbbd26a4cb24ae39d8defd321694641 - - default default] No more DHCP agents
2026-08-26 01:36:17.821 10 WARNING neutron.api.rpc.agentnotifiers.dhcp_rpc_agent_api [None req-a11fedfe-556a-4690-b550-a5bd494ab3aa ba96fc271dac43c2bf7904f761ae76f7 3fbbd26a4cb24ae39d8defd321694641 - - default default] Unable to schedule network 804e8d71-5ec4-4def-a96d-594f5af23f1a: no agents available; will retry on subsequent port and subnet creation events.
2026-08-26 01:36:17.895 10 INFO neutron.db.ovn_revision_numbers_db [None req-a11fedfe-556a-4690-b550-a5bd494ab3aa ba96fc271dac43c2bf7904f761ae76f7 3fbbd26a4cb24ae39d8defd321694641 - - default default] Successfully bumped revision number for resource c7595e30-992d-4dc0-b6ba-c1319b3c7f8b (type: ports) to 1
2026-08-26 01:36:17.915 10 INFO neutron.wsgi [None req-a11fedfe-556a-4690-b550-a5bd494ab3aa ba96fc271dac43c2bf7904f761ae76f7 3fbbd26a4cb24ae39d8defd321694641 - - default default] 10.0.0.178 "POST /v2.0/networks HTTP/1.1" status: 201 len: 830 time: 0.5185122
2026-08-26 01:36:18.003 10 INFO neutron.db.segments_db [None req-9d1f2916-8a34-4b9e-a1dc-3cb0bdf71328 ba96fc271dac43c2bf7904f761ae76f7 3fbbd26a4cb24ae39d8defd321694641 - - default default] Added segment a8efdab1-77e3-42a2-adfc-8af51b9bc651 of type geneve for network 5f7c71b7-bfc8-41f0-9c25-e18b7f9f6e23
2026-08-26 01:36:18.009 9 INFO neutron.db.ovn_revision_numbers_db [None req-099ae3c4-e566-4003-adb5-8b3b056b3710 4c0f3e6f838947f4aee88d72205c91ec 360bfd26a8694d6fb9a22a71d39d4bcb - - default default] Successfully bumped revision number for resource 3f4174d5-a68f-4014-805c-84e74e434ca2 (type: routers) to 2
2026-08-26 01:36:18.012 9 INFO neutron.wsgi [None req-099ae3c4-e566-4003-adb5-8b3b056b3710 4c0f3e6f838947f4aee88d72205c91ec 360bfd26a8694d6fb9a22a71d39d4bcb - - default default] 10.0.0.178 "PUT /v2.0/routers/3f4174d5-a68f-4014-805c-84e74e434ca2 HTTP/1.1" status: 200 len: 668 time: 0.9748726
2026-08-26 01:36:18.050 9 INFO neutron.wsgi [None req-1c1e8090-aba7-4d79-833d-81fd8c97347a 4c0f3e6f838947f4aee88d72205c91ec 360bfd26a8694d6fb9a22a71d39d4bcb - - default default] 10.0.0.178 "GET /v2.0/ports?device_id=3f4174d5-a68f-4014-805c-84e74e434ca2 HTTP/1.1" status: 200 len: 205 time: 0.0282614
2026-08-26 01:36:18.053 9 INFO neutron.db.ovn_revision_numbers_db [None req-576e54c7-93a7-4641-8447-62ea10a6e2ff 3e4c0d86f41045958c578699dab522bc cf582b177a1f461da87fff1226ddb28d - - default default] Successfully bumped revision number for resource 49b18137-86b0-4e68-b5fe-12dce403ada0 (type: ports) to 1
2026-08-26 01:36:18.128 9 INFO neutron.db.ovn_revision_numbers_db [None req-dcac2f20-5d0e-4af8-8842-abfdfa230299 e85c28413f274d42b7ab2b31c30a4550 1a1e6297964f4c0bb12c181a7ea57acf - - default default] Successfully bumped revision number for resource 86bb3a90-3e42-44dc-a671-49cb8b414fa5 (type: floatingips) to 0
2026-08-26 01:36:18.182 9 WARNING neutron.scheduler.dhcp_agent_scheduler [None req-576e54c7-93a7-4641-8447-62ea10a6e2ff 3e4c0d86f41045958c578699dab522bc cf582b177a1f461da87fff1226ddb28d - - default default] No more DHCP agents
2026-08-26 01:36:18.188 9 WARNING neutron.api.rpc.agentnotifiers.dhcp_rpc_agent_api [None req-576e54c7-93a7-4641-8447-62ea10a6e2ff 3e4c0d86f41045958c578699dab522bc cf582b177a1f461da87fff1226ddb28d - - default default] Unable to schedule network 85056001-4776-40ed-b4cc-fedc1d986a16: no agents available; will retry on subsequent port and subnet creation events.
2026-08-26 01:36:18.276 9 INFO neutron.db.ovn_revision_numbers_db [None req-dcac2f20-5d0e-4af8-8842-abfdfa230299 e85c28413f274d42b7ab2b31c30a4550 1a1e6297964f4c0bb12c181a7ea57acf - - default default] Successfully bumped revision number for resource 86bb3a90-3e42-44dc-a671-49cb8b414fa5 (type: floatingips) to 1
2026-08-26 01:36:18.279 10 INFO neutron.db.ovn_revision_numbers_db [None req-9d1f2916-8a34-4b9e-a1dc-3cb0bdf71328 ba96fc271dac43c2bf7904f761ae76f7 3fbbd26a4cb24ae39d8defd321694641 - - default default] Successfully bumped revision number for resource 5f7c71b7-bfc8-41f0-9c25-e18b7f9f6e23 (type: networks) to 1
2026-08-26 01:36:18.327 9 INFO neutron.wsgi [None req-dcac2f20-5d0e-4af8-8842-abfdfa230299 e85c28413f274d42b7ab2b31c30a4550 1a1e6297964f4c0bb12c181a7ea57acf - - default default] 10.0.0.178 "POST /v2.0/floatingips HTTP/1.1" status: 201 len: 1054 time: 2.1134233 /var/lib/openstack/lib/python3.10/site-packages/pycadf/identifier.py:71: UserWarning: Invalid uuid: neutron. To ensure interoperability, identifiers should be a valid uuid. warnings.warn(('Invalid uuid: %s. To ensure interoperability, '
2026-08-26 01:36:18.348 10 INFO neutron.wsgi [None req-8a2c98b4-58c7-47ef-8b5b-3a9119399ee6 4c0f3e6f838947f4aee88d72205c91ec 360bfd26a8694d6fb9a22a71d39d4bcb - - default default] 10.0.0.178 "DELETE /v2.0/routers/3f4174d5-a68f-4014-805c-84e74e434ca2 HTTP/1.1" status: 204 len: 168 time: 0.2925684
2026-08-26 01:36:18.376 9 INFO neutron.notifiers.nova [-] Nova event matching ['req-e4f21b8b-66f3-4282-9318-c4aec4320827'] response: {'name': 'network-changed', 'server_uuid': 'df7c0f13-1727-4b1d-b790-13abf81203fc', 'tag': 'cc73ee43-3be6-4e57-a632-36537cc19fd2', 'status': 'completed', 'code': 200}
2026-08-26 01:36:18.406 10 INFO neutron.wsgi [None req-57f71da5-3b51-4240-a9f0-eb103842d028 e85c28413f274d42b7ab2b31c30a4550 1a1e6297964f4c0bb12c181a7ea57acf - - default default] 10.0.0.178 "GET /v2.0/floatingips/86bb3a90-3e42-44dc-a671-49cb8b414fa5 HTTP/1.1" status: 200 len: 1051 time: 0.0692949
2026-08-26 01:36:18.407 9 INFO neutron.wsgi [None req-ecd128a1-609d-494b-b849-72a5f4493ec4 4c0f3e6f838947f4aee88d72205c91ec 360bfd26a8694d6fb9a22a71d39d4bcb - - default default] 10.0.0.178 "GET /v2.0/routers/7257f2f1-a9f9-4b66-8fe5-b5aef5271586 HTTP/1.1" status: 200 len: 677 time: 0.0519521
2026-08-26 01:36:18.423 9 INFO neutron.db.ovn_revision_numbers_db [None req-576e54c7-93a7-4641-8447-62ea10a6e2ff 3e4c0d86f41045958c578699dab522bc cf582b177a1f461da87fff1226ddb28d - - default default] Successfully bumped revision number for resource 49b18137-86b0-4e68-b5fe-12dce403ada0 (type: router_ports) to 1
