2026-08-26 01:36:18.425 9 INFO neutron.wsgi [None req-576e54c7-93a7-4641-8447-62ea10a6e2ff 3e4c0d86f41045958c578699dab522bc cf582b177a1f461da87fff1226ddb28d - - default default] 10.0.0.178 "PUT /v2.0/routers/e011749e-54d2-4efc-8bae-67a339e9fb56/add_router_interface HTTP/1.1" status: 200 len: 503 time: 2.9828274
2026-08-26 01:36:18.469 10 INFO neutron.wsgi [req-fbd8d390-5f77-4ba5-afaa-8767ab595500 req-c7facef1-f244-434a-bc58-daaf9f265000 bea7bc0961f947e2b286a0fe320d5182 f3ff69420cff44f69c56d1fc62951f3a - - adaf2d6749674b529570a5f21aa29bb0 adaf2d6749674b529570a5f21aa29bb0] 162.253.55.148 "GET /v2.0/ports?tenant_id=1a1e6297964f4c0bb12c181a7ea57acf&device_id=df7c0f13-1727-4b1d-b790-13abf81203fc HTTP/1.1" status: 200 len: 1409 time: 0.0522637
2026-08-26 01:36:18.565 10 WARNING neutron.scheduler.dhcp_agent_scheduler [None req-9d1f2916-8a34-4b9e-a1dc-3cb0bdf71328 ba96fc271dac43c2bf7904f761ae76f7 3fbbd26a4cb24ae39d8defd321694641 - - default default] No more DHCP agents
2026-08-26 01:36:18.570 10 WARNING neutron.api.rpc.agentnotifiers.dhcp_rpc_agent_api [None req-9d1f2916-8a34-4b9e-a1dc-3cb0bdf71328 ba96fc271dac43c2bf7904f761ae76f7 3fbbd26a4cb24ae39d8defd321694641 - - default default] Unable to schedule network 5f7c71b7-bfc8-41f0-9c25-e18b7f9f6e23: no agents available; will retry on subsequent port and subnet creation events.
2026-08-26 01:36:18.574 10 INFO neutron.wsgi [req-fbd8d390-5f77-4ba5-afaa-8767ab595500 req-04296dbd-e14b-4d1a-bf85-3a8a1aa1ddce bea7bc0961f947e2b286a0fe320d5182 f3ff69420cff44f69c56d1fc62951f3a - - adaf2d6749674b529570a5f21aa29bb0 adaf2d6749674b529570a5f21aa29bb0] 162.253.55.148 "GET /v2.0/networks?id=b530331b-5126-4a28-852b-afad5c478e23 HTTP/1.1" status: 200 len: 959 time: 0.0984197
2026-08-26 01:36:18.589 10 INFO neutron.wsgi [None req-0f75f5da-5218-49ab-9cd4-a40b7b1e6cb4 3e4c0d86f41045958c578699dab522bc cf582b177a1f461da87fff1226ddb28d - - default default] 10.0.0.178 "GET /v2.0/ports/49b18137-86b0-4e68-b5fe-12dce403ada0 HTTP/1.1" status: 200 len: 1147 time: 0.1535339
2026-08-26 01:36:18.651 10 INFO neutron.wsgi [None req-d08e2d37-7df9-4be5-a6c6-a580e68dba41 3e4c0d86f41045958c578699dab522bc cf582b177a1f461da87fff1226ddb28d - - default default] 10.0.0.178 "GET /v2.0/ports/49b18137-86b0-4e68-b5fe-12dce403ada0 HTTP/1.1" status: 200 len: 1147 time: 0.0548089
2026-08-26 01:36:18.658 10 INFO neutron.wsgi [req-fbd8d390-5f77-4ba5-afaa-8767ab595500 req-87f13648-8c6f-4348-bbfe-9509fc87979e bea7bc0961f947e2b286a0fe320d5182 f3ff69420cff44f69c56d1fc62951f3a - - adaf2d6749674b529570a5f21aa29bb0 adaf2d6749674b529570a5f21aa29bb0] 162.253.55.148 "GET /v2.0/floatingips?fixed_ip_address=10.100.0.5&port_id=cc73ee43-3be6-4e57-a632-36537cc19fd2 HTTP/1.1" status: 200 len: 1059 time: 0.0660992
2026-08-26 01:36:18.691 10 INFO neutron.db.ovn_revision_numbers_db [None req-9d1f2916-8a34-4b9e-a1dc-3cb0bdf71328 ba96fc271dac43c2bf7904f761ae76f7 3fbbd26a4cb24ae39d8defd321694641 - - default default] Successfully bumped revision number for resource 8f329978-2ccc-4be9-afbd-d519522e0e51 (type: ports) to 1
2026-08-26 01:36:18.696 10 INFO neutron.wsgi [req-fbd8d390-5f77-4ba5-afaa-8767ab595500 req-e91fea41-b13d-43c4-985f-ceb3819e01e0 bea7bc0961f947e2b286a0fe320d5182 f3ff69420cff44f69c56d1fc62951f3a - - adaf2d6749674b529570a5f21aa29bb0 adaf2d6749674b529570a5f21aa29bb0] 162.253.55.148 "GET /v2.0/subnets?id=70a914db-1fa5-4b02-b317-a19944abfe36 HTTP/1.1" status: 200 len: 853 time: 0.0292201
2026-08-26 01:36:18.720 10 INFO neutron.wsgi [req-fbd8d390-5f77-4ba5-afaa-8767ab595500 req-37678372-cdfb-4ebe-ba01-fd44afa7d842 bea7bc0961f947e2b286a0fe320d5182 f3ff69420cff44f69c56d1fc62951f3a - - adaf2d6749674b529570a5f21aa29bb0 adaf2d6749674b529570a5f21aa29bb0] 162.253.55.148 "GET /v2.0/ports?network_id=b530331b-5126-4a28-852b-afad5c478e23&device_owner=network%3Adhcp HTTP/1.1" status: 200 len: 210 time: 0.0189228
2026-08-26 01:36:18.726 10 INFO neutron.wsgi [None req-9d1f2916-8a34-4b9e-a1dc-3cb0bdf71328 ba96fc271dac43c2bf7904f761ae76f7 3fbbd26a4cb24ae39d8defd321694641 - - default default] 10.0.0.178 "POST /v2.0/networks HTTP/1.1" status: 201 len: 831 time: 0.8044457
2026-08-26 01:36:18.795 10 INFO neutron.wsgi [req-fbd8d390-5f77-4ba5-afaa-8767ab595500 req-c8e25a3f-0bcc-49b8-bd30-ed0c21f095c8 bea7bc0961f947e2b286a0fe320d5182 f3ff69420cff44f69c56d1fc62951f3a - - adaf2d6749674b529570a5f21aa29bb0 adaf2d6749674b529570a5f21aa29bb0] 162.253.55.148 "GET /v2.0/networks/b530331b-5126-4a28-852b-afad5c478e23?fields=segments HTTP/1.1" status: 200 len: 212 time: 0.0659003
2026-08-26 01:36:18.848 10 INFO neutron.db.segments_db [None req-18a73fce-19a0-44e8-9286-2907649ab966 ba96fc271dac43c2bf7904f761ae76f7 3fbbd26a4cb24ae39d8defd321694641 - - default default] Added segment e3c704e7-5b52-4387-9dcc-d32a35dca683 of type geneve for network 52a61312-e526-45e0-940e-840b01fea2d0
2026-08-26 01:36:18.853 9 INFO neutron.db.ovn_revision_numbers_db [None req-569a36cc-fbe0-45f6-92d8-006d4a4cfe89 4c0f3e6f838947f4aee88d72205c91ec 360bfd26a8694d6fb9a22a71d39d4bcb - - default default] Successfully bumped revision number for resource 7257f2f1-a9f9-4b66-8fe5-b5aef5271586 (type: routers) to 2
2026-08-26 01:36:18.857 9 INFO neutron.wsgi [None req-569a36cc-fbe0-45f6-92d8-006d4a4cfe89 4c0f3e6f838947f4aee88d72205c91ec 360bfd26a8694d6fb9a22a71d39d4bcb - - default default] 10.0.0.178 "PUT /v2.0/routers/7257f2f1-a9f9-4b66-8fe5-b5aef5271586 HTTP/1.1" status: 200 len: 677 time: 0.4457257
2026-08-26 01:36:18.870 10 INFO neutron.wsgi [req-fbd8d390-5f77-4ba5-afaa-8767ab595500 req-165e74db-ecfb-4c61-8a2a-c88a63c3fe42 bea7bc0961f947e2b286a0fe320d5182 f3ff69420cff44f69c56d1fc62951f3a - - adaf2d6749674b529570a5f21aa29bb0 adaf2d6749674b529570a5f21aa29bb0] 162.253.55.148 "GET /v2.0/networks/b530331b-5126-4a28-852b-afad5c478e23?fields=provider%3Aphysical_network&fields=provider%3Anetwork_type HTTP/1.1" status: 200 len: 277 time: 0.0655532
2026-08-26 01:36:18.880 9 INFO neutron.wsgi [None req-8759b779-29e4-41dc-a4e8-e2fd8f3b78d0 4c0f3e6f838947f4aee88d72205c91ec 360bfd26a8694d6fb9a22a71d39d4bcb - - default default] 10.0.0.178 "GET /v2.0/ports?device_id=7257f2f1-a9f9-4b66-8fe5-b5aef5271586 HTTP/1.1" status: 200 len: 205 time: 0.0182467
2026-08-26 01:36:19.028 10 INFO neutron.db.ovn_revision_numbers_db [None req-18a73fce-19a0-44e8-9286-2907649ab966 ba96fc271dac43c2bf7904f761ae76f7 3fbbd26a4cb24ae39d8defd321694641 - - default default] Successfully bumped revision number for resource 52a61312-e526-45e0-940e-840b01fea2d0 (type: networks) to 1
2026-08-26 01:36:19.098 9 INFO neutron.wsgi [None req-011912af-c339-4cd7-87b4-e7b9cf1f1331 4c0f3e6f838947f4aee88d72205c91ec 360bfd26a8694d6fb9a22a71d39d4bcb - - default default] 10.0.0.178 "DELETE /v2.0/routers/7257f2f1-a9f9-4b66-8fe5-b5aef5271586 HTTP/1.1" status: 204 len: 168 time: 0.2104104
2026-08-26 01:36:19.149 9 INFO neutron.wsgi [None req-ca156319-e7a1-4b6a-b707-8ae9f8046344 4c0f3e6f838947f4aee88d72205c91ec 360bfd26a8694d6fb9a22a71d39d4bcb - - default default] 10.0.0.178 "GET /v2.0/routers/a88f59be-7571-4bf3-8c73-63d660da4ffe HTTP/1.1" status: 200 len: 662 time: 0.0449235
2026-08-26 01:36:19.206 10 WARNING neutron.scheduler.dhcp_agent_scheduler [None req-18a73fce-19a0-44e8-9286-2907649ab966 ba96fc271dac43c2bf7904f761ae76f7 3fbbd26a4cb24ae39d8defd321694641 - - default default] No more DHCP agents
2026-08-26 01:36:19.209 10 WARNING neutron.api.rpc.agentnotifiers.dhcp_rpc_agent_api [None req-18a73fce-19a0-44e8-9286-2907649ab966 ba96fc271dac43c2bf7904f761ae76f7 3fbbd26a4cb24ae39d8defd321694641 - - default default] Unable to schedule network 52a61312-e526-45e0-940e-840b01fea2d0: no agents available; will retry on subsequent port and subnet creation events.
2026-08-26 01:36:19.292 10 INFO neutron.db.ovn_revision_numbers_db [None req-18a73fce-19a0-44e8-9286-2907649ab966 ba96fc271dac43c2bf7904f761ae76f7 3fbbd26a4cb24ae39d8defd321694641 - - default default] Successfully bumped revision number for resource b2ab409a-54a9-479f-899b-72e1d1a1b323 (type: ports) to 1
2026-08-26 01:36:19.314 10 INFO neutron.wsgi [None req-18a73fce-19a0-44e8-9286-2907649ab966 ba96fc271dac43c2bf7904f761ae76f7 3fbbd26a4cb24ae39d8defd321694641 - - default default] 10.0.0.178 "POST /v2.0/networks HTTP/1.1" status: 201 len: 831 time: 0.5764496
2026-08-26 01:36:19.367 10 INFO neutron.wsgi [None req-04f80c6f-9831-43eb-a176-efbffa3d3829 ba96fc271dac43c2bf7904f761ae76f7 3fbbd26a4cb24ae39d8defd321694641 - - default default] 10.0.0.178 "PUT /v2.0/networks/7ce1a558-2fa1-4659-8e96-cc0edc2ba4d1/tags HTTP/1.1" status: 200 len: 210 time: 0.0466468
2026-08-26 01:36:19.427 10 INFO neutron.wsgi [None req-fee1741a-4c60-4232-bd2b-3a88455d2cc8 ba96fc271dac43c2bf7904f761ae76f7 3fbbd26a4cb24ae39d8defd321694641 - - default default] 10.0.0.178 "PUT /v2.0/networks/d7ce4492-95eb-4d8e-a52a-b43b7ac20c0e/tags HTTP/1.1" status: 200 len: 218 time: 0.0564921
2026-08-26 01:36:19.477 10 INFO neutron.wsgi [None req-d0dd13a7-fae0-46df-91aa-181637d69087 ba96fc271dac43c2bf7904f761ae76f7 3fbbd26a4cb24ae39d8defd321694641 - - default default] 10.0.0.178 "PUT /v2.0/networks/804e8d71-5ec4-4def-a96d-594f5af23f1a/tags HTTP/1.1" status: 200 len: 227 time: 0.0459094
2026-08-26 01:36:19.519 10 INFO neutron.wsgi [None req-38f152fe-0e14-4b15-8c30-51221a6a2739 ba96fc271dac43c2bf7904f761ae76f7 3fbbd26a4cb24ae39d8defd321694641 - - default default] 10.0.0.178 "PUT /v2.0/networks/5f7c71b7-bfc8-41f0-9c25-e18b7f9f6e23/tags HTTP/1.1" status: 200 len: 212 time: 0.0383265
2026-08-26 01:36:19.582 9 INFO neutron.db.ovn_revision_numbers_db [None req-7e940c82-65d9-49ce-a81d-89b8a57c3742 4c0f3e6f838947f4aee88d72205c91ec 360bfd26a8694d6fb9a22a71d39d4bcb - - default default] Successfully bumped revision number for resource a88f59be-7571-4bf3-8c73-63d660da4ffe (type: routers) to 2
2026-08-26 01:36:19.587 9 INFO neutron.wsgi [None req-7e940c82-65d9-49ce-a81d-89b8a57c3742 4c0f3e6f838947f4aee88d72205c91ec 360bfd26a8694d6fb9a22a71d39d4bcb - - default default] 10.0.0.178 "PUT /v2.0/routers/a88f59be-7571-4bf3-8c73-63d660da4ffe HTTP/1.1" status: 200 len: 662 time: 0.4321098
2026-08-26 01:36:19.590 10 INFO neutron.wsgi [None req-3d853c84-1bc5-4a4e-8f67-9184c7179c1e ba96fc271dac43c2bf7904f761ae76f7 3fbbd26a4cb24ae39d8defd321694641 - - default default] 10.0.0.178 "GET /v2.0/networks?tags=red HTTP/1.1" status: 200 len: 2067 time: 0.0646052
2026-08-26 01:36:19.609 10 INFO neutron.wsgi [None req-48bca949-9301-4ddb-b6b2-178c47740dc5 4c0f3e6f838947f4aee88d72205c91ec 360bfd26a8694d6fb9a22a71d39d4bcb - - default default] 10.0.0.178 "GET /v2.0/ports?device_id=a88f59be-7571-4bf3-8c73-63d660da4ffe HTTP/1.1" status: 200 len: 205 time: 0.0168588
2026-08-26 01:36:19.699 10 INFO neutron.wsgi [None req-24ef82ba-f982-469f-bdbb-bfc7e9b95c4f 3e4c0d86f41045958c578699dab522bc cf582b177a1f461da87fff1226ddb28d - - default default] 10.0.0.178 "GET /v2.0/ports/49b18137-86b0-4e68-b5fe-12dce403ada0 HTTP/1.1" status: 200 len: 1147 time: 0.0402634
2026-08-26 01:36:19.974 10 INFO neutron.wsgi [-] 10.0.0.183 "GET / HTTP/1.1" status: 200 len: 247 time: 0.0025661
2026-08-26 01:36:19.977 10 INFO neutron.wsgi [-] 10.0.0.183 "GET / HTTP/1.1" status: 200 len: 247 time: 0.0019419
2026-08-26 01:36:20.110 9 INFO neutron.wsgi [None req-abc3ae29-ddb3-4626-aef5-1a334040aebf ba96fc271dac43c2bf7904f761ae76f7 3fbbd26a4cb24ae39d8defd321694641 - - default default] 10.0.0.178 "GET /v2.0/networks?tags=red%2Cblue HTTP/1.1" status: 200 len: 1455 time: 0.5156267
2026-08-26 01:36:20.150 9 WARNING neutron.plugins.ml2.drivers.ovn.mech_driver.ovsdb.ovn_client [None req-dbd92cae-e408-4fb9-8fed-7a72a72e573c - - - - - -] No hosting information found for port 9ed59ea8-fff9-49e1-ac70-3832c2e08a4d: RuntimeError: No hosting information found for port 9ed59ea8-fff9-49e1-ac70-3832c2e08a4d
2026-08-26 01:36:20.150 9 INFO neutron.plugins.ml2.drivers.ovn.mech_driver.mech_driver [None req-dbd92cae-e408-4fb9-8fed-7a72a72e573c - - - - - -] OVN reports status up for port: 49b18137-86b0-4e68-b5fe-12dce403ada0
2026-08-26 01:36:20.166 9 INFO neutron.plugins.ml2.plugin [None req-dbd92cae-e408-4fb9-8fed-7a72a72e573c - - - - - -] Attempt 1 to provision port 49b18137-86b0-4e68-b5fe-12dce403ada0
2026-08-26 01:36:20.174 10 INFO neutron.wsgi [None req-e5634a22-f2df-490a-837b-45dcae5ce0dc ba96fc271dac43c2bf7904f761ae76f7 3fbbd26a4cb24ae39d8defd321694641 - - default default] 10.0.0.178 "GET /v2.0/networks?tags-any=blue HTTP/1.1" status: 200 len: 1455 time: 0.0585546
2026-08-26 01:36:20.259 9 INFO neutron.wsgi [None req-ef0c3420-7189-4647-b9c0-945316f1c358 4c0f3e6f838947f4aee88d72205c91ec 360bfd26a8694d6fb9a22a71d39d4bcb - - default default] 10.0.0.178 "DELETE /v2.0/routers/a88f59be-7571-4bf3-8c73-63d660da4ffe HTTP/1.1" status: 204 len: 168 time: 0.6448951
2026-08-26 01:36:20.304 9 INFO neutron.wsgi [None req-209d6cbc-f382-4437-aaba-e242239dd55c 4c0f3e6f838947f4aee88d72205c91ec 360bfd26a8694d6fb9a22a71d39d4bcb - - default default] 10.0.0.178 "GET /v2.0/routers/92116350-18fe-40e9-99b4-947cab7181fd HTTP/1.1" status: 200 len: 655 time: 0.0403171
2026-08-26 01:36:20.605 9 INFO neutron.db.ovn_revision_numbers_db [None req-dbd92cae-e408-4fb9-8fed-7a72a72e573c - - - - - -] Successfully bumped revision number for resource 49b18137-86b0-4e68-b5fe-12dce403ada0 (type: ports) to 2
2026-08-26 01:36:20.665 10 INFO neutron.wsgi [None req-b48cebfc-e680-4d34-afc0-1aa052681c53 ba96fc271dac43c2bf7904f761ae76f7 3fbbd26a4cb24ae39d8defd321694641 - - default default] 10.0.0.178 "GET /v2.0/networks?tags-any=red%2Cblue HTTP/1.1" status: 200 len: 2067 time: 0.4867809
2026-08-26 01:36:20.690 9 INFO neutron.wsgi [None req-d9818731-b369-4948-ae75-98423e506b48 4c0f3e6f838947f4aee88d72205c91ec 360bfd26a8694d6fb9a22a71d39d4bcb - - default default] 10.0.0.178 "PUT /v2.0/routers/92116350-18fe-40e9-99b4-947cab7181fd HTTP/1.1" status: 200 len: 655 time: 0.3820906
2026-08-26 01:36:20.741 9 INFO neutron.wsgi [None req-53bb415a-b675-4e71-a8b4-56396eb4d60a 4c0f3e6f838947f4aee88d72205c91ec 360bfd26a8694d6fb9a22a71d39d4bcb - - default default] 10.0.0.178 "GET /v2.0/ports?device_id=92116350-18fe-40e9-99b4-947cab7181fd HTTP/1.1" status: 200 len: 205 time: 0.0376043
2026-08-26 01:36:20.791 10 INFO neutron.wsgi [None req-9d472af2-48f8-4820-af46-8b30a8a8d807 3e4c0d86f41045958c578699dab522bc cf582b177a1f461da87fff1226ddb28d - - default default] 10.0.0.178 "GET /v2.0/ports/49b18137-86b0-4e68-b5fe-12dce403ada0 HTTP/1.1" status: 200 len: 1149 time: 0.0825987
2026-08-26 01:36:20.845 10 INFO neutron.wsgi [None req-86fd10d0-bd21-463e-8740-a7a2eaecc09b ba96fc271dac43c2bf7904f761ae76f7 3fbbd26a4cb24ae39d8defd321694641 - - default default] 10.0.0.178 "GET /v2.0/networks?not-tags=red HTTP/1.1" status: 200 len: 2069 time: 0.1728556
2026-08-26 01:36:20.856 9 INFO neutron.db.ovn_revision_numbers_db [None req-dbd92cae-e408-4fb9-8fed-7a72a72e573c - - - - - -] Successfully bumped revision number for resource 49b18137-86b0-4e68-b5fe-12dce403ada0 (type: router_ports) to 2
2026-08-26 01:36:20.973 10 INFO neutron.wsgi [None req-5916cab7-38bb-45a5-b1a3-35560630574c ba96fc271dac43c2bf7904f761ae76f7 3fbbd26a4cb24ae39d8defd321694641 - - default default] 10.0.0.178 "GET /v2.0/networks?not-tags=red%2Cblue HTTP/1.1" status: 200 len: 2681 time: 0.1218977
2026-08-26 01:36:21.136 10 INFO neutron.wsgi [None req-3ff724fa-8952-49da-813b-923ea9aa37fc ba96fc271dac43c2bf7904f761ae76f7 3fbbd26a4cb24ae39d8defd321694641 - - default default] 10.0.0.178 "GET /v2.0/networks?not-tags-any=blue HTTP/1.1" status: 200 len: 2681 time: 0.1381865
2026-08-26 01:36:21.177 9 INFO neutron.wsgi [None req-e0336fe0-8ae0-444a-a511-d5966215dfe3 4c0f3e6f838947f4aee88d72205c91ec 360bfd26a8694d6fb9a22a71d39d4bcb - - default default] 10.0.0.178 "DELETE /v2.0/routers/92116350-18fe-40e9-99b4-947cab7181fd HTTP/1.1" status: 204 len: 168 time: 0.4310822
2026-08-26 01:36:21.253 9 INFO neutron.wsgi [None req-268a445d-f491-4dca-a870-35369e0ce64d ba96fc271dac43c2bf7904f761ae76f7 3fbbd26a4cb24ae39d8defd321694641 - - default default] 10.0.0.178 "GET /v2.0/networks?not-tags-any=red%2Cblue HTTP/1.1" status: 200 len: 2069 time: 0.1095335
2026-08-26 01:36:21.586 10 INFO neutron.wsgi [None req-e10ef056-562b-440b-b6b8-c6617111d720 3e4c0d86f41045958c578699dab522bc cf582b177a1f461da87fff1226ddb28d - - default default] 10.0.0.178 "PUT /v2.0/routers/e011749e-54d2-4efc-8bae-67a339e9fb56/remove_router_interface HTTP/1.1" status: 200 len: 503 time: 0.7876282
2026-08-26 01:36:21.592 9 INFO neutron.services.segments.plugin [-] Segment 8b90777f-5553-431e-8164-329d9400f486 resource provider aggregate not found /var/lib/openstack/lib/python3.10/site-packages/pycadf/identifier.py:71: UserWarning: Invalid uuid: neutron. To ensure interoperability, identifiers should be a valid uuid. warnings.warn(('Invalid uuid: %s. To ensure interoperability, '
2026-08-26 01:36:21.599 9 INFO neutron.services.segments.plugin [-] Segment 8b90777f-5553-431e-8164-329d9400f486 resource provider aggregate not found
2026-08-26 01:36:21.617 9 INFO neutron.services.segments.plugin [-] Segment 8b90777f-5553-431e-8164-329d9400f486 resource provider not found; error: Placement Client Error (4xx): {"errors": [{"status": 404, "title": "Not Found", "detail": "The resource could not be found.\n\n No resource provider with uuid 8b90777f-5553-431e-8164-329d9400f486 found for delete ", "request_id": "req-072fea90-6834-4328-9c18-1581289447e2"}]}
2026-08-26 01:36:21.618 9 INFO neutron.services.segments.plugin [-] Segment 8b90777f-5553-431e-8164-329d9400f486 resource provider not found; error: Placement Client Error (4xx): {"errors": [{"status": 404, "title": "Not Found", "detail": "The resource could not be found.\n\n No resource provider with uuid 8b90777f-5553-431e-8164-329d9400f486 found for delete ", "request_id": "req-4c647528-3709-43ec-bb65-69f778958107"}]}
2026-08-26 01:36:21.669 9 INFO neutron.wsgi [None req-8e02af03-32d7-4de0-a391-af900031000c ba96fc271dac43c2bf7904f761ae76f7 3fbbd26a4cb24ae39d8defd321694641 - - default default] 10.0.0.178 "DELETE /v2.0/networks/7ce1a558-2fa1-4659-8e96-cc0edc2ba4d1 HTTP/1.1" status: 204 len: 168 time: 0.4090645
2026-08-26 01:36:21.700 10 INFO neutron.wsgi [None req-7ddce3af-73c3-454f-b035-5e6aaf351a5f 3e4c0d86f41045958c578699dab522bc cf582b177a1f461da87fff1226ddb28d - - default default] 10.0.0.178 "GET /v2.0/ports/9ed59ea8-fff9-49e1-ac70-3832c2e08a4d HTTP/1.1" status: 200 len: 1141 time: 0.1070566
2026-08-26 01:36:22.155 9 INFO neutron.wsgi [None req-53591beb-eb48-42ca-b46f-3df0f6a3471a ba96fc271dac43c2bf7904f761ae76f7 3fbbd26a4cb24ae39d8defd321694641 - - default default] 10.0.0.178 "DELETE /v2.0/networks/d7ce4492-95eb-4d8e-a52a-b43b7ac20c0e HTTP/1.1" status: 204 len: 168 time: 0.4769335
2026-08-26 01:36:22.347 10 INFO neutron.wsgi [None req-640d743c-81f8-48cd-857f-dd00d2dafdbb 3e4c0d86f41045958c578699dab522bc cf582b177a1f461da87fff1226ddb28d - - default default] 10.0.0.178 "PUT /v2.0/routers/e011749e-54d2-4efc-8bae-67a339e9fb56/remove_router_interface HTTP/1.1" status: 200 len: 503 time: 0.6401365 /var/lib/openstack/lib/python3.10/site-packages/pycadf/identifier.py:71: UserWarning: Invalid uuid: neutron. To ensure interoperability, identifiers should be a valid uuid. warnings.warn(('Invalid uuid: %s. To ensure interoperability, '
2026-08-26 01:36:22.376 10 INFO neutron.wsgi [None req-e1b536ac-ba8d-459f-89aa-749633eaac60 3e4c0d86f41045958c578699dab522bc cf582b177a1f461da87fff1226ddb28d - - default default] 10.0.0.178 "GET /v2.0/ports?device_id=e011749e-54d2-4efc-8bae-67a339e9fb56 HTTP/1.1" status: 200 len: 205 time: 0.0210290
2026-08-26 01:36:22.410 10 INFO neutron.db.ovn_revision_numbers_db [None req-9aeab7f3-b598-4acf-85cc-4ae3e2ad484d 14a5bbbbe17e4a5caa9185f582a358e0 1d20d688d1f941db8581da66dcb5e9db - - default default] Successfully bumped revision number for resource 587ad9a3-2906-4cab-adb8-d3c3a951dc83 (type: security_groups) to 1
2026-08-26 01:36:22.445 10 INFO neutron.db.ovn_revision_numbers_db [None req-9aeab7f3-b598-4acf-85cc-4ae3e2ad484d 14a5bbbbe17e4a5caa9185f582a358e0 1d20d688d1f941db8581da66dcb5e9db - - default default] Successfully bumped revision number for resource 6a3b7ccf-42ef-4c5d-8871-6662bf5a53a9 (type: security_group_rules) to 0
2026-08-26 01:36:22.491 10 INFO neutron.db.ovn_revision_numbers_db [None req-9aeab7f3-b598-4acf-85cc-4ae3e2ad484d 14a5bbbbe17e4a5caa9185f582a358e0 1d20d688d1f941db8581da66dcb5e9db - - default default] Successfully bumped revision number for resource 6f258ee6-64fc-4132-8de1-5a1b8d87e31f (type: security_group_rules) to 0
2026-08-26 01:36:22.514 10 INFO neutron.db.ovn_revision_numbers_db [None req-9aeab7f3-b598-4acf-85cc-4ae3e2ad484d 14a5bbbbe17e4a5caa9185f582a358e0 1d20d688d1f941db8581da66dcb5e9db - - default default] Successfully bumped revision number for resource 81fb5a56-d6a4-4a4a-acc7-35b6b2b8da67 (type: security_group_rules) to 0
2026-08-26 01:36:22.558 10 INFO neutron.db.ovn_revision_numbers_db [None req-9aeab7f3-b598-4acf-85cc-4ae3e2ad484d 14a5bbbbe17e4a5caa9185f582a358e0 1d20d688d1f941db8581da66dcb5e9db - - default default] Successfully bumped revision number for resource 96521664-dbb7-48cc-bbec-437154530096 (type: security_group_rules) to 0
2026-08-26 01:36:22.589 10 INFO neutron.wsgi [None req-9aeab7f3-b598-4acf-85cc-4ae3e2ad484d 14a5bbbbe17e4a5caa9185f582a358e0 1d20d688d1f941db8581da66dcb5e9db - - default default] 10.0.0.178 "GET /v2.0/security-groups?tenant_id=360bfd26a8694d6fb9a22a71d39d4bcb&name=default HTTP/1.1" status: 200 len: 2996 time: 0.5717857
2026-08-26 01:36:22.609 9 INFO neutron.wsgi [None req-fe95910a-9393-442f-b55a-ab0fcb9a5963 ba96fc271dac43c2bf7904f761ae76f7 3fbbd26a4cb24ae39d8defd321694641 - - default default] 10.0.0.178 "DELETE /v2.0/networks/804e8d71-5ec4-4def-a96d-594f5af23f1a HTTP/1.1" status: 204 len: 168 time: 0.4462318
2026-08-26 01:36:22.611 10 INFO neutron.wsgi [None req-a7239b72-3bc0-469a-a179-fcdda818efe3 3e4c0d86f41045958c578699dab522bc cf582b177a1f461da87fff1226ddb28d - - default default] 10.0.0.178 "DELETE /v2.0/routers/e011749e-54d2-4efc-8bae-67a339e9fb56 HTTP/1.1" status: 204 len: 168 time: 0.2298822
2026-08-26 01:36:22.844 10 INFO neutron.wsgi [None req-013d4d87-240f-4b87-a1d4-981a4b47a1fa 3e4c0d86f41045958c578699dab522bc cf582b177a1f461da87fff1226ddb28d - - default default] 10.0.0.178 "DELETE /v2.0/subnets/91c3e403-272b-4743-82bc-c0077f784967 HTTP/1.1" status: 204 len: 168 time: 0.2283230
2026-08-26 01:36:22.931 10 INFO neutron.wsgi [None req-49967591-3bad-43d1-ad07-3134a0e0571c 14a5bbbbe17e4a5caa9185f582a358e0 1d20d688d1f941db8581da66dcb5e9db - - default default] 10.0.0.178 "DELETE /v2.0/security-groups/587ad9a3-2906-4cab-adb8-d3c3a951dc83 HTTP/1.1" status: 204 len: 168 time: 0.3344848
2026-08-26 01:36:23.034 9 INFO neutron.wsgi [None req-7c200bac-4af0-4e6e-bbe5-b1b7df4bac8e ba96fc271dac43c2bf7904f761ae76f7 3fbbd26a4cb24ae39d8defd321694641 - - default default] 10.0.0.178 "DELETE /v2.0/networks/5f7c71b7-bfc8-41f0-9c25-e18b7f9f6e23 HTTP/1.1" status: 204 len: 168 time: 0.4177887
2026-08-26 01:36:23.040 10 INFO neutron.wsgi [None req-85afd093-c49b-45d6-b4df-46c75cbefe75 3e4c0d86f41045958c578699dab522bc cf582b177a1f461da87fff1226ddb28d - - default default] 10.0.0.178 "DELETE /v2.0/subnets/57e9fc3a-2991-4a23-8cee-d4e810ae5084 HTTP/1.1" status: 204 len: 168 time: 0.1898148
2026-08-26 01:36:23.200 9 INFO neutron.db.ovn_revision_numbers_db [None req-67b9c20f-7fc5-4f24-9231-2d8fca39f4aa 14a5bbbbe17e4a5caa9185f582a358e0 1d20d688d1f941db8581da66dcb5e9db - - default default] Successfully bumped revision number for resource 4cf5b384-7cdd-4327-8bb9-3586031bc4ba (type: security_groups) to 1
2026-08-26 01:36:23.222 9 INFO neutron.db.ovn_revision_numbers_db [None req-67b9c20f-7fc5-4f24-9231-2d8fca39f4aa 14a5bbbbe17e4a5caa9185f582a358e0 1d20d688d1f941db8581da66dcb5e9db - - default default] Successfully bumped revision number for resource 19aa2867-1fb0-4003-a174-d4cc1a234f5e (type: security_group_rules) to 0
2026-08-26 01:36:23.241 9 INFO neutron.db.ovn_revision_numbers_db [None req-67b9c20f-7fc5-4f24-9231-2d8fca39f4aa 14a5bbbbe17e4a5caa9185f582a358e0 1d20d688d1f941db8581da66dcb5e9db - - default default] Successfully bumped revision number for resource 23fe7745-f7a0-4b14-9347-a73729eaf778 (type: security_group_rules) to 0
2026-08-26 01:36:23.262 9 INFO neutron.db.ovn_revision_numbers_db [None req-67b9c20f-7fc5-4f24-9231-2d8fca39f4aa 14a5bbbbe17e4a5caa9185f582a358e0 1d20d688d1f941db8581da66dcb5e9db - - default default] Successfully bumped revision number for resource 3c1c3621-9916-4447-966d-0597afbca89d (type: security_group_rules) to 0
2026-08-26 01:36:23.281 9 INFO neutron.db.ovn_revision_numbers_db [None req-67b9c20f-7fc5-4f24-9231-2d8fca39f4aa 14a5bbbbe17e4a5caa9185f582a358e0 1d20d688d1f941db8581da66dcb5e9db - - default default] Successfully bumped revision number for resource f8ffbeca-fc7a-4e02-ba03-1a2b5a9de7ed (type: security_group_rules) to 0
2026-08-26 01:36:23.315 9 INFO neutron.wsgi [None req-67b9c20f-7fc5-4f24-9231-2d8fca39f4aa 14a5bbbbe17e4a5caa9185f582a358e0 1d20d688d1f941db8581da66dcb5e9db - - default default] 10.0.0.178 "GET /v2.0/security-groups?tenant_id=ac114b032a1e435ab94315159e42de23&name=default HTTP/1.1" status: 200 len: 2996 time: 0.2657619
2026-08-26 01:36:23.407 10 INFO neutron.services.segments.plugin [-] Segment 685ca125-c3fb-46f5-811d-5097c5423af2 resource provider aggregate not found
2026-08-26 01:36:23.411 10 INFO neutron.services.segments.plugin [-] Segment 685ca125-c3fb-46f5-811d-5097c5423af2 resource provider aggregate not found
2026-08-26 01:36:23.428 10 INFO neutron.services.segments.plugin [-] Segment 685ca125-c3fb-46f5-811d-5097c5423af2 resource provider not found; error: Placement Client Error (4xx): {"errors": [{"status": 404, "title": "Not Found", "detail": "The resource could not be found.\n\n No resource provider with uuid 685ca125-c3fb-46f5-811d-5097c5423af2 found for delete ", "request_id": "req-7c7f01e2-7c35-400f-89fd-37215744a749"}]}
2026-08-26 01:36:23.429 10 INFO neutron.services.segments.plugin [-] Segment 685ca125-c3fb-46f5-811d-5097c5423af2 resource provider not found; error: Placement Client Error (4xx): {"errors": [{"status": 404, "title": "Not Found", "detail": "The resource could not be found.\n\n No resource provider with uuid 685ca125-c3fb-46f5-811d-5097c5423af2 found for delete ", "request_id": "req-9ea8b71c-23f4-43c8-988a-8f9aecab603e"}]}
2026-08-26 01:36:23.461 10 INFO neutron.wsgi [None req-31751638-17bb-4199-a30d-46867f9f3189 3e4c0d86f41045958c578699dab522bc cf582b177a1f461da87fff1226ddb28d - - default default] 10.0.0.178 "DELETE /v2.0/networks/85056001-4776-40ed-b4cc-fedc1d986a16 HTTP/1.1" status: 204 len: 168 time: 0.4152079
2026-08-26 01:36:23.467 9 INFO neutron.wsgi [None req-25040c15-6e82-4f2e-90e5-2cedff3955d2 ba96fc271dac43c2bf7904f761ae76f7 3fbbd26a4cb24ae39d8defd321694641 - - default default] 10.0.0.178 "DELETE /v2.0/networks/52a61312-e526-45e0-940e-840b01fea2d0 HTTP/1.1" status: 204 len: 168 time: 0.4275470
2026-08-26 01:36:23.640 9 INFO neutron.services.segments.plugin [-] Segment 8b354517-3017-4387-88f3-790d6a1479ef resource provider aggregate not found
2026-08-26 01:36:23.646 9 INFO neutron.services.segments.plugin [-] Segment 8b354517-3017-4387-88f3-790d6a1479ef resource provider aggregate not found
2026-08-26 01:36:23.656 9 INFO neutron.services.segments.plugin [-] Segment 8b354517-3017-4387-88f3-790d6a1479ef resource provider not found; error: Placement Client Error (4xx): {"errors": [{"status": 404, "title": "Not Found", "detail": "The resource could not be found.\n\n No resource provider with uuid 8b354517-3017-4387-88f3-790d6a1479ef found for delete ", "request_id": "req-6624e6df-fabc-40a9-9d68-16d49bc5ea47"}]}
2026-08-26 01:36:23.660 9 INFO neutron.services.segments.plugin [-] Segment 8b354517-3017-4387-88f3-790d6a1479ef resource provider not found; error: Placement Client Error (4xx): {"errors": [{"status": 404, "title": "Not Found", "detail": "The resource could not be found.\n\n No resource provider with uuid 8b354517-3017-4387-88f3-790d6a1479ef found for delete ", "request_id": "req-73b11026-7a85-448d-a45f-ec87e72363f1"}]}
2026-08-26 01:36:23.666 9 INFO neutron.services.segments.plugin [-] Segment 8f465865-098f-4319-bf7b-673f55423e5f resource provider aggregate not found
2026-08-26 01:36:23.673 9 INFO neutron.services.segments.plugin [-] Segment 8f465865-098f-4319-bf7b-673f55423e5f resource provider aggregate not found
2026-08-26 01:36:23.679 9 INFO neutron.services.segments.plugin [-] Segment 8f465865-098f-4319-bf7b-673f55423e5f resource provider not found; error: Placement Client Error (4xx): {"errors": [{"status": 404, "title": "Not Found", "detail": "The resource could not be found.\n\n No resource provider with uuid 8f465865-098f-4319-bf7b-673f55423e5f found for delete ", "request_id": "req-c7f982c4-d852-44fc-9e19-396840096c05"}]}
2026-08-26 01:36:23.685 9 INFO neutron.services.segments.plugin [-] Segment 8f465865-098f-4319-bf7b-673f55423e5f resource provider not found; error: Placement Client Error (4xx): {"errors": [{"status": 404, "title": "Not Found", "detail": "The resource could not be found.\n\n No resource provider with uuid 8f465865-098f-4319-bf7b-673f55423e5f found for delete ", "request_id": "req-c1994368-2f19-45e4-aef8-3d4e9dddf34e"}]}
2026-08-26 01:36:23.695 9 INFO neutron.services.segments.plugin [-] Segment a8efdab1-77e3-42a2-adfc-8af51b9bc651 resource provider aggregate not found
2026-08-26 01:36:23.706 9 INFO neutron.services.segments.plugin [-] Segment a8efdab1-77e3-42a2-adfc-8af51b9bc651 resource provider aggregate not found
2026-08-26 01:36:23.713 9 INFO neutron.services.segments.plugin [-] Segment a8efdab1-77e3-42a2-adfc-8af51b9bc651 resource provider not found; error: Placement Client Error (4xx): {"errors": [{"status": 404, "title": "Not Found", "detail": "The resource could not be found.\n\n No resource provider with uuid a8efdab1-77e3-42a2-adfc-8af51b9bc651 found for delete ", "request_id": "req-e622eec1-e640-4258-b1de-13ee79386d40"}]}
2026-08-26 01:36:23.731 9 INFO neutron.services.segments.plugin [-] Segment e3c704e7-5b52-4387-9dcc-d32a35dca683 resource provider aggregate not found
2026-08-26 01:36:23.741 9 INFO neutron.services.segments.plugin [-] Segment a8efdab1-77e3-42a2-adfc-8af51b9bc651 resource provider not found; error: Placement Client Error (4xx): {"errors": [{"status": 404, "title": "Not Found", "detail": "The resource could not be found.\n\n No resource provider with uuid a8efdab1-77e3-42a2-adfc-8af51b9bc651 found for delete ", "request_id": "req-99886108-db75-4aa6-b815-476a6ecec641"}]}
2026-08-26 01:36:23.755 9 INFO neutron.services.segments.plugin [-] Segment e3c704e7-5b52-4387-9dcc-d32a35dca683 resource provider not found; error: Placement Client Error (4xx): {"errors": [{"status": 404, "title": "Not Found", "detail": "The resource could not be found.\n\n No resource provider with uuid e3c704e7-5b52-4387-9dcc-d32a35dca683 found for delete ", "request_id": "req-dd144a73-c4b0-46da-b3f2-4a4d6f04271c"}]}
2026-08-26 01:36:23.759 9 INFO neutron.services.segments.plugin [-] Segment e3c704e7-5b52-4387-9dcc-d32a35dca683 resource provider aggregate not found
2026-08-26 01:36:23.787 9 INFO neutron.services.segments.plugin [-] Segment e3c704e7-5b52-4387-9dcc-d32a35dca683 resource provider not found; error: Placement Client Error (4xx): {"errors": [{"status": 404, "title": "Not Found", "detail": "The resource could not be found.\n\n No resource provider with uuid e3c704e7-5b52-4387-9dcc-d32a35dca683 found for delete ", "request_id": "req-04e2c694-6a97-4c00-a64d-90a83812d8dc"}]}
2026-08-26 01:36:23.913 10 INFO neutron.wsgi [None req-8b5dab9b-4299-4f21-b4ab-404bab38c61b 14a5bbbbe17e4a5caa9185f582a358e0 1d20d688d1f941db8581da66dcb5e9db - - default default] 10.0.0.178 "DELETE /v2.0/security-groups/4cf5b384-7cdd-4327-8bb9-3586031bc4ba HTTP/1.1" status: 204 len: 168 time: 0.5887423
2026-08-26 01:36:24.176 10 INFO neutron.wsgi [None req-f154f53b-8a4f-47e2-95c5-946ed0386724 3e4c0d86f41045958c578699dab522bc cf582b177a1f461da87fff1226ddb28d - - default default] 10.0.0.178 "DELETE /v2.0/networks/85d73dbd-d360-45fb-a892-7d9570363edb HTTP/1.1" status: 204 len: 168 time: 0.7093837
2026-08-26 01:36:24.194 10 INFO neutron.db.ovn_revision_numbers_db [None req-1a42503e-3c80-48ec-8de6-56fadf20f778 14a5bbbbe17e4a5caa9185f582a358e0 1d20d688d1f941db8581da66dcb5e9db - - default default] Successfully bumped revision number for resource 7bee6e8b-06f7-45e8-95a3-57661cacc582 (type: security_groups) to 1
2026-08-26 01:36:24.206 10 INFO neutron.db.ovn_revision_numbers_db [None req-1a42503e-3c80-48ec-8de6-56fadf20f778 14a5bbbbe17e4a5caa9185f582a358e0 1d20d688d1f941db8581da66dcb5e9db - - default default] Successfully bumped revision number for resource 216188ec-4d5d-41ad-b8a6-fb319442f1bc (type: security_group_rules) to 0
2026-08-26 01:36:24.220 10 INFO neutron.db.ovn_revision_numbers_db [None req-1a42503e-3c80-48ec-8de6-56fadf20f778 14a5bbbbe17e4a5caa9185f582a358e0 1d20d688d1f941db8581da66dcb5e9db - - default default] Successfully bumped revision number for resource 5350c38a-c55f-48b7-8347-96634277dd90 (type: security_group_rules) to 0
2026-08-26 01:36:24.237 10 INFO neutron.db.ovn_revision_numbers_db [None req-1a42503e-3c80-48ec-8de6-56fadf20f778 14a5bbbbe17e4a5caa9185f582a358e0 1d20d688d1f941db8581da66dcb5e9db - - default default] Successfully bumped revision number for resource 73dee01d-0718-475b-8935-ef50a0fc01a3 (type: security_group_rules) to 0
2026-08-26 01:36:24.256 10 INFO neutron.db.ovn_revision_numbers_db [None req-1a42503e-3c80-48ec-8de6-56fadf20f778 14a5bbbbe17e4a5caa9185f582a358e0 1d20d688d1f941db8581da66dcb5e9db - - default default] Successfully bumped revision number for resource d7a5928b-753f-4149-a734-1d38988afd9b (type: security_group_rules) to 0
2026-08-26 01:36:24.274 9 INFO neutron.db.segments_db [None req-2a2358b4-ddaa-47dd-822c-6a4cf532813f 3e4c0d86f41045958c578699dab522bc cf582b177a1f461da87fff1226ddb28d - - default default] Added segment efd7e4b2-3573-4594-95e5-524254d42d85 of type geneve for network aa28afa0-0a79-443d-96b5-565baf96773e
2026-08-26 01:36:24.280 10 INFO neutron.wsgi [None req-1a42503e-3c80-48ec-8de6-56fadf20f778 14a5bbbbe17e4a5caa9185f582a358e0 1d20d688d1f941db8581da66dcb5e9db - - default default] 10.0.0.178 "GET /v2.0/security-groups?tenant_id=d18cc2ebb8864fe4b4bf14fa6a26e588&name=default HTTP/1.1" status: 200 len: 2996 time: 0.2624214
2026-08-26 01:36:24.440 9 INFO neutron.db.ovn_revision_numbers_db [None req-2a2358b4-ddaa-47dd-822c-6a4cf532813f 3e4c0d86f41045958c578699dab522bc cf582b177a1f461da87fff1226ddb28d - - default default] Successfully bumped revision number for resource aa28afa0-0a79-443d-96b5-565baf96773e (type: networks) to 1
2026-08-26 01:36:24.484 10 INFO neutron.wsgi [None req-d8c0f3c3-8bcd-4777-9256-c23de340d7c8 14a5bbbbe17e4a5caa9185f582a358e0 1d20d688d1f941db8581da66dcb5e9db - - default default] 10.0.0.178 "DELETE /v2.0/security-groups/7bee6e8b-06f7-45e8-95a3-57661cacc582 HTTP/1.1" status: 204 len: 168 time: 0.1980329
2026-08-26 01:36:24.660 9 WARNING neutron.scheduler.dhcp_agent_scheduler [None req-2a2358b4-ddaa-47dd-822c-6a4cf532813f 3e4c0d86f41045958c578699dab522bc cf582b177a1f461da87fff1226ddb28d - - default default] No more DHCP agents
2026-08-26 01:36:24.662 9 WARNING neutron.api.rpc.agentnotifiers.dhcp_rpc_agent_api [None req-2a2358b4-ddaa-47dd-822c-6a4cf532813f 3e4c0d86f41045958c578699dab522bc cf582b177a1f461da87fff1226ddb28d - - default default] Unable to schedule network aa28afa0-0a79-443d-96b5-565baf96773e: no agents available; will retry on subsequent port and subnet creation events.
2026-08-26 01:36:24.693 9 INFO neutron.db.ovn_revision_numbers_db [None req-4bd3b268-59f2-4204-b78c-e69547b7f68b 14a5bbbbe17e4a5caa9185f582a358e0 1d20d688d1f941db8581da66dcb5e9db - - default default] Successfully bumped revision number for resource c233e8f2-334d-4f4e-8a11-9c58e7edead0 (type: security_groups) to 1
2026-08-26 01:36:24.717 9 INFO neutron.db.ovn_revision_numbers_db [None req-4bd3b268-59f2-4204-b78c-e69547b7f68b 14a5bbbbe17e4a5caa9185f582a358e0 1d20d688d1f941db8581da66dcb5e9db - - default default] Successfully bumped revision number for resource 0d0a5ac7-bcec-481f-8bf6-4df7cdd38586 (type: security_group_rules) to 0
2026-08-26 01:36:24.741 9 INFO neutron.db.ovn_revision_numbers_db [None req-4bd3b268-59f2-4204-b78c-e69547b7f68b 14a5bbbbe17e4a5caa9185f582a358e0 1d20d688d1f941db8581da66dcb5e9db - - default default] Successfully bumped revision number for resource 1900b5dc-4278-478c-8050-72ea604ae0e7 (type: security_group_rules) to 0
2026-08-26 01:36:24.758 9 INFO neutron.db.ovn_revision_numbers_db [None req-4bd3b268-59f2-4204-b78c-e69547b7f68b 14a5bbbbe17e4a5caa9185f582a358e0 1d20d688d1f941db8581da66dcb5e9db - - default default] Successfully bumped revision number for resource bcb91639-52f4-41db-aa4e-e87ad3110e1f (type: security_group_rules) to 0
2026-08-26 01:36:24.759 9 INFO neutron.db.ovn_revision_numbers_db [None req-2a2358b4-ddaa-47dd-822c-6a4cf532813f 3e4c0d86f41045958c578699dab522bc cf582b177a1f461da87fff1226ddb28d - - default default] Successfully bumped revision number for resource 71601981-e22c-4d8a-9b84-34d32072c638 (type: ports) to 1
2026-08-26 01:36:24.778 9 INFO neutron.db.ovn_revision_numbers_db [None req-4bd3b268-59f2-4204-b78c-e69547b7f68b 14a5bbbbe17e4a5caa9185f582a358e0 1d20d688d1f941db8581da66dcb5e9db - - default default] Successfully bumped revision number for resource f175e9e8-d1d6-4bdf-8565-66f10cc51aab (type: security_group_rules) to 0
2026-08-26 01:36:24.788 9 INFO neutron.wsgi [None req-2a2358b4-ddaa-47dd-822c-6a4cf532813f 3e4c0d86f41045958c578699dab522bc cf582b177a1f461da87fff1226ddb28d - - default default] 10.0.0.178 "POST /v2.0/networks HTTP/1.1" status: 201 len: 833 time: 0.6042376
2026-08-26 01:36:24.807 9 INFO neutron.wsgi [None req-4bd3b268-59f2-4204-b78c-e69547b7f68b 14a5bbbbe17e4a5caa9185f582a358e0 1d20d688d1f941db8581da66dcb5e9db - - default default] 10.0.0.178 "GET /v2.0/security-groups?tenant_id=1e9651edbceb44e69d7c77a8f53899cf&name=default HTTP/1.1" status: 200 len: 2996 time: 0.4524450
2026-08-26 01:36:24.912 10 INFO neutron.wsgi [req-f3ac3c5e-1ad9-440b-b621-15f834bc273c req-ada447cb-6c48-4384-a9da-a36bb33cde0a bea7bc0961f947e2b286a0fe320d5182 f3ff69420cff44f69c56d1fc62951f3a - - adaf2d6749674b529570a5f21aa29bb0 adaf2d6749674b529570a5f21aa29bb0] 10.0.0.150 "GET /v2.0/ports?device_id=df7c0f13-1727-4b1d-b790-13abf81203fc HTTP/1.1" status: 200 len: 1409 time: 0.0584521
2026-08-26 01:36:24.963 10 INFO neutron.wsgi [req-f3ac3c5e-1ad9-440b-b621-15f834bc273c req-6b98f6eb-c8d0-40b7-9e77-0af1010d5f5c bea7bc0961f947e2b286a0fe320d5182 f3ff69420cff44f69c56d1fc62951f3a - - adaf2d6749674b529570a5f21aa29bb0 adaf2d6749674b529570a5f21aa29bb0] 10.0.0.150 "GET /v2.0/security-groups?id=c5a27501-9d39-43ab-ab9e-5975a4bb958c&fields=id&fields=name HTTP/1.1" status: 200 len: 312 time: 0.0423813
2026-08-26 01:36:25.086 9 WARNING neutron.scheduler.dhcp_agent_scheduler [None req-089abc9b-243a-4005-9d28-6f105d6e4ed3 3e4c0d86f41045958c578699dab522bc cf582b177a1f461da87fff1226ddb28d - - default default] No more DHCP agents
2026-08-26 01:36:25.088 9 WARNING neutron.api.rpc.agentnotifiers.dhcp_rpc_agent_api [None req-089abc9b-243a-4005-9d28-6f105d6e4ed3 3e4c0d86f41045958c578699dab522bc cf582b177a1f461da87fff1226ddb28d - - default default] Unable to schedule network aa28afa0-0a79-443d-96b5-565baf96773e: no agents available; will retry on subsequent port and subnet creation events.
2026-08-26 01:36:25.128 9 INFO neutron.wsgi [None req-bb6016ce-add6-45cf-8835-14b2f8b390b7 14a5bbbbe17e4a5caa9185f582a358e0 1d20d688d1f941db8581da66dcb5e9db - - default default] 10.0.0.178 "DELETE /v2.0/security-groups/c233e8f2-334d-4f4e-8a11-9c58e7edead0 HTTP/1.1" status: 204 len: 168 time: 0.3133571
2026-08-26 01:36:25.130 9 INFO neutron.db.ovn_revision_numbers_db [None req-089abc9b-243a-4005-9d28-6f105d6e4ed3 3e4c0d86f41045958c578699dab522bc cf582b177a1f461da87fff1226ddb28d - - default default] Successfully bumped revision number for resource a7d46866-59fe-4000-abae-c4417dd451e0 (type: subnets) to 0
2026-08-26 01:36:25.144 9 INFO neutron.wsgi [None req-089abc9b-243a-4005-9d28-6f105d6e4ed3 3e4c0d86f41045958c578699dab522bc cf582b177a1f461da87fff1226ddb28d - - default default] 10.0.0.178 "POST /v2.0/subnets HTTP/1.1" status: 201 len: 821 time: 0.3467691
2026-08-26 01:36:25.319 9 INFO neutron.db.ovn_revision_numbers_db [None req-12f5fb2f-a761-41d3-acca-c4b748b6c83c 3e4c0d86f41045958c578699dab522bc cf582b177a1f461da87fff1226ddb28d - - default default] Successfully bumped revision number for resource 3ca25915-4a33-42f7-b790-005d3cc7cb84 (type: routers) to 1
2026-08-26 01:36:25.339 9 INFO neutron.wsgi [None req-12f5fb2f-a761-41d3-acca-c4b748b6c83c 3e4c0d86f41045958c578699dab522bc cf582b177a1f461da87fff1226ddb28d - - default default] 10.0.0.178 "POST /v2.0/routers HTTP/1.1" status: 201 len: 690 time: 0.1851270
2026-08-26 01:36:25.387 9 INFO neutron.db.ovn_revision_numbers_db [None req-b64bae61-eb73-4332-96aa-06e222c999c6 14a5bbbbe17e4a5caa9185f582a358e0 1d20d688d1f941db8581da66dcb5e9db - - default default] Successfully bumped revision number for resource f83bdc3f-32b0-498d-aa78-f6683add183e (type: security_groups) to 1
2026-08-26 01:36:25.402 9 INFO neutron.db.ovn_revision_numbers_db [None req-b64bae61-eb73-4332-96aa-06e222c999c6 14a5bbbbe17e4a5caa9185f582a358e0 1d20d688d1f941db8581da66dcb5e9db - - default default] Successfully bumped revision number for resource 4c392222-dfaf-4de5-a3e5-e23759ae02d9 (type: security_group_rules) to 0
2026-08-26 01:36:25.416 9 INFO neutron.db.ovn_revision_numbers_db [None req-b64bae61-eb73-4332-96aa-06e222c999c6 14a5bbbbe17e4a5caa9185f582a358e0 1d20d688d1f941db8581da66dcb5e9db - - default default] Successfully bumped revision number for resource 5f4aa120-d72f-4715-bbdd-74e75dcf7f4b (type: security_group_rules) to 0
2026-08-26 01:36:25.433 9 INFO neutron.db.ovn_revision_numbers_db [None req-b64bae61-eb73-4332-96aa-06e222c999c6 14a5bbbbe17e4a5caa9185f582a358e0 1d20d688d1f941db8581da66dcb5e9db - - default default] Successfully bumped revision number for resource 88ba86e1-1f9d-471b-ab7e-674182939ae5 (type: security_group_rules) to 0
2026-08-26 01:36:25.449 10 INFO neutron.services.segments.plugin [-] Segment 6639d7d0-baa8-4e7e-b365-8731b5b7cba7 resource provider aggregate not found
2026-08-26 01:36:25.451 9 INFO neutron.db.ovn_revision_numbers_db [None req-b64bae61-eb73-4332-96aa-06e222c999c6 14a5bbbbe17e4a5caa9185f582a358e0 1d20d688d1f941db8581da66dcb5e9db - - default default] Successfully bumped revision number for resource 9676917e-c85b-4583-83d2-7e4986a91e04 (type: security_group_rules) to 0
2026-08-26 01:36:25.457 10 INFO neutron.services.segments.plugin [-] Segment 6639d7d0-baa8-4e7e-b365-8731b5b7cba7 resource provider aggregate not found
2026-08-26 01:36:25.466 10 INFO neutron.services.segments.plugin [-] Segment 6639d7d0-baa8-4e7e-b365-8731b5b7cba7 resource provider not found; error: Placement Client Error (4xx): {"errors": [{"status": 404, "title": "Not Found", "detail": "The resource could not be found.\n\n No resource provider with uuid 6639d7d0-baa8-4e7e-b365-8731b5b7cba7 found for delete ", "request_id": "req-ca527e0f-9be7-4243-bca9-68300536e725"}]}
2026-08-26 01:36:25.477 9 INFO neutron.wsgi [None req-b64bae61-eb73-4332-96aa-06e222c999c6 14a5bbbbe17e4a5caa9185f582a358e0 1d20d688d1f941db8581da66dcb5e9db - - default default] 10.0.0.178 "GET /v2.0/security-groups?tenant_id=8358e04f4db4436e834d7dd74b057297&name=default HTTP/1.1" status: 200 len: 2996 time: 0.2537816
2026-08-26 01:36:25.552 10 INFO neutron.services.segments.plugin [-] Segment 6639d7d0-baa8-4e7e-b365-8731b5b7cba7 resource provider not found; error: Placement Client Error (4xx): {"errors": [{"status": 404, "title": "Not Found", "detail": "The resource could not be found.\n\n No resource provider with uuid 6639d7d0-baa8-4e7e-b365-8731b5b7cba7 found for delete ", "request_id": "req-eb72fd9b-5d71-4c06-b834-2f48099c64ec"}]}
2026-08-26 01:36:25.668 9 INFO neutron.wsgi [None req-3063dca7-bf91-4634-9c45-e3ea3b51fd5f 14a5bbbbe17e4a5caa9185f582a358e0 1d20d688d1f941db8581da66dcb5e9db - - default default] 10.0.0.178 "DELETE /v2.0/security-groups/f83bdc3f-32b0-498d-aa78-f6683add183e HTTP/1.1" status: 204 len: 168 time: 0.1857300
2026-08-26 01:36:25.674 10 WARNING neutron.scheduler.dhcp_agent_scheduler [None req-70d86389-8dc8-49a9-8600-375c500e4eee 3e4c0d86f41045958c578699dab522bc cf582b177a1f461da87fff1226ddb28d - - default default] No more DHCP agents
2026-08-26 01:36:25.676 10 WARNING neutron.api.rpc.agentnotifiers.dhcp_rpc_agent_api [None req-70d86389-8dc8-49a9-8600-375c500e4eee 3e4c0d86f41045958c578699dab522bc cf582b177a1f461da87fff1226ddb28d - - default default] Unable to schedule network aa28afa0-0a79-443d-96b5-565baf96773e: no agents available; will retry on subsequent port and subnet creation events.
2026-08-26 01:36:25.816 10 INFO neutron.db.ovn_revision_numbers_db [None req-70d86389-8dc8-49a9-8600-375c500e4eee 3e4c0d86f41045958c578699dab522bc cf582b177a1f461da87fff1226ddb28d - - default default] Successfully bumped revision number for resource 41249c27-0985-45e1-bd1a-5fcea9d6e5c6 (type: ports) to 1
2026-08-26 01:36:25.844 10 INFO neutron.wsgi [None req-70d86389-8dc8-49a9-8600-375c500e4eee 3e4c0d86f41045958c578699dab522bc cf582b177a1f461da87fff1226ddb28d - - default default] 10.0.0.178 "POST /v2.0/ports HTTP/1.1" status: 201 len: 1162 time: 0.4973710
2026-08-26 01:36:25.851 9 INFO neutron.wsgi [None req-61d72ff7-7672-4848-b9cd-25f14b860300 14a5bbbbe17e4a5caa9185f582a358e0 1d20d688d1f941db8581da66dcb5e9db - - default default] 10.0.0.178 "GET /v2.0/security-groups?tenant_id=3fbbd26a4cb24ae39d8defd321694641&name=default HTTP/1.1" status: 200 len: 2996 time: 0.0592704 /var/lib/openstack/lib/python3.10/site-packages/pycadf/identifier.py:71: UserWarning: Invalid uuid: neutron. To ensure interoperability, identifiers should be a valid uuid. warnings.warn(('Invalid uuid: %s. To ensure interoperability, '
2026-08-26 01:36:26.050 10 INFO neutron.wsgi [None req-6953ac49-a081-482f-85d8-677f455dab6b 14a5bbbbe17e4a5caa9185f582a358e0 1d20d688d1f941db8581da66dcb5e9db - - default default] 10.0.0.178 "DELETE /v2.0/security-groups/fc4293fc-f006-4d76-9c94-e038146efee6 HTTP/1.1" status: 204 len: 168 time: 0.1945000
2026-08-26 01:36:26.155 9 WARNING neutron.plugins.ml2.drivers.ovn.mech_driver.ovsdb.ovn_client [None req-dbd92cae-e408-4fb9-8fed-7a72a72e573c - - - - - -] No port found with ID 49b18137-86b0-4e68-b5fe-12dce403ada0: RuntimeError: No port found with ID 49b18137-86b0-4e68-b5fe-12dce403ada0
2026-08-26 01:36:26.497 9 INFO neutron.plugins.ml2.drivers.ovn.mech_driver.mech_driver [None req-dbd92cae-e408-4fb9-8fed-7a72a72e573c - - - - - -] OVN reports status up for port: 41249c27-0985-45e1-bd1a-5fcea9d6e5c6
2026-08-26 01:36:26.513 9 INFO neutron.plugins.ml2.plugin [None req-dbd92cae-e408-4fb9-8fed-7a72a72e573c - - - - - -] Attempt 1 to provision port 41249c27-0985-45e1-bd1a-5fcea9d6e5c6
2026-08-26 01:36:26.532 9 INFO neutron.db.ovn_revision_numbers_db [None req-2dd1a945-68f0-453e-900a-e952c34bf655 3e4c0d86f41045958c578699dab522bc cf582b177a1f461da87fff1226ddb28d - - default default] Successfully bumped revision number for resource 41249c27-0985-45e1-bd1a-5fcea9d6e5c6 (type: router_ports) to 2
2026-08-26 01:36:26.702 9 INFO neutron.db.ovn_revision_numbers_db [None req-2dd1a945-68f0-453e-900a-e952c34bf655 3e4c0d86f41045958c578699dab522bc cf582b177a1f461da87fff1226ddb28d - - default default] Successfully bumped revision number for resource 41249c27-0985-45e1-bd1a-5fcea9d6e5c6 (type: ports) to 2
2026-08-26 01:36:26.859 9 INFO neutron.db.ovn_revision_numbers_db [None req-dbd92cae-e408-4fb9-8fed-7a72a72e573c - - - - - -] Successfully bumped revision number for resource 41249c27-0985-45e1-bd1a-5fcea9d6e5c6 (type: ports) to 3
2026-08-26 01:36:27.031 9 INFO neutron.db.ovn_revision_numbers_db [None req-dbd92cae-e408-4fb9-8fed-7a72a72e573c - - - - - -] Successfully bumped revision number for resource 41249c27-0985-45e1-bd1a-5fcea9d6e5c6 (type: router_ports) to 3
2026-08-26 01:36:27.290 10 INFO neutron.wsgi [None req-48867776-f040-4980-86d4-ed64c8e88ec4 0cf6ed49f2bb449a993f39120451f374 0b93f7ef832d4a99982eb68f64439f85 - - default default] 10.0.0.178 "GET /v2.0/ports?project_id=1a1e6297964f4c0bb12c181a7ea57acf&network_id=b530331b-5126-4a28-852b-afad5c478e23 HTTP/1.1" status: 200 len: 3510 time: 0.0489690
2026-08-26 01:36:27.325 9 INFO neutron.db.ovn_revision_numbers_db [None req-2dd1a945-68f0-453e-900a-e952c34bf655 3e4c0d86f41045958c578699dab522bc cf582b177a1f461da87fff1226ddb28d - - default default] Successfully bumped revision number for resource 41249c27-0985-45e1-bd1a-5fcea9d6e5c6 (type: ports) to 3
2026-08-26 01:36:27.403 9 WARNING neutron.scheduler.dhcp_agent_scheduler [None req-2dd1a945-68f0-453e-900a-e952c34bf655 3e4c0d86f41045958c578699dab522bc cf582b177a1f461da87fff1226ddb28d - - default default] No more DHCP agents
2026-08-26 01:36:27.405 9 WARNING neutron.api.rpc.agentnotifiers.dhcp_rpc_agent_api [None req-2dd1a945-68f0-453e-900a-e952c34bf655 3e4c0d86f41045958c578699dab522bc cf582b177a1f461da87fff1226ddb28d - - default default] Unable to schedule network aa28afa0-0a79-443d-96b5-565baf96773e: no agents available; will retry on subsequent port and subnet creation events.
2026-08-26 01:36:27.585 9 INFO neutron.db.ovn_revision_numbers_db [None req-2dd1a945-68f0-453e-900a-e952c34bf655 3e4c0d86f41045958c578699dab522bc cf582b177a1f461da87fff1226ddb28d - - default default] Successfully bumped revision number for resource 41249c27-0985-45e1-bd1a-5fcea9d6e5c6 (type: router_ports) to 3
2026-08-26 01:36:27.585 10 INFO neutron.wsgi [None req-c43dd64f-15db-4bb3-affa-89e3b24fcde0 0cf6ed49f2bb449a993f39120451f374 0b93f7ef832d4a99982eb68f64439f85 - - default default] 10.0.0.178 "GET /v2.0/subnets?network_id=415ffb59-4738-4fc9-b964-7a656a47f54d HTTP/1.1" status: 200 len: 838 time: 0.0499372
