2026-08-26 01:16:41.960 10 INFO neutron.db.ovn_revision_numbers_db [None req-5f5bb9b7-102c-4528-ac1c-be3e8e6487ee 118eb4940b904d01bb66d528e92bea45 f3ff69420cff44f69c56d1fc62951f3a - - adaf2d6749674b529570a5f21aa29bb0 adaf2d6749674b529570a5f21aa29bb0] Successfully bumped revision number for resource 6cbf92f9-a387-42fc-b8ca-7de567aebb33 (type: networks) to 1
2026-08-26 01:16:42.163 10 WARNING neutron.scheduler.dhcp_agent_scheduler [None req-5f5bb9b7-102c-4528-ac1c-be3e8e6487ee 118eb4940b904d01bb66d528e92bea45 f3ff69420cff44f69c56d1fc62951f3a - - adaf2d6749674b529570a5f21aa29bb0 adaf2d6749674b529570a5f21aa29bb0] No more DHCP agents
2026-08-26 01:16:42.165 10 WARNING neutron.api.rpc.agentnotifiers.dhcp_rpc_agent_api [None req-5f5bb9b7-102c-4528-ac1c-be3e8e6487ee 118eb4940b904d01bb66d528e92bea45 f3ff69420cff44f69c56d1fc62951f3a - - adaf2d6749674b529570a5f21aa29bb0 adaf2d6749674b529570a5f21aa29bb0] Unable to schedule network 6cbf92f9-a387-42fc-b8ca-7de567aebb33: no agents available; will retry on subsequent port and subnet creation events.
2026-08-26 01:16:42.268 10 INFO neutron.db.ovn_revision_numbers_db [None req-5f5bb9b7-102c-4528-ac1c-be3e8e6487ee 118eb4940b904d01bb66d528e92bea45 f3ff69420cff44f69c56d1fc62951f3a - - adaf2d6749674b529570a5f21aa29bb0 adaf2d6749674b529570a5f21aa29bb0] Successfully bumped revision number for resource 41bbcc58-50b0-40af-b528-8e364f2b0285 (type: ports) to 1
2026-08-26 01:16:42.296 10 INFO neutron.wsgi [None req-5f5bb9b7-102c-4528-ac1c-be3e8e6487ee 118eb4940b904d01bb66d528e92bea45 f3ff69420cff44f69c56d1fc62951f3a - - adaf2d6749674b529570a5f21aa29bb0 adaf2d6749674b529570a5f21aa29bb0] 162.253.55.148 "POST /v2.0/networks HTTP/1.1" status: 201 len: 925 time: 0.5667796
2026-08-26 01:16:42.334 10 INFO neutron.wsgi [None req-62c8bea9-2fc0-4d19-a0e2-3930d83129d8 118eb4940b904d01bb66d528e92bea45 f3ff69420cff44f69c56d1fc62951f3a - - adaf2d6749674b529570a5f21aa29bb0 adaf2d6749674b529570a5f21aa29bb0] 162.253.55.148 "GET /v2.0/ports?device_id=manila-share&binding%3Ahost_id=instance HTTP/1.1" status: 200 len: 210 time: 0.0318406
2026-08-26 01:16:42.348 10 INFO neutron.wsgi [None req-d3a5bd8a-5edb-4521-8046-f402bb12656d 118eb4940b904d01bb66d528e92bea45 f3ff69420cff44f69c56d1fc62951f3a - - adaf2d6749674b529570a5f21aa29bb0 adaf2d6749674b529570a5f21aa29bb0] 162.253.55.148 "GET /v2.0/extensions HTTP/1.1" status: 200 len: 16525 time: 0.0064185
2026-08-26 01:16:42.567 10 WARNING neutron.scheduler.dhcp_agent_scheduler [None req-12d84489-fff7-495b-9b44-bc8e224ffcfc 118eb4940b904d01bb66d528e92bea45 f3ff69420cff44f69c56d1fc62951f3a - - adaf2d6749674b529570a5f21aa29bb0 adaf2d6749674b529570a5f21aa29bb0] No more DHCP agents
2026-08-26 01:16:42.569 10 WARNING neutron.api.rpc.agentnotifiers.dhcp_rpc_agent_api [None req-12d84489-fff7-495b-9b44-bc8e224ffcfc 118eb4940b904d01bb66d528e92bea45 f3ff69420cff44f69c56d1fc62951f3a - - adaf2d6749674b529570a5f21aa29bb0 adaf2d6749674b529570a5f21aa29bb0] Unable to schedule network 6cbf92f9-a387-42fc-b8ca-7de567aebb33: no agents available; will retry on subsequent port and subnet creation events.
2026-08-26 01:16:42.651 10 INFO neutron.db.ovn_revision_numbers_db [None req-12d84489-fff7-495b-9b44-bc8e224ffcfc 118eb4940b904d01bb66d528e92bea45 f3ff69420cff44f69c56d1fc62951f3a - - adaf2d6749674b529570a5f21aa29bb0 adaf2d6749674b529570a5f21aa29bb0] Successfully bumped revision number for resource 822f4b1c-8873-45ba-9ac4-94d5f571fb9c (type: ports) to 1
2026-08-26 01:16:42.875 10 INFO neutron.db.ovn_revision_numbers_db [None req-12d84489-fff7-495b-9b44-bc8e224ffcfc 118eb4940b904d01bb66d528e92bea45 f3ff69420cff44f69c56d1fc62951f3a - - adaf2d6749674b529570a5f21aa29bb0 adaf2d6749674b529570a5f21aa29bb0] Successfully bumped revision number for resource 822f4b1c-8873-45ba-9ac4-94d5f571fb9c (type: ports) to 1
2026-08-26 01:16:42.902 10 INFO neutron.wsgi [None req-12d84489-fff7-495b-9b44-bc8e224ffcfc 118eb4940b904d01bb66d528e92bea45 f3ff69420cff44f69c56d1fc62951f3a - - adaf2d6749674b529570a5f21aa29bb0 adaf2d6749674b529570a5f21aa29bb0] 162.253.55.148 "POST /v2.0/ports HTTP/1.1" status: 201 len: 1144 time: 0.5485857
2026-08-26 01:16:42.969 10 INFO neutron.wsgi [None req-9e511135-516b-4552-ba1a-12032f1550bf 118eb4940b904d01bb66d528e92bea45 f3ff69420cff44f69c56d1fc62951f3a - - adaf2d6749674b529570a5f21aa29bb0 adaf2d6749674b529570a5f21aa29bb0] 162.253.55.148 "GET /v2.0/networks/6cbf92f9-a387-42fc-b8ca-7de567aebb33 HTTP/1.1" status: 200 len: 907 time: 0.0558105
2026-08-26 01:16:43.775 9 INFO neutron.plugins.ml2.drivers.ovn.mech_driver.mech_driver [-] OVN reports status up for port: 822f4b1c-8873-45ba-9ac4-94d5f571fb9c
2026-08-26 01:16:43.788 9 INFO neutron.plugins.ml2.plugin [None req-dbd92cae-e408-4fb9-8fed-7a72a72e573c - - - - - -] Attempt 1 to provision port 822f4b1c-8873-45ba-9ac4-94d5f571fb9c
2026-08-26 01:16:44.009 9 INFO neutron.db.ovn_revision_numbers_db [None req-dbd92cae-e408-4fb9-8fed-7a72a72e573c - - - - - -] Successfully bumped revision number for resource 822f4b1c-8873-45ba-9ac4-94d5f571fb9c (type: ports) to 3
2026-08-26 01:16:45.476 10 INFO neutron.wsgi [None req-53cfae6b-7409-43b9-99d8-8b4a56f8d099 118eb4940b904d01bb66d528e92bea45 f3ff69420cff44f69c56d1fc62951f3a - - adaf2d6749674b529570a5f21aa29bb0 adaf2d6749674b529570a5f21aa29bb0] 162.253.55.148 "GET /v2.0/ports?device_id=manila-share&binding%3Ahost_id=instance HTTP/1.1" status: 200 len: 1172 time: 0.0363688
2026-08-26 01:16:45.522 10 INFO neutron.wsgi [None req-f172332d-bd2c-4600-8258-8ce6cb4b4596 118eb4940b904d01bb66d528e92bea45 f3ff69420cff44f69c56d1fc62951f3a - - adaf2d6749674b529570a5f21aa29bb0 adaf2d6749674b529570a5f21aa29bb0] 162.253.55.148 "GET /v2.0/networks/6cbf92f9-a387-42fc-b8ca-7de567aebb33 HTTP/1.1" status: 200 len: 907 time: 0.0376210
2026-08-26 01:16:49.973 10 INFO neutron.wsgi [-] 10.0.0.183 "GET / HTTP/1.1" status: 200 len: 247 time: 0.0018485
2026-08-26 01:16:49.975 9 INFO neutron.wsgi [-] 10.0.0.183 "GET / HTTP/1.1" status: 200 len: 247 time: 0.0033112
2026-08-26 01:17:01.759 9 INFO neutron.wsgi [None req-cc205603-7449-4eaf-986e-627f6f9bd4ff 14a5bbbbe17e4a5caa9185f582a358e0 1d20d688d1f941db8581da66dcb5e9db - - default default] 162.253.55.148,10.0.0.183 "GET /v2.0/quotas/f3ff69420cff44f69c56d1fc62951f3a HTTP/1.1" status: 200 len: 362 time: 0.0144994
2026-08-26 01:17:02.182 9 INFO neutron.wsgi [None req-9ece631e-df82-4bb1-a5ec-451733629611 14a5bbbbe17e4a5caa9185f582a358e0 1d20d688d1f941db8581da66dcb5e9db - - default default] 162.253.55.148,10.0.0.183 "PUT /v2.0/quotas/f3ff69420cff44f69c56d1fc62951f3a HTTP/1.1" status: 200 len: 361 time: 0.0330083
2026-08-26 01:17:02.512 9 INFO neutron.wsgi [None req-2a1a02ca-d3b9-40d1-95b8-b700fe940d0f 14a5bbbbe17e4a5caa9185f582a358e0 1d20d688d1f941db8581da66dcb5e9db - - default default] 162.253.55.148,10.0.0.183 "GET /v2.0/quotas/f3ff69420cff44f69c56d1fc62951f3a HTTP/1.1" status: 200 len: 361 time: 0.0126004
2026-08-26 01:17:04.973 9 INFO neutron.wsgi [-] 10.0.0.183 "GET / HTTP/1.1" status: 200 len: 247 time: 0.0023067
2026-08-26 01:17:04.974 10 INFO neutron.wsgi [-] 10.0.0.183 "GET / HTTP/1.1" status: 200 len: 247 time: 0.0021756
2026-08-26 01:17:19.972 9 INFO neutron.wsgi [-] 10.0.0.183 "GET / HTTP/1.1" status: 200 len: 247 time: 0.0019135
2026-08-26 01:17:19.974 10 INFO neutron.wsgi [-] 10.0.0.183 "GET / HTTP/1.1" status: 200 len: 247 time: 0.0034297
2026-08-26 01:17:34.973 9 INFO neutron.wsgi [-] 10.0.0.183 "GET / HTTP/1.1" status: 200 len: 247 time: 0.0020607
2026-08-26 01:17:34.975 10 INFO neutron.wsgi [-] 10.0.0.183 "GET / HTTP/1.1" status: 200 len: 247 time: 0.0026357
2026-08-26 01:17:49.981 9 INFO neutron.wsgi [-] 10.0.0.183 "GET / HTTP/1.1" status: 200 len: 247 time: 0.0055971
2026-08-26 01:17:49.987 9 INFO neutron.wsgi [-] 10.0.0.183 "GET / HTTP/1.1" status: 200 len: 247 time: 0.0046742
2026-08-26 01:18:04.978 9 INFO neutron.wsgi [-] 10.0.0.183 "GET / HTTP/1.1" status: 200 len: 247 time: 0.0068800
2026-08-26 01:18:04.981 9 INFO neutron.wsgi [-] 10.0.0.183 "GET / HTTP/1.1" status: 200 len: 247 time: 0.0023201
2026-08-26 01:18:19.973 9 INFO neutron.wsgi [-] 10.0.0.183 "GET / HTTP/1.1" status: 200 len: 247 time: 0.0025980
2026-08-26 01:18:19.979 10 INFO neutron.wsgi [-] 10.0.0.183 "GET / HTTP/1.1" status: 200 len: 247 time: 0.0062761
2026-08-26 01:18:34.973 10 INFO neutron.wsgi [-] 10.0.0.183 "GET / HTTP/1.1" status: 200 len: 247 time: 0.0023096
2026-08-26 01:18:34.976 10 INFO neutron.wsgi [-] 10.0.0.183 "GET / HTTP/1.1" status: 200 len: 247 time: 0.0020628 /var/lib/openstack/lib/python3.10/site-packages/pycadf/identifier.py:71: UserWarning: Invalid uuid: neutron. To ensure interoperability, identifiers should be a valid uuid. warnings.warn(('Invalid uuid: %s. To ensure interoperability, '
2026-08-26 01:18:38.196 9 INFO neutron.wsgi [None req-42586d21-2714-4338-a9be-7e40451c06a2 14a5bbbbe17e4a5caa9185f582a358e0 1d20d688d1f941db8581da66dcb5e9db - - default default] 10.0.0.143 "GET /v2.0/floatingips HTTP/1.1" status: 200 len: 193 time: 0.0768080
2026-08-26 01:18:38.252 9 INFO neutron.wsgi [None req-8d47fb84-1aeb-4cc4-ae5b-1ad00625f448 14a5bbbbe17e4a5caa9185f582a358e0 1d20d688d1f941db8581da66dcb5e9db - - default default] 10.0.0.143 "GET /v2.0/networks HTTP/1.1" status: 200 len: 2350 time: 0.0552938
2026-08-26 01:18:38.286 9 INFO neutron.wsgi [None req-01a3aefb-476b-46f2-bf5e-0aa8b09c992a 14a5bbbbe17e4a5caa9185f582a358e0 1d20d688d1f941db8581da66dcb5e9db - - default default] 10.0.0.143 "GET /v2.0/routers HTTP/1.1" status: 200 len: 189 time: 0.0311713
2026-08-26 01:18:38.318 9 INFO neutron.wsgi [None req-18261226-43f5-40cf-9d98-86764b167153 14a5bbbbe17e4a5caa9185f582a358e0 1d20d688d1f941db8581da66dcb5e9db - - default default] 10.0.0.143 "GET /v2.0/agents?binary=ovn-controller HTTP/1.1" status: 200 len: 591 time: 0.0311871
2026-08-26 01:18:38.364 9 INFO neutron.wsgi [None req-c5570097-4cef-4463-be45-f56628a71ea2 14a5bbbbe17e4a5caa9185f582a358e0 1d20d688d1f941db8581da66dcb5e9db - - default default] 10.0.0.143 "GET /v2.0/ports HTTP/1.1" status: 200 len: 5349 time: 0.0338011
2026-08-26 01:18:38.412 9 INFO neutron.wsgi [None req-246ad4ed-a992-416d-a67b-b5c829adaf46 14a5bbbbe17e4a5caa9185f582a358e0 1d20d688d1f941db8581da66dcb5e9db - - default default] 10.0.0.143 "GET /v2.0/security-groups HTTP/1.1" status: 200 len: 16803 time: 0.0443997
2026-08-26 01:18:38.447 9 INFO neutron.wsgi [None req-9b44d52c-1e3d-4774-a2d7-df96b65c8dce 14a5bbbbe17e4a5caa9185f582a358e0 1d20d688d1f941db8581da66dcb5e9db - - default default] 10.0.0.143 "GET /v2.0/subnets HTTP/1.1" status: 200 len: 1437 time: 0.0303664
2026-08-26 01:18:38.458 9 INFO neutron.wsgi [None req-17998664-82c8-4324-92f4-4caa2cb71bdb 14a5bbbbe17e4a5caa9185f582a358e0 1d20d688d1f941db8581da66dcb5e9db - - default default] 10.0.0.143 "GET /v2.0/agents HTTP/1.1" status: 200 len: 997 time: 0.0098717
2026-08-26 01:18:38.469 9 INFO neutron.wsgi [None req-955acc9e-1ee5-419c-bd44-eeeb6f3c8a02 14a5bbbbe17e4a5caa9185f582a358e0 1d20d688d1f941db8581da66dcb5e9db - - default default] 10.0.0.143 "GET /v2.0/network-ip-availabilities HTTP/1.1" status: 200 len: 1280 time: 0.0103137
2026-08-26 01:18:38.497 9 INFO neutron.wsgi [None req-4eda6e98-81ca-4344-8f03-9993d6b3027c 14a5bbbbe17e4a5caa9185f582a358e0 1d20d688d1f941db8581da66dcb5e9db - - default default] 10.0.0.143 "GET /v2.0/subnets HTTP/1.1" status: 200 len: 1437 time: 0.0266335
2026-08-26 01:18:38.508 9 INFO neutron.wsgi [None req-db87b496-6d58-43fc-a818-25fa43e587b1 14a5bbbbe17e4a5caa9185f582a358e0 1d20d688d1f941db8581da66dcb5e9db - - default default] 10.0.0.143 "GET /v2.0/subnetpools HTTP/1.1" status: 200 len: 193 time: 0.0100579
2026-08-26 01:18:49.973 10 INFO neutron.wsgi [-] 10.0.0.183 "GET / HTTP/1.1" status: 200 len: 247 time: 0.0021677
2026-08-26 01:18:49.973 9 INFO neutron.wsgi [-] 10.0.0.183 "GET / HTTP/1.1" status: 200 len: 247 time: 0.0028758
2026-08-26 01:19:04.974 9 INFO neutron.wsgi [-] 10.0.0.183 "GET / HTTP/1.1" status: 200 len: 247 time: 0.0031376
2026-08-26 01:19:04.975 10 INFO neutron.wsgi [-] 10.0.0.183 "GET / HTTP/1.1" status: 200 len: 247 time: 0.0030813
2026-08-26 01:19:19.975 9 INFO neutron.wsgi [-] 10.0.0.183 "GET / HTTP/1.1" status: 200 len: 247 time: 0.0031190
2026-08-26 01:19:19.977 9 INFO neutron.wsgi [-] 10.0.0.183 "GET / HTTP/1.1" status: 200 len: 247 time: 0.0012672
2026-08-26 01:19:34.973 10 INFO neutron.wsgi [-] 10.0.0.183 "GET / HTTP/1.1" status: 200 len: 247 time: 0.0023246
2026-08-26 01:19:34.974 9 INFO neutron.wsgi [-] 10.0.0.183 "GET / HTTP/1.1" status: 200 len: 247 time: 0.0036917
2026-08-26 01:19:38.191 9 INFO neutron.wsgi [None req-438994de-5d98-4541-98ba-7bfc76d914d6 14a5bbbbe17e4a5caa9185f582a358e0 1d20d688d1f941db8581da66dcb5e9db - - default default] 10.0.0.143 "GET /v2.0/security-groups HTTP/1.1" status: 200 len: 16803 time: 0.0955992
2026-08-26 01:19:38.227 9 INFO neutron.wsgi [None req-652f81b9-acec-4051-b12d-e418b71bcc07 14a5bbbbe17e4a5caa9185f582a358e0 1d20d688d1f941db8581da66dcb5e9db - - default default] 10.0.0.143 "GET /v2.0/ports HTTP/1.1" status: 200 len: 5349 time: 0.0294225
2026-08-26 01:19:38.316 9 INFO neutron.wsgi [None req-21567f9e-cdf2-448f-9943-b63c093fbf9a 14a5bbbbe17e4a5caa9185f582a358e0 1d20d688d1f941db8581da66dcb5e9db - - default default] 10.0.0.143 "GET /v2.0/subnets HTTP/1.1" status: 200 len: 1437 time: 0.0845981
2026-08-26 01:19:38.325 9 INFO neutron.wsgi [None req-e74eabe2-4755-4931-8331-9d73bf90f9a4 14a5bbbbe17e4a5caa9185f582a358e0 1d20d688d1f941db8581da66dcb5e9db - - default default] 10.0.0.143 "GET /v2.0/subnetpools HTTP/1.1" status: 200 len: 193 time: 0.0075650
2026-08-26 01:19:38.344 9 INFO neutron.wsgi [None req-63cf2ab8-a42c-41c4-aa1a-01b281884f60 14a5bbbbe17e4a5caa9185f582a358e0 1d20d688d1f941db8581da66dcb5e9db - - default default] 10.0.0.143 "GET /v2.0/routers HTTP/1.1" status: 200 len: 189 time: 0.0184417
2026-08-26 01:19:38.383 9 INFO neutron.wsgi [None req-5a473958-5eb1-4dd8-b41d-ed5d09ba16af 14a5bbbbe17e4a5caa9185f582a358e0 1d20d688d1f941db8581da66dcb5e9db - - default default] 10.0.0.143 "GET /v2.0/agents?binary=ovn-controller HTTP/1.1" status: 200 len: 591 time: 0.0380855
2026-08-26 01:19:38.396 9 INFO neutron.wsgi [None req-feb83dd6-40fe-4275-8a8a-aab8b89e1f28 14a5bbbbe17e4a5caa9185f582a358e0 1d20d688d1f941db8581da66dcb5e9db - - default default] 10.0.0.143 "GET /v2.0/agents HTTP/1.1" status: 200 len: 997 time: 0.0113766
2026-08-26 01:19:38.455 9 INFO neutron.wsgi [None req-2dcfd245-23f0-4b66-bd0a-414b5a1dd370 14a5bbbbe17e4a5caa9185f582a358e0 1d20d688d1f941db8581da66dcb5e9db - - default default] 10.0.0.143 "GET /v2.0/networks HTTP/1.1" status: 200 len: 2350 time: 0.0584919
2026-08-26 01:19:38.487 9 INFO neutron.wsgi [None req-7443b5a5-bc4b-4d70-8ab7-cae69f191f37 14a5bbbbe17e4a5caa9185f582a358e0 1d20d688d1f941db8581da66dcb5e9db - - default default] 10.0.0.143 "GET /v2.0/subnets HTTP/1.1" status: 200 len: 1437 time: 0.0296271
2026-08-26 01:19:38.497 9 INFO neutron.wsgi [None req-b12f21f4-4d3e-4b41-af25-4f680ed80783 14a5bbbbe17e4a5caa9185f582a358e0 1d20d688d1f941db8581da66dcb5e9db - - default default] 10.0.0.143 "GET /v2.0/network-ip-availabilities HTTP/1.1" status: 200 len: 1280 time: 0.0083888
2026-08-26 01:19:38.514 9 INFO neutron.wsgi [None req-d47811c8-404e-411f-8d2b-3400ede048d2 14a5bbbbe17e4a5caa9185f582a358e0 1d20d688d1f941db8581da66dcb5e9db - - default default] 10.0.0.143 "GET /v2.0/floatingips HTTP/1.1" status: 200 len: 193 time: 0.0155427
2026-08-26 01:19:49.973 10 INFO neutron.wsgi [-] 10.0.0.183 "GET / HTTP/1.1" status: 200 len: 247 time: 0.0026674
2026-08-26 01:19:49.974 9 INFO neutron.wsgi [-] 10.0.0.183 "GET / HTTP/1.1" status: 200 len: 247 time: 0.0029111
2026-08-26 01:20:04.974 9 INFO neutron.wsgi [-] 10.0.0.183 "GET / HTTP/1.1" status: 200 len: 247 time: 0.0031481
2026-08-26 01:20:04.974 10 INFO neutron.wsgi [-] 10.0.0.183 "GET / HTTP/1.1" status: 200 len: 247 time: 0.0031846
2026-08-26 01:20:19.973 9 INFO neutron.wsgi [-] 10.0.0.183 "GET / HTTP/1.1" status: 200 len: 247 time: 0.0024006
2026-08-26 01:20:19.976 9 INFO neutron.wsgi [-] 10.0.0.183 "GET / HTTP/1.1" status: 200 len: 247 time: 0.0019028
2026-08-26 01:20:34.973 10 INFO neutron.wsgi [-] 10.0.0.183 "GET / HTTP/1.1" status: 200 len: 247 time: 0.0019588
2026-08-26 01:20:34.974 9 INFO neutron.wsgi [-] 10.0.0.183 "GET / HTTP/1.1" status: 200 len: 247 time: 0.0030203
2026-08-26 01:20:38.164 9 INFO neutron.wsgi [None req-1d97e8d2-4bc2-4207-9a5b-3e9c0e1041a5 14a5bbbbe17e4a5caa9185f582a358e0 1d20d688d1f941db8581da66dcb5e9db - - default default] 10.0.0.143 "GET /v2.0/routers HTTP/1.1" status: 200 len: 189 time: 0.0683377
2026-08-26 01:20:38.206 9 INFO neutron.wsgi [None req-4e02e2c0-eefc-4216-838e-8e089046174d 14a5bbbbe17e4a5caa9185f582a358e0 1d20d688d1f941db8581da66dcb5e9db - - default default] 10.0.0.143 "GET /v2.0/agents?binary=ovn-controller HTTP/1.1" status: 200 len: 591 time: 0.0410182
2026-08-26 01:20:38.227 9 INFO neutron.wsgi [None req-2c5a1b78-aaa4-4d70-b784-243b06f63e21 14a5bbbbe17e4a5caa9185f582a358e0 1d20d688d1f941db8581da66dcb5e9db - - default default] 10.0.0.143 "GET /v2.0/floatingips HTTP/1.1" status: 200 len: 193 time: 0.0200777
2026-08-26 01:20:38.295 9 INFO neutron.wsgi [None req-79618f2d-07e5-4a04-8f0f-b3b5e193893e 14a5bbbbe17e4a5caa9185f582a358e0 1d20d688d1f941db8581da66dcb5e9db - - default default] 10.0.0.143 "GET /v2.0/networks HTTP/1.1" status: 200 len: 2350 time: 0.0678635
2026-08-26 01:20:38.335 9 INFO neutron.wsgi [None req-8351cabf-db46-40c5-9ef9-cdc2c44df084 14a5bbbbe17e4a5caa9185f582a358e0 1d20d688d1f941db8581da66dcb5e9db - - default default] 10.0.0.143 "GET /v2.0/subnets HTTP/1.1" status: 200 len: 1437 time: 0.0352881
2026-08-26 01:20:38.345 9 INFO neutron.wsgi [None req-1f9c3d19-66f3-402b-8b70-670a212b9c37 14a5bbbbe17e4a5caa9185f582a358e0 1d20d688d1f941db8581da66dcb5e9db - - default default] 10.0.0.143 "GET /v2.0/subnetpools HTTP/1.1" status: 200 len: 193 time: 0.0086124
2026-08-26 01:20:38.388 9 INFO neutron.wsgi [None req-d0d88507-6978-4a3a-b3c6-09ab7055e523 14a5bbbbe17e4a5caa9185f582a358e0 1d20d688d1f941db8581da66dcb5e9db - - default default] 10.0.0.143 "GET /v2.0/security-groups HTTP/1.1" status: 200 len: 16803 time: 0.0423307
2026-08-26 01:20:38.424 9 INFO neutron.wsgi [None req-95b16588-4d27-4f07-8076-825ad821d4d3 14a5bbbbe17e4a5caa9185f582a358e0 1d20d688d1f941db8581da66dcb5e9db - - default default] 10.0.0.143 "GET /v2.0/ports HTTP/1.1" status: 200 len: 5349 time: 0.0313549
2026-08-26 01:20:38.440 9 INFO neutron.wsgi [None req-039e3168-c026-4217-9279-aa84057e80e0 14a5bbbbe17e4a5caa9185f582a358e0 1d20d688d1f941db8581da66dcb5e9db - - default default] 10.0.0.143 "GET /v2.0/agents HTTP/1.1" status: 200 len: 997 time: 0.0103681
2026-08-26 01:20:38.451 9 INFO neutron.wsgi [None req-4cd4ec48-555f-4fe1-94d7-3022b67907b8 14a5bbbbe17e4a5caa9185f582a358e0 1d20d688d1f941db8581da66dcb5e9db - - default default] 10.0.0.143 "GET /v2.0/network-ip-availabilities HTTP/1.1" status: 200 len: 1280 time: 0.0092335
2026-08-26 01:20:38.479 9 INFO neutron.wsgi [None req-dc8d872e-42f1-4802-9861-95d1eb79ca48 14a5bbbbe17e4a5caa9185f582a358e0 1d20d688d1f941db8581da66dcb5e9db - - default default] 10.0.0.143 "GET /v2.0/subnets HTTP/1.1" status: 200 len: 1437 time: 0.0272217
2026-08-26 01:20:49.973 10 INFO neutron.wsgi [-] 10.0.0.183 "GET / HTTP/1.1" status: 200 len: 247 time: 0.0023856
2026-08-26 01:20:49.977 10 INFO neutron.wsgi [-] 10.0.0.183 "GET / HTTP/1.1" status: 200 len: 247 time: 0.0026183
2026-08-26 01:21:04.975 10 INFO neutron.wsgi [-] 10.0.0.183 "GET / HTTP/1.1" status: 200 len: 247 time: 0.0043924
2026-08-26 01:21:04.978 10 INFO neutron.wsgi [-] 10.0.0.183 "GET / HTTP/1.1" status: 200 len: 247 time: 0.0015154
2026-08-26 01:21:19.973 9 INFO neutron.wsgi [-] 10.0.0.183 "GET / HTTP/1.1" status: 200 len: 247 time: 0.0026417
2026-08-26 01:21:19.974 10 INFO neutron.wsgi [-] 10.0.0.183 "GET / HTTP/1.1" status: 200 len: 247 time: 0.0034595
2026-08-26 01:21:34.972 10 INFO neutron.wsgi [-] 10.0.0.183 "GET / HTTP/1.1" status: 200 len: 247 time: 0.0023284
2026-08-26 01:21:34.975 10 INFO neutron.wsgi [-] 10.0.0.183 "GET / HTTP/1.1" status: 200 len: 247 time: 0.0013211
2026-08-26 01:21:38.184 9 INFO neutron.wsgi [None req-8370f626-2c16-43b9-9597-d6ace14edee3 14a5bbbbe17e4a5caa9185f582a358e0 1d20d688d1f941db8581da66dcb5e9db - - default default] 10.0.0.143 "GET /v2.0/agents HTTP/1.1" status: 200 len: 997 time: 0.0875802
2026-08-26 01:21:38.239 9 INFO neutron.wsgi [None req-5e505ee0-3b5c-41ee-9e16-15dfa3086512 14a5bbbbe17e4a5caa9185f582a358e0 1d20d688d1f941db8581da66dcb5e9db - - default default] 10.0.0.143 "GET /v2.0/security-groups HTTP/1.1" status: 200 len: 16803 time: 0.0534441
2026-08-26 01:21:38.269 9 INFO neutron.wsgi [None req-cd689923-6b1c-4733-8eb3-129a5b37a766 14a5bbbbe17e4a5caa9185f582a358e0 1d20d688d1f941db8581da66dcb5e9db - - default default] 10.0.0.143 "GET /v2.0/routers HTTP/1.1" status: 200 len: 189 time: 0.0229509
2026-08-26 01:21:38.278 9 INFO neutron.wsgi [None req-a42d820e-c7a5-43aa-b993-09fdeeae752a 14a5bbbbe17e4a5caa9185f582a358e0 1d20d688d1f941db8581da66dcb5e9db - - default default] 10.0.0.143 "GET /v2.0/agents?binary=ovn-controller HTTP/1.1" status: 200 len: 591 time: 0.0091801
2026-08-26 01:21:38.313 9 INFO neutron.wsgi [None req-667e8bf8-9218-415c-8550-d9aa5e5faf5c 14a5bbbbe17e4a5caa9185f582a358e0 1d20d688d1f941db8581da66dcb5e9db - - default default] 10.0.0.143 "GET /v2.0/subnets HTTP/1.1" status: 200 len: 1437 time: 0.0338271
2026-08-26 01:21:38.322 9 INFO neutron.wsgi [None req-2e9f73cd-ee5d-4c5c-a655-1360c9848d48 14a5bbbbe17e4a5caa9185f582a358e0 1d20d688d1f941db8581da66dcb5e9db - - default default] 10.0.0.143 "GET /v2.0/subnetpools HTTP/1.1" status: 200 len: 193 time: 0.0074847
2026-08-26 01:21:38.339 9 INFO neutron.wsgi [None req-0b6a364f-a8bc-42a5-8f98-916ac8a1c9d3 14a5bbbbe17e4a5caa9185f582a358e0 1d20d688d1f941db8581da66dcb5e9db - - default default] 10.0.0.143 "GET /v2.0/floatingips HTTP/1.1" status: 200 len: 193 time: 0.0159886
2026-08-26 01:21:38.394 9 INFO neutron.wsgi [None req-9ed33bb5-c3d5-4ed4-8cd0-36658cc90847 14a5bbbbe17e4a5caa9185f582a358e0 1d20d688d1f941db8581da66dcb5e9db - - default default] 10.0.0.143 "GET /v2.0/networks HTTP/1.1" status: 200 len: 2350 time: 0.0542598
2026-08-26 01:21:38.427 9 INFO neutron.wsgi [None req-152c6a57-774c-4613-98f7-d9c75e0a2829 14a5bbbbe17e4a5caa9185f582a358e0 1d20d688d1f941db8581da66dcb5e9db - - default default] 10.0.0.143 "GET /v2.0/ports HTTP/1.1" status: 200 len: 5349 time: 0.0306807
2026-08-26 01:21:38.478 9 INFO neutron.wsgi [None req-1a952509-6503-4d4b-bb46-4133403ecc89 14a5bbbbe17e4a5caa9185f582a358e0 1d20d688d1f941db8581da66dcb5e9db - - default default] 10.0.0.143 "GET /v2.0/subnets HTTP/1.1" status: 200 len: 1437 time: 0.0468721
2026-08-26 01:21:38.490 9 INFO neutron.wsgi [None req-37eb223a-93d0-4efa-b706-6c6e7becfb98 14a5bbbbe17e4a5caa9185f582a358e0 1d20d688d1f941db8581da66dcb5e9db - - default default] 10.0.0.143 "GET /v2.0/network-ip-availabilities HTTP/1.1" status: 200 len: 1280 time: 0.0115738
2026-08-26 01:21:49.973 9 INFO neutron.wsgi [-] 10.0.0.183 "GET / HTTP/1.1" status: 200 len: 247 time: 0.0025053
2026-08-26 01:21:49.974 10 INFO neutron.wsgi [-] 10.0.0.183 "GET / HTTP/1.1" status: 200 len: 247 time: 0.0025134
2026-08-26 01:22:04.972 9 INFO neutron.wsgi [-] 10.0.0.183 "GET / HTTP/1.1" status: 200 len: 247 time: 0.0016217
2026-08-26 01:22:04.974 10 INFO neutron.wsgi [-] 10.0.0.183 "GET / HTTP/1.1" status: 200 len: 247 time: 0.0034120
2026-08-26 01:22:19.973 9 INFO neutron.wsgi [-] 10.0.0.183 "GET / HTTP/1.1" status: 200 len: 247 time: 0.0024214
2026-08-26 01:22:19.975 9 INFO neutron.wsgi [-] 10.0.0.183 "GET / HTTP/1.1" status: 200 len: 247 time: 0.0012519
2026-08-26 01:22:34.973 9 INFO neutron.wsgi [-] 10.0.0.183 "GET / HTTP/1.1" status: 200 len: 247 time: 0.0029290
2026-08-26 01:22:34.974 10 INFO neutron.wsgi [-] 10.0.0.183 "GET / HTTP/1.1" status: 200 len: 247 time: 0.0034266
2026-08-26 01:22:38.199 9 INFO neutron.wsgi [None req-b8c9c072-5fab-415c-ba6d-0ea0d1445430 14a5bbbbe17e4a5caa9185f582a358e0 1d20d688d1f941db8581da66dcb5e9db - - default default] 10.0.0.143 "GET /v2.0/network-ip-availabilities HTTP/1.1" status: 200 len: 1280 time: 0.0583026
2026-08-26 01:22:38.236 9 INFO neutron.wsgi [None req-c547a419-50f2-485f-8d87-1c22ab579b2d 14a5bbbbe17e4a5caa9185f582a358e0 1d20d688d1f941db8581da66dcb5e9db - - default default] 10.0.0.143 "GET /v2.0/subnets HTTP/1.1" status: 200 len: 1437 time: 0.0354753
2026-08-26 01:22:38.245 9 INFO neutron.wsgi [None req-3b611005-9c13-4cd1-a8cd-d989c6f363de 14a5bbbbe17e4a5caa9185f582a358e0 1d20d688d1f941db8581da66dcb5e9db - - default default] 10.0.0.143 "GET /v2.0/subnetpools HTTP/1.1" status: 200 len: 193 time: 0.0079689
2026-08-26 01:22:38.263 9 INFO neutron.wsgi [None req-8cdce130-eb29-4e97-b9b4-9327aa29cbc1 14a5bbbbe17e4a5caa9185f582a358e0 1d20d688d1f941db8581da66dcb5e9db - - default default] 10.0.0.143 "GET /v2.0/floatingips HTTP/1.1" status: 200 len: 193 time: 0.0178680
2026-08-26 01:22:38.303 9 INFO neutron.wsgi [None req-dd08b37b-5d26-4721-a272-b7116983c5d0 14a5bbbbe17e4a5caa9185f582a358e0 1d20d688d1f941db8581da66dcb5e9db - - default default] 10.0.0.143 "GET /v2.0/security-groups HTTP/1.1" status: 200 len: 16803 time: 0.0390127
2026-08-26 01:22:38.342 9 INFO neutron.wsgi [None req-e69defa2-a568-4291-8fd1-2ac57adad2df 14a5bbbbe17e4a5caa9185f582a358e0 1d20d688d1f941db8581da66dcb5e9db - - default default] 10.0.0.143 "GET /v2.0/subnets HTTP/1.1" status: 200 len: 1437 time: 0.0313971
2026-08-26 01:22:38.376 9 INFO neutron.wsgi [None req-328386ae-8672-47b2-97f9-ddf73faa4009 14a5bbbbe17e4a5caa9185f582a358e0 1d20d688d1f941db8581da66dcb5e9db - - default default] 10.0.0.143 "GET /v2.0/agents HTTP/1.1" status: 200 len: 997 time: 0.0336311
2026-08-26 01:22:38.426 9 INFO neutron.wsgi [None req-71131e0c-8a34-4313-81bf-3f4e575cca05 14a5bbbbe17e4a5caa9185f582a358e0 1d20d688d1f941db8581da66dcb5e9db - - default default] 10.0.0.143 "GET /v2.0/networks HTTP/1.1" status: 200 len: 2350 time: 0.0490780
2026-08-26 01:22:38.456 9 INFO neutron.wsgi [None req-ed483c59-6d80-4db6-ae0e-bc96738ef39a 14a5bbbbe17e4a5caa9185f582a358e0 1d20d688d1f941db8581da66dcb5e9db - - default default] 10.0.0.143 "GET /v2.0/ports HTTP/1.1" status: 200 len: 5349 time: 0.0272071
2026-08-26 01:22:38.475 9 INFO neutron.wsgi [None req-9d08e646-bc8c-4657-b7c1-9427f85383fa 14a5bbbbe17e4a5caa9185f582a358e0 1d20d688d1f941db8581da66dcb5e9db - - default default] 10.0.0.143 "GET /v2.0/routers HTTP/1.1" status: 200 len: 189 time: 0.0151615
2026-08-26 01:22:38.483 9 INFO neutron.wsgi [None req-455831fc-39f3-4d59-8a56-8f241434a7f1 14a5bbbbe17e4a5caa9185f582a358e0 1d20d688d1f941db8581da66dcb5e9db - - default default] 10.0.0.143 "GET /v2.0/agents?binary=ovn-controller HTTP/1.1" status: 200 len: 591 time: 0.0075850
2026-08-26 01:22:49.973 10 INFO neutron.wsgi [-] 10.0.0.183 "GET / HTTP/1.1" status: 200 len: 247 time: 0.0018141
2026-08-26 01:22:49.974 9 INFO neutron.wsgi [-] 10.0.0.183 "GET / HTTP/1.1" status: 200 len: 247 time: 0.0026643
2026-08-26 01:23:04.978 9 INFO neutron.wsgi [-] 10.0.0.183 "GET / HTTP/1.1" status: 200 len: 247 time: 0.0068569
2026-08-26 01:23:04.980 9 INFO neutron.wsgi [-] 10.0.0.183 "GET / HTTP/1.1" status: 200 len: 247 time: 0.0015190
2026-08-26 01:23:19.973 9 INFO neutron.wsgi [-] 10.0.0.183 "GET / HTTP/1.1" status: 200 len: 247 time: 0.0016990
2026-08-26 01:23:19.974 10 INFO neutron.wsgi [-] 10.0.0.183 "GET / HTTP/1.1" status: 200 len: 247 time: 0.0023656
2026-08-26 01:23:34.978 9 INFO neutron.wsgi [-] 10.0.0.183 "GET / HTTP/1.1" status: 200 len: 247 time: 0.0071359
2026-08-26 01:23:34.978 10 INFO neutron.wsgi [-] 10.0.0.183 "GET / HTTP/1.1" status: 200 len: 247 time: 0.0031173
2026-08-26 01:23:38.145 9 INFO neutron.wsgi [None req-84ba0941-f230-4c1e-aad5-1279954f3cd3 14a5bbbbe17e4a5caa9185f582a358e0 1d20d688d1f941db8581da66dcb5e9db - - default default] 10.0.0.143 "GET /v2.0/routers HTTP/1.1" status: 200 len: 189 time: 0.0623250
2026-08-26 01:23:38.179 9 INFO neutron.wsgi [None req-2cfb008a-4394-4572-ac1e-5d37cd1e19dd 14a5bbbbe17e4a5caa9185f582a358e0 1d20d688d1f941db8581da66dcb5e9db - - default default] 10.0.0.143 "GET /v2.0/agents?binary=ovn-controller HTTP/1.1" status: 200 len: 591 time: 0.0332837
2026-08-26 01:23:38.195 9 INFO neutron.wsgi [None req-4d131f25-8073-471c-85db-c59907e85c0a 14a5bbbbe17e4a5caa9185f582a358e0 1d20d688d1f941db8581da66dcb5e9db - - default default] 10.0.0.143 "GET /v2.0/floatingips HTTP/1.1" status: 200 len: 193 time: 0.0148039
2026-08-26 01:23:38.254 9 INFO neutron.wsgi [None req-c5127590-86ca-498c-881d-16f76268577f 14a5bbbbe17e4a5caa9185f582a358e0 1d20d688d1f941db8581da66dcb5e9db - - default default] 10.0.0.143 "GET /v2.0/networks HTTP/1.1" status: 200 len: 2350 time: 0.0582926
2026-08-26 01:23:38.285 9 INFO neutron.wsgi [None req-4ca9eb4b-2165-4730-aae9-85b1c9abc4ac 14a5bbbbe17e4a5caa9185f582a358e0 1d20d688d1f941db8581da66dcb5e9db - - default default] 10.0.0.143 "GET /v2.0/subnets HTTP/1.1" status: 200 len: 1437 time: 0.0289731
2026-08-26 01:23:38.297 9 INFO neutron.wsgi [None req-3b2293b0-b359-40bc-9523-69a32c49a204 14a5bbbbe17e4a5caa9185f582a358e0 1d20d688d1f941db8581da66dcb5e9db - - default default] 10.0.0.143 "GET /v2.0/agents HTTP/1.1" status: 200 len: 997 time: 0.0103638
2026-08-26 01:23:38.349 9 INFO neutron.wsgi [None req-6a5cb088-b40a-4c1c-8a93-2a82ee772ce9 14a5bbbbe17e4a5caa9185f582a358e0 1d20d688d1f941db8581da66dcb5e9db - - default default] 10.0.0.143 "GET /v2.0/security-groups HTTP/1.1" status: 200 len: 16803 time: 0.0511689
2026-08-26 01:23:38.388 9 INFO neutron.wsgi [None req-84aac9e7-dfd3-4a22-8c8e-3ba89e9408e0 14a5bbbbe17e4a5caa9185f582a358e0 1d20d688d1f941db8581da66dcb5e9db - - default default] 10.0.0.143 "GET /v2.0/ports HTTP/1.1" status: 200 len: 5349 time: 0.0335789
2026-08-26 01:23:38.402 9 INFO neutron.wsgi [None req-ef7a0efa-ef76-4172-9e75-33878241844a 14a5bbbbe17e4a5caa9185f582a358e0 1d20d688d1f941db8581da66dcb5e9db - - default default] 10.0.0.143 "GET /v2.0/network-ip-availabilities HTTP/1.1" status: 200 len: 1280 time: 0.0108542
2026-08-26 01:23:38.428 9 INFO neutron.wsgi [None req-656335a7-e7a5-4775-a133-62f7cebdd6ea 14a5bbbbe17e4a5caa9185f582a358e0 1d20d688d1f941db8581da66dcb5e9db - - default default] 10.0.0.143 "GET /v2.0/subnets HTTP/1.1" status: 200 len: 1437 time: 0.0254183
2026-08-26 01:23:38.439 9 INFO neutron.wsgi [None req-74c286c1-8bc6-42de-ac48-f73751fc7625 14a5bbbbe17e4a5caa9185f582a358e0 1d20d688d1f941db8581da66dcb5e9db - - default default] 10.0.0.143 "GET /v2.0/subnetpools HTTP/1.1" status: 200 len: 193 time: 0.0094972
2026-08-26 01:23:49.972 9 INFO neutron.wsgi [-] 10.0.0.183 "GET / HTTP/1.1" status: 200 len: 247 time: 0.0013745
2026-08-26 01:23:49.976 10 INFO neutron.wsgi [-] 10.0.0.183 "GET / HTTP/1.1" status: 200 len: 247 time: 0.0033119
2026-08-26 01:24:04.975 9 INFO neutron.wsgi [-] 10.0.0.183 "GET / HTTP/1.1" status: 200 len: 247 time: 0.0025163
2026-08-26 01:24:04.977 9 INFO neutron.wsgi [-] 10.0.0.183 "GET / HTTP/1.1" status: 200 len: 247 time: 0.0012150
2026-08-26 01:24:19.978 9 INFO neutron.wsgi [-] 10.0.0.183 "GET / HTTP/1.1" status: 200 len: 247 time: 0.0025620
2026-08-26 01:24:19.978 10 INFO neutron.wsgi [-] 10.0.0.183 "GET / HTTP/1.1" status: 200 len: 247 time: 0.0058796
2026-08-26 01:24:34.973 9 INFO neutron.wsgi [-] 10.0.0.183 "GET / HTTP/1.1" status: 200 len: 247 time: 0.0017493
2026-08-26 01:24:34.974 10 INFO neutron.wsgi [-] 10.0.0.183 "GET / HTTP/1.1" status: 200 len: 247 time: 0.0025773
2026-08-26 01:24:38.219 9 INFO neutron.wsgi [None req-832de47e-2931-4ff4-b090-382af47916cd 14a5bbbbe17e4a5caa9185f582a358e0 1d20d688d1f941db8581da66dcb5e9db - - default default] 10.0.0.143 "GET /v2.0/floatingips HTTP/1.1" status: 200 len: 193 time: 0.0894797
2026-08-26 01:24:38.297 9 INFO neutron.wsgi [None req-898642bd-740d-4849-b9ba-ff6a2e2c9dd8 14a5bbbbe17e4a5caa9185f582a358e0 1d20d688d1f941db8581da66dcb5e9db - - default default] 10.0.0.143 "GET /v2.0/security-groups HTTP/1.1" status: 200 len: 16803 time: 0.0749810
2026-08-26 01:24:38.339 9 INFO neutron.wsgi [None req-9e1fc006-0dcd-4c1c-9cb2-d5ba38619945 14a5bbbbe17e4a5caa9185f582a358e0 1d20d688d1f941db8581da66dcb5e9db - - default default] 10.0.0.143 "GET /v2.0/ports HTTP/1.1" status: 200 len: 5349 time: 0.0342066
2026-08-26 01:24:38.370 9 INFO neutron.wsgi [None req-bd609c47-d770-4769-8d01-d83c7a1fd65c 14a5bbbbe17e4a5caa9185f582a358e0 1d20d688d1f941db8581da66dcb5e9db - - default default] 10.0.0.143 "GET /v2.0/routers HTTP/1.1" status: 200 len: 189 time: 0.0276198
2026-08-26 01:24:38.410 9 INFO neutron.wsgi [None req-fa28027f-ab2f-4029-995c-774e5f5d8bd4 14a5bbbbe17e4a5caa9185f582a358e0 1d20d688d1f941db8581da66dcb5e9db - - default default] 10.0.0.143 "GET /v2.0/agents?binary=ovn-controller HTTP/1.1" status: 200 len: 591 time: 0.0391386
2026-08-26 01:24:38.423 9 INFO neutron.wsgi [None req-15e08211-db14-4226-945e-0e49fc9ebffb 14a5bbbbe17e4a5caa9185f582a358e0 1d20d688d1f941db8581da66dcb5e9db - - default default] 10.0.0.143 "GET /v2.0/network-ip-availabilities HTTP/1.1" status: 200 len: 1280 time: 0.0114441
2026-08-26 01:24:38.497 9 INFO neutron.wsgi [None req-a22a9616-732e-4081-9d18-cab1f935e26a 14a5bbbbe17e4a5caa9185f582a358e0 1d20d688d1f941db8581da66dcb5e9db - - default default] 10.0.0.143 "GET /v2.0/networks HTTP/1.1" status: 200 len: 2350 time: 0.0724180
2026-08-26 01:24:38.510 9 INFO neutron.wsgi [None req-e906e0f7-499b-44be-8bee-c3c029642abf 14a5bbbbe17e4a5caa9185f582a358e0 1d20d688d1f941db8581da66dcb5e9db - - default default] 10.0.0.143 "GET /v2.0/agents HTTP/1.1" status: 200 len: 997 time: 0.0113201
2026-08-26 01:24:38.541 9 INFO neutron.wsgi [None req-22998b9f-434d-46bd-975e-b6bf51361f36 14a5bbbbe17e4a5caa9185f582a358e0 1d20d688d1f941db8581da66dcb5e9db - - default default] 10.0.0.143 "GET /v2.0/subnets HTTP/1.1" status: 200 len: 1437 time: 0.0297797
2026-08-26 01:24:38.573 9 INFO neutron.wsgi [None req-cc95ca7d-6aa0-4ee3-b5d3-66cedece8696 14a5bbbbe17e4a5caa9185f582a358e0 1d20d688d1f941db8581da66dcb5e9db - - default default] 10.0.0.143 "GET /v2.0/subnets HTTP/1.1" status: 200 len: 1437 time: 0.0300150
2026-08-26 01:24:38.588 9 INFO neutron.wsgi [None req-900c6d8d-89b1-4843-b2f5-fe2149c62637 14a5bbbbe17e4a5caa9185f582a358e0 1d20d688d1f941db8581da66dcb5e9db - - default default] 10.0.0.143 "GET /v2.0/subnetpools HTTP/1.1" status: 200 len: 193 time: 0.0135813
2026-08-26 01:24:49.974 10 INFO neutron.wsgi [-] 10.0.0.183 "GET / HTTP/1.1" status: 200 len: 247 time: 0.0027502
2026-08-26 01:24:49.975 9 INFO neutron.wsgi [-] 10.0.0.183 "GET / HTTP/1.1" status: 200 len: 247 time: 0.0031557
2026-08-26 01:25:04.974 10 INFO neutron.wsgi [-] 10.0.0.183 "GET / HTTP/1.1" status: 200 len: 247 time: 0.0018744
2026-08-26 01:25:04.977 9 INFO neutron.wsgi [-] 10.0.0.183 "GET / HTTP/1.1" status: 200 len: 247 time: 0.0039353
2026-08-26 01:25:19.975 10 INFO neutron.wsgi [-] 10.0.0.183 "GET / HTTP/1.1" status: 200 len: 247 time: 0.0030904
2026-08-26 01:25:19.977 10 INFO neutron.wsgi [-] 10.0.0.183 "GET / HTTP/1.1" status: 200 len: 247 time: 0.0012512
2026-08-26 01:25:34.977 10 INFO neutron.wsgi [-] 10.0.0.183 "GET / HTTP/1.1" status: 200 len: 247 time: 0.0058331
2026-08-26 01:25:34.979 10 INFO neutron.wsgi [-] 10.0.0.183 "GET / HTTP/1.1" status: 200 len: 247 time: 0.0009031
2026-08-26 01:25:38.142 9 INFO neutron.wsgi [None req-98a8576d-b11d-47f8-b99e-bc4abeaf7935 14a5bbbbe17e4a5caa9185f582a358e0 1d20d688d1f941db8581da66dcb5e9db - - default default] 10.0.0.143 "GET /v2.0/routers HTTP/1.1" status: 200 len: 189 time: 0.0758157
2026-08-26 01:25:38.175 9 INFO neutron.wsgi [None req-e64059c6-cac3-492b-9a47-ddf717b75678 14a5bbbbe17e4a5caa9185f582a358e0 1d20d688d1f941db8581da66dcb5e9db - - default default] 10.0.0.143 "GET /v2.0/agents?binary=ovn-controller HTTP/1.1" status: 200 len: 591 time: 0.0320077
2026-08-26 01:25:38.186 9 INFO neutron.wsgi [None req-e38aab98-29d8-4932-9628-7e0e662b0a9b 14a5bbbbe17e4a5caa9185f582a358e0 1d20d688d1f941db8581da66dcb5e9db - - default default] 10.0.0.143 "GET /v2.0/agents HTTP/1.1" status: 200 len: 997 time: 0.0096493
2026-08-26 01:25:38.205 9 INFO neutron.wsgi [None req-86fdd08f-b13c-4378-8d09-87dcf9b5c903 14a5bbbbe17e4a5caa9185f582a358e0 1d20d688d1f941db8581da66dcb5e9db - - default default] 10.0.0.143 "GET /v2.0/floatingips HTTP/1.1" status: 200 len: 193 time: 0.0178173
2026-08-26 01:25:38.243 9 INFO neutron.wsgi [None req-cda1354c-72ba-4002-85d4-f59f4f377e08 14a5bbbbe17e4a5caa9185f582a358e0 1d20d688d1f941db8581da66dcb5e9db - - default default] 10.0.0.143 "GET /v2.0/security-groups HTTP/1.1" status: 200 len: 16803 time: 0.0378423
2026-08-26 01:25:38.310 9 INFO neutron.wsgi [None req-68c305fa-1357-4e3c-b031-f247578f5661 14a5bbbbe17e4a5caa9185f582a358e0 1d20d688d1f941db8581da66dcb5e9db - - default default] 10.0.0.143 "GET /v2.0/networks HTTP/1.1" status: 200 len: 2350 time: 0.0594032
2026-08-26 01:25:38.342 9 INFO neutron.wsgi [None req-328b2166-65d1-4f0d-b4d6-d1c886c23f83 14a5bbbbe17e4a5caa9185f582a358e0 1d20d688d1f941db8581da66dcb5e9db - - default default] 10.0.0.143 "GET /v2.0/ports HTTP/1.1" status: 200 len: 5349 time: 0.0301633
2026-08-26 01:25:38.374 9 INFO neutron.wsgi [None req-dccc32ee-3c4b-47cf-af03-72371b19657d 14a5bbbbe17e4a5caa9185f582a358e0 1d20d688d1f941db8581da66dcb5e9db - - default default] 10.0.0.143 "GET /v2.0/subnets HTTP/1.1" status: 200 len: 1437 time: 0.0288835
2026-08-26 01:25:38.384 9 INFO neutron.wsgi [None req-9f0daa6a-f690-4817-867c-b17ae5917ef0 14a5bbbbe17e4a5caa9185f582a358e0 1d20d688d1f941db8581da66dcb5e9db - - default default] 10.0.0.143 "GET /v2.0/subnetpools HTTP/1.1" status: 200 len: 193 time: 0.0090179
2026-08-26 01:25:38.415 9 INFO neutron.wsgi [None req-a27e9251-25db-4734-8618-a500c5689051 14a5bbbbe17e4a5caa9185f582a358e0 1d20d688d1f941db8581da66dcb5e9db - - default default] 10.0.0.143 "GET /v2.0/subnets HTTP/1.1" status: 200 len: 1437 time: 0.0303309
2026-08-26 01:25:38.430 9 INFO neutron.wsgi [None req-16ffe31e-0c69-48bf-a3d2-353f07add330 14a5bbbbe17e4a5caa9185f582a358e0 1d20d688d1f941db8581da66dcb5e9db - - default default] 10.0.0.143 "GET /v2.0/network-ip-availabilities HTTP/1.1" status: 200 len: 1280 time: 0.0133772
2026-08-26 01:25:49.974 10 INFO neutron.wsgi [-] 10.0.0.183 "GET / HTTP/1.1" status: 200 len: 247 time: 0.0025201
2026-08-26 01:25:49.975 9 INFO neutron.wsgi [-] 10.0.0.183 "GET / HTTP/1.1" status: 200 len: 247 time: 0.0030742
2026-08-26 01:26:04.973 9 INFO neutron.wsgi [-] 10.0.0.183 "GET / HTTP/1.1" status: 200 len: 247 time: 0.0025477
2026-08-26 01:26:04.974 10 INFO neutron.wsgi [-] 10.0.0.183 "GET / HTTP/1.1" status: 200 len: 247 time: 0.0030134
2026-08-26 01:26:19.974 10 INFO neutron.wsgi [-] 10.0.0.183 "GET / HTTP/1.1" status: 200 len: 247 time: 0.0024908
2026-08-26 01:26:19.976 10 INFO neutron.wsgi [-] 10.0.0.183 "GET / HTTP/1.1" status: 200 len: 247 time: 0.0012176
2026-08-26 01:26:34.972 9 INFO neutron.wsgi [-] 10.0.0.183 "GET / HTTP/1.1" status: 200 len: 247 time: 0.0013661
2026-08-26 01:26:34.977 10 INFO neutron.wsgi [-] 10.0.0.183 "GET / HTTP/1.1" status: 200 len: 247 time: 0.0067570
2026-08-26 01:26:38.151 9 INFO neutron.wsgi [None req-2db2f11b-49a4-4a40-92bb-a15abcc1b8c5 14a5bbbbe17e4a5caa9185f582a358e0 1d20d688d1f941db8581da66dcb5e9db - - default default] 10.0.0.143 "GET /v2.0/subnets HTTP/1.1" status: 200 len: 1437 time: 0.0780010
2026-08-26 01:26:38.165 9 INFO neutron.wsgi [None req-fd6adea2-161c-4c49-8847-2bcdd2b37635 14a5bbbbe17e4a5caa9185f582a358e0 1d20d688d1f941db8581da66dcb5e9db - - default default] 10.0.0.143 "GET /v2.0/subnetpools HTTP/1.1" status: 200 len: 193 time: 0.0122483
2026-08-26 01:26:38.231 9 INFO neutron.wsgi [None req-f7deb67b-93c1-48c3-85be-676dc1c9e5e8 14a5bbbbe17e4a5caa9185f582a358e0 1d20d688d1f941db8581da66dcb5e9db - - default default] 10.0.0.143 "GET /v2.0/networks HTTP/1.1" status: 200 len: 2350 time: 0.0651226
2026-08-26 01:26:38.266 9 INFO neutron.wsgi [None req-c5f15940-45a3-49e8-bd34-4cb268f07266 14a5bbbbe17e4a5caa9185f582a358e0 1d20d688d1f941db8581da66dcb5e9db - - default default] 10.0.0.143 "GET /v2.0/subnets HTTP/1.1" status: 200 len: 1437 time: 0.0322239
2026-08-26 01:26:38.294 9 INFO neutron.wsgi [None req-6f858d00-5ded-46c7-9199-c7ee6c8c9bdb 14a5bbbbe17e4a5caa9185f582a358e0 1d20d688d1f941db8581da66dcb5e9db - - default default] 10.0.0.143 "GET /v2.0/routers HTTP/1.1" status: 200 len: 189 time: 0.0277250
2026-08-26 01:26:38.338 9 INFO neutron.wsgi [None req-fa54542f-c63d-418a-8443-ceff5a8b176e 14a5bbbbe17e4a5caa9185f582a358e0 1d20d688d1f941db8581da66dcb5e9db - - default default] 10.0.0.143 "GET /v2.0/agents?binary=ovn-controller HTTP/1.1" status: 200 len: 591 time: 0.0428331
2026-08-26 01:26:38.350 9 INFO neutron.wsgi [None req-1844ba63-39b5-45cc-8238-a98c12cd4d2e 14a5bbbbe17e4a5caa9185f582a358e0 1d20d688d1f941db8581da66dcb5e9db - - default default] 10.0.0.143 "GET /v2.0/agents HTTP/1.1" status: 200 len: 997 time: 0.0107546
2026-08-26 01:26:38.361 9 INFO neutron.wsgi [None req-67bef3c6-a825-4fb8-bdf4-361082bcf988 14a5bbbbe17e4a5caa9185f582a358e0 1d20d688d1f941db8581da66dcb5e9db - - default default] 10.0.0.143 "GET /v2.0/network-ip-availabilities HTTP/1.1" status: 200 len: 1280 time: 0.0094409
2026-08-26 01:26:38.380 9 INFO neutron.wsgi [None req-4854adb6-6fd8-4b89-8059-8ac8dfd96524 14a5bbbbe17e4a5caa9185f582a358e0 1d20d688d1f941db8581da66dcb5e9db - - default default] 10.0.0.143 "GET /v2.0/floatingips HTTP/1.1" status: 200 len: 193 time: 0.0186496
2026-08-26 01:26:38.428 9 INFO neutron.wsgi [None req-5db272cc-1d42-4ab5-8f76-42439ac04fc9 14a5bbbbe17e4a5caa9185f582a358e0 1d20d688d1f941db8581da66dcb5e9db - - default default] 10.0.0.143 "GET /v2.0/security-groups HTTP/1.1" status: 200 len: 16803 time: 0.0465825
2026-08-26 01:26:38.467 9 INFO neutron.wsgi [None req-3835a954-40d1-47c2-b832-c3eeaf96ee1d 14a5bbbbe17e4a5caa9185f582a358e0 1d20d688d1f941db8581da66dcb5e9db - - default default] 10.0.0.143 "GET /v2.0/ports HTTP/1.1" status: 200 len: 5349 time: 0.0341585
2026-08-26 01:26:49.972 10 INFO neutron.wsgi [-] 10.0.0.183 "GET / HTTP/1.1" status: 200 len: 247 time: 0.0013423
2026-08-26 01:26:49.973 10 INFO neutron.wsgi [-] 10.0.0.183 "GET / HTTP/1.1" status: 200 len: 247 time: 0.0010931
2026-08-26 01:27:04.973 9 INFO neutron.wsgi [-] 10.0.0.183 "GET / HTTP/1.1" status: 200 len: 247 time: 0.0018356
2026-08-26 01:27:04.973 10 INFO neutron.wsgi [-] 10.0.0.183 "GET / HTTP/1.1" status: 200 len: 247 time: 0.0022573
2026-08-26 01:27:19.974 10 INFO neutron.wsgi [-] 10.0.0.183 "GET / HTTP/1.1" status: 200 len: 247 time: 0.0026996
2026-08-26 01:27:19.977 10 INFO neutron.wsgi [-] 10.0.0.183 "GET / HTTP/1.1" status: 200 len: 247 time: 0.0020039
2026-08-26 01:27:34.973 9 INFO neutron.wsgi [-] 10.0.0.183 "GET / HTTP/1.1" status: 200 len: 247 time: 0.0021770
2026-08-26 01:27:34.975 9 INFO neutron.wsgi [-] 10.0.0.183 "GET / HTTP/1.1" status: 200 len: 247 time: 0.0011413
2026-08-26 01:27:38.233 9 INFO neutron.wsgi [None req-e5f6de4d-b13b-45e6-8569-2344ab83628d 14a5bbbbe17e4a5caa9185f582a358e0 1d20d688d1f941db8581da66dcb5e9db - - default default] 10.0.0.143 "GET /v2.0/security-groups HTTP/1.1" status: 200 len: 16803 time: 0.1665497
2026-08-26 01:27:38.276 9 INFO neutron.wsgi [None req-ed856524-b7dc-4b8c-aabc-a09ecfe38423 14a5bbbbe17e4a5caa9185f582a358e0 1d20d688d1f941db8581da66dcb5e9db - - default default] 10.0.0.143 "GET /v2.0/ports HTTP/1.1" status: 200 len: 5349 time: 0.0353334
2026-08-26 01:27:38.311 9 INFO neutron.wsgi [None req-038e46e9-f5a7-4bf1-9e40-f8377da11d65 14a5bbbbe17e4a5caa9185f582a358e0 1d20d688d1f941db8581da66dcb5e9db - - default default] 10.0.0.143 "GET /v2.0/subnets HTTP/1.1" status: 200 len: 1437 time: 0.0310740
2026-08-26 01:27:38.322 9 INFO neutron.wsgi [None req-c6285100-104f-4a1e-8d34-ee7efd9d1c5c 14a5bbbbe17e4a5caa9185f582a358e0 1d20d688d1f941db8581da66dcb5e9db - - default default] 10.0.0.143 "GET /v2.0/subnetpools HTTP/1.1" status: 200 len: 193 time: 0.0090883
2026-08-26 01:27:38.343 9 INFO neutron.wsgi [None req-b1d8d1f6-b524-4c20-a8f8-38c9f3868f95 14a5bbbbe17e4a5caa9185f582a358e0 1d20d688d1f941db8581da66dcb5e9db - - default default] 10.0.0.143 "GET /v2.0/floatingips HTTP/1.1" status: 200 len: 193 time: 0.0204012
2026-08-26 01:27:38.414 9 INFO neutron.wsgi [None req-c06d790b-5bf5-4b73-9958-eafddeaaa557 14a5bbbbe17e4a5caa9185f582a358e0 1d20d688d1f941db8581da66dcb5e9db - - default default] 10.0.0.143 "GET /v2.0/networks HTTP/1.1" status: 200 len: 2350 time: 0.0708082
2026-08-26 01:27:38.460 9 INFO neutron.wsgi [None req-64d9d22a-0a14-4607-9a1b-728569e90501 14a5bbbbe17e4a5caa9185f582a358e0 1d20d688d1f941db8581da66dcb5e9db - - default default] 10.0.0.143 "GET /v2.0/subnets HTTP/1.1" status: 200 len: 1437 time: 0.0380900
2026-08-26 01:27:38.497 9 INFO neutron.wsgi [None req-5497bfe4-a77e-4a5b-9742-00a2f8683296 14a5bbbbe17e4a5caa9185f582a358e0 1d20d688d1f941db8581da66dcb5e9db - - default default] 10.0.0.143 "GET /v2.0/routers HTTP/1.1" status: 200 len: 189 time: 0.0345423
2026-08-26 01:27:38.575 9 INFO neutron.wsgi [None req-87b4e8ee-c386-4ade-aa82-7b31e4f876e2 14a5bbbbe17e4a5caa9185f582a358e0 1d20d688d1f941db8581da66dcb5e9db - - default default] 10.0.0.143 "GET /v2.0/agents?binary=ovn-controller HTTP/1.1" status: 200 len: 591 time: 0.0770602
2026-08-26 01:27:38.589 9 INFO neutron.wsgi [None req-af793ce3-e2ba-493a-9f21-45ce190f011f 14a5bbbbe17e4a5caa9185f582a358e0 1d20d688d1f941db8581da66dcb5e9db - - default default] 10.0.0.143 "GET /v2.0/agents HTTP/1.1" status: 200 len: 997 time: 0.0131376
2026-08-26 01:27:38.614 9 INFO neutron.wsgi [None req-5a149f7c-c61b-4eb4-add5-04d46baa93f4 14a5bbbbe17e4a5caa9185f582a358e0 1d20d688d1f941db8581da66dcb5e9db - - default default] 10.0.0.143 "GET /v2.0/network-ip-availabilities HTTP/1.1" status: 200 len: 1280 time: 0.0243437
2026-08-26 01:27:49.974 9 INFO neutron.wsgi [-] 10.0.0.183 "GET / HTTP/1.1" status: 200 len: 247 time: 0.0026817
2026-08-26 01:27:49.974 10 INFO neutron.wsgi [-] 10.0.0.183 "GET / HTTP/1.1" status: 200 len: 247 time: 0.0027616
2026-08-26 01:28:04.972 10 INFO neutron.wsgi [-] 10.0.0.183 "GET / HTTP/1.1" status: 200 len: 247 time: 0.0016363
2026-08-26 01:28:04.975 9 INFO neutron.wsgi [-] 10.0.0.183 "GET / HTTP/1.1" status: 200 len: 247 time: 0.0041060
2026-08-26 01:28:19.973 9 INFO neutron.wsgi [-] 10.0.0.183 "GET / HTTP/1.1" status: 200 len: 247 time: 0.0023413
2026-08-26 01:28:19.973 10 INFO neutron.wsgi [-] 10.0.0.183 "GET / HTTP/1.1" status: 200 len: 247 time: 0.0027583
2026-08-26 01:28:34.974 9 INFO neutron.wsgi [-] 10.0.0.183 "GET / HTTP/1.1" status: 200 len: 247 time: 0.0025711
2026-08-26 01:28:34.974 10 INFO neutron.wsgi [-] 10.0.0.183 "GET / HTTP/1.1" status: 200 len: 247 time: 0.0025182
2026-08-26 01:28:38.169 9 INFO neutron.wsgi [None req-d9e625be-aeea-4017-8323-4977c898b167 14a5bbbbe17e4a5caa9185f582a358e0 1d20d688d1f941db8581da66dcb5e9db - - default default] 10.0.0.143 "GET /v2.0/subnets HTTP/1.1" status: 200 len: 1437 time: 0.0937335
2026-08-26 01:28:38.193 9 INFO neutron.wsgi [None req-2a3cb57e-4f94-4f7a-b7d2-59bd7213c7e5 14a5bbbbe17e4a5caa9185f582a358e0 1d20d688d1f941db8581da66dcb5e9db - - default default] 10.0.0.143 "GET /v2.0/floatingips HTTP/1.1" status: 200 len: 193 time: 0.0231428
2026-08-26 01:28:38.227 9 INFO neutron.wsgi [None req-8f0ab47e-d920-4e5d-b266-1667b9696278 14a5bbbbe17e4a5caa9185f582a358e0 1d20d688d1f941db8581da66dcb5e9db - - default default] 10.0.0.143 "GET /v2.0/subnets HTTP/1.1" status: 200 len: 1437 time: 0.0326946
2026-08-26 01:28:38.236 9 INFO neutron.wsgi [None req-60edddc2-0580-42de-a420-dfb84f3f93ab 14a5bbbbe17e4a5caa9185f582a358e0 1d20d688d1f941db8581da66dcb5e9db - - default default] 10.0.0.143 "GET /v2.0/subnetpools HTTP/1.1" status: 200 len: 193 time: 0.0088849
2026-08-26 01:28:38.267 9 INFO neutron.wsgi [None req-810f5991-bbc2-4e48-a9de-d61961b4fbe4 14a5bbbbe17e4a5caa9185f582a358e0 1d20d688d1f941db8581da66dcb5e9db - - default default] 10.0.0.143 "GET /v2.0/routers HTTP/1.1" status: 200 len: 189 time: 0.0300078
2026-08-26 01:28:38.314 9 INFO neutron.wsgi [None req-26a51918-41e9-4694-830b-16e1e1856994 14a5bbbbe17e4a5caa9185f582a358e0 1d20d688d1f941db8581da66dcb5e9db - - default default] 10.0.0.143 "GET /v2.0/agents?binary=ovn-controller HTTP/1.1" status: 200 len: 591 time: 0.0457919
2026-08-26 01:28:38.323 9 INFO neutron.wsgi [None req-4522bdf4-7f73-42ce-b958-b933bd895b33 14a5bbbbe17e4a5caa9185f582a358e0 1d20d688d1f941db8581da66dcb5e9db - - default default] 10.0.0.143 "GET /v2.0/agents HTTP/1.1" status: 200 len: 997 time: 0.0082970
2026-08-26 01:28:38.386 9 INFO neutron.wsgi [None req-c0e10701-f524-4cf6-8d8d-e221ef507405 14a5bbbbe17e4a5caa9185f582a358e0 1d20d688d1f941db8581da66dcb5e9db - - default default] 10.0.0.143 "GET /v2.0/networks HTTP/1.1" status: 200 len: 2350 time: 0.0628028
2026-08-26 01:28:38.431 9 INFO neutron.wsgi [None req-673aa7d5-cb38-42e6-9a37-4028d3c4e2fb 14a5bbbbe17e4a5caa9185f582a358e0 1d20d688d1f941db8581da66dcb5e9db - - default default] 10.0.0.143 "GET /v2.0/security-groups HTTP/1.1" status: 200 len: 16803 time: 0.0433242
2026-08-26 01:28:38.467 9 INFO neutron.wsgi [None req-793be4e2-786f-491a-bd91-00143c081f02 14a5bbbbe17e4a5caa9185f582a358e0 1d20d688d1f941db8581da66dcb5e9db - - default default] 10.0.0.143 "GET /v2.0/ports HTTP/1.1" status: 200 len: 5349 time: 0.0304489
2026-08-26 01:28:38.483 9 INFO neutron.wsgi [None req-7a3908b3-0a5f-4247-95d4-8537a1bbef9e 14a5bbbbe17e4a5caa9185f582a358e0 1d20d688d1f941db8581da66dcb5e9db - - default default] 10.0.0.143 "GET /v2.0/network-ip-availabilities HTTP/1.1" status: 200 len: 1280 time: 0.0094838
2026-08-26 01:28:49.974 10 INFO neutron.wsgi [-] 10.0.0.183 "GET / HTTP/1.1" status: 200 len: 247 time: 0.0024745
2026-08-26 01:28:49.977 10 INFO neutron.wsgi [-] 10.0.0.183 "GET / HTTP/1.1" status: 200 len: 247 time: 0.0021677
2026-08-26 01:29:04.973 9 INFO neutron.wsgi [-] 10.0.0.183 "GET / HTTP/1.1" status: 200 len: 247 time: 0.0018740
2026-08-26 01:29:04.976 10 INFO neutron.wsgi [-] 10.0.0.183 "GET / HTTP/1.1" status: 200 len: 247 time: 0.0038850
