2026-08-26 01:33:57.970 9 INFO neutron.api.v2.resource [None req-bc6307b0-3d6e-4ca5-ae27-866b35b9c6cd 8b1c6c9ef57148699d8f3d2d6a9b2455 3cf3d30dcd094910938cd08d9cf9a6d7 - - default default] show failed (client error): The resource could not be found.
2026-08-26 01:33:57.971 9 INFO neutron.wsgi [None req-bc6307b0-3d6e-4ca5-ae27-866b35b9c6cd 8b1c6c9ef57148699d8f3d2d6a9b2455 3cf3d30dcd094910938cd08d9cf9a6d7 - - default default] 10.0.0.178 "GET /v2.0/security-groups/5ef55e48-d31e-4c96-b814-f4168d68c84d HTTP/1.1" status: 404 len: 347 time: 0.0095401
2026-08-26 01:33:58.343 9 INFO neutron.wsgi [None req-763543d9-f55a-4371-9319-483ba95e847b 8b1c6c9ef57148699d8f3d2d6a9b2455 3cf3d30dcd094910938cd08d9cf9a6d7 - - default default] 10.0.0.178 "DELETE /v2.0/floatingips/7bdefd74-c859-4661-9799-cfa88a2e863b HTTP/1.1" status: 204 len: 168 time: 0.3679194
2026-08-26 01:33:58.345 9 INFO neutron.notifiers.nova [-] Nova event matching ['req-d41a1b34-adb1-49b3-9441-5571804bfe12'] response: {'server_uuid': '87b8d68a-0179-4e5d-88a6-82e2eaf2b5e9', 'name': 'network-vif-deleted', 'tag': '6cc17f89-a9cf-4558-af0d-3c6c511f3a88', 'status': 'completed', 'code': 200}
2026-08-26 01:33:58.345 9 INFO neutron.notifiers.nova [-] Nova event matching ['req-d41a1b34-adb1-49b3-9441-5571804bfe12'] response: {'server_uuid': '913ea0c5-12aa-4251-95b4-2720b9e05374', 'name': 'network-vif-unplugged', 'status': 'completed', 'tag': '1f6c90e1-b242-4de1-88c7-a982fcf138f6', 'code': 200}
2026-08-26 01:33:58.345 9 INFO neutron.notifiers.nova [-] Nova event matching ['req-d41a1b34-adb1-49b3-9441-5571804bfe12'] response: {'server_uuid': '913ea0c5-12aa-4251-95b4-2720b9e05374', 'name': 'network-vif-plugged', 'status': 'completed', 'tag': '1f6c90e1-b242-4de1-88c7-a982fcf138f6', 'code': 200}
2026-08-26 01:33:58.345 9 INFO neutron.notifiers.nova [-] Nova event matching ['req-d41a1b34-adb1-49b3-9441-5571804bfe12'] response: {'server_uuid': '913ea0c5-12aa-4251-95b4-2720b9e05374', 'name': 'network-vif-deleted', 'tag': '1f6c90e1-b242-4de1-88c7-a982fcf138f6', 'status': 'completed', 'code': 200}
2026-08-26 01:33:59.011 10 INFO neutron.wsgi [None req-d17d080b-c1f5-47ce-8fe7-c13580969ab0 53445ec089e7469f9d4a987d5b5cafc8 6f0615ba7f974db49beb9078a9cf3815 - - default default] 10.0.0.178 "DELETE /v2.0/security-groups/a79aa472-40d7-44eb-af96-08e8caab191f HTTP/1.1" status: 204 len: 168 time: 0.1294503
2026-08-26 01:33:59.027 10 INFO neutron.api.v2.resource [None req-94d553f9-3464-4789-b9a2-ce455d15f6e1 53445ec089e7469f9d4a987d5b5cafc8 6f0615ba7f974db49beb9078a9cf3815 - - default default] show failed (client error): The resource could not be found.
2026-08-26 01:33:59.027 10 INFO neutron.wsgi [None req-94d553f9-3464-4789-b9a2-ce455d15f6e1 53445ec089e7469f9d4a987d5b5cafc8 6f0615ba7f974db49beb9078a9cf3815 - - default default] 10.0.0.178 "GET /v2.0/security-groups/a79aa472-40d7-44eb-af96-08e8caab191f HTTP/1.1" status: 404 len: 347 time: 0.0112214
2026-08-26 01:33:59.550 10 INFO neutron.db.ovn_revision_numbers_db [None req-e920dd8b-0584-4254-a75c-faf26decdb70 99bc64aee69045a4bfd37e9d4b56def3 d3b818e566ef4eadaa1d807781ec4427 - - default default] Successfully bumped revision number for resource 5331acb0-e82f-42a6-b801-c9a93a495ba6 (type: security_groups) to 1
2026-08-26 01:33:59.564 10 INFO neutron.db.ovn_revision_numbers_db [None req-e920dd8b-0584-4254-a75c-faf26decdb70 99bc64aee69045a4bfd37e9d4b56def3 d3b818e566ef4eadaa1d807781ec4427 - - default default] Successfully bumped revision number for resource 721d4831-9799-4f63-bdef-ed9a9ca4ddef (type: security_group_rules) to 0
2026-08-26 01:33:59.598 10 INFO neutron.db.ovn_revision_numbers_db [None req-e920dd8b-0584-4254-a75c-faf26decdb70 99bc64aee69045a4bfd37e9d4b56def3 d3b818e566ef4eadaa1d807781ec4427 - - default default] Successfully bumped revision number for resource aa1a2208-5b5d-436d-8244-9e9d627b2c7b (type: security_group_rules) to 0
2026-08-26 01:33:59.620 10 INFO neutron.db.ovn_revision_numbers_db [None req-e920dd8b-0584-4254-a75c-faf26decdb70 99bc64aee69045a4bfd37e9d4b56def3 d3b818e566ef4eadaa1d807781ec4427 - - default default] Successfully bumped revision number for resource bd632bf8-2eb1-436b-af38-d5ea940c8280 (type: security_group_rules) to 0
2026-08-26 01:33:59.649 10 INFO neutron.db.ovn_revision_numbers_db [None req-e920dd8b-0584-4254-a75c-faf26decdb70 99bc64aee69045a4bfd37e9d4b56def3 d3b818e566ef4eadaa1d807781ec4427 - - default default] Successfully bumped revision number for resource f3b2e89d-4901-47f6-ad89-ca153c96c4b0 (type: security_group_rules) to 0
2026-08-26 01:33:59.733 10 INFO neutron.db.segments_db [None req-e920dd8b-0584-4254-a75c-faf26decdb70 99bc64aee69045a4bfd37e9d4b56def3 d3b818e566ef4eadaa1d807781ec4427 - - default default] Added segment 818a4216-2281-40ad-923c-2a86a2f8708d of type geneve for network 4074bd0b-8d4f-494c-8a28-5e51c3211e38
2026-08-26 01:33:59.770 9 INFO neutron.wsgi [None req-adc5eeb7-01b1-42bb-90bf-b7d15780dea1 53445ec089e7469f9d4a987d5b5cafc8 6f0615ba7f974db49beb9078a9cf3815 - - default default] 10.0.0.178 "DELETE /v2.0/floatingips/9f7062d2-61c3-4b61-a7e4-0eabe62418c1 HTTP/1.1" status: 204 len: 168 time: 0.7378502
2026-08-26 01:33:59.905 10 INFO neutron.db.segments_db [None req-e920dd8b-0584-4254-a75c-faf26decdb70 99bc64aee69045a4bfd37e9d4b56def3 d3b818e566ef4eadaa1d807781ec4427 - - default default] Added segment 7de93a0f-35c7-47ad-be20-f08b7fce1502 of type geneve for network 30b96acb-0294-4f4b-b087-fb805a0c5ddf
2026-08-26 01:33:59.929 9 INFO neutron.wsgi [None req-bf9e2fda-cf65-476d-aa98-552da7746c00 14a5bbbbe17e4a5caa9185f582a358e0 1d20d688d1f941db8581da66dcb5e9db - - default default] 10.0.0.178 "PUT /v2.0/routers/cc040c76-8230-40b5-adeb-259bff7b33d0/remove_router_interface HTTP/1.1" status: 200 len: 503 time: 1.5801523
2026-08-26 01:34:00.126 10 INFO neutron.db.ovn_revision_numbers_db [None req-e920dd8b-0584-4254-a75c-faf26decdb70 99bc64aee69045a4bfd37e9d4b56def3 d3b818e566ef4eadaa1d807781ec4427 - - default default] Successfully bumped revision number for resource 4074bd0b-8d4f-494c-8a28-5e51c3211e38 (type: networks) to 1
2026-08-26 01:34:00.375 10 WARNING neutron.scheduler.dhcp_agent_scheduler [None req-e920dd8b-0584-4254-a75c-faf26decdb70 99bc64aee69045a4bfd37e9d4b56def3 d3b818e566ef4eadaa1d807781ec4427 - - default default] No more DHCP agents
2026-08-26 01:34:00.379 10 WARNING neutron.api.rpc.agentnotifiers.dhcp_rpc_agent_api [None req-e920dd8b-0584-4254-a75c-faf26decdb70 99bc64aee69045a4bfd37e9d4b56def3 d3b818e566ef4eadaa1d807781ec4427 - - default default] Unable to schedule network 4074bd0b-8d4f-494c-8a28-5e51c3211e38: no agents available; will retry on subsequent port and subnet creation events.
2026-08-26 01:34:00.499 10 INFO neutron.db.ovn_revision_numbers_db [None req-e920dd8b-0584-4254-a75c-faf26decdb70 99bc64aee69045a4bfd37e9d4b56def3 d3b818e566ef4eadaa1d807781ec4427 - - default default] Successfully bumped revision number for resource d28e813d-6c97-44c5-8e50-f4850c619e22 (type: ports) to 1
2026-08-26 01:34:00.613 10 INFO neutron.db.ovn_revision_numbers_db [None req-e920dd8b-0584-4254-a75c-faf26decdb70 99bc64aee69045a4bfd37e9d4b56def3 d3b818e566ef4eadaa1d807781ec4427 - - default default] Successfully bumped revision number for resource 30b96acb-0294-4f4b-b087-fb805a0c5ddf (type: networks) to 1
2026-08-26 01:34:00.801 10 INFO neutron.wsgi [None req-d3fe4e8f-6da5-4e25-af29-a9ad49391eac 14a5bbbbe17e4a5caa9185f582a358e0 1d20d688d1f941db8581da66dcb5e9db - - default default] 10.0.0.178 "DELETE /v2.0/routers/cc040c76-8230-40b5-adeb-259bff7b33d0 HTTP/1.1" status: 204 len: 168 time: 0.8669765
2026-08-26 01:34:00.842 10 WARNING neutron.scheduler.dhcp_agent_scheduler [None req-e920dd8b-0584-4254-a75c-faf26decdb70 99bc64aee69045a4bfd37e9d4b56def3 d3b818e566ef4eadaa1d807781ec4427 - - default default] No more DHCP agents
2026-08-26 01:34:00.847 10 WARNING neutron.api.rpc.agentnotifiers.dhcp_rpc_agent_api [None req-e920dd8b-0584-4254-a75c-faf26decdb70 99bc64aee69045a4bfd37e9d4b56def3 d3b818e566ef4eadaa1d807781ec4427 - - default default] Unable to schedule network 30b96acb-0294-4f4b-b087-fb805a0c5ddf: no agents available; will retry on subsequent port and subnet creation events.
2026-08-26 01:34:00.881 9 INFO neutron.wsgi [None req-e3b282e5-9dd8-4201-9084-e17b096d17a5 14a5bbbbe17e4a5caa9185f582a358e0 1d20d688d1f941db8581da66dcb5e9db - - default default] 10.0.0.178 "PUT /v2.0/routers/ad886f66-33ef-44a2-8c8c-7738655cffa5/remove_router_interface HTTP/1.1" status: 200 len: 503 time: 1.1034999 /var/lib/openstack/lib/python3.10/site-packages/pycadf/identifier.py:71: UserWarning: Invalid uuid: neutron. To ensure interoperability, identifiers should be a valid uuid. warnings.warn(('Invalid uuid: %s. To ensure interoperability, '
2026-08-26 01:34:00.948 10 INFO neutron.db.ovn_revision_numbers_db [None req-e920dd8b-0584-4254-a75c-faf26decdb70 99bc64aee69045a4bfd37e9d4b56def3 d3b818e566ef4eadaa1d807781ec4427 - - default default] Successfully bumped revision number for resource 29065317-5fd5-43d0-9824-25ca1147717f (type: ports) to 1
2026-08-26 01:34:00.982 10 INFO neutron.wsgi [None req-e920dd8b-0584-4254-a75c-faf26decdb70 99bc64aee69045a4bfd37e9d4b56def3 d3b818e566ef4eadaa1d807781ec4427 - - default default] 10.0.0.178 "POST /v2.0/networks HTTP/1.1" status: 201 len: 1445 time: 1.8917673
2026-08-26 01:34:01.042 10 INFO neutron.wsgi [None req-617879e5-0078-49de-9f85-9a4ba6376226 14a5bbbbe17e4a5caa9185f582a358e0 1d20d688d1f941db8581da66dcb5e9db - - default default] 10.0.0.178 "DELETE /v2.0/subnets/018de852-004b-4e93-a8b7-5a5e28d809a5 HTTP/1.1" status: 204 len: 168 time: 0.2346442
2026-08-26 01:34:01.118 9 INFO neutron.wsgi [None req-b1f5bb24-23d9-4791-814f-fe04dfd37653 99bc64aee69045a4bfd37e9d4b56def3 d3b818e566ef4eadaa1d807781ec4427 - - default default] 10.0.0.178 "GET /v2.0/networks HTTP/1.1" status: 200 len: 2051 time: 0.1283953
2026-08-26 01:34:01.489 9 INFO neutron.wsgi [None req-a641b78b-17b4-48b7-802a-f8d66165e48d 14a5bbbbe17e4a5caa9185f582a358e0 1d20d688d1f941db8581da66dcb5e9db - - default default] 10.0.0.178 "DELETE /v2.0/routers/ad886f66-33ef-44a2-8c8c-7738655cffa5 HTTP/1.1" status: 204 len: 168 time: 0.6027558
2026-08-26 01:34:01.662 10 INFO neutron.services.segments.plugin [-] Segment 6b91eac4-b186-46f7-aa73-31491bf37f8c resource provider aggregate not found
2026-08-26 01:34:01.667 9 INFO neutron.wsgi [None req-2f42d1d3-276b-4f00-8ac3-3d5bf96f0449 14a5bbbbe17e4a5caa9185f582a358e0 1d20d688d1f941db8581da66dcb5e9db - - default default] 10.0.0.178 "DELETE /v2.0/subnets/e4a9abe9-6daa-4185-8617-1564e9e32f62 HTTP/1.1" status: 204 len: 168 time: 0.1737652
2026-08-26 01:34:01.669 10 INFO neutron.services.segments.plugin [-] Segment 6b91eac4-b186-46f7-aa73-31491bf37f8c resource provider aggregate not found
2026-08-26 01:34:01.689 10 INFO neutron.services.segments.plugin [-] Segment 6b91eac4-b186-46f7-aa73-31491bf37f8c resource provider not found; error: Placement Client Error (4xx): {"errors": [{"status": 404, "title": "Not Found", "detail": "The resource could not be found.\n\n No resource provider with uuid 6b91eac4-b186-46f7-aa73-31491bf37f8c found for delete ", "request_id": "req-3f81f04a-826a-4f10-9ee3-0b4dfa389918"}]}
2026-08-26 01:34:01.690 10 INFO neutron.services.segments.plugin [-] Segment 6b91eac4-b186-46f7-aa73-31491bf37f8c resource provider not found; error: Placement Client Error (4xx): {"errors": [{"status": 404, "title": "Not Found", "detail": "The resource could not be found.\n\n No resource provider with uuid 6b91eac4-b186-46f7-aa73-31491bf37f8c found for delete ", "request_id": "req-6ae0e1bd-cce9-4a50-9514-a6ce9361508f"}]}
2026-08-26 01:34:01.716 10 INFO neutron.wsgi [None req-2a9a7c33-46d1-4131-a243-fcc2642e4a9b 14a5bbbbe17e4a5caa9185f582a358e0 1d20d688d1f941db8581da66dcb5e9db - - default default] 10.0.0.178 "DELETE /v2.0/networks/6f287ff3-91c6-4124-b00d-50fc38f1f9d4 HTTP/1.1" status: 204 len: 168 time: 0.6690702
2026-08-26 01:34:01.806 10 INFO neutron.wsgi [None req-efa52dab-b0e1-4dcc-a566-68ecfdcddaf4 99bc64aee69045a4bfd37e9d4b56def3 d3b818e566ef4eadaa1d807781ec4427 - - default default] 10.0.0.178 "DELETE /v2.0/networks/4074bd0b-8d4f-494c-8a28-5e51c3211e38 HTTP/1.1" status: 204 len: 168 time: 0.6799800
2026-08-26 01:34:01.924 10 INFO neutron.wsgi [None req-adf301dc-018d-4265-b96f-6e09c44b4eb2 14a5bbbbe17e4a5caa9185f582a358e0 1d20d688d1f941db8581da66dcb5e9db - - default default] 10.0.0.178 "GET /v2.0/security-groups?tenant_id=3cf3d30dcd094910938cd08d9cf9a6d7&name=default HTTP/1.1" status: 200 len: 2992 time: 0.0396512
2026-08-26 01:34:02.199 10 INFO neutron.wsgi [None req-665bfd3d-d38e-4a40-a659-2ccdde56e5cd 14a5bbbbe17e4a5caa9185f582a358e0 1d20d688d1f941db8581da66dcb5e9db - - default default] 10.0.0.178 "DELETE /v2.0/security-groups/7dfc0745-fdca-40bb-a72d-78e3ec55ecc2 HTTP/1.1" status: 204 len: 168 time: 0.2709837
2026-08-26 01:34:02.205 10 INFO neutron.wsgi [None req-a3734c14-d80b-414c-bbfc-c17658dfd5f3 99bc64aee69045a4bfd37e9d4b56def3 d3b818e566ef4eadaa1d807781ec4427 - - default default] 10.0.0.178 "DELETE /v2.0/networks/30b96acb-0294-4f4b-b087-fb805a0c5ddf HTTP/1.1" status: 204 len: 168 time: 0.3846295
2026-08-26 01:34:02.303 10 INFO neutron.wsgi [None req-f5bdc851-0d69-4c2c-97e5-adc4f7fd55c0 99bc64aee69045a4bfd37e9d4b56def3 d3b818e566ef4eadaa1d807781ec4427 - - default default] 10.0.0.178 "GET /v2.0/networks HTTP/1.1" status: 200 len: 845 time: 0.0911179
2026-08-26 01:34:02.329 9 INFO neutron.services.segments.plugin [-] Segment 1e0ec64b-1462-4501-9d77-c4c066d411e9 resource provider aggregate not found
2026-08-26 01:34:02.334 9 INFO neutron.services.segments.plugin [-] Segment 1e0ec64b-1462-4501-9d77-c4c066d411e9 resource provider aggregate not found
2026-08-26 01:34:02.353 9 INFO neutron.services.segments.plugin [-] Segment 1e0ec64b-1462-4501-9d77-c4c066d411e9 resource provider not found; error: Placement Client Error (4xx): {"errors": [{"status": 404, "title": "Not Found", "detail": "The resource could not be found.\n\n No resource provider with uuid 1e0ec64b-1462-4501-9d77-c4c066d411e9 found for delete ", "request_id": "req-2e573869-9bd2-449f-8ecc-d25164ec4057"}]}
2026-08-26 01:34:02.355 9 INFO neutron.services.segments.plugin [-] Segment 1e0ec64b-1462-4501-9d77-c4c066d411e9 resource provider not found; error: Placement Client Error (4xx): {"errors": [{"status": 404, "title": "Not Found", "detail": "The resource could not be found.\n\n No resource provider with uuid 1e0ec64b-1462-4501-9d77-c4c066d411e9 found for delete ", "request_id": "req-cf34c73e-625a-4ace-9e85-e76240b6216b"}]}
2026-08-26 01:34:02.391 9 INFO neutron.wsgi [None req-294f7568-31a7-4448-9d05-05bf2551bc4d 14a5bbbbe17e4a5caa9185f582a358e0 1d20d688d1f941db8581da66dcb5e9db - - default default] 10.0.0.178 "DELETE /v2.0/networks/e01268ce-92af-4c8d-b059-7f9e9d3ee466 HTTP/1.1" status: 204 len: 168 time: 0.7175846
2026-08-26 01:34:02.444 9 INFO neutron.db.segments_db [None req-1d02175c-2a68-4285-999a-8abedf51bedd 99bc64aee69045a4bfd37e9d4b56def3 d3b818e566ef4eadaa1d807781ec4427 - - default default] Added segment 76a4d577-4066-414b-9d3c-7dc2ae478860 of type geneve for network 28cba5ac-562b-4f84-a748-334c44b0cfdb
2026-08-26 01:34:02.608 10 INFO neutron.wsgi [None req-a227ae63-cac2-4f1a-b0e0-99eee0f73f2b 14a5bbbbe17e4a5caa9185f582a358e0 1d20d688d1f941db8581da66dcb5e9db - - default default] 10.0.0.178 "GET /v2.0/security-groups?tenant_id=6f0615ba7f974db49beb9078a9cf3815&name=default HTTP/1.1" status: 200 len: 2996 time: 0.0377553
2026-08-26 01:34:02.618 9 INFO neutron.db.ovn_revision_numbers_db [None req-1d02175c-2a68-4285-999a-8abedf51bedd 99bc64aee69045a4bfd37e9d4b56def3 d3b818e566ef4eadaa1d807781ec4427 - - default default] Successfully bumped revision number for resource 28cba5ac-562b-4f84-a748-334c44b0cfdb (type: networks) to 1
2026-08-26 01:34:02.861 10 INFO neutron.wsgi [None req-70bb9682-a00e-4503-ac99-9b9f38fd9a4c 14a5bbbbe17e4a5caa9185f582a358e0 1d20d688d1f941db8581da66dcb5e9db - - default default] 10.0.0.178 "DELETE /v2.0/security-groups/24f97e04-20ea-4b00-b2ec-3c568ecd5b40 HTTP/1.1" status: 204 len: 168 time: 0.2488496
2026-08-26 01:34:02.888 9 WARNING neutron.scheduler.dhcp_agent_scheduler [None req-1d02175c-2a68-4285-999a-8abedf51bedd 99bc64aee69045a4bfd37e9d4b56def3 d3b818e566ef4eadaa1d807781ec4427 - - default default] No more DHCP agents
2026-08-26 01:34:02.891 9 WARNING neutron.api.rpc.agentnotifiers.dhcp_rpc_agent_api [None req-1d02175c-2a68-4285-999a-8abedf51bedd 99bc64aee69045a4bfd37e9d4b56def3 d3b818e566ef4eadaa1d807781ec4427 - - default default] Unable to schedule network 28cba5ac-562b-4f84-a748-334c44b0cfdb: no agents available; will retry on subsequent port and subnet creation events.
2026-08-26 01:34:02.963 9 INFO neutron.db.ovn_revision_numbers_db [None req-1d02175c-2a68-4285-999a-8abedf51bedd 99bc64aee69045a4bfd37e9d4b56def3 d3b818e566ef4eadaa1d807781ec4427 - - default default] Successfully bumped revision number for resource 0e34d1ea-57ab-4160-bf40-4632457b2adb (type: ports) to 1
2026-08-26 01:34:02.987 9 INFO neutron.wsgi [None req-1d02175c-2a68-4285-999a-8abedf51bedd 99bc64aee69045a4bfd37e9d4b56def3 d3b818e566ef4eadaa1d807781ec4427 - - default default] 10.0.0.178 "POST /v2.0/networks HTTP/1.1" status: 201 len: 852 time: 0.6753228
2026-08-26 01:34:03.094 9 INFO neutron.db.segments_db [None req-0b242024-ccee-476b-9249-c61d6a970715 99bc64aee69045a4bfd37e9d4b56def3 d3b818e566ef4eadaa1d807781ec4427 - - default default] Added segment 483fb7c4-1f1b-4e38-a4d3-6165d841b116 of type geneve for network 8cd73e72-0fdc-41d3-84ef-2bbe9006c98f
2026-08-26 01:34:03.242 9 INFO neutron.db.ovn_revision_numbers_db [None req-0b242024-ccee-476b-9249-c61d6a970715 99bc64aee69045a4bfd37e9d4b56def3 d3b818e566ef4eadaa1d807781ec4427 - - default default] Successfully bumped revision number for resource 8cd73e72-0fdc-41d3-84ef-2bbe9006c98f (type: networks) to 1
2026-08-26 01:34:03.475 9 WARNING neutron.scheduler.dhcp_agent_scheduler [None req-0b242024-ccee-476b-9249-c61d6a970715 99bc64aee69045a4bfd37e9d4b56def3 d3b818e566ef4eadaa1d807781ec4427 - - default default] No more DHCP agents
2026-08-26 01:34:03.478 9 WARNING neutron.api.rpc.agentnotifiers.dhcp_rpc_agent_api [None req-0b242024-ccee-476b-9249-c61d6a970715 99bc64aee69045a4bfd37e9d4b56def3 d3b818e566ef4eadaa1d807781ec4427 - - default default] Unable to schedule network 8cd73e72-0fdc-41d3-84ef-2bbe9006c98f: no agents available; will retry on subsequent port and subnet creation events.
2026-08-26 01:34:03.570 9 INFO neutron.db.ovn_revision_numbers_db [None req-0b242024-ccee-476b-9249-c61d6a970715 99bc64aee69045a4bfd37e9d4b56def3 d3b818e566ef4eadaa1d807781ec4427 - - default default] Successfully bumped revision number for resource 994962ae-e4d0-430a-a239-b48e28ca0c71 (type: ports) to 1
2026-08-26 01:34:03.592 9 INFO neutron.wsgi [None req-0b242024-ccee-476b-9249-c61d6a970715 99bc64aee69045a4bfd37e9d4b56def3 d3b818e566ef4eadaa1d807781ec4427 - - default default] 10.0.0.178 "POST /v2.0/networks HTTP/1.1" status: 201 len: 853 time: 0.5995963
2026-08-26 01:34:03.721 10 INFO neutron.services.segments.plugin [-] Segment 818a4216-2281-40ad-923c-2a86a2f8708d resource provider aggregate not found
2026-08-26 01:34:03.732 10 INFO neutron.services.segments.plugin [-] Segment 818a4216-2281-40ad-923c-2a86a2f8708d resource provider aggregate not found
2026-08-26 01:34:03.739 10 INFO neutron.services.segments.plugin [-] Segment 818a4216-2281-40ad-923c-2a86a2f8708d resource provider not found; error: Placement Client Error (4xx): {"errors": [{"status": 404, "title": "Not Found", "detail": "The resource could not be found.\n\n No resource provider with uuid 818a4216-2281-40ad-923c-2a86a2f8708d found for delete ", "request_id": "req-f06e5e4f-c485-4844-a914-90bebdfef643"}]}
2026-08-26 01:34:03.746 10 INFO neutron.services.segments.plugin [-] Segment 818a4216-2281-40ad-923c-2a86a2f8708d resource provider not found; error: Placement Client Error (4xx): {"errors": [{"status": 404, "title": "Not Found", "detail": "The resource could not be found.\n\n No resource provider with uuid 818a4216-2281-40ad-923c-2a86a2f8708d found for delete ", "request_id": "req-e5ea0b97-0ef1-49af-92dc-6524acff4b1a"}]}
2026-08-26 01:34:03.755 10 INFO neutron.services.segments.plugin [-] Segment 7de93a0f-35c7-47ad-be20-f08b7fce1502 resource provider aggregate not found
2026-08-26 01:34:03.760 10 INFO neutron.services.segments.plugin [-] Segment 7de93a0f-35c7-47ad-be20-f08b7fce1502 resource provider aggregate not found
2026-08-26 01:34:03.776 10 INFO neutron.services.segments.plugin [-] Segment 7de93a0f-35c7-47ad-be20-f08b7fce1502 resource provider not found; error: Placement Client Error (4xx): {"errors": [{"status": 404, "title": "Not Found", "detail": "The resource could not be found.\n\n No resource provider with uuid 7de93a0f-35c7-47ad-be20-f08b7fce1502 found for delete ", "request_id": "req-6bd16ee3-1058-4f64-b824-fa11a5420bfd"}]}
2026-08-26 01:34:03.777 10 INFO neutron.services.segments.plugin [-] Segment 7de93a0f-35c7-47ad-be20-f08b7fce1502 resource provider not found; error: Placement Client Error (4xx): {"errors": [{"status": 404, "title": "Not Found", "detail": "The resource could not be found.\n\n No resource provider with uuid 7de93a0f-35c7-47ad-be20-f08b7fce1502 found for delete ", "request_id": "req-41a7c8cb-91d9-4bad-9a6f-c140c230f7e8"}]}
2026-08-26 01:34:04.163 9 WARNING neutron.scheduler.dhcp_agent_scheduler [None req-9e79150b-1018-4cac-aaed-7ec9d12f21dd 99bc64aee69045a4bfd37e9d4b56def3 d3b818e566ef4eadaa1d807781ec4427 - - default default] No more DHCP agents
2026-08-26 01:34:04.167 9 WARNING neutron.api.rpc.agentnotifiers.dhcp_rpc_agent_api [None req-9e79150b-1018-4cac-aaed-7ec9d12f21dd 99bc64aee69045a4bfd37e9d4b56def3 d3b818e566ef4eadaa1d807781ec4427 - - default default] Unable to schedule network 28cba5ac-562b-4f84-a748-334c44b0cfdb: no agents available; will retry on subsequent port and subnet creation events.
2026-08-26 01:34:04.277 9 INFO neutron.db.ovn_revision_numbers_db [None req-9e79150b-1018-4cac-aaed-7ec9d12f21dd 99bc64aee69045a4bfd37e9d4b56def3 d3b818e566ef4eadaa1d807781ec4427 - - default default] Successfully bumped revision number for resource 1d07c3b1-71ea-486f-a118-dbc0f897bd31 (type: ports) to 1
2026-08-26 01:34:04.312 9 WARNING neutron.scheduler.dhcp_agent_scheduler [None req-9e79150b-1018-4cac-aaed-7ec9d12f21dd 99bc64aee69045a4bfd37e9d4b56def3 d3b818e566ef4eadaa1d807781ec4427 - - default default] No more DHCP agents
2026-08-26 01:34:04.315 9 WARNING neutron.api.rpc.agentnotifiers.dhcp_rpc_agent_api [None req-9e79150b-1018-4cac-aaed-7ec9d12f21dd 99bc64aee69045a4bfd37e9d4b56def3 d3b818e566ef4eadaa1d807781ec4427 - - default default] Unable to schedule network 8cd73e72-0fdc-41d3-84ef-2bbe9006c98f: no agents available; will retry on subsequent port and subnet creation events.
2026-08-26 01:34:04.395 9 INFO neutron.db.ovn_revision_numbers_db [None req-9e79150b-1018-4cac-aaed-7ec9d12f21dd 99bc64aee69045a4bfd37e9d4b56def3 d3b818e566ef4eadaa1d807781ec4427 - - default default] Successfully bumped revision number for resource 416d3a30-1a3f-4acc-a197-12d410f5ad72 (type: ports) to 1
2026-08-26 01:34:04.430 9 INFO neutron.wsgi [None req-9e79150b-1018-4cac-aaed-7ec9d12f21dd 99bc64aee69045a4bfd37e9d4b56def3 d3b818e566ef4eadaa1d807781ec4427 - - default default] 10.0.0.178 "POST /v2.0/ports HTTP/1.1" status: 201 len: 1705 time: 0.8324509 /var/lib/openstack/lib/python3.10/site-packages/pycadf/identifier.py:71: UserWarning: Invalid uuid: neutron. To ensure interoperability, identifiers should be a valid uuid. warnings.warn(('Invalid uuid: %s. To ensure interoperability, '
2026-08-26 01:34:04.578 9 INFO neutron.wsgi [None req-ca9ca5c0-37b3-41b2-a33d-aaaf557f5f46 99bc64aee69045a4bfd37e9d4b56def3 d3b818e566ef4eadaa1d807781ec4427 - - default default] 10.0.0.178 "GET /v2.0/ports HTTP/1.1" status: 200 len: 3212 time: 0.1404057
2026-08-26 01:34:04.584 10 INFO neutron.wsgi [req-9b017232-5137-4495-a086-d23b2d440af7 req-f24c9a21-1d8c-419e-a684-831f47f3f42c bea7bc0961f947e2b286a0fe320d5182 f3ff69420cff44f69c56d1fc62951f3a - - adaf2d6749674b529570a5f21aa29bb0 adaf2d6749674b529570a5f21aa29bb0] 10.0.0.150 "GET /v2.0/ports?device_id=eef6f537-ed1f-4e96-a559-f00fb1f7e405 HTTP/1.1" status: 200 len: 1413 time: 0.3318388
2026-08-26 01:34:04.661 10 INFO neutron.wsgi [req-9b017232-5137-4495-a086-d23b2d440af7 req-3c762f66-276e-46bd-b6de-50e9e902c708 bea7bc0961f947e2b286a0fe320d5182 f3ff69420cff44f69c56d1fc62951f3a - - adaf2d6749674b529570a5f21aa29bb0 adaf2d6749674b529570a5f21aa29bb0] 10.0.0.150 "GET /v2.0/security-groups?id=f70677d2-b0d7-4491-a7c8-23a686fcc71c&fields=id&fields=name HTTP/1.1" status: 200 len: 313 time: 0.0671844
2026-08-26 01:34:04.914 10 INFO neutron.db.ovn_revision_numbers_db [None req-1e5ec174-df4b-4ca1-8c95-e1e5e4aacfd8 14a5bbbbe17e4a5caa9185f582a358e0 1d20d688d1f941db8581da66dcb5e9db - - default default] Successfully bumped revision number for resource 20a87863-ecfe-463c-8057-354331adb72e (type: security_groups) to 1
2026-08-26 01:34:04.918 10 INFO neutron.wsgi [None req-a76c1045-1d2a-40f9-ad94-477cd31be3f4 99bc64aee69045a4bfd37e9d4b56def3 d3b818e566ef4eadaa1d807781ec4427 - - default default] 10.0.0.178 "DELETE /v2.0/ports/1d07c3b1-71ea-486f-a118-dbc0f897bd31 HTTP/1.1" status: 204 len: 168 time: 0.3326893
2026-08-26 01:34:04.952 10 INFO neutron.db.ovn_revision_numbers_db [None req-1e5ec174-df4b-4ca1-8c95-e1e5e4aacfd8 14a5bbbbe17e4a5caa9185f582a358e0 1d20d688d1f941db8581da66dcb5e9db - - default default] Successfully bumped revision number for resource 2fd39611-0eb0-48d9-ae76-a0eaf97e9c36 (type: security_group_rules) to 0
2026-08-26 01:34:04.970 10 INFO neutron.db.ovn_revision_numbers_db [None req-1e5ec174-df4b-4ca1-8c95-e1e5e4aacfd8 14a5bbbbe17e4a5caa9185f582a358e0 1d20d688d1f941db8581da66dcb5e9db - - default default] Successfully bumped revision number for resource 3f866534-af78-45ae-b3b9-7b3a218b0e74 (type: security_group_rules) to 0
2026-08-26 01:34:04.975 9 INFO neutron.wsgi [-] 10.0.0.183 "GET / HTTP/1.1" status: 200 len: 247 time: 0.0033219
2026-08-26 01:34:04.981 9 INFO neutron.wsgi [-] 10.0.0.183 "GET / HTTP/1.1" status: 200 len: 247 time: 0.0046394
2026-08-26 01:34:04.992 10 INFO neutron.db.ovn_revision_numbers_db [None req-1e5ec174-df4b-4ca1-8c95-e1e5e4aacfd8 14a5bbbbe17e4a5caa9185f582a358e0 1d20d688d1f941db8581da66dcb5e9db - - default default] Successfully bumped revision number for resource 686db2cd-d423-4d6c-97b5-f956b398be6c (type: security_group_rules) to 0
2026-08-26 01:34:05.015 10 INFO neutron.db.ovn_revision_numbers_db [None req-1e5ec174-df4b-4ca1-8c95-e1e5e4aacfd8 14a5bbbbe17e4a5caa9185f582a358e0 1d20d688d1f941db8581da66dcb5e9db - - default default] Successfully bumped revision number for resource 6a1b029b-fa38-4b04-888d-e39b5455c5fb (type: security_group_rules) to 0
2026-08-26 01:34:05.090 10 INFO neutron.db.segments_db [None req-1e5ec174-df4b-4ca1-8c95-e1e5e4aacfd8 14a5bbbbe17e4a5caa9185f582a358e0 1d20d688d1f941db8581da66dcb5e9db - - default default] Added segment 9e047033-4844-4770-b836-0374934dbc32 of type geneve for network 6b0a94d9-a780-46b8-8171-b0242fc70a0e
2026-08-26 01:34:05.304 10 INFO neutron.wsgi [None req-b1c2c5b6-1806-4997-ae36-62fda458ce0f 99bc64aee69045a4bfd37e9d4b56def3 d3b818e566ef4eadaa1d807781ec4427 - - default default] 10.0.0.178 "DELETE /v2.0/ports/416d3a30-1a3f-4acc-a197-12d410f5ad72 HTTP/1.1" status: 204 len: 168 time: 0.3781412
2026-08-26 01:34:05.308 10 INFO neutron.db.ovn_revision_numbers_db [None req-1e5ec174-df4b-4ca1-8c95-e1e5e4aacfd8 14a5bbbbe17e4a5caa9185f582a358e0 1d20d688d1f941db8581da66dcb5e9db - - default default] Successfully bumped revision number for resource 6b0a94d9-a780-46b8-8171-b0242fc70a0e (type: networks) to 1
2026-08-26 01:34:05.351 9 INFO neutron.wsgi [None req-a21abedb-ca5d-4f3b-9a9a-3126d34cfafc 99bc64aee69045a4bfd37e9d4b56def3 d3b818e566ef4eadaa1d807781ec4427 - - default default] 10.0.0.178 "GET /v2.0/ports HTTP/1.1" status: 200 len: 1718 time: 0.0399864
2026-08-26 01:34:05.463 10 INFO neutron.db.segments_db [None req-3c917c92-c203-48ae-bfe4-1f7f93baac68 99bc64aee69045a4bfd37e9d4b56def3 d3b818e566ef4eadaa1d807781ec4427 - - default default] Added segment 8d48dcc0-6890-4641-840f-840ca4f70544 of type geneve for network 7f91e621-3ae4-480b-a402-08c9ed6aeeac
2026-08-26 01:34:05.496 10 WARNING neutron.scheduler.dhcp_agent_scheduler [None req-1e5ec174-df4b-4ca1-8c95-e1e5e4aacfd8 14a5bbbbe17e4a5caa9185f582a358e0 1d20d688d1f941db8581da66dcb5e9db - - default default] No more DHCP agents
2026-08-26 01:34:05.500 10 WARNING neutron.api.rpc.agentnotifiers.dhcp_rpc_agent_api [None req-1e5ec174-df4b-4ca1-8c95-e1e5e4aacfd8 14a5bbbbe17e4a5caa9185f582a358e0 1d20d688d1f941db8581da66dcb5e9db - - default default] Unable to schedule network 6b0a94d9-a780-46b8-8171-b0242fc70a0e: no agents available; will retry on subsequent port and subnet creation events.
2026-08-26 01:34:05.620 10 INFO neutron.db.ovn_revision_numbers_db [None req-1e5ec174-df4b-4ca1-8c95-e1e5e4aacfd8 14a5bbbbe17e4a5caa9185f582a358e0 1d20d688d1f941db8581da66dcb5e9db - - default default] Successfully bumped revision number for resource 31ed0d59-19c6-4a2f-a6d1-ef44b84d23d3 (type: ports) to 1
2026-08-26 01:34:05.627 10 INFO neutron.db.ovn_revision_numbers_db [None req-3c917c92-c203-48ae-bfe4-1f7f93baac68 99bc64aee69045a4bfd37e9d4b56def3 d3b818e566ef4eadaa1d807781ec4427 - - default default] Successfully bumped revision number for resource 7f91e621-3ae4-480b-a402-08c9ed6aeeac (type: networks) to 1
2026-08-26 01:34:05.646 10 INFO neutron.wsgi [None req-1e5ec174-df4b-4ca1-8c95-e1e5e4aacfd8 14a5bbbbe17e4a5caa9185f582a358e0 1d20d688d1f941db8581da66dcb5e9db - - default default] 10.0.0.178 "POST /v2.0/networks HTTP/1.1" status: 201 len: 944 time: 1.0774937
2026-08-26 01:34:05.829 10 WARNING neutron.scheduler.dhcp_agent_scheduler [None req-3c917c92-c203-48ae-bfe4-1f7f93baac68 99bc64aee69045a4bfd37e9d4b56def3 d3b818e566ef4eadaa1d807781ec4427 - - default default] No more DHCP agents
2026-08-26 01:34:05.831 10 WARNING neutron.api.rpc.agentnotifiers.dhcp_rpc_agent_api [None req-3c917c92-c203-48ae-bfe4-1f7f93baac68 99bc64aee69045a4bfd37e9d4b56def3 d3b818e566ef4eadaa1d807781ec4427 - - default default] Unable to schedule network 7f91e621-3ae4-480b-a402-08c9ed6aeeac: no agents available; will retry on subsequent port and subnet creation events.
2026-08-26 01:34:05.853 9 WARNING neutron.scheduler.dhcp_agent_scheduler [None req-1f15934e-9ae0-44de-bbcd-fa344395341b 14a5bbbbe17e4a5caa9185f582a358e0 1d20d688d1f941db8581da66dcb5e9db - - default default] No more DHCP agents
2026-08-26 01:34:05.856 9 WARNING neutron.api.rpc.agentnotifiers.dhcp_rpc_agent_api [None req-1f15934e-9ae0-44de-bbcd-fa344395341b 14a5bbbbe17e4a5caa9185f582a358e0 1d20d688d1f941db8581da66dcb5e9db - - default default] Unable to schedule network 6b0a94d9-a780-46b8-8171-b0242fc70a0e: no agents available; will retry on subsequent port and subnet creation events.
2026-08-26 01:34:05.901 10 INFO neutron.db.ovn_revision_numbers_db [None req-3c917c92-c203-48ae-bfe4-1f7f93baac68 99bc64aee69045a4bfd37e9d4b56def3 d3b818e566ef4eadaa1d807781ec4427 - - default default] Successfully bumped revision number for resource a31c28cd-eb67-4863-8ea9-71a00f26f364 (type: ports) to 1
2026-08-26 01:34:05.922 10 INFO neutron.wsgi [None req-3c917c92-c203-48ae-bfe4-1f7f93baac68 99bc64aee69045a4bfd37e9d4b56def3 d3b818e566ef4eadaa1d807781ec4427 - - default default] 10.0.0.178 "POST /v2.0/networks HTTP/1.1" status: 201 len: 852 time: 0.5629816
2026-08-26 01:34:06.005 10 INFO neutron.db.segments_db [None req-522abb37-5f0d-4736-a53c-5d16dc9c5fdd 99bc64aee69045a4bfd37e9d4b56def3 d3b818e566ef4eadaa1d807781ec4427 - - default default] Added segment 0ebfdc11-6bc5-4c7e-8357-1b6c395e574a of type geneve for network e8046732-92b5-444c-a2ac-8b924000694f
2026-08-26 01:34:06.149 10 INFO neutron.db.ovn_revision_numbers_db [None req-522abb37-5f0d-4736-a53c-5d16dc9c5fdd 99bc64aee69045a4bfd37e9d4b56def3 d3b818e566ef4eadaa1d807781ec4427 - - default default] Successfully bumped revision number for resource e8046732-92b5-444c-a2ac-8b924000694f (type: networks) to 1
2026-08-26 01:34:06.320 9 INFO neutron.db.ovn_revision_numbers_db [None req-1f15934e-9ae0-44de-bbcd-fa344395341b 14a5bbbbe17e4a5caa9185f582a358e0 1d20d688d1f941db8581da66dcb5e9db - - default default] Successfully bumped revision number for resource 31ed0d59-19c6-4a2f-a6d1-ef44b84d23d3 (type: ports) to 2
2026-08-26 01:34:06.322 10 WARNING neutron.scheduler.dhcp_agent_scheduler [None req-522abb37-5f0d-4736-a53c-5d16dc9c5fdd 99bc64aee69045a4bfd37e9d4b56def3 d3b818e566ef4eadaa1d807781ec4427 - - default default] No more DHCP agents
2026-08-26 01:34:06.324 10 WARNING neutron.api.rpc.agentnotifiers.dhcp_rpc_agent_api [None req-522abb37-5f0d-4736-a53c-5d16dc9c5fdd 99bc64aee69045a4bfd37e9d4b56def3 d3b818e566ef4eadaa1d807781ec4427 - - default default] Unable to schedule network e8046732-92b5-444c-a2ac-8b924000694f: no agents available; will retry on subsequent port and subnet creation events.
2026-08-26 01:34:06.352 9 INFO neutron.db.ovn_revision_numbers_db [None req-1f15934e-9ae0-44de-bbcd-fa344395341b 14a5bbbbe17e4a5caa9185f582a358e0 1d20d688d1f941db8581da66dcb5e9db - - default default] Successfully bumped revision number for resource 53c1edae-341e-4850-82b7-3552bd669e20 (type: subnets) to 0
2026-08-26 01:34:06.368 9 INFO neutron.wsgi [None req-1f15934e-9ae0-44de-bbcd-fa344395341b 14a5bbbbe17e4a5caa9185f582a358e0 1d20d688d1f941db8581da66dcb5e9db - - default default] 10.0.0.178 "POST /v2.0/subnets HTTP/1.1" status: 201 len: 865 time: 0.7150493
2026-08-26 01:34:06.405 10 INFO neutron.db.ovn_revision_numbers_db [None req-522abb37-5f0d-4736-a53c-5d16dc9c5fdd 99bc64aee69045a4bfd37e9d4b56def3 d3b818e566ef4eadaa1d807781ec4427 - - default default] Successfully bumped revision number for resource ff8f3ff4-08d9-4b67-a285-93c72152739c (type: ports) to 1
2026-08-26 01:34:06.429 10 INFO neutron.wsgi [None req-522abb37-5f0d-4736-a53c-5d16dc9c5fdd 99bc64aee69045a4bfd37e9d4b56def3 d3b818e566ef4eadaa1d807781ec4427 - - default default] 10.0.0.178 "POST /v2.0/networks HTTP/1.1" status: 201 len: 852 time: 0.5022323
2026-08-26 01:34:06.885 9 WARNING neutron.scheduler.dhcp_agent_scheduler [None req-bd6e3ab6-cdde-4373-a9d8-b22cd249b347 14a5bbbbe17e4a5caa9185f582a358e0 1d20d688d1f941db8581da66dcb5e9db - - default default] No more DHCP agents
2026-08-26 01:34:06.887 9 WARNING neutron.api.rpc.agentnotifiers.dhcp_rpc_agent_api [None req-bd6e3ab6-cdde-4373-a9d8-b22cd249b347 14a5bbbbe17e4a5caa9185f582a358e0 1d20d688d1f941db8581da66dcb5e9db - - default default] Unable to schedule network 415ffb59-4738-4fc9-b964-7a656a47f54d: no agents available; will retry on subsequent port and subnet creation events.
2026-08-26 01:34:07.060 9 INFO neutron.db.ovn_revision_numbers_db [None req-bd6e3ab6-cdde-4373-a9d8-b22cd249b347 14a5bbbbe17e4a5caa9185f582a358e0 1d20d688d1f941db8581da66dcb5e9db - - default default] Successfully bumped revision number for resource b2c412d4-91b7-40d0-97d2-22394b96d622 (type: ports) to 1
2026-08-26 01:34:07.512 10 WARNING neutron.scheduler.dhcp_agent_scheduler [None req-23187439-1fde-4228-9c91-111d6c66751e 99bc64aee69045a4bfd37e9d4b56def3 d3b818e566ef4eadaa1d807781ec4427 - - default default] No more DHCP agents
2026-08-26 01:34:07.515 10 WARNING neutron.api.rpc.agentnotifiers.dhcp_rpc_agent_api [None req-23187439-1fde-4228-9c91-111d6c66751e 99bc64aee69045a4bfd37e9d4b56def3 d3b818e566ef4eadaa1d807781ec4427 - - default default] Unable to schedule network 7f91e621-3ae4-480b-a402-08c9ed6aeeac: no agents available; will retry on subsequent port and subnet creation events.
2026-08-26 01:34:07.550 10 INFO neutron.db.ovn_revision_numbers_db [None req-23187439-1fde-4228-9c91-111d6c66751e 99bc64aee69045a4bfd37e9d4b56def3 d3b818e566ef4eadaa1d807781ec4427 - - default default] Successfully bumped revision number for resource 509afd90-8599-423a-936c-d8ed26b31b16 (type: subnets) to 0
2026-08-26 01:34:07.572 10 WARNING neutron.scheduler.dhcp_agent_scheduler [None req-23187439-1fde-4228-9c91-111d6c66751e 99bc64aee69045a4bfd37e9d4b56def3 d3b818e566ef4eadaa1d807781ec4427 - - default default] No more DHCP agents
2026-08-26 01:34:07.574 10 WARNING neutron.api.rpc.agentnotifiers.dhcp_rpc_agent_api [None req-23187439-1fde-4228-9c91-111d6c66751e 99bc64aee69045a4bfd37e9d4b56def3 d3b818e566ef4eadaa1d807781ec4427 - - default default] Unable to schedule network e8046732-92b5-444c-a2ac-8b924000694f: no agents available; will retry on subsequent port and subnet creation events.
2026-08-26 01:34:07.604 10 INFO neutron.db.ovn_revision_numbers_db [None req-23187439-1fde-4228-9c91-111d6c66751e 99bc64aee69045a4bfd37e9d4b56def3 d3b818e566ef4eadaa1d807781ec4427 - - default default] Successfully bumped revision number for resource 16cd1b7f-5752-40af-851a-af4c36f884c2 (type: subnets) to 0
2026-08-26 01:34:07.627 10 INFO neutron.wsgi [None req-23187439-1fde-4228-9c91-111d6c66751e 99bc64aee69045a4bfd37e9d4b56def3 d3b818e566ef4eadaa1d807781ec4427 - - default default] 10.0.0.178 "POST /v2.0/subnets HTTP/1.1" status: 201 len: 1476 time: 0.6065197
2026-08-26 01:34:07.702 10 INFO neutron.wsgi [None req-6d158382-6b5f-4484-9883-f70974e39f47 99bc64aee69045a4bfd37e9d4b56def3 d3b818e566ef4eadaa1d807781ec4427 - - default default] 10.0.0.178 "GET /v2.0/subnets HTTP/1.1" status: 200 len: 2084 time: 0.0662069
2026-08-26 01:34:07.915 10 INFO neutron.wsgi [None req-3fbc24bd-91b1-4ae9-abd5-d223b323a55d 99bc64aee69045a4bfd37e9d4b56def3 d3b818e566ef4eadaa1d807781ec4427 - - default default] 10.0.0.178 "DELETE /v2.0/subnets/509afd90-8599-423a-936c-d8ed26b31b16 HTTP/1.1" status: 204 len: 168 time: 0.2001584
2026-08-26 01:34:08.125 9 INFO neutron.plugins.ml2.drivers.ovn.mech_driver.ovsdb.ovsdb_monitor [None req-4100bb7d-a654-4c16-a0be-4c663c9a151d - - - - - -] Router bffd22dd-7020-4fe2-a3a4-a67b24143076 is bound to host instance
2026-08-26 01:34:08.149 9 INFO neutron.db.ovn_revision_numbers_db [None req-bd6e3ab6-cdde-4373-a9d8-b22cd249b347 14a5bbbbe17e4a5caa9185f582a358e0 1d20d688d1f941db8581da66dcb5e9db - - default default] Successfully bumped revision number for resource b2c412d4-91b7-40d0-97d2-22394b96d622 (type: router_ports) to 1
2026-08-26 01:34:08.220 9 INFO neutron.db.ovn_revision_numbers_db [None req-bd6e3ab6-cdde-4373-a9d8-b22cd249b347 14a5bbbbe17e4a5caa9185f582a358e0 1d20d688d1f941db8581da66dcb5e9db - - default default] Successfully bumped revision number for resource bffd22dd-7020-4fe2-a3a4-a67b24143076 (type: routers) to 2
2026-08-26 01:34:08.243 9 INFO neutron.wsgi [None req-bd6e3ab6-cdde-4373-a9d8-b22cd249b347 14a5bbbbe17e4a5caa9185f582a358e0 1d20d688d1f941db8581da66dcb5e9db - - default default] 10.0.0.178 "POST /v2.0/routers HTTP/1.1" status: 201 len: 876 time: 1.8690391
2026-08-26 01:34:08.346 10 INFO neutron.plugins.ml2.drivers.ovn.mech_driver.mech_driver [None req-435eb9db-07de-4c7a-a677-6d05d7c7e294 - - - - - -] OVN reports status up for port: b2c412d4-91b7-40d0-97d2-22394b96d622
2026-08-26 01:34:08.366 10 INFO neutron.plugins.ml2.plugin [None req-435eb9db-07de-4c7a-a677-6d05d7c7e294 - - - - - -] Attempt 1 to provision port b2c412d4-91b7-40d0-97d2-22394b96d622
2026-08-26 01:34:08.613 10 INFO neutron.wsgi [None req-cb405482-980e-489f-a4f4-25ac70fd64c1 99bc64aee69045a4bfd37e9d4b56def3 d3b818e566ef4eadaa1d807781ec4427 - - default default] 10.0.0.178 "DELETE /v2.0/subnets/16cd1b7f-5752-40af-851a-af4c36f884c2 HTTP/1.1" status: 204 len: 168 time: 0.6912372
2026-08-26 01:34:08.625 10 INFO neutron.db.ovn_revision_numbers_db [None req-e6acf6e9-f4e6-41b8-9b82-e370b086e987 14a5bbbbe17e4a5caa9185f582a358e0 1d20d688d1f941db8581da66dcb5e9db - - default default] Successfully bumped revision number for resource efae3b59-ebc2-4f0e-9d46-35e57e6085fb (type: security_groups) to 1
2026-08-26 01:34:08.648 10 INFO neutron.db.ovn_revision_numbers_db [None req-e6acf6e9-f4e6-41b8-9b82-e370b086e987 14a5bbbbe17e4a5caa9185f582a358e0 1d20d688d1f941db8581da66dcb5e9db - - default default] Successfully bumped revision number for resource 4f772ed5-c614-4dfc-b401-3b4cd5ed40c0 (type: security_group_rules) to 0
2026-08-26 01:34:08.652 10 INFO neutron.wsgi [None req-3c16d604-7edc-4ac1-a03d-2d9d900e3533 99bc64aee69045a4bfd37e9d4b56def3 d3b818e566ef4eadaa1d807781ec4427 - - default default] 10.0.0.178 "GET /v2.0/subnets HTTP/1.1" status: 200 len: 820 time: 0.0336494
2026-08-26 01:34:08.666 10 INFO neutron.db.ovn_revision_numbers_db [None req-e6acf6e9-f4e6-41b8-9b82-e370b086e987 14a5bbbbe17e4a5caa9185f582a358e0 1d20d688d1f941db8581da66dcb5e9db - - default default] Successfully bumped revision number for resource 757d272b-8616-46cc-8c87-22278ff3289a (type: security_group_rules) to 0
2026-08-26 01:34:08.734 10 INFO neutron.db.ovn_revision_numbers_db [None req-e6acf6e9-f4e6-41b8-9b82-e370b086e987 14a5bbbbe17e4a5caa9185f582a358e0 1d20d688d1f941db8581da66dcb5e9db - - default default] Successfully bumped revision number for resource 9f536164-bdc9-4bb1-ab33-805e4f474637 (type: security_group_rules) to 0
2026-08-26 01:34:08.760 10 INFO neutron.db.ovn_revision_numbers_db [None req-e6acf6e9-f4e6-41b8-9b82-e370b086e987 14a5bbbbe17e4a5caa9185f582a358e0 1d20d688d1f941db8581da66dcb5e9db - - default default] Successfully bumped revision number for resource d84ad6f2-f0d0-4a65-a685-adae145c40c5 (type: security_group_rules) to 0
2026-08-26 01:34:08.819 10 INFO neutron.wsgi [None req-e6acf6e9-f4e6-41b8-9b82-e370b086e987 14a5bbbbe17e4a5caa9185f582a358e0 1d20d688d1f941db8581da66dcb5e9db - - default default] 10.0.0.178 "GET /v2.0/security-groups?tenant_id=01d4a512fea64b109031223a73f8e3de&name=default HTTP/1.1" status: 200 len: 2996 time: 0.9355218
2026-08-26 01:34:09.056 9 INFO neutron.db.ovn_revision_numbers_db [None req-4100bb7d-a654-4c16-a0be-4c663c9a151d - - - - - -] Successfully bumped revision number for resource b2c412d4-91b7-40d0-97d2-22394b96d622 (type: ports) to 1
2026-08-26 01:34:09.060 9 WARNING neutron.scheduler.dhcp_agent_scheduler [None req-ca6e6cf3-8a49-4f91-813b-e677f11317c7 14a5bbbbe17e4a5caa9185f582a358e0 1d20d688d1f941db8581da66dcb5e9db - - default default] No more DHCP agents
2026-08-26 01:34:09.063 9 WARNING neutron.api.rpc.agentnotifiers.dhcp_rpc_agent_api [None req-ca6e6cf3-8a49-4f91-813b-e677f11317c7 14a5bbbbe17e4a5caa9185f582a358e0 1d20d688d1f941db8581da66dcb5e9db - - default default] Unable to schedule network 6b0a94d9-a780-46b8-8171-b0242fc70a0e: no agents available; will retry on subsequent port and subnet creation events.
2026-08-26 01:34:09.099 10 INFO neutron.services.segments.plugin [-] Segment 0ebfdc11-6bc5-4c7e-8357-1b6c395e574a resource provider aggregate not found
2026-08-26 01:34:09.105 10 INFO neutron.services.segments.plugin [-] Segment 0ebfdc11-6bc5-4c7e-8357-1b6c395e574a resource provider aggregate not found
2026-08-26 01:34:09.126 10 INFO neutron.services.segments.plugin [-] Segment 0ebfdc11-6bc5-4c7e-8357-1b6c395e574a resource provider not found; error: Placement Client Error (4xx): {"errors": [{"status": 404, "title": "Not Found", "detail": "The resource could not be found.\n\n No resource provider with uuid 0ebfdc11-6bc5-4c7e-8357-1b6c395e574a found for delete ", "request_id": "req-a2e02767-dc31-42af-a3fe-209a868af59b"}]}
2026-08-26 01:34:09.127 10 INFO neutron.services.segments.plugin [-] Segment 0ebfdc11-6bc5-4c7e-8357-1b6c395e574a resource provider not found; error: Placement Client Error (4xx): {"errors": [{"status": 404, "title": "Not Found", "detail": "The resource could not be found.\n\n No resource provider with uuid 0ebfdc11-6bc5-4c7e-8357-1b6c395e574a found for delete ", "request_id": "req-3c52c3e2-6266-43ff-b357-19e241b71d2c"}]}
2026-08-26 01:34:09.143 10 INFO neutron.wsgi [None req-63cb4c44-7111-457f-a79b-45ae2c3d34fd 14a5bbbbe17e4a5caa9185f582a358e0 1d20d688d1f941db8581da66dcb5e9db - - default default] 10.0.0.178 "DELETE /v2.0/security-groups/efae3b59-ebc2-4f0e-9d46-35e57e6085fb HTTP/1.1" status: 204 len: 168 time: 0.3050396
2026-08-26 01:34:09.163 10 INFO neutron.wsgi [None req-99a63c54-f349-4823-a01a-f87081f06ac7 99bc64aee69045a4bfd37e9d4b56def3 d3b818e566ef4eadaa1d807781ec4427 - - default default] 10.0.0.178 "DELETE /v2.0/networks/e8046732-92b5-444c-a2ac-8b924000694f HTTP/1.1" status: 204 len: 168 time: 0.5041370
2026-08-26 01:34:09.281 9 INFO neutron.db.ovn_revision_numbers_db [None req-ca6e6cf3-8a49-4f91-813b-e677f11317c7 14a5bbbbe17e4a5caa9185f582a358e0 1d20d688d1f941db8581da66dcb5e9db - - default default] Successfully bumped revision number for resource a4047401-308f-4f7b-bf1f-fee550bd047f (type: ports) to 1
2026-08-26 01:34:09.423 9 INFO neutron.db.ovn_revision_numbers_db [None req-4100bb7d-a654-4c16-a0be-4c663c9a151d - - - - - -] Successfully bumped revision number for resource b2c412d4-91b7-40d0-97d2-22394b96d622 (type: router_ports) to 3
2026-08-26 01:34:09.428 10 INFO neutron.db.ovn_revision_numbers_db [None req-1521c91f-e24a-4add-bef4-46b4a22c3a61 14a5bbbbe17e4a5caa9185f582a358e0 1d20d688d1f941db8581da66dcb5e9db - - default default] Successfully bumped revision number for resource 093109dd-f696-4b98-8f38-c2a6924e84a8 (type: security_groups) to 1
2026-08-26 01:34:09.453 10 INFO neutron.db.ovn_revision_numbers_db [None req-1521c91f-e24a-4add-bef4-46b4a22c3a61 14a5bbbbe17e4a5caa9185f582a358e0 1d20d688d1f941db8581da66dcb5e9db - - default default] Successfully bumped revision number for resource 188c6948-cf38-4db1-953b-d3910ff76125 (type: security_group_rules) to 0
2026-08-26 01:34:09.471 10 INFO neutron.db.ovn_revision_numbers_db [None req-1521c91f-e24a-4add-bef4-46b4a22c3a61 14a5bbbbe17e4a5caa9185f582a358e0 1d20d688d1f941db8581da66dcb5e9db - - default default] Successfully bumped revision number for resource 9b92645d-4e3c-42e2-a729-f6f730421932 (type: security_group_rules) to 0
2026-08-26 01:34:09.505 10 INFO neutron.db.ovn_revision_numbers_db [None req-1521c91f-e24a-4add-bef4-46b4a22c3a61 14a5bbbbe17e4a5caa9185f582a358e0 1d20d688d1f941db8581da66dcb5e9db - - default default] Successfully bumped revision number for resource b051f0ac-ab40-4c88-914d-620a980cc3e3 (type: security_group_rules) to 0
2026-08-26 01:34:09.536 10 INFO neutron.db.ovn_revision_numbers_db [None req-1521c91f-e24a-4add-bef4-46b4a22c3a61 14a5bbbbe17e4a5caa9185f582a358e0 1d20d688d1f941db8581da66dcb5e9db - - default default] Successfully bumped revision number for resource d34584c5-3ee3-4d86-8bca-17db8ee8e7f7 (type: security_group_rules) to 0
2026-08-26 01:34:09.574 10 INFO neutron.wsgi [None req-1521c91f-e24a-4add-bef4-46b4a22c3a61 14a5bbbbe17e4a5caa9185f582a358e0 1d20d688d1f941db8581da66dcb5e9db - - default default] 10.0.0.178 "GET /v2.0/security-groups?tenant_id=ca32266d680244a09e09732916d0a590&name=default HTTP/1.1" status: 200 len: 2996 time: 0.3053687
2026-08-26 01:34:09.601 10 INFO neutron.wsgi [None req-3da29ffc-186a-49bd-a38f-35964d880e74 99bc64aee69045a4bfd37e9d4b56def3 d3b818e566ef4eadaa1d807781ec4427 - - default default] 10.0.0.178 "DELETE /v2.0/networks/7f91e621-3ae4-480b-a402-08c9ed6aeeac HTTP/1.1" status: 204 len: 168 time: 0.4301944
2026-08-26 01:34:09.604 9 INFO neutron.db.ovn_revision_numbers_db [None req-4100bb7d-a654-4c16-a0be-4c663c9a151d - - - - - -] Successfully bumped revision number for resource b2c412d4-91b7-40d0-97d2-22394b96d622 (type: ports) to 2
2026-08-26 01:34:09.615 10 INFO neutron.wsgi [req-deca855e-4c35-47df-b42c-00f4b5c6bb0e req-3d724ba7-7ee3-48f9-a5b0-e702b122dd47 4c8434f1160546d9a6909b60625dc0ab 1c3395e13f1b4370811fc55c66d8a266 - - default default] 10.0.0.217 "GET /v2.0/ports?device_id=eef6f537-ed1f-4e96-a559-f00fb1f7e405 HTTP/1.1" status: 200 len: 1174 time: 0.1310918
2026-08-26 01:34:09.716 10 INFO neutron.wsgi [req-04d36b3f-055b-4347-9ab8-bf026eea458a req-cd4512f3-50ce-47ac-ace0-99465308536a 4c8434f1160546d9a6909b60625dc0ab 1c3395e13f1b4370811fc55c66d8a266 - - default default] 10.0.0.217 "GET /v2.0/ports/fedb2105-066f-435a-aaf8-04512e358e5b HTTP/1.1" status: 200 len: 1171 time: 0.0399120
2026-08-26 01:34:09.852 10 INFO neutron.wsgi [None req-dbc38d26-8bce-4221-bae7-d55e109425ae 14a5bbbbe17e4a5caa9185f582a358e0 1d20d688d1f941db8581da66dcb5e9db - - default default] 10.0.0.178 "DELETE /v2.0/security-groups/093109dd-f696-4b98-8f38-c2a6924e84a8 HTTP/1.1" status: 204 len: 168 time: 0.2720935
2026-08-26 01:34:09.983 9 INFO neutron.wsgi [req-efc03410-0e1e-4c8a-8067-151399c3df29 req-b1be0122-ebc0-446f-b689-2d47c226f27f 4c8434f1160546d9a6909b60625dc0ab 1c3395e13f1b4370811fc55c66d8a266 - - default default] 162.253.55.148 "GET /v2.0/subnets?network_id=ec473b3e-4115-48a3-ae80-1b5dce5e1616 HTTP/1.1" status: 200 len: 858 time: 0.1205125
2026-08-26 01:34:10.065 9 INFO neutron.plugins.ml2.drivers.ovn.mech_driver.mech_driver [None req-dbd92cae-e408-4fb9-8fed-7a72a72e573c - - - - - -] OVN reports status up for port: a4047401-308f-4f7b-bf1f-fee550bd047f
2026-08-26 01:34:10.069 10 INFO neutron.wsgi [req-5bc7dc43-29e5-487f-8d53-c687db74189d req-32c693e3-cc94-4a3e-ae2e-af7e0a3b51a3 bea7bc0961f947e2b286a0fe320d5182 f3ff69420cff44f69c56d1fc62951f3a - - adaf2d6749674b529570a5f21aa29bb0 adaf2d6749674b529570a5f21aa29bb0] 162.253.55.148 "GET /v2.0/ports?device_id=eef6f537-ed1f-4e96-a559-f00fb1f7e405&fields=binding%3Ahost_id&fields=binding%3Avif_type HTTP/1.1" status: 200 len: 265 time: 0.0334861
2026-08-26 01:34:10.467 9 INFO neutron.db.ovn_revision_numbers_db [None req-ca6e6cf3-8a49-4f91-813b-e677f11317c7 14a5bbbbe17e4a5caa9185f582a358e0 1d20d688d1f941db8581da66dcb5e9db - - default default] Successfully bumped revision number for resource a4047401-308f-4f7b-bf1f-fee550bd047f (type: router_ports) to 1
2026-08-26 01:34:10.469 9 INFO neutron.plugins.ml2.plugin [None req-dbd92cae-e408-4fb9-8fed-7a72a72e573c - - - - - -] Attempt 1 to provision port a4047401-308f-4f7b-bf1f-fee550bd047f
2026-08-26 01:34:10.575 9 INFO neutron.wsgi [req-efc03410-0e1e-4c8a-8067-151399c3df29 req-1cd66f1d-7f68-4d27-81c3-2176870ff2e7 4c8434f1160546d9a6909b60625dc0ab 1c3395e13f1b4370811fc55c66d8a266 - - default default] 162.253.55.148 "GET /v2.0/ports?device_id=eef6f537-ed1f-4e96-a559-f00fb1f7e405&device_owner=compute%3Anova&network_id=ec473b3e-4115-48a3-ae80-1b5dce5e1616 HTTP/1.1" status: 200 len: 1174 time: 0.5841601
