2026-04-27 16:40:24.727 7 INFO neutron.api.extensions [None req-50c27a6c-ec58-4d65-ae2e-ceb6f25960d7 - - - - - -] Extension availability_zone_filter not supported by any of loaded plugins
2026-04-27 16:40:24.728 8 INFO neutron.quota.resource_registry [None req-0d8ca7db-268c-4f70-95c4-c122af9df349 - - - - - -] Creating instance of CountableResource for resource:trunk
2026-04-27 16:40:24.728 8 WARNING neutron.quota.resource_registry [None req-0d8ca7db-268c-4f70-95c4-c122af9df349 - - - - - -] trunk is already registered
2026-04-27 16:40:24.728 7 INFO neutron.api.extensions [None req-50c27a6c-ec58-4d65-ae2e-ceb6f25960d7 - - - - - -] Extension data-plane-status not supported by any of loaded plugins
2026-04-27 16:40:24.728 8 INFO neutron.quota.resource_registry [None req-0d8ca7db-268c-4f70-95c4-c122af9df349 - - - - - -] Creating instance of CountableResource for resource:ikepolicy
2026-04-27 16:40:24.728 8 WARNING neutron.quota.resource_registry [None req-0d8ca7db-268c-4f70-95c4-c122af9df349 - - - - - -] ikepolicy is already registered
2026-04-27 16:40:24.728 7 INFO neutron.api.extensions [None req-50c27a6c-ec58-4d65-ae2e-ceb6f25960d7 - - - - - -] Loaded extension: default-subnetpools
2026-04-27 16:40:24.729 8 INFO neutron.quota.resource_registry [None req-0d8ca7db-268c-4f70-95c4-c122af9df349 - - - - - -] Creating instance of CountableResource for resource:ipsecpolicy
2026-04-27 16:40:24.729 8 WARNING neutron.quota.resource_registry [None req-0d8ca7db-268c-4f70-95c4-c122af9df349 - - - - - -] ipsecpolicy is already registered
2026-04-27 16:40:24.729 8 INFO neutron.quota.resource_registry [None req-0d8ca7db-268c-4f70-95c4-c122af9df349 - - - - - -] Creating instance of CountableResource for resource:endpoint_group
2026-04-27 16:40:24.729 8 WARNING neutron.quota.resource_registry [None req-0d8ca7db-268c-4f70-95c4-c122af9df349 - - - - - -] endpoint_group is already registered
2026-04-27 16:40:24.730 8 INFO neutron.quota.resource_registry [None req-0d8ca7db-268c-4f70-95c4-c122af9df349 - - - - - -] Creating instance of CountableResource for resource:vpnservice
2026-04-27 16:40:24.730 8 WARNING neutron.quota.resource_registry [None req-0d8ca7db-268c-4f70-95c4-c122af9df349 - - - - - -] vpnservice is already registered
2026-04-27 16:40:24.730 7 INFO neutron.api.extensions [None req-50c27a6c-ec58-4d65-ae2e-ceb6f25960d7 - - - - - -] Loaded extension: dhcp_agent_scheduler
2026-04-27 16:40:24.730 8 INFO neutron.quota.resource_registry [None req-0d8ca7db-268c-4f70-95c4-c122af9df349 - - - - - -] Creating instance of CountableResource for resource:ipsec_site_connection
2026-04-27 16:40:24.730 8 WARNING neutron.quota.resource_registry [None req-0d8ca7db-268c-4f70-95c4-c122af9df349 - - - - - -] ipsec_site_connection is already registered
2026-04-27 16:40:24.730 7 INFO neutron.api.extensions [None req-50c27a6c-ec58-4d65-ae2e-ceb6f25960d7 - - - - - -] Loaded extension: dns-integration
2026-04-27 16:40:24.731 8 INFO neutron.quota.resource_registry [None req-0d8ca7db-268c-4f70-95c4-c122af9df349 - - - - - -] Creating instance of CountableResource for resource:ipsecpolicy
2026-04-27 16:40:24.731 8 WARNING neutron.quota.resource_registry [None req-0d8ca7db-268c-4f70-95c4-c122af9df349 - - - - - -] ipsecpolicy is already registered
2026-04-27 16:40:24.731 7 INFO neutron.api.extensions [None req-50c27a6c-ec58-4d65-ae2e-ceb6f25960d7 - - - - - -] Loaded extension: dns-domain-ports
2026-04-27 16:40:24.731 8 INFO neutron.quota.resource_registry [None req-0d8ca7db-268c-4f70-95c4-c122af9df349 - - - - - -] Creating instance of CountableResource for resource:ikepolicy
2026-04-27 16:40:24.731 8 WARNING neutron.quota.resource_registry [None req-0d8ca7db-268c-4f70-95c4-c122af9df349 - - - - - -] ikepolicy is already registered
2026-04-27 16:40:24.731 7 INFO neutron.api.extensions [None req-50c27a6c-ec58-4d65-ae2e-ceb6f25960d7 - - - - - -] Loaded extension: dns-integration-domain-keywords
2026-04-27 16:40:24.732 7 INFO neutron.api.extensions [None req-50c27a6c-ec58-4d65-ae2e-ceb6f25960d7 - - - - - -] Extension dvr not supported by any of loaded plugins
2026-04-27 16:40:24.732 7 INFO neutron.api.extensions [None req-50c27a6c-ec58-4d65-ae2e-ceb6f25960d7 - - - - - -] Extension ecmp_routes not supported by any of loaded plugins
2026-04-27 16:40:24.733 7 INFO neutron.api.extensions [None req-50c27a6c-ec58-4d65-ae2e-ceb6f25960d7 - - - - - -] Loaded extension: empty-string-filtering
2026-04-27 16:40:24.733 7 INFO neutron.api.extensions [None req-50c27a6c-ec58-4d65-ae2e-ceb6f25960d7 - - - - - -] Extension expose-l3-conntrack-helper not supported by any of loaded plugins
2026-04-27 16:40:24.734 7 INFO neutron.api.extensions [None req-50c27a6c-ec58-4d65-ae2e-ceb6f25960d7 - - - - - -] Extension expose-port-forwarding-in-fip not supported by any of loaded plugins
2026-04-27 16:40:24.734 7 INFO neutron.api.extensions [None req-50c27a6c-ec58-4d65-ae2e-ceb6f25960d7 - - - - - -] Loaded extension: external-net
2026-04-27 16:40:24.735 7 INFO neutron.api.extensions [None req-50c27a6c-ec58-4d65-ae2e-ceb6f25960d7 - - - - - -] Loaded extension: extra_dhcp_opt
2026-04-27 16:40:24.735 7 INFO neutron.api.extensions [None req-50c27a6c-ec58-4d65-ae2e-ceb6f25960d7 - - - - - -] Loaded extension: extraroute
2026-04-27 16:40:24.736 7 INFO neutron.api.extensions [None req-50c27a6c-ec58-4d65-ae2e-ceb6f25960d7 - - - - - -] Extension extraroute-atomic not supported by any of loaded plugins
2026-04-27 16:40:24.737 7 INFO neutron.api.extensions [None req-50c27a6c-ec58-4d65-ae2e-ceb6f25960d7 - - - - - -] Extension filter-validation not supported by any of loaded plugins
2026-04-27 16:40:24.737 7 INFO neutron.api.extensions [None req-50c27a6c-ec58-4d65-ae2e-ceb6f25960d7 - - - - - -] Extension floating-ip-port-forwarding-description not supported by any of loaded plugins
2026-04-27 16:40:24.737 7 INFO neutron.api.extensions [None req-50c27a6c-ec58-4d65-ae2e-ceb6f25960d7 - - - - - -] Loaded extension: floating-ip-port-forwarding-detail
2026-04-27 16:40:24.738 7 INFO neutron.api.extensions [None req-50c27a6c-ec58-4d65-ae2e-ceb6f25960d7 - - - - - -] Extension floating-ip-port-forwarding-port-ranges not supported by any of loaded plugins
2026-04-27 16:40:24.738 7 INFO neutron.api.extensions [None req-50c27a6c-ec58-4d65-ae2e-ceb6f25960d7 - - - - - -] Loaded extension: fip-port-details
2026-04-27 16:40:24.739 7 INFO neutron.api.extensions [None req-50c27a6c-ec58-4d65-ae2e-ceb6f25960d7 - - - - - -] Loaded extension: flavors
2026-04-27 16:40:24.740 7 INFO neutron.api.extensions [None req-50c27a6c-ec58-4d65-ae2e-ceb6f25960d7 - - - - - -] Extension floating-ip-port-forwarding not supported by any of loaded plugins
2026-04-27 16:40:24.741 7 INFO neutron.api.extensions [None req-50c27a6c-ec58-4d65-ae2e-ceb6f25960d7 - - - - - -] Loaded extension: floatingip-pools
2026-04-27 16:40:24.742 7 INFO neutron.api.extensions [None req-50c27a6c-ec58-4d65-ae2e-ceb6f25960d7 - - - - - -] Loaded extension: ip_allocation
2026-04-27 16:40:24.742 7 INFO neutron.api.extensions [None req-50c27a6c-ec58-4d65-ae2e-ceb6f25960d7 - - - - - -] Extension ip-substring-filtering not supported by any of loaded plugins
2026-04-27 16:40:24.743 7 INFO neutron.api.extensions [None req-50c27a6c-ec58-4d65-ae2e-ceb6f25960d7 - - - - - -] Loaded extension: l2_adjacency
2026-04-27 16:40:24.744 7 INFO neutron.api.extensions [None req-50c27a6c-ec58-4d65-ae2e-ceb6f25960d7 - - - - - -] Loaded extension: router
2026-04-27 16:40:24.745 7 INFO neutron.api.extensions [None req-50c27a6c-ec58-4d65-ae2e-ceb6f25960d7 - - - - - -] Extension l3-conntrack-helper not supported by any of loaded plugins
2026-04-27 16:40:24.746 7 INFO neutron.api.extensions [None req-50c27a6c-ec58-4d65-ae2e-ceb6f25960d7 - - - - - -] Loaded extension: enable-default-route-bfd
2026-04-27 16:40:24.747 7 INFO neutron.api.extensions [None req-50c27a6c-ec58-4d65-ae2e-ceb6f25960d7 - - - - - -] Loaded extension: enable-default-route-ecmp
2026-04-27 16:40:24.747 7 INFO neutron.api.extensions [None req-50c27a6c-ec58-4d65-ae2e-ceb6f25960d7 - - - - - -] Loaded extension: ext-gw-mode
2026-04-27 16:40:24.748 7 INFO neutron.api.extensions [None req-50c27a6c-ec58-4d65-ae2e-ceb6f25960d7 - - - - - -] Loaded extension: l3-ha
2026-04-27 16:40:24.748 7 INFO neutron.api.extensions [None req-50c27a6c-ec58-4d65-ae2e-ceb6f25960d7 - - - - - -] Extension l3-ext-ndp-proxy not supported by any of loaded plugins
2026-04-27 16:40:24.749 7 INFO neutron.api.extensions [None req-50c27a6c-ec58-4d65-ae2e-ceb6f25960d7 - - - - - -] Loaded extension: external-gateway-multihoming
2026-04-27 16:40:24.749 7 INFO neutron.api.extensions [None req-50c27a6c-ec58-4d65-ae2e-ceb6f25960d7 - - - - - -] Loaded extension: l3-flavors
2026-04-27 16:40:24.750 7 INFO neutron.api.extensions [None req-50c27a6c-ec58-4d65-ae2e-ceb6f25960d7 - - - - - -] Extension l3-ndp-proxy not supported by any of loaded plugins
2026-04-27 16:40:24.751 7 INFO neutron.api.extensions [None req-50c27a6c-ec58-4d65-ae2e-ceb6f25960d7 - - - - - -] Extension l3-port-ip-change-not-allowed not supported by any of loaded plugins
2026-04-27 16:40:24.753 7 INFO neutron.api.extensions [None req-50c27a6c-ec58-4d65-ae2e-ceb6f25960d7 - - - - - -] Extension l3_agent_scheduler not supported by any of loaded plugins
2026-04-27 16:40:24.754 7 INFO neutron.api.extensions [None req-50c27a6c-ec58-4d65-ae2e-ceb6f25960d7 - - - - - -] Extension local_ip not supported by any of loaded plugins
2026-04-27 16:40:24.755 7 INFO neutron.api.extensions [None req-50c27a6c-ec58-4d65-ae2e-ceb6f25960d7 - - - - - -] Loaded extension: logging
2026-04-27 16:40:24.756 7 INFO neutron.api.extensions [None req-50c27a6c-ec58-4d65-ae2e-ceb6f25960d7 - - - - - -] Extension metering not supported by any of loaded plugins
2026-04-27 16:40:24.757 7 INFO neutron.api.extensions [None req-50c27a6c-ec58-4d65-ae2e-ceb6f25960d7 - - - - - -] Extension metering_source_and_destination_fields not supported by any of loaded plugins
2026-04-27 16:40:24.757 7 INFO neutron.api.extensions [None req-50c27a6c-ec58-4d65-ae2e-ceb6f25960d7 - - - - - -] Loaded extension: multi-provider
2026-04-27 16:40:24.758 7 INFO neutron.api.extensions [None req-50c27a6c-ec58-4d65-ae2e-ceb6f25960d7 - - - - - -] Loaded extension: net-mtu
2026-04-27 16:40:24.758 7 INFO neutron.api.extensions [None req-50c27a6c-ec58-4d65-ae2e-ceb6f25960d7 - - - - - -] Loaded extension: net-mtu-writable
2026-04-27 16:40:24.759 7 INFO neutron.api.extensions [None req-50c27a6c-ec58-4d65-ae2e-ceb6f25960d7 - - - - - -] Loaded extension: network_availability_zone
2026-04-27 16:40:24.759 7 INFO neutron.api.extensions [None req-50c27a6c-ec58-4d65-ae2e-ceb6f25960d7 - - - - - -] Extension network_ha not supported by any of loaded plugins
2026-04-27 16:40:24.760 7 INFO neutron.api.extensions [None req-50c27a6c-ec58-4d65-ae2e-ceb6f25960d7 - - - - - -] Loaded extension: network-ip-availability
2026-04-27 16:40:24.761 7 INFO neutron.api.extensions [None req-50c27a6c-ec58-4d65-ae2e-ceb6f25960d7 - - - - - -] Extension network-segment-range not supported by any of loaded plugins
2026-04-27 16:40:24.761 7 INFO neutron.api.extensions [None req-50c27a6c-ec58-4d65-ae2e-ceb6f25960d7 - - - - - -] Loaded extension: pagination
2026-04-27 16:40:24.762 7 INFO neutron.api.extensions [None req-50c27a6c-ec58-4d65-ae2e-ceb6f25960d7 - - - - - -] Loaded extension: port-device-profile
2026-04-27 16:40:24.762 7 INFO neutron.api.extensions [None req-50c27a6c-ec58-4d65-ae2e-ceb6f25960d7 - - - - - -] Extension port-hardware-offload-type not supported by any of loaded plugins
2026-04-27 16:40:24.763 7 INFO neutron.api.extensions [None req-50c27a6c-ec58-4d65-ae2e-ceb6f25960d7 - - - - - -] Extension port-hint-ovs-tx-steering not supported by any of loaded plugins
2026-04-27 16:40:24.763 7 INFO neutron.api.extensions [None req-50c27a6c-ec58-4d65-ae2e-ceb6f25960d7 - - - - - -] Extension port-hints not supported by any of loaded plugins
2026-04-27 16:40:24.764 7 INFO neutron.api.extensions [None req-50c27a6c-ec58-4d65-ae2e-ceb6f25960d7 - - - - - -] Extension port-mac-override not supported by any of loaded plugins
2026-04-27 16:40:24.764 7 INFO neutron.api.extensions [None req-50c27a6c-ec58-4d65-ae2e-ceb6f25960d7 - - - - - -] Loaded extension: port-mac-address-regenerate
2026-04-27 16:40:24.765 7 INFO neutron.api.extensions [None req-50c27a6c-ec58-4d65-ae2e-ceb6f25960d7 - - - - - -] Loaded extension: port-numa-affinity-policy
2026-04-27 16:40:24.765 7 INFO neutron.api.extensions [None req-50c27a6c-ec58-4d65-ae2e-ceb6f25960d7 - - - - - -] Loaded extension: port-numa-affinity-policy-socket
2026-04-27 16:40:24.766 7 INFO neutron.api.extensions [None req-50c27a6c-ec58-4d65-ae2e-ceb6f25960d7 - - - - - -] Loaded extension: port-resource-request
2026-04-27 16:40:24.766 7 INFO neutron.api.extensions [None req-50c27a6c-ec58-4d65-ae2e-ceb6f25960d7 - - - - - -] Loaded extension: port-resource-request-groups
2026-04-27 16:40:24.767 7 INFO neutron.api.extensions [None req-50c27a6c-ec58-4d65-ae2e-ceb6f25960d7 - - - - - -] Extension port-trusted-vif not supported by any of loaded plugins
2026-04-27 16:40:24.767 7 INFO neutron.api.extensions [None req-50c27a6c-ec58-4d65-ae2e-ceb6f25960d7 - - - - - -] Loaded extension: binding
2026-04-27 16:40:24.768 8 WARNING keystonemiddleware._common.config [None req-0d8ca7db-268c-4f70-95c4-c122af9df349 - - - - - -] The option "audit_map_file" is not known to keystonemiddleware
2026-04-27 16:40:24.768 7 INFO neutron.api.extensions [None req-50c27a6c-ec58-4d65-ae2e-ceb6f25960d7 - - - - - -] Loaded extension: binding-extended
2026-04-27 16:40:24.768 7 INFO neutron.api.extensions [None req-50c27a6c-ec58-4d65-ae2e-ceb6f25960d7 - - - - - -] Loaded extension: port-security
2026-04-27 16:40:24.769 7 INFO neutron.api.extensions [None req-50c27a6c-ec58-4d65-ae2e-ceb6f25960d7 - - - - - -] Loaded extension: project-id
2026-04-27 16:40:24.769 7 INFO neutron.api.extensions [None req-50c27a6c-ec58-4d65-ae2e-ceb6f25960d7 - - - - - -] Loaded extension: provider
2026-04-27 16:40:24.770 7 INFO neutron.api.extensions [None req-50c27a6c-ec58-4d65-ae2e-ceb6f25960d7 - - - - - -] Loaded extension: qinq
2026-04-27 16:40:24.772 7 INFO neutron.api.extensions [None req-50c27a6c-ec58-4d65-ae2e-ceb6f25960d7 - - - - - -] Loaded extension: qos
2026-04-27 16:40:24.773 7 INFO neutron.api.extensions [None req-50c27a6c-ec58-4d65-ae2e-ceb6f25960d7 - - - - - -] Loaded extension: qos-bw-limit-direction
2026-04-27 16:40:24.773 7 INFO neutron.api.extensions [None req-50c27a6c-ec58-4d65-ae2e-ceb6f25960d7 - - - - - -] Loaded extension: qos-bw-minimum-ingress
2026-04-27 16:40:24.774 7 INFO neutron.api.extensions [None req-50c27a6c-ec58-4d65-ae2e-ceb6f25960d7 - - - - - -] Loaded extension: qos-default
2026-04-27 16:40:24.774 8 WARNING oslo_config.cfg [None req-0d8ca7db-268c-4f70-95c4-c122af9df349 - - - - - -] Deprecated: Option "auth_uri" from group "keystone_authtoken" is deprecated. Use option "www_authenticate_uri" from group "keystone_authtoken".
2026-04-27 16:40:24.774 7 INFO neutron.api.extensions [None req-50c27a6c-ec58-4d65-ae2e-ceb6f25960d7 - - - - - -] Loaded extension: qos-fip
2026-04-27 16:40:24.775 7 INFO neutron.api.extensions [None req-50c27a6c-ec58-4d65-ae2e-ceb6f25960d7 - - - - - -] Extension qos-fip-network-policy not supported by any of loaded plugins
2026-04-27 16:40:24.775 7 INFO neutron.api.extensions [None req-50c27a6c-ec58-4d65-ae2e-ceb6f25960d7 - - - - - -] Loaded extension: qos-gateway-ip
2026-04-27 16:40:24.776 7 INFO neutron.api.extensions [None req-50c27a6c-ec58-4d65-ae2e-ceb6f25960d7 - - - - - -] Loaded extension: qos-port-network-policy
2026-04-27 16:40:24.776 7 INFO neutron.api.extensions [None req-50c27a6c-ec58-4d65-ae2e-ceb6f25960d7 - - - - - -] Loaded extension: qos-pps-minimum
2026-04-27 16:40:24.777 7 INFO neutron.api.extensions [None req-50c27a6c-ec58-4d65-ae2e-ceb6f25960d7 - - - - - -] Loaded extension: qos-pps-minimum-rule-alias
2026-04-27 16:40:24.778 7 INFO neutron.api.extensions [None req-50c27a6c-ec58-4d65-ae2e-ceb6f25960d7 - - - - - -] Loaded extension: qos-pps
2026-04-27 16:40:24.778 7 INFO neutron.api.extensions [None req-50c27a6c-ec58-4d65-ae2e-ceb6f25960d7 - - - - - -] Loaded extension: qos-rule-type-details
2026-04-27 16:40:24.779 7 INFO neutron.api.extensions [None req-50c27a6c-ec58-4d65-ae2e-ceb6f25960d7 - - - - - -] Loaded extension: qos-rule-type-filter
2026-04-27 16:40:24.779 7 INFO neutron.api.extensions [None req-50c27a6c-ec58-4d65-ae2e-ceb6f25960d7 - - - - - -] Loaded extension: qos-rules-alias
2026-04-27 16:40:24.780 7 INFO neutron.api.extensions [None req-50c27a6c-ec58-4d65-ae2e-ceb6f25960d7 - - - - - -] Loaded extension: quota-check-limit
2026-04-27 16:40:24.780 7 INFO neutron.api.extensions [None req-50c27a6c-ec58-4d65-ae2e-ceb6f25960d7 - - - - - -] Loaded extension: quota-check-limit-default
2026-04-27 16:40:24.782 7 INFO neutron.api.extensions [None req-50c27a6c-ec58-4d65-ae2e-ceb6f25960d7 - - - - - -] Loaded extension: quotas
2026-04-27 16:40:24.783 7 INFO neutron.api.extensions [None req-50c27a6c-ec58-4d65-ae2e-ceb6f25960d7 - - - - - -] Loaded extension: quota_details
2026-04-27 16:40:24.785 7 INFO neutron.api.extensions [None req-50c27a6c-ec58-4d65-ae2e-ceb6f25960d7 - - - - - -] Loaded extension: rbac-policies
2026-04-27 16:40:24.785 7 INFO neutron.api.extensions [None req-50c27a6c-ec58-4d65-ae2e-ceb6f25960d7 - - - - - -] Extension rbac-address-group not supported by any of loaded plugins
2026-04-27 16:40:24.786 7 INFO neutron.api.extensions [None req-50c27a6c-ec58-4d65-ae2e-ceb6f25960d7 - - - - - -] Loaded extension: rbac-address-scope
2026-04-27 16:40:24.786 7 INFO neutron.api.extensions [None req-50c27a6c-ec58-4d65-ae2e-ceb6f25960d7 - - - - - -] Loaded extension: rbac-security-groups
2026-04-27 16:40:24.787 7 INFO neutron.api.extensions [None req-50c27a6c-ec58-4d65-ae2e-ceb6f25960d7 - - - - - -] Extension rbac-subnetpool not supported by any of loaded plugins
2026-04-27 16:40:24.787 7 INFO neutron.api.extensions [None req-50c27a6c-ec58-4d65-ae2e-ceb6f25960d7 - - - - - -] Loaded extension: revision-if-match
2026-04-27 16:40:24.788 7 INFO neutron.api.extensions [None req-50c27a6c-ec58-4d65-ae2e-ceb6f25960d7 - - - - - -] Loaded extension: standard-attr-revisions
2026-04-27 16:40:24.789 7 INFO neutron.api.extensions [None req-50c27a6c-ec58-4d65-ae2e-ceb6f25960d7 - - - - - -] Loaded extension: router_availability_zone
2026-04-27 16:40:24.789 7 INFO neutron.api.extensions [None req-50c27a6c-ec58-4d65-ae2e-ceb6f25960d7 - - - - - -] Extension router-service-type not supported by any of loaded plugins
2026-04-27 16:40:24.791 7 INFO neutron.api.extensions [None req-50c27a6c-ec58-4d65-ae2e-ceb6f25960d7 - - - - - -] Loaded extension: security-groups-default-rules
2026-04-27 16:40:24.791 7 INFO neutron.api.extensions [None req-50c27a6c-ec58-4d65-ae2e-ceb6f25960d7 - - - - - -] Loaded extension: security-groups-normalized-cidr
2026-04-27 16:40:24.792 7 INFO neutron.api.extensions [None req-50c27a6c-ec58-4d65-ae2e-ceb6f25960d7 - - - - - -] Extension port-security-groups-filtering not supported by any of loaded plugins
2026-04-27 16:40:24.792 7 INFO neutron.api.extensions [None req-50c27a6c-ec58-4d65-ae2e-ceb6f25960d7 - - - - - -] Loaded extension: security-groups-remote-address-group
2026-04-27 16:40:24.793 7 INFO neutron.api.extensions [None req-50c27a6c-ec58-4d65-ae2e-ceb6f25960d7 - - - - - -] Loaded extension: security-groups-rules-belongs-to-default-sg
2026-04-27 16:40:24.793 7 INFO neutron.api.extensions [None req-50c27a6c-ec58-4d65-ae2e-ceb6f25960d7 - - - - - -] Loaded extension: security-groups-shared-filtering
2026-04-27 16:40:24.798 7 INFO neutron.api.extensions [None req-50c27a6c-ec58-4d65-ae2e-ceb6f25960d7 - - - - - -] Loaded extension: security-group
2026-04-27 16:40:24.798 8 WARNING neutron.plugins.ml2.drivers.ovn.mech_driver.mech_driver [None req-0d8ca7db-268c-4f70-95c4-c122af9df349 - - - - - -] uWSGI must provide a start time using the configuration parameter "start-time %t" in the configuration file
2026-04-27 16:40:24.799 7 INFO neutron.api.extensions [None req-50c27a6c-ec58-4d65-ae2e-ceb6f25960d7 - - - - - -] Loaded extension: segment
2026-04-27 16:40:24.799 7 INFO neutron.api.extensions [None req-50c27a6c-ec58-4d65-ae2e-ceb6f25960d7 - - - - - -] Loaded extension: segments-peer-subnet-host-routes
2026-04-27 16:40:24.800 7 INFO neutron.api.extensions [None req-50c27a6c-ec58-4d65-ae2e-ceb6f25960d7 - - - - - -] Loaded extension: service-type
2026-04-27 16:40:24.800 7 INFO neutron.api.extensions [None req-50c27a6c-ec58-4d65-ae2e-ceb6f25960d7 - - - - - -] Loaded extension: sorting
2026-04-27 16:40:24.801 7 INFO neutron.api.extensions [None req-50c27a6c-ec58-4d65-ae2e-ceb6f25960d7 - - - - - -] Loaded extension: standard-attr-segment
2026-04-27 16:40:24.802 7 INFO neutron.api.extensions [None req-50c27a6c-ec58-4d65-ae2e-ceb6f25960d7 - - - - - -] Loaded extension: standard-attr-description
2026-04-27 16:40:24.802 7 INFO neutron.api.extensions [None req-50c27a6c-ec58-4d65-ae2e-ceb6f25960d7 - - - - - -] Loaded extension: stateful-security-group
2026-04-27 16:40:24.802 7 WARNING neutron.api.extensions [None req-50c27a6c-ec58-4d65-ae2e-ceb6f25960d7 - - - - - -] Did not find expected name "Stdattrs_common" in /var/lib/openstack/lib/python3.12/site-packages/neutron/extensions/stdattrs_common.py
2026-04-27 16:40:24.803 7 INFO neutron.api.extensions [None req-50c27a6c-ec58-4d65-ae2e-ceb6f25960d7 - - - - - -] Loaded extension: subnet-dns-publish-fixed-ip
2026-04-27 16:40:24.803 7 INFO neutron.api.extensions [None req-50c27a6c-ec58-4d65-ae2e-ceb6f25960d7 - - - - - -] Loaded extension: subnet-external-network
2026-04-27 16:40:24.804 7 INFO neutron.api.extensions [None req-50c27a6c-ec58-4d65-ae2e-ceb6f25960d7 - - - - - -] Extension subnet_onboard not supported by any of loaded plugins
2026-04-27 16:40:24.805 7 INFO neutron.api.extensions [None req-50c27a6c-ec58-4d65-ae2e-ceb6f25960d7 - - - - - -] Loaded extension: subnet-segmentid-writable
2026-04-27 16:40:24.805 7 INFO neutron.api.extensions [None req-50c27a6c-ec58-4d65-ae2e-ceb6f25960d7 - - - - - -] Loaded extension: subnet-service-types
2026-04-27 16:40:24.806 7 INFO neutron.api.extensions [None req-50c27a6c-ec58-4d65-ae2e-ceb6f25960d7 - - - - - -] Loaded extension: subnet_allocation
2026-04-27 16:40:24.806 7 INFO neutron.api.extensions [None req-50c27a6c-ec58-4d65-ae2e-ceb6f25960d7 - - - - - -] Loaded extension: subnetpool-prefix-ops
2026-04-27 16:40:24.807 7 INFO neutron.api.extensions [None req-50c27a6c-ec58-4d65-ae2e-ceb6f25960d7 - - - - - -] Loaded extension: tag-creation
2026-04-27 16:40:24.807 7 INFO neutron.api.extensions [None req-50c27a6c-ec58-4d65-ae2e-ceb6f25960d7 - - - - - -] Extension tag-ports-during-bulk-creation not supported by any of loaded plugins
2026-04-27 16:40:24.811 8 INFO neutron.db.ovn_hash_ring_db [None req-0d8ca7db-268c-4f70-95c4-c122af9df349 - - - - - -] Nodes from host "neutron-server-859658d76-csz8w" and group "mechanism_driver" removed from the Hash Ring created at
2026-04-27 16:40:24+00:00
2026-04-27 16:40:24.811 7 INFO neutron.api.extensions [None req-50c27a6c-ec58-4d65-ae2e-ceb6f25960d7 - - - - - -] Loaded extension: standard-attr-tag
2026-04-27 16:40:24.812 7 INFO neutron.api.extensions [None req-50c27a6c-ec58-4d65-ae2e-ceb6f25960d7 - - - - - -] Loaded extension: standard-attr-timestamp
2026-04-27 16:40:24.813 7 INFO neutron.api.extensions [None req-50c27a6c-ec58-4d65-ae2e-ceb6f25960d7 - - - - - -] Loaded extension: trunk
2026-04-27 16:40:24.813 7 INFO neutron.api.extensions [None req-50c27a6c-ec58-4d65-ae2e-ceb6f25960d7 - - - - - -] Loaded extension: trunk-details
2026-04-27 16:40:24.814 7 INFO neutron.api.extensions [None req-50c27a6c-ec58-4d65-ae2e-ceb6f25960d7 - - - - - -] Extension uplink-status-propagation not supported by any of loaded plugins
2026-04-27 16:40:24.814 7 INFO neutron.api.extensions [None req-50c27a6c-ec58-4d65-ae2e-ceb6f25960d7 - - - - - -] Extension uplink-status-propagation-updatable not supported by any of loaded plugins
2026-04-27 16:40:24.814 8 INFO neutron.db.ovn_hash_ring_db [None req-0d8ca7db-268c-4f70-95c4-c122af9df349 - - - - - -] Node e37c136620bb5785830576c6b8341310 from host "neutron-server-859658d76-csz8w" and group "mechanism_driver" added to the Hash Ring
2026-04-27 16:40:24.815 7 INFO neutron.api.extensions [None req-50c27a6c-ec58-4d65-ae2e-ceb6f25960d7 - - - - - -] Loaded extension: vlan-transparent
2026-04-27 16:40:24.815 7 INFO neutron.api.extensions [None req-50c27a6c-ec58-4d65-ae2e-ceb6f25960d7 - - - - - -] Loaded extension: vpn-aes-ctr
2026-04-27 16:40:24.817 7 INFO neutron.api.extensions [None req-50c27a6c-ec58-4d65-ae2e-ceb6f25960d7 - - - - - -] Loaded extension: vpn-agent-scheduler
2026-04-27 16:40:24.818 7 INFO neutron.api.extensions [None req-50c27a6c-ec58-4d65-ae2e-ceb6f25960d7 - - - - - -] Loaded extension: vpn-endpoint-groups
2026-04-27 16:40:24.819 7 INFO neutron.api.extensions [None req-50c27a6c-ec58-4d65-ae2e-ceb6f25960d7 - - - - - -] Loaded extension: vpn-flavors
2026-04-27 16:40:24.820 7 INFO neutron.api.extensions [None req-50c27a6c-ec58-4d65-ae2e-ceb6f25960d7 - - - - - -] Loaded extension: vpnaas
2026-04-27 16:40:24.821 8 INFO neutron.plugins.ml2.drivers.ovn.mech_driver.mech_driver [None req-0d8ca7db-268c-4f70-95c4-c122af9df349 - - - - - -] Hash Ring probing thread for node e37c136620bb5785830576c6b8341310 has started
2026-04-27 16:40:24.822 7 INFO neutron.api.extensions [None req-50c27a6c-ec58-4d65-ae2e-ceb6f25960d7 - - - - - -] Loaded extension: taas
2026-04-27 16:40:24.822 8 INFO neutron.plugins.ml2.drivers.ovn.mech_driver.ovsdb.impl_idl_ovn [None req-0d8ca7db-268c-4f70-95c4-c122af9df349 - - - - - -] Getting OvsdbNbOvnIdl for WorkerService with retry
2026-04-27 16:40:24.823 7 INFO neutron.api.extensions [None req-50c27a6c-ec58-4d65-ae2e-ceb6f25960d7 - - - - - -] Loaded extension: tap-mirror
2026-04-27 16:40:24.823 7 INFO neutron.api.extensions [None req-50c27a6c-ec58-4d65-ae2e-ceb6f25960d7 - - - - - -] Loaded extension: taas-vlan-filter
2026-04-27 16:40:24.826 7 INFO neutron.quota.resource_registry [None req-50c27a6c-ec58-4d65-ae2e-ceb6f25960d7 - - - - - -] Creating instance of TrackedResource for resource:network
2026-04-27 16:40:24.826 7 INFO neutron.quota.resource_registry [None req-50c27a6c-ec58-4d65-ae2e-ceb6f25960d7 - - - - - -] Creating instance of TrackedResource for resource:subnet
2026-04-27 16:40:24.826 7 INFO neutron.quota.resource_registry [None req-50c27a6c-ec58-4d65-ae2e-ceb6f25960d7 - - - - - -] Creating instance of TrackedResource for resource:subnetpool
2026-04-27 16:40:24.826 7 INFO neutron.quota.resource_registry [None req-50c27a6c-ec58-4d65-ae2e-ceb6f25960d7 - - - - - -] Creating instance of TrackedResource for resource:port
2026-04-27 16:40:24.829 7 INFO neutron.quota.resource_registry [None req-50c27a6c-ec58-4d65-ae2e-ceb6f25960d7 - - - - - -] Creating instance of TrackedResource for resource:router
2026-04-27 16:40:24.829 7 INFO neutron.quota.resource_registry [None req-50c27a6c-ec58-4d65-ae2e-ceb6f25960d7 - - - - - -] Creating instance of TrackedResource for resource:floatingip
2026-04-27 16:40:24.834 7 INFO neutron.quota.resource_registry [None req-50c27a6c-ec58-4d65-ae2e-ceb6f25960d7 - - - - - -] Creating instance of CountableResource for resource:rbac_policy
2026-04-27 16:40:24.835 7 INFO neutron.quota.resource_registry [None req-50c27a6c-ec58-4d65-ae2e-ceb6f25960d7 - - - - - -] Creating instance of TrackedResource for resource:security_group
2026-04-27 16:40:24.835 7 INFO neutron.quota.resource_registry [None req-50c27a6c-ec58-4d65-ae2e-ceb6f25960d7 - - - - - -] Creating instance of TrackedResource for resource:security_group_rule
2026-04-27 16:40:24.836 7 INFO neutron.quota.resource_registry [None req-50c27a6c-ec58-4d65-ae2e-ceb6f25960d7 - - - - - -] Creating instance of TrackedResource for resource:subnetpool
2026-04-27 16:40:24.837 7 WARNING neutron.quota.resource_registry [None req-50c27a6c-ec58-4d65-ae2e-ceb6f25960d7 - - - - - -] subnetpool is already registered
2026-04-27 16:40:24.837 7 INFO neutron.quota.resource_registry [None req-50c27a6c-ec58-4d65-ae2e-ceb6f25960d7 - - - - - -] Creating instance of CountableResource for resource:trunk
2026-04-27 16:40:24.837 7 INFO neutron.quota.resource_registry [None req-50c27a6c-ec58-4d65-ae2e-ceb6f25960d7 - - - - - -] Creating instance of CountableResource for resource:ikepolicy
2026-04-27 16:40:24.838 7 INFO neutron.quota.resource_registry [None req-50c27a6c-ec58-4d65-ae2e-ceb6f25960d7 - - - - - -] Creating instance of CountableResource for resource:ipsecpolicy
2026-04-27 16:40:24.838 7 INFO neutron.quota.resource_registry [None req-50c27a6c-ec58-4d65-ae2e-ceb6f25960d7 - - - - - -] Creating instance of CountableResource for resource:endpoint_group
2026-04-27 16:40:24.839 7 INFO neutron.quota.resource_registry [None req-50c27a6c-ec58-4d65-ae2e-ceb6f25960d7 - - - - - -] Creating instance of CountableResource for resource:vpnservice
2026-04-27 16:40:24.839 7 INFO neutron.quota.resource_registry [None req-50c27a6c-ec58-4d65-ae2e-ceb6f25960d7 - - - - - -] Creating instance of CountableResource for resource:ipsec_site_connection
2026-04-27 16:40:24.840 7 INFO neutron.quota.resource_registry [None req-50c27a6c-ec58-4d65-ae2e-ceb6f25960d7 - - - - - -] Creating instance of CountableResource for resource:ipsecpolicy
2026-04-27 16:40:24.840 7 WARNING neutron.quota.resource_registry [None req-50c27a6c-ec58-4d65-ae2e-ceb6f25960d7 - - - - - -] ipsecpolicy is already registered
2026-04-27 16:40:24.841 7 INFO neutron.quota.resource_registry [None req-50c27a6c-ec58-4d65-ae2e-ceb6f25960d7 - - - - - -] Creating instance of CountableResource for resource:ikepolicy
2026-04-27 16:40:24.841 7 WARNING neutron.quota.resource_registry [None req-50c27a6c-ec58-4d65-ae2e-ceb6f25960d7 - - - - - -] ikepolicy is already registered
2026-04-27 16:40:24.845 7 INFO neutron.quota.resource_registry [None req-50c27a6c-ec58-4d65-ae2e-ceb6f25960d7 - - - - - -] Creating instance of TrackedResource for resource:router
2026-04-27 16:40:24.845 7 WARNING neutron.quota.resource_registry [None req-50c27a6c-ec58-4d65-ae2e-ceb6f25960d7 - - - - - -] router is already registered
2026-04-27 16:40:24.846 7 INFO neutron.quota.resource_registry [None req-50c27a6c-ec58-4d65-ae2e-ceb6f25960d7 - - - - - -] Creating instance of TrackedResource for resource:floatingip
2026-04-27 16:40:24.846 7 WARNING neutron.quota.resource_registry [None req-50c27a6c-ec58-4d65-ae2e-ceb6f25960d7 - - - - - -] floatingip is already registered
2026-04-27 16:40:24.850 7 INFO neutron.quota.resource_registry [None req-50c27a6c-ec58-4d65-ae2e-ceb6f25960d7 - - - - - -] Creating instance of CountableResource for resource:rbac_policy
2026-04-27 16:40:24.850 7 WARNING neutron.quota.resource_registry [None req-50c27a6c-ec58-4d65-ae2e-ceb6f25960d7 - - - - - -] rbac_policy is already registered
2026-04-27 16:40:24.850 7 INFO neutron.quota.resource_registry [None req-50c27a6c-ec58-4d65-ae2e-ceb6f25960d7 - - - - - -] Creating instance of TrackedResource for resource:security_group
2026-04-27 16:40:24.851 7 WARNING neutron.quota.resource_registry [None req-50c27a6c-ec58-4d65-ae2e-ceb6f25960d7 - - - - - -] security_group is already registered
2026-04-27 16:40:24.851 7 INFO neutron.quota.resource_registry [None req-50c27a6c-ec58-4d65-ae2e-ceb6f25960d7 - - - - - -] Creating instance of TrackedResource for resource:security_group_rule
2026-04-27 16:40:24.851 7 WARNING neutron.quota.resource_registry [None req-50c27a6c-ec58-4d65-ae2e-ceb6f25960d7 - - - - - -] security_group_rule is already registered
2026-04-27 16:40:24.852 7 INFO neutron.quota.resource_registry [None req-50c27a6c-ec58-4d65-ae2e-ceb6f25960d7 - - - - - -] Creating instance of TrackedResource for resource:subnetpool
2026-04-27 16:40:24.852 8 INFO ovsdbapp.backend.ovs_idl.vlog [None req-0d8ca7db-268c-4f70-95c4-c122af9df349 - - - - - -] tcp:10.99.245.62:6641: connecting...
2026-04-27 16:40:24.852 7 WARNING neutron.quota.resource_registry [None req-50c27a6c-ec58-4d65-ae2e-ceb6f25960d7 - - - - - -] subnetpool is already registered
2026-04-27 16:40:24.852 8 INFO ovsdbapp.backend.ovs_idl.vlog [None req-0d8ca7db-268c-4f70-95c4-c122af9df349 - - - - - -] tcp:10.99.245.62:6641: connected
2026-04-27 16:40:24.853 7 INFO neutron.quota.resource_registry [None req-50c27a6c-ec58-4d65-ae2e-ceb6f25960d7 - - - - - -] Creating instance of CountableResource for resource:trunk
2026-04-27 16:40:24.853 7 WARNING neutron.quota.resource_registry [None req-50c27a6c-ec58-4d65-ae2e-ceb6f25960d7 - - - - - -] trunk is already registered
2026-04-27 16:40:24.853 7 INFO neutron.quota.resource_registry [None req-50c27a6c-ec58-4d65-ae2e-ceb6f25960d7 - - - - - -] Creating instance of CountableResource for resource:ikepolicy
2026-04-27 16:40:24.853 7 WARNING neutron.quota.resource_registry [None req-50c27a6c-ec58-4d65-ae2e-ceb6f25960d7 - - - - - -] ikepolicy is already registered
2026-04-27 16:40:24.854 7 INFO neutron.quota.resource_registry [None req-50c27a6c-ec58-4d65-ae2e-ceb6f25960d7 - - - - - -] Creating instance of CountableResource for resource:ipsecpolicy
2026-04-27 16:40:24.854 7 WARNING neutron.quota.resource_registry [None req-50c27a6c-ec58-4d65-ae2e-ceb6f25960d7 - - - - - -] ipsecpolicy is already registered
2026-04-27 16:40:24.854 7 INFO neutron.quota.resource_registry [None req-50c27a6c-ec58-4d65-ae2e-ceb6f25960d7 - - - - - -] Creating instance of CountableResource for resource:endpoint_group
2026-04-27 16:40:24.854 7 WARNING neutron.quota.resource_registry [None req-50c27a6c-ec58-4d65-ae2e-ceb6f25960d7 - - - - - -] endpoint_group is already registered
2026-04-27 16:40:24.855 7 INFO neutron.quota.resource_registry [None req-50c27a6c-ec58-4d65-ae2e-ceb6f25960d7 - - - - - -] Creating instance of CountableResource for resource:vpnservice
2026-04-27 16:40:24.855 7 WARNING neutron.quota.resource_registry [None req-50c27a6c-ec58-4d65-ae2e-ceb6f25960d7 - - - - - -] vpnservice is already registered
2026-04-27 16:40:24.855 7 INFO neutron.quota.resource_registry [None req-50c27a6c-ec58-4d65-ae2e-ceb6f25960d7 - - - - - -] Creating instance of CountableResource for resource:ipsec_site_connection
2026-04-27 16:40:24.855 7 WARNING neutron.quota.resource_registry [None req-50c27a6c-ec58-4d65-ae2e-ceb6f25960d7 - - - - - -] ipsec_site_connection is already registered
2026-04-27 16:40:24.856 7 INFO neutron.quota.resource_registry [None req-50c27a6c-ec58-4d65-ae2e-ceb6f25960d7 - - - - - -] Creating instance of CountableResource for resource:ipsecpolicy
2026-04-27 16:40:24.856 7 WARNING neutron.quota.resource_registry [None req-50c27a6c-ec58-4d65-ae2e-ceb6f25960d7 - - - - - -] ipsecpolicy is already registered
2026-04-27 16:40:24.856 7 INFO neutron.quota.resource_registry [None req-50c27a6c-ec58-4d65-ae2e-ceb6f25960d7 - - - - - -] Creating instance of CountableResource for resource:ikepolicy
2026-04-27 16:40:24.856 7 WARNING neutron.quota.resource_registry [None req-50c27a6c-ec58-4d65-ae2e-ceb6f25960d7 - - - - - -] ikepolicy is already registered
2026-04-27 16:40:24.894 7 WARNING keystonemiddleware._common.config [None req-50c27a6c-ec58-4d65-ae2e-ceb6f25960d7 - - - - - -] The option "audit_map_file" is not known to keystonemiddleware
2026-04-27 16:40:24.901 7 WARNING oslo_config.cfg [None req-50c27a6c-ec58-4d65-ae2e-ceb6f25960d7 - - - - - -] Deprecated: Option "auth_uri" from group "keystone_authtoken" is deprecated. Use option "www_authenticate_uri" from group "keystone_authtoken".
2026-04-27 16:40:24.921 7 WARNING neutron.plugins.ml2.drivers.ovn.mech_driver.mech_driver [None req-50c27a6c-ec58-4d65-ae2e-ceb6f25960d7 - - - - - -] uWSGI must provide a start time using the configuration parameter "start-time %t" in the configuration file
2026-04-27 16:40:24.936 7 INFO neutron.db.ovn_hash_ring_db [None req-50c27a6c-ec58-4d65-ae2e-ceb6f25960d7 - - - - - -] Nodes from host "neutron-server-859658d76-csz8w" and group "mechanism_driver" removed from the Hash Ring created at
2026-04-27 16:40:24+00:00
2026-04-27 16:40:24.939 7 INFO neutron.db.ovn_hash_ring_db [None req-50c27a6c-ec58-4d65-ae2e-ceb6f25960d7 - - - - - -] Node ab424555a543540ab1e77a53acda472b from host "neutron-server-859658d76-csz8w" and group "mechanism_driver" added to the Hash Ring
2026-04-27 16:40:24.946 8 INFO neutron.plugins.ml2.drivers.ovn.mech_driver.ovsdb.impl_idl_ovn [None req-0d8ca7db-268c-4f70-95c4-c122af9df349 - - - - - -] Getting OvsdbSbOvnIdl for WorkerService with retry
2026-04-27 16:40:24.947 7 INFO neutron.plugins.ml2.drivers.ovn.mech_driver.mech_driver [None req-50c27a6c-ec58-4d65-ae2e-ceb6f25960d7 - - - - - -] Hash Ring probing thread for node ab424555a543540ab1e77a53acda472b has started
2026-04-27 16:40:24.947 7 INFO neutron.plugins.ml2.drivers.ovn.mech_driver.ovsdb.impl_idl_ovn [None req-50c27a6c-ec58-4d65-ae2e-ceb6f25960d7 - - - - - -] Getting OvsdbNbOvnIdl for WorkerService with retry
2026-04-27 16:40:24.967 8 INFO ovsdbapp.backend.ovs_idl.vlog [None req-0d8ca7db-268c-4f70-95c4-c122af9df349 - - - - - -] tcp:10.100.209.62:6642: connecting...
2026-04-27 16:40:24.968 8 INFO ovsdbapp.backend.ovs_idl.vlog [None req-0d8ca7db-268c-4f70-95c4-c122af9df349 - - - - - -] tcp:10.100.209.62:6642: connected
2026-04-27 16:40:24.979 7 INFO ovsdbapp.backend.ovs_idl.vlog [None req-50c27a6c-ec58-4d65-ae2e-ceb6f25960d7 - - - - - -] tcp:10.99.245.62:6641: connecting...
2026-04-27 16:40:24.979 7 INFO ovsdbapp.backend.ovs_idl.vlog [None req-50c27a6c-ec58-4d65-ae2e-ceb6f25960d7 - - - - - -] tcp:10.99.245.62:6641: connected
2026-04-27 16:40:24.996 8 INFO neutron.plugins.ml2.drivers.ovn.mech_driver.mech_driver [None req-0d8ca7db-268c-4f70-95c4-c122af9df349 - - - - - -] WorkerService process has finished the post initialization
2026-04-27 16:40:24.997 8 INFO neutron.plugins.ml2.drivers.ovn.mech_driver.ovsdb.extensions.qos [-] Starting OVNClientQosExtension
2026-04-27 16:40:24.998 8 INFO neutron.plugins.ml2.drivers.ovn.mech_driver.ovsdb.extensions.placement [-] Starting OVNClientPlacementExtension
2026-04-27 16:40:25.015 7 INFO neutron.plugins.ml2.drivers.ovn.mech_driver.ovsdb.impl_idl_ovn [None req-50c27a6c-ec58-4d65-ae2e-ceb6f25960d7 - - - - - -] Getting OvsdbSbOvnIdl for WorkerService with retry
2026-04-27 16:40:25.017 8 INFO ovsdbapp.backend.ovs_idl.vlog [None req-0d8ca7db-268c-4f70-95c4-c122af9df349 - - - - - -] tcp:10.99.245.62:6641: connecting...
2026-04-27 16:40:25.017 8 INFO ovsdbapp.backend.ovs_idl.vlog [None req-0d8ca7db-268c-4f70-95c4-c122af9df349 - - - - - -] tcp:10.99.245.62:6641: connected
2026-04-27 16:40:25.037 7 INFO ovsdbapp.backend.ovs_idl.vlog [None req-50c27a6c-ec58-4d65-ae2e-ceb6f25960d7 - - - - - -] tcp:10.100.209.62:6642: connecting...
2026-04-27 16:40:25.037 7 INFO ovsdbapp.backend.ovs_idl.vlog [None req-50c27a6c-ec58-4d65-ae2e-ceb6f25960d7 - - - - - -] tcp:10.100.209.62:6642: connected
2026-04-27 16:40:25.057 8 INFO ovsdbapp.backend.ovs_idl.vlog [None req-0d8ca7db-268c-4f70-95c4-c122af9df349 - - - - - -] tcp:10.99.245.62:6641: connecting...
2026-04-27 16:40:25.058 8 INFO ovsdbapp.backend.ovs_idl.vlog [None req-0d8ca7db-268c-4f70-95c4-c122af9df349 - - - - - -] tcp:10.99.245.62:6641: connected
2026-04-27 16:40:25.067 7 INFO neutron.plugins.ml2.drivers.ovn.mech_driver.mech_driver [None req-50c27a6c-ec58-4d65-ae2e-ceb6f25960d7 - - - - - -] WorkerService process has finished the post initialization WSGI app 0 (mountpoint='') ready in 9 seconds on interpreter 0x7f4a4bef0668 pid: 8 (default app)
2026-04-27 16:40:25.089 7 INFO ovsdbapp.backend.ovs_idl.vlog [None req-50c27a6c-ec58-4d65-ae2e-ceb6f25960d7 - - - - - -] tcp:10.99.245.62:6641: connecting...
2026-04-27 16:40:25.089 7 INFO ovsdbapp.backend.ovs_idl.vlog [None req-50c27a6c-ec58-4d65-ae2e-ceb6f25960d7 - - - - - -] tcp:10.99.245.62:6641: connected
2026-04-27 16:40:25.131 7 INFO ovsdbapp.backend.ovs_idl.vlog [None req-50c27a6c-ec58-4d65-ae2e-ceb6f25960d7 - - - - - -] tcp:10.99.245.62:6641: connecting...
2026-04-27 16:40:25.131 7 INFO ovsdbapp.backend.ovs_idl.vlog [None req-50c27a6c-ec58-4d65-ae2e-ceb6f25960d7 - - - - - -] tcp:10.99.245.62:6641: connected WSGI app 0 (mountpoint='') ready in 9 seconds on interpreter 0x7f4a4bef0668 pid: 7 (default app) /var/lib/openstack/lib/python3.12/site-packages/pycadf/identifier.py:70: UserWarning: Invalid uuid: unknown. To ensure interoperability, identifiers should be a valid uuid. warnings.warn(('Invalid uuid: %s. To ensure interoperability, '
2026-04-27 16:40:27.504 8 INFO neutron.pecan_wsgi.hooks.translation [None req-1af99c03-ab26-4c04-98f7-46121ea664d0 19b8e8b62f8a4550aaa73293c8faa2a1 9753b33df2b54c549a21d0bae3eafe0b - - default default] GET failed (client error): The resource could not be found. [pid: 8|app: 0|req: 3/3] 199.19.213.226 () {44 vars in 926 bytes} [Mon Apr 27 16:40:26 2026] GET /v2.0/networks/public => generated 108 bytes in 835 msecs (HTTP/1.1 404) 4 headers in 164 bytes (1 switches on core 0) /var/lib/openstack/lib/python3.12/site-packages/pycadf/identifier.py:70: UserWarning: Invalid uuid: unknown. To ensure interoperability, identifiers should be a valid uuid. warnings.warn(('Invalid uuid: %s. To ensure interoperability, ' [pid: 7|app: 0|req: 1/4] 199.19.213.226 () {44 vars in 948 bytes} [Mon Apr 27 16:40:27 2026] GET /v2.0/networks?name=public => generated 15 bytes in 381 msecs (HTTP/1.1 200) 4 headers in 156 bytes (1 switches on core 0)
2026-04-27 16:40:28.275 8 INFO neutron.db.ovn_revision_numbers_db [None req-92e763bb-11f5-49aa-8bbf-422ad31ed3dd 19b8e8b62f8a4550aaa73293c8faa2a1 9753b33df2b54c549a21d0bae3eafe0b - - default default] Successfully bumped revision number for resource 457f7f14-a485-48a7-a421-4e52b79fc8dd (type: security_groups) to 1
2026-04-27 16:40:28.291 8 INFO neutron.db.ovn_revision_numbers_db [None req-92e763bb-11f5-49aa-8bbf-422ad31ed3dd 19b8e8b62f8a4550aaa73293c8faa2a1 9753b33df2b54c549a21d0bae3eafe0b - - default default] Successfully bumped revision number for resource 52ae8c33-9ac0-4274-963b-a1f227a61fc8 (type: security_group_rules) to 0
2026-04-27 16:40:28.303 8 INFO neutron.db.ovn_revision_numbers_db [None req-92e763bb-11f5-49aa-8bbf-422ad31ed3dd 19b8e8b62f8a4550aaa73293c8faa2a1 9753b33df2b54c549a21d0bae3eafe0b - - default default] Successfully bumped revision number for resource a3febffa-1a43-4e28-9944-a97e4ab5b6fb (type: security_group_rules) to 0
2026-04-27 16:40:28.315 8 INFO neutron.db.ovn_revision_numbers_db [None req-92e763bb-11f5-49aa-8bbf-422ad31ed3dd 19b8e8b62f8a4550aaa73293c8faa2a1 9753b33df2b54c549a21d0bae3eafe0b - - default default] Successfully bumped revision number for resource c3f5f436-ec85-40a9-ba05-0f82e7e9156a (type: security_group_rules) to 0
2026-04-27 16:40:28.329 8 INFO neutron.db.ovn_revision_numbers_db [None req-92e763bb-11f5-49aa-8bbf-422ad31ed3dd 19b8e8b62f8a4550aaa73293c8faa2a1 9753b33df2b54c549a21d0bae3eafe0b - - default default] Successfully bumped revision number for resource ebb29a21-bd36-4cfb-9b0a-05cd1a8c11aa (type: security_group_rules) to 0
2026-04-27 16:40:28.419 8 WARNING neutron.services.revisions.revision_plugin [None req-92e763bb-11f5-49aa-8bbf-422ad31ed3dd 19b8e8b62f8a4550aaa73293c8faa2a1 9753b33df2b54c549a21d0bae3eafe0b - - default default] Could not find related network for resource to bump revision.
2026-04-27 16:40:28.449 8 INFO neutron.db.segments_db [None req-92e763bb-11f5-49aa-8bbf-422ad31ed3dd 19b8e8b62f8a4550aaa73293c8faa2a1 9753b33df2b54c549a21d0bae3eafe0b - - default default] Added segment e873a7e8-584f-4b07-ba98-005555fa8883 of type flat for network d7c469e5-3621-4b6d-901b-c4abdcce6acd
2026-04-27 16:40:28.603 7 INFO neutron.plugins.ml2.drivers.ovn.mech_driver.mech_driver [-] OVN reports status down for port: provnet-e873a7e8-584f-4b07-ba98-005555fa8883
2026-04-27 16:40:28.603 8 INFO neutron.plugins.ml2.drivers.ovn.mech_driver.mech_driver [-] OVN reports status down for port: provnet-e873a7e8-584f-4b07-ba98-005555fa8883
2026-04-27 16:40:28.660 8 INFO neutron.db.ovn_revision_numbers_db [None req-92e763bb-11f5-49aa-8bbf-422ad31ed3dd 19b8e8b62f8a4550aaa73293c8faa2a1 9753b33df2b54c549a21d0bae3eafe0b - - default default] Successfully bumped revision number for resource d7c469e5-3621-4b6d-901b-c4abdcce6acd (type: networks) to 1
2026-04-27 16:40:28.912 8 WARNING neutron.scheduler.dhcp_agent_scheduler [None req-92e763bb-11f5-49aa-8bbf-422ad31ed3dd 19b8e8b62f8a4550aaa73293c8faa2a1 9753b33df2b54c549a21d0bae3eafe0b - - default default] No more DHCP agents
2026-04-27 16:40:28.913 8 WARNING neutron.api.rpc.agentnotifiers.dhcp_rpc_agent_api [None req-92e763bb-11f5-49aa-8bbf-422ad31ed3dd 19b8e8b62f8a4550aaa73293c8faa2a1 9753b33df2b54c549a21d0bae3eafe0b - - default default] Unable to schedule network d7c469e5-3621-4b6d-901b-c4abdcce6acd: no agents available; will retry on subsequent port and subnet creation events.
2026-04-27 16:40:28.981 7 INFO neutron.plugins.ml2.drivers.ovn.mech_driver.mech_driver [None req-1ac97db5-6152-4517-8047-8b1f6ef64b77 - - - - - -] OVN reports status down for port: b6413824-86b0-4608-8b8c-5be20a0a2ce3
2026-04-27 16:40:28.982 8 INFO neutron.plugins.ml2.drivers.ovn.mech_driver.mech_driver [None req-0205d592-e832-4bb4-870c-f7913824f2fb - - - - - -] OVN reports status down for port: b6413824-86b0-4608-8b8c-5be20a0a2ce3
2026-04-27 16:40:29.064 7 INFO neutron.plugins.ml2.drivers.ovn.mech_driver.ovsdb.extensions.qos [None req-1ac97db5-6152-4517-8047-8b1f6ef64b77 - - - - - -] Starting OVNClientQosExtension
2026-04-27 16:40:29.064 7 INFO neutron.plugins.ml2.drivers.ovn.mech_driver.ovsdb.extensions.placement [None req-1ac97db5-6152-4517-8047-8b1f6ef64b77 - - - - - -] Starting OVNClientPlacementExtension
2026-04-27 16:40:29.065 8 INFO neutron.db.ovn_revision_numbers_db [None req-92e763bb-11f5-49aa-8bbf-422ad31ed3dd 19b8e8b62f8a4550aaa73293c8faa2a1 9753b33df2b54c549a21d0bae3eafe0b - - default default] Successfully bumped revision number for resource b6413824-86b0-4608-8b8c-5be20a0a2ce3 (type: ports) to 1 [pid: 8|app: 0|req: 4/5] 199.19.213.226 () {48 vars in 966 bytes} [Mon Apr 27 16:40:27 2026] POST /v2.0/networks => generated 744 bytes in 1450 msecs (HTTP/1.1 201) 4 headers in 162 bytes (1 switches on core 0)
2026-04-27 16:40:30.541 8 INFO neutron.pecan_wsgi.hooks.translation [None req-1acd3974-319f-4a85-aef2-70780196eed2 19b8e8b62f8a4550aaa73293c8faa2a1 9753b33df2b54c549a21d0bae3eafe0b - - default default] GET failed (client error): The resource could not be found. [pid: 8|app: 0|req: 5/7] 199.19.213.226 () {44 vars in 926 bytes} [Mon Apr 27 16:40:30 2026] GET /v2.0/networks/public => generated 108 bytes in 40 msecs (HTTP/1.1 404) 4 headers in 164 bytes (1 switches on core 0) [pid: 7|app: 0|req: 3/8] 199.19.213.226 () {44 vars in 948 bytes} [Mon Apr 27 16:40:30 2026] GET /v2.0/networks?name=public => generated 753 bytes in 202 msecs (HTTP/1.1 200) 4 headers in 157 bytes (1 switches on core 0)
2026-04-27 16:40:30.783 8 INFO neutron.pecan_wsgi.hooks.translation [None req-ed95583e-316a-44e5-acbe-88bdc13adb82 19b8e8b62f8a4550aaa73293c8faa2a1 9753b33df2b54c549a21d0bae3eafe0b - - default default] GET failed (client error): The resource could not be found. [pid: 8|app: 0|req: 6/9] 199.19.213.226 () {44 vars in 1033 bytes} [Mon Apr 27 16:40:30 2026] GET /v2.0/subnets/public-subnet?network_id=d7c469e5-3621-4b6d-901b-c4abdcce6acd => generated 113 bytes in 27 msecs (HTTP/1.1 404) 4 headers in 164 bytes (1 switches on core 0) [pid: 7|app: 0|req: 4/10] 199.19.213.226 () {44 vars in 1056 bytes} [Mon Apr 27 16:40:30 2026] GET /v2.0/subnets?name=public-subnet&network_id=d7c469e5-3621-4b6d-901b-c4abdcce6acd => generated 14 bytes in 22 msecs (HTTP/1.1 200) 4 headers in 156 bytes (1 switches on core 0)
2026-04-27 16:40:31.022 8 WARNING neutron.scheduler.dhcp_agent_scheduler [None req-d917b9cd-c267-4043-a97f-bd2790f9eddd 19b8e8b62f8a4550aaa73293c8faa2a1 9753b33df2b54c549a21d0bae3eafe0b - - default default] No more DHCP agents
2026-04-27 16:40:31.023 8 WARNING neutron.api.rpc.agentnotifiers.dhcp_rpc_agent_api [None req-d917b9cd-c267-4043-a97f-bd2790f9eddd 19b8e8b62f8a4550aaa73293c8faa2a1 9753b33df2b54c549a21d0bae3eafe0b - - default default] Unable to schedule network d7c469e5-3621-4b6d-901b-c4abdcce6acd: no agents available; will retry on subsequent port and subnet creation events.
2026-04-27 16:40:31.499 8 INFO neutron.db.ovn_revision_numbers_db [None req-2cb4119d-92fb-4add-8856-77340eda239d - - - - - -] Successfully bumped revision number for resource b6413824-86b0-4608-8b8c-5be20a0a2ce3 (type: ports) to 2
