2026-04-27 16:48:09.505 7 INFO neutron_taas.services.taas.tap_mirror_plugin [None req-20b9d51f-018b-4843-9b1a-3d51b72983f4 25aa736216cd4a0cb09aa005e056c5be 4ebe32f15c14487e8f5269ae5da52910 - - default default] Tap Mirror: Handle Delete Port: c02220c2-3555-4f8b-a10a-922965a363b7 [pid: 8|app: 0|req: 426/832] 10.0.0.203 () {34 vars in 1039 bytes} [Mon Apr 27 16:48:09 2026] GET /v2.0/security-groups?id=0ca6e29f-054f-46e2-8ddd-9ee7f03a320d&fields=id&fields=name => generated 114 bytes in 23 msecs (HTTP/1.1 200) 4 headers in 157 bytes (1 switches on core 0) [pid: 8|app: 0|req: 427/833] 199.19.213.226 () {34 vars in 1059 bytes} [Mon Apr 27 16:48:09 2026] GET /v2.0/floatingips?fixed_ip_address=10.100.0.13&port_id=70ba4b3c-82dd-4cf2-a841-0b92d7771d27 => generated 19 bytes in 14 msecs (HTTP/1.1 200) 4 headers in 156 bytes (1 switches on core 0) [pid: 8|app: 0|req: 428/834] 199.19.213.226 () {34 vars in 983 bytes} [Mon Apr 27 16:48:09 2026] GET /v2.0/subnets?id=2dabe4f2-2452-4473-b687-e37e063919cb => generated 688 bytes in 23 msecs (HTTP/1.1 200) 4 headers in 157 bytes (1 switches on core 0) [pid: 8|app: 0|req: 429/835] 199.19.213.226 () {34 vars in 1051 bytes} [Mon Apr 27 16:48:09 2026] GET /v2.0/ports?network_id=4f83dc0f-acd0-4743-90af-1b5f8f9e2777&device_owner=network%3Adhcp => generated 12 bytes in 32 msecs (HTTP/1.1 200) 4 headers in 156 bytes (1 switches on core 0) [pid: 8|app: 0|req: 430/836] 199.19.213.226 () {34 vars in 1011 bytes} [Mon Apr 27 16:48:09 2026] GET /v2.0/networks/4f83dc0f-acd0-4743-90af-1b5f8f9e2777?fields=segments => generated 14 bytes in 59 msecs (HTTP/1.1 200) 4 headers in 156 bytes (1 switches on core 0) [pid: 7|app: 0|req: 407/837] 10.0.0.64 () {32 vars in 724 bytes} [Mon Apr 27 16:48:09 2026] DELETE /v2.0/networks/4de425fe-bb17-4309-82f6-4be4fcbf5dac => generated 0 bytes in 301 msecs (HTTP/1.1 204) 3 headers in 131 bytes (1 switches on core 0) [pid: 8|app: 0|req: 431/838] 199.19.213.226 () {34 vars in 1111 bytes} [Mon Apr 27 16:48:09 2026] GET /v2.0/networks/4f83dc0f-acd0-4743-90af-1b5f8f9e2777?fields=provider%3Aphysical_network&fields=provider%3Anetwork_type => generated 79 bytes in 49 msecs (HTTP/1.1 200) 4 headers in 156 bytes (1 switches on core 0) [pid: 7|app: 0|req: 408/839] 10.0.0.64 () {32 vars in 647 bytes} [Mon Apr 27 16:48:09 2026] GET /v2.0/networks => generated 689 bytes in 43 msecs (HTTP/1.1 200) 4 headers in 157 bytes (1 switches on core 0)
2026-04-27 16:48:09.847 8 INFO neutron.db.segments_db [None req-0146ca22-3b86-4289-959c-55987c010d12 25aa736216cd4a0cb09aa005e056c5be 4ebe32f15c14487e8f5269ae5da52910 - - default default] Added segment 594e75f5-2a43-4a2f-8aaf-43a5010f7ebb of type geneve for network 9995d1ff-6a19-4555-bd7e-3d6019646e79
2026-04-27 16:48:09.968 8 INFO neutron.db.ovn_revision_numbers_db [None req-0146ca22-3b86-4289-959c-55987c010d12 25aa736216cd4a0cb09aa005e056c5be 4ebe32f15c14487e8f5269ae5da52910 - - default default] Successfully bumped revision number for resource 9995d1ff-6a19-4555-bd7e-3d6019646e79 (type: networks) to 1
2026-04-27 16:48:10.168 7 INFO neutron.db.ovn_revision_numbers_db [None req-78e23acd-e47a-46de-9830-6208abf9d30a f3656352a4b44aceb087c33f74707634 7083c57667bf40d6b0d87f3628ff6f70 - - default default] Successfully bumped revision number for resource cede619f-053c-4f3d-a03d-1ab9c2a7e6ff (type: security_groups) to 1
2026-04-27 16:48:10.178 7 INFO neutron.db.ovn_revision_numbers_db [None req-78e23acd-e47a-46de-9830-6208abf9d30a f3656352a4b44aceb087c33f74707634 7083c57667bf40d6b0d87f3628ff6f70 - - default default] Successfully bumped revision number for resource 35734788-3cd4-4b2b-a57c-2b39a8da0e2d (type: security_group_rules) to 0
2026-04-27 16:48:10.194 7 INFO neutron.db.ovn_revision_numbers_db [None req-78e23acd-e47a-46de-9830-6208abf9d30a f3656352a4b44aceb087c33f74707634 7083c57667bf40d6b0d87f3628ff6f70 - - default default] Successfully bumped revision number for resource 520dc5aa-192d-4894-b249-42fc06157626 (type: security_group_rules) to 0
2026-04-27 16:48:10.206 7 INFO neutron.db.ovn_revision_numbers_db [None req-78e23acd-e47a-46de-9830-6208abf9d30a f3656352a4b44aceb087c33f74707634 7083c57667bf40d6b0d87f3628ff6f70 - - default default] Successfully bumped revision number for resource dfd08bb0-eae8-4247-a242-fb4252655e94 (type: security_group_rules) to 0
2026-04-27 16:48:10.212 8 WARNING neutron.scheduler.dhcp_agent_scheduler [None req-0146ca22-3b86-4289-959c-55987c010d12 25aa736216cd4a0cb09aa005e056c5be 4ebe32f15c14487e8f5269ae5da52910 - - default default] No more DHCP agents
2026-04-27 16:48:10.214 8 WARNING neutron.api.rpc.agentnotifiers.dhcp_rpc_agent_api [None req-0146ca22-3b86-4289-959c-55987c010d12 25aa736216cd4a0cb09aa005e056c5be 4ebe32f15c14487e8f5269ae5da52910 - - default default] Unable to schedule network 9995d1ff-6a19-4555-bd7e-3d6019646e79: no agents available; will retry on subsequent port and subnet creation events.
2026-04-27 16:48:10.219 7 INFO neutron.db.ovn_revision_numbers_db [None req-78e23acd-e47a-46de-9830-6208abf9d30a f3656352a4b44aceb087c33f74707634 7083c57667bf40d6b0d87f3628ff6f70 - - default default] Successfully bumped revision number for resource e84ee16d-f3dc-42c3-a0d8-a53093d77569 (type: security_group_rules) to 0
2026-04-27 16:48:10.270 7 INFO neutron.plugins.ml2.drivers.ovn.mech_driver.mech_driver [None req-388df458-e529-4bb4-a656-f20a8a3b9541 - - - - - -] OVN reports status down for port: 35a0092b-830e-40eb-bf09-9383e89bb1e7
2026-04-27 16:48:10.288 8 INFO neutron.db.ovn_revision_numbers_db [None req-0146ca22-3b86-4289-959c-55987c010d12 25aa736216cd4a0cb09aa005e056c5be 4ebe32f15c14487e8f5269ae5da52910 - - default default] Successfully bumped revision number for resource 35a0092b-830e-40eb-bf09-9383e89bb1e7 (type: ports) to 1 [pid: 8|app: 0|req: 432/840] 10.0.0.64 () {34 vars in 668 bytes} [Mon Apr 27 16:48:09 2026] POST /v2.0/networks => generated 673 bytes in 553 msecs (HTTP/1.1 201) 4 headers in 162 bytes (1 switches on core 0)
2026-04-27 16:48:10.313 7 INFO neutron.db.segments_db [None req-78e23acd-e47a-46de-9830-6208abf9d30a f3656352a4b44aceb087c33f74707634 7083c57667bf40d6b0d87f3628ff6f70 - - default default] Added segment b5fd07b3-7a5d-4a0b-a796-6107bcd9f1b0 of type geneve for network 929a56f9-5d71-47ae-b07a-3962328ba18a
2026-04-27 16:48:10.393 8 INFO neutron.db.segments_db [None req-2aa588a6-4378-40e6-ba73-cc25616e9c83 25aa736216cd4a0cb09aa005e056c5be 4ebe32f15c14487e8f5269ae5da52910 - - default default] Added segment 5e706671-6b4e-4fe3-825e-13658f0173a8 of type geneve for network 77351282-d63b-4212-8850-5f3a30eb2120
2026-04-27 16:48:10.427 7 INFO neutron.db.ovn_revision_numbers_db [None req-78e23acd-e47a-46de-9830-6208abf9d30a f3656352a4b44aceb087c33f74707634 7083c57667bf40d6b0d87f3628ff6f70 - - default default] Successfully bumped revision number for resource 929a56f9-5d71-47ae-b07a-3962328ba18a (type: networks) to 1
2026-04-27 16:48:10.504 8 INFO neutron.db.ovn_revision_numbers_db [None req-2aa588a6-4378-40e6-ba73-cc25616e9c83 25aa736216cd4a0cb09aa005e056c5be 4ebe32f15c14487e8f5269ae5da52910 - - default default] Successfully bumped revision number for resource 77351282-d63b-4212-8850-5f3a30eb2120 (type: networks) to 1
2026-04-27 16:48:10.589 7 WARNING neutron.scheduler.dhcp_agent_scheduler [None req-78e23acd-e47a-46de-9830-6208abf9d30a f3656352a4b44aceb087c33f74707634 7083c57667bf40d6b0d87f3628ff6f70 - - default default] No more DHCP agents
2026-04-27 16:48:10.590 7 WARNING neutron.api.rpc.agentnotifiers.dhcp_rpc_agent_api [None req-78e23acd-e47a-46de-9830-6208abf9d30a f3656352a4b44aceb087c33f74707634 7083c57667bf40d6b0d87f3628ff6f70 - - default default] Unable to schedule network 929a56f9-5d71-47ae-b07a-3962328ba18a: no agents available; will retry on subsequent port and subnet creation events.
2026-04-27 16:48:10.668 7 INFO neutron.db.ovn_revision_numbers_db [None req-78e23acd-e47a-46de-9830-6208abf9d30a f3656352a4b44aceb087c33f74707634 7083c57667bf40d6b0d87f3628ff6f70 - - default default] Successfully bumped revision number for resource 06115dea-fe13-4e20-9907-345bac1bb798 (type: ports) to 1
2026-04-27 16:48:10.674 8 INFO neutron.plugins.ml2.drivers.ovn.mech_driver.mech_driver [None req-938da814-344c-4ae3-b060-c95b369eeb2c - - - - - -] OVN reports status down for port: 06115dea-fe13-4e20-9907-345bac1bb798 [pid: 7|app: 0|req: 409/841] 10.0.0.64 () {34 vars in 668 bytes} [Mon Apr 27 16:48:09 2026] POST /v2.0/networks => generated 669 bytes in 767 msecs (HTTP/1.1 201) 4 headers in 162 bytes (1 switches on core 0)
2026-04-27 16:48:10.700 8 WARNING neutron.scheduler.dhcp_agent_scheduler [None req-2aa588a6-4378-40e6-ba73-cc25616e9c83 25aa736216cd4a0cb09aa005e056c5be 4ebe32f15c14487e8f5269ae5da52910 - - default default] No more DHCP agents
2026-04-27 16:48:10.703 8 WARNING neutron.api.rpc.agentnotifiers.dhcp_rpc_agent_api [None req-2aa588a6-4378-40e6-ba73-cc25616e9c83 25aa736216cd4a0cb09aa005e056c5be 4ebe32f15c14487e8f5269ae5da52910 - - default default] Unable to schedule network 77351282-d63b-4212-8850-5f3a30eb2120: no agents available; will retry on subsequent port and subnet creation events.
2026-04-27 16:48:10.766 7 INFO neutron.plugins.ml2.drivers.ovn.mech_driver.mech_driver [None req-388df458-e529-4bb4-a656-f20a8a3b9541 - - - - - -] OVN reports status down for port: 9a808097-1744-4813-89a4-625be53983b8 [pid: 7|app: 0|req: 410/842] 10.0.0.203 () {34 vars in 989 bytes} [Mon Apr 27 16:48:10 2026] GET /v2.0/ports?device_id=22e06038-a248-438d-86fa-8f49fa974bc4 => generated 973 bytes in 78 msecs (HTTP/1.1 200) 4 headers in 157 bytes (1 switches on core 0)
2026-04-27 16:48:10.808 8 INFO neutron.db.ovn_revision_numbers_db [None req-2aa588a6-4378-40e6-ba73-cc25616e9c83 25aa736216cd4a0cb09aa005e056c5be 4ebe32f15c14487e8f5269ae5da52910 - - default default] Successfully bumped revision number for resource 9a808097-1744-4813-89a4-625be53983b8 (type: ports) to 1 [pid: 8|app: 0|req: 433/843] 10.0.0.64 () {34 vars in 668 bytes} [Mon Apr 27 16:48:10 2026] POST /v2.0/networks => generated 672 bytes in 516 msecs (HTTP/1.1 201) 4 headers in 162 bytes (1 switches on core 0) [pid: 8|app: 0|req: 434/844] 10.0.0.203 () {34 vars in 1039 bytes} [Mon Apr 27 16:48:10 2026] GET /v2.0/security-groups?id=0ca6e29f-054f-46e2-8ddd-9ee7f03a320d&fields=id&fields=name => generated 114 bytes in 24 msecs (HTTP/1.1 200) 4 headers in 157 bytes (1 switches on core 0)
2026-04-27 16:48:10.968 7 WARNING neutron.scheduler.dhcp_agent_scheduler [None req-6044b39b-6bc9-4e63-b8c9-560314c2b2c4 f3656352a4b44aceb087c33f74707634 7083c57667bf40d6b0d87f3628ff6f70 - - default default] No more DHCP agents
2026-04-27 16:48:10.969 7 WARNING neutron.api.rpc.agentnotifiers.dhcp_rpc_agent_api [None req-6044b39b-6bc9-4e63-b8c9-560314c2b2c4 f3656352a4b44aceb087c33f74707634 7083c57667bf40d6b0d87f3628ff6f70 - - default default] Unable to schedule network 929a56f9-5d71-47ae-b07a-3962328ba18a: no agents available; will retry on subsequent port and subnet creation events.
2026-04-27 16:48:10.992 7 INFO neutron.db.ovn_revision_numbers_db [None req-6044b39b-6bc9-4e63-b8c9-560314c2b2c4 f3656352a4b44aceb087c33f74707634 7083c57667bf40d6b0d87f3628ff6f70 - - default default] Successfully bumped revision number for resource dfe39a9e-684e-4d0e-90bb-d4769a3f9cfd (type: subnets) to 0 [pid: 7|app: 0|req: 411/845] 10.0.0.64 () {34 vars in 667 bytes} [Mon Apr 27 16:48:10 2026] POST /v2.0/subnets => generated 627 bytes in 235 msecs (HTTP/1.1 201) 4 headers in 162 bytes (1 switches on core 0)
2026-04-27 16:48:11.225 8 WARNING neutron.scheduler.dhcp_agent_scheduler [None req-26a1e7c8-8a80-424d-b074-a60087d37a74 25aa736216cd4a0cb09aa005e056c5be 4ebe32f15c14487e8f5269ae5da52910 - - default default] No more DHCP agents
2026-04-27 16:48:11.226 8 WARNING neutron.api.rpc.agentnotifiers.dhcp_rpc_agent_api [None req-26a1e7c8-8a80-424d-b074-a60087d37a74 25aa736216cd4a0cb09aa005e056c5be 4ebe32f15c14487e8f5269ae5da52910 - - default default] Unable to schedule network 9995d1ff-6a19-4555-bd7e-3d6019646e79: no agents available; will retry on subsequent port and subnet creation events.
2026-04-27 16:48:11.285 8 INFO neutron.plugins.ml2.drivers.ovn.mech_driver.mech_driver [None req-938da814-344c-4ae3-b060-c95b369eeb2c - - - - - -] OVN reports status down for port: 8e21aa84-f76c-4be8-b93a-3e103828697d
2026-04-27 16:48:11.339 7 INFO neutron.services.segments.plugin [-] Segment 23bb4524-0a81-465d-a048-396cf2aeecbc resource provider aggregate not found
2026-04-27 16:48:11.345 8 INFO neutron.db.ovn_revision_numbers_db [None req-26a1e7c8-8a80-424d-b074-a60087d37a74 25aa736216cd4a0cb09aa005e056c5be 4ebe32f15c14487e8f5269ae5da52910 - - default default] Successfully bumped revision number for resource 8e21aa84-f76c-4be8-b93a-3e103828697d (type: ports) to 1
2026-04-27 16:48:11.357 7 INFO neutron.services.segments.plugin [-] Segment 23bb4524-0a81-465d-a048-396cf2aeecbc resource provider aggregate not found
2026-04-27 16:48:11.369 7 INFO neutron.services.segments.plugin [-] Segment 23bb4524-0a81-465d-a048-396cf2aeecbc resource provider not found; error: Placement Client Error (4xx): {"errors": [{"status": 404, "title": "Not Found", "detail": "The resource could not be found.\n\n No resource provider with uuid 23bb4524-0a81-465d-a048-396cf2aeecbc found for delete ", "request_id": "req-1738b3d7-dfea-4864-95c5-89b02f15a81c"}]}
2026-04-27 16:48:11.381 7 INFO neutron.services.segments.plugin [-] Segment 23bb4524-0a81-465d-a048-396cf2aeecbc resource provider not found; error: Placement Client Error (4xx): {"errors": [{"status": 404, "title": "Not Found", "detail": "The resource could not be found.\n\n No resource provider with uuid 23bb4524-0a81-465d-a048-396cf2aeecbc found for delete ", "request_id": "req-a3c693d3-3d99-46a6-9bae-efe6e32826fe"}]}
2026-04-27 16:48:11.414 8 WARNING neutron.scheduler.dhcp_agent_scheduler [None req-26a1e7c8-8a80-424d-b074-a60087d37a74 25aa736216cd4a0cb09aa005e056c5be 4ebe32f15c14487e8f5269ae5da52910 - - default default] No more DHCP agents
2026-04-27 16:48:11.415 8 WARNING neutron.api.rpc.agentnotifiers.dhcp_rpc_agent_api [None req-26a1e7c8-8a80-424d-b074-a60087d37a74 25aa736216cd4a0cb09aa005e056c5be 4ebe32f15c14487e8f5269ae5da52910 - - default default] Unable to schedule network 77351282-d63b-4212-8850-5f3a30eb2120: no agents available; will retry on subsequent port and subnet creation events.
2026-04-27 16:48:11.476 8 INFO neutron.plugins.ml2.drivers.ovn.mech_driver.mech_driver [None req-938da814-344c-4ae3-b060-c95b369eeb2c - - - - - -] OVN reports status down for port: b51cbd94-a3c3-43c8-861a-3245149dcef6
2026-04-27 16:48:11.500 7 WARNING neutron.scheduler.dhcp_agent_scheduler [None req-2c80bbbf-6c7b-462e-9cff-e6acb7275bf1 f3656352a4b44aceb087c33f74707634 7083c57667bf40d6b0d87f3628ff6f70 - - default default] No more DHCP agents
2026-04-27 16:48:11.502 7 WARNING neutron.api.rpc.agentnotifiers.dhcp_rpc_agent_api [None req-2c80bbbf-6c7b-462e-9cff-e6acb7275bf1 f3656352a4b44aceb087c33f74707634 7083c57667bf40d6b0d87f3628ff6f70 - - default default] Unable to schedule network d7c469e5-3621-4b6d-901b-c4abdcce6acd: no agents available; will retry on subsequent port and subnet creation events.
2026-04-27 16:48:11.539 8 INFO neutron.db.ovn_revision_numbers_db [None req-26a1e7c8-8a80-424d-b074-a60087d37a74 25aa736216cd4a0cb09aa005e056c5be 4ebe32f15c14487e8f5269ae5da52910 - - default default] Successfully bumped revision number for resource b51cbd94-a3c3-43c8-861a-3245149dcef6 (type: ports) to 1
2026-04-27 16:48:11.609 7 INFO neutron.plugins.ml2.drivers.ovn.mech_driver.mech_driver [None req-388df458-e529-4bb4-a656-f20a8a3b9541 - - - - - -] OVN reports status down for port: d5305a2f-6eb4-440b-8674-c494c21e6096 [pid: 8|app: 0|req: 435/846] 10.0.0.64 () {34 vars in 663 bytes} [Mon Apr 27 16:48:10 2026] POST /v2.0/ports => generated 1505 bytes in 791 msecs (HTTP/1.1 201) 4 headers in 163 bytes (1 switches on core 0)
2026-04-27 16:48:11.676 7 INFO neutron.db.ovn_revision_numbers_db [None req-2c80bbbf-6c7b-462e-9cff-e6acb7275bf1 f3656352a4b44aceb087c33f74707634 7083c57667bf40d6b0d87f3628ff6f70 - - default default] Successfully bumped revision number for resource d5305a2f-6eb4-440b-8674-c494c21e6096 (type: ports) to 1 /var/lib/openstack/lib/python3.12/site-packages/pycadf/identifier.py:70: UserWarning: Invalid uuid: neutron. To ensure interoperability, identifiers should be a valid uuid. warnings.warn(('Invalid uuid: %s. To ensure interoperability, '
2026-04-27 16:48:11.881 8 INFO neutron.db.ovn_revision_numbers_db [None req-ee4b3244-77ce-4c55-b9a3-3174b698e624 19b8e8b62f8a4550aaa73293c8faa2a1 9753b33df2b54c549a21d0bae3eafe0b - - default default] Successfully bumped revision number for resource 79a6eaff-4264-4f80-bc2f-4bb9f02da2cc (type: security_groups) to 1
2026-04-27 16:48:11.892 8 INFO neutron.db.ovn_revision_numbers_db [None req-ee4b3244-77ce-4c55-b9a3-3174b698e624 19b8e8b62f8a4550aaa73293c8faa2a1 9753b33df2b54c549a21d0bae3eafe0b - - default default] Successfully bumped revision number for resource 52228e4e-5f8c-43ed-9b7b-43a32a3964f7 (type: security_group_rules) to 0
2026-04-27 16:48:11.912 8 INFO neutron.db.ovn_revision_numbers_db [None req-ee4b3244-77ce-4c55-b9a3-3174b698e624 19b8e8b62f8a4550aaa73293c8faa2a1 9753b33df2b54c549a21d0bae3eafe0b - - default default] Successfully bumped revision number for resource 9b77ac85-c1cd-415d-ab80-00e5d5d2ddb8 (type: security_group_rules) to 0
2026-04-27 16:48:11.928 8 INFO neutron.db.ovn_revision_numbers_db [None req-ee4b3244-77ce-4c55-b9a3-3174b698e624 19b8e8b62f8a4550aaa73293c8faa2a1 9753b33df2b54c549a21d0bae3eafe0b - - default default] Successfully bumped revision number for resource aeeeff5e-dcd0-480e-b051-358417d83e49 (type: security_group_rules) to 0
2026-04-27 16:48:11.938 8 INFO neutron.db.ovn_revision_numbers_db [None req-ee4b3244-77ce-4c55-b9a3-3174b698e624 19b8e8b62f8a4550aaa73293c8faa2a1 9753b33df2b54c549a21d0bae3eafe0b - - default default] Successfully bumped revision number for resource ec1621e0-e9f7-4128-855c-4079ca99517a (type: security_group_rules) to 0 [pid: 8|app: 0|req: 436/847] 10.0.0.64 () {32 vars in 772 bytes} [Mon Apr 27 16:48:11 2026] GET /v2.0/security-groups?tenant_id=b0ae9a8ee0ae44fe8df8426639f80243&name=default => generated 2925 bytes in 328 msecs (HTTP/1.1 200) 4 headers in 158 bytes (1 switches on core 0) [pid: 8|app: 0|req: 437/848] 10.0.0.64 () {32 vars in 641 bytes} [Mon Apr 27 16:48:11 2026] GET /v2.0/ports => generated 3017 bytes in 70 msecs (HTTP/1.1 200) 4 headers in 158 bytes (1 switches on core 0) [pid: 8|app: 0|req: 438/849] 10.0.0.203 () {34 vars in 989 bytes} [Mon Apr 27 16:48:12 2026] GET /v2.0/ports?device_id=22e06038-a248-438d-86fa-8f49fa974bc4 => generated 973 bytes in 30 msecs (HTTP/1.1 200) 4 headers in 157 bytes (1 switches on core 0)
2026-04-27 16:48:12.250 7 INFO neutron.plugins.ml2.drivers.ovn.mech_driver.ovsdb.commands [None req-e79e5b6e-8082-4c96-abb8-847ebb4e64a9 - - - - - -] Schedule LRP lrp-d5305a2f-6eb4-440b-8674-c494c21e6096 on gateway 0fbd7f93-a5c8-470d-9b06-d0f80346f85c with priority 1
2026-04-27 16:48:12.284 7 INFO neutron.plugins.ml2.drivers.ovn.mech_driver.mech_driver [None req-388df458-e529-4bb4-a656-f20a8a3b9541 - - - - - -] OVN reports status up for port: d5305a2f-6eb4-440b-8674-c494c21e6096 [pid: 8|app: 0|req: 439/850] 10.0.0.64 () {32 vars in 738 bytes} [Mon Apr 27 16:48:12 2026] DELETE /v2.0/security-groups/79a6eaff-4264-4f80-bc2f-4bb9f02da2cc => generated 0 bytes in 217 msecs (HTTP/1.1 204) 2 headers in 112 bytes (1 switches on core 0)
2026-04-27 16:48:12.307 7 INFO neutron.plugins.ml2.plugin [None req-388df458-e529-4bb4-a656-f20a8a3b9541 - - - - - -] Attempt 1 to provision port d5305a2f-6eb4-440b-8674-c494c21e6096
2026-04-27 16:48:12.324 7 INFO neutron.db.ovn_revision_numbers_db [None req-2c80bbbf-6c7b-462e-9cff-e6acb7275bf1 f3656352a4b44aceb087c33f74707634 7083c57667bf40d6b0d87f3628ff6f70 - - default default] Successfully bumped revision number for resource d5305a2f-6eb4-440b-8674-c494c21e6096 (type: router_ports) to 1
2026-04-27 16:48:12.397 8 INFO neutron.plugins.ml2.drivers.ovn.mech_driver.mech_driver [None req-938da814-344c-4ae3-b060-c95b369eeb2c - - - - - -] OVN reports status up for port: 70ba4b3c-82dd-4cf2-a841-0b92d7771d27
2026-04-27 16:48:12.424 8 INFO neutron.plugins.ml2.plugin [None req-938da814-344c-4ae3-b060-c95b369eeb2c - - - - - -] Attempt 1 to provision port 70ba4b3c-82dd-4cf2-a841-0b92d7771d27
2026-04-27 16:48:12.467 8 INFO neutron_taas.services.taas.taas_plugin [None req-3a535c18-ffaf-42c6-8c4d-7be4af327b4a 25aa736216cd4a0cb09aa005e056c5be 4ebe32f15c14487e8f5269ae5da52910 - - default default] TaaS: Handle Delete Port: 8e21aa84-f76c-4be8-b93a-3e103828697d
2026-04-27 16:48:12.470 8 INFO neutron_taas.services.taas.tap_mirror_plugin [None req-3a535c18-ffaf-42c6-8c4d-7be4af327b4a 25aa736216cd4a0cb09aa005e056c5be 4ebe32f15c14487e8f5269ae5da52910 - - default default] Tap Mirror: Handle Delete Port: 8e21aa84-f76c-4be8-b93a-3e103828697d
2026-04-27 16:48:12.614 8 INFO neutron.notifiers.nova [-] Nova event matching ['req-6421afe0-324c-4fb5-ad83-36f072e5826f'] response: {'server_uuid': '22e06038-a248-438d-86fa-8f49fa974bc4', 'name': 'network-vif-plugged', 'status': 'completed', 'tag': '70ba4b3c-82dd-4cf2-a841-0b92d7771d27', 'code': 200} [pid: 8|app: 0|req: 440/851] 10.0.0.64 () {32 vars in 718 bytes} [Mon Apr 27 16:48:12 2026] DELETE /v2.0/ports/8e21aa84-f76c-4be8-b93a-3e103828697d => generated 0 bytes in 443 msecs (HTTP/1.1 204) 3 headers in 131 bytes (1 switches on core 0) [pid: 8|app: 0|req: 441/852] 10.0.0.203 () {34 vars in 1039 bytes} [Mon Apr 27 16:48:12 2026] GET /v2.0/security-groups?id=0ca6e29f-054f-46e2-8ddd-9ee7f03a320d&fields=id&fields=name => generated 114 bytes in 120 msecs (HTTP/1.1 200) 4 headers in 157 bytes (1 switches on core 0)
2026-04-27 16:48:12.877 8 INFO neutron.db.ovn_revision_numbers_db [None req-938da814-344c-4ae3-b060-c95b369eeb2c - - - - - -] Successfully bumped revision number for resource 70ba4b3c-82dd-4cf2-a841-0b92d7771d27 (type: ports) to 5
2026-04-27 16:48:12.909 7 INFO neutron.db.ovn_revision_numbers_db [None req-2c80bbbf-6c7b-462e-9cff-e6acb7275bf1 f3656352a4b44aceb087c33f74707634 7083c57667bf40d6b0d87f3628ff6f70 - - default default] Successfully bumped revision number for resource 6f7f95a9-7e06-426c-b196-2b9c8cb23343 (type: routers) to 2 [pid: 7|app: 0|req: 412/853] 10.0.0.64 () {34 vars in 667 bytes} [Mon Apr 27 16:48:11 2026] POST /v2.0/routers => generated 955 bytes in 1915 msecs (HTTP/1.1 201) 4 headers in 162 bytes (1 switches on core 0)
2026-04-27 16:48:13.012 8 INFO neutron_taas.services.taas.taas_plugin [None req-c1808a18-d42f-4d6b-bb5a-96e94ce48c85 25aa736216cd4a0cb09aa005e056c5be 4ebe32f15c14487e8f5269ae5da52910 - - default default] TaaS: Handle Delete Port: b51cbd94-a3c3-43c8-861a-3245149dcef6
2026-04-27 16:48:13.015 8 INFO neutron_taas.services.taas.tap_mirror_plugin [None req-c1808a18-d42f-4d6b-bb5a-96e94ce48c85 25aa736216cd4a0cb09aa005e056c5be 4ebe32f15c14487e8f5269ae5da52910 - - default default] Tap Mirror: Handle Delete Port: b51cbd94-a3c3-43c8-861a-3245149dcef6 [pid: 8|app: 0|req: 442/854] 10.0.0.64 () {32 vars in 718 bytes} [Mon Apr 27 16:48:12 2026] DELETE /v2.0/ports/b51cbd94-a3c3-43c8-861a-3245149dcef6 => generated 0 bytes in 334 msecs (HTTP/1.1 204) 3 headers in 131 bytes (1 switches on core 0) /var/lib/openstack/lib/python3.12/site-packages/pycadf/identifier.py:70: UserWarning: Invalid uuid: neutron. To ensure interoperability, identifiers should be a valid uuid. warnings.warn(('Invalid uuid: %s. To ensure interoperability, ' [pid: 8|app: 0|req: 443/855] 10.0.0.64 () {32 vars in 641 bytes} [Mon Apr 27 16:48:13 2026] GET /v2.0/ports => generated 1523 bytes in 56 msecs (HTTP/1.1 200) 4 headers in 158 bytes (1 switches on core 0)
2026-04-27 16:48:13.354 8 INFO neutron.db.segments_db [None req-bc4c744b-7b1b-44cd-8e6a-f67f0278dcd9 25aa736216cd4a0cb09aa005e056c5be 4ebe32f15c14487e8f5269ae5da52910 - - default default] Added segment b8216841-b3fa-495a-bf80-3f948b772bc7 of type geneve for network 80e15864-5422-43c4-86e2-677a736d519c
2026-04-27 16:48:13.477 8 INFO neutron.db.ovn_revision_numbers_db [None req-bc4c744b-7b1b-44cd-8e6a-f67f0278dcd9 25aa736216cd4a0cb09aa005e056c5be 4ebe32f15c14487e8f5269ae5da52910 - - default default] Successfully bumped revision number for resource 80e15864-5422-43c4-86e2-677a736d519c (type: networks) to 1
2026-04-27 16:48:13.558 7 WARNING neutron.scheduler.dhcp_agent_scheduler [None req-d67bf1c0-8c4b-469f-acc7-0d4cf0ebb821 f3656352a4b44aceb087c33f74707634 7083c57667bf40d6b0d87f3628ff6f70 - - default default] No more DHCP agents
2026-04-27 16:48:13.559 7 WARNING neutron.api.rpc.agentnotifiers.dhcp_rpc_agent_api [None req-d67bf1c0-8c4b-469f-acc7-0d4cf0ebb821 f3656352a4b44aceb087c33f74707634 7083c57667bf40d6b0d87f3628ff6f70 - - default default] Unable to schedule network 929a56f9-5d71-47ae-b07a-3962328ba18a: no agents available; will retry on subsequent port and subnet creation events.
2026-04-27 16:48:13.682 7 INFO neutron.db.ovn_revision_numbers_db [None req-d67bf1c0-8c4b-469f-acc7-0d4cf0ebb821 f3656352a4b44aceb087c33f74707634 7083c57667bf40d6b0d87f3628ff6f70 - - default default] Successfully bumped revision number for resource daa6bce8-13a4-4e81-81b4-52616642edcf (type: ports) to 1
2026-04-27 16:48:13.737 8 WARNING neutron.scheduler.dhcp_agent_scheduler [None req-bc4c744b-7b1b-44cd-8e6a-f67f0278dcd9 25aa736216cd4a0cb09aa005e056c5be 4ebe32f15c14487e8f5269ae5da52910 - - default default] No more DHCP agents
2026-04-27 16:48:13.742 8 WARNING neutron.api.rpc.agentnotifiers.dhcp_rpc_agent_api [None req-bc4c744b-7b1b-44cd-8e6a-f67f0278dcd9 25aa736216cd4a0cb09aa005e056c5be 4ebe32f15c14487e8f5269ae5da52910 - - default default] Unable to schedule network 80e15864-5422-43c4-86e2-677a736d519c: no agents available; will retry on subsequent port and subnet creation events.
2026-04-27 16:48:13.802 8 INFO neutron.plugins.ml2.drivers.ovn.mech_driver.mech_driver [None req-e6c9d808-6d3a-4168-85d8-440cea99306f - - - - - -] OVN reports status down for port: cf05a79d-3f19-47d4-b554-9afa9b82a41c
2026-04-27 16:48:13.863 8 INFO neutron.db.ovn_revision_numbers_db [None req-bc4c744b-7b1b-44cd-8e6a-f67f0278dcd9 25aa736216cd4a0cb09aa005e056c5be 4ebe32f15c14487e8f5269ae5da52910 - - default default] Successfully bumped revision number for resource cf05a79d-3f19-47d4-b554-9afa9b82a41c (type: ports) to 1 [pid: 8|app: 0|req: 444/856] 10.0.0.64 () {34 vars in 668 bytes} [Mon Apr 27 16:48:13 2026] POST /v2.0/networks => generated 673 bytes in 662 msecs (HTTP/1.1 201) 4 headers in 162 bytes (1 switches on core 0) [pid: 8|app: 0|req: 445/857] 10.0.0.203 () {34 vars in 989 bytes} [Mon Apr 27 16:48:13 2026] GET /v2.0/ports?device_id=22e06038-a248-438d-86fa-8f49fa974bc4 => generated 975 bytes in 79 msecs (HTTP/1.1 200) 4 headers in 157 bytes (1 switches on core 0)
2026-04-27 16:48:14.079 8 INFO neutron.db.segments_db [None req-48157792-6e72-49e4-867e-f2fb5f859a7b 25aa736216cd4a0cb09aa005e056c5be 4ebe32f15c14487e8f5269ae5da52910 - - default default] Added segment 5c3219de-ac34-488f-b915-6cce93b5ecfb of type geneve for network baae5833-38a6-40bd-b2b9-ae14e2f307c5
2026-04-27 16:48:14.184 8 INFO neutron.db.ovn_revision_numbers_db [None req-48157792-6e72-49e4-867e-f2fb5f859a7b 25aa736216cd4a0cb09aa005e056c5be 4ebe32f15c14487e8f5269ae5da52910 - - default default] Successfully bumped revision number for resource baae5833-38a6-40bd-b2b9-ae14e2f307c5 (type: networks) to 1
2026-04-27 16:48:14.353 8 WARNING neutron.scheduler.dhcp_agent_scheduler [None req-48157792-6e72-49e4-867e-f2fb5f859a7b 25aa736216cd4a0cb09aa005e056c5be 4ebe32f15c14487e8f5269ae5da52910 - - default default] No more DHCP agents
2026-04-27 16:48:14.354 8 WARNING neutron.api.rpc.agentnotifiers.dhcp_rpc_agent_api [None req-48157792-6e72-49e4-867e-f2fb5f859a7b 25aa736216cd4a0cb09aa005e056c5be 4ebe32f15c14487e8f5269ae5da52910 - - default default] Unable to schedule network baae5833-38a6-40bd-b2b9-ae14e2f307c5: no agents available; will retry on subsequent port and subnet creation events.
2026-04-27 16:48:14.462 8 INFO neutron.db.ovn_revision_numbers_db [None req-48157792-6e72-49e4-867e-f2fb5f859a7b 25aa736216cd4a0cb09aa005e056c5be 4ebe32f15c14487e8f5269ae5da52910 - - default default] Successfully bumped revision number for resource b05a274b-7ec4-4a22-9952-774d32e7b794 (type: ports) to 1
2026-04-27 16:48:14.487 7 WARNING neutron.scheduler.dhcp_agent_scheduler [None req-d67bf1c0-8c4b-469f-acc7-0d4cf0ebb821 f3656352a4b44aceb087c33f74707634 7083c57667bf40d6b0d87f3628ff6f70 - - default default] No more DHCP agents
2026-04-27 16:48:14.489 7 WARNING neutron.api.rpc.agentnotifiers.dhcp_rpc_agent_api [None req-d67bf1c0-8c4b-469f-acc7-0d4cf0ebb821 f3656352a4b44aceb087c33f74707634 7083c57667bf40d6b0d87f3628ff6f70 - - default default] Unable to schedule network 929a56f9-5d71-47ae-b07a-3962328ba18a: no agents available; will retry on subsequent port and subnet creation events. [pid: 8|app: 0|req: 446/858] 10.0.0.64 () {34 vars in 668 bytes} [Mon Apr 27 16:48:13 2026] POST /v2.0/networks => generated 673 bytes in 490 msecs (HTTP/1.1 201) 4 headers in 162 bytes (1 switches on core 0) [pid: 8|app: 0|req: 447/859] 10.0.0.203 () {34 vars in 1039 bytes} [Mon Apr 27 16:48:14 2026] GET /v2.0/security-groups?id=0ca6e29f-054f-46e2-8ddd-9ee7f03a320d&fields=id&fields=name => generated 114 bytes in 30 msecs (HTTP/1.1 200) 4 headers in 157 bytes (1 switches on core 0)
2026-04-27 16:48:14.646 8 INFO neutron.notifiers.nova [-] Nova event matching ['req-7fb86f6e-c02f-4e17-8dae-faf721d0b63b'] response: {'server_uuid': '22e06038-a248-438d-86fa-8f49fa974bc4', 'name': 'network-vif-plugged', 'status': 'completed', 'tag': '70ba4b3c-82dd-4cf2-a841-0b92d7771d27', 'code': 200}
2026-04-27 16:48:14.879 8 INFO neutron.db.ovn_revision_numbers_db [None req-0feff57d-f69b-4635-be8f-dcae92f4a292 d5aafe97143e4bb195cda6d6beec3e34 4b577372ca624211ac7088f4a69a3bce - - default default] Successfully bumped revision number for resource 28d18833-2569-4e6d-84e3-6820595afd55 (type: security_groups) to 1
2026-04-27 16:48:14.890 8 INFO neutron.db.ovn_revision_numbers_db [None req-0feff57d-f69b-4635-be8f-dcae92f4a292 d5aafe97143e4bb195cda6d6beec3e34 4b577372ca624211ac7088f4a69a3bce - - default default] Successfully bumped revision number for resource 2ad4aefb-b031-4c58-91f7-71ac572db3b6 (type: security_group_rules) to 0
2026-04-27 16:48:14.902 8 INFO neutron.db.ovn_revision_numbers_db [None req-0feff57d-f69b-4635-be8f-dcae92f4a292 d5aafe97143e4bb195cda6d6beec3e34 4b577372ca624211ac7088f4a69a3bce - - default default] Successfully bumped revision number for resource 7a8dd664-cd45-4a92-ac74-d4fb072f66fa (type: security_group_rules) to 0
2026-04-27 16:48:14.913 8 INFO neutron.db.ovn_revision_numbers_db [None req-0feff57d-f69b-4635-be8f-dcae92f4a292 d5aafe97143e4bb195cda6d6beec3e34 4b577372ca624211ac7088f4a69a3bce - - default default] Successfully bumped revision number for resource ed743b9c-a46a-4104-a748-68bcf3206c11 (type: security_group_rules) to 0
2026-04-27 16:48:14.925 8 INFO neutron.db.ovn_revision_numbers_db [None req-0feff57d-f69b-4635-be8f-dcae92f4a292 d5aafe97143e4bb195cda6d6beec3e34 4b577372ca624211ac7088f4a69a3bce - - default default] Successfully bumped revision number for resource fbb46e2d-70bb-4764-a952-655c5e8e2d06 (type: security_group_rules) to 0
2026-04-27 16:48:14.927 7 INFO neutron.db.ovn_revision_numbers_db [None req-d67bf1c0-8c4b-469f-acc7-0d4cf0ebb821 f3656352a4b44aceb087c33f74707634 7083c57667bf40d6b0d87f3628ff6f70 - - default default] Successfully bumped revision number for resource daa6bce8-13a4-4e81-81b4-52616642edcf (type: router_ports) to 1 [pid: 7|app: 0|req: 413/860] 10.0.0.64 () {34 vars in 781 bytes} [Mon Apr 27 16:48:12 2026] PUT /v2.0/routers/6f7f95a9-7e06-426c-b196-2b9c8cb23343/add_router_interface => generated 309 bytes in 2000 msecs (HTTP/1.1 200) 4 headers in 157 bytes (1 switches on core 0) [pid: 7|app: 0|req: 416/863] 10.0.0.203 () {34 vars in 989 bytes} [Mon Apr 27 16:48:14 2026] GET /v2.0/ports?device_id=22e06038-a248-438d-86fa-8f49fa974bc4 => generated 975 bytes in 55 msecs (HTTP/1.1 200) 4 headers in 157 bytes (1 switches on core 0)
2026-04-27 16:48:15.002 8 INFO neutron.db.segments_db [None req-0feff57d-f69b-4635-be8f-dcae92f4a292 d5aafe97143e4bb195cda6d6beec3e34 4b577372ca624211ac7088f4a69a3bce - - default default] Added segment e0cd33e2-8fc4-4cdf-8515-1099bc8d0fdc of type geneve for network 5e82aec8-e7f8-45c0-9006-4916a80e8f6c
2026-04-27 16:48:15.105 8 INFO neutron.db.ovn_revision_numbers_db [None req-0feff57d-f69b-4635-be8f-dcae92f4a292 d5aafe97143e4bb195cda6d6beec3e34 4b577372ca624211ac7088f4a69a3bce - - default default] Successfully bumped revision number for resource 5e82aec8-e7f8-45c0-9006-4916a80e8f6c (type: networks) to 1
2026-04-27 16:48:15.251 8 WARNING neutron.scheduler.dhcp_agent_scheduler [None req-0feff57d-f69b-4635-be8f-dcae92f4a292 d5aafe97143e4bb195cda6d6beec3e34 4b577372ca624211ac7088f4a69a3bce - - default default] No more DHCP agents
2026-04-27 16:48:15.253 8 WARNING neutron.api.rpc.agentnotifiers.dhcp_rpc_agent_api [None req-0feff57d-f69b-4635-be8f-dcae92f4a292 d5aafe97143e4bb195cda6d6beec3e34 4b577372ca624211ac7088f4a69a3bce - - default default] Unable to schedule network 5e82aec8-e7f8-45c0-9006-4916a80e8f6c: no agents available; will retry on subsequent port and subnet creation events.
2026-04-27 16:48:15.296 7 WARNING neutron.scheduler.dhcp_agent_scheduler [None req-97c2ad1f-2600-4369-a49c-ccb79341b9ce 25aa736216cd4a0cb09aa005e056c5be 4ebe32f15c14487e8f5269ae5da52910 - - default default] No more DHCP agents
2026-04-27 16:48:15.297 7 WARNING neutron.api.rpc.agentnotifiers.dhcp_rpc_agent_api [None req-97c2ad1f-2600-4369-a49c-ccb79341b9ce 25aa736216cd4a0cb09aa005e056c5be 4ebe32f15c14487e8f5269ae5da52910 - - default default] Unable to schedule network 80e15864-5422-43c4-86e2-677a736d519c: no agents available; will retry on subsequent port and subnet creation events.
2026-04-27 16:48:15.311 8 INFO neutron.plugins.ml2.drivers.ovn.mech_driver.mech_driver [None req-e6c9d808-6d3a-4168-85d8-440cea99306f - - - - - -] OVN reports status down for port: 71ddae0a-5c9c-41bd-a634-bc82477444d9
2026-04-27 16:48:15.332 7 INFO neutron.db.ovn_revision_numbers_db [None req-97c2ad1f-2600-4369-a49c-ccb79341b9ce 25aa736216cd4a0cb09aa005e056c5be 4ebe32f15c14487e8f5269ae5da52910 - - default default] Successfully bumped revision number for resource c0960a6b-af1f-4a8f-81ff-8e871230cc54 (type: subnets) to 0
2026-04-27 16:48:15.353 8 INFO neutron.db.ovn_revision_numbers_db [None req-0feff57d-f69b-4635-be8f-dcae92f4a292 d5aafe97143e4bb195cda6d6beec3e34 4b577372ca624211ac7088f4a69a3bce - - default default] Successfully bumped revision number for resource 71ddae0a-5c9c-41bd-a634-bc82477444d9 (type: ports) to 1
2026-04-27 16:48:15.366 7 WARNING neutron.scheduler.dhcp_agent_scheduler [None req-97c2ad1f-2600-4369-a49c-ccb79341b9ce 25aa736216cd4a0cb09aa005e056c5be 4ebe32f15c14487e8f5269ae5da52910 - - default default] No more DHCP agents
2026-04-27 16:48:15.368 7 WARNING neutron.api.rpc.agentnotifiers.dhcp_rpc_agent_api [None req-97c2ad1f-2600-4369-a49c-ccb79341b9ce 25aa736216cd4a0cb09aa005e056c5be 4ebe32f15c14487e8f5269ae5da52910 - - default default] Unable to schedule network baae5833-38a6-40bd-b2b9-ae14e2f307c5: no agents available; will retry on subsequent port and subnet creation events.
2026-04-27 16:48:15.392 7 INFO neutron.db.ovn_revision_numbers_db [None req-97c2ad1f-2600-4369-a49c-ccb79341b9ce 25aa736216cd4a0cb09aa005e056c5be 4ebe32f15c14487e8f5269ae5da52910 - - default default] Successfully bumped revision number for resource 0b16cd68-a881-41a5-ba22-33ea3811693c (type: subnets) to 0 [pid: 8|app: 0|req: 448/864] 10.0.0.64 () {34 vars in 668 bytes} [Mon Apr 27 16:48:14 2026] POST /v2.0/networks => generated 663 bytes in 878 msecs (HTTP/1.1 201) 4 headers in 162 bytes (1 switches on core 0) [pid: 7|app: 0|req: 417/865] 10.0.0.64 () {34 vars in 667 bytes} [Mon Apr 27 16:48:14 2026] POST /v2.0/subnets => generated 1324 bytes in 421 msecs (HTTP/1.1 201) 4 headers in 163 bytes (1 switches on core 0)
2026-04-27 16:48:15.644 8 WARNING neutron.scheduler.dhcp_agent_scheduler [None req-2652508c-9b6a-4c59-a896-f7586d8a8d23 f3656352a4b44aceb087c33f74707634 7083c57667bf40d6b0d87f3628ff6f70 - - default default] No more DHCP agents
2026-04-27 16:48:15.645 8 WARNING neutron.api.rpc.agentnotifiers.dhcp_rpc_agent_api [None req-2652508c-9b6a-4c59-a896-f7586d8a8d23 f3656352a4b44aceb087c33f74707634 7083c57667bf40d6b0d87f3628ff6f70 - - default default] Unable to schedule network 929a56f9-5d71-47ae-b07a-3962328ba18a: no agents available; will retry on subsequent port and subnet creation events.
2026-04-27 16:48:15.783 8 INFO neutron.plugins.ml2.drivers.ovn.mech_driver.mech_driver [None req-e6c9d808-6d3a-4168-85d8-440cea99306f - - - - - -] OVN reports status down for port: 6dc98d65-ab38-487b-8dc9-15ce16c62d45
2026-04-27 16:48:15.854 8 INFO neutron.db.ovn_revision_numbers_db [None req-2652508c-9b6a-4c59-a896-f7586d8a8d23 f3656352a4b44aceb087c33f74707634 7083c57667bf40d6b0d87f3628ff6f70 - - default default] Successfully bumped revision number for resource 6dc98d65-ab38-487b-8dc9-15ce16c62d45 (type: ports) to 1
2026-04-27 16:48:15.885 7 INFO neutron.db.ovn_revision_numbers_db [None req-882d8ded-6be7-4947-871f-6a20529fb984 005092821a004698b0e735fedee22e07 107a07dfbdfc466baa095a6dd8f75023 - - default default] Successfully bumped revision number for resource 078bb580-027c-476c-b3e8-5c26f145d968 (type: floatingips) to 1 [pid: 8|app: 0|req: 449/866] 10.0.0.64 () {34 vars in 663 bytes} [Mon Apr 27 16:48:15 2026] POST /v2.0/ports => generated 959 bytes in 595 msecs (HTTP/1.1 201) 4 headers in 162 bytes (1 switches on core 0) /var/lib/openstack/lib/python3.12/site-packages/pycadf/identifier.py:70: UserWarning: Invalid uuid: neutron. To ensure interoperability, identifiers should be a valid uuid. warnings.warn(('Invalid uuid: %s. To ensure interoperability, '
2026-04-27 16:48:16.009 7 INFO neutron.db.ovn_revision_numbers_db [None req-882d8ded-6be7-4947-871f-6a20529fb984 005092821a004698b0e735fedee22e07 107a07dfbdfc466baa095a6dd8f75023 - - default default] Successfully bumped revision number for resource 078bb580-027c-476c-b3e8-5c26f145d968 (type: floatingips) to 2
2026-04-27 16:48:16.009 7 INFO neutron.db.l3_db [None req-882d8ded-6be7-4947-871f-6a20529fb984 005092821a004698b0e735fedee22e07 107a07dfbdfc466baa095a6dd8f75023 - - default default] Floating IP 078bb580-027c-476c-b3e8-5c26f145d968 associated. External IP: 10.96.250.214, port: 70ba4b3c-82dd-4cf2-a841-0b92d7771d27. [pid: 7|app: 0|req: 418/867] 10.0.0.64 () {34 vars in 747 bytes} [Mon Apr 27 16:48:15 2026] PUT /v2.0/floatingips/078bb580-027c-476c-b3e8-5c26f145d968 => generated 856 bytes in 623 msecs (HTTP/1.1 200) 4 headers in 157 bytes (1 switches on core 0) [pid: 8|app: 0|req: 450/868] 10.0.0.64 () {32 vars in 645 bytes} [Mon Apr 27 16:48:15 2026] GET /v2.0/subnets => generated 1960 bytes in 60 msecs (HTTP/1.1 200) 4 headers in 158 bytes (1 switches on core 0)
2026-04-27 16:48:16.084 7 INFO neutron.notifiers.nova [-] Nova event matching ['req-cb2ab68c-90d2-4b96-bde5-10ffd85fa223'] response: {'name': 'network-changed', 'server_uuid': '22e06038-a248-438d-86fa-8f49fa974bc4', 'tag': '70ba4b3c-82dd-4cf2-a841-0b92d7771d27', 'status': 'completed', 'code': 200}
2026-04-27 16:48:16.231 7 WARNING neutron.scheduler.dhcp_agent_scheduler [None req-00327ee9-b5b3-4dfc-a0dd-9c466db1f2c4 d5aafe97143e4bb195cda6d6beec3e34 4b577372ca624211ac7088f4a69a3bce - - default default] No more DHCP agents
2026-04-27 16:48:16.232 7 WARNING neutron.api.rpc.agentnotifiers.dhcp_rpc_agent_api [None req-00327ee9-b5b3-4dfc-a0dd-9c466db1f2c4 d5aafe97143e4bb195cda6d6beec3e34 4b577372ca624211ac7088f4a69a3bce - - default default] Unable to schedule network 5e82aec8-e7f8-45c0-9006-4916a80e8f6c: no agents available; will retry on subsequent port and subnet creation events.
2026-04-27 16:48:16.401 8 WARNING neutron.scheduler.dhcp_agent_scheduler [None req-282019e1-37ac-4341-89bb-c2e824a6fbd8 f3656352a4b44aceb087c33f74707634 7083c57667bf40d6b0d87f3628ff6f70 - - default default] No more DHCP agents
2026-04-27 16:48:16.403 8 WARNING neutron.api.rpc.agentnotifiers.dhcp_rpc_agent_api [None req-282019e1-37ac-4341-89bb-c2e824a6fbd8 f3656352a4b44aceb087c33f74707634 7083c57667bf40d6b0d87f3628ff6f70 - - default default] Unable to schedule network 929a56f9-5d71-47ae-b07a-3962328ba18a: no agents available; will retry on subsequent port and subnet creation events.
2026-04-27 16:48:16.582 8 INFO neutron.plugins.ml2.drivers.ovn.mech_driver.mech_driver [None req-e6c9d808-6d3a-4168-85d8-440cea99306f - - - - - -] OVN reports status down for port: d088fe91-cad6-4ba8-bb7b-459ac709fe60
2026-04-27 16:48:16.694 8 INFO neutron.db.ovn_revision_numbers_db [None req-282019e1-37ac-4341-89bb-c2e824a6fbd8 f3656352a4b44aceb087c33f74707634 7083c57667bf40d6b0d87f3628ff6f70 - - default default] Successfully bumped revision number for resource d088fe91-cad6-4ba8-bb7b-459ac709fe60 (type: ports) to 1
2026-04-27 16:48:16.721 7 INFO neutron.db.ovn_revision_numbers_db [None req-bd48b2b9-0d14-4828-a1cc-0ba6625babeb - - - - - -] Successfully bumped revision number for resource 71ddae0a-5c9c-41bd-a634-bc82477444d9 (type: ports) to 2 [pid: 8|app: 0|req: 451/869] 10.0.0.64 () {34 vars in 663 bytes} [Mon Apr 27 16:48:16 2026] POST /v2.0/ports => generated 955 bytes in 685 msecs (HTTP/1.1 201) 4 headers in 162 bytes (1 switches on core 0) /var/lib/openstack/lib/python3.12/site-packages/pycadf/identifier.py:70: UserWarning: Invalid uuid: neutron. To ensure interoperability, identifiers should be a valid uuid. warnings.warn(('Invalid uuid: %s. To ensure interoperability, '
2026-04-27 16:48:16.774 7 INFO neutron.db.ovn_revision_numbers_db [None req-bd48b2b9-0d14-4828-a1cc-0ba6625babeb - - - - - -] Successfully bumped revision number for resource e6c747fc-127d-4839-9273-0a7c90207769 (type: subnets) to 0 [pid: 7|app: 0|req: 419/870] 10.0.0.64 () {34 vars in 667 bytes} [Mon Apr 27 16:48:16 2026] POST /v2.0/subnets => generated 641 bytes in 758 msecs (HTTP/1.1 201) 4 headers in 162 bytes (1 switches on core 0) [pid: 7|app: 0|req: 420/871] 10.0.0.203 () {34 vars in 989 bytes} [Mon Apr 27 16:48:16 2026] GET /v2.0/ports?device_id=22e06038-a248-438d-86fa-8f49fa974bc4 => generated 975 bytes in 34 msecs (HTTP/1.1 200) 4 headers in 157 bytes (1 switches on core 0) [pid: 7|app: 0|req: 421/872] 199.19.213.226 () {34 vars in 1079 bytes} [Mon Apr 27 16:48:16 2026] GET /v2.0/ports?tenant_id=107a07dfbdfc466baa095a6dd8f75023&device_id=22e06038-a248-438d-86fa-8f49fa974bc4 => generated 1213 bytes in 44 msecs (HTTP/1.1 200) 4 headers in 158 bytes (1 switches on core 0) [pid: 8|app: 0|req: 452/873] 10.0.0.64 () {32 vars in 722 bytes} [Mon Apr 27 16:48:16 2026] DELETE /v2.0/subnets/c0960a6b-af1f-4a8f-81ff-8e871230cc54 => generated 0 bytes in 176 msecs (HTTP/1.1 204) 3 headers in 131 bytes (1 switches on core 0)
2026-04-27 16:48:16.998 8 INFO neutron.db.segments_db [None req-168ad853-eb51-4755-8596-2a72e9be2148 d5aafe97143e4bb195cda6d6beec3e34 4b577372ca624211ac7088f4a69a3bce - - default default] Added segment d1c012d9-3c35-40a0-9136-8a2ac3d20311 of type geneve for network e9fff789-b83a-48d4-803c-b9d4107e6494
2026-04-27 16:48:17.082 7 WARNING neutron.scheduler.dhcp_agent_scheduler [None req-4e19839d-7f37-4191-a843-0e716eef4837 f3656352a4b44aceb087c33f74707634 7083c57667bf40d6b0d87f3628ff6f70 - - default default] No more DHCP agents
2026-04-27 16:48:17.084 7 WARNING neutron.api.rpc.agentnotifiers.dhcp_rpc_agent_api [None req-4e19839d-7f37-4191-a843-0e716eef4837 f3656352a4b44aceb087c33f74707634 7083c57667bf40d6b0d87f3628ff6f70 - - default default] Unable to schedule network d7c469e5-3621-4b6d-901b-c4abdcce6acd: no agents available; will retry on subsequent port and subnet creation events.
2026-04-27 16:48:17.124 8 INFO neutron.db.ovn_revision_numbers_db [None req-168ad853-eb51-4755-8596-2a72e9be2148 d5aafe97143e4bb195cda6d6beec3e34 4b577372ca624211ac7088f4a69a3bce - - default default] Successfully bumped revision number for resource e9fff789-b83a-48d4-803c-b9d4107e6494 (type: networks) to 1
2026-04-27 16:48:17.281 8 WARNING neutron.scheduler.dhcp_agent_scheduler [None req-168ad853-eb51-4755-8596-2a72e9be2148 d5aafe97143e4bb195cda6d6beec3e34 4b577372ca624211ac7088f4a69a3bce - - default default] No more DHCP agents
2026-04-27 16:48:17.282 8 WARNING neutron.api.rpc.agentnotifiers.dhcp_rpc_agent_api [None req-168ad853-eb51-4755-8596-2a72e9be2148 d5aafe97143e4bb195cda6d6beec3e34 4b577372ca624211ac7088f4a69a3bce - - default default] Unable to schedule network e9fff789-b83a-48d4-803c-b9d4107e6494: no agents available; will retry on subsequent port and subnet creation events.
2026-04-27 16:48:17.384 8 INFO neutron.db.ovn_revision_numbers_db [None req-168ad853-eb51-4755-8596-2a72e9be2148 d5aafe97143e4bb195cda6d6beec3e34 4b577372ca624211ac7088f4a69a3bce - - default default] Successfully bumped revision number for resource f1be2bb1-b11d-42c3-873c-c15a77eda9df (type: ports) to 1 [pid: 8|app: 0|req: 453/874] 10.0.0.64 () {34 vars in 668 bytes} [Mon Apr 27 16:48:16 2026] POST /v2.0/networks => generated 662 bytes in 493 msecs (HTTP/1.1 201) 4 headers in 162 bytes (1 switches on core 0) [pid: 8|app: 0|req: 454/875] 10.0.0.203 () {34 vars in 1039 bytes} [Mon Apr 27 16:48:17 2026] GET /v2.0/security-groups?id=0ca6e29f-054f-46e2-8ddd-9ee7f03a320d&fields=id&fields=name => generated 114 bytes in 31 msecs (HTTP/1.1 200) 4 headers in 157 bytes (1 switches on core 0) [pid: 8|app: 0|req: 455/876] 199.19.213.226 () {34 vars in 985 bytes} [Mon Apr 27 16:48:17 2026] GET /v2.0/networks?id=4f83dc0f-acd0-4743-90af-1b5f8f9e2777 => generated 807 bytes in 69 msecs (HTTP/1.1 200) 4 headers in 157 bytes (1 switches on core 0) [pid: 8|app: 0|req: 456/877] 10.0.0.64 () {32 vars in 722 bytes} [Mon Apr 27 16:48:17 2026] DELETE /v2.0/subnets/0b16cd68-a881-41a5-ba22-33ea3811693c => generated 0 bytes in 124 msecs (HTTP/1.1 204) 3 headers in 131 bytes (1 switches on core 0)
2026-04-27 16:48:17.799 8 INFO neutron.db.ovn_revision_numbers_db [None req-184b5c9b-7c13-47cc-a421-a098fbbc4052 d5aafe97143e4bb195cda6d6beec3e34 4b577372ca624211ac7088f4a69a3bce - - default default] Successfully bumped revision number for resource e9fff789-b83a-48d4-803c-b9d4107e6494 (type: networks) to 2 [pid: 8|app: 0|req: 457/878] 10.0.0.64 () {34 vars in 741 bytes} [Mon Apr 27 16:48:17 2026] PUT /v2.0/networks/e9fff789-b83a-48d4-803c-b9d4107e6494 => generated 636 bytes in 167 msecs (HTTP/1.1 200) 4 headers in 157 bytes (1 switches on core 0) /var/lib/openstack/lib/python3.12/site-packages/pycadf/identifier.py:70: UserWarning: Invalid uuid: neutron. To ensure interoperability, identifiers should be a valid uuid. warnings.warn(('Invalid uuid: %s. To ensure interoperability, ' [pid: 8|app: 0|req: 458/879] 199.19.213.226 () {34 vars in 1059 bytes} [Mon Apr 27 16:48:17 2026] GET /v2.0/floatingips?fixed_ip_address=10.100.0.13&port_id=70ba4b3c-82dd-4cf2-a841-0b92d7771d27 => generated 861 bytes in 30 msecs (HTTP/1.1 200) 4 headers in 157 bytes (1 switches on core 0) [pid: 8|app: 0|req: 459/880] 10.0.0.64 () {32 vars in 645 bytes} [Mon Apr 27 16:48:17 2026] GET /v2.0/subnets => generated 649 bytes in 20 msecs (HTTP/1.1 200) 4 headers in 157 bytes (1 switches on core 0) [pid: 8|app: 0|req: 460/881] 10.0.0.203 () {34 vars in 989 bytes} [Mon Apr 27 16:48:17 2026] GET /v2.0/ports?device_id=22e06038-a248-438d-86fa-8f49fa974bc4 => generated 975 bytes in 32 msecs (HTTP/1.1 200) 4 headers in 157 bytes (1 switches on core 0)
2026-04-27 16:48:17.900 7 INFO neutron.db.ovn_revision_numbers_db [None req-4e19839d-7f37-4191-a843-0e716eef4837 f3656352a4b44aceb087c33f74707634 7083c57667bf40d6b0d87f3628ff6f70 - - default default] Successfully bumped revision number for resource 515ed4d2-5918-4c95-92dd-7df78a9ad6db (type: floatingips) to 1
2026-04-27 16:48:17.900 7 INFO neutron.db.l3_db [None req-4e19839d-7f37-4191-a843-0e716eef4837 f3656352a4b44aceb087c33f74707634 7083c57667bf40d6b0d87f3628ff6f70 - - default default] Floating IP 515ed4d2-5918-4c95-92dd-7df78a9ad6db associated. External IP: 10.96.250.212, port: d088fe91-cad6-4ba8-bb7b-459ac709fe60. [pid: 7|app: 0|req: 422/882] 10.0.0.64 () {34 vars in 675 bytes} [Mon Apr 27 16:48:16 2026] POST /v2.0/floatingips => generated 842 bytes in 1064 msecs (HTTP/1.1 201) 4 headers in 162 bytes (1 switches on core 0) [pid: 7|app: 0|req: 423/883] 199.19.213.226 () {34 vars in 983 bytes} [Mon Apr 27 16:48:17 2026] GET /v2.0/subnets?id=2dabe4f2-2452-4473-b687-e37e063919cb => generated 688 bytes in 29 msecs (HTTP/1.1 200) 4 headers in 157 bytes (1 switches on core 0)
2026-04-27 16:48:18.068 8 WARNING neutron.scheduler.dhcp_agent_scheduler [None req-6bf9ed91-bd71-4183-8283-c8291d6594a1 d5aafe97143e4bb195cda6d6beec3e34 4b577372ca624211ac7088f4a69a3bce - - default default] No more DHCP agents
2026-04-27 16:48:18.069 8 WARNING neutron.api.rpc.agentnotifiers.dhcp_rpc_agent_api [None req-6bf9ed91-bd71-4183-8283-c8291d6594a1 d5aafe97143e4bb195cda6d6beec3e34 4b577372ca624211ac7088f4a69a3bce - - default default] Unable to schedule network e9fff789-b83a-48d4-803c-b9d4107e6494: no agents available; will retry on subsequent port and subnet creation events.
2026-04-27 16:48:18.069 7 INFO neutron_taas.services.taas.taas_plugin [None req-c986ae85-e5f7-464d-b908-43298e1dbbd2 25aa736216cd4a0cb09aa005e056c5be 4ebe32f15c14487e8f5269ae5da52910 - - default default] TaaS: Handle Delete Port: b05a274b-7ec4-4a22-9952-774d32e7b794
2026-04-27 16:48:18.071 7 INFO neutron_taas.services.taas.tap_mirror_plugin [None req-c986ae85-e5f7-464d-b908-43298e1dbbd2 25aa736216cd4a0cb09aa005e056c5be 4ebe32f15c14487e8f5269ae5da52910 - - default default] Tap Mirror: Handle Delete Port: b05a274b-7ec4-4a22-9952-774d32e7b794
