2026-05-19 06:28:31.485 8 INFO placement.requestlog [req-c58840ae-7513-4af4-9f89-4c09f8069ddd req-ce8f55e3-1090-442e-9a93-4310d565e5ef 9528d23801b846c88fcdbe6a3b823916 45e50c6080dd47978228d3e5243dd365 - - c8b82c67dd2d4f93a0b742b3885ffb0f c8b82c67dd2d4f93a0b742b3885ffb0f] 199.204.45.132 "GET /resource_providers/5057eef3-b412-4398-a6e7-5fb89ca80e9e/allocations" status: 200 len: 54 microversion: 1.0 [pid: 8|app: 0|req: 290/580] 199.204.45.132 () {32 vars in 857 bytes} [Tue May 19 06:28:31 2026] GET /resource_providers/5057eef3-b412-4398-a6e7-5fb89ca80e9e/allocations => generated 54 bytes in 89 msecs (HTTP/1.1 200) 6 headers in 223 bytes (1 switches on core 0)
2026-05-19 06:28:31.513 7 INFO placement.requestlog [req-c58840ae-7513-4af4-9f89-4c09f8069ddd req-5c3f98fb-3fc7-4194-9974-1083de6a12b8 9528d23801b846c88fcdbe6a3b823916 45e50c6080dd47978228d3e5243dd365 - - c8b82c67dd2d4f93a0b742b3885ffb0f c8b82c67dd2d4f93a0b742b3885ffb0f] 199.204.45.132 "GET /resource_providers?in_tree=5057eef3-b412-4398-a6e7-5fb89ca80e9e" status: 200 len: 797 microversion: 1.14 [pid: 7|app: 0|req: 291/581] 199.204.45.132 () {34 vars in 892 bytes} [Tue May 19 06:28:31 2026] GET /resource_providers?in_tree=5057eef3-b412-4398-a6e7-5fb89ca80e9e => generated 797 bytes in 22 msecs (HTTP/1.1 200) 6 headers in 225 bytes (1 switches on core 0)
2026-05-19 06:28:31.534 8 INFO placement.requestlog [req-c58840ae-7513-4af4-9f89-4c09f8069ddd req-3b72a7f8-3cdf-4993-9a95-75e19836679f 9528d23801b846c88fcdbe6a3b823916 45e50c6080dd47978228d3e5243dd365 - - c8b82c67dd2d4f93a0b742b3885ffb0f c8b82c67dd2d4f93a0b742b3885ffb0f] 199.204.45.132 "GET /resource_providers/5057eef3-b412-4398-a6e7-5fb89ca80e9e/inventories" status: 200 len: 400 microversion: 1.0 [pid: 8|app: 0|req: 291/582] 199.204.45.132 () {32 vars in 857 bytes} [Tue May 19 06:28:31 2026] GET /resource_providers/5057eef3-b412-4398-a6e7-5fb89ca80e9e/inventories => generated 400 bytes in 15 msecs (HTTP/1.1 200) 6 headers in 224 bytes (1 switches on core 0)
2026-05-19 06:28:31.555 7 INFO placement.requestlog [req-c58840ae-7513-4af4-9f89-4c09f8069ddd req-afe14a9f-cf70-4cdc-a0db-63d9702b64c3 9528d23801b846c88fcdbe6a3b823916 45e50c6080dd47978228d3e5243dd365 - - c8b82c67dd2d4f93a0b742b3885ffb0f c8b82c67dd2d4f93a0b742b3885ffb0f] 199.204.45.132 "GET /resource_providers/5057eef3-b412-4398-a6e7-5fb89ca80e9e/aggregates" status: 200 len: 53 microversion: 1.19 [pid: 7|app: 0|req: 292/583] 199.204.45.132 () {34 vars in 899 bytes} [Tue May 19 06:28:31 2026] GET /resource_providers/5057eef3-b412-4398-a6e7-5fb89ca80e9e/aggregates => generated 53 bytes in 14 msecs (HTTP/1.1 200) 8 headers in 295 bytes (1 switches on core 0)
2026-05-19 06:28:31.579 8 INFO placement.requestlog [req-c58840ae-7513-4af4-9f89-4c09f8069ddd req-506c90e2-b448-428a-b450-a47deda95904 9528d23801b846c88fcdbe6a3b823916 45e50c6080dd47978228d3e5243dd365 - - c8b82c67dd2d4f93a0b742b3885ffb0f c8b82c67dd2d4f93a0b742b3885ffb0f] 199.204.45.132 "GET /resource_providers/5057eef3-b412-4398-a6e7-5fb89ca80e9e/traits" status: 200 len: 2316 microversion: 1.6 [pid: 8|app: 0|req: 292/584] 199.204.45.132 () {34 vars in 890 bytes} [Tue May 19 06:28:31 2026] GET /resource_providers/5057eef3-b412-4398-a6e7-5fb89ca80e9e/traits => generated 2316 bytes in 20 msecs (HTTP/1.1 200) 6 headers in 225 bytes (1 switches on core 0)
2026-05-19 06:28:31.597 7 INFO placement.requestlog [req-c58840ae-7513-4af4-9f89-4c09f8069ddd req-b833a89b-a5ab-4ce5-b402-76461661fe0c 9528d23801b846c88fcdbe6a3b823916 45e50c6080dd47978228d3e5243dd365 - - c8b82c67dd2d4f93a0b742b3885ffb0f c8b82c67dd2d4f93a0b742b3885ffb0f] 199.204.45.132 "GET /resource_providers/5057eef3-b412-4398-a6e7-5fb89ca80e9e/allocations" status: 200 len: 54 microversion: 1.0 [pid: 7|app: 0|req: 293/585] 199.204.45.132 () {32 vars in 857 bytes} [Tue May 19 06:28:31 2026] GET /resource_providers/5057eef3-b412-4398-a6e7-5fb89ca80e9e/allocations => generated 54 bytes in 11 msecs (HTTP/1.1 200) 6 headers in 223 bytes (1 switches on core 0)
2026-05-19 06:28:36.752 8 INFO placement.requestlog [None req-e2e9eaac-9fa4-427b-9f28-c43375c3d3a1 - - - - - -] 10.0.0.121 "GET /" status: 200 len: 136 microversion: 1.0
2026-05-19 06:28:36.753 7 INFO placement.requestlog [None req-21fa3cfe-9156-4f51-8e6d-0c3d6e42ab08 - - - - - -] 10.0.0.121 "GET /" status: 200 len: 136 microversion: 1.0
2026-05-19 06:28:46.752 7 INFO placement.requestlog [None req-90e472b4-8e3c-4ff5-942d-e685722ea6b9 - - - - - -] 10.0.0.121 "GET /" status: 200 len: 136 microversion: 1.0
2026-05-19 06:28:46.752 8 INFO placement.requestlog [None req-41339844-46ee-4e36-b9d6-3c95c7152a75 - - - - - -] 10.0.0.121 "GET /" status: 200 len: 136 microversion: 1.0
2026-05-19 06:28:56.752 8 INFO placement.requestlog [None req-4324762d-a1cd-48c0-9084-0187e9df86df - - - - - -] 10.0.0.121 "GET /" status: 200 len: 136 microversion: 1.0
2026-05-19 06:28:56.753 7 INFO placement.requestlog [None req-ac03c802-810a-4e73-93c9-b93b44f70cfe - - - - - -] 10.0.0.121 "GET /" status: 200 len: 136 microversion: 1.0
2026-05-19 06:29:06.752 8 INFO placement.requestlog [None req-6c6cac71-e01e-4655-acbb-64a359920a97 - - - - - -] 10.0.0.121 "GET /" status: 200 len: 136 microversion: 1.0
2026-05-19 06:29:06.753 7 INFO placement.requestlog [None req-a31b594a-66d7-44bd-9f3f-9ca453a6b731 - - - - - -] 10.0.0.121 "GET /" status: 200 len: 136 microversion: 1.0
2026-05-19 06:29:16.752 7 INFO placement.requestlog [None req-9df0b02b-d653-448f-968f-190c3b748847 - - - - - -] 10.0.0.121 "GET /" status: 200 len: 136 microversion: 1.0
2026-05-19 06:29:16.752 8 INFO placement.requestlog [None req-4b66fa74-b2e8-4adf-b44e-1ccdeb267c37 - - - - - -] 10.0.0.121 "GET /" status: 200 len: 136 microversion: 1.0
2026-05-19 06:29:25.871 7 INFO placement.requestlog [req-b15282c7-df4c-4ac7-9340-50c63afe46a6 req-ab3708e1-e1e3-4add-9a40-3277e7ae8f5f 9528d23801b846c88fcdbe6a3b823916 45e50c6080dd47978228d3e5243dd365 - - c8b82c67dd2d4f93a0b742b3885ffb0f c8b82c67dd2d4f93a0b742b3885ffb0f] 10.0.0.43 "GET /allocation_candidates?limit=1000&resources=DISK_GB%3A1%2CMEMORY_MB%3A512%2CVCPU%3A1&root_required=%21COMPUTE_STATUS_DISABLED" status: 200 len: 2781 microversion: 1.36 [pid: 7|app: 0|req: 299/596] 10.0.0.43 () {34 vars in 1011 bytes} [Tue May 19 06:29:25 2026] GET /allocation_candidates?limit=1000&resources=DISK_GB%3A1%2CMEMORY_MB%3A512%2CVCPU%3A1&root_required=%21COMPUTE_STATUS_DISABLED => generated 2781 bytes in 230 msecs (HTTP/1.1 200) 8 headers in 297 bytes (1 switches on core 0)
2026-05-19 06:29:25.936 8 INFO placement.requestlog [req-b15282c7-df4c-4ac7-9340-50c63afe46a6 req-6af1307b-c2b2-4034-a200-740aeef4b8df 9528d23801b846c88fcdbe6a3b823916 45e50c6080dd47978228d3e5243dd365 - - c8b82c67dd2d4f93a0b742b3885ffb0f c8b82c67dd2d4f93a0b742b3885ffb0f] 10.0.0.43 "GET /allocations/edd8d5ec-b740-4287-9dbd-c594775657ee" status: 200 len: 19 microversion: 1.28 [pid: 8|app: 0|req: 298/597] 10.0.0.43 () {34 vars in 860 bytes} [Tue May 19 06:29:25 2026] GET /allocations/edd8d5ec-b740-4287-9dbd-c594775657ee => generated 19 bytes in 21 msecs (HTTP/1.1 200) 8 headers in 295 bytes (1 switches on core 0)
2026-05-19 06:29:26.057 7 INFO placement.requestlog [req-b15282c7-df4c-4ac7-9340-50c63afe46a6 req-d099972c-49e9-4940-b6c0-6855ad97efe7 9528d23801b846c88fcdbe6a3b823916 45e50c6080dd47978228d3e5243dd365 - - c8b82c67dd2d4f93a0b742b3885ffb0f c8b82c67dd2d4f93a0b742b3885ffb0f] 10.0.0.43 "PUT /allocations/edd8d5ec-b740-4287-9dbd-c594775657ee" status: 204 len: 0 microversion: 1.36 [pid: 7|app: 0|req: 300/598] 10.0.0.43 () {38 vars in 913 bytes} [Tue May 19 06:29:25 2026] PUT /allocations/edd8d5ec-b740-4287-9dbd-c594775657ee => generated 0 bytes in 107 msecs (HTTP/1.1 204) 5 headers in 199 bytes (1 switches on core 0)
2026-05-19 06:29:26.752 8 INFO placement.requestlog [None req-a0040000-6175-486c-a437-1840c98b57a0 - - - - - -] 10.0.0.121 "GET /" status: 200 len: 136 microversion: 1.0
2026-05-19 06:29:26.753 7 INFO placement.requestlog [None req-bce66767-7884-4a54-aff4-d38947a3a91d - - - - - -] 10.0.0.121 "GET /" status: 200 len: 136 microversion: 1.0
2026-05-19 06:29:27.444 8 INFO placement.requestlog [req-b15282c7-df4c-4ac7-9340-50c63afe46a6 req-43564452-a5d7-4698-a2b6-4abc568322a8 9528d23801b846c88fcdbe6a3b823916 45e50c6080dd47978228d3e5243dd365 - - c8b82c67dd2d4f93a0b742b3885ffb0f c8b82c67dd2d4f93a0b742b3885ffb0f] 199.204.45.132 "GET /allocations/edd8d5ec-b740-4287-9dbd-c594775657ee" status: 200 len: 257 microversion: 1.28 [pid: 8|app: 0|req: 300/601] 199.204.45.132 () {34 vars in 863 bytes} [Tue May 19 06:29:27 2026] GET /allocations/edd8d5ec-b740-4287-9dbd-c594775657ee => generated 257 bytes in 16 msecs (HTTP/1.1 200) 8 headers in 296 bytes (1 switches on core 0)
2026-05-19 06:29:28.501 7 INFO placement.requestlog [req-b15282c7-df4c-4ac7-9340-50c63afe46a6 req-5a16dce9-5283-4eeb-ab08-4e10510d90db 9528d23801b846c88fcdbe6a3b823916 45e50c6080dd47978228d3e5243dd365 - - c8b82c67dd2d4f93a0b742b3885ffb0f c8b82c67dd2d4f93a0b742b3885ffb0f] 199.204.45.132 "GET /resource_providers/5057eef3-b412-4398-a6e7-5fb89ca80e9e/allocations" status: 200 len: 152 microversion: 1.0 [pid: 7|app: 0|req: 302/602] 199.204.45.132 () {32 vars in 857 bytes} [Tue May 19 06:29:28 2026] GET /resource_providers/5057eef3-b412-4398-a6e7-5fb89ca80e9e/allocations => generated 152 bytes in 29 msecs (HTTP/1.1 200) 6 headers in 224 bytes (1 switches on core 0)
2026-05-19 06:29:28.522 8 INFO placement.requestlog [req-b15282c7-df4c-4ac7-9340-50c63afe46a6 req-0e7b5ff8-a749-42e3-8fc8-6846e46865b2 9528d23801b846c88fcdbe6a3b823916 45e50c6080dd47978228d3e5243dd365 - - c8b82c67dd2d4f93a0b742b3885ffb0f c8b82c67dd2d4f93a0b742b3885ffb0f] 199.204.45.132 "GET /allocations/edd8d5ec-b740-4287-9dbd-c594775657ee" status: 200 len: 257 microversion: 1.28 [pid: 8|app: 0|req: 301/603] 199.204.45.132 () {34 vars in 863 bytes} [Tue May 19 06:29:28 2026] GET /allocations/edd8d5ec-b740-4287-9dbd-c594775657ee => generated 257 bytes in 13 msecs (HTTP/1.1 200) 8 headers in 296 bytes (1 switches on core 0)
2026-05-19 06:29:30.883 7 INFO placement.requestlog [None req-604759cd-ea05-4750-85c2-456d80d08256 3023d8872fb04f1895f45abe0d252d96 45e50c6080dd47978228d3e5243dd365 - - c8b82c67dd2d4f93a0b742b3885ffb0f c8b82c67dd2d4f93a0b742b3885ffb0f] 10.0.0.167 "GET /resource_providers/48a8de2c-14d2-4b5b-98a3-ea62655f7015/aggregates" status: 404 len: 235 microversion: 1.1 [pid: 7|app: 0|req: 303/604] 10.0.0.167 () {32 vars in 816 bytes} [Tue May 19 06:29:30 2026] GET /resource_providers/48a8de2c-14d2-4b5b-98a3-ea62655f7015/aggregates => generated 235 bytes in 114 msecs (HTTP/1.1 404) 5 headers in 202 bytes (1 switches on core 0)
2026-05-19 06:29:30.910 7 INFO placement.requestlog [None req-c8ea9747-b0b4-41fb-9b3f-b38d4d5af24e 3023d8872fb04f1895f45abe0d252d96 45e50c6080dd47978228d3e5243dd365 - - c8b82c67dd2d4f93a0b742b3885ffb0f c8b82c67dd2d4f93a0b742b3885ffb0f] 10.0.0.167 "DELETE /resource_providers/48a8de2c-14d2-4b5b-98a3-ea62655f7015" status: 404 len: 246 microversion: 1.1 [pid: 7|app: 0|req: 304/605] 10.0.0.167 () {34 vars in 816 bytes} [Tue May 19 06:29:30 2026] DELETE /resource_providers/48a8de2c-14d2-4b5b-98a3-ea62655f7015 => generated 246 bytes in 12 msecs (HTTP/1.1 404) 6 headers in 231 bytes (1 switches on core 0)
2026-05-19 06:29:30.926 8 INFO placement.requestlog [None req-22f70758-a357-46b5-a4d3-9b4ff372eff5 3023d8872fb04f1895f45abe0d252d96 45e50c6080dd47978228d3e5243dd365 - - c8b82c67dd2d4f93a0b742b3885ffb0f c8b82c67dd2d4f93a0b742b3885ffb0f] 10.0.0.167 "GET /resource_providers/48a8de2c-14d2-4b5b-98a3-ea62655f7015/aggregates" status: 404 len: 235 microversion: 1.1 [pid: 8|app: 0|req: 302/606] 10.0.0.167 () {32 vars in 816 bytes} [Tue May 19 06:29:30 2026] GET /resource_providers/48a8de2c-14d2-4b5b-98a3-ea62655f7015/aggregates => generated 235 bytes in 133 msecs (HTTP/1.1 404) 5 headers in 202 bytes (1 switches on core 0)
2026-05-19 06:29:30.966 7 INFO placement.requestlog [None req-5679db5d-153e-48bf-b67e-637f131bc11f 3023d8872fb04f1895f45abe0d252d96 45e50c6080dd47978228d3e5243dd365 - - c8b82c67dd2d4f93a0b742b3885ffb0f c8b82c67dd2d4f93a0b742b3885ffb0f] 10.0.0.167 "DELETE /resource_providers/48a8de2c-14d2-4b5b-98a3-ea62655f7015" status: 404 len: 246 microversion: 1.1 [pid: 7|app: 0|req: 305/607] 10.0.0.167 () {34 vars in 816 bytes} [Tue May 19 06:29:30 2026] DELETE /resource_providers/48a8de2c-14d2-4b5b-98a3-ea62655f7015 => generated 246 bytes in 18 msecs (HTTP/1.1 404) 6 headers in 231 bytes (1 switches on core 0)
2026-05-19 06:29:31.872 8 INFO placement.requestlog [req-bf86e148-af22-4f6a-9c1b-7fd1deff3907 req-014c571e-527f-4946-adda-bc7d65993ad1 9528d23801b846c88fcdbe6a3b823916 45e50c6080dd47978228d3e5243dd365 - - c8b82c67dd2d4f93a0b742b3885ffb0f c8b82c67dd2d4f93a0b742b3885ffb0f] 199.204.45.132 "GET /resource_providers/5057eef3-b412-4398-a6e7-5fb89ca80e9e/allocations" status: 200 len: 152 microversion: 1.0 [pid: 8|app: 0|req: 303/608] 199.204.45.132 () {32 vars in 857 bytes} [Tue May 19 06:29:31 2026] GET /resource_providers/5057eef3-b412-4398-a6e7-5fb89ca80e9e/allocations => generated 152 bytes in 20 msecs (HTTP/1.1 200) 6 headers in 224 bytes (1 switches on core 0)
2026-05-19 06:29:31.896 7 INFO placement.requestlog [req-bf86e148-af22-4f6a-9c1b-7fd1deff3907 req-8b25be1f-82d3-4478-9fa9-7a14c9920926 9528d23801b846c88fcdbe6a3b823916 45e50c6080dd47978228d3e5243dd365 - - c8b82c67dd2d4f93a0b742b3885ffb0f c8b82c67dd2d4f93a0b742b3885ffb0f] 199.204.45.132 "GET /resource_providers/5057eef3-b412-4398-a6e7-5fb89ca80e9e/allocations" status: 200 len: 152 microversion: 1.0 [pid: 7|app: 0|req: 306/609] 199.204.45.132 () {32 vars in 857 bytes} [Tue May 19 06:29:31 2026] GET /resource_providers/5057eef3-b412-4398-a6e7-5fb89ca80e9e/allocations => generated 152 bytes in 17 msecs (HTTP/1.1 200) 6 headers in 224 bytes (1 switches on core 0)
2026-05-19 06:29:31.924 8 INFO placement.requestlog [req-bf86e148-af22-4f6a-9c1b-7fd1deff3907 req-9f7751f4-c163-412d-a429-04f2b06405d2 9528d23801b846c88fcdbe6a3b823916 45e50c6080dd47978228d3e5243dd365 - - c8b82c67dd2d4f93a0b742b3885ffb0f c8b82c67dd2d4f93a0b742b3885ffb0f] 199.204.45.132 "GET /allocations/edd8d5ec-b740-4287-9dbd-c594775657ee" status: 200 len: 257 microversion: 1.28 [pid: 8|app: 0|req: 304/610] 199.204.45.132 () {34 vars in 863 bytes} [Tue May 19 06:29:31 2026] GET /allocations/edd8d5ec-b740-4287-9dbd-c594775657ee => generated 257 bytes in 21 msecs (HTTP/1.1 200) 8 headers in 296 bytes (1 switches on core 0)
2026-05-19 06:29:32.344 8 INFO placement.requestlog [None req-9a68ccfb-4674-4d48-8959-e486aeadf2e5 3023d8872fb04f1895f45abe0d252d96 45e50c6080dd47978228d3e5243dd365 - - c8b82c67dd2d4f93a0b742b3885ffb0f c8b82c67dd2d4f93a0b742b3885ffb0f] 10.0.0.167 "GET /resource_providers/6f7414f8-c22b-4835-9c1c-1d1d4417d88f/aggregates" status: 404 len: 235 microversion: 1.1 [pid: 8|app: 0|req: 305/611] 10.0.0.167 () {32 vars in 816 bytes} [Tue May 19 06:29:32 2026] GET /resource_providers/6f7414f8-c22b-4835-9c1c-1d1d4417d88f/aggregates => generated 235 bytes in 307 msecs (HTTP/1.1 404) 5 headers in 202 bytes (1 switches on core 0)
2026-05-19 06:29:32.373 8 INFO placement.requestlog [None req-7153c4e4-5cca-4eea-81a0-24d8359be228 3023d8872fb04f1895f45abe0d252d96 45e50c6080dd47978228d3e5243dd365 - - c8b82c67dd2d4f93a0b742b3885ffb0f c8b82c67dd2d4f93a0b742b3885ffb0f] 10.0.0.167 "DELETE /resource_providers/6f7414f8-c22b-4835-9c1c-1d1d4417d88f" status: 404 len: 246 microversion: 1.1 [pid: 8|app: 0|req: 306/612] 10.0.0.167 () {34 vars in 816 bytes} [Tue May 19 06:29:32 2026] DELETE /resource_providers/6f7414f8-c22b-4835-9c1c-1d1d4417d88f => generated 246 bytes in 11 msecs (HTTP/1.1 404) 6 headers in 231 bytes (1 switches on core 0)
2026-05-19 06:29:32.450 7 INFO placement.requestlog [None req-14c50535-5b74-45ed-be8a-98361ba0aeb2 3023d8872fb04f1895f45abe0d252d96 45e50c6080dd47978228d3e5243dd365 - - c8b82c67dd2d4f93a0b742b3885ffb0f c8b82c67dd2d4f93a0b742b3885ffb0f] 10.0.0.167 "GET /resource_providers/6f7414f8-c22b-4835-9c1c-1d1d4417d88f/aggregates" status: 404 len: 235 microversion: 1.1 [pid: 7|app: 0|req: 307/613] 10.0.0.167 () {32 vars in 816 bytes} [Tue May 19 06:29:32 2026] GET /resource_providers/6f7414f8-c22b-4835-9c1c-1d1d4417d88f/aggregates => generated 235 bytes in 422 msecs (HTTP/1.1 404) 5 headers in 202 bytes (1 switches on core 0)
2026-05-19 06:29:32.479 8 INFO placement.requestlog [None req-81ae6025-a3d5-4e6c-a019-1ba5204c1a34 3023d8872fb04f1895f45abe0d252d96 45e50c6080dd47978228d3e5243dd365 - - c8b82c67dd2d4f93a0b742b3885ffb0f c8b82c67dd2d4f93a0b742b3885ffb0f] 10.0.0.167 "DELETE /resource_providers/6f7414f8-c22b-4835-9c1c-1d1d4417d88f" status: 404 len: 246 microversion: 1.1 [pid: 8|app: 0|req: 307/614] 10.0.0.167 () {34 vars in 816 bytes} [Tue May 19 06:29:32 2026] DELETE /resource_providers/6f7414f8-c22b-4835-9c1c-1d1d4417d88f => generated 246 bytes in 16 msecs (HTTP/1.1 404) 6 headers in 231 bytes (1 switches on core 0)
2026-05-19 06:29:36.752 8 INFO placement.requestlog [None req-8d7040e2-654c-4298-8b27-2c10d923e97c - - - - - -] 10.0.0.121 "GET /" status: 200 len: 136 microversion: 1.0
2026-05-19 06:29:36.752 7 INFO placement.requestlog [None req-dbe0ad40-56fa-4e9b-9f68-9569696223c6 - - - - - -] 10.0.0.121 "GET /" status: 200 len: 136 microversion: 1.0
2026-05-19 06:29:45.717 8 INFO placement.requestlog [req-38b17cc5-282f-424d-9fd3-c331dade5798 req-6febf952-b9be-4434-a7d0-00bd99a199d4 9528d23801b846c88fcdbe6a3b823916 45e50c6080dd47978228d3e5243dd365 - - c8b82c67dd2d4f93a0b742b3885ffb0f c8b82c67dd2d4f93a0b742b3885ffb0f] 10.0.0.43 "GET /allocation_candidates?limit=1000&resources=DISK_GB%3A1%2CMEMORY_MB%3A512%2CVCPU%3A1&root_required=%21COMPUTE_STATUS_DISABLED" status: 200 len: 2783 microversion: 1.36 [pid: 8|app: 0|req: 309/617] 10.0.0.43 () {34 vars in 1011 bytes} [Tue May 19 06:29:45 2026] GET /allocation_candidates?limit=1000&resources=DISK_GB%3A1%2CMEMORY_MB%3A512%2CVCPU%3A1&root_required=%21COMPUTE_STATUS_DISABLED => generated 2783 bytes in 47 msecs (HTTP/1.1 200) 8 headers in 297 bytes (1 switches on core 0)
2026-05-19 06:29:45.762 7 INFO placement.requestlog [req-38b17cc5-282f-424d-9fd3-c331dade5798 req-6bd0aef5-6f5a-4659-94db-7f7d320d2898 9528d23801b846c88fcdbe6a3b823916 45e50c6080dd47978228d3e5243dd365 - - c8b82c67dd2d4f93a0b742b3885ffb0f c8b82c67dd2d4f93a0b742b3885ffb0f] 10.0.0.43 "GET /allocations/9dbb6385-b06d-47b0-980d-62b1db10cae4" status: 200 len: 19 microversion: 1.28 [pid: 7|app: 0|req: 309/618] 10.0.0.43 () {34 vars in 860 bytes} [Tue May 19 06:29:45 2026] GET /allocations/9dbb6385-b06d-47b0-980d-62b1db10cae4 => generated 19 bytes in 12 msecs (HTTP/1.1 200) 8 headers in 295 bytes (1 switches on core 0)
2026-05-19 06:29:45.844 8 INFO placement.requestlog [req-38b17cc5-282f-424d-9fd3-c331dade5798 req-75af48ff-951c-45d0-bc0b-bd8893620e65 9528d23801b846c88fcdbe6a3b823916 45e50c6080dd47978228d3e5243dd365 - - c8b82c67dd2d4f93a0b742b3885ffb0f c8b82c67dd2d4f93a0b742b3885ffb0f] 10.0.0.43 "PUT /allocations/9dbb6385-b06d-47b0-980d-62b1db10cae4" status: 204 len: 0 microversion: 1.36 [pid: 8|app: 0|req: 310/619] 10.0.0.43 () {38 vars in 913 bytes} [Tue May 19 06:29:45 2026] PUT /allocations/9dbb6385-b06d-47b0-980d-62b1db10cae4 => generated 0 bytes in 76 msecs (HTTP/1.1 204) 5 headers in 199 bytes (1 switches on core 0)
2026-05-19 06:29:46.751 7 INFO placement.requestlog [None req-6b76aaaa-0db4-4d97-9f18-4f7fe2f953dd - - - - - -] 10.0.0.121 "GET /" status: 200 len: 136 microversion: 1.0
2026-05-19 06:29:46.751 8 INFO placement.requestlog [None req-462aaf61-31ff-4d15-9b5a-a793b4db796c - - - - - -] 10.0.0.121 "GET /" status: 200 len: 136 microversion: 1.0
2026-05-19 06:29:47.490 7 INFO placement.requestlog [req-38b17cc5-282f-424d-9fd3-c331dade5798 req-a105e057-ea64-484a-838f-9b509ade4616 9528d23801b846c88fcdbe6a3b823916 45e50c6080dd47978228d3e5243dd365 - - c8b82c67dd2d4f93a0b742b3885ffb0f c8b82c67dd2d4f93a0b742b3885ffb0f] 199.204.45.132 "GET /allocations/9dbb6385-b06d-47b0-980d-62b1db10cae4" status: 200 len: 257 microversion: 1.28 [pid: 7|app: 0|req: 311/622] 199.204.45.132 () {34 vars in 863 bytes} [Tue May 19 06:29:47 2026] GET /allocations/9dbb6385-b06d-47b0-980d-62b1db10cae4 => generated 257 bytes in 25 msecs (HTTP/1.1 200) 8 headers in 296 bytes (1 switches on core 0)
2026-05-19 06:29:48.565 8 INFO placement.requestlog [req-38b17cc5-282f-424d-9fd3-c331dade5798 req-c168d4f4-b5b7-4344-8a51-2d71156b9e4b 9528d23801b846c88fcdbe6a3b823916 45e50c6080dd47978228d3e5243dd365 - - c8b82c67dd2d4f93a0b742b3885ffb0f c8b82c67dd2d4f93a0b742b3885ffb0f] 199.204.45.132 "GET /resource_providers/5057eef3-b412-4398-a6e7-5fb89ca80e9e/allocations" status: 200 len: 252 microversion: 1.0 [pid: 8|app: 0|req: 312/623] 199.204.45.132 () {32 vars in 857 bytes} [Tue May 19 06:29:48 2026] GET /resource_providers/5057eef3-b412-4398-a6e7-5fb89ca80e9e/allocations => generated 252 bytes in 47 msecs (HTTP/1.1 200) 6 headers in 224 bytes (1 switches on core 0)
2026-05-19 06:29:48.597 7 INFO placement.requestlog [req-38b17cc5-282f-424d-9fd3-c331dade5798 req-fa66755d-b5a9-4025-af44-7c29edf32b86 9528d23801b846c88fcdbe6a3b823916 45e50c6080dd47978228d3e5243dd365 - - c8b82c67dd2d4f93a0b742b3885ffb0f c8b82c67dd2d4f93a0b742b3885ffb0f] 199.204.45.132 "GET /allocations/edd8d5ec-b740-4287-9dbd-c594775657ee" status: 200 len: 257 microversion: 1.28 [pid: 7|app: 0|req: 312/624] 199.204.45.132 () {34 vars in 863 bytes} [Tue May 19 06:29:48 2026] GET /allocations/edd8d5ec-b740-4287-9dbd-c594775657ee => generated 257 bytes in 26 msecs (HTTP/1.1 200) 8 headers in 296 bytes (1 switches on core 0)
2026-05-19 06:29:48.616 8 INFO placement.requestlog [req-38b17cc5-282f-424d-9fd3-c331dade5798 req-4925e31a-6a46-4c7d-a845-2b0a796636f4 9528d23801b846c88fcdbe6a3b823916 45e50c6080dd47978228d3e5243dd365 - - c8b82c67dd2d4f93a0b742b3885ffb0f c8b82c67dd2d4f93a0b742b3885ffb0f] 199.204.45.132 "GET /allocations/9dbb6385-b06d-47b0-980d-62b1db10cae4" status: 200 len: 257 microversion: 1.28 [pid: 8|app: 0|req: 313/625] 199.204.45.132 () {34 vars in 863 bytes} [Tue May 19 06:29:48 2026] GET /allocations/9dbb6385-b06d-47b0-980d-62b1db10cae4 => generated 257 bytes in 13 msecs (HTTP/1.1 200) 8 headers in 296 bytes (1 switches on core 0)
2026-05-19 06:29:49.577 7 INFO placement.requestlog [req-daf47bc8-d2bb-49d3-aacb-31cb2e5066ea req-24f81db2-465e-45b0-9443-99eaab967000 9528d23801b846c88fcdbe6a3b823916 45e50c6080dd47978228d3e5243dd365 - - c8b82c67dd2d4f93a0b742b3885ffb0f c8b82c67dd2d4f93a0b742b3885ffb0f] 10.0.0.43 "GET /allocation_candidates?limit=1000&resources=MEMORY_MB%3A512%2CVCPU%3A1&root_required=%21COMPUTE_STATUS_DISABLED" status: 200 len: 2770 microversion: 1.36 [pid: 7|app: 0|req: 313/626] 10.0.0.43 () {34 vars in 983 bytes} [Tue May 19 06:29:49 2026] GET /allocation_candidates?limit=1000&resources=MEMORY_MB%3A512%2CVCPU%3A1&root_required=%21COMPUTE_STATUS_DISABLED => generated 2770 bytes in 59 msecs (HTTP/1.1 200) 8 headers in 297 bytes (1 switches on core 0)
2026-05-19 06:29:49.613 8 INFO placement.requestlog [req-daf47bc8-d2bb-49d3-aacb-31cb2e5066ea req-db3a1555-f034-422d-8b99-a915a092d366 9528d23801b846c88fcdbe6a3b823916 45e50c6080dd47978228d3e5243dd365 - - c8b82c67dd2d4f93a0b742b3885ffb0f c8b82c67dd2d4f93a0b742b3885ffb0f] 10.0.0.43 "GET /allocations/2eaa552a-292f-4ca1-8136-9f9ce440b463" status: 200 len: 19 microversion: 1.28 [pid: 8|app: 0|req: 314/627] 10.0.0.43 () {34 vars in 860 bytes} [Tue May 19 06:29:49 2026] GET /allocations/2eaa552a-292f-4ca1-8136-9f9ce440b463 => generated 19 bytes in 10 msecs (HTTP/1.1 200) 8 headers in 295 bytes (1 switches on core 0)
2026-05-19 06:29:49.730 7 INFO placement.requestlog [req-daf47bc8-d2bb-49d3-aacb-31cb2e5066ea req-582900e4-579b-48e2-858a-82eca12ab8b9 9528d23801b846c88fcdbe6a3b823916 45e50c6080dd47978228d3e5243dd365 - - c8b82c67dd2d4f93a0b742b3885ffb0f c8b82c67dd2d4f93a0b742b3885ffb0f] 10.0.0.43 "PUT /allocations/2eaa552a-292f-4ca1-8136-9f9ce440b463" status: 204 len: 0 microversion: 1.36 [pid: 7|app: 0|req: 314/628] 10.0.0.43 () {38 vars in 913 bytes} [Tue May 19 06:29:49 2026] PUT /allocations/2eaa552a-292f-4ca1-8136-9f9ce440b463 => generated 0 bytes in 108 msecs (HTTP/1.1 204) 5 headers in 199 bytes (1 switches on core 0)
2026-05-19 06:29:51.171 8 INFO placement.requestlog [req-daf47bc8-d2bb-49d3-aacb-31cb2e5066ea req-fc6baf1f-c793-4e31-867c-fe227fe5e574 9528d23801b846c88fcdbe6a3b823916 45e50c6080dd47978228d3e5243dd365 - - c8b82c67dd2d4f93a0b742b3885ffb0f c8b82c67dd2d4f93a0b742b3885ffb0f] 199.204.45.132 "GET /allocations/2eaa552a-292f-4ca1-8136-9f9ce440b463" status: 200 len: 243 microversion: 1.28 [pid: 8|app: 0|req: 315/629] 199.204.45.132 () {34 vars in 863 bytes} [Tue May 19 06:29:51 2026] GET /allocations/2eaa552a-292f-4ca1-8136-9f9ce440b463 => generated 243 bytes in 15 msecs (HTTP/1.1 200) 8 headers in 296 bytes (1 switches on core 0)
2026-05-19 06:29:52.232 7 INFO placement.requestlog [req-daf47bc8-d2bb-49d3-aacb-31cb2e5066ea req-feb61dc3-5061-42cd-bbb0-f24fee1388a1 9528d23801b846c88fcdbe6a3b823916 45e50c6080dd47978228d3e5243dd365 - - c8b82c67dd2d4f93a0b742b3885ffb0f c8b82c67dd2d4f93a0b742b3885ffb0f] 199.204.45.132 "GET /resource_providers/5057eef3-b412-4398-a6e7-5fb89ca80e9e/allocations" status: 200 len: 338 microversion: 1.0 [pid: 7|app: 0|req: 315/630] 199.204.45.132 () {32 vars in 857 bytes} [Tue May 19 06:29:52 2026] GET /resource_providers/5057eef3-b412-4398-a6e7-5fb89ca80e9e/allocations => generated 338 bytes in 28 msecs (HTTP/1.1 200) 6 headers in 224 bytes (1 switches on core 0)
2026-05-19 06:29:52.254 8 INFO placement.requestlog [req-daf47bc8-d2bb-49d3-aacb-31cb2e5066ea req-5839376a-7305-4264-8e5b-71d04fd7c3fd 9528d23801b846c88fcdbe6a3b823916 45e50c6080dd47978228d3e5243dd365 - - c8b82c67dd2d4f93a0b742b3885ffb0f c8b82c67dd2d4f93a0b742b3885ffb0f] 199.204.45.132 "GET /allocations/edd8d5ec-b740-4287-9dbd-c594775657ee" status: 200 len: 257 microversion: 1.28 [pid: 8|app: 0|req: 316/631] 199.204.45.132 () {34 vars in 863 bytes} [Tue May 19 06:29:52 2026] GET /allocations/edd8d5ec-b740-4287-9dbd-c594775657ee => generated 257 bytes in 17 msecs (HTTP/1.1 200) 8 headers in 296 bytes (1 switches on core 0)
2026-05-19 06:29:52.285 7 INFO placement.requestlog [req-daf47bc8-d2bb-49d3-aacb-31cb2e5066ea req-d225c10c-3309-4eb1-98ec-b6c44b2e2a6c 9528d23801b846c88fcdbe6a3b823916 45e50c6080dd47978228d3e5243dd365 - - c8b82c67dd2d4f93a0b742b3885ffb0f c8b82c67dd2d4f93a0b742b3885ffb0f] 199.204.45.132 "GET /allocations/2eaa552a-292f-4ca1-8136-9f9ce440b463" status: 200 len: 243 microversion: 1.28 [pid: 7|app: 0|req: 316/632] 199.204.45.132 () {34 vars in 863 bytes} [Tue May 19 06:29:52 2026] GET /allocations/2eaa552a-292f-4ca1-8136-9f9ce440b463 => generated 243 bytes in 14 msecs (HTTP/1.1 200) 8 headers in 296 bytes (1 switches on core 0)
2026-05-19 06:29:52.307 8 INFO placement.requestlog [req-daf47bc8-d2bb-49d3-aacb-31cb2e5066ea req-a84a5754-0dfe-495d-aafb-56c89fd86d52 9528d23801b846c88fcdbe6a3b823916 45e50c6080dd47978228d3e5243dd365 - - c8b82c67dd2d4f93a0b742b3885ffb0f c8b82c67dd2d4f93a0b742b3885ffb0f] 199.204.45.132 "GET /allocations/9dbb6385-b06d-47b0-980d-62b1db10cae4" status: 200 len: 257 microversion: 1.28 [pid: 8|app: 0|req: 317/633] 199.204.45.132 () {34 vars in 863 bytes} [Tue May 19 06:29:52 2026] GET /allocations/9dbb6385-b06d-47b0-980d-62b1db10cae4 => generated 257 bytes in 14 msecs (HTTP/1.1 200) 8 headers in 296 bytes (1 switches on core 0)
2026-05-19 06:29:56.752 7 INFO placement.requestlog [None req-3b9f404f-41f6-4d29-9089-e3e363d27f4a - - - - - -] 10.0.0.121 "GET /" status: 200 len: 136 microversion: 1.0
2026-05-19 06:29:56.752 8 INFO placement.requestlog [None req-79883b95-90b2-4914-922b-2d38c88a0a03 - - - - - -] 10.0.0.121 "GET /" status: 200 len: 136 microversion: 1.0
2026-05-19 06:29:57.037 7 INFO placement.requestlog [req-609a0e78-9cde-46b8-b000-dcea56ea84f1 req-f9df4b51-a49d-4614-9ab7-3c2412933cc1 9528d23801b846c88fcdbe6a3b823916 45e50c6080dd47978228d3e5243dd365 - - c8b82c67dd2d4f93a0b742b3885ffb0f c8b82c67dd2d4f93a0b742b3885ffb0f] 199.204.45.132 "GET /resource_providers/5057eef3-b412-4398-a6e7-5fb89ca80e9e/allocations" status: 200 len: 338 microversion: 1.0 [pid: 7|app: 0|req: 318/636] 199.204.45.132 () {32 vars in 857 bytes} [Tue May 19 06:29:56 2026] GET /resource_providers/5057eef3-b412-4398-a6e7-5fb89ca80e9e/allocations => generated 338 bytes in 43 msecs (HTTP/1.1 200) 6 headers in 224 bytes (1 switches on core 0)
2026-05-19 06:29:57.068 8 INFO placement.requestlog [req-609a0e78-9cde-46b8-b000-dcea56ea84f1 req-3a7114fb-53dc-4c66-8020-5f39fd46e6a1 9528d23801b846c88fcdbe6a3b823916 45e50c6080dd47978228d3e5243dd365 - - c8b82c67dd2d4f93a0b742b3885ffb0f c8b82c67dd2d4f93a0b742b3885ffb0f] 199.204.45.132 "GET /allocations/edd8d5ec-b740-4287-9dbd-c594775657ee" status: 200 len: 257 microversion: 1.28 [pid: 8|app: 0|req: 319/637] 199.204.45.132 () {34 vars in 863 bytes} [Tue May 19 06:29:57 2026] GET /allocations/edd8d5ec-b740-4287-9dbd-c594775657ee => generated 257 bytes in 26 msecs (HTTP/1.1 200) 8 headers in 296 bytes (1 switches on core 0)
2026-05-19 06:29:57.105 7 INFO placement.requestlog [req-609a0e78-9cde-46b8-b000-dcea56ea84f1 req-4a03193a-4a8c-4313-a331-050793a5b9f6 9528d23801b846c88fcdbe6a3b823916 45e50c6080dd47978228d3e5243dd365 - - c8b82c67dd2d4f93a0b742b3885ffb0f c8b82c67dd2d4f93a0b742b3885ffb0f] 199.204.45.132 "GET /allocations/2eaa552a-292f-4ca1-8136-9f9ce440b463" status: 200 len: 243 microversion: 1.28 [pid: 7|app: 0|req: 319/638] 199.204.45.132 () {34 vars in 863 bytes} [Tue May 19 06:29:57 2026] GET /allocations/2eaa552a-292f-4ca1-8136-9f9ce440b463 => generated 243 bytes in 28 msecs (HTTP/1.1 200) 8 headers in 296 bytes (1 switches on core 0)
2026-05-19 06:29:57.132 8 INFO placement.requestlog [req-609a0e78-9cde-46b8-b000-dcea56ea84f1 req-6c294104-4e35-434e-a81d-71240f12574b 9528d23801b846c88fcdbe6a3b823916 45e50c6080dd47978228d3e5243dd365 - - c8b82c67dd2d4f93a0b742b3885ffb0f c8b82c67dd2d4f93a0b742b3885ffb0f] 199.204.45.132 "GET /allocations/9dbb6385-b06d-47b0-980d-62b1db10cae4" status: 200 len: 257 microversion: 1.28 [pid: 8|app: 0|req: 320/639] 199.204.45.132 () {34 vars in 863 bytes} [Tue May 19 06:29:57 2026] GET /allocations/9dbb6385-b06d-47b0-980d-62b1db10cae4 => generated 257 bytes in 22 msecs (HTTP/1.1 200) 8 headers in 296 bytes (1 switches on core 0)
2026-05-19 06:29:58.191 7 INFO placement.requestlog [req-609a0e78-9cde-46b8-b000-dcea56ea84f1 req-e57e01f1-3582-442d-9706-07898b0be5ff 9528d23801b846c88fcdbe6a3b823916 45e50c6080dd47978228d3e5243dd365 - - c8b82c67dd2d4f93a0b742b3885ffb0f c8b82c67dd2d4f93a0b742b3885ffb0f] 199.204.45.132 "DELETE /allocations/edd8d5ec-b740-4287-9dbd-c594775657ee" status: 204 len: 0 microversion: 1.0 [pid: 7|app: 0|req: 320/640] 199.204.45.132 () {34 vars in 841 bytes} [Tue May 19 06:29:58 2026] DELETE /allocations/edd8d5ec-b740-4287-9dbd-c594775657ee => generated 0 bytes in 31 msecs (HTTP/1.1 204) 5 headers in 198 bytes (1 switches on core 0)
2026-05-19 06:30:03.973 8 INFO placement.requestlog [None req-837ddd94-8e96-4358-87db-07ac73176cee 3023d8872fb04f1895f45abe0d252d96 45e50c6080dd47978228d3e5243dd365 - - c8b82c67dd2d4f93a0b742b3885ffb0f c8b82c67dd2d4f93a0b742b3885ffb0f] 10.0.0.167 "GET /resource_providers/ab245c43-b2be-4e6e-996a-fd0eb988e66d/aggregates" status: 404 len: 235 microversion: 1.1 [pid: 8|app: 0|req: 321/641] 10.0.0.167 () {32 vars in 816 bytes} [Tue May 19 06:30:03 2026] GET /resource_providers/ab245c43-b2be-4e6e-996a-fd0eb988e66d/aggregates => generated 235 bytes in 12 msecs (HTTP/1.1 404) 5 headers in 202 bytes (1 switches on core 0)
2026-05-19 06:30:03.975 7 INFO placement.requestlog [None req-bcf01938-84a6-4cab-bc3b-cb3b422845fc 3023d8872fb04f1895f45abe0d252d96 45e50c6080dd47978228d3e5243dd365 - - c8b82c67dd2d4f93a0b742b3885ffb0f c8b82c67dd2d4f93a0b742b3885ffb0f] 10.0.0.167 "GET /resource_providers/ab245c43-b2be-4e6e-996a-fd0eb988e66d/aggregates" status: 404 len: 235 microversion: 1.1 [pid: 7|app: 0|req: 321/642] 10.0.0.167 () {32 vars in 816 bytes} [Tue May 19 06:30:03 2026] GET /resource_providers/ab245c43-b2be-4e6e-996a-fd0eb988e66d/aggregates => generated 235 bytes in 11 msecs (HTTP/1.1 404) 5 headers in 202 bytes (1 switches on core 0)
2026-05-19 06:30:03.993 7 INFO placement.requestlog [None req-e487ba27-b512-4f8e-9235-713a81e2e298 3023d8872fb04f1895f45abe0d252d96 45e50c6080dd47978228d3e5243dd365 - - c8b82c67dd2d4f93a0b742b3885ffb0f c8b82c67dd2d4f93a0b742b3885ffb0f] 10.0.0.167 "DELETE /resource_providers/ab245c43-b2be-4e6e-996a-fd0eb988e66d" status: 404 len: 246 microversion: 1.1 [pid: 7|app: 0|req: 322/643] 10.0.0.167 () {34 vars in 816 bytes} [Tue May 19 06:30:03 2026] DELETE /resource_providers/ab245c43-b2be-4e6e-996a-fd0eb988e66d => generated 246 bytes in 7 msecs (HTTP/1.1 404) 6 headers in 231 bytes (1 switches on core 0)
2026-05-19 06:30:03.996 8 INFO placement.requestlog [None req-b8e00e29-1251-4943-b2ba-1f88309c4875 3023d8872fb04f1895f45abe0d252d96 45e50c6080dd47978228d3e5243dd365 - - c8b82c67dd2d4f93a0b742b3885ffb0f c8b82c67dd2d4f93a0b742b3885ffb0f] 10.0.0.167 "DELETE /resource_providers/ab245c43-b2be-4e6e-996a-fd0eb988e66d" status: 404 len: 246 microversion: 1.1 [pid: 8|app: 0|req: 322/644] 10.0.0.167 () {34 vars in 816 bytes} [Tue May 19 06:30:03 2026] DELETE /resource_providers/ab245c43-b2be-4e6e-996a-fd0eb988e66d => generated 246 bytes in 11 msecs (HTTP/1.1 404) 6 headers in 231 bytes (1 switches on core 0)
2026-05-19 06:30:06.752 7 INFO placement.requestlog [None req-91dbf630-edba-48d2-b7f3-404ff2e9da48 - - - - - -] 10.0.0.121 "GET /" status: 200 len: 136 microversion: 1.0
2026-05-19 06:30:06.753 8 INFO placement.requestlog [None req-6f6b0282-cdec-4bd9-ba9e-f19704c8b6f7 - - - - - -] 10.0.0.121 "GET /" status: 200 len: 136 microversion: 1.0
2026-05-19 06:30:14.183 7 INFO placement.requestlog [req-74a3aca5-79c8-4733-bc70-f112c8d1d987 req-47aafeab-e854-4de1-b62a-bbb36b918623 9528d23801b846c88fcdbe6a3b823916 45e50c6080dd47978228d3e5243dd365 - - c8b82c67dd2d4f93a0b742b3885ffb0f c8b82c67dd2d4f93a0b742b3885ffb0f] 199.204.45.132 "GET /resource_providers/5057eef3-b412-4398-a6e7-5fb89ca80e9e/allocations" status: 200 len: 238 microversion: 1.0 [pid: 7|app: 0|req: 324/647] 199.204.45.132 () {32 vars in 857 bytes} [Tue May 19 06:30:14 2026] GET /resource_providers/5057eef3-b412-4398-a6e7-5fb89ca80e9e/allocations => generated 238 bytes in 18 msecs (HTTP/1.1 200) 6 headers in 224 bytes (1 switches on core 0)
2026-05-19 06:30:14.208 8 INFO placement.requestlog [req-74a3aca5-79c8-4733-bc70-f112c8d1d987 req-14a9d019-2c5c-4bcf-9fb9-288276700c5a 9528d23801b846c88fcdbe6a3b823916 45e50c6080dd47978228d3e5243dd365 - - c8b82c67dd2d4f93a0b742b3885ffb0f c8b82c67dd2d4f93a0b742b3885ffb0f] 199.204.45.132 "GET /allocations/2eaa552a-292f-4ca1-8136-9f9ce440b463" status: 200 len: 243 microversion: 1.28 [pid: 8|app: 0|req: 324/648] 199.204.45.132 () {34 vars in 863 bytes} [Tue May 19 06:30:14 2026] GET /allocations/2eaa552a-292f-4ca1-8136-9f9ce440b463 => generated 243 bytes in 18 msecs (HTTP/1.1 200) 8 headers in 296 bytes (1 switches on core 0)
2026-05-19 06:30:14.228 7 INFO placement.requestlog [req-74a3aca5-79c8-4733-bc70-f112c8d1d987 req-f7475ae9-b5ca-4304-a638-7ba2da91ca71 9528d23801b846c88fcdbe6a3b823916 45e50c6080dd47978228d3e5243dd365 - - c8b82c67dd2d4f93a0b742b3885ffb0f c8b82c67dd2d4f93a0b742b3885ffb0f] 199.204.45.132 "GET /allocations/9dbb6385-b06d-47b0-980d-62b1db10cae4" status: 200 len: 257 microversion: 1.28 [pid: 7|app: 0|req: 325/649] 199.204.45.132 () {34 vars in 863 bytes} [Tue May 19 06:30:14 2026] GET /allocations/9dbb6385-b06d-47b0-980d-62b1db10cae4 => generated 257 bytes in 16 msecs (HTTP/1.1 200) 8 headers in 296 bytes (1 switches on core 0)
2026-05-19 06:30:15.277 8 INFO placement.requestlog [req-74a3aca5-79c8-4733-bc70-f112c8d1d987 req-f67c348e-837a-40c6-814f-dc9003705222 9528d23801b846c88fcdbe6a3b823916 45e50c6080dd47978228d3e5243dd365 - - c8b82c67dd2d4f93a0b742b3885ffb0f c8b82c67dd2d4f93a0b742b3885ffb0f] 199.204.45.132 "DELETE /allocations/2eaa552a-292f-4ca1-8136-9f9ce440b463" status: 204 len: 0 microversion: 1.0 [pid: 8|app: 0|req: 325/650] 199.204.45.132 () {34 vars in 841 bytes} [Tue May 19 06:30:15 2026] DELETE /allocations/2eaa552a-292f-4ca1-8136-9f9ce440b463 => generated 0 bytes in 24 msecs (HTTP/1.1 204) 5 headers in 198 bytes (1 switches on core 0)
2026-05-19 06:30:16.518 8 INFO placement.requestlog [None req-9a89753d-71dd-475d-bb6f-154a02d4a6a9 3023d8872fb04f1895f45abe0d252d96 45e50c6080dd47978228d3e5243dd365 - - c8b82c67dd2d4f93a0b742b3885ffb0f c8b82c67dd2d4f93a0b742b3885ffb0f] 10.0.0.167 "GET /resource_providers/8b975e7f-3b56-4dbd-92aa-cf9b8123874a/aggregates" status: 404 len: 235 microversion: 1.1 [pid: 8|app: 0|req: 326/651] 10.0.0.167 () {32 vars in 816 bytes} [Tue May 19 06:30:16 2026] GET /resource_providers/8b975e7f-3b56-4dbd-92aa-cf9b8123874a/aggregates => generated 235 bytes in 7 msecs (HTTP/1.1 404) 5 headers in 202 bytes (1 switches on core 0)
2026-05-19 06:30:16.524 8 INFO placement.requestlog [None req-5cb2efea-0e37-408d-888f-05b02ea76c78 3023d8872fb04f1895f45abe0d252d96 45e50c6080dd47978228d3e5243dd365 - - c8b82c67dd2d4f93a0b742b3885ffb0f c8b82c67dd2d4f93a0b742b3885ffb0f] 10.0.0.167 "GET /resource_providers/8b975e7f-3b56-4dbd-92aa-cf9b8123874a/aggregates" status: 404 len: 235 microversion: 1.1 [pid: 8|app: 0|req: 327/652] 10.0.0.167 () {32 vars in 816 bytes} [Tue May 19 06:30:16 2026] GET /resource_providers/8b975e7f-3b56-4dbd-92aa-cf9b8123874a/aggregates => generated 235 bytes in 5 msecs (HTTP/1.1 404) 5 headers in 202 bytes (1 switches on core 0)
2026-05-19 06:30:16.530 7 INFO placement.requestlog [req-cf67c8ac-4e6e-4dbf-b1da-31578cf11b80 req-185dfd84-3b01-4152-8a1d-ef165c49036f 9528d23801b846c88fcdbe6a3b823916 45e50c6080dd47978228d3e5243dd365 - - c8b82c67dd2d4f93a0b742b3885ffb0f c8b82c67dd2d4f93a0b742b3885ffb0f] 10.0.0.43 "GET /allocation_candidates?limit=1000&resources=DISK_GB%3A1%2CMEMORY_MB%3A512%2CVCPU%3A1&root_required=%21COMPUTE_STATUS_DISABLED" status: 200 len: 2783 microversion: 1.36 [pid: 7|app: 0|req: 326/653] 10.0.0.43 () {34 vars in 1011 bytes} [Tue May 19 06:30:16 2026] GET /allocation_candidates?limit=1000&resources=DISK_GB%3A1%2CMEMORY_MB%3A512%2CVCPU%3A1&root_required=%21COMPUTE_STATUS_DISABLED => generated 2783 bytes in 44 msecs (HTTP/1.1 200) 8 headers in 297 bytes (1 switches on core 0)
2026-05-19 06:30:16.534 8 INFO placement.requestlog [None req-c9882289-67d3-4cb2-94d9-b604bb5f781a 3023d8872fb04f1895f45abe0d252d96 45e50c6080dd47978228d3e5243dd365 - - c8b82c67dd2d4f93a0b742b3885ffb0f c8b82c67dd2d4f93a0b742b3885ffb0f] 10.0.0.167 "DELETE /resource_providers/8b975e7f-3b56-4dbd-92aa-cf9b8123874a" status: 404 len: 246 microversion: 1.1 [pid: 8|app: 0|req: 328/654] 10.0.0.167 () {34 vars in 816 bytes} [Tue May 19 06:30:16 2026] DELETE /resource_providers/8b975e7f-3b56-4dbd-92aa-cf9b8123874a => generated 246 bytes in 6 msecs (HTTP/1.1 404) 6 headers in 231 bytes (1 switches on core 0)
2026-05-19 06:30:16.549 7 INFO placement.requestlog [None req-dd68bc04-19d9-4a94-af9f-4c015f647247 3023d8872fb04f1895f45abe0d252d96 45e50c6080dd47978228d3e5243dd365 - - c8b82c67dd2d4f93a0b742b3885ffb0f c8b82c67dd2d4f93a0b742b3885ffb0f] 10.0.0.167 "DELETE /resource_providers/8b975e7f-3b56-4dbd-92aa-cf9b8123874a" status: 404 len: 246 microversion: 1.1 [pid: 7|app: 0|req: 327/655] 10.0.0.167 () {34 vars in 816 bytes} [Tue May 19 06:30:16 2026] DELETE /resource_providers/8b975e7f-3b56-4dbd-92aa-cf9b8123874a => generated 246 bytes in 13 msecs (HTTP/1.1 404) 6 headers in 231 bytes (1 switches on core 0)
2026-05-19 06:30:16.569 8 INFO placement.requestlog [req-cf67c8ac-4e6e-4dbf-b1da-31578cf11b80 req-566706b6-51d3-4788-a572-48b5ad1e4932 9528d23801b846c88fcdbe6a3b823916 45e50c6080dd47978228d3e5243dd365 - - c8b82c67dd2d4f93a0b742b3885ffb0f c8b82c67dd2d4f93a0b742b3885ffb0f] 10.0.0.43 "GET /allocations/2f028738-0f83-4014-aa25-6a0a0de8a1d4" status: 200 len: 19 microversion: 1.28 [pid: 8|app: 0|req: 329/656] 10.0.0.43 () {34 vars in 860 bytes} [Tue May 19 06:30:16 2026] GET /allocations/2f028738-0f83-4014-aa25-6a0a0de8a1d4 => generated 19 bytes in 13 msecs (HTTP/1.1 200) 8 headers in 295 bytes (1 switches on core 0)
2026-05-19 06:30:16.647 7 INFO placement.requestlog [req-cf67c8ac-4e6e-4dbf-b1da-31578cf11b80 req-59542082-14c1-4bac-8b23-d171ee89deb5 9528d23801b846c88fcdbe6a3b823916 45e50c6080dd47978228d3e5243dd365 - - c8b82c67dd2d4f93a0b742b3885ffb0f c8b82c67dd2d4f93a0b742b3885ffb0f] 10.0.0.43 "PUT /allocations/2f028738-0f83-4014-aa25-6a0a0de8a1d4" status: 204 len: 0 microversion: 1.36 [pid: 7|app: 0|req: 328/657] 10.0.0.43 () {38 vars in 913 bytes} [Tue May 19 06:30:16 2026] PUT /allocations/2f028738-0f83-4014-aa25-6a0a0de8a1d4 => generated 0 bytes in 70 msecs (HTTP/1.1 204) 5 headers in 199 bytes (1 switches on core 0)
2026-05-19 06:30:16.752 7 INFO placement.requestlog [None req-f905881a-f1d4-47a0-b0f7-5a1bb03d2f30 - - - - - -] 10.0.0.121 "GET /" status: 200 len: 136 microversion: 1.0
2026-05-19 06:30:16.752 8 INFO placement.requestlog [None req-3f8e9f20-b806-42fe-bfaf-b48ef9c1f9b4 - - - - - -] 10.0.0.121 "GET /" status: 200 len: 136 microversion: 1.0
2026-05-19 06:30:16.900 8 INFO placement.requestlog [None req-4436b595-efbc-4896-a22b-6f1d6c690bf3 3023d8872fb04f1895f45abe0d252d96 45e50c6080dd47978228d3e5243dd365 - - c8b82c67dd2d4f93a0b742b3885ffb0f c8b82c67dd2d4f93a0b742b3885ffb0f] 10.0.0.167 "GET /resource_providers/218cda5a-8908-4b41-889d-f2ae1611ddbd/aggregates" status: 404 len: 235 microversion: 1.1 [pid: 8|app: 0|req: 331/660] 10.0.0.167 () {32 vars in 816 bytes} [Tue May 19 06:30:16 2026] GET /resource_providers/218cda5a-8908-4b41-889d-f2ae1611ddbd/aggregates => generated 235 bytes in 10 msecs (HTTP/1.1 404) 5 headers in 202 bytes (1 switches on core 0)
2026-05-19 06:30:16.906 7 INFO placement.requestlog [None req-d96b00ee-3172-42cf-967f-f22b11bd4e54 3023d8872fb04f1895f45abe0d252d96 45e50c6080dd47978228d3e5243dd365 - - c8b82c67dd2d4f93a0b742b3885ffb0f c8b82c67dd2d4f93a0b742b3885ffb0f] 10.0.0.167 "GET /resource_providers/218cda5a-8908-4b41-889d-f2ae1611ddbd/aggregates" status: 404 len: 235 microversion: 1.1 [pid: 7|app: 0|req: 330/661] 10.0.0.167 () {32 vars in 816 bytes} [Tue May 19 06:30:16 2026] GET /resource_providers/218cda5a-8908-4b41-889d-f2ae1611ddbd/aggregates => generated 235 bytes in 13 msecs (HTTP/1.1 404) 5 headers in 202 bytes (1 switches on core 0)
2026-05-19 06:30:16.922 8 INFO placement.requestlog [None req-d558fe6e-fb3c-4457-b240-4b79bb1b2185 3023d8872fb04f1895f45abe0d252d96 45e50c6080dd47978228d3e5243dd365 - - c8b82c67dd2d4f93a0b742b3885ffb0f c8b82c67dd2d4f93a0b742b3885ffb0f] 10.0.0.167 "DELETE /resource_providers/218cda5a-8908-4b41-889d-f2ae1611ddbd" status: 404 len: 246 microversion: 1.1 [pid: 8|app: 0|req: 332/662] 10.0.0.167 () {34 vars in 816 bytes} [Tue May 19 06:30:16 2026] DELETE /resource_providers/218cda5a-8908-4b41-889d-f2ae1611ddbd => generated 246 bytes in 10 msecs (HTTP/1.1 404) 6 headers in 231 bytes (1 switches on core 0)
2026-05-19 06:30:16.923 7 INFO placement.requestlog [None req-0ff166e9-2a62-4363-b95f-842c859a73a2 3023d8872fb04f1895f45abe0d252d96 45e50c6080dd47978228d3e5243dd365 - - c8b82c67dd2d4f93a0b742b3885ffb0f c8b82c67dd2d4f93a0b742b3885ffb0f] 10.0.0.167 "DELETE /resource_providers/218cda5a-8908-4b41-889d-f2ae1611ddbd" status: 404 len: 246 microversion: 1.1 [pid: 7|app: 0|req: 331/663] 10.0.0.167 () {34 vars in 816 bytes} [Tue May 19 06:30:16 2026] DELETE /resource_providers/218cda5a-8908-4b41-889d-f2ae1611ddbd => generated 246 bytes in 10 msecs (HTTP/1.1 404) 6 headers in 231 bytes (1 switches on core 0)
2026-05-19 06:30:18.153 8 INFO placement.requestlog [req-cf67c8ac-4e6e-4dbf-b1da-31578cf11b80 req-76c000b1-03ab-4e1a-96a4-73d5b79b2a56 9528d23801b846c88fcdbe6a3b823916 45e50c6080dd47978228d3e5243dd365 - - c8b82c67dd2d4f93a0b742b3885ffb0f c8b82c67dd2d4f93a0b742b3885ffb0f] 199.204.45.132 "GET /allocations/2f028738-0f83-4014-aa25-6a0a0de8a1d4" status: 200 len: 257 microversion: 1.28 [pid: 8|app: 0|req: 333/664] 199.204.45.132 () {34 vars in 863 bytes} [Tue May 19 06:30:18 2026] GET /allocations/2f028738-0f83-4014-aa25-6a0a0de8a1d4 => generated 257 bytes in 9 msecs (HTTP/1.1 200) 8 headers in 296 bytes (1 switches on core 0)
2026-05-19 06:30:19.196 7 INFO placement.requestlog [req-cf67c8ac-4e6e-4dbf-b1da-31578cf11b80 req-3ac3c7bc-517a-4f98-b094-53650f2daffd 9528d23801b846c88fcdbe6a3b823916 45e50c6080dd47978228d3e5243dd365 - - c8b82c67dd2d4f93a0b742b3885ffb0f c8b82c67dd2d4f93a0b742b3885ffb0f] 199.204.45.132 "GET /resource_providers/5057eef3-b412-4398-a6e7-5fb89ca80e9e/allocations" status: 200 len: 252 microversion: 1.0 [pid: 7|app: 0|req: 332/665] 199.204.45.132 () {32 vars in 857 bytes} [Tue May 19 06:30:19 2026] GET /resource_providers/5057eef3-b412-4398-a6e7-5fb89ca80e9e/allocations => generated 252 bytes in 24 msecs (HTTP/1.1 200) 6 headers in 224 bytes (1 switches on core 0)
2026-05-19 06:30:19.211 8 INFO placement.requestlog [req-cf67c8ac-4e6e-4dbf-b1da-31578cf11b80 req-ae60ff3a-0405-470a-bad3-0c8efa06ee44 9528d23801b846c88fcdbe6a3b823916 45e50c6080dd47978228d3e5243dd365 - - c8b82c67dd2d4f93a0b742b3885ffb0f c8b82c67dd2d4f93a0b742b3885ffb0f] 199.204.45.132 "GET /allocations/2f028738-0f83-4014-aa25-6a0a0de8a1d4" status: 200 len: 257 microversion: 1.28 [pid: 8|app: 0|req: 334/666] 199.204.45.132 () {34 vars in 863 bytes} [Tue May 19 06:30:19 2026] GET /allocations/2f028738-0f83-4014-aa25-6a0a0de8a1d4 => generated 257 bytes in 9 msecs (HTTP/1.1 200) 8 headers in 296 bytes (1 switches on core 0)
2026-05-19 06:30:19.236 7 INFO placement.requestlog [req-cf67c8ac-4e6e-4dbf-b1da-31578cf11b80 req-0e98bcab-3c2e-4edf-bdd2-43cac12ecb8a 9528d23801b846c88fcdbe6a3b823916 45e50c6080dd47978228d3e5243dd365 - - c8b82c67dd2d4f93a0b742b3885ffb0f c8b82c67dd2d4f93a0b742b3885ffb0f] 199.204.45.132 "GET /allocations/9dbb6385-b06d-47b0-980d-62b1db10cae4" status: 200 len: 257 microversion: 1.28 [pid: 7|app: 0|req: 333/667] 199.204.45.132 () {34 vars in 863 bytes} [Tue May 19 06:30:19 2026] GET /allocations/9dbb6385-b06d-47b0-980d-62b1db10cae4 => generated 257 bytes in 20 msecs (HTTP/1.1 200) 8 headers in 296 bytes (1 switches on core 0)
2026-05-19 06:30:19.810 7 INFO placement.requestlog [None req-996d3611-a218-4cbc-90cf-c3a471e398bd 3023d8872fb04f1895f45abe0d252d96 45e50c6080dd47978228d3e5243dd365 - - c8b82c67dd2d4f93a0b742b3885ffb0f c8b82c67dd2d4f93a0b742b3885ffb0f] 10.0.0.167 "GET /resource_providers/ab4229ac-2f30-4419-9175-23ea2ba5da21/aggregates" status: 404 len: 235 microversion: 1.1
2026-05-19 06:30:19.810 8 INFO placement.requestlog [None req-6618d89a-f27d-45fa-b638-1f46115d9eff 3023d8872fb04f1895f45abe0d252d96 45e50c6080dd47978228d3e5243dd365 - - c8b82c67dd2d4f93a0b742b3885ffb0f c8b82c67dd2d4f93a0b742b3885ffb0f] 10.0.0.167 "GET /resource_providers/ab4229ac-2f30-4419-9175-23ea2ba5da21/aggregates" status: 404 len: 235 microversion: 1.1 [pid: 8|app: 0|req: 335/669] 10.0.0.167 () {32 vars in 816 bytes} [Tue May 19 06:30:19 2026] GET /resource_providers/ab4229ac-2f30-4419-9175-23ea2ba5da21/aggregates => generated 235 bytes in 10 msecs (HTTP/1.1 404) 5 headers in 202 bytes (1 switches on core 0) [pid: 7|app: 0|req: 334/669] 10.0.0.167 () {32 vars in 816 bytes} [Tue May 19 06:30:19 2026] GET /resource_providers/ab4229ac-2f30-4419-9175-23ea2ba5da21/aggregates => generated 235 bytes in 9 msecs (HTTP/1.1 404) 5 headers in 202 bytes (1 switches on core 0)
2026-05-19 06:30:19.829 8 INFO placement.requestlog [None req-b17aa5ee-af1a-4bbf-ace8-1e5def5aea5a 3023d8872fb04f1895f45abe0d252d96 45e50c6080dd47978228d3e5243dd365 - - c8b82c67dd2d4f93a0b742b3885ffb0f c8b82c67dd2d4f93a0b742b3885ffb0f] 10.0.0.167 "DELETE /resource_providers/ab4229ac-2f30-4419-9175-23ea2ba5da21" status: 404 len: 246 microversion: 1.1 [pid: 8|app: 0|req: 336/670] 10.0.0.167 () {34 vars in 816 bytes} [Tue May 19 06:30:19 2026] DELETE /resource_providers/ab4229ac-2f30-4419-9175-23ea2ba5da21 => generated 246 bytes in 7 msecs (HTTP/1.1 404) 6 headers in 231 bytes (1 switches on core 0)
2026-05-19 06:30:19.837 7 INFO placement.requestlog [None req-ba4ff705-e922-49d5-8c20-6ad0d693954d 3023d8872fb04f1895f45abe0d252d96 45e50c6080dd47978228d3e5243dd365 - - c8b82c67dd2d4f93a0b742b3885ffb0f c8b82c67dd2d4f93a0b742b3885ffb0f] 10.0.0.167 "DELETE /resource_providers/ab4229ac-2f30-4419-9175-23ea2ba5da21" status: 404 len: 246 microversion: 1.1 [pid: 7|app: 0|req: 335/671] 10.0.0.167 () {34 vars in 816 bytes} [Tue May 19 06:30:19 2026] DELETE /resource_providers/ab4229ac-2f30-4419-9175-23ea2ba5da21 => generated 246 bytes in 10 msecs (HTTP/1.1 404) 6 headers in 231 bytes (1 switches on core 0)
2026-05-19 06:30:22.467 8 INFO placement.requestlog [None req-697b524d-6784-4182-b5f8-2010a844ead8 3023d8872fb04f1895f45abe0d252d96 45e50c6080dd47978228d3e5243dd365 - - c8b82c67dd2d4f93a0b742b3885ffb0f c8b82c67dd2d4f93a0b742b3885ffb0f] 10.0.0.167 "GET /resource_providers/bf3bb32e-b49d-4b46-b8ad-72b5abd59302/aggregates" status: 404 len: 235 microversion: 1.1 [pid: 8|app: 0|req: 337/672] 10.0.0.167 () {32 vars in 816 bytes} [Tue May 19 06:30:22 2026] GET /resource_providers/bf3bb32e-b49d-4b46-b8ad-72b5abd59302/aggregates => generated 235 bytes in 9 msecs (HTTP/1.1 404) 5 headers in 202 bytes (1 switches on core 0)
2026-05-19 06:30:22.472 7 INFO placement.requestlog [None req-7753e982-4ba0-4a20-8b4f-76cde50a833f 3023d8872fb04f1895f45abe0d252d96 45e50c6080dd47978228d3e5243dd365 - - c8b82c67dd2d4f93a0b742b3885ffb0f c8b82c67dd2d4f93a0b742b3885ffb0f] 10.0.0.167 "GET /resource_providers/bf3bb32e-b49d-4b46-b8ad-72b5abd59302/aggregates" status: 404 len: 235 microversion: 1.1 [pid: 7|app: 0|req: 336/673] 10.0.0.167 () {32 vars in 816 bytes} [Tue May 19 06:30:22 2026] GET /resource_providers/bf3bb32e-b49d-4b46-b8ad-72b5abd59302/aggregates => generated 235 bytes in 10 msecs (HTTP/1.1 404) 5 headers in 202 bytes (1 switches on core 0)
