2026-05-15 15:32:43.443 8 INFO placement.requestlog [req-a36bef4e-8f22-4fa6-a95b-5342ba705ff7 req-b826823c-cabd-40f2-a714-e89e38c4fe62 69ff12730c1046a5beb6eaa8820d8db1 a69859243e3b47b68bc66a1cfef07868 - - b3f9f41a4aa44a94b3b8e13b78a7a977 b3f9f41a4aa44a94b3b8e13b78a7a977] 10.0.0.133 "PUT /allocations/b2e30504-a086-43b2-bed3-44253b7c93b2" status: 204 len: 0 microversion: 1.36 [pid: 8|app: 0|req: 522/1042] 10.0.0.133 () {38 vars in 914 bytes} [Fri May 15 15:32:43 2026] PUT /allocations/b2e30504-a086-43b2-bed3-44253b7c93b2 => generated 0 bytes in 69 msecs (HTTP/1.1 204) 5 headers in 199 bytes (1 switches on core 0)
2026-05-15 15:32:44.928 7 INFO placement.requestlog [req-a36bef4e-8f22-4fa6-a95b-5342ba705ff7 req-bd427d17-9dc6-43b9-a9f7-17858ee0dd23 69ff12730c1046a5beb6eaa8820d8db1 a69859243e3b47b68bc66a1cfef07868 - - b3f9f41a4aa44a94b3b8e13b78a7a977 b3f9f41a4aa44a94b3b8e13b78a7a977] 199.19.213.185 "GET /allocations/b2e30504-a086-43b2-bed3-44253b7c93b2" status: 200 len: 245 microversion: 1.28 [pid: 7|app: 0|req: 521/1043] 199.19.213.185 () {34 vars in 863 bytes} [Fri May 15 15:32:44 2026] GET /allocations/b2e30504-a086-43b2-bed3-44253b7c93b2 => generated 245 bytes in 10 msecs (HTTP/1.1 200) 8 headers in 296 bytes (1 switches on core 0)
2026-05-15 15:32:45.662 7 INFO placement.requestlog [None req-d7842fa6-161c-4bff-84ff-6cb7e823a778 9fc12f97ca574905a540bb0e51664a67 a69859243e3b47b68bc66a1cfef07868 - - b3f9f41a4aa44a94b3b8e13b78a7a977 b3f9f41a4aa44a94b3b8e13b78a7a977] 10.0.0.173 "GET /resource_providers/a01dae1a-1961-44fd-b806-36ef9be6c2d7/aggregates" status: 404 len: 235 microversion: 1.1 [pid: 7|app: 0|req: 522/1044] 10.0.0.173 () {32 vars in 816 bytes} [Fri May 15 15:32:45 2026] GET /resource_providers/a01dae1a-1961-44fd-b806-36ef9be6c2d7/aggregates => generated 235 bytes in 9 msecs (HTTP/1.1 404) 5 headers in 202 bytes (1 switches on core 0)
2026-05-15 15:32:45.664 8 INFO placement.requestlog [None req-472f5141-0873-4390-ab1f-912559f937f0 9fc12f97ca574905a540bb0e51664a67 a69859243e3b47b68bc66a1cfef07868 - - b3f9f41a4aa44a94b3b8e13b78a7a977 b3f9f41a4aa44a94b3b8e13b78a7a977] 10.0.0.173 "GET /resource_providers/a01dae1a-1961-44fd-b806-36ef9be6c2d7/aggregates" status: 404 len: 235 microversion: 1.1 [pid: 8|app: 0|req: 523/1045] 10.0.0.173 () {32 vars in 816 bytes} [Fri May 15 15:32:45 2026] GET /resource_providers/a01dae1a-1961-44fd-b806-36ef9be6c2d7/aggregates => generated 235 bytes in 12 msecs (HTTP/1.1 404) 5 headers in 202 bytes (1 switches on core 0)
2026-05-15 15:32:45.684 7 INFO placement.requestlog [None req-bc416581-c023-4670-b7c0-3bb3fbe957c4 9fc12f97ca574905a540bb0e51664a67 a69859243e3b47b68bc66a1cfef07868 - - b3f9f41a4aa44a94b3b8e13b78a7a977 b3f9f41a4aa44a94b3b8e13b78a7a977] 10.0.0.173 "DELETE /resource_providers/a01dae1a-1961-44fd-b806-36ef9be6c2d7" status: 404 len: 246 microversion: 1.1 [pid: 7|app: 0|req: 523/1046] 10.0.0.173 () {34 vars in 816 bytes} [Fri May 15 15:32:45 2026] DELETE /resource_providers/a01dae1a-1961-44fd-b806-36ef9be6c2d7 => generated 246 bytes in 8 msecs (HTTP/1.1 404) 6 headers in 231 bytes (1 switches on core 0)
2026-05-15 15:32:45.693 8 INFO placement.requestlog [None req-8ef42418-641d-4be1-beb3-a3e718e45273 9fc12f97ca574905a540bb0e51664a67 a69859243e3b47b68bc66a1cfef07868 - - b3f9f41a4aa44a94b3b8e13b78a7a977 b3f9f41a4aa44a94b3b8e13b78a7a977] 10.0.0.173 "DELETE /resource_providers/a01dae1a-1961-44fd-b806-36ef9be6c2d7" status: 404 len: 246 microversion: 1.1 [pid: 8|app: 0|req: 524/1047] 10.0.0.173 () {34 vars in 816 bytes} [Fri May 15 15:32:45 2026] DELETE /resource_providers/a01dae1a-1961-44fd-b806-36ef9be6c2d7 => generated 246 bytes in 16 msecs (HTTP/1.1 404) 6 headers in 231 bytes (1 switches on core 0)
2026-05-15 15:32:45.975 7 INFO placement.requestlog [req-a36bef4e-8f22-4fa6-a95b-5342ba705ff7 req-a95931e4-597b-455c-b709-d24ff38d723e 69ff12730c1046a5beb6eaa8820d8db1 a69859243e3b47b68bc66a1cfef07868 - - b3f9f41a4aa44a94b3b8e13b78a7a977 b3f9f41a4aa44a94b3b8e13b78a7a977] 199.19.213.185 "GET /resource_providers/47adcae7-26ea-40f5-a834-79f8c2387cb7/allocations" status: 200 len: 340 microversion: 1.0 [pid: 7|app: 0|req: 524/1048] 199.19.213.185 () {32 vars in 857 bytes} [Fri May 15 15:32:45 2026] GET /resource_providers/47adcae7-26ea-40f5-a834-79f8c2387cb7/allocations => generated 340 bytes in 26 msecs (HTTP/1.1 200) 6 headers in 224 bytes (1 switches on core 0)
2026-05-15 15:32:45.994 8 INFO placement.requestlog [req-a36bef4e-8f22-4fa6-a95b-5342ba705ff7 req-4615fbe6-bb31-44de-ab4a-08b4367faaf6 69ff12730c1046a5beb6eaa8820d8db1 a69859243e3b47b68bc66a1cfef07868 - - b3f9f41a4aa44a94b3b8e13b78a7a977 b3f9f41a4aa44a94b3b8e13b78a7a977] 199.19.213.185 "GET /allocations/b2e30504-a086-43b2-bed3-44253b7c93b2" status: 200 len: 245 microversion: 1.28 [pid: 8|app: 0|req: 525/1049] 199.19.213.185 () {34 vars in 863 bytes} [Fri May 15 15:32:45 2026] GET /allocations/b2e30504-a086-43b2-bed3-44253b7c93b2 => generated 245 bytes in 13 msecs (HTTP/1.1 200) 8 headers in 296 bytes (1 switches on core 0)
2026-05-15 15:32:46.014 7 INFO placement.requestlog [req-a36bef4e-8f22-4fa6-a95b-5342ba705ff7 req-a7ab5619-f49a-4c56-a7f9-272e5def51f8 69ff12730c1046a5beb6eaa8820d8db1 a69859243e3b47b68bc66a1cfef07868 - - b3f9f41a4aa44a94b3b8e13b78a7a977 b3f9f41a4aa44a94b3b8e13b78a7a977] 199.19.213.185 "GET /allocations/be6a5e5e-3853-4864-b81b-e0da070e4ac5" status: 200 len: 258 microversion: 1.28 [pid: 7|app: 0|req: 525/1050] 199.19.213.185 () {34 vars in 863 bytes} [Fri May 15 15:32:46 2026] GET /allocations/be6a5e5e-3853-4864-b81b-e0da070e4ac5 => generated 258 bytes in 13 msecs (HTTP/1.1 200) 8 headers in 296 bytes (1 switches on core 0)
2026-05-15 15:32:46.035 8 INFO placement.requestlog [req-a36bef4e-8f22-4fa6-a95b-5342ba705ff7 req-125d8cd7-ad76-450d-8287-f6b38ea12d66 69ff12730c1046a5beb6eaa8820d8db1 a69859243e3b47b68bc66a1cfef07868 - - b3f9f41a4aa44a94b3b8e13b78a7a977 b3f9f41a4aa44a94b3b8e13b78a7a977] 199.19.213.185 "GET /allocations/22c33d48-eb55-44d1-8337-85f8c63c75cc" status: 200 len: 258 microversion: 1.28 [pid: 8|app: 0|req: 526/1051] 199.19.213.185 () {34 vars in 863 bytes} [Fri May 15 15:32:46 2026] GET /allocations/22c33d48-eb55-44d1-8337-85f8c63c75cc => generated 258 bytes in 14 msecs (HTTP/1.1 200) 8 headers in 296 bytes (1 switches on core 0)
2026-05-15 15:32:46.064 8 INFO placement.requestlog [None req-57c25d26-94a1-48f8-9656-cd30a0a23938 9fc12f97ca574905a540bb0e51664a67 a69859243e3b47b68bc66a1cfef07868 - - b3f9f41a4aa44a94b3b8e13b78a7a977 b3f9f41a4aa44a94b3b8e13b78a7a977] 10.0.0.173 "GET /resource_providers/3f9fbdc0-0bfd-41de-b293-5cee866d6a3c/aggregates" status: 404 len: 235 microversion: 1.1 [pid: 8|app: 0|req: 527/1052] 10.0.0.173 () {32 vars in 816 bytes} [Fri May 15 15:32:46 2026] GET /resource_providers/3f9fbdc0-0bfd-41de-b293-5cee866d6a3c/aggregates => generated 235 bytes in 9 msecs (HTTP/1.1 404) 5 headers in 202 bytes (1 switches on core 0)
2026-05-15 15:32:46.065 7 INFO placement.requestlog [None req-01c633e0-36ef-4f3f-8af0-5a7e107cae07 9fc12f97ca574905a540bb0e51664a67 a69859243e3b47b68bc66a1cfef07868 - - b3f9f41a4aa44a94b3b8e13b78a7a977 b3f9f41a4aa44a94b3b8e13b78a7a977] 10.0.0.173 "GET /resource_providers/3f9fbdc0-0bfd-41de-b293-5cee866d6a3c/aggregates" status: 404 len: 235 microversion: 1.1 [pid: 7|app: 0|req: 526/1053] 10.0.0.173 () {32 vars in 816 bytes} [Fri May 15 15:32:46 2026] GET /resource_providers/3f9fbdc0-0bfd-41de-b293-5cee866d6a3c/aggregates => generated 235 bytes in 10 msecs (HTTP/1.1 404) 5 headers in 202 bytes (1 switches on core 0)
2026-05-15 15:32:46.085 8 INFO placement.requestlog [None req-e36ef294-6757-485f-b62a-a1964cbdddc5 9fc12f97ca574905a540bb0e51664a67 a69859243e3b47b68bc66a1cfef07868 - - b3f9f41a4aa44a94b3b8e13b78a7a977 b3f9f41a4aa44a94b3b8e13b78a7a977] 10.0.0.173 "DELETE /resource_providers/3f9fbdc0-0bfd-41de-b293-5cee866d6a3c" status: 404 len: 246 microversion: 1.1 [pid: 8|app: 0|req: 528/1054] 10.0.0.173 () {34 vars in 816 bytes} [Fri May 15 15:32:46 2026] DELETE /resource_providers/3f9fbdc0-0bfd-41de-b293-5cee866d6a3c => generated 246 bytes in 9 msecs (HTTP/1.1 404) 6 headers in 231 bytes (1 switches on core 0)
2026-05-15 15:32:46.087 7 INFO placement.requestlog [None req-e9658f30-3861-4448-8ffe-eb106bdf3552 9fc12f97ca574905a540bb0e51664a67 a69859243e3b47b68bc66a1cfef07868 - - b3f9f41a4aa44a94b3b8e13b78a7a977 b3f9f41a4aa44a94b3b8e13b78a7a977] 10.0.0.173 "DELETE /resource_providers/3f9fbdc0-0bfd-41de-b293-5cee866d6a3c" status: 404 len: 246 microversion: 1.1 [pid: 7|app: 0|req: 527/1055] 10.0.0.173 () {34 vars in 816 bytes} [Fri May 15 15:32:46 2026] DELETE /resource_providers/3f9fbdc0-0bfd-41de-b293-5cee866d6a3c => generated 246 bytes in 11 msecs (HTTP/1.1 404) 6 headers in 231 bytes (1 switches on core 0)
2026-05-15 15:32:50.081 7 INFO placement.requestlog [None req-bf319e82-c6a7-43aa-b0a6-66fb9109a980 - - - - - -] 10.0.0.31 "GET /" status: 200 len: 136 microversion: 1.0
2026-05-15 15:32:50.081 8 INFO placement.requestlog [None req-9a076f2f-a7db-4abb-9a89-cb898196ba89 - - - - - -] 10.0.0.31 "GET /" status: 200 len: 136 microversion: 1.0
2026-05-15 15:32:50.890 8 INFO placement.requestlog [None req-918ba870-9723-4080-bf7a-33cffcaeadd3 9fc12f97ca574905a540bb0e51664a67 a69859243e3b47b68bc66a1cfef07868 - - b3f9f41a4aa44a94b3b8e13b78a7a977 b3f9f41a4aa44a94b3b8e13b78a7a977] 10.0.0.173 "GET /resource_providers/40d9f93f-6dd0-483c-8de3-452ab81813f6/aggregates" status: 404 len: 235 microversion: 1.1 [pid: 8|app: 0|req: 530/1058] 10.0.0.173 () {32 vars in 816 bytes} [Fri May 15 15:32:50 2026] GET /resource_providers/40d9f93f-6dd0-483c-8de3-452ab81813f6/aggregates => generated 235 bytes in 13 msecs (HTTP/1.1 404) 5 headers in 202 bytes (1 switches on core 0)
2026-05-15 15:32:50.891 7 INFO placement.requestlog [None req-f0344939-2e14-416c-a257-5fa7775c4ff6 9fc12f97ca574905a540bb0e51664a67 a69859243e3b47b68bc66a1cfef07868 - - b3f9f41a4aa44a94b3b8e13b78a7a977 b3f9f41a4aa44a94b3b8e13b78a7a977] 10.0.0.173 "GET /resource_providers/40d9f93f-6dd0-483c-8de3-452ab81813f6/aggregates" status: 404 len: 235 microversion: 1.1 [pid: 7|app: 0|req: 529/1059] 10.0.0.173 () {32 vars in 816 bytes} [Fri May 15 15:32:50 2026] GET /resource_providers/40d9f93f-6dd0-483c-8de3-452ab81813f6/aggregates => generated 235 bytes in 8 msecs (HTTP/1.1 404) 5 headers in 202 bytes (1 switches on core 0)
2026-05-15 15:32:50.921 8 INFO placement.requestlog [None req-c440ae13-628a-4847-a33e-48eafec1b185 9fc12f97ca574905a540bb0e51664a67 a69859243e3b47b68bc66a1cfef07868 - - b3f9f41a4aa44a94b3b8e13b78a7a977 b3f9f41a4aa44a94b3b8e13b78a7a977] 10.0.0.173 "DELETE /resource_providers/40d9f93f-6dd0-483c-8de3-452ab81813f6" status: 404 len: 246 microversion: 1.1 [pid: 8|app: 0|req: 531/1060] 10.0.0.173 () {34 vars in 816 bytes} [Fri May 15 15:32:50 2026] DELETE /resource_providers/40d9f93f-6dd0-483c-8de3-452ab81813f6 => generated 246 bytes in 17 msecs (HTTP/1.1 404) 6 headers in 231 bytes (1 switches on core 0)
2026-05-15 15:32:50.922 7 INFO placement.requestlog [None req-4c658d24-b35b-4973-bdd9-e7657184ded6 9fc12f97ca574905a540bb0e51664a67 a69859243e3b47b68bc66a1cfef07868 - - b3f9f41a4aa44a94b3b8e13b78a7a977 b3f9f41a4aa44a94b3b8e13b78a7a977] 10.0.0.173 "DELETE /resource_providers/40d9f93f-6dd0-483c-8de3-452ab81813f6" status: 404 len: 246 microversion: 1.1 [pid: 7|app: 0|req: 530/1061] 10.0.0.173 () {34 vars in 816 bytes} [Fri May 15 15:32:50 2026] DELETE /resource_providers/40d9f93f-6dd0-483c-8de3-452ab81813f6 => generated 246 bytes in 17 msecs (HTTP/1.1 404) 6 headers in 231 bytes (1 switches on core 0)
2026-05-15 15:32:54.613 7 INFO placement.requestlog [None req-366aec44-79b5-49b6-97da-890aa9d3bace 9fc12f97ca574905a540bb0e51664a67 a69859243e3b47b68bc66a1cfef07868 - - b3f9f41a4aa44a94b3b8e13b78a7a977 b3f9f41a4aa44a94b3b8e13b78a7a977] 10.0.0.173 "GET /resource_providers/45b9dc3c-f8f2-49e1-9f53-4d218bef00c4/aggregates" status: 404 len: 235 microversion: 1.1 [pid: 7|app: 0|req: 531/1062] 10.0.0.173 () {32 vars in 816 bytes} [Fri May 15 15:32:54 2026] GET /resource_providers/45b9dc3c-f8f2-49e1-9f53-4d218bef00c4/aggregates => generated 235 bytes in 14 msecs (HTTP/1.1 404) 5 headers in 202 bytes (1 switches on core 0)
2026-05-15 15:32:54.621 8 INFO placement.requestlog [None req-01bf2d89-d2eb-4f5e-a815-473da37ab495 9fc12f97ca574905a540bb0e51664a67 a69859243e3b47b68bc66a1cfef07868 - - b3f9f41a4aa44a94b3b8e13b78a7a977 b3f9f41a4aa44a94b3b8e13b78a7a977] 10.0.0.173 "GET /resource_providers/45b9dc3c-f8f2-49e1-9f53-4d218bef00c4/aggregates" status: 404 len: 235 microversion: 1.1 [pid: 8|app: 0|req: 532/1063] 10.0.0.173 () {32 vars in 816 bytes} [Fri May 15 15:32:54 2026] GET /resource_providers/45b9dc3c-f8f2-49e1-9f53-4d218bef00c4/aggregates => generated 235 bytes in 22 msecs (HTTP/1.1 404) 5 headers in 202 bytes (1 switches on core 0)
2026-05-15 15:32:54.637 7 INFO placement.requestlog [None req-bf938d6b-0f87-4438-9a0e-ec9473d234c8 9fc12f97ca574905a540bb0e51664a67 a69859243e3b47b68bc66a1cfef07868 - - b3f9f41a4aa44a94b3b8e13b78a7a977 b3f9f41a4aa44a94b3b8e13b78a7a977] 10.0.0.173 "DELETE /resource_providers/45b9dc3c-f8f2-49e1-9f53-4d218bef00c4" status: 404 len: 246 microversion: 1.1 [pid: 7|app: 0|req: 532/1064] 10.0.0.173 () {34 vars in 816 bytes} [Fri May 15 15:32:54 2026] DELETE /resource_providers/45b9dc3c-f8f2-49e1-9f53-4d218bef00c4 => generated 246 bytes in 9 msecs (HTTP/1.1 404) 6 headers in 231 bytes (1 switches on core 0)
2026-05-15 15:32:54.644 8 INFO placement.requestlog [None req-731632e1-73c9-4cd1-b704-d8bd319adf8b 9fc12f97ca574905a540bb0e51664a67 a69859243e3b47b68bc66a1cfef07868 - - b3f9f41a4aa44a94b3b8e13b78a7a977 b3f9f41a4aa44a94b3b8e13b78a7a977] 10.0.0.173 "DELETE /resource_providers/45b9dc3c-f8f2-49e1-9f53-4d218bef00c4" status: 404 len: 246 microversion: 1.1 [pid: 8|app: 0|req: 533/1065] 10.0.0.173 () {34 vars in 816 bytes} [Fri May 15 15:32:54 2026] DELETE /resource_providers/45b9dc3c-f8f2-49e1-9f53-4d218bef00c4 => generated 246 bytes in 9 msecs (HTTP/1.1 404) 6 headers in 231 bytes (1 switches on core 0)
2026-05-15 15:33:00.083 7 INFO placement.requestlog [None req-8ccc0958-680b-4be0-974a-e9dbdca9dc14 - - - - - -] 10.0.0.31 "GET /" status: 200 len: 136 microversion: 1.0
2026-05-15 15:33:00.084 8 INFO placement.requestlog [None req-47681c0a-20d2-44e3-982e-9df03ab40dae - - - - - -] 10.0.0.31 "GET /" status: 200 len: 136 microversion: 1.0
2026-05-15 15:33:10.083 8 INFO placement.requestlog [None req-24e11c46-4e69-4d68-8af1-7b86e94cd5c8 - - - - - -] 10.0.0.31 "GET /" status: 200 len: 136 microversion: 1.0
2026-05-15 15:33:10.082 7 INFO placement.requestlog [None req-a4fbc85e-feb7-4ae5-b6d9-472101376c44 - - - - - -] 10.0.0.31 "GET /" status: 200 len: 136 microversion: 1.0
2026-05-15 15:33:12.871 8 INFO placement.requestlog [req-564dffe2-ec29-4642-9fea-a2cc67d0026f req-3e71308b-bb65-48a7-a4b5-21f6bf1b3ee7 69ff12730c1046a5beb6eaa8820d8db1 a69859243e3b47b68bc66a1cfef07868 - - b3f9f41a4aa44a94b3b8e13b78a7a977 b3f9f41a4aa44a94b3b8e13b78a7a977] 199.19.213.185 "GET /resource_providers/47adcae7-26ea-40f5-a834-79f8c2387cb7/allocations" status: 200 len: 340 microversion: 1.0 [pid: 8|app: 0|req: 536/1070] 199.19.213.185 () {32 vars in 857 bytes} [Fri May 15 15:33:12 2026] GET /resource_providers/47adcae7-26ea-40f5-a834-79f8c2387cb7/allocations => generated 340 bytes in 23 msecs (HTTP/1.1 200) 6 headers in 224 bytes (1 switches on core 0)
2026-05-15 15:33:12.900 7 INFO placement.requestlog [req-564dffe2-ec29-4642-9fea-a2cc67d0026f req-c4adf509-4c5b-4605-a58c-bcf17bd8e85d 69ff12730c1046a5beb6eaa8820d8db1 a69859243e3b47b68bc66a1cfef07868 - - b3f9f41a4aa44a94b3b8e13b78a7a977 b3f9f41a4aa44a94b3b8e13b78a7a977] 199.19.213.185 "GET /resource_providers/47adcae7-26ea-40f5-a834-79f8c2387cb7/allocations" status: 200 len: 340 microversion: 1.0 [pid: 7|app: 0|req: 535/1071] 199.19.213.185 () {32 vars in 857 bytes} [Fri May 15 15:33:12 2026] GET /resource_providers/47adcae7-26ea-40f5-a834-79f8c2387cb7/allocations => generated 340 bytes in 16 msecs (HTTP/1.1 200) 6 headers in 224 bytes (1 switches on core 0)
2026-05-15 15:33:12.923 8 INFO placement.requestlog [req-564dffe2-ec29-4642-9fea-a2cc67d0026f req-606b8bfb-c100-4ef1-bd50-782339b9f3ec 69ff12730c1046a5beb6eaa8820d8db1 a69859243e3b47b68bc66a1cfef07868 - - b3f9f41a4aa44a94b3b8e13b78a7a977 b3f9f41a4aa44a94b3b8e13b78a7a977] 199.19.213.185 "GET /allocations/b2e30504-a086-43b2-bed3-44253b7c93b2" status: 200 len: 245 microversion: 1.28 [pid: 8|app: 0|req: 537/1072] 199.19.213.185 () {34 vars in 863 bytes} [Fri May 15 15:33:12 2026] GET /allocations/b2e30504-a086-43b2-bed3-44253b7c93b2 => generated 245 bytes in 16 msecs (HTTP/1.1 200) 8 headers in 296 bytes (1 switches on core 0)
2026-05-15 15:33:12.948 7 INFO placement.requestlog [req-564dffe2-ec29-4642-9fea-a2cc67d0026f req-ec336bd6-f30c-4881-aac1-630477c63055 69ff12730c1046a5beb6eaa8820d8db1 a69859243e3b47b68bc66a1cfef07868 - - b3f9f41a4aa44a94b3b8e13b78a7a977 b3f9f41a4aa44a94b3b8e13b78a7a977] 199.19.213.185 "GET /allocations/be6a5e5e-3853-4864-b81b-e0da070e4ac5" status: 200 len: 258 microversion: 1.28 [pid: 7|app: 0|req: 536/1073] 199.19.213.185 () {34 vars in 863 bytes} [Fri May 15 15:33:12 2026] GET /allocations/be6a5e5e-3853-4864-b81b-e0da070e4ac5 => generated 258 bytes in 18 msecs (HTTP/1.1 200) 8 headers in 296 bytes (1 switches on core 0)
2026-05-15 15:33:12.969 8 INFO placement.requestlog [req-564dffe2-ec29-4642-9fea-a2cc67d0026f req-f346c4f7-e0c6-4dd4-ad7e-a918705af032 69ff12730c1046a5beb6eaa8820d8db1 a69859243e3b47b68bc66a1cfef07868 - - b3f9f41a4aa44a94b3b8e13b78a7a977 b3f9f41a4aa44a94b3b8e13b78a7a977] 199.19.213.185 "GET /allocations/22c33d48-eb55-44d1-8337-85f8c63c75cc" status: 200 len: 258 microversion: 1.28 [pid: 8|app: 0|req: 538/1074] 199.19.213.185 () {34 vars in 863 bytes} [Fri May 15 15:33:12 2026] GET /allocations/22c33d48-eb55-44d1-8337-85f8c63c75cc => generated 258 bytes in 13 msecs (HTTP/1.1 200) 8 headers in 296 bytes (1 switches on core 0)
2026-05-15 15:33:14.974 7 INFO placement.requestlog [None req-f8d600f5-4a1a-4fb3-8626-5f84cfa3fe3f 9fc12f97ca574905a540bb0e51664a67 a69859243e3b47b68bc66a1cfef07868 - - b3f9f41a4aa44a94b3b8e13b78a7a977 b3f9f41a4aa44a94b3b8e13b78a7a977] 10.0.0.173 "GET /resource_providers/91754969-249c-4ff8-a03c-242ba4cd6459/aggregates" status: 404 len: 235 microversion: 1.1 [pid: 7|app: 0|req: 537/1075] 10.0.0.173 () {32 vars in 816 bytes} [Fri May 15 15:33:14 2026] GET /resource_providers/91754969-249c-4ff8-a03c-242ba4cd6459/aggregates => generated 235 bytes in 10 msecs (HTTP/1.1 404) 5 headers in 202 bytes (1 switches on core 0)
2026-05-15 15:33:14.978 8 INFO placement.requestlog [None req-8293abb9-5bb4-48c4-a933-9cafb7fbede9 9fc12f97ca574905a540bb0e51664a67 a69859243e3b47b68bc66a1cfef07868 - - b3f9f41a4aa44a94b3b8e13b78a7a977 b3f9f41a4aa44a94b3b8e13b78a7a977] 10.0.0.173 "GET /resource_providers/91754969-249c-4ff8-a03c-242ba4cd6459/aggregates" status: 404 len: 235 microversion: 1.1 [pid: 8|app: 0|req: 539/1076] 10.0.0.173 () {32 vars in 816 bytes} [Fri May 15 15:33:14 2026] GET /resource_providers/91754969-249c-4ff8-a03c-242ba4cd6459/aggregates => generated 235 bytes in 12 msecs (HTTP/1.1 404) 5 headers in 202 bytes (1 switches on core 0)
2026-05-15 15:33:15.012 8 INFO placement.requestlog [None req-5a14b76a-2cc8-4031-9795-e5244e8f716a 9fc12f97ca574905a540bb0e51664a67 a69859243e3b47b68bc66a1cfef07868 - - b3f9f41a4aa44a94b3b8e13b78a7a977 b3f9f41a4aa44a94b3b8e13b78a7a977] 10.0.0.173 "DELETE /resource_providers/91754969-249c-4ff8-a03c-242ba4cd6459" status: 404 len: 246 microversion: 1.1 [pid: 8|app: 0|req: 540/1077] 10.0.0.173 () {34 vars in 816 bytes} [Fri May 15 15:33:14 2026] DELETE /resource_providers/91754969-249c-4ff8-a03c-242ba4cd6459 => generated 246 bytes in 14 msecs (HTTP/1.1 404) 6 headers in 231 bytes (1 switches on core 0)
2026-05-15 15:33:15.015 7 INFO placement.requestlog [None req-75b4d5ff-212b-417c-9638-6655c3a2bdb0 9fc12f97ca574905a540bb0e51664a67 a69859243e3b47b68bc66a1cfef07868 - - b3f9f41a4aa44a94b3b8e13b78a7a977 b3f9f41a4aa44a94b3b8e13b78a7a977] 10.0.0.173 "DELETE /resource_providers/91754969-249c-4ff8-a03c-242ba4cd6459" status: 404 len: 246 microversion: 1.1 [pid: 7|app: 0|req: 538/1078] 10.0.0.173 () {34 vars in 816 bytes} [Fri May 15 15:33:14 2026] DELETE /resource_providers/91754969-249c-4ff8-a03c-242ba4cd6459 => generated 246 bytes in 17 msecs (HTTP/1.1 404) 6 headers in 231 bytes (1 switches on core 0)
2026-05-15 15:33:15.399 7 INFO placement.requestlog [None req-7fb8bfff-0c02-4f4b-a4e2-c901fc7294d9 9fc12f97ca574905a540bb0e51664a67 a69859243e3b47b68bc66a1cfef07868 - - b3f9f41a4aa44a94b3b8e13b78a7a977 b3f9f41a4aa44a94b3b8e13b78a7a977] 10.0.0.173 "GET /resource_providers/03345acf-ac0c-48c0-bfa7-97dfedc9c58c/aggregates" status: 404 len: 235 microversion: 1.1 [pid: 7|app: 0|req: 539/1079] 10.0.0.173 () {32 vars in 816 bytes} [Fri May 15 15:33:15 2026] GET /resource_providers/03345acf-ac0c-48c0-bfa7-97dfedc9c58c/aggregates => generated 235 bytes in 10 msecs (HTTP/1.1 404) 5 headers in 202 bytes (1 switches on core 0)
2026-05-15 15:33:15.401 8 INFO placement.requestlog [None req-254d4b89-611a-4333-9bc5-04ab05a618ae 9fc12f97ca574905a540bb0e51664a67 a69859243e3b47b68bc66a1cfef07868 - - b3f9f41a4aa44a94b3b8e13b78a7a977 b3f9f41a4aa44a94b3b8e13b78a7a977] 10.0.0.173 "GET /resource_providers/03345acf-ac0c-48c0-bfa7-97dfedc9c58c/aggregates" status: 404 len: 235 microversion: 1.1 [pid: 8|app: 0|req: 541/1080] 10.0.0.173 () {32 vars in 816 bytes} [Fri May 15 15:33:15 2026] GET /resource_providers/03345acf-ac0c-48c0-bfa7-97dfedc9c58c/aggregates => generated 235 bytes in 12 msecs (HTTP/1.1 404) 5 headers in 202 bytes (1 switches on core 0)
2026-05-15 15:33:15.419 7 INFO placement.requestlog [None req-a02cc8c1-aef9-4107-982f-523667835d1a 9fc12f97ca574905a540bb0e51664a67 a69859243e3b47b68bc66a1cfef07868 - - b3f9f41a4aa44a94b3b8e13b78a7a977 b3f9f41a4aa44a94b3b8e13b78a7a977] 10.0.0.173 "DELETE /resource_providers/03345acf-ac0c-48c0-bfa7-97dfedc9c58c" status: 404 len: 246 microversion: 1.1 [pid: 7|app: 0|req: 540/1081] 10.0.0.173 () {34 vars in 816 bytes} [Fri May 15 15:33:15 2026] DELETE /resource_providers/03345acf-ac0c-48c0-bfa7-97dfedc9c58c => generated 246 bytes in 11 msecs (HTTP/1.1 404) 6 headers in 231 bytes (1 switches on core 0)
2026-05-15 15:33:15.424 8 INFO placement.requestlog [None req-93d0b67a-3f6b-4abd-886d-81c889247fc3 9fc12f97ca574905a540bb0e51664a67 a69859243e3b47b68bc66a1cfef07868 - - b3f9f41a4aa44a94b3b8e13b78a7a977 b3f9f41a4aa44a94b3b8e13b78a7a977] 10.0.0.173 "DELETE /resource_providers/03345acf-ac0c-48c0-bfa7-97dfedc9c58c" status: 404 len: 246 microversion: 1.1 [pid: 8|app: 0|req: 542/1082] 10.0.0.173 () {34 vars in 816 bytes} [Fri May 15 15:33:15 2026] DELETE /resource_providers/03345acf-ac0c-48c0-bfa7-97dfedc9c58c => generated 246 bytes in 14 msecs (HTTP/1.1 404) 6 headers in 231 bytes (1 switches on core 0)
2026-05-15 15:33:20.082 7 INFO placement.requestlog [None req-03ba5e08-db0a-4e96-8453-15ca2f047ce5 - - - - - -] 10.0.0.31 "GET /" status: 200 len: 136 microversion: 1.0
2026-05-15 15:33:20.082 8 INFO placement.requestlog [None req-3531220a-1a0c-4a9a-ae23-b5a4f4c5a1a2 - - - - - -] 10.0.0.31 "GET /" status: 200 len: 136 microversion: 1.0
2026-05-15 15:33:21.179 7 INFO placement.requestlog [None req-b4131270-1469-4d88-bf07-4dea1d7b42d4 9fc12f97ca574905a540bb0e51664a67 a69859243e3b47b68bc66a1cfef07868 - - b3f9f41a4aa44a94b3b8e13b78a7a977 b3f9f41a4aa44a94b3b8e13b78a7a977] 10.0.0.173 "GET /resource_providers/1b9285e4-c481-45b1-8934-9c064bd8c106/aggregates" status: 404 len: 235 microversion: 1.1 [pid: 7|app: 0|req: 542/1085] 10.0.0.173 () {32 vars in 816 bytes} [Fri May 15 15:33:21 2026] GET /resource_providers/1b9285e4-c481-45b1-8934-9c064bd8c106/aggregates => generated 235 bytes in 166 msecs (HTTP/1.1 404) 5 headers in 202 bytes (1 switches on core 0)
2026-05-15 15:33:21.193 8 INFO placement.requestlog [None req-a0da9aad-9cb2-4010-8dd1-b4f0dd7fd63b 9fc12f97ca574905a540bb0e51664a67 a69859243e3b47b68bc66a1cfef07868 - - b3f9f41a4aa44a94b3b8e13b78a7a977 b3f9f41a4aa44a94b3b8e13b78a7a977] 10.0.0.173 "GET /resource_providers/1b9285e4-c481-45b1-8934-9c064bd8c106/aggregates" status: 404 len: 235 microversion: 1.1 [pid: 8|app: 0|req: 544/1086] 10.0.0.173 () {32 vars in 816 bytes} [Fri May 15 15:33:21 2026] GET /resource_providers/1b9285e4-c481-45b1-8934-9c064bd8c106/aggregates => generated 235 bytes in 180 msecs (HTTP/1.1 404) 5 headers in 202 bytes (1 switches on core 0)
2026-05-15 15:33:21.198 7 INFO placement.requestlog [None req-bf5d37ab-e8e0-4606-b788-cd170713f1e7 9fc12f97ca574905a540bb0e51664a67 a69859243e3b47b68bc66a1cfef07868 - - b3f9f41a4aa44a94b3b8e13b78a7a977 b3f9f41a4aa44a94b3b8e13b78a7a977] 10.0.0.173 "DELETE /resource_providers/1b9285e4-c481-45b1-8934-9c064bd8c106" status: 404 len: 246 microversion: 1.1 [pid: 7|app: 0|req: 543/1087] 10.0.0.173 () {34 vars in 816 bytes} [Fri May 15 15:33:21 2026] DELETE /resource_providers/1b9285e4-c481-45b1-8934-9c064bd8c106 => generated 246 bytes in 12 msecs (HTTP/1.1 404) 6 headers in 231 bytes (1 switches on core 0)
2026-05-15 15:33:21.207 8 INFO placement.requestlog [None req-925119c1-9308-4c10-841d-c175a3797aa9 9fc12f97ca574905a540bb0e51664a67 a69859243e3b47b68bc66a1cfef07868 - - b3f9f41a4aa44a94b3b8e13b78a7a977 b3f9f41a4aa44a94b3b8e13b78a7a977] 10.0.0.173 "DELETE /resource_providers/1b9285e4-c481-45b1-8934-9c064bd8c106" status: 404 len: 246 microversion: 1.1 [pid: 8|app: 0|req: 545/1088] 10.0.0.173 () {34 vars in 816 bytes} [Fri May 15 15:33:21 2026] DELETE /resource_providers/1b9285e4-c481-45b1-8934-9c064bd8c106 => generated 246 bytes in 6 msecs (HTTP/1.1 404) 6 headers in 231 bytes (1 switches on core 0)
2026-05-15 15:33:25.817 7 INFO placement.requestlog [None req-3c49a74c-a62e-462f-94c3-9ce095fa80d1 9fc12f97ca574905a540bb0e51664a67 a69859243e3b47b68bc66a1cfef07868 - - b3f9f41a4aa44a94b3b8e13b78a7a977 b3f9f41a4aa44a94b3b8e13b78a7a977] 10.0.0.173 "GET /resource_providers/8ac37448-b8ee-4034-8f06-40ed295e5901/aggregates" status: 404 len: 235 microversion: 1.1 [pid: 7|app: 0|req: 544/1089] 10.0.0.173 () {32 vars in 816 bytes} [Fri May 15 15:33:25 2026] GET /resource_providers/8ac37448-b8ee-4034-8f06-40ed295e5901/aggregates => generated 235 bytes in 65 msecs (HTTP/1.1 404) 5 headers in 202 bytes (1 switches on core 0)
2026-05-15 15:33:25.818 8 INFO placement.requestlog [None req-2abaea39-255d-4c25-8fc8-643113e246d8 9fc12f97ca574905a540bb0e51664a67 a69859243e3b47b68bc66a1cfef07868 - - b3f9f41a4aa44a94b3b8e13b78a7a977 b3f9f41a4aa44a94b3b8e13b78a7a977] 10.0.0.173 "GET /resource_providers/8ac37448-b8ee-4034-8f06-40ed295e5901/aggregates" status: 404 len: 235 microversion: 1.1 [pid: 8|app: 0|req: 546/1090] 10.0.0.173 () {32 vars in 816 bytes} [Fri May 15 15:33:25 2026] GET /resource_providers/8ac37448-b8ee-4034-8f06-40ed295e5901/aggregates => generated 235 bytes in 61 msecs (HTTP/1.1 404) 5 headers in 202 bytes (1 switches on core 0)
2026-05-15 15:33:25.848 7 INFO placement.requestlog [None req-27332d89-3c3c-490f-8945-777a3c00df87 9fc12f97ca574905a540bb0e51664a67 a69859243e3b47b68bc66a1cfef07868 - - b3f9f41a4aa44a94b3b8e13b78a7a977 b3f9f41a4aa44a94b3b8e13b78a7a977] 10.0.0.173 "DELETE /resource_providers/8ac37448-b8ee-4034-8f06-40ed295e5901" status: 404 len: 246 microversion: 1.1 [pid: 7|app: 0|req: 545/1091] 10.0.0.173 () {34 vars in 816 bytes} [Fri May 15 15:33:25 2026] DELETE /resource_providers/8ac37448-b8ee-4034-8f06-40ed295e5901 => generated 246 bytes in 19 msecs (HTTP/1.1 404) 6 headers in 231 bytes (1 switches on core 0)
2026-05-15 15:33:25.850 8 INFO placement.requestlog [None req-cf3cbf3b-4aaf-4b85-8310-037199d4c94b 9fc12f97ca574905a540bb0e51664a67 a69859243e3b47b68bc66a1cfef07868 - - b3f9f41a4aa44a94b3b8e13b78a7a977 b3f9f41a4aa44a94b3b8e13b78a7a977] 10.0.0.173 "DELETE /resource_providers/8ac37448-b8ee-4034-8f06-40ed295e5901" status: 404 len: 246 microversion: 1.1 [pid: 8|app: 0|req: 547/1092] 10.0.0.173 () {34 vars in 816 bytes} [Fri May 15 15:33:25 2026] DELETE /resource_providers/8ac37448-b8ee-4034-8f06-40ed295e5901 => generated 246 bytes in 14 msecs (HTTP/1.1 404) 6 headers in 231 bytes (1 switches on core 0)
2026-05-15 15:33:30.082 7 INFO placement.requestlog [None req-6dcf84ec-c3e9-4362-9b44-0f3f03354731 - - - - - -] 10.0.0.31 "GET /" status: 200 len: 136 microversion: 1.0
2026-05-15 15:33:30.082 8 INFO placement.requestlog [None req-f26058b0-1695-4b87-9518-76cadd2c6d3d - - - - - -] 10.0.0.31 "GET /" status: 200 len: 136 microversion: 1.0
2026-05-15 15:33:40.082 7 INFO placement.requestlog [None req-457b2046-abb3-4e2c-a286-7d1a877c6cdf - - - - - -] 10.0.0.31 "GET /" status: 200 len: 136 microversion: 1.0
2026-05-15 15:33:40.082 8 INFO placement.requestlog [None req-eca26e15-aca2-4249-a6e7-f4d9361dd247 - - - - - -] 10.0.0.31 "GET /" status: 200 len: 136 microversion: 1.0
2026-05-15 15:33:50.082 7 INFO placement.requestlog [None req-baff074b-e126-410e-b0ed-cced2b83a10d - - - - - -] 10.0.0.31 "GET /" status: 200 len: 136 microversion: 1.0
2026-05-15 15:33:50.083 8 INFO placement.requestlog [None req-3b1beb06-e850-4fb3-b1df-20a492aa70bd - - - - - -] 10.0.0.31 "GET /" status: 200 len: 136 microversion: 1.0
2026-05-15 15:33:53.832 7 INFO placement.requestlog [req-239bf285-fb99-448e-a9be-6e5504c58114 req-c4b78f20-853a-4054-bb31-d7a952f1ff98 69ff12730c1046a5beb6eaa8820d8db1 a69859243e3b47b68bc66a1cfef07868 - - b3f9f41a4aa44a94b3b8e13b78a7a977 b3f9f41a4aa44a94b3b8e13b78a7a977] 10.0.0.133 "GET /allocation_candidates?limit=1000&resources=DISK_GB%3A1%2CMEMORY_MB%3A512%2CVCPU%3A1&root_required=%21COMPUTE_STATUS_DISABLED" status: 200 len: 2784 microversion: 1.36 [pid: 7|app: 0|req: 549/1099] 10.0.0.133 () {34 vars in 1012 bytes} [Fri May 15 15:33:53 2026] GET /allocation_candidates?limit=1000&resources=DISK_GB%3A1%2CMEMORY_MB%3A512%2CVCPU%3A1&root_required=%21COMPUTE_STATUS_DISABLED => generated 2784 bytes in 140 msecs (HTTP/1.1 200) 8 headers in 297 bytes (1 switches on core 0)
2026-05-15 15:33:53.869 8 INFO placement.requestlog [req-239bf285-fb99-448e-a9be-6e5504c58114 req-0163e051-cace-487d-8770-3b2554cc12fe 69ff12730c1046a5beb6eaa8820d8db1 a69859243e3b47b68bc66a1cfef07868 - - b3f9f41a4aa44a94b3b8e13b78a7a977 b3f9f41a4aa44a94b3b8e13b78a7a977] 10.0.0.133 "GET /allocations/10ce1d9e-0000-44e1-9092-3d3959446f5b" status: 200 len: 19 microversion: 1.28 [pid: 8|app: 0|req: 551/1100] 10.0.0.133 () {34 vars in 861 bytes} [Fri May 15 15:33:53 2026] GET /allocations/10ce1d9e-0000-44e1-9092-3d3959446f5b => generated 19 bytes in 14 msecs (HTTP/1.1 200) 8 headers in 295 bytes (1 switches on core 0)
2026-05-15 15:33:53.934 7 INFO placement.requestlog [req-239bf285-fb99-448e-a9be-6e5504c58114 req-d69a1be2-8b6a-4c98-bd6f-bdbf76ad033a 69ff12730c1046a5beb6eaa8820d8db1 a69859243e3b47b68bc66a1cfef07868 - - b3f9f41a4aa44a94b3b8e13b78a7a977 b3f9f41a4aa44a94b3b8e13b78a7a977] 10.0.0.133 "PUT /allocations/10ce1d9e-0000-44e1-9092-3d3959446f5b" status: 204 len: 0 microversion: 1.36 [pid: 7|app: 0|req: 550/1101] 10.0.0.133 () {38 vars in 914 bytes} [Fri May 15 15:33:53 2026] PUT /allocations/10ce1d9e-0000-44e1-9092-3d3959446f5b => generated 0 bytes in 58 msecs (HTTP/1.1 204) 5 headers in 199 bytes (1 switches on core 0)
2026-05-15 15:33:55.344 8 INFO placement.requestlog [req-239bf285-fb99-448e-a9be-6e5504c58114 req-6290efff-9aba-4a62-b55c-abf412377a4c 69ff12730c1046a5beb6eaa8820d8db1 a69859243e3b47b68bc66a1cfef07868 - - b3f9f41a4aa44a94b3b8e13b78a7a977 b3f9f41a4aa44a94b3b8e13b78a7a977] 199.19.213.185 "GET /allocations/10ce1d9e-0000-44e1-9092-3d3959446f5b" status: 200 len: 258 microversion: 1.28 [pid: 8|app: 0|req: 552/1102] 199.19.213.185 () {34 vars in 863 bytes} [Fri May 15 15:33:55 2026] GET /allocations/10ce1d9e-0000-44e1-9092-3d3959446f5b => generated 258 bytes in 12 msecs (HTTP/1.1 200) 8 headers in 296 bytes (1 switches on core 0)
2026-05-15 15:33:56.395 7 INFO placement.requestlog [req-239bf285-fb99-448e-a9be-6e5504c58114 req-979cc634-abd2-4ade-852d-dd7766905ea3 69ff12730c1046a5beb6eaa8820d8db1 a69859243e3b47b68bc66a1cfef07868 - - b3f9f41a4aa44a94b3b8e13b78a7a977 b3f9f41a4aa44a94b3b8e13b78a7a977] 199.19.213.185 "GET /resource_providers/47adcae7-26ea-40f5-a834-79f8c2387cb7/allocations" status: 200 len: 440 microversion: 1.0 [pid: 7|app: 0|req: 551/1103] 199.19.213.185 () {32 vars in 857 bytes} [Fri May 15 15:33:56 2026] GET /resource_providers/47adcae7-26ea-40f5-a834-79f8c2387cb7/allocations => generated 440 bytes in 32 msecs (HTTP/1.1 200) 6 headers in 224 bytes (1 switches on core 0)
2026-05-15 15:33:56.419 8 INFO placement.requestlog [req-239bf285-fb99-448e-a9be-6e5504c58114 req-9e69cd8b-28ff-486e-8865-7c559ccc0f3d 69ff12730c1046a5beb6eaa8820d8db1 a69859243e3b47b68bc66a1cfef07868 - - b3f9f41a4aa44a94b3b8e13b78a7a977 b3f9f41a4aa44a94b3b8e13b78a7a977] 199.19.213.185 "GET /allocations/b2e30504-a086-43b2-bed3-44253b7c93b2" status: 200 len: 245 microversion: 1.28 [pid: 8|app: 0|req: 553/1104] 199.19.213.185 () {34 vars in 863 bytes} [Fri May 15 15:33:56 2026] GET /allocations/b2e30504-a086-43b2-bed3-44253b7c93b2 => generated 245 bytes in 17 msecs (HTTP/1.1 200) 8 headers in 296 bytes (1 switches on core 0)
2026-05-15 15:33:56.434 7 INFO placement.requestlog [req-239bf285-fb99-448e-a9be-6e5504c58114 req-6d5ca97a-633f-4247-bb2b-e67f7e0ffa09 69ff12730c1046a5beb6eaa8820d8db1 a69859243e3b47b68bc66a1cfef07868 - - b3f9f41a4aa44a94b3b8e13b78a7a977 b3f9f41a4aa44a94b3b8e13b78a7a977] 199.19.213.185 "GET /allocations/be6a5e5e-3853-4864-b81b-e0da070e4ac5" status: 200 len: 258 microversion: 1.28 [pid: 7|app: 0|req: 552/1105] 199.19.213.185 () {34 vars in 863 bytes} [Fri May 15 15:33:56 2026] GET /allocations/be6a5e5e-3853-4864-b81b-e0da070e4ac5 => generated 258 bytes in 10 msecs (HTTP/1.1 200) 8 headers in 296 bytes (1 switches on core 0)
2026-05-15 15:33:56.452 8 INFO placement.requestlog [req-239bf285-fb99-448e-a9be-6e5504c58114 req-b8c981c4-dfeb-4ef6-a0b1-dae56fa615a3 69ff12730c1046a5beb6eaa8820d8db1 a69859243e3b47b68bc66a1cfef07868 - - b3f9f41a4aa44a94b3b8e13b78a7a977 b3f9f41a4aa44a94b3b8e13b78a7a977] 199.19.213.185 "GET /allocations/10ce1d9e-0000-44e1-9092-3d3959446f5b" status: 200 len: 258 microversion: 1.28 [pid: 8|app: 0|req: 554/1106] 199.19.213.185 () {34 vars in 863 bytes} [Fri May 15 15:33:56 2026] GET /allocations/10ce1d9e-0000-44e1-9092-3d3959446f5b => generated 258 bytes in 14 msecs (HTTP/1.1 200) 8 headers in 296 bytes (1 switches on core 0)
2026-05-15 15:33:56.470 7 INFO placement.requestlog [req-239bf285-fb99-448e-a9be-6e5504c58114 req-30f11948-9927-435e-bbdd-c80186f81f68 69ff12730c1046a5beb6eaa8820d8db1 a69859243e3b47b68bc66a1cfef07868 - - b3f9f41a4aa44a94b3b8e13b78a7a977 b3f9f41a4aa44a94b3b8e13b78a7a977] 199.19.213.185 "GET /allocations/22c33d48-eb55-44d1-8337-85f8c63c75cc" status: 200 len: 258 microversion: 1.28 [pid: 7|app: 0|req: 553/1107] 199.19.213.185 () {34 vars in 863 bytes} [Fri May 15 15:33:56 2026] GET /allocations/22c33d48-eb55-44d1-8337-85f8c63c75cc => generated 258 bytes in 12 msecs (HTTP/1.1 200) 8 headers in 296 bytes (1 switches on core 0)
2026-05-15 15:34:00.082 8 INFO placement.requestlog [None req-7ca4d4d8-b117-4401-aacb-15736a6d7df0 - - - - - -] 10.0.0.31 "GET /" status: 200 len: 136 microversion: 1.0
2026-05-15 15:34:00.083 7 INFO placement.requestlog [None req-90cc2107-c1dd-4202-a033-08da3fb79a98 - - - - - -] 10.0.0.31 "GET /" status: 200 len: 136 microversion: 1.0
2026-05-15 15:34:10.082 8 INFO placement.requestlog [None req-41a593be-18a8-41a0-96d7-14b2851f99d3 - - - - - -] 10.0.0.31 "GET /" status: 200 len: 136 microversion: 1.0
2026-05-15 15:34:10.083 7 INFO placement.requestlog [None req-b5a172b7-d3b8-4af9-bb19-ad28ea16e977 - - - - - -] 10.0.0.31 "GET /" status: 200 len: 136 microversion: 1.0
2026-05-15 15:34:14.952 8 INFO placement.requestlog [req-14452f16-e236-4776-b27e-33b715a6870a req-cf93bc16-3150-46cd-a185-855f6be3d893 69ff12730c1046a5beb6eaa8820d8db1 a69859243e3b47b68bc66a1cfef07868 - - b3f9f41a4aa44a94b3b8e13b78a7a977 b3f9f41a4aa44a94b3b8e13b78a7a977] 199.19.213.185 "GET /resource_providers/47adcae7-26ea-40f5-a834-79f8c2387cb7/allocations" status: 200 len: 440 microversion: 1.0 [pid: 8|app: 0|req: 557/1112] 199.19.213.185 () {32 vars in 857 bytes} [Fri May 15 15:34:14 2026] GET /resource_providers/47adcae7-26ea-40f5-a834-79f8c2387cb7/allocations => generated 440 bytes in 21 msecs (HTTP/1.1 200) 6 headers in 224 bytes (1 switches on core 0)
2026-05-15 15:34:14.978 7 INFO placement.requestlog [req-14452f16-e236-4776-b27e-33b715a6870a req-4d38e332-8d4d-4f19-a88f-728f110e8739 69ff12730c1046a5beb6eaa8820d8db1 a69859243e3b47b68bc66a1cfef07868 - - b3f9f41a4aa44a94b3b8e13b78a7a977 b3f9f41a4aa44a94b3b8e13b78a7a977] 199.19.213.185 "GET /resource_providers/47adcae7-26ea-40f5-a834-79f8c2387cb7/allocations" status: 200 len: 440 microversion: 1.0 [pid: 7|app: 0|req: 556/1113] 199.19.213.185 () {32 vars in 857 bytes} [Fri May 15 15:34:14 2026] GET /resource_providers/47adcae7-26ea-40f5-a834-79f8c2387cb7/allocations => generated 440 bytes in 18 msecs (HTTP/1.1 200) 6 headers in 224 bytes (1 switches on core 0)
2026-05-15 15:34:14.998 8 INFO placement.requestlog [req-14452f16-e236-4776-b27e-33b715a6870a req-889a6dc4-64f1-4822-8126-bd41ba93093d 69ff12730c1046a5beb6eaa8820d8db1 a69859243e3b47b68bc66a1cfef07868 - - b3f9f41a4aa44a94b3b8e13b78a7a977 b3f9f41a4aa44a94b3b8e13b78a7a977] 199.19.213.185 "GET /allocations/b2e30504-a086-43b2-bed3-44253b7c93b2" status: 200 len: 245 microversion: 1.28 [pid: 8|app: 0|req: 558/1114] 199.19.213.185 () {34 vars in 863 bytes} [Fri May 15 15:34:14 2026] GET /allocations/b2e30504-a086-43b2-bed3-44253b7c93b2 => generated 245 bytes in 14 msecs (HTTP/1.1 200) 8 headers in 296 bytes (1 switches on core 0)
2026-05-15 15:34:15.018 7 INFO placement.requestlog [req-14452f16-e236-4776-b27e-33b715a6870a req-f65c76c0-8d53-42f9-baf9-b783cb74097d 69ff12730c1046a5beb6eaa8820d8db1 a69859243e3b47b68bc66a1cfef07868 - - b3f9f41a4aa44a94b3b8e13b78a7a977 b3f9f41a4aa44a94b3b8e13b78a7a977] 199.19.213.185 "GET /allocations/be6a5e5e-3853-4864-b81b-e0da070e4ac5" status: 200 len: 258 microversion: 1.28 [pid: 7|app: 0|req: 557/1115] 199.19.213.185 () {34 vars in 863 bytes} [Fri May 15 15:34:15 2026] GET /allocations/be6a5e5e-3853-4864-b81b-e0da070e4ac5 => generated 258 bytes in 9 msecs (HTTP/1.1 200) 8 headers in 296 bytes (1 switches on core 0)
2026-05-15 15:34:15.044 8 INFO placement.requestlog [req-14452f16-e236-4776-b27e-33b715a6870a req-7b261f79-8de7-44e6-ad3b-5cdb6b5f9469 69ff12730c1046a5beb6eaa8820d8db1 a69859243e3b47b68bc66a1cfef07868 - - b3f9f41a4aa44a94b3b8e13b78a7a977 b3f9f41a4aa44a94b3b8e13b78a7a977] 199.19.213.185 "GET /allocations/10ce1d9e-0000-44e1-9092-3d3959446f5b" status: 200 len: 258 microversion: 1.28 [pid: 8|app: 0|req: 559/1116] 199.19.213.185 () {34 vars in 863 bytes} [Fri May 15 15:34:15 2026] GET /allocations/10ce1d9e-0000-44e1-9092-3d3959446f5b => generated 258 bytes in 20 msecs (HTTP/1.1 200) 8 headers in 296 bytes (1 switches on core 0)
2026-05-15 15:34:15.067 7 INFO placement.requestlog [req-14452f16-e236-4776-b27e-33b715a6870a req-4442f252-8461-489e-8271-788e7d3538ec 69ff12730c1046a5beb6eaa8820d8db1 a69859243e3b47b68bc66a1cfef07868 - - b3f9f41a4aa44a94b3b8e13b78a7a977 b3f9f41a4aa44a94b3b8e13b78a7a977] 199.19.213.185 "GET /allocations/22c33d48-eb55-44d1-8337-85f8c63c75cc" status: 200 len: 258 microversion: 1.28 [pid: 7|app: 0|req: 558/1117] 199.19.213.185 () {34 vars in 863 bytes} [Fri May 15 15:34:15 2026] GET /allocations/22c33d48-eb55-44d1-8337-85f8c63c75cc => generated 258 bytes in 15 msecs (HTTP/1.1 200) 8 headers in 296 bytes (1 switches on core 0)
2026-05-15 15:34:20.082 8 INFO placement.requestlog [None req-eea4a7f8-c669-4ad7-85cf-a5caace13db2 - - - - - -] 10.0.0.31 "GET /" status: 200 len: 136 microversion: 1.0
2026-05-15 15:34:20.083 7 INFO placement.requestlog [None req-e729885d-352c-4657-937b-c5900b43fa3f - - - - - -] 10.0.0.31 "GET /" status: 200 len: 136 microversion: 1.0
2026-05-15 15:34:22.688 8 INFO placement.requestlog [req-76c22d4b-1726-4af5-9500-51089ad71b2f req-c29555ba-8eed-46e0-877b-85c5fc1436d4 69ff12730c1046a5beb6eaa8820d8db1 a69859243e3b47b68bc66a1cfef07868 - - b3f9f41a4aa44a94b3b8e13b78a7a977 b3f9f41a4aa44a94b3b8e13b78a7a977] 10.0.0.133 "GET /allocation_candidates?limit=1000&resources=DISK_GB%3A1%2CMEMORY_MB%3A512%2CVCPU%3A1&root_required=%21COMPUTE_STATUS_DISABLED" status: 200 len: 2784 microversion: 1.36 [pid: 8|app: 0|req: 561/1120] 10.0.0.133 () {34 vars in 1012 bytes} [Fri May 15 15:34:22 2026] GET /allocation_candidates?limit=1000&resources=DISK_GB%3A1%2CMEMORY_MB%3A512%2CVCPU%3A1&root_required=%21COMPUTE_STATUS_DISABLED => generated 2784 bytes in 64 msecs (HTTP/1.1 200) 8 headers in 297 bytes (1 switches on core 0)
2026-05-15 15:34:22.714 7 INFO placement.requestlog [req-76c22d4b-1726-4af5-9500-51089ad71b2f req-2476ea06-08e9-4552-8eff-9996322457d6 69ff12730c1046a5beb6eaa8820d8db1 a69859243e3b47b68bc66a1cfef07868 - - b3f9f41a4aa44a94b3b8e13b78a7a977 b3f9f41a4aa44a94b3b8e13b78a7a977] 10.0.0.133 "GET /allocations/8dc83a9f-8db9-4158-a906-24603d068586" status: 200 len: 19 microversion: 1.28 [pid: 7|app: 0|req: 560/1121] 10.0.0.133 () {34 vars in 861 bytes} [Fri May 15 15:34:22 2026] GET /allocations/8dc83a9f-8db9-4158-a906-24603d068586 => generated 19 bytes in 9 msecs (HTTP/1.1 200) 8 headers in 295 bytes (1 switches on core 0)
2026-05-15 15:34:22.772 8 INFO placement.requestlog [req-76c22d4b-1726-4af5-9500-51089ad71b2f req-acd762c7-01bb-4460-bff2-077994cb75df 69ff12730c1046a5beb6eaa8820d8db1 a69859243e3b47b68bc66a1cfef07868 - - b3f9f41a4aa44a94b3b8e13b78a7a977 b3f9f41a4aa44a94b3b8e13b78a7a977] 10.0.0.133 "PUT /allocations/8dc83a9f-8db9-4158-a906-24603d068586" status: 204 len: 0 microversion: 1.36 [pid: 8|app: 0|req: 562/1122] 10.0.0.133 () {38 vars in 914 bytes} [Fri May 15 15:34:22 2026] PUT /allocations/8dc83a9f-8db9-4158-a906-24603d068586 => generated 0 bytes in 54 msecs (HTTP/1.1 204) 5 headers in 199 bytes (1 switches on core 0)
2026-05-15 15:34:24.253 7 INFO placement.requestlog [req-76c22d4b-1726-4af5-9500-51089ad71b2f req-434aee40-ffca-4a67-a72f-1e1c8b0bd381 69ff12730c1046a5beb6eaa8820d8db1 a69859243e3b47b68bc66a1cfef07868 - - b3f9f41a4aa44a94b3b8e13b78a7a977 b3f9f41a4aa44a94b3b8e13b78a7a977] 199.19.213.185 "GET /allocations/8dc83a9f-8db9-4158-a906-24603d068586" status: 200 len: 258 microversion: 1.28 [pid: 7|app: 0|req: 561/1123] 199.19.213.185 () {34 vars in 863 bytes} [Fri May 15 15:34:24 2026] GET /allocations/8dc83a9f-8db9-4158-a906-24603d068586 => generated 258 bytes in 14 msecs (HTTP/1.1 200) 8 headers in 296 bytes (1 switches on core 0)
2026-05-15 15:34:25.295 8 INFO placement.requestlog [req-76c22d4b-1726-4af5-9500-51089ad71b2f req-7468aae1-aad2-4c0e-97f1-b52d1c05b1a3 69ff12730c1046a5beb6eaa8820d8db1 a69859243e3b47b68bc66a1cfef07868 - - b3f9f41a4aa44a94b3b8e13b78a7a977 b3f9f41a4aa44a94b3b8e13b78a7a977] 199.19.213.185 "GET /resource_providers/47adcae7-26ea-40f5-a834-79f8c2387cb7/allocations" status: 200 len: 540 microversion: 1.0 [pid: 8|app: 0|req: 563/1124] 199.19.213.185 () {32 vars in 857 bytes} [Fri May 15 15:34:25 2026] GET /resource_providers/47adcae7-26ea-40f5-a834-79f8c2387cb7/allocations => generated 540 bytes in 18 msecs (HTTP/1.1 200) 6 headers in 224 bytes (1 switches on core 0)
2026-05-15 15:34:25.316 7 INFO placement.requestlog [req-76c22d4b-1726-4af5-9500-51089ad71b2f req-60564af5-6eb0-4eb6-9d9e-594c1dac5431 69ff12730c1046a5beb6eaa8820d8db1 a69859243e3b47b68bc66a1cfef07868 - - b3f9f41a4aa44a94b3b8e13b78a7a977 b3f9f41a4aa44a94b3b8e13b78a7a977] 199.19.213.185 "GET /allocations/b2e30504-a086-43b2-bed3-44253b7c93b2" status: 200 len: 245 microversion: 1.28 [pid: 7|app: 0|req: 562/1125] 199.19.213.185 () {34 vars in 863 bytes} [Fri May 15 15:34:25 2026] GET /allocations/b2e30504-a086-43b2-bed3-44253b7c93b2 => generated 245 bytes in 14 msecs (HTTP/1.1 200) 8 headers in 296 bytes (1 switches on core 0)
2026-05-15 15:34:25.335 8 INFO placement.requestlog [req-76c22d4b-1726-4af5-9500-51089ad71b2f req-b534b8a8-0bf5-4dd3-b596-3d43d338891e 69ff12730c1046a5beb6eaa8820d8db1 a69859243e3b47b68bc66a1cfef07868 - - b3f9f41a4aa44a94b3b8e13b78a7a977 b3f9f41a4aa44a94b3b8e13b78a7a977] 199.19.213.185 "GET /allocations/10ce1d9e-0000-44e1-9092-3d3959446f5b" status: 200 len: 258 microversion: 1.28 [pid: 8|app: 0|req: 564/1126] 199.19.213.185 () {34 vars in 863 bytes} [Fri May 15 15:34:25 2026] GET /allocations/10ce1d9e-0000-44e1-9092-3d3959446f5b => generated 258 bytes in 12 msecs (HTTP/1.1 200) 8 headers in 296 bytes (1 switches on core 0)
2026-05-15 15:34:25.357 7 INFO placement.requestlog [req-76c22d4b-1726-4af5-9500-51089ad71b2f req-e3160a7a-c12a-497f-aa06-8aad415545ad 69ff12730c1046a5beb6eaa8820d8db1 a69859243e3b47b68bc66a1cfef07868 - - b3f9f41a4aa44a94b3b8e13b78a7a977 b3f9f41a4aa44a94b3b8e13b78a7a977] 199.19.213.185 "GET /allocations/22c33d48-eb55-44d1-8337-85f8c63c75cc" status: 200 len: 258 microversion: 1.28 [pid: 7|app: 0|req: 563/1127] 199.19.213.185 () {34 vars in 863 bytes} [Fri May 15 15:34:25 2026] GET /allocations/22c33d48-eb55-44d1-8337-85f8c63c75cc => generated 258 bytes in 15 msecs (HTTP/1.1 200) 8 headers in 296 bytes (1 switches on core 0)
2026-05-15 15:34:25.380 8 INFO placement.requestlog [req-76c22d4b-1726-4af5-9500-51089ad71b2f req-352c19a8-b12b-4f26-957e-4c153a5ff26d 69ff12730c1046a5beb6eaa8820d8db1 a69859243e3b47b68bc66a1cfef07868 - - b3f9f41a4aa44a94b3b8e13b78a7a977 b3f9f41a4aa44a94b3b8e13b78a7a977] 199.19.213.185 "GET /allocations/be6a5e5e-3853-4864-b81b-e0da070e4ac5" status: 200 len: 258 microversion: 1.28 [pid: 8|app: 0|req: 565/1128] 199.19.213.185 () {34 vars in 863 bytes} [Fri May 15 15:34:25 2026] GET /allocations/be6a5e5e-3853-4864-b81b-e0da070e4ac5 => generated 258 bytes in 13 msecs (HTTP/1.1 200) 8 headers in 296 bytes (1 switches on core 0)
2026-05-15 15:34:25.403 7 INFO placement.requestlog [req-76c22d4b-1726-4af5-9500-51089ad71b2f req-bd7213c3-241c-46a7-9e3a-aff220801acf 69ff12730c1046a5beb6eaa8820d8db1 a69859243e3b47b68bc66a1cfef07868 - - b3f9f41a4aa44a94b3b8e13b78a7a977 b3f9f41a4aa44a94b3b8e13b78a7a977] 199.19.213.185 "GET /allocations/8dc83a9f-8db9-4158-a906-24603d068586" status: 200 len: 258 microversion: 1.28 [pid: 7|app: 0|req: 564/1129] 199.19.213.185 () {34 vars in 863 bytes} [Fri May 15 15:34:25 2026] GET /allocations/8dc83a9f-8db9-4158-a906-24603d068586 => generated 258 bytes in 16 msecs (HTTP/1.1 200) 8 headers in 296 bytes (1 switches on core 0)
2026-05-15 15:34:30.083 8 INFO placement.requestlog [None req-acad723a-9aca-4eee-a0fa-22b0663f30ee - - - - - -] 10.0.0.31 "GET /" status: 200 len: 136 microversion: 1.0
2026-05-15 15:34:30.083 7 INFO placement.requestlog [None req-4a6ccd3d-6fc1-4cea-8957-06cb7c2e2c97 - - - - - -] 10.0.0.31 "GET /" status: 200 len: 136 microversion: 1.0
2026-05-15 15:34:40.083 8 INFO placement.requestlog [None req-e5eafa8e-9763-4e95-ada0-4fbb5fcb82ce - - - - - -] 10.0.0.31 "GET /" status: 200 len: 136 microversion: 1.0
2026-05-15 15:34:40.083 7 INFO placement.requestlog [None req-8ae9558a-d942-4443-af0e-9214b12536aa - - - - - -] 10.0.0.31 "GET /" status: 200 len: 136 microversion: 1.0
2026-05-15 15:34:49.509 8 INFO placement.requestlog [req-1074d995-efbb-4fcd-8956-859de2a4efc9 req-141bc5d3-3382-46ca-831b-0337f34a52ac 69ff12730c1046a5beb6eaa8820d8db1 a69859243e3b47b68bc66a1cfef07868 - - b3f9f41a4aa44a94b3b8e13b78a7a977 b3f9f41a4aa44a94b3b8e13b78a7a977] 199.19.213.185 "GET /resource_providers/47adcae7-26ea-40f5-a834-79f8c2387cb7/allocations" status: 200 len: 540 microversion: 1.0 [pid: 8|app: 0|req: 568/1134] 199.19.213.185 () {32 vars in 857 bytes} [Fri May 15 15:34:49 2026] GET /resource_providers/47adcae7-26ea-40f5-a834-79f8c2387cb7/allocations => generated 540 bytes in 25 msecs (HTTP/1.1 200) 6 headers in 224 bytes (1 switches on core 0)
2026-05-15 15:34:49.526 7 INFO placement.requestlog [req-1074d995-efbb-4fcd-8956-859de2a4efc9 req-63eb9062-a5d3-4591-9974-b0a37be9251b 69ff12730c1046a5beb6eaa8820d8db1 a69859243e3b47b68bc66a1cfef07868 - - b3f9f41a4aa44a94b3b8e13b78a7a977 b3f9f41a4aa44a94b3b8e13b78a7a977] 199.19.213.185 "GET /allocations/b2e30504-a086-43b2-bed3-44253b7c93b2" status: 200 len: 245 microversion: 1.28 [pid: 7|app: 0|req: 567/1135] 199.19.213.185 () {34 vars in 863 bytes} [Fri May 15 15:34:49 2026] GET /allocations/b2e30504-a086-43b2-bed3-44253b7c93b2 => generated 245 bytes in 11 msecs (HTTP/1.1 200) 8 headers in 296 bytes (1 switches on core 0)
2026-05-15 15:34:49.549 8 INFO placement.requestlog [req-1074d995-efbb-4fcd-8956-859de2a4efc9 req-4c8b6b3a-b466-4862-89b3-578e40d1e145 69ff12730c1046a5beb6eaa8820d8db1 a69859243e3b47b68bc66a1cfef07868 - - b3f9f41a4aa44a94b3b8e13b78a7a977 b3f9f41a4aa44a94b3b8e13b78a7a977] 199.19.213.185 "GET /allocations/10ce1d9e-0000-44e1-9092-3d3959446f5b" status: 200 len: 258 microversion: 1.28 [pid: 8|app: 0|req: 569/1136] 199.19.213.185 () {34 vars in 863 bytes} [Fri May 15 15:34:49 2026] GET /allocations/10ce1d9e-0000-44e1-9092-3d3959446f5b => generated 258 bytes in 14 msecs (HTTP/1.1 200) 8 headers in 296 bytes (1 switches on core 0)
2026-05-15 15:34:49.571 7 INFO placement.requestlog [req-1074d995-efbb-4fcd-8956-859de2a4efc9 req-5a9605cb-6809-42bc-abc3-7d81b9b359f7 69ff12730c1046a5beb6eaa8820d8db1 a69859243e3b47b68bc66a1cfef07868 - - b3f9f41a4aa44a94b3b8e13b78a7a977 b3f9f41a4aa44a94b3b8e13b78a7a977] 199.19.213.185 "GET /allocations/22c33d48-eb55-44d1-8337-85f8c63c75cc" status: 200 len: 258 microversion: 1.28 [pid: 7|app: 0|req: 568/1137] 199.19.213.185 () {34 vars in 863 bytes} [Fri May 15 15:34:49 2026] GET /allocations/22c33d48-eb55-44d1-8337-85f8c63c75cc => generated 258 bytes in 13 msecs (HTTP/1.1 200) 8 headers in 296 bytes (1 switches on core 0)
