Apr 02 05:52:54.262259 np0000162714 devstack@n-api-meta.service[107534]: DEBUG nova.api.openstack.wsgi_app [None req-d61858f1-8a5e-40d3-be01-6c5915bedef2 None None] oslo_limit.status_code_retries = None {{(pid=107534) log_opt_values /opt/stack/data/venv/lib/python3.12/site-packages/oslo_config/cfg.py:3006}}
Apr 02 05:52:54.262405 np0000162714 devstack@n-api-meta.service[107534]: DEBUG nova.api.openstack.wsgi_app [None req-d61858f1-8a5e-40d3-be01-6c5915bedef2 None None] oslo_limit.status_code_retry_delay = None {{(pid=107534) log_opt_values /opt/stack/data/venv/lib/python3.12/site-packages/oslo_config/cfg.py:3006}}
Apr 02 05:52:54.262534 np0000162714 devstack@n-api-meta.service[107534]: DEBUG nova.api.openstack.wsgi_app [None req-d61858f1-8a5e-40d3-be01-6c5915bedef2 None None] oslo_limit.timeout = None {{(pid=107534) log_opt_values /opt/stack/data/venv/lib/python3.12/site-packages/oslo_config/cfg.py:3006}}
Apr 02 05:52:54.262668 np0000162714 devstack@n-api-meta.service[107534]: DEBUG nova.api.openstack.wsgi_app [None req-d61858f1-8a5e-40d3-be01-6c5915bedef2 None None] oslo_limit.valid_interfaces = None {{(pid=107534) log_opt_values /opt/stack/data/venv/lib/python3.12/site-packages/oslo_config/cfg.py:3006}}
Apr 02 05:52:54.262831 np0000162714 devstack@n-api-meta.service[107534]: DEBUG nova.api.openstack.wsgi_app [None req-d61858f1-8a5e-40d3-be01-6c5915bedef2 None None] oslo_limit.version = None {{(pid=107534) log_opt_values /opt/stack/data/venv/lib/python3.12/site-packages/oslo_config/cfg.py:3006}}
Apr 02 05:52:54.262998 np0000162714 devstack@n-api-meta.service[107534]: DEBUG nova.api.openstack.wsgi_app [None req-d61858f1-8a5e-40d3-be01-6c5915bedef2 None None] oslo_messaging_rabbit.amqp_auto_delete = False {{(pid=107534) log_opt_values /opt/stack/data/venv/lib/python3.12/site-packages/oslo_config/cfg.py:3006}}
Apr 02 05:52:54.263133 np0000162714 devstack@n-api-meta.service[107534]: DEBUG nova.api.openstack.wsgi_app [None req-d61858f1-8a5e-40d3-be01-6c5915bedef2 None None] oslo_messaging_rabbit.amqp_durable_queues = False {{(pid=107534) log_opt_values /opt/stack/data/venv/lib/python3.12/site-packages/oslo_config/cfg.py:3006}}
Apr 02 05:52:54.263266 np0000162714 devstack@n-api-meta.service[107534]: DEBUG nova.api.openstack.wsgi_app [None req-d61858f1-8a5e-40d3-be01-6c5915bedef2 None None] oslo_messaging_rabbit.conn_pool_min_size = 2 {{(pid=107534) log_opt_values /opt/stack/data/venv/lib/python3.12/site-packages/oslo_config/cfg.py:3006}}
Apr 02 05:52:54.263399 np0000162714 devstack@n-api-meta.service[107534]: DEBUG nova.api.openstack.wsgi_app [None req-d61858f1-8a5e-40d3-be01-6c5915bedef2 None None] oslo_messaging_rabbit.conn_pool_ttl = 1200 {{(pid=107534) log_opt_values /opt/stack/data/venv/lib/python3.12/site-packages/oslo_config/cfg.py:3006}}
Apr 02 05:52:54.263529 np0000162714 devstack@n-api-meta.service[107534]: DEBUG nova.api.openstack.wsgi_app [None req-d61858f1-8a5e-40d3-be01-6c5915bedef2 None None] oslo_messaging_rabbit.direct_mandatory_flag = True {{(pid=107534) log_opt_values /opt/stack/data/venv/lib/python3.12/site-packages/oslo_config/cfg.py:3006}}
Apr 02 05:52:54.263660 np0000162714 devstack@n-api-meta.service[107534]: DEBUG nova.api.openstack.wsgi_app [None req-d61858f1-8a5e-40d3-be01-6c5915bedef2 None None] oslo_messaging_rabbit.enable_cancel_on_failover = False {{(pid=107534) log_opt_values /opt/stack/data/venv/lib/python3.12/site-packages/oslo_config/cfg.py:3006}}
Apr 02 05:52:54.263796 np0000162714 devstack@n-api-meta.service[107534]: DEBUG nova.api.openstack.wsgi_app [None req-d61858f1-8a5e-40d3-be01-6c5915bedef2 None None] oslo_messaging_rabbit.heartbeat_in_pthread = False {{(pid=107534) log_opt_values /opt/stack/data/venv/lib/python3.12/site-packages/oslo_config/cfg.py:3006}}
Apr 02 05:52:54.263946 np0000162714 devstack@n-api-meta.service[107534]: DEBUG nova.api.openstack.wsgi_app [None req-d61858f1-8a5e-40d3-be01-6c5915bedef2 None None] oslo_messaging_rabbit.heartbeat_rate = 3 {{(pid=107534) log_opt_values /opt/stack/data/venv/lib/python3.12/site-packages/oslo_config/cfg.py:3006}}
Apr 02 05:52:54.264077 np0000162714 devstack@n-api-meta.service[107534]: DEBUG nova.api.openstack.wsgi_app [None req-d61858f1-8a5e-40d3-be01-6c5915bedef2 None None] oslo_messaging_rabbit.heartbeat_timeout_threshold = 60 {{(pid=107534) log_opt_values /opt/stack/data/venv/lib/python3.12/site-packages/oslo_config/cfg.py:3006}}
Apr 02 05:52:54.264216 np0000162714 devstack@n-api-meta.service[107534]: DEBUG nova.api.openstack.wsgi_app [None req-d61858f1-8a5e-40d3-be01-6c5915bedef2 None None] oslo_messaging_rabbit.hostname = np0000162714 {{(pid=107534) log_opt_values /opt/stack/data/venv/lib/python3.12/site-packages/oslo_config/cfg.py:3006}}
Apr 02 05:52:54.264345 np0000162714 devstack@n-api-meta.service[107534]: DEBUG nova.api.openstack.wsgi_app [None req-d61858f1-8a5e-40d3-be01-6c5915bedef2 None None] oslo_messaging_rabbit.kombu_compression = None {{(pid=107534) log_opt_values /opt/stack/data/venv/lib/python3.12/site-packages/oslo_config/cfg.py:3006}}
Apr 02 05:52:54.264484 np0000162714 devstack@n-api-meta.service[107534]: DEBUG nova.api.openstack.wsgi_app [None req-d61858f1-8a5e-40d3-be01-6c5915bedef2 None None] oslo_messaging_rabbit.kombu_failover_strategy = round-robin {{(pid=107534) log_opt_values /opt/stack/data/venv/lib/python3.12/site-packages/oslo_config/cfg.py:3006}}
Apr 02 05:52:54.264619 np0000162714 devstack@n-api-meta.service[107534]: DEBUG nova.api.openstack.wsgi_app [None req-d61858f1-8a5e-40d3-be01-6c5915bedef2 None None] oslo_messaging_rabbit.kombu_missing_consumer_retry_timeout = 60 {{(pid=107534) log_opt_values /opt/stack/data/venv/lib/python3.12/site-packages/oslo_config/cfg.py:3006}}
Apr 02 05:52:54.264753 np0000162714 devstack@n-api-meta.service[107534]: DEBUG nova.api.openstack.wsgi_app [None req-d61858f1-8a5e-40d3-be01-6c5915bedef2 None None] oslo_messaging_rabbit.kombu_reconnect_delay = 1.0 {{(pid=107534) log_opt_values /opt/stack/data/venv/lib/python3.12/site-packages/oslo_config/cfg.py:3006}}
Apr 02 05:52:54.264921 np0000162714 devstack@n-api-meta.service[107534]: DEBUG nova.api.openstack.wsgi_app [None req-d61858f1-8a5e-40d3-be01-6c5915bedef2 None None] oslo_messaging_rabbit.kombu_reconnect_splay = 0.0 {{(pid=107534) log_opt_values /opt/stack/data/venv/lib/python3.12/site-packages/oslo_config/cfg.py:3006}}
Apr 02 05:52:54.265059 np0000162714 devstack@n-api-meta.service[107534]: DEBUG nova.api.openstack.wsgi_app [None req-d61858f1-8a5e-40d3-be01-6c5915bedef2 None None] oslo_messaging_rabbit.processname = uwsgi {{(pid=107534) log_opt_values /opt/stack/data/venv/lib/python3.12/site-packages/oslo_config/cfg.py:3006}}
Apr 02 05:52:54.265190 np0000162714 devstack@n-api-meta.service[107534]: DEBUG nova.api.openstack.wsgi_app [None req-d61858f1-8a5e-40d3-be01-6c5915bedef2 None None] oslo_messaging_rabbit.rabbit_ha_queues = False {{(pid=107534) log_opt_values /opt/stack/data/venv/lib/python3.12/site-packages/oslo_config/cfg.py:3006}}
Apr 02 05:52:54.265322 np0000162714 devstack@n-api-meta.service[107534]: DEBUG nova.api.openstack.wsgi_app [None req-d61858f1-8a5e-40d3-be01-6c5915bedef2 None None] oslo_messaging_rabbit.rabbit_interval_max = 30 {{(pid=107534) log_opt_values /opt/stack/data/venv/lib/python3.12/site-packages/oslo_config/cfg.py:3006}}
Apr 02 05:52:54.265459 np0000162714 devstack@n-api-meta.service[107534]: DEBUG nova.api.openstack.wsgi_app [None req-d61858f1-8a5e-40d3-be01-6c5915bedef2 None None] oslo_messaging_rabbit.rabbit_login_method = AMQPLAIN {{(pid=107534) log_opt_values /opt/stack/data/venv/lib/python3.12/site-packages/oslo_config/cfg.py:3006}}
Apr 02 05:52:54.265591 np0000162714 devstack@n-api-meta.service[107534]: DEBUG nova.api.openstack.wsgi_app [None req-d61858f1-8a5e-40d3-be01-6c5915bedef2 None None] oslo_messaging_rabbit.rabbit_qos_prefetch_count = 0 {{(pid=107534) log_opt_values /opt/stack/data/venv/lib/python3.12/site-packages/oslo_config/cfg.py:3006}}
Apr 02 05:52:54.265723 np0000162714 devstack@n-api-meta.service[107534]: DEBUG nova.api.openstack.wsgi_app [None req-d61858f1-8a5e-40d3-be01-6c5915bedef2 None None] oslo_messaging_rabbit.rabbit_quorum_delivery_limit = 0 {{(pid=107534) log_opt_values /opt/stack/data/venv/lib/python3.12/site-packages/oslo_config/cfg.py:3006}}
Apr 02 05:52:54.265868 np0000162714 devstack@n-api-meta.service[107534]: DEBUG nova.api.openstack.wsgi_app [None req-d61858f1-8a5e-40d3-be01-6c5915bedef2 None None] oslo_messaging_rabbit.rabbit_quorum_max_memory_bytes = 0 {{(pid=107534) log_opt_values /opt/stack/data/venv/lib/python3.12/site-packages/oslo_config/cfg.py:3006}}
Apr 02 05:52:54.266003 np0000162714 devstack@n-api-meta.service[107534]: DEBUG nova.api.openstack.wsgi_app [None req-d61858f1-8a5e-40d3-be01-6c5915bedef2 None None] oslo_messaging_rabbit.rabbit_quorum_max_memory_length = 0 {{(pid=107534) log_opt_values /opt/stack/data/venv/lib/python3.12/site-packages/oslo_config/cfg.py:3006}}
Apr 02 05:52:54.266151 np0000162714 devstack@n-api-meta.service[107534]: DEBUG nova.api.openstack.wsgi_app [None req-d61858f1-8a5e-40d3-be01-6c5915bedef2 None None] oslo_messaging_rabbit.rabbit_quorum_queue = False {{(pid=107534) log_opt_values /opt/stack/data/venv/lib/python3.12/site-packages/oslo_config/cfg.py:3006}}
Apr 02 05:52:54.266282 np0000162714 devstack@n-api-meta.service[107534]: DEBUG nova.api.openstack.wsgi_app [None req-d61858f1-8a5e-40d3-be01-6c5915bedef2 None None] oslo_messaging_rabbit.rabbit_retry_backoff = 2 {{(pid=107534) log_opt_values /opt/stack/data/venv/lib/python3.12/site-packages/oslo_config/cfg.py:3006}}
Apr 02 05:52:54.266412 np0000162714 devstack@n-api-meta.service[107534]: DEBUG nova.api.openstack.wsgi_app [None req-d61858f1-8a5e-40d3-be01-6c5915bedef2 None None] oslo_messaging_rabbit.rabbit_retry_interval = 1 {{(pid=107534) log_opt_values /opt/stack/data/venv/lib/python3.12/site-packages/oslo_config/cfg.py:3006}}
Apr 02 05:52:54.266544 np0000162714 devstack@n-api-meta.service[107534]: DEBUG nova.api.openstack.wsgi_app [None req-d61858f1-8a5e-40d3-be01-6c5915bedef2 None None] oslo_messaging_rabbit.rabbit_stream_fanout = False {{(pid=107534) log_opt_values /opt/stack/data/venv/lib/python3.12/site-packages/oslo_config/cfg.py:3006}}
Apr 02 05:52:54.266675 np0000162714 devstack@n-api-meta.service[107534]: DEBUG nova.api.openstack.wsgi_app [None req-d61858f1-8a5e-40d3-be01-6c5915bedef2 None None] oslo_messaging_rabbit.rabbit_transient_queues_ttl = 1800 {{(pid=107534) log_opt_values /opt/stack/data/venv/lib/python3.12/site-packages/oslo_config/cfg.py:3006}}
Apr 02 05:52:54.266805 np0000162714 devstack@n-api-meta.service[107534]: DEBUG nova.api.openstack.wsgi_app [None req-d61858f1-8a5e-40d3-be01-6c5915bedef2 None None] oslo_messaging_rabbit.rabbit_transient_quorum_queue = False {{(pid=107534) log_opt_values /opt/stack/data/venv/lib/python3.12/site-packages/oslo_config/cfg.py:3006}}
Apr 02 05:52:54.266961 np0000162714 devstack@n-api-meta.service[107534]: DEBUG nova.api.openstack.wsgi_app [None req-d61858f1-8a5e-40d3-be01-6c5915bedef2 None None] oslo_messaging_rabbit.rpc_conn_pool_size = 30 {{(pid=107534) log_opt_values /opt/stack/data/venv/lib/python3.12/site-packages/oslo_config/cfg.py:3006}}
Apr 02 05:52:54.267093 np0000162714 devstack@n-api-meta.service[107534]: DEBUG nova.api.openstack.wsgi_app [None req-d61858f1-8a5e-40d3-be01-6c5915bedef2 None None] oslo_messaging_rabbit.ssl = False {{(pid=107534) log_opt_values /opt/stack/data/venv/lib/python3.12/site-packages/oslo_config/cfg.py:3006}}
Apr 02 05:52:54.267229 np0000162714 devstack@n-api-meta.service[107534]: DEBUG nova.api.openstack.wsgi_app [None req-d61858f1-8a5e-40d3-be01-6c5915bedef2 None None] oslo_messaging_rabbit.ssl_ca_file = {{(pid=107534) log_opt_values /opt/stack/data/venv/lib/python3.12/site-packages/oslo_config/cfg.py:3006}}
Apr 02 05:52:54.267364 np0000162714 devstack@n-api-meta.service[107534]: DEBUG nova.api.openstack.wsgi_app [None req-d61858f1-8a5e-40d3-be01-6c5915bedef2 None None] oslo_messaging_rabbit.ssl_cert_file = {{(pid=107534) log_opt_values /opt/stack/data/venv/lib/python3.12/site-packages/oslo_config/cfg.py:3006}}
Apr 02 05:52:54.267493 np0000162714 devstack@n-api-meta.service[107534]: DEBUG nova.api.openstack.wsgi_app [None req-d61858f1-8a5e-40d3-be01-6c5915bedef2 None None] oslo_messaging_rabbit.ssl_enforce_fips_mode = False {{(pid=107534) log_opt_values /opt/stack/data/venv/lib/python3.12/site-packages/oslo_config/cfg.py:3006}}
Apr 02 05:52:54.267633 np0000162714 devstack@n-api-meta.service[107534]: DEBUG nova.api.openstack.wsgi_app [None req-d61858f1-8a5e-40d3-be01-6c5915bedef2 None None] oslo_messaging_rabbit.ssl_key_file = {{(pid=107534) log_opt_values /opt/stack/data/venv/lib/python3.12/site-packages/oslo_config/cfg.py:3006}}
Apr 02 05:52:54.267764 np0000162714 devstack@n-api-meta.service[107534]: DEBUG nova.api.openstack.wsgi_app [None req-d61858f1-8a5e-40d3-be01-6c5915bedef2 None None] oslo_messaging_rabbit.ssl_version = {{(pid=107534) log_opt_values /opt/stack/data/venv/lib/python3.12/site-packages/oslo_config/cfg.py:3006}}
Apr 02 05:52:54.267917 np0000162714 devstack@n-api-meta.service[107534]: DEBUG nova.api.openstack.wsgi_app [None req-d61858f1-8a5e-40d3-be01-6c5915bedef2 None None] oslo_messaging_rabbit.use_queue_manager = False {{(pid=107534) log_opt_values /opt/stack/data/venv/lib/python3.12/site-packages/oslo_config/cfg.py:3006}}
Apr 02 05:52:54.268066 np0000162714 devstack@n-api-meta.service[107534]: DEBUG nova.api.openstack.wsgi_app [None req-d61858f1-8a5e-40d3-be01-6c5915bedef2 None None] oslo_messaging_notifications.driver = ['messagingv2'] {{(pid=107534) log_opt_values /opt/stack/data/venv/lib/python3.12/site-packages/oslo_config/cfg.py:3006}}
Apr 02 05:52:54.268199 np0000162714 devstack@n-api-meta.service[107534]: DEBUG nova.api.openstack.wsgi_app [None req-d61858f1-8a5e-40d3-be01-6c5915bedef2 None None] oslo_messaging_notifications.retry = -1 {{(pid=107534) log_opt_values /opt/stack/data/venv/lib/python3.12/site-packages/oslo_config/cfg.py:3006}}
Apr 02 05:52:54.268339 np0000162714 devstack@n-api-meta.service[107534]: DEBUG nova.api.openstack.wsgi_app [None req-d61858f1-8a5e-40d3-be01-6c5915bedef2 None None] oslo_messaging_notifications.topics = ['notifications'] {{(pid=107534) log_opt_values /opt/stack/data/venv/lib/python3.12/site-packages/oslo_config/cfg.py:3006}}
Apr 02 05:52:54.268476 np0000162714 devstack@n-api-meta.service[107534]: DEBUG nova.api.openstack.wsgi_app [None req-d61858f1-8a5e-40d3-be01-6c5915bedef2 None None] oslo_messaging_notifications.transport_url = **** {{(pid=107534) log_opt_values /opt/stack/data/venv/lib/python3.12/site-packages/oslo_config/cfg.py:3006}}
Apr 02 05:52:54.268611 np0000162714 devstack@n-api-meta.service[107534]: DEBUG nova.api.openstack.wsgi_app [None req-d61858f1-8a5e-40d3-be01-6c5915bedef2 None None] oslo_reports.file_event_handler = None {{(pid=107534) log_opt_values /opt/stack/data/venv/lib/python3.12/site-packages/oslo_config/cfg.py:3006}}
Apr 02 05:52:54.268743 np0000162714 devstack@n-api-meta.service[107534]: DEBUG nova.api.openstack.wsgi_app [None req-d61858f1-8a5e-40d3-be01-6c5915bedef2 None None] oslo_reports.file_event_handler_interval = 1 {{(pid=107534) log_opt_values /opt/stack/data/venv/lib/python3.12/site-packages/oslo_config/cfg.py:3006}}
Apr 02 05:52:54.268903 np0000162714 devstack@n-api-meta.service[107534]: DEBUG nova.api.openstack.wsgi_app [None req-d61858f1-8a5e-40d3-be01-6c5915bedef2 None None] oslo_reports.log_dir = None {{(pid=107534) log_opt_values /opt/stack/data/venv/lib/python3.12/site-packages/oslo_config/cfg.py:3006}}
Apr 02 05:52:54.269012 np0000162714 devstack@n-api-meta.service[107534]: DEBUG nova.api.openstack.wsgi_app [None req-d61858f1-8a5e-40d3-be01-6c5915bedef2 None None] ******************************************************************************** {{(pid=107534) log_opt_values /opt/stack/data/venv/lib/python3.12/site-packages/oslo_config/cfg.py:3013}}
Apr 02 05:52:54.269118 np0000162714 devstack@n-api-meta.service[107534]: WSGI app 0 (mountpoint='') ready in 2 seconds on interpreter 0x743d2c8a3668 pid: 107534 (default app)
Apr 02 05:53:03.879099 np0000162714 devstack@n-api-meta.service[107537]: DEBUG dbcounter [-] [107537] Writing DB stats nova_api:SELECT=1 {{(pid=107537) stat_writer /opt/stack/data/venv/lib/python3.12/site-packages/dbcounter.py:115}}
Apr 02 05:53:03.899884 np0000162714 devstack@n-api-meta.service[107535]: DEBUG dbcounter [-] [107535] Writing DB stats nova_api:SELECT=1 {{(pid=107535) stat_writer /opt/stack/data/venv/lib/python3.12/site-packages/dbcounter.py:115}}
Apr 02 05:53:03.903224 np0000162714 devstack@n-api-meta.service[107536]: DEBUG dbcounter [-] [107536] Writing DB stats nova_api:SELECT=1 {{(pid=107536) stat_writer /opt/stack/data/venv/lib/python3.12/site-packages/dbcounter.py:115}}
Apr 02 05:53:03.978004 np0000162714 devstack@n-api-meta.service[107534]: DEBUG dbcounter [-] [107534] Writing DB stats nova_api:SELECT=1 {{(pid=107534) stat_writer /opt/stack/data/venv/lib/python3.12/site-packages/dbcounter.py:115}}
Apr 02 05:53:04.008581 np0000162714 devstack@n-api-meta.service[107537]: DEBUG dbcounter [-] [107537] Writing DB stats nova_cell0:SELECT=1 {{(pid=107537) stat_writer /opt/stack/data/venv/lib/python3.12/site-packages/dbcounter.py:115}}
Apr 02 05:53:04.008923 np0000162714 devstack@n-api-meta.service[107537]: DEBUG dbcounter [-] [107537] Writing DB stats nova_cell1:SELECT=1 {{(pid=107537) stat_writer /opt/stack/data/venv/lib/python3.12/site-packages/dbcounter.py:115}}
Apr 02 05:53:04.029333 np0000162714 devstack@n-api-meta.service[107536]: DEBUG dbcounter [-] [107536] Writing DB stats nova_cell0:SELECT=1 {{(pid=107536) stat_writer /opt/stack/data/venv/lib/python3.12/site-packages/dbcounter.py:115}}
Apr 02 05:53:04.030137 np0000162714 devstack@n-api-meta.service[107535]: DEBUG dbcounter [-] [107535] Writing DB stats nova_cell1:SELECT=1 {{(pid=107535) stat_writer /opt/stack/data/venv/lib/python3.12/site-packages/dbcounter.py:115}}
Apr 02 05:53:04.031518 np0000162714 devstack@n-api-meta.service[107535]: DEBUG dbcounter [-] [107535] Writing DB stats nova_cell0:SELECT=1 {{(pid=107535) stat_writer /opt/stack/data/venv/lib/python3.12/site-packages/dbcounter.py:115}}
Apr 02 05:53:04.032397 np0000162714 devstack@n-api-meta.service[107536]: DEBUG dbcounter [-] [107536] Writing DB stats nova_cell1:SELECT=1 {{(pid=107536) stat_writer /opt/stack/data/venv/lib/python3.12/site-packages/dbcounter.py:115}}
Apr 02 05:53:04.036021 np0000162714 devstack@n-api-meta.service[107537]: DEBUG dbcounter [-] [107537] Writing DB stats nova_cell0:SELECT=2,nova_cell0:INSERT=1 {{(pid=107537) stat_writer /opt/stack/data/venv/lib/python3.12/site-packages/dbcounter.py:115}}
Apr 02 05:53:04.054250 np0000162714 devstack@n-api-meta.service[107536]: DEBUG dbcounter [-] [107536] Writing DB stats nova_cell0:SELECT=1 {{(pid=107536) stat_writer /opt/stack/data/venv/lib/python3.12/site-packages/dbcounter.py:115}}
Apr 02 05:53:04.064154 np0000162714 devstack@n-api-meta.service[107535]: DEBUG dbcounter [-] [107535] Writing DB stats nova_cell0:SELECT=1 {{(pid=107535) stat_writer /opt/stack/data/venv/lib/python3.12/site-packages/dbcounter.py:115}}
Apr 02 05:53:04.094352 np0000162714 devstack@n-api-meta.service[107534]: DEBUG dbcounter [-] [107534] Writing DB stats nova_cell1:SELECT=1 {{(pid=107534) stat_writer /opt/stack/data/venv/lib/python3.12/site-packages/dbcounter.py:115}}
Apr 02 05:53:04.096780 np0000162714 devstack@n-api-meta.service[107534]: DEBUG dbcounter [-] [107534] Writing DB stats nova_cell0:SELECT=1 {{(pid=107534) stat_writer /opt/stack/data/venv/lib/python3.12/site-packages/dbcounter.py:115}}
Apr 02 05:53:04.116034 np0000162714 devstack@n-api-meta.service[107534]: DEBUG dbcounter [-] [107534] Writing DB stats nova_cell0:SELECT=1 {{(pid=107534) stat_writer /opt/stack/data/venv/lib/python3.12/site-packages/dbcounter.py:115}}
Apr 02 05:58:35.824137 np0000162714 devstack@n-api-meta.service[107537]: DEBUG nova.api.metadata.handler [None req-aa17f3b2-7e67-4aca-b432-a0dd89cd3084 None None] Metadata request headers: {'Host': '199.19.213.238:8775', 'User-Agent': 'python-requests/2.32.5', 'Accept-Encoding': 'gzip, deflate', 'Accept': '*/*', 'Connection': 'keep-alive', 'X-Forwarded-For': '192.168.24.205', 'X-Instance-Id': '7e7caf17-83ec-443f-8d15-859740835ae2', 'X-Tenant-Id': '3e3ea3e7f7e14c2f9f041342079e4865', 'X-Instance-Id-Signature': '8c53564e588ff751ba3a65299d52c1cf680cdf3810fe563a821c2ba0da5e3271'} {{(pid=107537) __call__ /opt/stack/nova/nova/api/metadata/handler.py:109}}
Apr 02 05:58:35.836779 np0000162714 devstack@n-api-meta.service[107537]: DEBUG oslo_concurrency.lockutils [None req-1e2a47c1-81b2-4dd6-bafe-7a8e413cda5b None None] Acquiring lock "1ba0ca4f-dbc6-4207-b4b0-22250965268d" by "nova.context.set_target_cell..get_or_set_cached_cell_and_set_connections" {{(pid=107537) inner /opt/stack/data/venv/lib/python3.12/site-packages/oslo_concurrency/lockutils.py:506}}
Apr 02 05:58:35.837065 np0000162714 devstack@n-api-meta.service[107537]: DEBUG oslo_concurrency.lockutils [None req-1e2a47c1-81b2-4dd6-bafe-7a8e413cda5b None None] Lock "1ba0ca4f-dbc6-4207-b4b0-22250965268d" acquired by "nova.context.set_target_cell..get_or_set_cached_cell_and_set_connections" :: waited 0.000s {{(pid=107537) inner /opt/stack/data/venv/lib/python3.12/site-packages/oslo_concurrency/lockutils.py:519}}
Apr 02 05:58:35.837065 np0000162714 devstack@n-api-meta.service[107537]: DEBUG oslo_concurrency.lockutils [None req-1e2a47c1-81b2-4dd6-bafe-7a8e413cda5b None None] Lock "1ba0ca4f-dbc6-4207-b4b0-22250965268d" "released" by "nova.context.set_target_cell..get_or_set_cached_cell_and_set_connections" :: held 0.000s {{(pid=107537) inner /opt/stack/data/venv/lib/python3.12/site-packages/oslo_concurrency/lockutils.py:538}}
Apr 02 05:58:35.890750 np0000162714 devstack@n-api-meta.service[107537]: WARNING neutronclient.v2_0.client [None req-1e2a47c1-81b2-4dd6-bafe-7a8e413cda5b None None] The python binding code in neutronclient is deprecated in favor of OpenstackSDK, please use that as this will be removed in a future release.
Apr 02 05:58:36.323759 np0000162714 devstack@n-api-meta.service[107537]: [pid: 107537|app: 0|req: 1/1] 199.19.213.238 () {40 vars in 643 bytes} [Thu Apr 2 05:58:35 2026] GET /openstack => generated 116 bytes in 501 msecs (HTTP/1.1 200) 3 headers in 100 bytes (1 switches on core 0)
Apr 02 05:58:36.337372 np0000162714 devstack@n-api-meta.service[107536]: DEBUG nova.api.metadata.handler [None req-df96432c-575f-4377-9a45-581ba007f173 None None] Metadata request headers: {'Host': '199.19.213.238:8775', 'User-Agent': 'python-requests/2.32.5', 'Accept-Encoding': 'gzip, deflate', 'Accept': '*/*', 'Connection': 'keep-alive', 'X-Forwarded-For': '192.168.24.205', 'X-Instance-Id': '7e7caf17-83ec-443f-8d15-859740835ae2', 'X-Tenant-Id': '3e3ea3e7f7e14c2f9f041342079e4865', 'X-Instance-Id-Signature': '8c53564e588ff751ba3a65299d52c1cf680cdf3810fe563a821c2ba0da5e3271'} {{(pid=107536) __call__ /opt/stack/nova/nova/api/metadata/handler.py:109}}
Apr 02 05:58:36.342953 np0000162714 devstack@n-api-meta.service[107536]: DEBUG nova.api.metadata.handler [None req-df96432c-575f-4377-9a45-581ba007f173 None None] Using cached metadata for instance 7e7caf17-83ec-443f-8d15-859740835ae2 {{(pid=107536) get_metadata_by_instance_id /opt/stack/nova/nova/api/metadata/handler.py:84}}
Apr 02 05:58:36.343372 np0000162714 devstack@n-api-meta.service[107536]: [pid: 107536|app: 0|req: 1/2] 199.19.213.238 () {40 vars in 643 bytes} [Thu Apr 2 05:58:36 2026] GET /openstack => generated 116 bytes in 7 msecs (HTTP/1.1 200) 3 headers in 100 bytes (1 switches on core 0)
Apr 02 05:58:36.353555 np0000162714 devstack@n-api-meta.service[107535]: DEBUG nova.api.metadata.handler [None req-4b5da5f5-a95d-4010-ace3-265a24066757 None None] Metadata request headers: {'Host': '199.19.213.238:8775', 'User-Agent': 'python-requests/2.32.5', 'Accept-Encoding': 'gzip, deflate', 'Accept': '*/*', 'Connection': 'keep-alive', 'X-Forwarded-For': '192.168.24.205', 'X-Instance-Id': '7e7caf17-83ec-443f-8d15-859740835ae2', 'X-Tenant-Id': '3e3ea3e7f7e14c2f9f041342079e4865', 'X-Instance-Id-Signature': '8c53564e588ff751ba3a65299d52c1cf680cdf3810fe563a821c2ba0da5e3271'} {{(pid=107535) __call__ /opt/stack/nova/nova/api/metadata/handler.py:109}}
Apr 02 05:58:36.357398 np0000162714 devstack@n-api-meta.service[107535]: DEBUG nova.api.metadata.handler [None req-4b5da5f5-a95d-4010-ace3-265a24066757 None None] Using cached metadata for instance 7e7caf17-83ec-443f-8d15-859740835ae2 {{(pid=107535) get_metadata_by_instance_id /opt/stack/nova/nova/api/metadata/handler.py:84}}
Apr 02 05:58:36.358022 np0000162714 devstack@n-api-meta.service[107535]: [pid: 107535|app: 0|req: 1/3] 199.19.213.238 () {40 vars in 695 bytes} [Thu Apr 2 05:58:36 2026] GET /openstack/2018-08-27/meta_data.json => generated 946 bytes in 5 msecs (HTTP/1.1 200) 3 headers in 91 bytes (1 switches on core 0)
Apr 02 05:58:36.366145 np0000162714 devstack@n-api-meta.service[107534]: DEBUG nova.api.metadata.handler [None req-d61858f1-8a5e-40d3-be01-6c5915bedef2 None None] Metadata request headers: {'Host': '199.19.213.238:8775', 'User-Agent': 'python-requests/2.32.5', 'Accept-Encoding': 'gzip, deflate', 'Accept': '*/*', 'Connection': 'keep-alive', 'X-Forwarded-For': '192.168.24.205', 'X-Instance-Id': '7e7caf17-83ec-443f-8d15-859740835ae2', 'X-Tenant-Id': '3e3ea3e7f7e14c2f9f041342079e4865', 'X-Instance-Id-Signature': '8c53564e588ff751ba3a65299d52c1cf680cdf3810fe563a821c2ba0da5e3271'} {{(pid=107534) __call__ /opt/stack/nova/nova/api/metadata/handler.py:109}}
Apr 02 05:58:36.372042 np0000162714 devstack@n-api-meta.service[107534]: DEBUG nova.api.metadata.handler [None req-d61858f1-8a5e-40d3-be01-6c5915bedef2 None None] Using cached metadata for instance 7e7caf17-83ec-443f-8d15-859740835ae2 {{(pid=107534) get_metadata_by_instance_id /opt/stack/nova/nova/api/metadata/handler.py:84}}
Apr 02 05:58:36.372873 np0000162714 devstack@n-api-meta.service[107534]: [pid: 107534|app: 0|req: 1/4] 199.19.213.238 () {40 vars in 685 bytes} [Thu Apr 2 05:58:36 2026] GET /openstack/2018-08-27/user_data => generated 26365 bytes in 7 msecs (HTTP/1.1 200) 3 headers in 102 bytes (1 switches on core 0)
Apr 02 05:58:36.383075 np0000162714 devstack@n-api-meta.service[107537]: DEBUG nova.api.metadata.handler [None req-1e2a47c1-81b2-4dd6-bafe-7a8e413cda5b None None] Metadata request headers: {'Host': '199.19.213.238:8775', 'User-Agent': 'python-requests/2.32.5', 'Accept-Encoding': 'gzip, deflate', 'Accept': '*/*', 'Connection': 'keep-alive', 'X-Forwarded-For': '192.168.24.205', 'X-Instance-Id': '7e7caf17-83ec-443f-8d15-859740835ae2', 'X-Tenant-Id': '3e3ea3e7f7e14c2f9f041342079e4865', 'X-Instance-Id-Signature': '8c53564e588ff751ba3a65299d52c1cf680cdf3810fe563a821c2ba0da5e3271'} {{(pid=107537) __call__ /opt/stack/nova/nova/api/metadata/handler.py:109}}
Apr 02 05:58:36.386828 np0000162714 devstack@n-api-meta.service[107537]: DEBUG nova.api.metadata.handler [None req-1e2a47c1-81b2-4dd6-bafe-7a8e413cda5b None None] Using cached metadata for instance 7e7caf17-83ec-443f-8d15-859740835ae2 {{(pid=107537) get_metadata_by_instance_id /opt/stack/nova/nova/api/metadata/handler.py:84}}
Apr 02 05:58:36.387601 np0000162714 devstack@n-api-meta.service[107537]: [pid: 107537|app: 0|req: 2/5] 199.19.213.238 () {40 vars in 698 bytes} [Thu Apr 2 05:58:36 2026] GET /openstack/2018-08-27/vendor_data.json => generated 2 bytes in 6 msecs (HTTP/1.1 200) 3 headers in 89 bytes (1 switches on core 0)
Apr 02 05:58:36.394629 np0000162714 devstack@n-api-meta.service[107536]: DEBUG nova.api.metadata.handler [None req-df96432c-575f-4377-9a45-581ba007f173 None None] Metadata request headers: {'Host': '199.19.213.238:8775', 'User-Agent': 'python-requests/2.32.5', 'Accept-Encoding': 'gzip, deflate', 'Accept': '*/*', 'Connection': 'keep-alive', 'X-Forwarded-For': '192.168.24.205', 'X-Instance-Id': '7e7caf17-83ec-443f-8d15-859740835ae2', 'X-Tenant-Id': '3e3ea3e7f7e14c2f9f041342079e4865', 'X-Instance-Id-Signature': '8c53564e588ff751ba3a65299d52c1cf680cdf3810fe563a821c2ba0da5e3271'} {{(pid=107536) __call__ /opt/stack/nova/nova/api/metadata/handler.py:109}}
Apr 02 05:58:36.397579 np0000162714 devstack@n-api-meta.service[107536]: DEBUG nova.api.metadata.handler [None req-df96432c-575f-4377-9a45-581ba007f173 None None] Using cached metadata for instance 7e7caf17-83ec-443f-8d15-859740835ae2 {{(pid=107536) get_metadata_by_instance_id /opt/stack/nova/nova/api/metadata/handler.py:84}}
Apr 02 05:58:36.398387 np0000162714 devstack@n-api-meta.service[107536]: [pid: 107536|app: 0|req: 2/6] 199.19.213.238 () {40 vars in 700 bytes} [Thu Apr 2 05:58:36 2026] GET /openstack/2018-08-27/vendor_data2.json => generated 14 bytes in 4 msecs (HTTP/1.1 200) 3 headers in 90 bytes (1 switches on core 0)
Apr 02 05:58:36.406360 np0000162714 devstack@n-api-meta.service[107535]: DEBUG nova.api.metadata.handler [None req-4b5da5f5-a95d-4010-ace3-265a24066757 None None] Metadata request headers: {'Host': '199.19.213.238:8775', 'User-Agent': 'python-requests/2.32.5', 'Accept-Encoding': 'gzip, deflate', 'Accept': '*/*', 'Connection': 'keep-alive', 'X-Forwarded-For': '192.168.24.205', 'X-Instance-Id': '7e7caf17-83ec-443f-8d15-859740835ae2', 'X-Tenant-Id': '3e3ea3e7f7e14c2f9f041342079e4865', 'X-Instance-Id-Signature': '8c53564e588ff751ba3a65299d52c1cf680cdf3810fe563a821c2ba0da5e3271'} {{(pid=107535) __call__ /opt/stack/nova/nova/api/metadata/handler.py:109}}
Apr 02 05:58:36.409496 np0000162714 devstack@n-api-meta.service[107535]: DEBUG nova.api.metadata.handler [None req-4b5da5f5-a95d-4010-ace3-265a24066757 None None] Using cached metadata for instance 7e7caf17-83ec-443f-8d15-859740835ae2 {{(pid=107535) get_metadata_by_instance_id /opt/stack/nova/nova/api/metadata/handler.py:84}}
Apr 02 05:58:36.410416 np0000162714 devstack@n-api-meta.service[107535]: [pid: 107535|app: 0|req: 2/7] 199.19.213.238 () {40 vars in 700 bytes} [Thu Apr 2 05:58:36 2026] GET /openstack/2018-08-27/network_data.json => generated 348 bytes in 5 msecs (HTTP/1.1 200) 3 headers in 100 bytes (1 switches on core 0)
Apr 02 05:58:36.417381 np0000162714 devstack@n-api-meta.service[107534]: DEBUG nova.api.metadata.handler [None req-d61858f1-8a5e-40d3-be01-6c5915bedef2 None None] Metadata request headers: {'Host': '199.19.213.238:8775', 'User-Agent': 'python-requests/2.32.5', 'Accept-Encoding': 'gzip, deflate', 'Accept': '*/*', 'Connection': 'keep-alive', 'X-Forwarded-For': '192.168.24.205', 'X-Instance-Id': '7e7caf17-83ec-443f-8d15-859740835ae2', 'X-Tenant-Id': '3e3ea3e7f7e14c2f9f041342079e4865', 'X-Instance-Id-Signature': '8c53564e588ff751ba3a65299d52c1cf680cdf3810fe563a821c2ba0da5e3271'} {{(pid=107534) __call__ /opt/stack/nova/nova/api/metadata/handler.py:109}}
Apr 02 05:58:36.420800 np0000162714 devstack@n-api-meta.service[107534]: DEBUG nova.api.metadata.handler [None req-d61858f1-8a5e-40d3-be01-6c5915bedef2 None None] Using cached metadata for instance 7e7caf17-83ec-443f-8d15-859740835ae2 {{(pid=107534) get_metadata_by_instance_id /opt/stack/nova/nova/api/metadata/handler.py:84}}
Apr 02 05:58:36.421915 np0000162714 devstack@n-api-meta.service[107534]: [pid: 107534|app: 0|req: 2/8] 199.19.213.238 () {40 vars in 659 bytes} [Thu Apr 2 05:58:36 2026] GET /latest/meta-data/ => generated 210 bytes in 5 msecs (HTTP/1.1 200) 3 headers in 100 bytes (1 switches on core 0)
Apr 02 05:58:36.428586 np0000162714 devstack@n-api-meta.service[107537]: DEBUG nova.api.metadata.handler [None req-1e2a47c1-81b2-4dd6-bafe-7a8e413cda5b None None] Metadata request headers: {'Host': '199.19.213.238:8775', 'User-Agent': 'python-requests/2.32.5', 'Accept-Encoding': 'gzip, deflate', 'Accept': '*/*', 'Connection': 'keep-alive', 'X-Forwarded-For': '192.168.24.205', 'X-Instance-Id': '7e7caf17-83ec-443f-8d15-859740835ae2', 'X-Tenant-Id': '3e3ea3e7f7e14c2f9f041342079e4865', 'X-Instance-Id-Signature': '8c53564e588ff751ba3a65299d52c1cf680cdf3810fe563a821c2ba0da5e3271'} {{(pid=107537) __call__ /opt/stack/nova/nova/api/metadata/handler.py:109}}
Apr 02 05:58:36.431577 np0000162714 devstack@n-api-meta.service[107537]: DEBUG nova.api.metadata.handler [None req-1e2a47c1-81b2-4dd6-bafe-7a8e413cda5b None None] Using cached metadata for instance 7e7caf17-83ec-443f-8d15-859740835ae2 {{(pid=107537) get_metadata_by_instance_id /opt/stack/nova/nova/api/metadata/handler.py:84}}
Apr 02 05:58:36.432488 np0000162714 devstack@n-api-meta.service[107537]: [pid: 107537|app: 0|req: 3/9] 199.19.213.238 () {40 vars in 701 bytes} [Thu Apr 2 05:58:36 2026] GET /latest/meta-data/block-device-mapping/ => generated 8 bytes in 4 msecs (HTTP/1.1 200) 3 headers in 98 bytes (1 switches on core 0)
Apr 02 05:58:36.440315 np0000162714 devstack@n-api-meta.service[107536]: DEBUG nova.api.metadata.handler [None req-df96432c-575f-4377-9a45-581ba007f173 None None] Metadata request headers: {'Host': '199.19.213.238:8775', 'User-Agent': 'python-requests/2.32.5', 'Accept-Encoding': 'gzip, deflate', 'Accept': '*/*', 'Connection': 'keep-alive', 'X-Forwarded-For': '192.168.24.205', 'X-Instance-Id': '7e7caf17-83ec-443f-8d15-859740835ae2', 'X-Tenant-Id': '3e3ea3e7f7e14c2f9f041342079e4865', 'X-Instance-Id-Signature': '8c53564e588ff751ba3a65299d52c1cf680cdf3810fe563a821c2ba0da5e3271'} {{(pid=107536) __call__ /opt/stack/nova/nova/api/metadata/handler.py:109}}
Apr 02 05:58:36.443227 np0000162714 devstack@n-api-meta.service[107536]: DEBUG nova.api.metadata.handler [None req-df96432c-575f-4377-9a45-581ba007f173 None None] Using cached metadata for instance 7e7caf17-83ec-443f-8d15-859740835ae2 {{(pid=107536) get_metadata_by_instance_id /opt/stack/nova/nova/api/metadata/handler.py:84}}
Apr 02 05:58:36.443723 np0000162714 devstack@n-api-meta.service[107536]: [pid: 107536|app: 0|req: 3/10] 199.19.213.238 () {40 vars in 707 bytes} [Thu Apr 2 05:58:36 2026] GET /latest/meta-data/block-device-mapping/ami => generated 3 bytes in 4 msecs (HTTP/1.1 200) 3 headers in 98 bytes (1 switches on core 0)
Apr 02 05:58:36.452158 np0000162714 devstack@n-api-meta.service[107535]: DEBUG nova.api.metadata.handler [None req-4b5da5f5-a95d-4010-ace3-265a24066757 None None] Metadata request headers: {'Host': '199.19.213.238:8775', 'User-Agent': 'python-requests/2.32.5', 'Accept-Encoding': 'gzip, deflate', 'Accept': '*/*', 'Connection': 'keep-alive', 'X-Forwarded-For': '192.168.24.205', 'X-Instance-Id': '7e7caf17-83ec-443f-8d15-859740835ae2', 'X-Tenant-Id': '3e3ea3e7f7e14c2f9f041342079e4865', 'X-Instance-Id-Signature': '8c53564e588ff751ba3a65299d52c1cf680cdf3810fe563a821c2ba0da5e3271'} {{(pid=107535) __call__ /opt/stack/nova/nova/api/metadata/handler.py:109}}
Apr 02 05:58:36.454523 np0000162714 devstack@n-api-meta.service[107535]: DEBUG nova.api.metadata.handler [None req-4b5da5f5-a95d-4010-ace3-265a24066757 None None] Using cached metadata for instance 7e7caf17-83ec-443f-8d15-859740835ae2 {{(pid=107535) get_metadata_by_instance_id /opt/stack/nova/nova/api/metadata/handler.py:84}}
Apr 02 05:58:36.455160 np0000162714 devstack@n-api-meta.service[107535]: [pid: 107535|app: 0|req: 3/11] 199.19.213.238 () {40 vars in 709 bytes} [Thu Apr 2 05:58:36 2026] GET /latest/meta-data/block-device-mapping/root => generated 8 bytes in 3 msecs (HTTP/1.1 200) 3 headers in 98 bytes (1 switches on core 0)
Apr 02 05:58:36.464138 np0000162714 devstack@n-api-meta.service[107534]: DEBUG nova.api.metadata.handler [None req-d61858f1-8a5e-40d3-be01-6c5915bedef2 None None] Metadata request headers: {'Host': '199.19.213.238:8775', 'User-Agent': 'python-requests/2.32.5', 'Accept-Encoding': 'gzip, deflate', 'Accept': '*/*', 'Connection': 'keep-alive', 'X-Forwarded-For': '192.168.24.205', 'X-Instance-Id': '7e7caf17-83ec-443f-8d15-859740835ae2', 'X-Tenant-Id': '3e3ea3e7f7e14c2f9f041342079e4865', 'X-Instance-Id-Signature': '8c53564e588ff751ba3a65299d52c1cf680cdf3810fe563a821c2ba0da5e3271'} {{(pid=107534) __call__ /opt/stack/nova/nova/api/metadata/handler.py:109}}
Apr 02 05:58:36.465965 np0000162714 devstack@n-api-meta.service[107534]: DEBUG nova.api.metadata.handler [None req-d61858f1-8a5e-40d3-be01-6c5915bedef2 None None] Using cached metadata for instance 7e7caf17-83ec-443f-8d15-859740835ae2 {{(pid=107534) get_metadata_by_instance_id /opt/stack/nova/nova/api/metadata/handler.py:84}}
Apr 02 05:58:36.466499 np0000162714 devstack@n-api-meta.service[107534]: [pid: 107534|app: 0|req: 3/12] 199.19.213.238 () {40 vars in 679 bytes} [Thu Apr 2 05:58:36 2026] GET /latest/meta-data/placement/ => generated 17 bytes in 3 msecs (HTTP/1.1 200) 3 headers in 99 bytes (1 switches on core 0)
Apr 02 05:58:36.475804 np0000162714 devstack@n-api-meta.service[107537]: DEBUG nova.api.metadata.handler [None req-1e2a47c1-81b2-4dd6-bafe-7a8e413cda5b None None] Metadata request headers: {'Host': '199.19.213.238:8775', 'User-Agent': 'python-requests/2.32.5', 'Accept-Encoding': 'gzip, deflate', 'Accept': '*/*', 'Connection': 'keep-alive', 'X-Forwarded-For': '192.168.24.205', 'X-Instance-Id': '7e7caf17-83ec-443f-8d15-859740835ae2', 'X-Tenant-Id': '3e3ea3e7f7e14c2f9f041342079e4865', 'X-Instance-Id-Signature': '8c53564e588ff751ba3a65299d52c1cf680cdf3810fe563a821c2ba0da5e3271'} {{(pid=107537) __call__ /opt/stack/nova/nova/api/metadata/handler.py:109}}
Apr 02 05:58:36.478604 np0000162714 devstack@n-api-meta.service[107537]: DEBUG nova.api.metadata.handler [None req-1e2a47c1-81b2-4dd6-bafe-7a8e413cda5b None None] Using cached metadata for instance 7e7caf17-83ec-443f-8d15-859740835ae2 {{(pid=107537) get_metadata_by_instance_id /opt/stack/nova/nova/api/metadata/handler.py:84}}
Apr 02 05:58:36.479292 np0000162714 devstack@n-api-meta.service[107537]: [pid: 107537|app: 0|req: 4/13] 199.19.213.238 () {40 vars in 713 bytes} [Thu Apr 2 05:58:36 2026] GET /latest/meta-data/placement/availability-zone => generated 4 bytes in 4 msecs (HTTP/1.1 200) 3 headers in 98 bytes (1 switches on core 0)
Apr 02 05:58:36.486257 np0000162714 devstack@n-api-meta.service[107536]: DEBUG nova.api.metadata.handler [None req-df96432c-575f-4377-9a45-581ba007f173 None None] Metadata request headers: {'Host': '199.19.213.238:8775', 'User-Agent': 'python-requests/2.32.5', 'Accept-Encoding': 'gzip, deflate', 'Accept': '*/*', 'Connection': 'keep-alive', 'X-Forwarded-For': '192.168.24.205', 'X-Instance-Id': '7e7caf17-83ec-443f-8d15-859740835ae2', 'X-Tenant-Id': '3e3ea3e7f7e14c2f9f041342079e4865', 'X-Instance-Id-Signature': '8c53564e588ff751ba3a65299d52c1cf680cdf3810fe563a821c2ba0da5e3271'} {{(pid=107536) __call__ /opt/stack/nova/nova/api/metadata/handler.py:109}}
Apr 02 05:58:36.489201 np0000162714 devstack@n-api-meta.service[107536]: DEBUG nova.api.metadata.handler [None req-df96432c-575f-4377-9a45-581ba007f173 None None] Using cached metadata for instance 7e7caf17-83ec-443f-8d15-859740835ae2 {{(pid=107536) get_metadata_by_instance_id /opt/stack/nova/nova/api/metadata/handler.py:84}}
Apr 02 05:58:36.490081 np0000162714 devstack@n-api-meta.service[107536]: [pid: 107536|app: 0|req: 4/14] 199.19.213.238 () {40 vars in 671 bytes} [Thu Apr 2 05:58:36 2026] GET /latest/meta-data/ami-id => generated 12 bytes in 4 msecs (HTTP/1.1 200) 3 headers in 99 bytes (1 switches on core 0)
Apr 02 05:58:36.498611 np0000162714 devstack@n-api-meta.service[107535]: DEBUG nova.api.metadata.handler [None req-4b5da5f5-a95d-4010-ace3-265a24066757 None None] Metadata request headers: {'Host': '199.19.213.238:8775', 'User-Agent': 'python-requests/2.32.5', 'Accept-Encoding': 'gzip, deflate', 'Accept': '*/*', 'Connection': 'keep-alive', 'X-Forwarded-For': '192.168.24.205', 'X-Instance-Id': '7e7caf17-83ec-443f-8d15-859740835ae2', 'X-Tenant-Id': '3e3ea3e7f7e14c2f9f041342079e4865', 'X-Instance-Id-Signature': '8c53564e588ff751ba3a65299d52c1cf680cdf3810fe563a821c2ba0da5e3271'} {{(pid=107535) __call__ /opt/stack/nova/nova/api/metadata/handler.py:109}}
Apr 02 05:58:36.501294 np0000162714 devstack@n-api-meta.service[107535]: DEBUG nova.api.metadata.handler [None req-4b5da5f5-a95d-4010-ace3-265a24066757 None None] Using cached metadata for instance 7e7caf17-83ec-443f-8d15-859740835ae2 {{(pid=107535) get_metadata_by_instance_id /opt/stack/nova/nova/api/metadata/handler.py:84}}
Apr 02 05:58:36.501964 np0000162714 devstack@n-api-meta.service[107535]: [pid: 107535|app: 0|req: 4/15] 199.19.213.238 () {40 vars in 691 bytes} [Thu Apr 2 05:58:36 2026] GET /latest/meta-data/ami-launch-index => generated 1 bytes in 4 msecs (HTTP/1.1 200) 3 headers in 98 bytes (1 switches on core 0)
Apr 02 05:58:36.509744 np0000162714 devstack@n-api-meta.service[107534]: DEBUG nova.api.metadata.handler [None req-d61858f1-8a5e-40d3-be01-6c5915bedef2 None None] Metadata request headers: {'Host': '199.19.213.238:8775', 'User-Agent': 'python-requests/2.32.5', 'Accept-Encoding': 'gzip, deflate', 'Accept': '*/*', 'Connection': 'keep-alive', 'X-Forwarded-For': '192.168.24.205', 'X-Instance-Id': '7e7caf17-83ec-443f-8d15-859740835ae2', 'X-Tenant-Id': '3e3ea3e7f7e14c2f9f041342079e4865', 'X-Instance-Id-Signature': '8c53564e588ff751ba3a65299d52c1cf680cdf3810fe563a821c2ba0da5e3271'} {{(pid=107534) __call__ /opt/stack/nova/nova/api/metadata/handler.py:109}}
Apr 02 05:58:36.512770 np0000162714 devstack@n-api-meta.service[107534]: DEBUG nova.api.metadata.handler [None req-d61858f1-8a5e-40d3-be01-6c5915bedef2 None None] Using cached metadata for instance 7e7caf17-83ec-443f-8d15-859740835ae2 {{(pid=107534) get_metadata_by_instance_id /opt/stack/nova/nova/api/metadata/handler.py:84}}
Apr 02 05:58:36.513450 np0000162714 devstack@n-api-meta.service[107534]: [pid: 107534|app: 0|req: 4/16] 199.19.213.238 () {40 vars in 693 bytes} [Thu Apr 2 05:58:36 2026] GET /latest/meta-data/ami-manifest-path => generated 5 bytes in 4 msecs (HTTP/1.1 200) 3 headers in 98 bytes (1 switches on core 0)
Apr 02 05:58:36.522372 np0000162714 devstack@n-api-meta.service[107537]: DEBUG nova.api.metadata.handler [None req-1e2a47c1-81b2-4dd6-bafe-7a8e413cda5b None None] Metadata request headers: {'Host': '199.19.213.238:8775', 'User-Agent': 'python-requests/2.32.5', 'Accept-Encoding': 'gzip, deflate', 'Accept': '*/*', 'Connection': 'keep-alive', 'X-Forwarded-For': '192.168.24.205', 'X-Instance-Id': '7e7caf17-83ec-443f-8d15-859740835ae2', 'X-Tenant-Id': '3e3ea3e7f7e14c2f9f041342079e4865', 'X-Instance-Id-Signature': '8c53564e588ff751ba3a65299d52c1cf680cdf3810fe563a821c2ba0da5e3271'} {{(pid=107537) __call__ /opt/stack/nova/nova/api/metadata/handler.py:109}}
Apr 02 05:58:36.524351 np0000162714 devstack@n-api-meta.service[107537]: DEBUG nova.api.metadata.handler [None req-1e2a47c1-81b2-4dd6-bafe-7a8e413cda5b None None] Using cached metadata for instance 7e7caf17-83ec-443f-8d15-859740835ae2 {{(pid=107537) get_metadata_by_instance_id /opt/stack/nova/nova/api/metadata/handler.py:84}}
Apr 02 05:58:36.524809 np0000162714 devstack@n-api-meta.service[107537]: [pid: 107537|app: 0|req: 5/17] 199.19.213.238 () {40 vars in 675 bytes} [Thu Apr 2 05:58:36 2026] GET /latest/meta-data/hostname => generated 32 bytes in 3 msecs (HTTP/1.1 200) 3 headers in 99 bytes (1 switches on core 0)
Apr 02 05:58:36.534797 np0000162714 devstack@n-api-meta.service[107536]: DEBUG nova.api.metadata.handler [None req-df96432c-575f-4377-9a45-581ba007f173 None None] Metadata request headers: {'Host': '199.19.213.238:8775', 'User-Agent': 'python-requests/2.32.5', 'Accept-Encoding': 'gzip, deflate', 'Accept': '*/*', 'Connection': 'keep-alive', 'X-Forwarded-For': '192.168.24.205', 'X-Instance-Id': '7e7caf17-83ec-443f-8d15-859740835ae2', 'X-Tenant-Id': '3e3ea3e7f7e14c2f9f041342079e4865', 'X-Instance-Id-Signature': '8c53564e588ff751ba3a65299d52c1cf680cdf3810fe563a821c2ba0da5e3271'} {{(pid=107536) __call__ /opt/stack/nova/nova/api/metadata/handler.py:109}}
Apr 02 05:58:36.538358 np0000162714 devstack@n-api-meta.service[107536]: DEBUG nova.api.metadata.handler [None req-df96432c-575f-4377-9a45-581ba007f173 None None] Using cached metadata for instance 7e7caf17-83ec-443f-8d15-859740835ae2 {{(pid=107536) get_metadata_by_instance_id /opt/stack/nova/nova/api/metadata/handler.py:84}}
Apr 02 05:58:36.539015 np0000162714 devstack@n-api-meta.service[107536]: [pid: 107536|app: 0|req: 5/18] 199.19.213.238 () {40 vars in 689 bytes} [Thu Apr 2 05:58:36 2026] GET /latest/meta-data/instance-action => generated 4 bytes in 5 msecs (HTTP/1.1 200) 3 headers in 98 bytes (1 switches on core 0)
Apr 02 05:58:36.548111 np0000162714 devstack@n-api-meta.service[107535]: DEBUG nova.api.metadata.handler [None req-4b5da5f5-a95d-4010-ace3-265a24066757 None None] Metadata request headers: {'Host': '199.19.213.238:8775', 'User-Agent': 'python-requests/2.32.5', 'Accept-Encoding': 'gzip, deflate', 'Accept': '*/*', 'Connection': 'keep-alive', 'X-Forwarded-For': '192.168.24.205', 'X-Instance-Id': '7e7caf17-83ec-443f-8d15-859740835ae2', 'X-Tenant-Id': '3e3ea3e7f7e14c2f9f041342079e4865', 'X-Instance-Id-Signature': '8c53564e588ff751ba3a65299d52c1cf680cdf3810fe563a821c2ba0da5e3271'} {{(pid=107535) __call__ /opt/stack/nova/nova/api/metadata/handler.py:109}}
Apr 02 05:58:36.551076 np0000162714 devstack@n-api-meta.service[107535]: DEBUG nova.api.metadata.handler [None req-4b5da5f5-a95d-4010-ace3-265a24066757 None None] Using cached metadata for instance 7e7caf17-83ec-443f-8d15-859740835ae2 {{(pid=107535) get_metadata_by_instance_id /opt/stack/nova/nova/api/metadata/handler.py:84}}
Apr 02 05:58:36.551682 np0000162714 devstack@n-api-meta.service[107535]: [pid: 107535|app: 0|req: 5/19] 199.19.213.238 () {40 vars in 681 bytes} [Thu Apr 2 05:58:36 2026] GET /latest/meta-data/instance-id => generated 10 bytes in 4 msecs (HTTP/1.1 200) 3 headers in 99 bytes (1 switches on core 0)
Apr 02 05:58:36.560100 np0000162714 devstack@n-api-meta.service[107534]: DEBUG nova.api.metadata.handler [None req-d61858f1-8a5e-40d3-be01-6c5915bedef2 None None] Metadata request headers: {'Host': '199.19.213.238:8775', 'User-Agent': 'python-requests/2.32.5', 'Accept-Encoding': 'gzip, deflate', 'Accept': '*/*', 'Connection': 'keep-alive', 'X-Forwarded-For': '192.168.24.205', 'X-Instance-Id': '7e7caf17-83ec-443f-8d15-859740835ae2', 'X-Tenant-Id': '3e3ea3e7f7e14c2f9f041342079e4865', 'X-Instance-Id-Signature': '8c53564e588ff751ba3a65299d52c1cf680cdf3810fe563a821c2ba0da5e3271'} {{(pid=107534) __call__ /opt/stack/nova/nova/api/metadata/handler.py:109}}
Apr 02 05:58:36.563022 np0000162714 devstack@n-api-meta.service[107534]: DEBUG nova.api.metadata.handler [None req-d61858f1-8a5e-40d3-be01-6c5915bedef2 None None] Using cached metadata for instance 7e7caf17-83ec-443f-8d15-859740835ae2 {{(pid=107534) get_metadata_by_instance_id /opt/stack/nova/nova/api/metadata/handler.py:84}}
Apr 02 05:58:36.563646 np0000162714 devstack@n-api-meta.service[107534]: [pid: 107534|app: 0|req: 5/20] 199.19.213.238 () {40 vars in 685 bytes} [Thu Apr 2 05:58:36 2026] GET /latest/meta-data/instance-type => generated 8 bytes in 4 msecs (HTTP/1.1 200) 3 headers in 98 bytes (1 switches on core 0)
Apr 02 05:58:36.570460 np0000162714 devstack@n-api-meta.service[107537]: DEBUG nova.api.metadata.handler [None req-1e2a47c1-81b2-4dd6-bafe-7a8e413cda5b None None] Metadata request headers: {'Host': '199.19.213.238:8775', 'User-Agent': 'python-requests/2.32.5', 'Accept-Encoding': 'gzip, deflate', 'Accept': '*/*', 'Connection': 'keep-alive', 'X-Forwarded-For': '192.168.24.205', 'X-Instance-Id': '7e7caf17-83ec-443f-8d15-859740835ae2', 'X-Tenant-Id': '3e3ea3e7f7e14c2f9f041342079e4865', 'X-Instance-Id-Signature': '8c53564e588ff751ba3a65299d52c1cf680cdf3810fe563a821c2ba0da5e3271'} {{(pid=107537) __call__ /opt/stack/nova/nova/api/metadata/handler.py:109}}
Apr 02 05:58:36.573225 np0000162714 devstack@n-api-meta.service[107537]: DEBUG nova.api.metadata.handler [None req-1e2a47c1-81b2-4dd6-bafe-7a8e413cda5b None None] Using cached metadata for instance 7e7caf17-83ec-443f-8d15-859740835ae2 {{(pid=107537) get_metadata_by_instance_id /opt/stack/nova/nova/api/metadata/handler.py:84}}
Apr 02 05:58:36.573877 np0000162714 devstack@n-api-meta.service[107537]: [pid: 107537|app: 0|req: 6/21] 199.19.213.238 () {40 vars in 687 bytes} [Thu Apr 2 05:58:36 2026] GET /latest/meta-data/local-hostname => generated 32 bytes in 4 msecs (HTTP/1.1 200) 3 headers in 99 bytes (1 switches on core 0)
Apr 02 05:58:36.582375 np0000162714 devstack@n-api-meta.service[107536]: DEBUG nova.api.metadata.handler [None req-df96432c-575f-4377-9a45-581ba007f173 None None] Metadata request headers: {'Host': '199.19.213.238:8775', 'User-Agent': 'python-requests/2.32.5', 'Accept-Encoding': 'gzip, deflate', 'Accept': '*/*', 'Connection': 'keep-alive', 'X-Forwarded-For': '192.168.24.205', 'X-Instance-Id': '7e7caf17-83ec-443f-8d15-859740835ae2', 'X-Tenant-Id': '3e3ea3e7f7e14c2f9f041342079e4865', 'X-Instance-Id-Signature': '8c53564e588ff751ba3a65299d52c1cf680cdf3810fe563a821c2ba0da5e3271'} {{(pid=107536) __call__ /opt/stack/nova/nova/api/metadata/handler.py:109}}
Apr 02 05:58:36.584520 np0000162714 devstack@n-api-meta.service[107536]: DEBUG nova.api.metadata.handler [None req-df96432c-575f-4377-9a45-581ba007f173 None None] Using cached metadata for instance 7e7caf17-83ec-443f-8d15-859740835ae2 {{(pid=107536) get_metadata_by_instance_id /opt/stack/nova/nova/api/metadata/handler.py:84}}
Apr 02 05:58:36.584987 np0000162714 devstack@n-api-meta.service[107536]: [pid: 107536|app: 0|req: 6/22] 199.19.213.238 () {40 vars in 679 bytes} [Thu Apr 2 05:58:36 2026] GET /latest/meta-data/local-ipv4 => generated 14 bytes in 3 msecs (HTTP/1.1 200) 3 headers in 99 bytes (1 switches on core 0)
