2026-05-11 01:31:52.551 7 INFO neutron.quota.resource_registry [None req-1a43fb70-8d5d-4fdf-ae7b-e473839bc3a3 - - - - - -] Creating instance of CountableResource for resource:ikepolicy
2026-05-11 01:31:52.552 8 INFO neutron.api.extensions [None req-bb150977-75fe-4c02-b1a2-f9f45f7ed080 - - - - - -] Extension logging not supported by any of loaded plugins
2026-05-11 01:31:52.553 8 INFO neutron.api.extensions [None req-bb150977-75fe-4c02-b1a2-f9f45f7ed080 - - - - - -] Extension metering not supported by any of loaded plugins
2026-05-11 01:31:52.553 8 INFO neutron.api.extensions [None req-bb150977-75fe-4c02-b1a2-f9f45f7ed080 - - - - - -] Extension metering_source_and_destination_fields not supported by any of loaded plugins
2026-05-11 01:31:52.554 8 INFO neutron.api.extensions [None req-bb150977-75fe-4c02-b1a2-f9f45f7ed080 - - - - - -] Loaded extension: multi-provider
2026-05-11 01:31:52.554 8 INFO neutron.api.extensions [None req-bb150977-75fe-4c02-b1a2-f9f45f7ed080 - - - - - -] Loaded extension: net-mtu
2026-05-11 01:31:52.555 7 INFO neutron.quota.resource_registry [None req-1a43fb70-8d5d-4fdf-ae7b-e473839bc3a3 - - - - - -] Creating instance of TrackedResource for resource:router
2026-05-11 01:31:52.555 7 WARNING neutron.quota.resource_registry [None req-1a43fb70-8d5d-4fdf-ae7b-e473839bc3a3 - - - - - -] router is already registered
2026-05-11 01:31:52.555 8 INFO neutron.api.extensions [None req-bb150977-75fe-4c02-b1a2-f9f45f7ed080 - - - - - -] Loaded extension: net-mtu-writable
2026-05-11 01:31:52.555 7 INFO neutron.quota.resource_registry [None req-1a43fb70-8d5d-4fdf-ae7b-e473839bc3a3 - - - - - -] Creating instance of TrackedResource for resource:floatingip
2026-05-11 01:31:52.555 7 WARNING neutron.quota.resource_registry [None req-1a43fb70-8d5d-4fdf-ae7b-e473839bc3a3 - - - - - -] floatingip is already registered
2026-05-11 01:31:52.556 8 INFO neutron.api.extensions [None req-bb150977-75fe-4c02-b1a2-f9f45f7ed080 - - - - - -] Loaded extension: network_availability_zone
2026-05-11 01:31:52.556 8 INFO neutron.api.extensions [None req-bb150977-75fe-4c02-b1a2-f9f45f7ed080 - - - - - -] Loaded extension: network_ha
2026-05-11 01:31:52.557 8 INFO neutron.api.extensions [None req-bb150977-75fe-4c02-b1a2-f9f45f7ed080 - - - - - -] Loaded extension: network-ip-availability
2026-05-11 01:31:52.558 8 INFO neutron.api.extensions [None req-bb150977-75fe-4c02-b1a2-f9f45f7ed080 - - - - - -] Extension network-segment-range not supported by any of loaded plugins
2026-05-11 01:31:52.558 8 INFO neutron.api.extensions [None req-bb150977-75fe-4c02-b1a2-f9f45f7ed080 - - - - - -] Loaded extension: pagination
2026-05-11 01:31:52.559 8 INFO neutron.api.extensions [None req-bb150977-75fe-4c02-b1a2-f9f45f7ed080 - - - - - -] Loaded extension: port-device-profile
2026-05-11 01:31:52.559 7 INFO neutron.quota.resource_registry [None req-1a43fb70-8d5d-4fdf-ae7b-e473839bc3a3 - - - - - -] Creating instance of CountableResource for resource:rbac_policy
2026-05-11 01:31:52.559 7 WARNING neutron.quota.resource_registry [None req-1a43fb70-8d5d-4fdf-ae7b-e473839bc3a3 - - - - - -] rbac_policy is already registered
2026-05-11 01:31:52.559 8 INFO neutron.api.extensions [None req-bb150977-75fe-4c02-b1a2-f9f45f7ed080 - - - - - -] Extension port-hardware-offload-type not supported by any of loaded plugins
2026-05-11 01:31:52.560 8 INFO neutron.api.extensions [None req-bb150977-75fe-4c02-b1a2-f9f45f7ed080 - - - - - -] Extension port-hint-ovs-tx-steering not supported by any of loaded plugins
2026-05-11 01:31:52.560 7 INFO neutron.quota.resource_registry [None req-1a43fb70-8d5d-4fdf-ae7b-e473839bc3a3 - - - - - -] Creating instance of TrackedResource for resource:security_group
2026-05-11 01:31:52.560 7 WARNING neutron.quota.resource_registry [None req-1a43fb70-8d5d-4fdf-ae7b-e473839bc3a3 - - - - - -] security_group is already registered
2026-05-11 01:31:52.560 8 INFO neutron.api.extensions [None req-bb150977-75fe-4c02-b1a2-f9f45f7ed080 - - - - - -] Extension port-hints not supported by any of loaded plugins
2026-05-11 01:31:52.560 7 INFO neutron.quota.resource_registry [None req-1a43fb70-8d5d-4fdf-ae7b-e473839bc3a3 - - - - - -] Creating instance of TrackedResource for resource:security_group_rule
2026-05-11 01:31:52.560 7 WARNING neutron.quota.resource_registry [None req-1a43fb70-8d5d-4fdf-ae7b-e473839bc3a3 - - - - - -] security_group_rule is already registered
2026-05-11 01:31:52.561 8 INFO neutron.api.extensions [None req-bb150977-75fe-4c02-b1a2-f9f45f7ed080 - - - - - -] Loaded extension: port-mac-override
2026-05-11 01:31:52.561 8 INFO neutron.api.extensions [None req-bb150977-75fe-4c02-b1a2-f9f45f7ed080 - - - - - -] Loaded extension: port-mac-address-regenerate
2026-05-11 01:31:52.561 7 INFO neutron.quota.resource_registry [None req-1a43fb70-8d5d-4fdf-ae7b-e473839bc3a3 - - - - - -] Creating instance of TrackedResource for resource:subnetpool
2026-05-11 01:31:52.561 7 WARNING neutron.quota.resource_registry [None req-1a43fb70-8d5d-4fdf-ae7b-e473839bc3a3 - - - - - -] subnetpool is already registered
2026-05-11 01:31:52.562 8 INFO neutron.api.extensions [None req-bb150977-75fe-4c02-b1a2-f9f45f7ed080 - - - - - -] Loaded extension: port-numa-affinity-policy
2026-05-11 01:31:52.562 7 INFO neutron.quota.resource_registry [None req-1a43fb70-8d5d-4fdf-ae7b-e473839bc3a3 - - - - - -] Creating instance of TrackedResource for resource:subnetpool
2026-05-11 01:31:52.562 7 WARNING neutron.quota.resource_registry [None req-1a43fb70-8d5d-4fdf-ae7b-e473839bc3a3 - - - - - -] subnetpool is already registered
2026-05-11 01:31:52.562 8 INFO neutron.api.extensions [None req-bb150977-75fe-4c02-b1a2-f9f45f7ed080 - - - - - -] Loaded extension: port-numa-affinity-policy-socket
2026-05-11 01:31:52.562 7 INFO neutron.quota.resource_registry [None req-1a43fb70-8d5d-4fdf-ae7b-e473839bc3a3 - - - - - -] Creating instance of CountableResource for resource:trunk
2026-05-11 01:31:52.563 7 WARNING neutron.quota.resource_registry [None req-1a43fb70-8d5d-4fdf-ae7b-e473839bc3a3 - - - - - -] trunk is already registered
2026-05-11 01:31:52.563 8 INFO neutron.api.extensions [None req-bb150977-75fe-4c02-b1a2-f9f45f7ed080 - - - - - -] Loaded extension: port-resource-request
2026-05-11 01:31:52.563 7 INFO neutron.quota.resource_registry [None req-1a43fb70-8d5d-4fdf-ae7b-e473839bc3a3 - - - - - -] Creating instance of CountableResource for resource:endpoint_group
2026-05-11 01:31:52.563 7 WARNING neutron.quota.resource_registry [None req-1a43fb70-8d5d-4fdf-ae7b-e473839bc3a3 - - - - - -] endpoint_group is already registered
2026-05-11 01:31:52.563 8 INFO neutron.api.extensions [None req-bb150977-75fe-4c02-b1a2-f9f45f7ed080 - - - - - -] Loaded extension: port-resource-request-groups
2026-05-11 01:31:52.563 7 INFO neutron.quota.resource_registry [None req-1a43fb70-8d5d-4fdf-ae7b-e473839bc3a3 - - - - - -] Creating instance of CountableResource for resource:vpnservice
2026-05-11 01:31:52.564 7 WARNING neutron.quota.resource_registry [None req-1a43fb70-8d5d-4fdf-ae7b-e473839bc3a3 - - - - - -] vpnservice is already registered
2026-05-11 01:31:52.564 8 INFO neutron.api.extensions [None req-bb150977-75fe-4c02-b1a2-f9f45f7ed080 - - - - - -] Extension port-trusted-vif not supported by any of loaded plugins
2026-05-11 01:31:52.564 7 INFO neutron.quota.resource_registry [None req-1a43fb70-8d5d-4fdf-ae7b-e473839bc3a3 - - - - - -] Creating instance of CountableResource for resource:ipsec_site_connection
2026-05-11 01:31:52.564 7 WARNING neutron.quota.resource_registry [None req-1a43fb70-8d5d-4fdf-ae7b-e473839bc3a3 - - - - - -] ipsec_site_connection is already registered
2026-05-11 01:31:52.565 8 INFO neutron.api.extensions [None req-bb150977-75fe-4c02-b1a2-f9f45f7ed080 - - - - - -] Loaded extension: binding
2026-05-11 01:31:52.565 7 INFO neutron.quota.resource_registry [None req-1a43fb70-8d5d-4fdf-ae7b-e473839bc3a3 - - - - - -] Creating instance of CountableResource for resource:ipsecpolicy
2026-05-11 01:31:52.565 7 WARNING neutron.quota.resource_registry [None req-1a43fb70-8d5d-4fdf-ae7b-e473839bc3a3 - - - - - -] ipsecpolicy is already registered
2026-05-11 01:31:52.565 7 INFO neutron.quota.resource_registry [None req-1a43fb70-8d5d-4fdf-ae7b-e473839bc3a3 - - - - - -] Creating instance of CountableResource for resource:ikepolicy
2026-05-11 01:31:52.565 7 WARNING neutron.quota.resource_registry [None req-1a43fb70-8d5d-4fdf-ae7b-e473839bc3a3 - - - - - -] ikepolicy is already registered
2026-05-11 01:31:52.565 8 INFO neutron.api.extensions [None req-bb150977-75fe-4c02-b1a2-f9f45f7ed080 - - - - - -] Loaded extension: binding-extended
2026-05-11 01:31:52.566 8 INFO neutron.api.extensions [None req-bb150977-75fe-4c02-b1a2-f9f45f7ed080 - - - - - -] Loaded extension: port-security
2026-05-11 01:31:52.566 8 INFO neutron.api.extensions [None req-bb150977-75fe-4c02-b1a2-f9f45f7ed080 - - - - - -] Loaded extension: project-id
2026-05-11 01:31:52.567 8 INFO neutron.api.extensions [None req-bb150977-75fe-4c02-b1a2-f9f45f7ed080 - - - - - -] Loaded extension: provider
2026-05-11 01:31:52.569 8 INFO neutron.api.extensions [None req-bb150977-75fe-4c02-b1a2-f9f45f7ed080 - - - - - -] Loaded extension: qos
2026-05-11 01:31:52.570 8 INFO neutron.api.extensions [None req-bb150977-75fe-4c02-b1a2-f9f45f7ed080 - - - - - -] Loaded extension: qos-bw-limit-direction
2026-05-11 01:31:52.570 8 INFO neutron.api.extensions [None req-bb150977-75fe-4c02-b1a2-f9f45f7ed080 - - - - - -] Loaded extension: qos-bw-minimum-ingress
2026-05-11 01:31:52.571 8 INFO neutron.api.extensions [None req-bb150977-75fe-4c02-b1a2-f9f45f7ed080 - - - - - -] Loaded extension: qos-default
2026-05-11 01:31:52.571 8 INFO neutron.api.extensions [None req-bb150977-75fe-4c02-b1a2-f9f45f7ed080 - - - - - -] Loaded extension: qos-fip
2026-05-11 01:31:52.572 8 INFO neutron.api.extensions [None req-bb150977-75fe-4c02-b1a2-f9f45f7ed080 - - - - - -] Extension qos-fip-network-policy not supported by any of loaded plugins
2026-05-11 01:31:52.572 8 INFO neutron.api.extensions [None req-bb150977-75fe-4c02-b1a2-f9f45f7ed080 - - - - - -] Loaded extension: qos-gateway-ip
2026-05-11 01:31:52.573 8 INFO neutron.api.extensions [None req-bb150977-75fe-4c02-b1a2-f9f45f7ed080 - - - - - -] Loaded extension: qos-port-network-policy
2026-05-11 01:31:52.574 8 INFO neutron.api.extensions [None req-bb150977-75fe-4c02-b1a2-f9f45f7ed080 - - - - - -] Loaded extension: qos-pps-minimum
2026-05-11 01:31:52.574 8 INFO neutron.api.extensions [None req-bb150977-75fe-4c02-b1a2-f9f45f7ed080 - - - - - -] Loaded extension: qos-pps-minimum-rule-alias
2026-05-11 01:31:52.575 8 INFO neutron.api.extensions [None req-bb150977-75fe-4c02-b1a2-f9f45f7ed080 - - - - - -] Loaded extension: qos-pps
2026-05-11 01:31:52.575 8 INFO neutron.api.extensions [None req-bb150977-75fe-4c02-b1a2-f9f45f7ed080 - - - - - -] Loaded extension: qos-rule-type-details
2026-05-11 01:31:52.576 8 INFO neutron.api.extensions [None req-bb150977-75fe-4c02-b1a2-f9f45f7ed080 - - - - - -] Loaded extension: qos-rule-type-filter
2026-05-11 01:31:52.576 8 INFO neutron.api.extensions [None req-bb150977-75fe-4c02-b1a2-f9f45f7ed080 - - - - - -] Loaded extension: qos-rules-alias
2026-05-11 01:31:52.577 8 INFO neutron.api.extensions [None req-bb150977-75fe-4c02-b1a2-f9f45f7ed080 - - - - - -] Loaded extension: quota-check-limit
2026-05-11 01:31:52.579 8 INFO neutron.api.extensions [None req-bb150977-75fe-4c02-b1a2-f9f45f7ed080 - - - - - -] Loaded extension: quotas
2026-05-11 01:31:52.580 8 INFO neutron.api.extensions [None req-bb150977-75fe-4c02-b1a2-f9f45f7ed080 - - - - - -] Loaded extension: quota_details
2026-05-11 01:31:52.581 8 INFO neutron.api.extensions [None req-bb150977-75fe-4c02-b1a2-f9f45f7ed080 - - - - - -] Loaded extension: rbac-policies
2026-05-11 01:31:52.582 8 INFO neutron.api.extensions [None req-bb150977-75fe-4c02-b1a2-f9f45f7ed080 - - - - - -] Loaded extension: rbac-address-group
2026-05-11 01:31:52.582 8 INFO neutron.api.extensions [None req-bb150977-75fe-4c02-b1a2-f9f45f7ed080 - - - - - -] Loaded extension: rbac-address-scope
2026-05-11 01:31:52.583 8 INFO neutron.api.extensions [None req-bb150977-75fe-4c02-b1a2-f9f45f7ed080 - - - - - -] Loaded extension: rbac-security-groups
2026-05-11 01:31:52.583 8 INFO neutron.api.extensions [None req-bb150977-75fe-4c02-b1a2-f9f45f7ed080 - - - - - -] Loaded extension: rbac-subnetpool
2026-05-11 01:31:52.584 8 INFO neutron.api.extensions [None req-bb150977-75fe-4c02-b1a2-f9f45f7ed080 - - - - - -] Loaded extension: revision-if-match
2026-05-11 01:31:52.585 8 INFO neutron.api.extensions [None req-bb150977-75fe-4c02-b1a2-f9f45f7ed080 - - - - - -] Loaded extension: standard-attr-revisions
2026-05-11 01:31:52.585 8 INFO neutron.api.extensions [None req-bb150977-75fe-4c02-b1a2-f9f45f7ed080 - - - - - -] Loaded extension: router_availability_zone
2026-05-11 01:31:52.586 8 INFO neutron.api.extensions [None req-bb150977-75fe-4c02-b1a2-f9f45f7ed080 - - - - - -] Extension router-service-type not supported by any of loaded plugins
2026-05-11 01:31:52.587 8 INFO neutron.api.extensions [None req-bb150977-75fe-4c02-b1a2-f9f45f7ed080 - - - - - -] Loaded extension: security-groups-default-rules
2026-05-11 01:31:52.588 8 INFO neutron.api.extensions [None req-bb150977-75fe-4c02-b1a2-f9f45f7ed080 - - - - - -] Loaded extension: security-groups-normalized-cidr
2026-05-11 01:31:52.588 8 INFO neutron.api.extensions [None req-bb150977-75fe-4c02-b1a2-f9f45f7ed080 - - - - - -] Loaded extension: port-security-groups-filtering
2026-05-11 01:31:52.589 8 INFO neutron.api.extensions [None req-bb150977-75fe-4c02-b1a2-f9f45f7ed080 - - - - - -] Loaded extension: security-groups-remote-address-group
2026-05-11 01:31:52.589 8 INFO neutron.api.extensions [None req-bb150977-75fe-4c02-b1a2-f9f45f7ed080 - - - - - -] Loaded extension: security-groups-rules-belongs-to-default-sg
2026-05-11 01:31:52.590 8 INFO neutron.api.extensions [None req-bb150977-75fe-4c02-b1a2-f9f45f7ed080 - - - - - -] Loaded extension: security-groups-shared-filtering
2026-05-11 01:31:52.594 8 INFO neutron.api.extensions [None req-bb150977-75fe-4c02-b1a2-f9f45f7ed080 - - - - - -] Loaded extension: security-group
2026-05-11 01:31:52.595 8 INFO neutron.api.extensions [None req-bb150977-75fe-4c02-b1a2-f9f45f7ed080 - - - - - -] Loaded extension: segment
2026-05-11 01:31:52.596 8 INFO neutron.api.extensions [None req-bb150977-75fe-4c02-b1a2-f9f45f7ed080 - - - - - -] Loaded extension: segments-peer-subnet-host-routes
2026-05-11 01:31:52.596 8 INFO neutron.api.extensions [None req-bb150977-75fe-4c02-b1a2-f9f45f7ed080 - - - - - -] Loaded extension: service-type
2026-05-11 01:31:52.597 8 INFO neutron.api.extensions [None req-bb150977-75fe-4c02-b1a2-f9f45f7ed080 - - - - - -] Loaded extension: sorting
2026-05-11 01:31:52.597 8 INFO neutron.api.extensions [None req-bb150977-75fe-4c02-b1a2-f9f45f7ed080 - - - - - -] Loaded extension: standard-attr-segment
2026-05-11 01:31:52.598 8 INFO neutron.api.extensions [None req-bb150977-75fe-4c02-b1a2-f9f45f7ed080 - - - - - -] Loaded extension: standard-attr-description
2026-05-11 01:31:52.599 8 INFO neutron.api.extensions [None req-bb150977-75fe-4c02-b1a2-f9f45f7ed080 - - - - - -] Loaded extension: stateful-security-group
2026-05-11 01:31:52.599 8 WARNING neutron.api.extensions [None req-bb150977-75fe-4c02-b1a2-f9f45f7ed080 - - - - - -] Did not find expected name "Stdattrs_common" in /var/lib/openstack/lib/python3.12/site-packages/neutron/extensions/stdattrs_common.py
2026-05-11 01:31:52.600 8 INFO neutron.api.extensions [None req-bb150977-75fe-4c02-b1a2-f9f45f7ed080 - - - - - -] Extension subnet-dns-publish-fixed-ip not supported by any of loaded plugins
2026-05-11 01:31:52.600 8 INFO neutron.api.extensions [None req-bb150977-75fe-4c02-b1a2-f9f45f7ed080 - - - - - -] Loaded extension: subnet-external-network
2026-05-11 01:31:52.601 8 INFO neutron.api.extensions [None req-bb150977-75fe-4c02-b1a2-f9f45f7ed080 - - - - - -] Loaded extension: subnet_onboard
2026-05-11 01:31:52.601 8 INFO neutron.api.extensions [None req-bb150977-75fe-4c02-b1a2-f9f45f7ed080 - - - - - -] Loaded extension: subnet-segmentid-writable
2026-05-11 01:31:52.602 8 INFO neutron.api.extensions [None req-bb150977-75fe-4c02-b1a2-f9f45f7ed080 - - - - - -] Loaded extension: subnet-service-types
2026-05-11 01:31:52.602 8 INFO neutron.api.extensions [None req-bb150977-75fe-4c02-b1a2-f9f45f7ed080 - - - - - -] Loaded extension: subnet_allocation
2026-05-11 01:31:52.603 8 INFO neutron.api.extensions [None req-bb150977-75fe-4c02-b1a2-f9f45f7ed080 - - - - - -] Loaded extension: subnetpool-prefix-ops
2026-05-11 01:31:52.604 8 INFO neutron.api.extensions [None req-bb150977-75fe-4c02-b1a2-f9f45f7ed080 - - - - - -] Loaded extension: tag-creation
2026-05-11 01:31:52.604 8 INFO neutron.api.extensions [None req-bb150977-75fe-4c02-b1a2-f9f45f7ed080 - - - - - -] Extension tag-ports-during-bulk-creation not supported by any of loaded plugins
2026-05-11 01:31:52.608 8 INFO neutron.api.extensions [None req-bb150977-75fe-4c02-b1a2-f9f45f7ed080 - - - - - -] Loaded extension: standard-attr-tag
2026-05-11 01:31:52.608 8 INFO neutron.api.extensions [None req-bb150977-75fe-4c02-b1a2-f9f45f7ed080 - - - - - -] Loaded extension: standard-attr-timestamp
2026-05-11 01:31:52.609 8 INFO neutron.api.extensions [None req-bb150977-75fe-4c02-b1a2-f9f45f7ed080 - - - - - -] Loaded extension: trunk
2026-05-11 01:31:52.609 8 INFO neutron.api.extensions [None req-bb150977-75fe-4c02-b1a2-f9f45f7ed080 - - - - - -] Loaded extension: trunk-details
2026-05-11 01:31:52.610 8 INFO neutron.api.extensions [None req-bb150977-75fe-4c02-b1a2-f9f45f7ed080 - - - - - -] Extension uplink-status-propagation not supported by any of loaded plugins
2026-05-11 01:31:52.611 8 INFO neutron.api.extensions [None req-bb150977-75fe-4c02-b1a2-f9f45f7ed080 - - - - - -] Extension vlan-transparent not supported by any of loaded plugins
2026-05-11 01:31:52.612 8 INFO neutron.api.extensions [None req-bb150977-75fe-4c02-b1a2-f9f45f7ed080 - - - - - -] Extension vpn-agent-scheduler not supported by any of loaded plugins
2026-05-11 01:31:52.613 8 INFO neutron.api.extensions [None req-bb150977-75fe-4c02-b1a2-f9f45f7ed080 - - - - - -] Loaded extension: vpn-endpoint-groups
2026-05-11 01:31:52.614 8 INFO neutron.api.extensions [None req-bb150977-75fe-4c02-b1a2-f9f45f7ed080 - - - - - -] Loaded extension: vpn-flavors
2026-05-11 01:31:52.615 8 INFO neutron.api.extensions [None req-bb150977-75fe-4c02-b1a2-f9f45f7ed080 - - - - - -] Loaded extension: vpnaas
2026-05-11 01:31:52.618 8 INFO neutron.quota.resource_registry [None req-bb150977-75fe-4c02-b1a2-f9f45f7ed080 - - - - - -] Creating instance of TrackedResource for resource:network
2026-05-11 01:31:52.618 8 INFO neutron.quota.resource_registry [None req-bb150977-75fe-4c02-b1a2-f9f45f7ed080 - - - - - -] Creating instance of TrackedResource for resource:subnet
2026-05-11 01:31:52.618 8 INFO neutron.quota.resource_registry [None req-bb150977-75fe-4c02-b1a2-f9f45f7ed080 - - - - - -] Creating instance of TrackedResource for resource:subnetpool
2026-05-11 01:31:52.618 8 INFO neutron.quota.resource_registry [None req-bb150977-75fe-4c02-b1a2-f9f45f7ed080 - - - - - -] Creating instance of TrackedResource for resource:port
2026-05-11 01:31:52.621 8 INFO neutron.quota.resource_registry [None req-bb150977-75fe-4c02-b1a2-f9f45f7ed080 - - - - - -] Creating instance of TrackedResource for resource:router
2026-05-11 01:31:52.622 8 INFO neutron.quota.resource_registry [None req-bb150977-75fe-4c02-b1a2-f9f45f7ed080 - - - - - -] Creating instance of TrackedResource for resource:floatingip
2026-05-11 01:31:52.627 8 INFO neutron.quota.resource_registry [None req-bb150977-75fe-4c02-b1a2-f9f45f7ed080 - - - - - -] Creating instance of CountableResource for resource:rbac_policy
2026-05-11 01:31:52.627 8 INFO neutron.quota.resource_registry [None req-bb150977-75fe-4c02-b1a2-f9f45f7ed080 - - - - - -] Creating instance of TrackedResource for resource:security_group
2026-05-11 01:31:52.628 8 INFO neutron.quota.resource_registry [None req-bb150977-75fe-4c02-b1a2-f9f45f7ed080 - - - - - -] Creating instance of TrackedResource for resource:security_group_rule
2026-05-11 01:31:52.629 8 INFO neutron.quota.resource_registry [None req-bb150977-75fe-4c02-b1a2-f9f45f7ed080 - - - - - -] Creating instance of TrackedResource for resource:subnetpool
2026-05-11 01:31:52.629 8 WARNING neutron.quota.resource_registry [None req-bb150977-75fe-4c02-b1a2-f9f45f7ed080 - - - - - -] subnetpool is already registered
2026-05-11 01:31:52.629 8 INFO neutron.quota.resource_registry [None req-bb150977-75fe-4c02-b1a2-f9f45f7ed080 - - - - - -] Creating instance of TrackedResource for resource:subnetpool
2026-05-11 01:31:52.629 8 WARNING neutron.quota.resource_registry [None req-bb150977-75fe-4c02-b1a2-f9f45f7ed080 - - - - - -] subnetpool is already registered
2026-05-11 01:31:52.630 8 INFO neutron.quota.resource_registry [None req-bb150977-75fe-4c02-b1a2-f9f45f7ed080 - - - - - -] Creating instance of CountableResource for resource:trunk
2026-05-11 01:31:52.630 8 INFO neutron.quota.resource_registry [None req-bb150977-75fe-4c02-b1a2-f9f45f7ed080 - - - - - -] Creating instance of CountableResource for resource:endpoint_group
2026-05-11 01:31:52.631 8 INFO neutron.quota.resource_registry [None req-bb150977-75fe-4c02-b1a2-f9f45f7ed080 - - - - - -] Creating instance of CountableResource for resource:vpnservice
2026-05-11 01:31:52.631 8 INFO neutron.quota.resource_registry [None req-bb150977-75fe-4c02-b1a2-f9f45f7ed080 - - - - - -] Creating instance of CountableResource for resource:ipsec_site_connection
2026-05-11 01:31:52.632 8 INFO neutron.quota.resource_registry [None req-bb150977-75fe-4c02-b1a2-f9f45f7ed080 - - - - - -] Creating instance of CountableResource for resource:ipsecpolicy
2026-05-11 01:31:52.632 8 INFO neutron.quota.resource_registry [None req-bb150977-75fe-4c02-b1a2-f9f45f7ed080 - - - - - -] Creating instance of CountableResource for resource:ikepolicy
2026-05-11 01:31:52.636 8 INFO neutron.quota.resource_registry [None req-bb150977-75fe-4c02-b1a2-f9f45f7ed080 - - - - - -] Creating instance of TrackedResource for resource:router
2026-05-11 01:31:52.636 8 WARNING neutron.quota.resource_registry [None req-bb150977-75fe-4c02-b1a2-f9f45f7ed080 - - - - - -] router is already registered
2026-05-11 01:31:52.636 8 INFO neutron.quota.resource_registry [None req-bb150977-75fe-4c02-b1a2-f9f45f7ed080 - - - - - -] Creating instance of TrackedResource for resource:floatingip
2026-05-11 01:31:52.637 8 WARNING neutron.quota.resource_registry [None req-bb150977-75fe-4c02-b1a2-f9f45f7ed080 - - - - - -] floatingip is already registered
2026-05-11 01:31:52.640 8 INFO neutron.quota.resource_registry [None req-bb150977-75fe-4c02-b1a2-f9f45f7ed080 - - - - - -] Creating instance of CountableResource for resource:rbac_policy
2026-05-11 01:31:52.640 8 WARNING neutron.quota.resource_registry [None req-bb150977-75fe-4c02-b1a2-f9f45f7ed080 - - - - - -] rbac_policy is already registered
2026-05-11 01:31:52.641 8 INFO neutron.quota.resource_registry [None req-bb150977-75fe-4c02-b1a2-f9f45f7ed080 - - - - - -] Creating instance of TrackedResource for resource:security_group
2026-05-11 01:31:52.641 8 WARNING neutron.quota.resource_registry [None req-bb150977-75fe-4c02-b1a2-f9f45f7ed080 - - - - - -] security_group is already registered
2026-05-11 01:31:52.641 8 INFO neutron.quota.resource_registry [None req-bb150977-75fe-4c02-b1a2-f9f45f7ed080 - - - - - -] Creating instance of TrackedResource for resource:security_group_rule
2026-05-11 01:31:52.642 8 WARNING neutron.quota.resource_registry [None req-bb150977-75fe-4c02-b1a2-f9f45f7ed080 - - - - - -] security_group_rule is already registered
2026-05-11 01:31:52.642 8 INFO neutron.quota.resource_registry [None req-bb150977-75fe-4c02-b1a2-f9f45f7ed080 - - - - - -] Creating instance of TrackedResource for resource:subnetpool
2026-05-11 01:31:52.643 8 WARNING neutron.quota.resource_registry [None req-bb150977-75fe-4c02-b1a2-f9f45f7ed080 - - - - - -] subnetpool is already registered
2026-05-11 01:31:52.643 8 INFO neutron.quota.resource_registry [None req-bb150977-75fe-4c02-b1a2-f9f45f7ed080 - - - - - -] Creating instance of TrackedResource for resource:subnetpool
2026-05-11 01:31:52.643 8 WARNING neutron.quota.resource_registry [None req-bb150977-75fe-4c02-b1a2-f9f45f7ed080 - - - - - -] subnetpool is already registered
2026-05-11 01:31:52.644 8 INFO neutron.quota.resource_registry [None req-bb150977-75fe-4c02-b1a2-f9f45f7ed080 - - - - - -] Creating instance of CountableResource for resource:trunk
2026-05-11 01:31:52.644 8 WARNING neutron.quota.resource_registry [None req-bb150977-75fe-4c02-b1a2-f9f45f7ed080 - - - - - -] trunk is already registered
2026-05-11 01:31:52.644 8 INFO neutron.quota.resource_registry [None req-bb150977-75fe-4c02-b1a2-f9f45f7ed080 - - - - - -] Creating instance of CountableResource for resource:endpoint_group
2026-05-11 01:31:52.644 8 WARNING neutron.quota.resource_registry [None req-bb150977-75fe-4c02-b1a2-f9f45f7ed080 - - - - - -] endpoint_group is already registered
2026-05-11 01:31:52.645 8 INFO neutron.quota.resource_registry [None req-bb150977-75fe-4c02-b1a2-f9f45f7ed080 - - - - - -] Creating instance of CountableResource for resource:vpnservice
2026-05-11 01:31:52.645 8 WARNING neutron.quota.resource_registry [None req-bb150977-75fe-4c02-b1a2-f9f45f7ed080 - - - - - -] vpnservice is already registered
2026-05-11 01:31:52.645 8 INFO neutron.quota.resource_registry [None req-bb150977-75fe-4c02-b1a2-f9f45f7ed080 - - - - - -] Creating instance of CountableResource for resource:ipsec_site_connection
2026-05-11 01:31:52.645 8 WARNING neutron.quota.resource_registry [None req-bb150977-75fe-4c02-b1a2-f9f45f7ed080 - - - - - -] ipsec_site_connection is already registered
2026-05-11 01:31:52.646 8 INFO neutron.quota.resource_registry [None req-bb150977-75fe-4c02-b1a2-f9f45f7ed080 - - - - - -] Creating instance of CountableResource for resource:ipsecpolicy
2026-05-11 01:31:52.646 8 WARNING neutron.quota.resource_registry [None req-bb150977-75fe-4c02-b1a2-f9f45f7ed080 - - - - - -] ipsecpolicy is already registered
2026-05-11 01:31:52.646 8 INFO neutron.quota.resource_registry [None req-bb150977-75fe-4c02-b1a2-f9f45f7ed080 - - - - - -] Creating instance of CountableResource for resource:ikepolicy
2026-05-11 01:31:52.647 8 WARNING neutron.quota.resource_registry [None req-bb150977-75fe-4c02-b1a2-f9f45f7ed080 - - - - - -] ikepolicy is already registered
2026-05-11 01:31:52.730 7 WARNING keystonemiddleware._common.config [None req-1a43fb70-8d5d-4fdf-ae7b-e473839bc3a3 - - - - - -] The option "audit_map_file" is not known to keystonemiddleware
2026-05-11 01:31:52.736 7 WARNING oslo_config.cfg [None req-1a43fb70-8d5d-4fdf-ae7b-e473839bc3a3 - - - - - -] Deprecated: Option "auth_uri" from group "keystone_authtoken" is deprecated. Use option "www_authenticate_uri" from group "keystone_authtoken". WSGI app 0 (mountpoint='') ready in 7 seconds on interpreter 0x7fd99fd06668 pid: 7 (default app)
2026-05-11 01:31:52.861 8 WARNING keystonemiddleware._common.config [None req-bb150977-75fe-4c02-b1a2-f9f45f7ed080 - - - - - -] The option "audit_map_file" is not known to keystonemiddleware
2026-05-11 01:31:52.869 8 WARNING oslo_config.cfg [None req-bb150977-75fe-4c02-b1a2-f9f45f7ed080 - - - - - -] Deprecated: Option "auth_uri" from group "keystone_authtoken" is deprecated. Use option "www_authenticate_uri" from group "keystone_authtoken". WSGI app 0 (mountpoint='') ready in 7 seconds on interpreter 0x7fd99fd06668 pid: 8 (default app) /var/lib/openstack/lib/python3.12/site-packages/pycadf/identifier.py:71: UserWarning: Invalid uuid: unknown. To ensure interoperability, identifiers should be a valid uuid. warnings.warn(('Invalid uuid: %s. To ensure interoperability, '
2026-05-11 01:31:58.136 8 INFO neutron.pecan_wsgi.hooks.translation [None req-7d9b56e2-e130-4f85-897d-9a2c19675304 192505b12ae64a66a483b248d5fb861f c246ff017f904d8582579bc21bc99341 - - default default] GET failed (client error): The resource could not be found. [pid: 8|app: 0|req: 1/4] 199.204.45.109 () {44 vars in 927 bytes} [Mon May 11 01:31:57 2026] GET /v2.0/networks/public => generated 108 bytes in 683 msecs (HTTP/1.1 404) 4 headers in 164 bytes (1 switches on core 0) /var/lib/openstack/lib/python3.12/site-packages/pycadf/identifier.py:71: UserWarning: Invalid uuid: unknown. To ensure interoperability, identifiers should be a valid uuid. warnings.warn(('Invalid uuid: %s. To ensure interoperability, ' [pid: 7|app: 0|req: 4/5] 199.204.45.109 () {44 vars in 949 bytes} [Mon May 11 01:31:58 2026] GET /v2.0/networks?name=public => generated 15 bytes in 225 msecs (HTTP/1.1 200) 4 headers in 156 bytes (1 switches on core 0)
2026-05-11 01:31:58.716 8 WARNING neutron.services.revisions.revision_plugin [None req-d95939bc-c895-4878-90e8-aa47252eb900 192505b12ae64a66a483b248d5fb861f c246ff017f904d8582579bc21bc99341 - - default default] Could not find related network for resource to bump revision.
2026-05-11 01:31:58.738 8 INFO neutron.db.segments_db [None req-d95939bc-c895-4878-90e8-aa47252eb900 192505b12ae64a66a483b248d5fb861f c246ff017f904d8582579bc21bc99341 - - default default] Added segment 4ba023d7-50e4-4e9c-b8c3-70b9e3e177d7 of type flat for network 0ea17029-08f1-4f03-bef0-8a86a01fa5fd
2026-05-11 01:31:58.778 8 INFO neutron.pecan_wsgi.hooks.translation [None req-d95939bc-c895-4878-90e8-aa47252eb900 192505b12ae64a66a483b248d5fb861f c246ff017f904d8582579bc21bc99341 - - default default] POST failed (client error): The resource could not be found. [pid: 8|app: 0|req: 2/6] 199.204.45.109 () {48 vars in 967 bytes} [Mon May 11 01:31:58 2026] POST /v2.0/networks => generated 124 bytes in 420 msecs (HTTP/1.1 404) 4 headers in 164 bytes (1 switches on core 0)
2026-05-11 01:32:04.969 7 INFO neutron.pecan_wsgi.hooks.translation [None req-53789322-5020-4187-8e24-ce5fb9ae3bf4 192505b12ae64a66a483b248d5fb861f c246ff017f904d8582579bc21bc99341 - - default default] GET failed (client error): The resource could not be found. [pid: 7|app: 0|req: 5/7] 199.204.45.109 () {44 vars in 927 bytes} [Mon May 11 01:32:04 2026] GET /v2.0/networks/public => generated 108 bytes in 393 msecs (HTTP/1.1 404) 4 headers in 164 bytes (1 switches on core 0) [pid: 8|app: 0|req: 3/8] 199.204.45.109 () {44 vars in 949 bytes} [Mon May 11 01:32:04 2026] GET /v2.0/networks?name=public => generated 15 bytes in 24 msecs (HTTP/1.1 200) 4 headers in 156 bytes (1 switches on core 0)
2026-05-11 01:32:05.214 7 WARNING neutron.services.revisions.revision_plugin [None req-80a29070-3d45-4506-8cb3-fcdea9ca09da 192505b12ae64a66a483b248d5fb861f c246ff017f904d8582579bc21bc99341 - - default default] Could not find related network for resource to bump revision.
2026-05-11 01:32:05.237 7 INFO neutron.db.segments_db [None req-80a29070-3d45-4506-8cb3-fcdea9ca09da 192505b12ae64a66a483b248d5fb861f c246ff017f904d8582579bc21bc99341 - - default default] Added segment 855d5aa0-c770-4fc3-8d99-7752070f720c of type flat for network 49799ec9-736a-4027-81d5-0963651bbe7a
2026-05-11 01:32:05.281 7 INFO neutron.pecan_wsgi.hooks.translation [None req-80a29070-3d45-4506-8cb3-fcdea9ca09da 192505b12ae64a66a483b248d5fb861f c246ff017f904d8582579bc21bc99341 - - default default] POST failed (client error): The resource could not be found. [pid: 7|app: 0|req: 6/9] 199.204.45.109 () {48 vars in 967 bytes} [Mon May 11 01:32:05 2026] POST /v2.0/networks => generated 124 bytes in 293 msecs (HTTP/1.1 404) 4 headers in 164 bytes (1 switches on core 0)
2026-05-11 01:32:11.134 7 INFO neutron.pecan_wsgi.hooks.translation [None req-95a9c7c2-65d1-4853-b718-b7725dda4f85 192505b12ae64a66a483b248d5fb861f c246ff017f904d8582579bc21bc99341 - - default default] GET failed (client error): The resource could not be found. [pid: 7|app: 0|req: 7/11] 199.204.45.109 () {44 vars in 927 bytes} [Mon May 11 01:32:11 2026] GET /v2.0/networks/public => generated 108 bytes in 39 msecs (HTTP/1.1 404) 4 headers in 164 bytes (1 switches on core 0) [pid: 8|app: 0|req: 5/12] 199.204.45.109 () {44 vars in 949 bytes} [Mon May 11 01:32:11 2026] GET /v2.0/networks?name=public => generated 15 bytes in 9 msecs (HTTP/1.1 200) 4 headers in 156 bytes (1 switches on core 0)
2026-05-11 01:32:11.200 7 WARNING neutron.services.revisions.revision_plugin [None req-5563d83d-bea4-42e8-9f49-d7fad36c70bb 192505b12ae64a66a483b248d5fb861f c246ff017f904d8582579bc21bc99341 - - default default] Could not find related network for resource to bump revision.
2026-05-11 01:32:11.212 7 INFO neutron.db.segments_db [None req-5563d83d-bea4-42e8-9f49-d7fad36c70bb 192505b12ae64a66a483b248d5fb861f c246ff017f904d8582579bc21bc99341 - - default default] Added segment 6f823c27-4510-4132-84de-79a696a77942 of type flat for network e0e4ae00-8a16-4d7f-ada9-1fbca9faa1bf
2026-05-11 01:32:11.237 7 INFO neutron.pecan_wsgi.hooks.translation [None req-5563d83d-bea4-42e8-9f49-d7fad36c70bb 192505b12ae64a66a483b248d5fb861f c246ff017f904d8582579bc21bc99341 - - default default] POST failed (client error): The resource could not be found. [pid: 7|app: 0|req: 8/13] 199.204.45.109 () {48 vars in 967 bytes} [Mon May 11 01:32:11 2026] POST /v2.0/networks => generated 124 bytes in 96 msecs (HTTP/1.1 404) 4 headers in 164 bytes (1 switches on core 0)
2026-05-11 01:32:17.073 8 INFO neutron.pecan_wsgi.hooks.translation [None req-47462a19-d356-495e-8b19-4a7e95a06fec 192505b12ae64a66a483b248d5fb861f c246ff017f904d8582579bc21bc99341 - - default default] GET failed (client error): The resource could not be found. [pid: 8|app: 0|req: 6/14] 199.204.45.109 () {44 vars in 927 bytes} [Mon May 11 01:32:17 2026] GET /v2.0/networks/public => generated 108 bytes in 39 msecs (HTTP/1.1 404) 4 headers in 164 bytes (1 switches on core 0) [pid: 7|app: 0|req: 9/15] 199.204.45.109 () {44 vars in 949 bytes} [Mon May 11 01:32:17 2026] GET /v2.0/networks?name=public => generated 15 bytes in 14 msecs (HTTP/1.1 200) 4 headers in 156 bytes (1 switches on core 0)
2026-05-11 01:32:17.155 8 WARNING neutron.services.revisions.revision_plugin [None req-1622b4ec-0ae2-40ff-bec0-b76484baa9e6 192505b12ae64a66a483b248d5fb861f c246ff017f904d8582579bc21bc99341 - - default default] Could not find related network for resource to bump revision.
2026-05-11 01:32:17.178 8 INFO neutron.db.segments_db [None req-1622b4ec-0ae2-40ff-bec0-b76484baa9e6 192505b12ae64a66a483b248d5fb861f c246ff017f904d8582579bc21bc99341 - - default default] Added segment 65e81763-37c5-40f4-9210-a5de0e8d0e71 of type flat for network 64580346-093f-43bb-9f8a-cff29db06746
2026-05-11 01:32:17.203 8 INFO neutron.pecan_wsgi.hooks.translation [None req-1622b4ec-0ae2-40ff-bec0-b76484baa9e6 192505b12ae64a66a483b248d5fb861f c246ff017f904d8582579bc21bc99341 - - default default] POST failed (client error): The resource could not be found. [pid: 8|app: 0|req: 7/16] 199.204.45.109 () {48 vars in 967 bytes} [Mon May 11 01:32:17 2026] POST /v2.0/networks => generated 124 bytes in 115 msecs (HTTP/1.1 404) 4 headers in 164 bytes (1 switches on core 0)
2026-05-11 01:32:23.037 7 INFO neutron.pecan_wsgi.hooks.translation [None req-2f684e80-b05b-469f-a00c-36ba5d0c363a 192505b12ae64a66a483b248d5fb861f c246ff017f904d8582579bc21bc99341 - - default default] GET failed (client error): The resource could not be found. [pid: 7|app: 0|req: 10/17] 199.204.45.109 () {44 vars in 927 bytes} [Mon May 11 01:32:22 2026] GET /v2.0/networks/public => generated 108 bytes in 44 msecs (HTTP/1.1 404) 4 headers in 164 bytes (1 switches on core 0) [pid: 8|app: 0|req: 8/18] 199.204.45.109 () {44 vars in 949 bytes} [Mon May 11 01:32:23 2026] GET /v2.0/networks?name=public => generated 15 bytes in 10 msecs (HTTP/1.1 200) 4 headers in 156 bytes (1 switches on core 0)
2026-05-11 01:32:23.108 7 WARNING neutron.services.revisions.revision_plugin [None req-ca1d233c-40b1-4376-bbe7-da19a4ad77f7 192505b12ae64a66a483b248d5fb861f c246ff017f904d8582579bc21bc99341 - - default default] Could not find related network for resource to bump revision.
2026-05-11 01:32:23.125 7 INFO neutron.db.segments_db [None req-ca1d233c-40b1-4376-bbe7-da19a4ad77f7 192505b12ae64a66a483b248d5fb861f c246ff017f904d8582579bc21bc99341 - - default default] Added segment 7231c765-9686-4f28-966c-8d581f4f487f of type flat for network 8cc3a7d0-ce1d-49ff-b9f6-b08a5943e164
2026-05-11 01:32:23.151 7 INFO neutron.pecan_wsgi.hooks.translation [None req-ca1d233c-40b1-4376-bbe7-da19a4ad77f7 192505b12ae64a66a483b248d5fb861f c246ff017f904d8582579bc21bc99341 - - default default] POST failed (client error): The resource could not be found. [pid: 7|app: 0|req: 11/19] 199.204.45.109 () {48 vars in 967 bytes} [Mon May 11 01:32:23 2026] POST /v2.0/networks => generated 124 bytes in 111 msecs (HTTP/1.1 404) 4 headers in 164 bytes (1 switches on core 0)
2026-05-11 01:32:29.038 7 INFO neutron.pecan_wsgi.hooks.translation [None req-f22dc030-862a-4030-9d02-59c4d4e79799 192505b12ae64a66a483b248d5fb861f c246ff017f904d8582579bc21bc99341 - - default default] GET failed (client error): The resource could not be found. [pid: 7|app: 0|req: 12/21] 199.204.45.109 () {44 vars in 927 bytes} [Mon May 11 01:32:28 2026] GET /v2.0/networks/public => generated 108 bytes in 59 msecs (HTTP/1.1 404) 4 headers in 164 bytes (1 switches on core 0) [pid: 8|app: 0|req: 10/22] 199.204.45.109 () {44 vars in 949 bytes} [Mon May 11 01:32:29 2026] GET /v2.0/networks?name=public => generated 15 bytes in 14 msecs (HTTP/1.1 200) 4 headers in 156 bytes (1 switches on core 0)
2026-05-11 01:32:29.110 7 WARNING neutron.services.revisions.revision_plugin [None req-553b6359-ed32-48c3-b7e0-dc9cfa6d8c27 192505b12ae64a66a483b248d5fb861f c246ff017f904d8582579bc21bc99341 - - default default] Could not find related network for resource to bump revision.
2026-05-11 01:32:29.126 7 INFO neutron.db.segments_db [None req-553b6359-ed32-48c3-b7e0-dc9cfa6d8c27 192505b12ae64a66a483b248d5fb861f c246ff017f904d8582579bc21bc99341 - - default default] Added segment 5f4506b3-9908-4524-8685-66c5f5c074a5 of type flat for network b1d633d7-8e8d-4879-be3c-68920fffbb31
2026-05-11 01:32:29.149 7 INFO neutron.pecan_wsgi.hooks.translation [None req-553b6359-ed32-48c3-b7e0-dc9cfa6d8c27 192505b12ae64a66a483b248d5fb861f c246ff017f904d8582579bc21bc99341 - - default default] POST failed (client error): The resource could not be found. [pid: 7|app: 0|req: 13/23] 199.204.45.109 () {48 vars in 967 bytes} [Mon May 11 01:32:29 2026] POST /v2.0/networks => generated 124 bytes in 97 msecs (HTTP/1.1 404) 4 headers in 164 bytes (1 switches on core 0)
2026-05-11 01:32:35.024 8 INFO neutron.pecan_wsgi.hooks.translation [None req-fb12cb5a-5c33-46b4-bf52-eb11b2484010 192505b12ae64a66a483b248d5fb861f c246ff017f904d8582579bc21bc99341 - - default default] GET failed (client error): The resource could not be found. [pid: 8|app: 0|req: 11/24] 199.204.45.109 () {44 vars in 927 bytes} [Mon May 11 01:32:34 2026] GET /v2.0/networks/public => generated 108 bytes in 60 msecs (HTTP/1.1 404) 4 headers in 164 bytes (1 switches on core 0) [pid: 7|app: 0|req: 14/25] 199.204.45.109 () {44 vars in 949 bytes} [Mon May 11 01:32:35 2026] GET /v2.0/networks?name=public => generated 15 bytes in 12 msecs (HTTP/1.1 200) 4 headers in 156 bytes (1 switches on core 0)
2026-05-11 01:32:35.090 8 WARNING neutron.services.revisions.revision_plugin [None req-97cd2aab-4e80-4dcc-b975-54667399023d 192505b12ae64a66a483b248d5fb861f c246ff017f904d8582579bc21bc99341 - - default default] Could not find related network for resource to bump revision.
2026-05-11 01:32:35.110 8 INFO neutron.db.segments_db [None req-97cd2aab-4e80-4dcc-b975-54667399023d 192505b12ae64a66a483b248d5fb861f c246ff017f904d8582579bc21bc99341 - - default default] Added segment f03b3192-332e-4a10-814f-30d626a28bd0 of type flat for network 50408f95-b3f9-4eee-b88c-54299c36d98b [pid: 8|app: 0|req: 12/26] 199.204.45.109 () {48 vars in 967 bytes} [Mon May 11 01:32:35 2026] POST /v2.0/networks => generated 706 bytes in 185 msecs (HTTP/1.1 201) 4 headers in 162 bytes (1 switches on core 0)
2026-05-11 01:32:36.219 7 INFO neutron.pecan_wsgi.hooks.translation [None req-f12d5932-e95c-4fc6-83c8-2c25d05c02f7 192505b12ae64a66a483b248d5fb861f c246ff017f904d8582579bc21bc99341 - - default default] GET failed (client error): The resource could not be found. [pid: 7|app: 0|req: 15/27] 199.204.45.109 () {44 vars in 927 bytes} [Mon May 11 01:32:36 2026] GET /v2.0/networks/public => generated 108 bytes in 40 msecs (HTTP/1.1 404) 4 headers in 164 bytes (1 switches on core 0) [pid: 8|app: 0|req: 13/28] 199.204.45.109 () {44 vars in 949 bytes} [Mon May 11 01:32:36 2026] GET /v2.0/networks?name=public => generated 709 bytes in 32 msecs (HTTP/1.1 200) 4 headers in 157 bytes (1 switches on core 0)
2026-05-11 01:32:36.287 7 INFO neutron.pecan_wsgi.hooks.translation [None req-604444a9-2c0f-4eb0-8db8-0e7504ac4411 192505b12ae64a66a483b248d5fb861f c246ff017f904d8582579bc21bc99341 - - default default] GET failed (client error): The resource could not be found. [pid: 7|app: 0|req: 16/29] 199.204.45.109 () {44 vars in 1034 bytes} [Mon May 11 01:32:36 2026] GET /v2.0/subnets/public-subnet?network_id=50408f95-b3f9-4eee-b88c-54299c36d98b => generated 113 bytes in 22 msecs (HTTP/1.1 404) 4 headers in 164 bytes (1 switches on core 0) [pid: 8|app: 0|req: 14/30] 199.204.45.109 () {44 vars in 1057 bytes} [Mon May 11 01:32:36 2026] GET /v2.0/subnets?name=public-subnet&network_id=50408f95-b3f9-4eee-b88c-54299c36d98b => generated 14 bytes in 24 msecs (HTTP/1.1 200) 4 headers in 156 bytes (1 switches on core 0) [pid: 7|app: 0|req: 17/31] 199.204.45.109 () {48 vars in 965 bytes} [Mon May 11 01:32:36 2026] POST /v2.0/subnets => generated 664 bytes in 313 msecs (HTTP/1.1 201) 4 headers in 162 bytes (1 switches on core 0)
2026-05-11 01:37:12.423 7 ERROR oslo.messaging._drivers.impl_rabbit [-] [35ff7e5b-d0ad-4131-9ef4-a385f9b83fc2] AMQP server on rabbitmq-neutron.openstack.svc.cluster.local:5672 is unreachable: . Trying again in 1 seconds.: amqp.exceptions.RecoverableConnectionError:
2026-05-11 01:37:12.428 7 INFO oslo.messaging._drivers.impl_rabbit [-] A recoverable connection/channel error occurred, trying to reconnect: Server unexpectedly closed connection Mon May 11 01:37:12 2026 - SIGPIPE: writing to a closed pipe/socket/fd (probably the client disconnected) on request /v2.0/networks/lb-mgmt-net (ip 199.204.45.109) !!!
2026-05-11 01:37:12.548 7 INFO neutron.pecan_wsgi.hooks.translation [None req-fb4b39bc-9314-451b-a8af-5fa7f0b57458 192505b12ae64a66a483b248d5fb861f c246ff017f904d8582579bc21bc99341 - - default default] GET failed (client error): The resource could not be found. [pid: 7|app: 0|req: 36/69] 199.204.45.109 () {44 vars in 937 bytes} [Mon May 11 01:37:12 2026] GET /v2.0/networks/lb-mgmt-net => generated 113 bytes in 130 msecs (HTTP/1.1 404) 4 headers in 164 bytes (1 switches on core 0)
2026-05-11 01:37:12.558 8 ERROR oslo.messaging._drivers.impl_rabbit [-] [23ab4d93-f263-4aa7-acaa-5dbe00acf847] AMQP server on rabbitmq-neutron.openstack.svc.cluster.local:5672 is unreachable: . Trying again in 1 seconds.: amqp.exceptions.RecoverableConnectionError:
2026-05-11 01:37:12.561 8 INFO oslo.messaging._drivers.impl_rabbit [-] A recoverable connection/channel error occurred, trying to reconnect: Server unexpectedly closed connection Mon May 11 01:37:12 2026 - SIGPIPE: writing to a closed pipe/socket/fd (probably the client disconnected) on request /v2.0/networks?name=lb-mgmt-net (ip 199.204.45.109) !!! [pid: 8|app: 0|req: 34/70] 199.204.45.109 () {44 vars in 959 bytes} [Mon May 11 01:37:12 2026] GET /v2.0/networks?name=lb-mgmt-net => generated 15 bytes in 23 msecs (HTTP/1.1 200) 4 headers in 156 bytes (1 switches on core 0)
2026-05-11 01:37:12.643 7 INFO neutron.db.segments_db [None req-667e2058-7e0e-430f-8ced-ce259ca27b3e 192505b12ae64a66a483b248d5fb861f c246ff017f904d8582579bc21bc99341 - - default default] Added segment b475f484-c6f9-493d-a065-c65b6f3e69b4 of type vxlan for network 50ed1829-2724-488c-a342-09fa5d3b5ee3 [pid: 7|app: 0|req: 37/71] 199.204.45.109 () {48 vars in 966 bytes} [Mon May 11 01:37:12 2026] POST /v2.0/networks => generated 707 bytes in 340 msecs (HTTP/1.1 201) 4 headers in 162 bytes (1 switches on core 0)
2026-05-11 01:37:13.791 8 INFO oslo.messaging._drivers.impl_rabbit [-] [23ab4d93-f263-4aa7-acaa-5dbe00acf847] Reconnected to AMQP server on rabbitmq-neutron.openstack.svc.cluster.local:5672 via [amqp] client with port 47164.
2026-05-11 01:37:13.832 8 INFO neutron.pecan_wsgi.hooks.translation [None req-735c9451-c68e-4e58-86c4-bac799877c93 192505b12ae64a66a483b248d5fb861f c246ff017f904d8582579bc21bc99341 - - default default] GET failed (client error): The resource could not be found. [pid: 8|app: 0|req: 35/72] 199.204.45.109 () {44 vars in 937 bytes} [Mon May 11 01:37:13 2026] GET /v2.0/networks/lb-mgmt-net => generated 113 bytes in 66 msecs (HTTP/1.1 404) 4 headers in 164 bytes (1 switches on core 0)
2026-05-11 01:37:13.863 7 INFO oslo.messaging._drivers.impl_rabbit [-] [35ff7e5b-d0ad-4131-9ef4-a385f9b83fc2] Reconnected to AMQP server on rabbitmq-neutron.openstack.svc.cluster.local:5672 via [amqp] client with port 47180. [pid: 7|app: 0|req: 38/73] 199.204.45.109 () {44 vars in 959 bytes} [Mon May 11 01:37:13 2026] GET /v2.0/networks?name=lb-mgmt-net => generated 691 bytes in 35 msecs (HTTP/1.1 200) 4 headers in 157 bytes (1 switches on core 0)
2026-05-11 01:37:13.901 8 INFO neutron.pecan_wsgi.hooks.translation [None req-cb26ea46-3267-4133-b4aa-85e5ba0292b6 192505b12ae64a66a483b248d5fb861f c246ff017f904d8582579bc21bc99341 - - default default] GET failed (client error): The resource could not be found. [pid: 8|app: 0|req: 36/74] 199.204.45.109 () {44 vars in 1036 bytes} [Mon May 11 01:37:13 2026] GET /v2.0/subnets/lb-mgmt-subnet?network_id=50ed1829-2724-488c-a342-09fa5d3b5ee3 => generated 114 bytes in 22 msecs (HTTP/1.1 404) 4 headers in 164 bytes (1 switches on core 0) [pid: 7|app: 0|req: 39/75] 199.204.45.109 () {44 vars in 1059 bytes} [Mon May 11 01:37:13 2026] GET /v2.0/subnets?name=lb-mgmt-subnet&network_id=50ed1829-2724-488c-a342-09fa5d3b5ee3 => generated 14 bytes in 19 msecs (HTTP/1.1 200) 4 headers in 156 bytes (1 switches on core 0) [pid: 8|app: 0|req: 37/76] 199.204.45.109 () {48 vars in 965 bytes} [Mon May 11 01:37:13 2026] POST /v2.0/subnets => generated 651 bytes in 380 msecs (HTTP/1.1 201) 4 headers in 162 bytes (1 switches on core 0)
