+ COMMAND=start + start + for KEYSTONE_WSGI_SCRIPT in keystone-wsgi-public ++ type -p keystone-wsgi-public + cp -a /var/lib/openstack/bin/keystone-wsgi-public /var/www/cgi-bin/keystone/ + '[' -f /etc/apache2/envvars ']' + source /etc/apache2/envvars ++ unset HOME ++ '[' '' '!=' '' ']' ++ SUFFIX= ++ export APACHE_RUN_USER=www-data ++ APACHE_RUN_USER=www-data ++ export APACHE_RUN_GROUP=www-data ++ APACHE_RUN_GROUP=www-data ++ export APACHE_PID_FILE=/var/run/apache2/apache2.pid ++ APACHE_PID_FILE=/var/run/apache2/apache2.pid ++ export APACHE_RUN_DIR=/var/run/apache2 ++ APACHE_RUN_DIR=/var/run/apache2 ++ export APACHE_LOCK_DIR=/var/lock/apache2 ++ APACHE_LOCK_DIR=/var/lock/apache2 ++ export APACHE_LOG_DIR=/var/log/apache2 ++ APACHE_LOG_DIR=/var/log/apache2 ++ export LANG=C ++ LANG=C ++ export LANG + '[' -f /var/run/apache2/apache2.pid ']' + exec apache2 -DFOREGROUND AH00558: apache2: Could not reliably determine the server's fully qualified domain name, using 10.0.0.249. Set the 'ServerName' directive globally to suppress this message AH00558: apache2: Could not reliably determine the server's fully qualified domain name, using 10.0.0.249. Set the 'ServerName' directive globally to suppress this message
[Tue Aug 25 19:20:39.250928 2026] [mpm_event:notice] [pid 1:tid 140568876447616] AH00489: Apache/2.4.58 (Ubuntu) mod_wsgi/5.0.0 Python/3.12 configured -- resuming normal operations
[Tue Aug 25 19:20:39.251109 2026] [core:notice] [pid 1:tid 140568876447616] AH00094: Command line: 'apache2 -D FOREGROUND'
[Tue Aug 25 19:21:42.487773 2026] [wsgi:error] [pid 9:tid 140568239675072] /var/lib/openstack/lib/python3.12/site-packages/oslo_utils/importutils.py:77: EventletDeprecationWarning:
[Tue Aug 25 19:21:42.487810 2026] [wsgi:error] [pid 9:tid 140568239675072] Eventlet is deprecated. It is currently being maintained in bugfix mode, and
[Tue Aug 25 19:21:42.487812 2026] [wsgi:error] [pid 9:tid 140568239675072] we strongly recommend against using it for new projects.
[Tue Aug 25 19:21:42.487813 2026] [wsgi:error] [pid 9:tid 140568239675072]
[Tue Aug 25 19:21:42.487814 2026] [wsgi:error] [pid 9:tid 140568239675072] If you are already using Eventlet, we recommend migrating to a different
[Tue Aug 25 19:21:42.487815 2026] [wsgi:error] [pid 9:tid 140568239675072] framework. For more detail see
[Tue Aug 25 19:21:42.487816 2026] [wsgi:error] [pid 9:tid 140568239675072] https://eventlet.readthedocs.io/en/latest/asyncio/migration.html
[Tue Aug 25 19:21:42.487818 2026] [wsgi:error] [pid 9:tid 140568239675072]
[Tue Aug 25 19:21:42.487819 2026] [wsgi:error] [pid 9:tid 140568239675072] __import__(import_str)
[Tue Aug 25 19:21:42.501294 2026] [wsgi:error] [pid 10:tid 140568239675072] /var/lib/openstack/lib/python3.12/site-packages/oslo_utils/importutils.py:77: EventletDeprecationWarning:
[Tue Aug 25 19:21:42.501330 2026] [wsgi:error] [pid 10:tid 140568239675072] Eventlet is deprecated. It is currently being maintained in bugfix mode, and
[Tue Aug 25 19:21:42.501332 2026] [wsgi:error] [pid 10:tid 140568239675072] we strongly recommend against using it for new projects.
[Tue Aug 25 19:21:42.501333 2026] [wsgi:error] [pid 10:tid 140568239675072]
[Tue Aug 25 19:21:42.501334 2026] [wsgi:error] [pid 10:tid 140568239675072] If you are already using Eventlet, we recommend migrating to a different
[Tue Aug 25 19:21:42.501335 2026] [wsgi:error] [pid 10:tid 140568239675072] framework. For more detail see
[Tue Aug 25 19:21:42.501337 2026] [wsgi:error] [pid 10:tid 140568239675072] https://eventlet.readthedocs.io/en/latest/asyncio/migration.html
[Tue Aug 25 19:21:42.501338 2026] [wsgi:error] [pid 10:tid 140568239675072]
[Tue Aug 25 19:21:42.501339 2026] [wsgi:error] [pid 10:tid 140568239675072] __import__(import_str) 10.0.0.225 - - [25/Aug/2026:19:21:41 +0000] "GET /v3/ HTTP/1.1" 200 250 10.0.0.225 - - [25/Aug/2026:19:21:41 +0000] "GET /v3/ HTTP/1.1" 200 250
[Tue Aug 25 19:21:55.329423 2026] [wsgi:error] [pid 12:tid 140568239675072] /var/lib/openstack/lib/python3.12/site-packages/oslo_utils/importutils.py:77: EventletDeprecationWarning:
[Tue Aug 25 19:21:55.329463 2026] [wsgi:error] [pid 12:tid 140568239675072] Eventlet is deprecated. It is currently being maintained in bugfix mode, and
[Tue Aug 25 19:21:55.329465 2026] [wsgi:error] [pid 12:tid 140568239675072] we strongly recommend against using it for new projects.
[Tue Aug 25 19:21:55.329467 2026] [wsgi:error] [pid 12:tid 140568239675072]
[Tue Aug 25 19:21:55.329468 2026] [wsgi:error] [pid 12:tid 140568239675072] If you are already using Eventlet, we recommend migrating to a different
[Tue Aug 25 19:21:55.329469 2026] [wsgi:error] [pid 12:tid 140568239675072] framework. For more detail see
[Tue Aug 25 19:21:55.329470 2026] [wsgi:error] [pid 12:tid 140568239675072] https://eventlet.readthedocs.io/en/latest/asyncio/migration.html
[Tue Aug 25 19:21:55.329471 2026] [wsgi:error] [pid 12:tid 140568239675072]
[Tue Aug 25 19:21:55.329472 2026] [wsgi:error] [pid 12:tid 140568239675072] __import__(import_str) 10.0.0.131 - - [25/Aug/2026:19:21:54 +0000] "GET / HTTP/1.1" 300 295
[Tue Aug 25 19:22:00.802932 2026] [wsgi:error] [pid 11:tid 140568239675072] /var/lib/openstack/lib/python3.12/site-packages/oslo_utils/importutils.py:77: EventletDeprecationWarning:
[Tue Aug 25 19:22:00.803019 2026] [wsgi:error] [pid 11:tid 140568239675072] Eventlet is deprecated. It is currently being maintained in bugfix mode, and
[Tue Aug 25 19:22:00.803032 2026] [wsgi:error] [pid 11:tid 140568239675072] we strongly recommend against using it for new projects.
[Tue Aug 25 19:22:00.803043 2026] [wsgi:error] [pid 11:tid 140568239675072]
[Tue Aug 25 19:22:00.803053 2026] [wsgi:error] [pid 11:tid 140568239675072] If you are already using Eventlet, we recommend migrating to a different
[Tue Aug 25 19:22:00.803063 2026] [wsgi:error] [pid 11:tid 140568239675072] framework. For more detail see
[Tue Aug 25 19:22:00.803073 2026] [wsgi:error] [pid 11:tid 140568239675072] https://eventlet.readthedocs.io/en/latest/asyncio/migration.html
[Tue Aug 25 19:22:00.803083 2026] [wsgi:error] [pid 11:tid 140568239675072]
[Tue Aug 25 19:22:00.803094 2026] [wsgi:error] [pid 11:tid 140568239675072] __import__(import_str)
[Tue Aug 25 19:22:05.504026 2026] [wsgi:error] [pid 11:tid 140568239675072] [remote 10.0.0.131:39856] 2026-08-25 19:22:05.500 11 WARNING keystone.identity.core [None req-af75a702-abd1-4aff-9ba3-145f10150296 - - - - - -] Invalid domain name (atmosphere) found in config file name: keystone.exception.DomainNotFound: Could not find domain: atmosphere.
[Tue Aug 25 19:22:05.571535 2026] [wsgi:error] [pid 11:tid 140568239675072] [remote 10.0.0.131:39856] 2026-08-25 19:22:05.571 11 WARNING keystone.common.password_hashing [None req-af75a702-abd1-4aff-9ba3-145f10150296 - - - - - -] Truncating password to algorithm specific maximum length 72 characters.
[Tue Aug 25 19:22:05.858159 2026] [wsgi:error] [pid 11:tid 140568239675072] [remote 10.0.0.131:39856] 2026-08-25 19:22:05.857 11 WARNING keystone.common.fernet_utils [None req-af75a702-abd1-4aff-9ba3-145f10150296 - - - - - -] key_repository is world readable: /etc/keystone/fernet-keys/ 10.0.0.131 - - [25/Aug/2026:19:21:59 +0000] "POST /v3/auth/tokens HTTP/1.1" 201 1359
[Tue Aug 25 19:22:06.237175 2026] [wsgi:error] [pid 9:tid 140568239675072] [remote 10.0.0.131:39856] 2026-08-25 19:22:06.234 9 WARNING keystone.identity.core [None req-219fd8d7-af29-465f-b4a7-b54d40438618 - - - - - -] Invalid domain name (atmosphere) found in config file name: keystone.exception.DomainNotFound: Could not find domain: atmosphere. 10.0.0.131 - - [25/Aug/2026:19:22:06 +0000] "POST /v3/domains HTTP/1.1" 201 261 10.0.0.131 - - [25/Aug/2026:19:22:17 +0000] "GET / HTTP/1.1" 300 295
[Tue Aug 25 19:22:18.090072 2026] [wsgi:error] [pid 12:tid 140568239675072] [remote 10.0.0.131:44522] 2026-08-25 19:22:18.089 12 WARNING keystone.common.password_hashing [None req-e4ab81ea-e23d-4950-966a-6ad403e85822 - - - - - -] Truncating password to algorithm specific maximum length 72 characters.
[Tue Aug 25 19:22:18.363761 2026] [wsgi:error] [pid 12:tid 140568239675072] [remote 10.0.0.131:44522] 2026-08-25 19:22:18.363 12 WARNING keystone.common.fernet_utils [None req-e4ab81ea-e23d-4950-966a-6ad403e85822 - - - - - -] key_repository is world readable: /etc/keystone/fernet-keys/ 10.0.0.131 - - [25/Aug/2026:19:22:17 +0000] "POST /v3/auth/tokens HTTP/1.1" 201 1359 10.0.0.131 - - [25/Aug/2026:19:22:18 +0000] "GET /v3/roles/admin HTTP/1.1" 404 83
[Tue Aug 25 19:22:18.636277 2026] [wsgi:error] [pid 9:tid 140568239675072] [remote 10.0.0.131:44522] 2026-08-25 19:22:18.636 9 WARNING keystone.common.rbac_enforcer.enforcer [None req-f5ee4997-b17b-4d23-bf44-c35bd1d08d79 d9859a6093f94bae9a04bd57bdb641b7 f3ddeb2b366c406c87c8b046437e5add - - default default] Deprecated policy rules found. Use oslopolicy-policy-generator and oslopolicy-policy-upgrade to detect and resolve deprecated policies in your configuration. 10.0.0.131 - - [25/Aug/2026:19:22:18 +0000] "GET /v3/roles?name=admin HTTP/1.1" 200 389
[Tue Aug 25 19:22:19.148169 2026] [wsgi:error] [pid 10:tid 140568239675072] [remote 10.0.0.131:44522] 2026-08-25 19:22:19.147 10 WARNING keystone.common.rbac_enforcer.enforcer [None req-4b5f9da2-cddb-4022-8a6b-89c468a8d3dd d9859a6093f94bae9a04bd57bdb641b7 f3ddeb2b366c406c87c8b046437e5add - - default default] Deprecated policy rules found. Use oslopolicy-policy-generator and oslopolicy-policy-upgrade to detect and resolve deprecated policies in your configuration. 10.0.0.131 - - [25/Aug/2026:19:22:18 +0000] "GET /v3/users/admin-RegionOne HTTP/1.1" 404 93
[Tue Aug 25 19:22:19.296013 2026] [wsgi:error] [pid 12:tid 140568239675072] [remote 10.0.0.131:44522] 2026-08-25 19:22:19.295 12 WARNING keystone.common.rbac_enforcer.enforcer [None req-e2441671-7e3b-487a-bde6-a0662d78e5ca d9859a6093f94bae9a04bd57bdb641b7 f3ddeb2b366c406c87c8b046437e5add - - default default] Deprecated policy rules found. Use oslopolicy-policy-generator and oslopolicy-policy-upgrade to detect and resolve deprecated policies in your configuration. 10.0.0.131 - - [25/Aug/2026:19:22:19 +0000] "GET /v3/users?name=admin-RegionOne HTTP/1.1" 200 422
[Tue Aug 25 19:22:19.463537 2026] [wsgi:error] [pid 11:tid 140568239675072] [remote 10.0.0.131:44522] 2026-08-25 19:22:19.463 11 WARNING keystone.common.rbac_enforcer.enforcer [None req-d1af031f-6e8b-4e1b-97e2-ae8fd0100edf d9859a6093f94bae9a04bd57bdb641b7 f3ddeb2b366c406c87c8b046437e5add - - default default] Deprecated policy rules found. Use oslopolicy-policy-generator and oslopolicy-policy-upgrade to detect and resolve deprecated policies in your configuration. 10.0.0.131 - - [25/Aug/2026:19:22:19 +0000] "GET /v3/domains/default HTTP/1.1" 200 224 10.0.0.131 - - [25/Aug/2026:19:22:19 +0000] "PUT /v3/domains/default/users/d9859a6093f94bae9a04bd57bdb641b7/roles/748920d0ff814f6f801e5ca5354059be HTTP/1.1" 204 - 10.0.0.225 - - [25/Aug/2026:19:22:29 +0000] "GET / HTTP/1.1" 300 280 10.0.0.225 - - [25/Aug/2026:19:22:31 +0000] "GET /v3 HTTP/1.1" 200 265
[Tue Aug 25 19:22:31.292048 2026] [wsgi:error] [pid 11:tid 140568239675072] [remote 10.0.0.225:54228] 2026-08-25 19:22:31.291 11 WARNING keystone.common.password_hashing [None req-c9357688-20b0-4693-b111-6fb34ff5fd95 - - - - - -] Truncating password to algorithm specific maximum length 72 characters.
[Tue Aug 25 19:22:31.565814 2026] [wsgi:error] [pid 11:tid 140568239675072] [remote 10.0.0.225:54228] 2026-08-25 19:22:31.565 11 WARNING keystone.common.fernet_utils [None req-c9357688-20b0-4693-b111-6fb34ff5fd95 - - - - - -] key_repository is world readable: /etc/keystone/fernet-keys/ 10.0.0.225 - - [25/Aug/2026:19:22:31 +0000] "POST /v3/auth/tokens HTTP/1.1" 201 1359 10.0.0.225 - - [25/Aug/2026:19:22:31 +0000] "GET / HTTP/1.1" 300 280 10.0.0.225 - - [25/Aug/2026:19:22:31 +0000] "GET /v3/domains/atmosphere HTTP/1.1" 404 90 10.0.0.225 - - [25/Aug/2026:19:22:31 +0000] "GET /v3/domains?name=atmosphere HTTP/1.1" 200 368 10.0.0.225 - - [25/Aug/2026:19:22:31 +0000] "GET /v3/domains/61ba2edd792846efb9359cdf3b53af9f HTTP/1.1" 200 246 10.0.0.225 - - [25/Aug/2026:19:22:32 +0000] "GET /v3 HTTP/1.1" 200 265
[Tue Aug 25 19:22:32.675208 2026] [wsgi:error] [pid 10:tid 140568239675072] [remote 10.0.0.225:54230] 2026-08-25 19:22:32.674 10 WARNING keystone.common.password_hashing [None req-bf64f7c4-d830-4d57-ac88-d8ef16715c87 - - - - - -] Truncating password to algorithm specific maximum length 72 characters.
[Tue Aug 25 19:22:32.960856 2026] [wsgi:error] [pid 10:tid 140568239675072] [remote 10.0.0.225:54230] 2026-08-25 19:22:32.960 10 WARNING keystone.common.fernet_utils [None req-bf64f7c4-d830-4d57-ac88-d8ef16715c87 - - - - - -] key_repository is world readable: /etc/keystone/fernet-keys/ 10.0.0.225 - - [25/Aug/2026:19:22:32 +0000] "POST /v3/auth/tokens HTTP/1.1" 201 1359 10.0.0.225 - - [25/Aug/2026:19:22:32 +0000] "GET / HTTP/1.1" 300 280 10.0.0.225 - - [25/Aug/2026:19:22:32 +0000] "GET /v3/OS-FEDERATION/identity_providers/atmosphere HTTP/1.1" 404 101 10.0.0.225 - - [25/Aug/2026:19:22:33 +0000] "GET /v3/OS-FEDERATION/identity_providers HTTP/1.1" 200 155 10.0.0.225 - - [25/Aug/2026:19:22:33 +0000] "PUT /v3/OS-FEDERATION/identity_providers/atmosphere HTTP/1.1" 201 340 10.0.0.225 - - [25/Aug/2026:19:22:33 +0000] "GET /v3 HTTP/1.1" 200 265
[Tue Aug 25 19:22:33.805053 2026] [wsgi:error] [pid 11:tid 140568239675072] [remote 10.0.0.225:54230] 2026-08-25 19:22:33.804 11 WARNING keystone.common.password_hashing [None req-028f8170-7add-4eb1-b5a1-fa7d6dba62b4 - - - - - -] Truncating password to algorithm specific maximum length 72 characters.
[Tue Aug 25 19:22:34.077785 2026] [wsgi:error] [pid 11:tid 140568239675072] [remote 10.0.0.225:54230] 2026-08-25 19:22:34.077 11 WARNING keystone.common.fernet_utils [None req-028f8170-7add-4eb1-b5a1-fa7d6dba62b4 - - - - - -] key_repository is world readable: /etc/keystone/fernet-keys/ 10.0.0.225 - - [25/Aug/2026:19:22:33 +0000] "POST /v3/auth/tokens HTTP/1.1" 201 1359 10.0.0.225 - - [25/Aug/2026:19:22:34 +0000] "GET / HTTP/1.1" 300 280 10.0.0.225 - - [25/Aug/2026:19:22:34 +0000] "GET /v3/OS-FEDERATION/mappings/atmosphere-openid HTTP/1.1" 404 98 10.0.0.225 - - [25/Aug/2026:19:22:34 +0000] "GET /v3/OS-FEDERATION/mappings HTTP/1.1" 200 135 10.0.0.225 - - [25/Aug/2026:19:22:34 +0000] "PUT /v3/OS-FEDERATION/mappings/atmosphere-openid HTTP/1.1" 201 356 10.0.0.225 - - [25/Aug/2026:19:22:34 +0000] "GET /v3 HTTP/1.1" 200 265
[Tue Aug 25 19:22:35.002026 2026] [wsgi:error] [pid 10:tid 140568239675072] [remote 10.0.0.225:54228] 2026-08-25 19:22:35.001 10 WARNING keystone.common.password_hashing [None req-e11742b1-6707-4cca-a1ae-cce98472ccf2 - - - - - -] Truncating password to algorithm specific maximum length 72 characters.
[Tue Aug 25 19:22:35.298855 2026] [wsgi:error] [pid 10:tid 140568239675072] [remote 10.0.0.225:54228] 2026-08-25 19:22:35.298 10 WARNING keystone.common.fernet_utils [None req-e11742b1-6707-4cca-a1ae-cce98472ccf2 - - - - - -] key_repository is world readable: /etc/keystone/fernet-keys/ 10.0.0.225 - - [25/Aug/2026:19:22:34 +0000] "POST /v3/auth/tokens HTTP/1.1" 201 1359 10.0.0.225 - - [25/Aug/2026:19:22:35 +0000] "GET / HTTP/1.1" 300 280 10.0.0.225 - - [25/Aug/2026:19:22:35 +0000] "GET /v3/OS-FEDERATION/identity_providers/atmosphere/protocols/openid?idp_id=atmosphere HTTP/1.1" 404 131 10.0.0.225 - - [25/Aug/2026:19:22:35 +0000] "GET /v3/OS-FEDERATION/identity_providers/atmosphere/protocols HTTP/1.1" 200 167 10.0.0.225 - - [25/Aug/2026:19:22:35 +0000] "PUT /v3/OS-FEDERATION/identity_providers/atmosphere/protocols/openid HTTP/1.1" 201 222 10.0.0.225 - - [25/Aug/2026:19:22:41 +0000] "GET /v3/ HTTP/1.1" 200 250 10.0.0.225 - - [25/Aug/2026:19:22:41 +0000] "GET /v3/ HTTP/1.1" 200 250 10.0.0.225 - - [25/Aug/2026:19:23:41 +0000] "GET /v3/ HTTP/1.1" 200 250 10.0.0.225 - - [25/Aug/2026:19:23:41 +0000] "GET /v3/ HTTP/1.1" 200 250 10.0.0.203 - - [25/Aug/2026:19:23:58 +0000] "GET / HTTP/1.1" 300 295
[Tue Aug 25 19:23:58.620088 2026] [wsgi:error] [pid 11:tid 140568239675072] [remote 10.0.0.203:51002] 2026-08-25 19:23:58.619 11 WARNING keystone.common.password_hashing [None req-fcc7f0da-5c8e-4df8-8d7e-25c7965d896c - - - - - -] Truncating password to algorithm specific maximum length 72 characters.
[Tue Aug 25 19:23:58.886349 2026] [wsgi:error] [pid 11:tid 140568239675072] [remote 10.0.0.203:51002] 2026-08-25 19:23:58.886 11 WARNING keystone.common.fernet_utils [None req-fcc7f0da-5c8e-4df8-8d7e-25c7965d896c - - - - - -] key_repository is world readable: /etc/keystone/fernet-keys/ 10.0.0.203 - - [25/Aug/2026:19:23:58 +0000] "POST /v3/auth/tokens HTTP/1.1" 201 1359 10.0.0.203 - - [25/Aug/2026:19:23:58 +0000] "GET /v3/services HTTP/1.1" 200 355 10.0.0.203 - - [25/Aug/2026:19:24:02 +0000] "GET / HTTP/1.1" 300 295
[Tue Aug 25 19:24:02.596517 2026] [wsgi:error] [pid 12:tid 140568239675072] [remote 10.0.0.203:51004] 2026-08-25 19:24:02.596 12 WARNING keystone.common.password_hashing [None req-56d411bb-0c43-4214-a9c4-d6896198a190 - - - - - -] Truncating password to algorithm specific maximum length 72 characters.
[Tue Aug 25 19:24:02.871500 2026] [wsgi:error] [pid 12:tid 140568239675072] [remote 10.0.0.203:51004] 2026-08-25 19:24:02.871 12 WARNING keystone.common.fernet_utils [None req-56d411bb-0c43-4214-a9c4-d6896198a190 - - - - - -] key_repository is world readable: /etc/keystone/fernet-keys/ 10.0.0.203 - - [25/Aug/2026:19:24:02 +0000] "POST /v3/auth/tokens HTTP/1.1" 201 1359 10.0.0.203 - - [25/Aug/2026:19:24:02 +0000] "GET /v3/services HTTP/1.1" 200 355 10.0.0.203 - - [25/Aug/2026:19:24:06 +0000] "GET / HTTP/1.1" 300 295
[Tue Aug 25 19:24:06.509023 2026] [wsgi:error] [pid 10:tid 140568239675072] [remote 10.0.0.203:51012] 2026-08-25 19:24:06.508 10 WARNING keystone.common.password_hashing [None req-f3f4607d-5f32-45c3-8fc1-84b5a2bdf66b - - - - - -] Truncating password to algorithm specific maximum length 72 characters.
[Tue Aug 25 19:24:06.787595 2026] [wsgi:error] [pid 10:tid 140568239675072] [remote 10.0.0.203:51012] 2026-08-25 19:24:06.787 10 WARNING keystone.common.fernet_utils [None req-f3f4607d-5f32-45c3-8fc1-84b5a2bdf66b - - - - - -] key_repository is world readable: /etc/keystone/fernet-keys/ 10.0.0.203 - - [25/Aug/2026:19:24:06 +0000] "POST /v3/auth/tokens HTTP/1.1" 201 1359 10.0.0.203 - - [25/Aug/2026:19:24:06 +0000] "GET /v3/services HTTP/1.1" 200 355 10.0.0.203 - - [25/Aug/2026:19:24:10 +0000] "GET / HTTP/1.1" 300 295
[Tue Aug 25 19:24:10.526174 2026] [wsgi:error] [pid 9:tid 140568239675072] [remote 10.0.0.203:35990] 2026-08-25 19:24:10.525 9 WARNING keystone.common.password_hashing [None req-70b0b9e3-a414-4e1b-b9ee-e9681061e0b0 - - - - - -] Truncating password to algorithm specific maximum length 72 characters.
[Tue Aug 25 19:24:10.803203 2026] [wsgi:error] [pid 9:tid 140568239675072] [remote 10.0.0.203:35990] 2026-08-25 19:24:10.802 9 WARNING keystone.common.fernet_utils [None req-70b0b9e3-a414-4e1b-b9ee-e9681061e0b0 - - - - - -] key_repository is world readable: /etc/keystone/fernet-keys/ 10.0.0.203 - - [25/Aug/2026:19:24:10 +0000] "POST /v3/auth/tokens HTTP/1.1" 201 1359 10.0.0.203 - - [25/Aug/2026:19:24:10 +0000] "POST /v3/services HTTP/1.1" 201 296 10.0.0.221 - - [25/Aug/2026:19:24:22 +0000] "GET / HTTP/1.1" 300 295
[Tue Aug 25 19:24:22.861154 2026] [wsgi:error] [pid 11:tid 140568239675072] [remote 10.0.0.221:44788] 2026-08-25 19:24:22.860 11 WARNING keystone.common.password_hashing [None req-4e0ae25c-3333-4d26-880d-91654707a8a3 - - - - - -] Truncating password to algorithm specific maximum length 72 characters. 10.0.0.221 - - [25/Aug/2026:19:24:23 +0000] "GET / HTTP/1.1" 300 295
[Tue Aug 25 19:24:23.115499 2026] [wsgi:error] [pid 10:tid 140568239675072] [remote 10.0.0.221:44804] 2026-08-25 19:24:23.115 10 WARNING keystone.common.password_hashing [None req-28111242-653f-4667-b078-5baede003739 - - - - - -] Truncating password to algorithm specific maximum length 72 characters.
[Tue Aug 25 19:24:23.149788 2026] [wsgi:error] [pid 11:tid 140568239675072] [remote 10.0.0.221:44788] 2026-08-25 19:24:23.149 11 WARNING keystone.common.fernet_utils [None req-4e0ae25c-3333-4d26-880d-91654707a8a3 - - - - - -] key_repository is world readable: /etc/keystone/fernet-keys/ 10.0.0.221 - - [25/Aug/2026:19:24:22 +0000] "POST /v3/auth/tokens HTTP/1.1" 201 1463 10.0.0.221 - - [25/Aug/2026:19:24:23 +0000] "GET / HTTP/1.1" 300 295
[Tue Aug 25 19:24:23.238469 2026] [wsgi:error] [pid 9:tid 140568239675072] [remote 10.0.0.221:44810] 2026-08-25 19:24:23.238 9 WARNING keystone.common.password_hashing [None req-f3921631-e93b-41a4-b2cd-ceca75a5e80f - - - - - -] Truncating password to algorithm specific maximum length 72 characters. 10.0.0.221 - - [25/Aug/2026:19:24:23 +0000] "GET /v3/services HTTP/1.1" 200 639
[Tue Aug 25 19:24:23.395912 2026] [wsgi:error] [pid 10:tid 140568239675072] [remote 10.0.0.221:44804] 2026-08-25 19:24:23.395 10 WARNING keystone.common.fernet_utils [None req-28111242-653f-4667-b078-5baede003739 - - - - - -] key_repository is world readable: /etc/keystone/fernet-keys/ 10.0.0.221 - - [25/Aug/2026:19:24:23 +0000] "POST /v3/auth/tokens HTTP/1.1" 201 1463
[Tue Aug 25 19:24:23.518000 2026] [wsgi:error] [pid 9:tid 140568239675072] [remote 10.0.0.221:44810] 2026-08-25 19:24:23.517 9 WARNING keystone.common.fernet_utils [None req-f3921631-e93b-41a4-b2cd-ceca75a5e80f - - - - - -] key_repository is world readable: /etc/keystone/fernet-keys/ 10.0.0.221 - - [25/Aug/2026:19:24:23 +0000] "POST /v3/auth/tokens HTTP/1.1" 201 1463 10.0.0.221 - - [25/Aug/2026:19:24:23 +0000] "GET /v3/services HTTP/1.1" 200 639 10.0.0.221 - - [25/Aug/2026:19:24:23 +0000] "GET /v3/services HTTP/1.1" 200 639 10.0.0.221 - - [25/Aug/2026:19:24:24 +0000] "GET / HTTP/1.1" 300 295
[Tue Aug 25 19:24:24.936143 2026] [wsgi:error] [pid 9:tid 140568239675072] [remote 10.0.0.221:44822] 2026-08-25 19:24:24.935 9 WARNING keystone.common.password_hashing [None req-69458413-5cf6-4d14-bbfb-912e8aa281c0 - - - - - -] Truncating password to algorithm specific maximum length 72 characters. 10.0.0.221 - - [25/Aug/2026:19:24:25 +0000] "GET / HTTP/1.1" 300 295
[Tue Aug 25 19:24:25.081467 2026] [wsgi:error] [pid 11:tid 140568239675072] [remote 10.0.0.221:44830] 2026-08-25 19:24:25.081 11 WARNING keystone.common.password_hashing [None req-c7b57f55-9134-4ba6-be77-6c7938813330 - - - - - -] Truncating password to algorithm specific maximum length 72 characters. 10.0.0.221 - - [25/Aug/2026:19:24:25 +0000] "GET / HTTP/1.1" 300 295
[Tue Aug 25 19:24:25.214810 2026] [wsgi:error] [pid 12:tid 140568239675072] [remote 10.0.0.221:44842] 2026-08-25 19:24:25.214 12 WARNING keystone.common.password_hashing [None req-ccef03d6-f1a4-49b4-8927-878710995b4c - - - - - -] Truncating password to algorithm specific maximum length 72 characters.
[Tue Aug 25 19:24:25.217342 2026] [wsgi:error] [pid 9:tid 140568239675072] [remote 10.0.0.221:44822] 2026-08-25 19:24:25.217 9 WARNING keystone.common.fernet_utils [None req-69458413-5cf6-4d14-bbfb-912e8aa281c0 - - - - - -] key_repository is world readable: /etc/keystone/fernet-keys/ 10.0.0.221 - - [25/Aug/2026:19:24:24 +0000] "POST /v3/auth/tokens HTTP/1.1" 201 1463 10.0.0.221 - - [25/Aug/2026:19:24:25 +0000] "GET /v3/endpoints HTTP/1.1" 200 1226
[Tue Aug 25 19:24:25.373074 2026] [wsgi:error] [pid 11:tid 140568239675072] [remote 10.0.0.221:44830] 2026-08-25 19:24:25.372 11 WARNING keystone.common.fernet_utils [None req-c7b57f55-9134-4ba6-be77-6c7938813330 - - - - - -] key_repository is world readable: /etc/keystone/fernet-keys/ 10.0.0.221 - - [25/Aug/2026:19:24:25 +0000] "POST /v3/auth/tokens HTTP/1.1" 201 1463 10.0.0.221 - - [25/Aug/2026:19:24:25 +0000] "GET /v3/services/5b00c3b50aa346d6be30930c9be91693 HTTP/1.1" 200 233 10.0.0.221 - - [25/Aug/2026:19:24:25 +0000] "GET /v3/services/5b00c3b50aa346d6be30930c9be91693 HTTP/1.1" 200 233 10.0.0.221 - - [25/Aug/2026:19:24:25 +0000] "GET /v3/services/5b00c3b50aa346d6be30930c9be91693 HTTP/1.1" 200 233 10.0.0.221 - - [25/Aug/2026:19:24:25 +0000] "GET /v3/endpoints HTTP/1.1" 200 1226
[Tue Aug 25 19:24:25.512254 2026] [wsgi:error] [pid 12:tid 140568239675072] [remote 10.0.0.221:44842] 2026-08-25 19:24:25.512 12 WARNING keystone.common.fernet_utils [None req-ccef03d6-f1a4-49b4-8927-878710995b4c - - - - - -] key_repository is world readable: /etc/keystone/fernet-keys/ 10.0.0.221 - - [25/Aug/2026:19:24:25 +0000] "POST /v3/auth/tokens HTTP/1.1" 201 1463 10.0.0.221 - - [25/Aug/2026:19:24:25 +0000] "GET /v3/services/5b00c3b50aa346d6be30930c9be91693 HTTP/1.1" 200 233 10.0.0.221 - - [25/Aug/2026:19:24:25 +0000] "GET /v3/services/5b00c3b50aa346d6be30930c9be91693 HTTP/1.1" 200 233 10.0.0.221 - - [25/Aug/2026:19:24:25 +0000] "GET /v3/services/5b00c3b50aa346d6be30930c9be91693 HTTP/1.1" 200 233 10.0.0.221 - - [25/Aug/2026:19:24:25 +0000] "GET /v3/endpoints HTTP/1.1" 200 1226 10.0.0.221 - - [25/Aug/2026:19:24:25 +0000] "GET /v3/services/5b00c3b50aa346d6be30930c9be91693 HTTP/1.1" 200 233 10.0.0.221 - - [25/Aug/2026:19:24:25 +0000] "GET /v3/services/5b00c3b50aa346d6be30930c9be91693 HTTP/1.1" 200 233 10.0.0.221 - - [25/Aug/2026:19:24:25 +0000] "GET /v3/services/5b00c3b50aa346d6be30930c9be91693 HTTP/1.1" 200 233 10.0.0.221 - - [25/Aug/2026:19:24:26 +0000] "GET / HTTP/1.1" 300 295
[Tue Aug 25 19:24:26.967274 2026] [wsgi:error] [pid 10:tid 140568239675072] [remote 10.0.0.221:44844] 2026-08-25 19:24:26.967 10 WARNING keystone.common.password_hashing [None req-9d99cb2a-7217-45d2-84ce-04a7145d9bb2 - - - - - -] Truncating password to algorithm specific maximum length 72 characters. 10.0.0.221 - - [25/Aug/2026:19:24:27 +0000] "GET / HTTP/1.1" 300 295
[Tue Aug 25 19:24:27.113524 2026] [wsgi:error] [pid 9:tid 140568239675072] [remote 10.0.0.221:44858] 2026-08-25 19:24:27.113 9 WARNING keystone.common.password_hashing [None req-180f8f25-b0c1-4f3f-8a2a-b69be96cbda2 - - - - - -] Truncating password to algorithm specific maximum length 72 characters. 10.0.0.221 - - [25/Aug/2026:19:24:27 +0000] "GET / HTTP/1.1" 300 295
[Tue Aug 25 19:24:27.193500 2026] [wsgi:error] [pid 11:tid 140568239675072] [remote 10.0.0.221:44874] 2026-08-25 19:24:27.193 11 WARNING keystone.common.password_hashing [None req-efd5e365-4c25-48fe-ba15-b3a19a8c17f7 - - - - - -] Truncating password to algorithm specific maximum length 72 characters.
[Tue Aug 25 19:24:27.250008 2026] [wsgi:error] [pid 10:tid 140568239675072] [remote 10.0.0.221:44844] 2026-08-25 19:24:27.249 10 WARNING keystone.common.fernet_utils [None req-9d99cb2a-7217-45d2-84ce-04a7145d9bb2 - - - - - -] key_repository is world readable: /etc/keystone/fernet-keys/ 10.0.0.221 - - [25/Aug/2026:19:24:26 +0000] "POST /v3/auth/tokens HTTP/1.1" 201 1463 10.0.0.221 - - [25/Aug/2026:19:24:27 +0000] "GET /v3/services/62f492181e6348a394abd7037a652fc2 HTTP/1.1" 200 296 10.0.0.221 - - [25/Aug/2026:19:24:27 +0000] "GET /v3/regions/RegionOne HTTP/1.1" 200 173
[Tue Aug 25 19:24:27.403026 2026] [wsgi:error] [pid 9:tid 140568239675072] [remote 10.0.0.221:44858] 2026-08-25 19:24:27.402 9 WARNING keystone.common.fernet_utils [None req-180f8f25-b0c1-4f3f-8a2a-b69be96cbda2 - - - - - -] key_repository is world readable: /etc/keystone/fernet-keys/ 10.0.0.221 - - [25/Aug/2026:19:24:27 +0000] "POST /v3/auth/tokens HTTP/1.1" 201 1463
[Tue Aug 25 19:24:27.468968 2026] [wsgi:error] [pid 11:tid 140568239675072] [remote 10.0.0.221:44874] 2026-08-25 19:24:27.468 11 WARNING keystone.common.fernet_utils [None req-efd5e365-4c25-48fe-ba15-b3a19a8c17f7 - - - - - -] key_repository is world readable: /etc/keystone/fernet-keys/ 10.0.0.221 - - [25/Aug/2026:19:24:27 +0000] "POST /v3/auth/tokens HTTP/1.1" 201 1463 10.0.0.221 - - [25/Aug/2026:19:24:27 +0000] "GET /v3/services/62f492181e6348a394abd7037a652fc2 HTTP/1.1" 200 296 10.0.0.221 - - [25/Aug/2026:19:24:27 +0000] "GET /v3/regions/RegionOne HTTP/1.1" 200 173 10.0.0.221 - - [25/Aug/2026:19:24:27 +0000] "POST /v3/endpoints HTTP/1.1" 201 380 10.0.0.221 - - [25/Aug/2026:19:24:27 +0000] "GET /v3/services/62f492181e6348a394abd7037a652fc2 HTTP/1.1" 200 296 10.0.0.221 - - [25/Aug/2026:19:24:27 +0000] "GET /v3/regions/RegionOne HTTP/1.1" 200 173 10.0.0.221 - - [25/Aug/2026:19:24:27 +0000] "POST /v3/endpoints HTTP/1.1" 201 383 10.0.0.221 - - [25/Aug/2026:19:24:27 +0000] "POST /v3/endpoints HTTP/1.1" 201 369 10.0.0.221 - - [25/Aug/2026:19:24:29 +0000] "GET / HTTP/1.1" 300 295
[Tue Aug 25 19:24:29.164618 2026] [wsgi:error] [pid 9:tid 140568239675072] [remote 10.0.0.221:56794] 2026-08-25 19:24:29.164 9 WARNING keystone.common.password_hashing [None req-24b4c62d-17ad-4311-9d2c-8aaea470f663 - - - - - -] Truncating password to algorithm specific maximum length 72 characters. 10.0.0.221 - - [25/Aug/2026:19:24:29 +0000] "GET / HTTP/1.1" 300 295 10.0.0.221 - - [25/Aug/2026:19:24:29 +0000] "GET / HTTP/1.1" 300 295
[Tue Aug 25 19:24:29.198662 2026] [wsgi:error] [pid 12:tid 140568239675072] [remote 10.0.0.221:56798] 2026-08-25 19:24:29.198 12 WARNING keystone.common.password_hashing [None req-db006f2f-e49f-4163-9c60-9daddd31e779 - - - - - -] Truncating password to algorithm specific maximum length 72 characters.
[Tue Aug 25 19:24:29.209378 2026] [wsgi:error] [pid 10:tid 140568239675072] [remote 10.0.0.221:56814] 2026-08-25 19:24:29.209 10 WARNING keystone.common.password_hashing [None req-9280a403-0aa4-43ee-9f0f-dfdb8f371270 - - - - - -] Truncating password to algorithm specific maximum length 72 characters.
[Tue Aug 25 19:24:29.438962 2026] [wsgi:error] [pid 9:tid 140568239675072] [remote 10.0.0.221:56794] 2026-08-25 19:24:29.438 9 WARNING keystone.common.fernet_utils [None req-24b4c62d-17ad-4311-9d2c-8aaea470f663 - - - - - -] key_repository is world readable: /etc/keystone/fernet-keys/ 10.0.0.221 - - [25/Aug/2026:19:24:29 +0000] "POST /v3/auth/tokens HTTP/1.1" 201 1990
[Tue Aug 25 19:24:29.482513 2026] [wsgi:error] [pid 10:tid 140568239675072] [remote 10.0.0.221:56814] 2026-08-25 19:24:29.482 10 WARNING keystone.common.fernet_utils [None req-9280a403-0aa4-43ee-9f0f-dfdb8f371270 - - - - - -] key_repository is world readable: /etc/keystone/fernet-keys/
[Tue Aug 25 19:24:29.485055 2026] [wsgi:error] [pid 12:tid 140568239675072] [remote 10.0.0.221:56798] 2026-08-25 19:24:29.484 12 WARNING keystone.common.fernet_utils [None req-db006f2f-e49f-4163-9c60-9daddd31e779 - - - - - -] key_repository is world readable: /etc/keystone/fernet-keys/ 10.0.0.221 - - [25/Aug/2026:19:24:29 +0000] "POST /v3/auth/tokens HTTP/1.1" 201 1990 10.0.0.221 - - [25/Aug/2026:19:24:29 +0000] "POST /v3/auth/tokens HTTP/1.1" 201 1990 10.0.0.221 - - [25/Aug/2026:19:24:29 +0000] "GET /v3/endpoints/b71018a85bd2448a89ac39a34811d8dc HTTP/1.1" 200 380 10.0.0.221 - - [25/Aug/2026:19:24:29 +0000] "GET /v3/endpoints/4257e113c7d44b879b12efe5ff31b995 HTTP/1.1" 200 383 10.0.0.221 - - [25/Aug/2026:19:24:29 +0000] "GET /v3/services/62f492181e6348a394abd7037a652fc2 HTTP/1.1" 200 296 10.0.0.221 - - [25/Aug/2026:19:24:29 +0000] "GET /v3/endpoints/531b1b963b96499fa7591af2de63a0e2 HTTP/1.1" 200 369 10.0.0.221 - - [25/Aug/2026:19:24:29 +0000] "GET /v3/services/62f492181e6348a394abd7037a652fc2 HTTP/1.1" 200 296 10.0.0.221 - - [25/Aug/2026:19:24:29 +0000] "GET /v3/services/62f492181e6348a394abd7037a652fc2 HTTP/1.1" 200 296 10.0.0.56 - - [25/Aug/2026:19:24:41 +0000] "GET / HTTP/1.1" 300 295
[Tue Aug 25 19:24:41.115237 2026] [wsgi:error] [pid 10:tid 140568239675072] [remote 10.0.0.56:34490] 2026-08-25 19:24:41.115 10 WARNING keystone.common.password_hashing [None req-327fc6d8-1fcc-4b99-a914-e43357c2a3d4 - - - - - -] Truncating password to algorithm specific maximum length 72 characters.
[Tue Aug 25 19:24:41.386593 2026] [wsgi:error] [pid 10:tid 140568239675072] [remote 10.0.0.56:34490] 2026-08-25 19:24:41.386 10 WARNING keystone.common.fernet_utils [None req-327fc6d8-1fcc-4b99-a914-e43357c2a3d4 - - - - - -] key_repository is world readable: /etc/keystone/fernet-keys/ 10.0.0.56 - - [25/Aug/2026:19:24:41 +0000] "POST /v3/auth/tokens HTTP/1.1" 201 1990 10.0.0.56 - - [25/Aug/2026:19:24:41 +0000] "POST /v3/domains HTTP/1.1" 201 284 10.0.0.225 - - [25/Aug/2026:19:24:41 +0000] "GET /v3/ HTTP/1.1" 200 250 10.0.0.225 - - [25/Aug/2026:19:24:41 +0000] "GET /v3/ HTTP/1.1" 200 250 10.0.0.56 - - [25/Aug/2026:19:24:43 +0000] "GET / HTTP/1.1" 300 295
[Tue Aug 25 19:24:43.038769 2026] [wsgi:error] [pid 11:tid 140568239675072] [remote 10.0.0.56:34492] 2026-08-25 19:24:43.038 11 WARNING keystone.common.password_hashing [None req-91d39cd3-5ff5-46c5-a19c-5d63d9721e52 - - - - - -] Truncating password to algorithm specific maximum length 72 characters.
[Tue Aug 25 19:24:43.328582 2026] [wsgi:error] [pid 11:tid 140568239675072] [remote 10.0.0.56:34492] 2026-08-25 19:24:43.328 11 WARNING keystone.common.fernet_utils [None req-91d39cd3-5ff5-46c5-a19c-5d63d9721e52 - - - - - -] key_repository is world readable: /etc/keystone/fernet-keys/ 10.0.0.56 - - [25/Aug/2026:19:24:43 +0000] "POST /v3/auth/tokens HTTP/1.1" 201 1990
[Tue Aug 25 19:24:43.496211 2026] [wsgi:error] [pid 12:tid 140568239675072] [remote 10.0.0.56:34492] 2026-08-25 19:24:43.482 12 ERROR keystone.server.flask.application [None req-182f8a7e-7181-48a1-9f32-462163d35e89 d9859a6093f94bae9a04bd57bdb641b7 f3ddeb2b366c406c87c8b046437e5add - - default default] Conflict occurred attempting to store project - it is not permitted to have two projects acting as domains with the same name: service.: keystone.exception.Conflict: Conflict occurred attempting to store project - it is not permitted to have two projects acting as domains with the same name: service.
[Tue Aug 25 19:24:43.496233 2026] [wsgi:error] [pid 12:tid 140568239675072] [remote 10.0.0.56:34492] 2026-08-25 19:24:43.482 12 ERROR keystone.server.flask.application
Traceback (most recent call last):
[Tue Aug 25 19:24:43.496235 2026] [wsgi:error] [pid 12:tid 140568239675072] [remote 10.0.0.56:34492] 2026-08-25 19:24:43.482 12 ERROR keystone.server.flask.application
File "/var/lib/openstack/lib/python3.12/site-packages/sqlalchemy/engine/base.py", line 1969, in _exec_single_context
[Tue Aug 25 19:24:43.496236 2026] [wsgi:error] [pid 12:tid 140568239675072] [remote 10.0.0.56:34492] 2026-08-25 19:24:43.482 12 ERROR keystone.server.flask.application self.dialect.do_execute(
[Tue Aug 25 19:24:43.496238 2026] [wsgi:error] [pid 12:tid 140568239675072] [remote 10.0.0.56:34492] 2026-08-25 19:24:43.482 12 ERROR keystone.server.flask.application
File "/var/lib/openstack/lib/python3.12/site-packages/sqlalchemy/engine/default.py", line 952, in do_execute
[Tue Aug 25 19:24:43.496240 2026] [wsgi:error] [pid 12:tid 140568239675072] [remote 10.0.0.56:34492] 2026-08-25 19:24:43.482 12 ERROR keystone.server.flask.application cursor.execute(statement, parameters)
[Tue Aug 25 19:24:43.496241 2026] [wsgi:error] [pid 12:tid 140568239675072] [remote 10.0.0.56:34492] 2026-08-25 19:24:43.482 12 ERROR keystone.server.flask.application
File "/var/lib/openstack/lib/python3.12/site-packages/pymysql/cursors.py", line 159, in execute
[Tue Aug 25 19:24:43.496242 2026] [wsgi:error] [pid 12:tid 140568239675072] [remote 10.0.0.56:34492] 2026-08-25 19:24:43.482 12 ERROR keystone.server.flask.application result = self._query(query)
[Tue Aug 25 19:24:43.496244 2026] [wsgi:error] [pid 12:tid 140568239675072] [remote 10.0.0.56:34492] 2026-08-25 19:24:43.482 12 ERROR keystone.server.flask.application ^^^^^^^^^^^^^^^^^^
[Tue Aug 25 19:24:43.496245 2026] [wsgi:error] [pid 12:tid 140568239675072] [remote 10.0.0.56:34492] 2026-08-25 19:24:43.482 12 ERROR keystone.server.flask.application
File "/var/lib/openstack/lib/python3.12/site-packages/pymysql/cursors.py", line 330, in _query
[Tue Aug 25 19:24:43.496247 2026] [wsgi:error] [pid 12:tid 140568239675072] [remote 10.0.0.56:34492] 2026-08-25 19:24:43.482 12 ERROR keystone.server.flask.application conn.query(q)
[Tue Aug 25 19:24:43.496248 2026] [wsgi:error] [pid 12:tid 140568239675072] [remote 10.0.0.56:34492] 2026-08-25 19:24:43.482 12 ERROR keystone.server.flask.application
File "/var/lib/openstack/lib/python3.12/site-packages/pymysql/connections.py", line 582, in query
[Tue Aug 25 19:24:43.496249 2026] [wsgi:error] [pid 12:tid 140568239675072] [remote 10.0.0.56:34492] 2026-08-25 19:24:43.482 12 ERROR keystone.server.flask.application self._affected_rows = self._read_query_result(unbuffered=unbuffered)
[Tue Aug 25 19:24:43.496251 2026] [wsgi:error] [pid 12:tid 140568239675072] [remote 10.0.0.56:34492] 2026-08-25 19:24:43.482 12 ERROR keystone.server.flask.application ^^^^^^^^^^^^^^^^^^^^^^^^^^^^^^^^^^^^^^^^^^^^^^
[Tue Aug 25 19:24:43.496252 2026] [wsgi:error] [pid 12:tid 140568239675072] [remote 10.0.0.56:34492] 2026-08-25 19:24:43.482 12 ERROR keystone.server.flask.application
File "/var/lib/openstack/lib/python3.12/site-packages/pymysql/connections.py", line 847, in _read_query_result
[Tue Aug 25 19:24:43.496254 2026] [wsgi:error] [pid 12:tid 140568239675072] [remote 10.0.0.56:34492] 2026-08-25 19:24:43.482 12 ERROR keystone.server.flask.application result.read()
[Tue Aug 25 19:24:43.496257 2026] [wsgi:error] [pid 12:tid 140568239675072] [remote 10.0.0.56:34492] 2026-08-25 19:24:43.482 12 ERROR keystone.server.flask.application
File "/var/lib/openstack/lib/python3.12/site-packages/pymysql/connections.py", line 1245, in read
[Tue Aug 25 19:24:43.496258 2026] [wsgi:error] [pid 12:tid 140568239675072] [remote 10.0.0.56:34492] 2026-08-25 19:24:43.482 12 ERROR keystone.server.flask.application first_packet = self.connection._read_packet()
[Tue Aug 25 19:24:43.496260 2026] [wsgi:error] [pid 12:tid 140568239675072] [remote 10.0.0.56:34492] 2026-08-25 19:24:43.482 12 ERROR keystone.server.flask.application ^^^^^^^^^^^^^^^^^^^^^^^^^^^^^^
[Tue Aug 25 19:24:43.496261 2026] [wsgi:error] [pid 12:tid 140568239675072] [remote 10.0.0.56:34492] 2026-08-25 19:24:43.482 12 ERROR keystone.server.flask.application
File "/var/lib/openstack/lib/python3.12/site-packages/pymysql/connections.py", line 803, in _read_packet
[Tue Aug 25 19:24:43.496263 2026] [wsgi:error] [pid 12:tid 140568239675072] [remote 10.0.0.56:34492] 2026-08-25 19:24:43.482 12 ERROR keystone.server.flask.application packet.raise_for_error()
[Tue Aug 25 19:24:43.496264 2026] [wsgi:error] [pid 12:tid 140568239675072] [remote 10.0.0.56:34492] 2026-08-25 19:24:43.482 12 ERROR keystone.server.flask.application
File "/var/lib/openstack/lib/python3.12/site-packages/pymysql/protocol.py", line 219, in raise_for_error
[Tue Aug 25 19:24:43.496265 2026] [wsgi:error] [pid 12:tid 140568239675072] [remote 10.0.0.56:34492] 2026-08-25 19:24:43.482 12 ERROR keystone.server.flask.application err.raise_mysql_exception(self._data)
[Tue Aug 25 19:24:43.496267 2026] [wsgi:error] [pid 12:tid 140568239675072] [remote 10.0.0.56:34492] 2026-08-25 19:24:43.482 12 ERROR keystone.server.flask.application
File "/var/lib/openstack/lib/python3.12/site-packages/pymysql/err.py", line 154, in raise_mysql_exception
[Tue Aug 25 19:24:43.496268 2026] [wsgi:error] [pid 12:tid 140568239675072] [remote 10.0.0.56:34492] 2026-08-25 19:24:43.482 12 ERROR keystone.server.flask.application raise errorclass(errno, errval, sqlstate=sqlstate)
[Tue Aug 25 19:24:43.496270 2026] [wsgi:error] [pid 12:tid 140568239675072] [remote 10.0.0.56:34492] 2026-08-25 19:24:43.482 12 ERROR keystone.server.flask.application pymysql.err.IntegrityError: (1062, "Duplicate entry '<>-service' for key 'project.ixu_project_name_domain_id'")
[Tue Aug 25 19:24:43.496272 2026] [wsgi:error] [pid 12:tid 140568239675072] [remote 10.0.0.56:34492] 2026-08-25 19:24:43.482 12 ERROR keystone.server.flask.application
[Tue Aug 25 19:24:43.496273 2026] [wsgi:error] [pid 12:tid 140568239675072] [remote 10.0.0.56:34492] 2026-08-25 19:24:43.482 12 ERROR keystone.server.flask.application The above exception was the direct cause of the following exception:
[Tue Aug 25 19:24:43.496274 2026] [wsgi:error] [pid 12:tid 140568239675072] [remote 10.0.0.56:34492] 2026-08-25 19:24:43.482 12 ERROR keystone.server.flask.application
[Tue Aug 25 19:24:43.496276 2026] [wsgi:error] [pid 12:tid 140568239675072] [remote 10.0.0.56:34492] 2026-08-25 19:24:43.482 12 ERROR keystone.server.flask.application
Traceback (most recent call last):
[Tue Aug 25 19:24:43.496277 2026] [wsgi:error] [pid 12:tid 140568239675072] [remote 10.0.0.56:34492] 2026-08-25 19:24:43.482 12 ERROR keystone.server.flask.application
File "/var/lib/openstack/lib/python3.12/site-packages/keystone/common/sql/core.py", line 575, in wrapper
[Tue Aug 25 19:24:43.496279 2026] [wsgi:error] [pid 12:tid 140568239675072] [remote 10.0.0.56:34492] 2026-08-25 19:24:43.482 12 ERROR keystone.server.flask.application return method(*args, **kwargs)
[Tue Aug 25 19:24:43.496280 2026] [wsgi:error] [pid 12:tid 140568239675072] [remote 10.0.0.56:34492] 2026-08-25 19:24:43.482 12 ERROR keystone.server.flask.application ^^^^^^^^^^^^^^^^^^^^^^^
[Tue Aug 25 19:24:43.496289 2026] [wsgi:error] [pid 12:tid 140568239675072] [remote 10.0.0.56:34492] 2026-08-25 19:24:43.482 12 ERROR keystone.server.flask.application
File "/var/lib/openstack/lib/python3.12/site-packages/keystone/resource/backends/sql.py", line 278, in create_project
[Tue Aug 25 19:24:43.496291 2026] [wsgi:error] [pid 12:tid 140568239675072] [remote 10.0.0.56:34492] 2026-08-25 19:24:43.482 12 ERROR keystone.server.flask.application with sql.session_for_write() as session:
[Tue Aug 25 19:24:43.496292 2026] [wsgi:error] [pid 12:tid 140568239675072] [remote 10.0.0.56:34492] 2026-08-25 19:24:43.482 12 ERROR keystone.server.flask.application
File "/usr/lib/python3.12/contextlib.py", line 144, in __exit__
[Tue Aug 25 19:24:43.496294 2026] [wsgi:error] [pid 12:tid 140568239675072] [remote 10.0.0.56:34492] 2026-08-25 19:24:43.482 12 ERROR keystone.server.flask.application next(self.gen)
[Tue Aug 25 19:24:43.496295 2026] [wsgi:error] [pid 12:tid 140568239675072] [remote 10.0.0.56:34492] 2026-08-25 19:24:43.482 12 ERROR keystone.server.flask.application
File "/var/lib/openstack/lib/python3.12/site-packages/oslo_db/sqlalchemy/enginefacade.py", line 1175, in _transaction_scope
[Tue Aug 25 19:24:43.496297 2026] [wsgi:error] [pid 12:tid 140568239675072] [remote 10.0.0.56:34492] 2026-08-25 19:24:43.482 12 ERROR keystone.server.flask.application with current._produce_block(
[Tue Aug 25 19:24:43.496298 2026] [wsgi:error] [pid 12:tid 140568239675072] [remote 10.0.0.56:34492] 2026-08-25 19:24:43.482 12 ERROR keystone.server.flask.application
File "/usr/lib/python3.12/contextlib.py", line 144, in __exit__
[Tue Aug 25 19:24:43.496300 2026] [wsgi:error] [pid 12:tid 140568239675072] [remote 10.0.0.56:34492] 2026-08-25 19:24:43.482 12 ERROR keystone.server.flask.application next(self.gen)
[Tue Aug 25 19:24:43.496301 2026] [wsgi:error] [pid 12:tid 140568239675072] [remote 10.0.0.56:34492] 2026-08-25 19:24:43.482 12 ERROR keystone.server.flask.application
File "/var/lib/openstack/lib/python3.12/site-packages/oslo_db/sqlalchemy/enginefacade.py", line 837, in _session
[Tue Aug 25 19:24:43.496303 2026] [wsgi:error] [pid 12:tid 140568239675072] [remote 10.0.0.56:34492] 2026-08-25 19:24:43.482 12 ERROR keystone.server.flask.application with excutils.save_and_reraise_exception():
[Tue Aug 25 19:24:43.496304 2026] [wsgi:error] [pid 12:tid 140568239675072] [remote 10.0.0.56:34492] 2026-08-25 19:24:43.482 12 ERROR keystone.server.flask.application
File "/var/lib/openstack/lib/python3.12/site-packages/oslo_utils/excutils.py", line 266, in __exit__
[Tue Aug 25 19:24:43.496306 2026] [wsgi:error] [pid 12:tid 140568239675072] [remote 10.0.0.56:34492] 2026-08-25 19:24:43.482 12 ERROR keystone.server.flask.application self.force_reraise()
[Tue Aug 25 19:24:43.496307 2026] [wsgi:error] [pid 12:tid 140568239675072] [remote 10.0.0.56:34492] 2026-08-25 19:24:43.482 12 ERROR keystone.server.flask.application
File "/var/lib/openstack/lib/python3.12/site-packages/oslo_utils/excutils.py", line 232, in force_reraise
[Tue Aug 25 19:24:43.496309 2026] [wsgi:error] [pid 12:tid 140568239675072] [remote 10.0.0.56:34492] 2026-08-25 19:24:43.482 12 ERROR keystone.server.flask.application raise self.value
[Tue Aug 25 19:24:43.496311 2026] [wsgi:error] [pid 12:tid 140568239675072] [remote 10.0.0.56:34492] 2026-08-25 19:24:43.482 12 ERROR keystone.server.flask.application
File "/var/lib/openstack/lib/python3.12/site-packages/oslo_db/sqlalchemy/enginefacade.py", line 835, in _session
[Tue Aug 25 19:24:43.496312 2026] [wsgi:error] [pid 12:tid 140568239675072] [remote 10.0.0.56:34492] 2026-08-25 19:24:43.482 12 ERROR keystone.server.flask.application self._end_session_transaction(self.session)
[Tue Aug 25 19:24:43.496314 2026] [wsgi:error] [pid 12:tid 140568239675072] [remote 10.0.0.56:34492] 2026-08-25 19:24:43.482 12 ERROR keystone.server.flask.application
File "/var/lib/openstack/lib/python3.12/site-packages/oslo_db/sqlalchemy/enginefacade.py", line 748, in _end_session_transaction
[Tue Aug 25 19:24:43.496316 2026] [wsgi:error] [pid 12:tid 140568239675072] [remote 10.0.0.56:34492] 2026-08-25 19:24:43.482 12 ERROR keystone.server.flask.application session.commit()
[Tue Aug 25 19:24:43.496317 2026] [wsgi:error] [pid 12:tid 140568239675072] [remote 10.0.0.56:34492] 2026-08-25 19:24:43.482 12 ERROR keystone.server.flask.application
File "/var/lib/openstack/lib/python3.12/site-packages/sqlalchemy/orm/session.py", line 2034, in commit
[Tue Aug 25 19:24:43.496322 2026] [wsgi:error] [pid 12:tid 140568239675072] [remote 10.0.0.56:34492] 2026-08-25 19:24:43.482 12 ERROR keystone.server.flask.application trans.commit(_to_root=True)
[Tue Aug 25 19:24:43.496323 2026] [wsgi:error] [pid 12:tid 140568239675072] [remote 10.0.0.56:34492] 2026-08-25 19:24:43.482 12 ERROR keystone.server.flask.application File "", line 2, in commit
[Tue Aug 25 19:24:43.496325 2026] [wsgi:error] [pid 12:tid 140568239675072] [remote 10.0.0.56:34492] 2026-08-25 19:24:43.482 12 ERROR keystone.server.flask.application
File "/var/lib/openstack/lib/python3.12/site-packages/sqlalchemy/orm/state_changes.py", line 137, in _go
[Tue Aug 25 19:24:43.496327 2026] [wsgi:error] [pid 12:tid 140568239675072] [remote 10.0.0.56:34492] 2026-08-25 19:24:43.482 12 ERROR keystone.server.flask.application ret_value = fn(self, *arg, **kw)
[Tue Aug 25 19:24:43.496328 2026] [wsgi:error] [pid 12:tid 140568239675072] [remote 10.0.0.56:34492] 2026-08-25 19:24:43.482 12 ERROR keystone.server.flask.application ^^^^^^^^^^^^^^^^^^^^
[Tue Aug 25 19:24:43.496330 2026] [wsgi:error] [pid 12:tid 140568239675072] [remote 10.0.0.56:34492] 2026-08-25 19:24:43.482 12 ERROR keystone.server.flask.application
File "/var/lib/openstack/lib/python3.12/site-packages/sqlalchemy/orm/session.py", line 1315, in commit
[Tue Aug 25 19:24:43.496332 2026] [wsgi:error] [pid 12:tid 140568239675072] [remote 10.0.0.56:34492] 2026-08-25 19:24:43.482 12 ERROR keystone.server.flask.application self._prepare_impl()
[Tue Aug 25 19:24:43.496334 2026] [wsgi:error] [pid 12:tid 140568239675072] [remote 10.0.0.56:34492] 2026-08-25 19:24:43.482 12 ERROR keystone.server.flask.application File "", line 2, in _prepare_impl
[Tue Aug 25 19:24:43.496336 2026] [wsgi:error] [pid 12:tid 140568239675072] [remote 10.0.0.56:34492] 2026-08-25 19:24:43.482 12 ERROR keystone.server.flask.application
File "/var/lib/openstack/lib/python3.12/site-packages/sqlalchemy/orm/state_changes.py", line 137, in _go
[Tue Aug 25 19:24:43.496339 2026] [wsgi:error] [pid 12:tid 140568239675072] [remote 10.0.0.56:34492] 2026-08-25 19:24:43.482 12 ERROR keystone.server.flask.application ret_value = fn(self, *arg, **kw)
[Tue Aug 25 19:24:43.496340 2026] [wsgi:error] [pid 12:tid 140568239675072] [remote 10.0.0.56:34492] 2026-08-25 19:24:43.482 12 ERROR keystone.server.flask.application ^^^^^^^^^^^^^^^^^^^^
[Tue Aug 25 19:24:43.496342 2026] [wsgi:error] [pid 12:tid 140568239675072] [remote 10.0.0.56:34492] 2026-08-25 19:24:43.482 12 ERROR keystone.server.flask.application
File "/var/lib/openstack/lib/python3.12/site-packages/sqlalchemy/orm/session.py", line 1290, in _prepare_impl
[Tue Aug 25 19:24:43.496345 2026] [wsgi:error] [pid 12:tid 140568239675072] [remote 10.0.0.56:34492] 2026-08-25 19:24:43.482 12 ERROR keystone.server.flask.application self.session.flush()
[Tue Aug 25 19:24:43.496346 2026] [wsgi:error] [pid 12:tid 140568239675072] [remote 10.0.0.56:34492] 2026-08-25 19:24:43.482 12 ERROR keystone.server.flask.application
File "/var/lib/openstack/lib/python3.12/site-packages/sqlalchemy/orm/session.py", line 4352, in flush
[Tue Aug 25 19:24:43.496348 2026] [wsgi:error] [pid 12:tid 140568239675072] [remote 10.0.0.56:34492] 2026-08-25 19:24:43.482 12 ERROR keystone.server.flask.application self._flush(objects)
[Tue Aug 25 19:24:43.496350 2026] [wsgi:error] [pid 12:tid 140568239675072] [remote 10.0.0.56:34492] 2026-08-25 19:24:43.482 12 ERROR keystone.server.flask.application
File "/var/lib/openstack/lib/python3.12/site-packages/sqlalchemy/orm/session.py", line 4487, in _flush
[Tue Aug 25 19:24:43.496352 2026] [wsgi:error] [pid 12:tid 140568239675072] [remote 10.0.0.56:34492] 2026-08-25 19:24:43.482 12 ERROR keystone.server.flask.application with util.safe_reraise():
[Tue Aug 25 19:24:43.496354 2026] [wsgi:error] [pid 12:tid 140568239675072] [remote 10.0.0.56:34492] 2026-08-25 19:24:43.482 12 ERROR keystone.server.flask.application
File "/var/lib/openstack/lib/python3.12/site-packages/sqlalchemy/util/langhelpers.py", line 122, in __exit__
[Tue Aug 25 19:24:43.496356 2026] [wsgi:error] [pid 12:tid 140568239675072] [remote 10.0.0.56:34492] 2026-08-25 19:24:43.482 12 ERROR keystone.server.flask.application raise exc_value.with_traceback(exc_tb)
[Tue Aug 25 19:24:43.496358 2026] [wsgi:error] [pid 12:tid 140568239675072] [remote 10.0.0.56:34492] 2026-08-25 19:24:43.482 12 ERROR keystone.server.flask.application
File "/var/lib/openstack/lib/python3.12/site-packages/sqlalchemy/orm/session.py", line 4448, in _flush
[Tue Aug 25 19:24:43.496360 2026] [wsgi:error] [pid 12:tid 140568239675072] [remote 10.0.0.56:34492] 2026-08-25 19:24:43.482 12 ERROR keystone.server.flask.application flush_context.execute()
[Tue Aug 25 19:24:43.496362 2026] [wsgi:error] [pid 12:tid 140568239675072] [remote 10.0.0.56:34492] 2026-08-25 19:24:43.482 12 ERROR keystone.server.flask.application
