2026-05-07 10:27:23.699 11 INFO neutron.plugins.ml2.plugin [None req-643cf9b6-b00b-46f9-b920-58907d67a4ac - - - - - -] Attempt 1 to provision port 23e592b4-0e79-41e3-80bc-cac3db2d63d6
2026-05-07 10:27:23.914 11 INFO neutron.plugins.ml2.plugin [None req-643cf9b6-b00b-46f9-b920-58907d67a4ac - - - - - -] Attempt 1 to provision port 9afe7b93-d0a6-45d0-8f72-7fbef84708ea
2026-05-07 10:27:24.017 11 INFO neutron.notifiers.nova [None req-643cf9b6-b00b-46f9-b920-58907d67a4ac - - - - - -] Nova event matching ['req-726a122a-c52b-47ca-82f1-448ed4f9f6b3'] response: {'server_uuid': '6a50353e-2255-4d0b-ba78-87797e219c97', 'name': 'network-vif-plugged', 'status': 'completed', 'tag': '9afe7b93-d0a6-45d0-8f72-7fbef84708ea', 'code': 200}
2026-05-07 10:27:24.233 11 INFO neutron.plugins.ml2.plugin [None req-643cf9b6-b00b-46f9-b920-58907d67a4ac - - - - - -] Attempt 1 to provision port 47533bd4-1a82-4453-8cf0-1fa8ad51979c
2026-05-07 10:27:25.031 11 INFO neutron.plugins.ml2.plugin [None req-f5c11b09-2b7c-4c15-a53b-58f5bff786b1 - - - - - -] Attempt 1 to provision port 83743976-ac21-469b-a005-d56342539d72
2026-05-07 10:27:25.634 11 INFO neutron.plugins.ml2.plugin [None req-643cf9b6-b00b-46f9-b920-58907d67a4ac - - - - - -] Attempt 1 to provision port 23e592b4-0e79-41e3-80bc-cac3db2d63d6
2026-05-07 10:27:25.792 11 INFO neutron.plugins.ml2.plugin [None req-643cf9b6-b00b-46f9-b920-58907d67a4ac - - - - - -] Attempt 1 to provision port 9afe7b93-d0a6-45d0-8f72-7fbef84708ea
2026-05-07 10:27:25.966 11 INFO neutron.plugins.ml2.plugin [None req-643cf9b6-b00b-46f9-b920-58907d67a4ac - - - - - -] Attempt 1 to provision port 47533bd4-1a82-4453-8cf0-1fa8ad51979c
2026-05-07 10:27:27.535 11 INFO neutron.plugins.ml2.plugin [None req-5b2471e7-f2a0-4b94-8809-e0023a328326 - - - - - -] Attempt 1 to provision port 0ae8e297-65fb-4e1f-a8bd-7ccbaf11c25f
2026-05-07 10:27:27.585 11 INFO neutron.plugins.ml2.plugin [None req-5b2471e7-f2a0-4b94-8809-e0023a328326 - - - - - -] Attempt 1 to provision port 9afe7b93-d0a6-45d0-8f72-7fbef84708ea
2026-05-07 10:27:29.421 11 INFO neutron.plugins.ml2.plugin [None req-8ac3b6a0-cea0-4c37-86db-d24217c208d1 - - - - - -] Attempt 1 to provision port 0ae8e297-65fb-4e1f-a8bd-7ccbaf11c25f
2026-05-07 10:27:29.659 10 INFO neutron.plugins.ml2.plugin [None req-643cf9b6-b00b-46f9-b920-58907d67a4ac - - - - - -] Attempt 1 to provision port d9f392b1-9df7-430a-8c4f-398e3fd007ac
2026-05-07 10:27:29.893 10 INFO neutron.plugins.ml2.plugin [None req-643cf9b6-b00b-46f9-b920-58907d67a4ac - - - - - -] Attempt 1 to provision port 0ae8e297-65fb-4e1f-a8bd-7ccbaf11c25f
2026-05-07 10:27:30.092 10 INFO neutron.plugins.ml2.plugin [None req-643cf9b6-b00b-46f9-b920-58907d67a4ac - - - - - -] Attempt 1 to provision port 83743976-ac21-469b-a005-d56342539d72
2026-05-07 10:27:31.642 10 INFO neutron.plugins.ml2.plugin [None req-643cf9b6-b00b-46f9-b920-58907d67a4ac - - - - - -] Attempt 1 to provision port d9f392b1-9df7-430a-8c4f-398e3fd007ac
2026-05-07 10:27:31.776 10 INFO neutron.plugins.ml2.plugin [None req-643cf9b6-b00b-46f9-b920-58907d67a4ac - - - - - -] Attempt 1 to provision port 83743976-ac21-469b-a005-d56342539d72
2026-05-07 10:27:33.856 10 INFO neutron.notifiers.nova [None req-643cf9b6-b00b-46f9-b920-58907d67a4ac - - - - - -] Nova event matching ['req-d7ab99d2-fee5-4c74-821b-848cfb91d256'] response: {'server_uuid': '9f5df935-f0e0-4a41-b7c6-e41f26e7d19c', 'name': 'network-vif-unplugged', 'status': 'completed', 'tag': '32ad3916-5850-4fc1-935e-b9b9adaa813a', 'code': 200}
2026-05-07 10:27:36.332 11 INFO neutron.plugins.ml2.plugin [None req-643cf9b6-b00b-46f9-b920-58907d67a4ac - - - - - -] Attempt 1 to provision port 32ad3916-5850-4fc1-935e-b9b9adaa813a
2026-05-07 10:27:36.502 11 INFO neutron.notifiers.nova [None req-643cf9b6-b00b-46f9-b920-58907d67a4ac - - - - - -] Nova event matching ['req-5026c9bc-ca62-4236-857d-f62ba3ea32ee'] response: {'server_uuid': '9f5df935-f0e0-4a41-b7c6-e41f26e7d19c', 'name': 'network-vif-plugged', 'status': 'completed', 'tag': '32ad3916-5850-4fc1-935e-b9b9adaa813a', 'code': 200}
2026-05-07 10:27:37.788 10 INFO neutron.plugins.ml2.plugin [None req-643cf9b6-b00b-46f9-b920-58907d67a4ac - - - - - -] Attempt 1 to provision port 32ad3916-5850-4fc1-935e-b9b9adaa813a
2026-05-07 10:27:43.686 10 INFO neutron.plugins.ml2.plugin [None req-39d7345a-2128-422e-b7b2-0d4fd3705ecd - - - - - -] Attempt 1 to provision port 14197caa-171a-4653-8ef4-1b8374f603a7
2026-05-07 10:27:56.146 10 ERROR oslo_messaging.rpc.server [None req-e4c2ae6d-b07f-4641-a240-a1a9e64b99c5 - - - - - -] Exception during message handling: neutron_lib.exceptions.SubnetInUse: Unable to complete operation on subnet e8c4fa3b-77ca-4386-b103-2ca2594f7a45: This subnet is being modified by another concurrent operation.
2026-05-07 10:27:56.146 10 ERROR oslo_messaging.rpc.server
Traceback (most recent call last):
2026-05-07 10:27:56.146 10 ERROR oslo_messaging.rpc.server
File "/var/lib/openstack/lib/python3.12/site-packages/oslo_messaging/rpc/server.py", line 174, in _process_incoming
2026-05-07 10:27:56.146 10 ERROR oslo_messaging.rpc.server res = self.dispatcher.dispatch(message)
2026-05-07 10:27:56.146 10 ERROR oslo_messaging.rpc.server ^^^^^^^^^^^^^^^^^^^^^^^^^^^^^^^^^
2026-05-07 10:27:56.146 10 ERROR oslo_messaging.rpc.server
File "/var/lib/openstack/lib/python3.12/site-packages/oslo_messaging/rpc/dispatcher.py", line 309, in dispatch
2026-05-07 10:27:56.146 10 ERROR oslo_messaging.rpc.server return self._do_dispatch(endpoint, method, ctxt, args)
2026-05-07 10:27:56.146 10 ERROR oslo_messaging.rpc.server ^^^^^^^^^^^^^^^^^^^^^^^^^^^^^^^^^^^^^^^^^^^^^^^
2026-05-07 10:27:56.146 10 ERROR oslo_messaging.rpc.server
File "/var/lib/openstack/lib/python3.12/site-packages/oslo_messaging/rpc/dispatcher.py", line 229, in _do_dispatch
2026-05-07 10:27:56.146 10 ERROR oslo_messaging.rpc.server result = func(ctxt, **new_args)
2026-05-07 10:27:56.146 10 ERROR oslo_messaging.rpc.server ^^^^^^^^^^^^^^^^^^^^^^
2026-05-07 10:27:56.146 10 ERROR oslo_messaging.rpc.server
File "/var/lib/openstack/lib/python3.12/site-packages/oslo_messaging/rpc/server.py", line 269, in inner
2026-05-07 10:27:56.146 10 ERROR oslo_messaging.rpc.server return func(*args, **kwargs)
2026-05-07 10:27:56.146 10 ERROR oslo_messaging.rpc.server ^^^^^^^^^^^^^^^^^^^^^
2026-05-07 10:27:56.146 10 ERROR oslo_messaging.rpc.server
File "/var/lib/openstack/lib/python3.12/site-packages/neutron_lib/db/api.py", line 137, in wrapped
2026-05-07 10:27:56.146 10 ERROR oslo_messaging.rpc.server with excutils.save_and_reraise_exception():
2026-05-07 10:27:56.146 10 ERROR oslo_messaging.rpc.server
File "/var/lib/openstack/lib/python3.12/site-packages/oslo_utils/excutils.py", line 227, in __exit__
2026-05-07 10:27:56.146 10 ERROR oslo_messaging.rpc.server self.force_reraise()
2026-05-07 10:27:56.146 10 ERROR oslo_messaging.rpc.server
File "/var/lib/openstack/lib/python3.12/site-packages/oslo_utils/excutils.py", line 200, in force_reraise
2026-05-07 10:27:56.146 10 ERROR oslo_messaging.rpc.server raise self.value
2026-05-07 10:27:56.146 10 ERROR oslo_messaging.rpc.server
File "/var/lib/openstack/lib/python3.12/site-packages/neutron_lib/db/api.py", line 135, in wrapped
2026-05-07 10:27:56.146 10 ERROR oslo_messaging.rpc.server return f(*args, **kwargs)
2026-05-07 10:27:56.146 10 ERROR oslo_messaging.rpc.server ^^^^^^^^^^^^^^^^^^
2026-05-07 10:27:56.146 10 ERROR oslo_messaging.rpc.server
File "/var/lib/openstack/lib/python3.12/site-packages/oslo_db/api.py", line 144, in wrapper
2026-05-07 10:27:56.146 10 ERROR oslo_messaging.rpc.server with excutils.save_and_reraise_exception() as ectxt:
2026-05-07 10:27:56.146 10 ERROR oslo_messaging.rpc.server
File "/var/lib/openstack/lib/python3.12/site-packages/oslo_utils/excutils.py", line 227, in __exit__
2026-05-07 10:27:56.146 10 ERROR oslo_messaging.rpc.server self.force_reraise()
2026-05-07 10:27:56.146 10 ERROR oslo_messaging.rpc.server
File "/var/lib/openstack/lib/python3.12/site-packages/oslo_utils/excutils.py", line 200, in force_reraise
2026-05-07 10:27:56.146 10 ERROR oslo_messaging.rpc.server raise self.value
2026-05-07 10:27:56.146 10 ERROR oslo_messaging.rpc.server
File "/var/lib/openstack/lib/python3.12/site-packages/oslo_db/api.py", line 142, in wrapper
2026-05-07 10:27:56.146 10 ERROR oslo_messaging.rpc.server return f(*args, **kwargs)
2026-05-07 10:27:56.146 10 ERROR oslo_messaging.rpc.server ^^^^^^^^^^^^^^^^^^
2026-05-07 10:27:56.146 10 ERROR oslo_messaging.rpc.server
File "/var/lib/openstack/lib/python3.12/site-packages/neutron_lib/db/api.py", line 183, in wrapped
2026-05-07 10:27:56.146 10 ERROR oslo_messaging.rpc.server with excutils.save_and_reraise_exception():
2026-05-07 10:27:56.146 10 ERROR oslo_messaging.rpc.server
File "/var/lib/openstack/lib/python3.12/site-packages/oslo_utils/excutils.py", line 227, in __exit__
2026-05-07 10:27:56.146 10 ERROR oslo_messaging.rpc.server self.force_reraise()
2026-05-07 10:27:56.146 10 ERROR oslo_messaging.rpc.server
File "/var/lib/openstack/lib/python3.12/site-packages/oslo_utils/excutils.py", line 200, in force_reraise
2026-05-07 10:27:56.146 10 ERROR oslo_messaging.rpc.server raise self.value
2026-05-07 10:27:56.146 10 ERROR oslo_messaging.rpc.server
File "/var/lib/openstack/lib/python3.12/site-packages/neutron_lib/db/api.py", line 181, in wrapped
2026-05-07 10:27:56.146 10 ERROR oslo_messaging.rpc.server return f(*dup_args, **dup_kwargs)
2026-05-07 10:27:56.146 10 ERROR oslo_messaging.rpc.server ^^^^^^^^^^^^^^^^^^^^^^^^^^
2026-05-07 10:27:56.146 10 ERROR oslo_messaging.rpc.server
File "/var/lib/openstack/lib/python3.12/site-packages/neutron/quota/resource_registry.py", line 95, in wrapper
2026-05-07 10:27:56.146 10 ERROR oslo_messaging.rpc.server ret_val = f(_self, context, *args, **kwargs)
2026-05-07 10:27:56.146 10 ERROR oslo_messaging.rpc.server ^^^^^^^^^^^^^^^^^^^^^^^^^^^^^^^^^^
2026-05-07 10:27:56.146 10 ERROR oslo_messaging.rpc.server
File "/var/lib/openstack/lib/python3.12/site-packages/neutron/api/rpc/handlers/dhcp_rpc.py", line 292, in create_dhcp_port
2026-05-07 10:27:56.146 10 ERROR oslo_messaging.rpc.server return self._port_action(plugin, context, port, 'create_port')
2026-05-07 10:27:56.146 10 ERROR oslo_messaging.rpc.server ^^^^^^^^^^^^^^^^^^^^^^^^^^^^^^^^^^^^^^^^^^^^^^^^^^^^^^^
2026-05-07 10:27:56.146 10 ERROR oslo_messaging.rpc.server
File "/var/lib/openstack/lib/python3.12/site-packages/neutron/api/rpc/handlers/dhcp_rpc.py", line 118, in _port_action
2026-05-07 10:27:56.146 10 ERROR oslo_messaging.rpc.server return p_utils.create_port(plugin, context, port)
2026-05-07 10:27:56.146 10 ERROR oslo_messaging.rpc.server ^^^^^^^^^^^^^^^^^^^^^^^^^^^^^^^^^^^^^^^^^^
2026-05-07 10:27:56.146 10 ERROR oslo_messaging.rpc.server
File "/var/lib/openstack/lib/python3.12/site-packages/neutron_lib/plugins/utils.py", line 338, in create_port
2026-05-07 10:27:56.146 10 ERROR oslo_messaging.rpc.server return core_plugin.create_port(
2026-05-07 10:27:56.146 10 ERROR oslo_messaging.rpc.server ^^^^^^^^^^^^^^^^^^^^^^^^
2026-05-07 10:27:56.146 10 ERROR oslo_messaging.rpc.server
File "/var/lib/openstack/lib/python3.12/site-packages/neutron/common/utils.py", line 716, in inner
2026-05-07 10:27:56.146 10 ERROR oslo_messaging.rpc.server return f(*args, **kwargs)
2026-05-07 10:27:56.146 10 ERROR oslo_messaging.rpc.server ^^^^^^^^^^^^^^^^^^
2026-05-07 10:27:56.146 10 ERROR oslo_messaging.rpc.server
File "/var/lib/openstack/lib/python3.12/site-packages/neutron_lib/db/api.py", line 223, in wrapped
2026-05-07 10:27:56.146 10 ERROR oslo_messaging.rpc.server return f_with_retry(*args, **kwargs,
2026-05-07 10:27:56.146 10 ERROR oslo_messaging.rpc.server ^^^^^^^^^^^^^^^^^^^^^^^^^^^^^
2026-05-07 10:27:56.146 10 ERROR oslo_messaging.rpc.server
File "/var/lib/openstack/lib/python3.12/site-packages/neutron_lib/db/api.py", line 137, in wrapped
2026-05-07 10:27:56.146 10 ERROR oslo_messaging.rpc.server with excutils.save_and_reraise_exception():
2026-05-07 10:27:56.146 10 ERROR oslo_messaging.rpc.server
File "/var/lib/openstack/lib/python3.12/site-packages/oslo_utils/excutils.py", line 227, in __exit__
2026-05-07 10:27:56.146 10 ERROR oslo_messaging.rpc.server self.force_reraise()
2026-05-07 10:27:56.146 10 ERROR oslo_messaging.rpc.server
File "/var/lib/openstack/lib/python3.12/site-packages/oslo_utils/excutils.py", line 200, in force_reraise
2026-05-07 10:27:56.146 10 ERROR oslo_messaging.rpc.server raise self.value
2026-05-07 10:27:56.146 10 ERROR oslo_messaging.rpc.server
File "/var/lib/openstack/lib/python3.12/site-packages/neutron_lib/db/api.py", line 135, in wrapped
2026-05-07 10:27:56.146 10 ERROR oslo_messaging.rpc.server return f(*args, **kwargs)
2026-05-07 10:27:56.146 10 ERROR oslo_messaging.rpc.server ^^^^^^^^^^^^^^^^^^
2026-05-07 10:27:56.146 10 ERROR oslo_messaging.rpc.server
File "/var/lib/openstack/lib/python3.12/site-packages/oslo_db/api.py", line 144, in wrapper
2026-05-07 10:27:56.146 10 ERROR oslo_messaging.rpc.server with excutils.save_and_reraise_exception() as ectxt:
2026-05-07 10:27:56.146 10 ERROR oslo_messaging.rpc.server
File "/var/lib/openstack/lib/python3.12/site-packages/oslo_utils/excutils.py", line 227, in __exit__
2026-05-07 10:27:56.146 10 ERROR oslo_messaging.rpc.server self.force_reraise()
2026-05-07 10:27:56.146 10 ERROR oslo_messaging.rpc.server
File "/var/lib/openstack/lib/python3.12/site-packages/oslo_utils/excutils.py", line 200, in force_reraise
2026-05-07 10:27:56.146 10 ERROR oslo_messaging.rpc.server raise self.value
2026-05-07 10:27:56.146 10 ERROR oslo_messaging.rpc.server
File "/var/lib/openstack/lib/python3.12/site-packages/oslo_db/api.py", line 142, in wrapper
2026-05-07 10:27:56.146 10 ERROR oslo_messaging.rpc.server return f(*args, **kwargs)
2026-05-07 10:27:56.146 10 ERROR oslo_messaging.rpc.server ^^^^^^^^^^^^^^^^^^
2026-05-07 10:27:56.146 10 ERROR oslo_messaging.rpc.server
File "/var/lib/openstack/lib/python3.12/site-packages/neutron_lib/db/api.py", line 183, in wrapped
2026-05-07 10:27:56.146 10 ERROR oslo_messaging.rpc.server with excutils.save_and_reraise_exception():
2026-05-07 10:27:56.146 10 ERROR oslo_messaging.rpc.server
File "/var/lib/openstack/lib/python3.12/site-packages/oslo_utils/excutils.py", line 227, in __exit__
2026-05-07 10:27:56.146 10 ERROR oslo_messaging.rpc.server self.force_reraise()
2026-05-07 10:27:56.146 10 ERROR oslo_messaging.rpc.server
File "/var/lib/openstack/lib/python3.12/site-packages/oslo_utils/excutils.py", line 200, in force_reraise
2026-05-07 10:27:56.146 10 ERROR oslo_messaging.rpc.server raise self.value
2026-05-07 10:27:56.146 10 ERROR oslo_messaging.rpc.server
File "/var/lib/openstack/lib/python3.12/site-packages/neutron_lib/db/api.py", line 181, in wrapped
2026-05-07 10:27:56.146 10 ERROR oslo_messaging.rpc.server return f(*dup_args, **dup_kwargs)
2026-05-07 10:27:56.146 10 ERROR oslo_messaging.rpc.server ^^^^^^^^^^^^^^^^^^^^^^^^^^
2026-05-07 10:27:56.146 10 ERROR oslo_messaging.rpc.server
File "/var/lib/openstack/lib/python3.12/site-packages/neutron/plugins/ml2/plugin.py", line 1660, in create_port
2026-05-07 10:27:56.146 10 ERROR oslo_messaging.rpc.server result, mech_context = self._create_port_db(context, port)
2026-05-07 10:27:56.146 10 ERROR oslo_messaging.rpc.server ^^^^^^^^^^^^^^^^^^^^^^^^^^^^^^^^^^^
2026-05-07 10:27:56.146 10 ERROR oslo_messaging.rpc.server
File "/var/lib/openstack/lib/python3.12/site-packages/neutron/plugins/ml2/plugin.py", line 1625, in _create_port_db
2026-05-07 10:27:56.146 10 ERROR oslo_messaging.rpc.server port_db = self.create_port_db(context, port)
2026-05-07 10:27:56.146 10 ERROR oslo_messaging.rpc.server ^^^^^^^^^^^^^^^^^^^^^^^^^^^^^^^^^^
2026-05-07 10:27:56.146 10 ERROR oslo_messaging.rpc.server
File "/var/lib/openstack/lib/python3.12/site-packages/neutron/db/db_base_plugin_v2.py", line 1574, in create_port_db
2026-05-07 10:27:56.146 10 ERROR oslo_messaging.rpc.server self.ipam.allocate_ips_for_port_and_store(
2026-05-07 10:27:56.146 10 ERROR oslo_messaging.rpc.server
File "/var/lib/openstack/lib/python3.12/site-packages/neutron/db/ipam_pluggable_backend.py", line 219, in allocate_ips_for_port_and_store
2026-05-07 10:27:56.146 10 ERROR oslo_messaging.rpc.server ips = self.allocate_ips_for_port(context, port_copy)
2026-05-07 10:27:56.146 10 ERROR oslo_messaging.rpc.server ^^^^^^^^^^^^^^^^^^^^^^^^^^^^^^^^^^^^^^^^^^^^^^
2026-05-07 10:27:56.146 10 ERROR oslo_messaging.rpc.server
File "/var/lib/openstack/lib/python3.12/site-packages/neutron_lib/db/api.py", line 221, in wrapped
2026-05-07 10:27:56.146 10 ERROR oslo_messaging.rpc.server return f(*args, **kwargs)
2026-05-07 10:27:56.146 10 ERROR oslo_messaging.rpc.server ^^^^^^^^^^^^^^^^^^
2026-05-07 10:27:56.146 10 ERROR oslo_messaging.rpc.server
File "/var/lib/openstack/lib/python3.12/site-packages/oslo_db/sqlalchemy/enginefacade.py", line 1183, in wrapper
2026-05-07 10:27:56.146 10 ERROR oslo_messaging.rpc.server return fn(*args, **kwargs)
2026-05-07 10:27:56.146 10 ERROR oslo_messaging.rpc.server ^^^^^^^^^^^^^^^^^^^
2026-05-07 10:27:56.146 10 ERROR oslo_messaging.rpc.server
File "/var/lib/openstack/lib/python3.12/site-packages/neutron/db/ipam_pluggable_backend.py", line 226, in allocate_ips_for_port
2026-05-07 10:27:56.146 10 ERROR oslo_messaging.rpc.server return self._allocate_ips_for_port(context, port)
2026-05-07 10:27:56.146 10 ERROR oslo_messaging.rpc.server ^^^^^^^^^^^^^^^^^^^^^^^^^^^^^^^^^^^^^^^^^^
2026-05-07 10:27:56.146 10 ERROR oslo_messaging.rpc.server
File "/var/lib/openstack/lib/python3.12/site-packages/neutron/db/ipam_pluggable_backend.py", line 258, in _allocate_ips_for_port
2026-05-07 10:27:56.146 10 ERROR oslo_messaging.rpc.server subnets = self._ipam_get_subnets(
2026-05-07 10:27:56.146 10 ERROR oslo_messaging.rpc.server ^^^^^^^^^^^^^^^^^^^^^^^
2026-05-07 10:27:56.146 10 ERROR oslo_messaging.rpc.server
File "/var/lib/openstack/lib/python3.12/site-packages/neutron/db/ipam_backend_mixin.py", line 686, in _ipam_get_subnets
2026-05-07 10:27:56.146 10 ERROR oslo_messaging.rpc.server subnet.read_lock_register(
2026-05-07 10:27:56.146 10 ERROR oslo_messaging.rpc.server
File "/var/lib/openstack/lib/python3.12/site-packages/neutron/db/models_v2.py", line 77, in read_lock_register
2026-05-07 10:27:56.146 10 ERROR oslo_messaging.rpc.server raise exception
2026-05-07 10:27:56.146 10 ERROR oslo_messaging.rpc.server neutron_lib.exceptions.SubnetInUse: Unable to complete operation on subnet e8c4fa3b-77ca-4386-b103-2ca2594f7a45: This subnet is being modified by another concurrent operation.
2026-05-07 10:27:56.146 10 ERROR oslo_messaging.rpc.server
2026-05-07 10:28:11.637 11 INFO neutron.plugins.ml2.plugin [None req-643cf9b6-b00b-46f9-b920-58907d67a4ac - - - - - -] Attempt 1 to provision port 5b326564-0794-4e13-8c50-ee9dd5efb565
2026-05-07 10:28:12.400 11 INFO neutron.plugins.ml2.plugin [None req-acc7934c-cc0b-4f70-9c38-599fd5028577 - - - - - -] Attempt 1 to provision port 5b326564-0794-4e13-8c50-ee9dd5efb565
2026-05-07 10:28:15.587 11 INFO neutron.plugins.ml2.plugin [None req-643cf9b6-b00b-46f9-b920-58907d67a4ac - - - - - -] Attempt 1 to provision port 65f6beee-9ac1-4c00-8bd3-1e6e2a6f7d50
2026-05-07 10:28:17.684 10 INFO neutron.plugins.ml2.plugin [None req-643cf9b6-b00b-46f9-b920-58907d67a4ac - - - - - -] Attempt 1 to provision port 65f6beee-9ac1-4c00-8bd3-1e6e2a6f7d50
2026-05-07 10:28:17.937 10 INFO neutron.plugins.ml2.plugin [None req-fba66414-1b80-4717-8836-aa5247d28279 - - - - - -] Attempt 1 to provision port ef3686f9-cbc0-452a-91df-054d8e3c8b3f
2026-05-07 10:28:23.630 11 INFO neutron.plugins.ml2.plugin [None req-643cf9b6-b00b-46f9-b920-58907d67a4ac - - - - - -] Attempt 1 to provision port 81ed10a7-118e-4c1a-9c19-bb77826ad39d
2026-05-07 10:28:24.825 11 INFO neutron.plugins.ml2.plugin [None req-3d0640ff-0033-4555-900e-be6606b4267a - - - - - -] Attempt 1 to provision port a9aee93f-4261-4104-bf65-335a3d5ae088
2026-05-07 10:28:24.846 11 INFO neutron.plugins.ml2.plugin [None req-3d0640ff-0033-4555-900e-be6606b4267a - - - - - -] Attempt 1 to provision port 81ed10a7-118e-4c1a-9c19-bb77826ad39d
2026-05-07 10:28:25.616 11 INFO neutron.plugins.ml2.plugin [None req-643cf9b6-b00b-46f9-b920-58907d67a4ac - - - - - -] Attempt 1 to provision port 81ed10a7-118e-4c1a-9c19-bb77826ad39d
2026-05-07 10:28:30.792 10 INFO neutron.plugins.ml2.plugin [None req-643cf9b6-b00b-46f9-b920-58907d67a4ac - - - - - -] Attempt 1 to provision port a6e8241b-60aa-475b-98f2-84b21e25c924
2026-05-07 10:28:30.918 10 INFO neutron.notifiers.nova [None req-643cf9b6-b00b-46f9-b920-58907d67a4ac - - - - - -] Nova event matching ['req-34fddc93-2877-4493-b6de-ecdb64655639'] response: {'server_uuid': '1b308e9b-0187-4c14-9171-ecda56961330', 'name': 'network-vif-plugged', 'status': 'completed', 'tag': 'a6e8241b-60aa-475b-98f2-84b21e25c924', 'code': 200}
2026-05-07 10:28:31.722 11 INFO neutron.plugins.ml2.plugin [None req-643cf9b6-b00b-46f9-b920-58907d67a4ac - - - - - -] Attempt 1 to provision port fd99fe83-d90e-46fe-8501-16ce3c640668
2026-05-07 10:28:31.965 11 INFO neutron.plugins.ml2.plugin [None req-643cf9b6-b00b-46f9-b920-58907d67a4ac - - - - - -] Attempt 1 to provision port a6e8241b-60aa-475b-98f2-84b21e25c924
2026-05-07 10:28:33.638 10 INFO neutron.plugins.ml2.plugin [None req-643cf9b6-b00b-46f9-b920-58907d67a4ac - - - - - -] Attempt 1 to provision port fd99fe83-d90e-46fe-8501-16ce3c640668
2026-05-07 10:28:35.685 11 INFO neutron.plugins.ml2.plugin [None req-643cf9b6-b00b-46f9-b920-58907d67a4ac - - - - - -] Attempt 1 to provision port 05a3feab-b65a-4955-b0d2-c21a5de75044
2026-05-07 10:28:35.935 10 INFO neutron.plugins.ml2.plugin [None req-e5fd40f5-55c2-4b19-86f2-de35477c70c0 - - - - - -] Attempt 1 to provision port ae5ce226-2cd9-40e6-8562-eb16525f5a31
2026-05-07 10:28:35.959 10 INFO neutron.plugins.ml2.plugin [None req-e5fd40f5-55c2-4b19-86f2-de35477c70c0 - - - - - -] Attempt 1 to provision port 05a3feab-b65a-4955-b0d2-c21a5de75044
2026-05-07 10:28:37.693 11 INFO neutron.plugins.ml2.plugin [None req-643cf9b6-b00b-46f9-b920-58907d67a4ac - - - - - -] Attempt 1 to provision port 05a3feab-b65a-4955-b0d2-c21a5de75044
2026-05-07 10:28:39.666 10 INFO neutron.plugins.ml2.plugin [None req-643cf9b6-b00b-46f9-b920-58907d67a4ac - - - - - -] Attempt 1 to provision port a9aee93f-4261-4104-bf65-335a3d5ae088
2026-05-07 10:28:39.920 10 INFO neutron.plugins.ml2.plugin [None req-643cf9b6-b00b-46f9-b920-58907d67a4ac - - - - - -] Attempt 1 to provision port 1c059049-54f0-41ab-a58c-f13233be94ab
2026-05-07 10:28:44.866 11 INFO neutron.plugins.ml2.plugin [None req-643cf9b6-b00b-46f9-b920-58907d67a4ac - - - - - -] Attempt 1 to provision port 30966707-a9ef-4bae-b210-c70522657424
2026-05-07 10:28:44.988 11 INFO neutron.notifiers.nova [None req-643cf9b6-b00b-46f9-b920-58907d67a4ac - - - - - -] Nova event matching ['req-41901a36-e9fd-4f60-80b4-fc9721407d2a'] response: {'server_uuid': '1a18f6b3-a14a-42f6-8412-15a2a78ad1ad', 'name': 'network-vif-plugged', 'status': 'completed', 'tag': '30966707-a9ef-4bae-b210-c70522657424', 'code': 200}
2026-05-07 10:28:46.155 11 INFO neutron.plugins.ml2.plugin [None req-643cf9b6-b00b-46f9-b920-58907d67a4ac - - - - - -] Attempt 1 to provision port 30966707-a9ef-4bae-b210-c70522657424
2026-05-07 10:28:48.166 10 INFO neutron.plugins.ml2.plugin [None req-643cf9b6-b00b-46f9-b920-58907d67a4ac - - - - - -] Attempt 1 to provision port 00897cec-8573-43fe-bb43-4f48388a84b3
2026-05-07 10:28:48.433 10 INFO neutron.plugins.ml2.plugin [None req-643cf9b6-b00b-46f9-b920-58907d67a4ac - - - - - -] Attempt 1 to provision port ae5ce226-2cd9-40e6-8562-eb16525f5a31
2026-05-07 10:28:50.160 11 INFO neutron.plugins.ml2.plugin [None req-643cf9b6-b00b-46f9-b920-58907d67a4ac - - - - - -] Attempt 1 to provision port 00897cec-8573-43fe-bb43-4f48388a84b3
2026-05-07 10:28:50.300 11 INFO neutron.plugins.ml2.plugin [None req-643cf9b6-b00b-46f9-b920-58907d67a4ac - - - - - -] Attempt 1 to provision port ae5ce226-2cd9-40e6-8562-eb16525f5a31
2026-05-07 10:28:54.124 10 INFO neutron.plugins.ml2.plugin [None req-3085386f-e96a-4eaf-9fd1-6c86f61e8b8f - - - - - -] Attempt 1 to provision port ae5ce226-2cd9-40e6-8562-eb16525f5a31
2026-05-07 10:28:54.203 10 INFO neutron.plugins.ml2.plugin [None req-3085386f-e96a-4eaf-9fd1-6c86f61e8b8f - - - - - -] Attempt 1 to provision port 05a3feab-b65a-4955-b0d2-c21a5de75044
2026-05-07 10:28:56.172 11 INFO neutron.plugins.ml2.plugin [None req-643cf9b6-b00b-46f9-b920-58907d67a4ac - - - - - -] Attempt 1 to provision port 3d36b462-d6fb-4920-b350-ae8147c7d364
2026-05-07 10:28:57.538 10 INFO neutron.plugins.ml2.plugin [None req-fd29d260-9ac3-4bfb-88d9-f60bc17e4547 - - - - - -] Attempt 1 to provision port 3d36b462-d6fb-4920-b350-ae8147c7d364
2026-05-07 10:28:58.203 11 INFO neutron.plugins.ml2.plugin [None req-643cf9b6-b00b-46f9-b920-58907d67a4ac - - - - - -] Attempt 1 to provision port 3d36b462-d6fb-4920-b350-ae8147c7d364
2026-05-07 10:28:58.419 11 INFO neutron.plugins.ml2.plugin [None req-643cf9b6-b00b-46f9-b920-58907d67a4ac - - - - - -] Attempt 1 to provision port 0e2ecce8-9780-423a-8258-dc90f288c003
2026-05-07 10:28:59.757 10 INFO neutron.plugins.ml2.plugin [None req-70b22799-aa5e-4940-8112-21829fc745e2 - - - - - -] Attempt 1 to provision port 047165f3-ba92-4934-8319-cce579bf5c13
2026-05-07 10:28:59.789 10 INFO neutron.plugins.ml2.plugin [None req-70b22799-aa5e-4940-8112-21829fc745e2 - - - - - -] Attempt 1 to provision port 3d36b462-d6fb-4920-b350-ae8147c7d364
2026-05-07 10:29:00.325 10 INFO neutron.plugins.ml2.plugin [None req-643cf9b6-b00b-46f9-b920-58907d67a4ac - - - - - -] Attempt 1 to provision port 0e2ecce8-9780-423a-8258-dc90f288c003
2026-05-07 10:29:02.163 10 INFO neutron.plugins.ml2.plugin [None req-643cf9b6-b00b-46f9-b920-58907d67a4ac - - - - - -] Attempt 1 to provision port 75e0fda0-553b-4924-bd2c-ca24c9a3095b
2026-05-07 10:29:02.509 10 INFO neutron.plugins.ml2.plugin [None req-643cf9b6-b00b-46f9-b920-58907d67a4ac - - - - - -] Attempt 1 to provision port 385738aa-89ff-4ff6-8440-0abf95a03bbd
2026-05-07 10:29:03.876 11 INFO neutron.plugins.ml2.plugin [None req-a7fb645e-985e-4815-a593-2afdf2b5043a - - - - - -] Attempt 1 to provision port 385738aa-89ff-4ff6-8440-0abf95a03bbd
2026-05-07 10:29:04.216 10 INFO neutron.plugins.ml2.plugin [None req-643cf9b6-b00b-46f9-b920-58907d67a4ac - - - - - -] Attempt 1 to provision port 385738aa-89ff-4ff6-8440-0abf95a03bbd
2026-05-07 10:29:04.372 10 INFO neutron.plugins.ml2.plugin [None req-643cf9b6-b00b-46f9-b920-58907d67a4ac - - - - - -] Attempt 1 to provision port 75e0fda0-553b-4924-bd2c-ca24c9a3095b
2026-05-07 10:29:06.216 10 INFO neutron.plugins.ml2.plugin [None req-643cf9b6-b00b-46f9-b920-58907d67a4ac - - - - - -] Attempt 1 to provision port b0233c18-062d-4f19-b773-d3eba63e16e0
2026-05-07 10:29:06.653 11 INFO neutron.plugins.ml2.plugin [None req-15a7e7a4-6792-40a5-8b8c-dbd7c99ea49d - - - - - -] Attempt 1 to provision port 385738aa-89ff-4ff6-8440-0abf95a03bbd
2026-05-07 10:29:06.717 11 INFO neutron.plugins.ml2.plugin [None req-15a7e7a4-6792-40a5-8b8c-dbd7c99ea49d - - - - - -] Attempt 1 to provision port 420f72b9-3804-4bf6-9711-5a81a0ff26f9
2026-05-07 10:29:08.198 10 INFO neutron.plugins.ml2.plugin [None req-643cf9b6-b00b-46f9-b920-58907d67a4ac - - - - - -] Attempt 1 to provision port b0233c18-062d-4f19-b773-d3eba63e16e0
2026-05-07 10:29:10.151 11 INFO neutron.plugins.ml2.plugin [None req-e090bb35-d801-4812-af8d-f69ea5f6e138 - - - - - -] Attempt 1 to provision port 321b4551-27de-4790-ad3d-0b538b2ba34b
2026-05-07 10:29:10.179 11 INFO neutron.plugins.ml2.plugin [None req-e090bb35-d801-4812-af8d-f69ea5f6e138 - - - - - -] Attempt 1 to provision port 834d7e45-4a5a-480a-a419-af7588a82caf
2026-05-07 10:29:10.195 10 INFO neutron.plugins.ml2.plugin [None req-643cf9b6-b00b-46f9-b920-58907d67a4ac - - - - - -] Attempt 1 to provision port 834d7e45-4a5a-480a-a419-af7588a82caf
2026-05-07 10:29:12.201 10 INFO neutron.plugins.ml2.plugin [None req-643cf9b6-b00b-46f9-b920-58907d67a4ac - - - - - -] Attempt 1 to provision port 834d7e45-4a5a-480a-a419-af7588a82caf
2026-05-07 10:29:12.561 10 INFO neutron.plugins.ml2.plugin [None req-0317bde9-c40c-484c-ba2c-ab042fd3d0ae - - - - - -] Attempt 1 to provision port 321b4551-27de-4790-ad3d-0b538b2ba34b
2026-05-07 10:29:12.588 10 INFO neutron.plugins.ml2.plugin [None req-0317bde9-c40c-484c-ba2c-ab042fd3d0ae - - - - - -] Attempt 1 to provision port 834d7e45-4a5a-480a-a419-af7588a82caf
2026-05-07 10:29:15.254 11 INFO neutron.plugins.ml2.plugin [None req-643cf9b6-b00b-46f9-b920-58907d67a4ac - - - - - -] Attempt 1 to provision port 9887932a-09de-43cf-bc34-40d09272f4de
2026-05-07 10:29:15.367 11 INFO neutron.notifiers.nova [None req-643cf9b6-b00b-46f9-b920-58907d67a4ac - - - - - -] Nova event matching ['req-dd437ade-1b62-445c-ba23-9671fd3b289e'] response: {'server_uuid': '550f651d-73a4-4c26-bc9f-63d0d6e68b1b', 'name': 'network-vif-plugged', 'status': 'completed', 'tag': '9887932a-09de-43cf-bc34-40d09272f4de', 'code': 200}
2026-05-07 10:29:15.639 10 INFO neutron.plugins.ml2.plugin [None req-56f3bea6-6bd6-4baf-86d9-a1f8e1d295ac - - - - - -] Attempt 1 to provision port 047165f3-ba92-4934-8319-cce579bf5c13
2026-05-07 10:29:15.751 10 INFO neutron.plugins.ml2.plugin [None req-56f3bea6-6bd6-4baf-86d9-a1f8e1d295ac - - - - - -] Attempt 1 to provision port 420f72b9-3804-4bf6-9711-5a81a0ff26f9
2026-05-07 10:29:16.218 11 INFO neutron.plugins.ml2.plugin [None req-643cf9b6-b00b-46f9-b920-58907d67a4ac - - - - - -] Attempt 1 to provision port 9887932a-09de-43cf-bc34-40d09272f4de
2026-05-07 10:29:16.528 11 INFO neutron.plugins.ml2.plugin [None req-643cf9b6-b00b-46f9-b920-58907d67a4ac - - - - - -] Attempt 1 to provision port 047165f3-ba92-4934-8319-cce579bf5c13
2026-05-07 10:29:16.707 11 INFO neutron.plugins.ml2.plugin [None req-643cf9b6-b00b-46f9-b920-58907d67a4ac - - - - - -] Attempt 1 to provision port 703201b8-5495-4bb0-a2fd-2cbaa71b99db
2026-05-07 10:29:18.187 11 INFO neutron.plugins.ml2.plugin [None req-643cf9b6-b00b-46f9-b920-58907d67a4ac - - - - - -] Attempt 1 to provision port 703201b8-5495-4bb0-a2fd-2cbaa71b99db
2026-05-07 10:29:18.276 10 INFO neutron.plugins.ml2.plugin [None req-14ea94a2-197a-499c-a92f-a4c31f4cc095 - - - - - -] Attempt 1 to provision port 321b4551-27de-4790-ad3d-0b538b2ba34b
2026-05-07 10:29:18.312 10 INFO neutron.plugins.ml2.plugin [None req-14ea94a2-197a-499c-a92f-a4c31f4cc095 - - - - - -] Attempt 1 to provision port 9887932a-09de-43cf-bc34-40d09272f4de
2026-05-07 10:29:20.776 11 INFO neutron.plugins.ml2.plugin [None req-643cf9b6-b00b-46f9-b920-58907d67a4ac - - - - - -] Attempt 1 to provision port 29319ad9-9104-44dd-955b-27cb632186ed
2026-05-07 10:29:20.883 11 INFO neutron.notifiers.nova [None req-643cf9b6-b00b-46f9-b920-58907d67a4ac - - - - - -] Nova event matching ['req-9f88776b-d0c5-48b4-9486-2e8c47a98dd7'] response: {'server_uuid': '53eba558-d89a-4b7a-a79d-48363e7d81b1', 'name': 'network-vif-plugged', 'status': 'completed', 'tag': '29319ad9-9104-44dd-955b-27cb632186ed', 'code': 200}
2026-05-07 10:29:21.148 11 INFO neutron.plugins.ml2.plugin [None req-643cf9b6-b00b-46f9-b920-58907d67a4ac - - - - - -] Attempt 1 to provision port 420f72b9-3804-4bf6-9711-5a81a0ff26f9
2026-05-07 10:29:22.303 10 INFO neutron.plugins.ml2.plugin [None req-643cf9b6-b00b-46f9-b920-58907d67a4ac - - - - - -] Attempt 1 to provision port 29319ad9-9104-44dd-955b-27cb632186ed
2026-05-07 10:29:22.518 10 INFO neutron.plugins.ml2.plugin [None req-cf33e3f5-f849-4b47-a577-dd0740d659b2 - - - - - -] Attempt 1 to provision port 420f72b9-3804-4bf6-9711-5a81a0ff26f9
2026-05-07 10:29:22.620 11 INFO neutron.plugins.ml2.plugin [None req-3bba7a75-3f8e-4c62-a8f4-54cd6099464b - - - - - -] Attempt 1 to provision port 703201b8-5495-4bb0-a2fd-2cbaa71b99db
2026-05-07 10:29:22.667 11 INFO neutron.plugins.ml2.plugin [None req-3bba7a75-3f8e-4c62-a8f4-54cd6099464b - - - - - -] Attempt 1 to provision port 420f72b9-3804-4bf6-9711-5a81a0ff26f9
2026-05-07 10:29:22.754 10 INFO neutron.plugins.ml2.plugin [None req-cf33e3f5-f849-4b47-a577-dd0740d659b2 - - - - - -] Attempt 1 to provision port 7760d89a-bf1c-4bb1-adc6-89084dfb26ee
2026-05-07 10:29:23.849 11 INFO neutron.plugins.ml2.plugin [None req-dee54982-d797-4047-91d6-3625942e0348 - - - - - -] Attempt 1 to provision port 7760d89a-bf1c-4bb1-adc6-89084dfb26ee
2026-05-07 10:29:24.191 10 INFO neutron.plugins.ml2.plugin [None req-643cf9b6-b00b-46f9-b920-58907d67a4ac - - - - - -] Attempt 1 to provision port c8c99bc4-1004-4df5-bc03-f3b763eade61
2026-05-07 10:29:24.465 10 INFO neutron.plugins.ml2.plugin [None req-643cf9b6-b00b-46f9-b920-58907d67a4ac - - - - - -] Attempt 1 to provision port 7760d89a-bf1c-4bb1-adc6-89084dfb26ee
2026-05-07 10:29:24.611 10 INFO neutron.plugins.ml2.plugin [None req-643cf9b6-b00b-46f9-b920-58907d67a4ac - - - - - -] Attempt 1 to provision port 321b4551-27de-4790-ad3d-0b538b2ba34b
2026-05-07 10:29:25.058 10 INFO neutron.plugins.ml2.plugin [None req-7960730d-0a9f-45cd-8801-1b4011734072 - - - - - -] Attempt 1 to provision port c8c99bc4-1004-4df5-bc03-f3b763eade61
2026-05-07 10:29:26.173 10 INFO neutron.plugins.ml2.plugin [None req-643cf9b6-b00b-46f9-b920-58907d67a4ac - - - - - -] Attempt 1 to provision port c8c99bc4-1004-4df5-bc03-f3b763eade61
2026-05-07 10:29:26.337 10 INFO neutron.plugins.ml2.plugin [None req-643cf9b6-b00b-46f9-b920-58907d67a4ac - - - - - -] Attempt 1 to provision port 321b4551-27de-4790-ad3d-0b538b2ba34b
2026-05-07 10:29:27.671 11 INFO neutron.plugins.ml2.plugin [None req-1381cc6d-afda-4615-96b5-32a10ab59ae0 - - - - - -] Attempt 1 to provision port 047165f3-ba92-4934-8319-cce579bf5c13
2026-05-07 10:29:27.759 11 INFO neutron.plugins.ml2.plugin [None req-1381cc6d-afda-4615-96b5-32a10ab59ae0 - - - - - -] Attempt 1 to provision port 321b4551-27de-4790-ad3d-0b538b2ba34b
2026-05-07 10:30:00.716 11 INFO neutron.plugins.ml2.plugin [None req-643cf9b6-b00b-46f9-b920-58907d67a4ac - - - - - -] Attempt 1 to provision port 8ffde9d2-a531-4f90-9312-872119e9372b
2026-05-07 10:30:00.838 11 INFO neutron.notifiers.nova [None req-643cf9b6-b00b-46f9-b920-58907d67a4ac - - - - - -] Nova event matching ['req-79a5c7bc-b601-478d-87fb-e5ddecd3e2cf'] response: {'server_uuid': '1a9e65cf-5706-4b08-82ae-9796d1b105f5', 'name': 'network-vif-plugged', 'status': 'completed', 'tag': '8ffde9d2-a531-4f90-9312-872119e9372b', 'code': 200}
2026-05-07 10:30:02.172 10 INFO neutron.plugins.ml2.plugin [None req-ca475b0c-2a9d-4adc-b1a7-2ebed66158e8 - - - - - -] Attempt 1 to provision port 5ea14c77-3efb-4e77-97f4-c4439c3f4ef0
2026-05-07 10:30:02.299 11 INFO neutron.plugins.ml2.plugin [None req-643cf9b6-b00b-46f9-b920-58907d67a4ac - - - - - -] Attempt 1 to provision port 8ffde9d2-a531-4f90-9312-872119e9372b
2026-05-07 10:30:02.504 11 INFO neutron.plugins.ml2.plugin [None req-643cf9b6-b00b-46f9-b920-58907d67a4ac - - - - - -] Attempt 1 to provision port 5ea14c77-3efb-4e77-97f4-c4439c3f4ef0
2026-05-07 10:31:38.244 10 INFO neutron.plugins.ml2.plugin [None req-643cf9b6-b00b-46f9-b920-58907d67a4ac - - - - - -] Attempt 1 to provision port 6163a2bc-8b4c-4bd3-880f-677aa79fd373
2026-05-07 10:31:38.684 11 INFO neutron.plugins.ml2.plugin [None req-01353cf8-5222-43eb-8994-999317f722da - - - - - -] Attempt 1 to provision port 6163a2bc-8b4c-4bd3-880f-677aa79fd373
2026-05-07 10:31:40.211 10 INFO neutron.plugins.ml2.plugin [None req-643cf9b6-b00b-46f9-b920-58907d67a4ac - - - - - -] Attempt 1 to provision port 6163a2bc-8b4c-4bd3-880f-677aa79fd373
2026-05-07 10:31:42.262 10 INFO neutron.plugins.ml2.plugin [None req-643cf9b6-b00b-46f9-b920-58907d67a4ac - - - - - -] Attempt 1 to provision port 11d8b5fe-976e-4c54-920b-18c903eb549a
2026-05-07 10:31:42.624 10 INFO neutron.plugins.ml2.plugin [None req-643cf9b6-b00b-46f9-b920-58907d67a4ac - - - - - -] Attempt 1 to provision port 09716ee3-c3d6-4b6d-8278-8a5d18ba4047
2026-05-07 10:31:44.316 10 INFO neutron.plugins.ml2.plugin [None req-643cf9b6-b00b-46f9-b920-58907d67a4ac - - - - - -] Attempt 1 to provision port 11d8b5fe-976e-4c54-920b-18c903eb549a
2026-05-07 10:31:44.510 10 INFO neutron.plugins.ml2.plugin [None req-643cf9b6-b00b-46f9-b920-58907d67a4ac - - - - - -] Attempt 1 to provision port e272dfed-0e16-4492-955b-d04ef49b956d
2026-05-07 10:31:44.927 10 INFO neutron.plugins.ml2.plugin [None req-643cf9b6-b00b-46f9-b920-58907d67a4ac - - - - - -] Attempt 1 to provision port 09716ee3-c3d6-4b6d-8278-8a5d18ba4047
2026-05-07 10:31:46.267 10 INFO neutron.plugins.ml2.plugin [None req-643cf9b6-b00b-46f9-b920-58907d67a4ac - - - - - -] Attempt 1 to provision port e272dfed-0e16-4492-955b-d04ef49b956d
2026-05-07 10:31:48.269 10 INFO neutron.plugins.ml2.plugin [None req-643cf9b6-b00b-46f9-b920-58907d67a4ac - - - - - -] Attempt 1 to provision port 6163a2bc-8b4c-4bd3-880f-677aa79fd373
2026-05-07 10:31:50.304 10 INFO neutron.plugins.ml2.plugin [None req-f2236b71-fb5f-4e3b-9d65-a89582b4e31b - - - - - -] Attempt 1 to provision port 50b7403d-a960-4535-949e-850d0eb611c4
2026-05-07 10:31:50.332 10 INFO neutron.plugins.ml2.plugin [None req-f2236b71-fb5f-4e3b-9d65-a89582b4e31b - - - - - -] Attempt 1 to provision port 6163a2bc-8b4c-4bd3-880f-677aa79fd373
2026-05-07 10:31:50.376 10 INFO neutron.plugins.ml2.plugin [None req-f2236b71-fb5f-4e3b-9d65-a89582b4e31b - - - - - -] Attempt 1 to provision port 33d3922b-a6dd-4445-a62e-837e5a1242b7
2026-05-07 10:31:50.398 10 INFO neutron.plugins.ml2.plugin [None req-f2236b71-fb5f-4e3b-9d65-a89582b4e31b - - - - - -] Attempt 1 to provision port 09716ee3-c3d6-4b6d-8278-8a5d18ba4047
2026-05-07 10:31:50.444 10 INFO neutron.plugins.ml2.plugin [None req-f2236b71-fb5f-4e3b-9d65-a89582b4e31b - - - - - -] Attempt 1 to provision port e272dfed-0e16-4492-955b-d04ef49b956d
2026-05-07 10:31:55.195 10 INFO neutron.plugins.ml2.plugin [None req-a9ed7519-0f4e-46cd-a6b5-1df05f7d1a0c - - - - - -] Attempt 1 to provision port 50b7403d-a960-4535-949e-850d0eb611c4
2026-05-07 10:31:55.217 10 INFO neutron.plugins.ml2.plugin [None req-a9ed7519-0f4e-46cd-a6b5-1df05f7d1a0c - - - - - -] Attempt 1 to provision port 2e775f6e-f2c5-43c0-b2b1-b16f4b63fa4f
2026-05-07 10:31:55.237 10 INFO neutron.plugins.ml2.plugin [None req-a9ed7519-0f4e-46cd-a6b5-1df05f7d1a0c - - - - - -] Attempt 1 to provision port 6163a2bc-8b4c-4bd3-880f-677aa79fd373
2026-05-07 10:31:55.277 10 INFO neutron.plugins.ml2.plugin [None req-a9ed7519-0f4e-46cd-a6b5-1df05f7d1a0c - - - - - -] Attempt 1 to provision port 99517ac4-afb5-4bdf-a51a-389309d4cdbf
2026-05-07 10:31:55.298 10 INFO neutron.plugins.ml2.plugin [None req-a9ed7519-0f4e-46cd-a6b5-1df05f7d1a0c - - - - - -] Attempt 1 to provision port 09716ee3-c3d6-4b6d-8278-8a5d18ba4047
2026-05-07 10:31:55.343 10 INFO neutron.plugins.ml2.plugin [None req-a9ed7519-0f4e-46cd-a6b5-1df05f7d1a0c - - - - - -] Attempt 1 to provision port e272dfed-0e16-4492-955b-d04ef49b956d
2026-05-07 10:31:56.771 10 INFO neutron.plugins.ml2.plugin [None req-643cf9b6-b00b-46f9-b920-58907d67a4ac - - - - - -] Attempt 1 to provision port 3fbadb6c-0556-49b2-966a-5377bd9dce54
2026-05-07 10:31:56.911 10 INFO neutron.notifiers.nova [None req-643cf9b6-b00b-46f9-b920-58907d67a4ac - - - - - -] Nova event matching ['req-273fd4a0-1435-4cf2-b7a2-177d712dc0d7'] response: {'server_uuid': '2ff99099-13d1-4f6a-9783-bfeb337fd947', 'name': 'network-vif-plugged', 'status': 'completed', 'tag': '3fbadb6c-0556-49b2-966a-5377bd9dce54', 'code': 200}
2026-05-07 10:31:58.305 11 INFO neutron.plugins.ml2.plugin [None req-643cf9b6-b00b-46f9-b920-58907d67a4ac - - - - - -] Attempt 1 to provision port 2e775f6e-f2c5-43c0-b2b1-b16f4b63fa4f
2026-05-07 10:31:58.619 11 INFO neutron.plugins.ml2.plugin [None req-e4d4e864-e9ba-46ed-94e6-0b3df329337b - - - - - -] Attempt 1 to provision port 3fbadb6c-0556-49b2-966a-5377bd9dce54
2026-05-07 10:31:58.785 11 INFO neutron.plugins.ml2.plugin [None req-e4d4e864-e9ba-46ed-94e6-0b3df329337b - - - - - -] Attempt 1 to provision port 33d3922b-a6dd-4445-a62e-837e5a1242b7
2026-05-07 10:31:59.190 10 INFO neutron.plugins.ml2.plugin [None req-9a0636c8-2b69-460a-9fba-cb8a6c102782 - - - - - -] Attempt 1 to provision port 50b7403d-a960-4535-949e-850d0eb611c4
2026-05-07 10:31:59.344 10 INFO neutron.plugins.ml2.plugin [None req-9a0636c8-2b69-460a-9fba-cb8a6c102782 - - - - - -] Attempt 1 to provision port 2e775f6e-f2c5-43c0-b2b1-b16f4b63fa4f
2026-05-07 10:31:59.398 10 INFO neutron.plugins.ml2.plugin [None req-9a0636c8-2b69-460a-9fba-cb8a6c102782 - - - - - -] Attempt 1 to provision port 99517ac4-afb5-4bdf-a51a-389309d4cdbf
2026-05-07 10:31:59.514 10 INFO neutron.plugins.ml2.plugin [None req-9a0636c8-2b69-460a-9fba-cb8a6c102782 - - - - - -] Attempt 1 to provision port 09716ee3-c3d6-4b6d-8278-8a5d18ba4047
2026-05-07 10:31:59.561 10 INFO neutron.plugins.ml2.plugin [None req-9a0636c8-2b69-460a-9fba-cb8a6c102782 - - - - - -] Attempt 1 to provision port 3fbadb6c-0556-49b2-966a-5377bd9dce54
2026-05-07 10:31:59.605 10 INFO neutron.plugins.ml2.plugin [None req-9a0636c8-2b69-460a-9fba-cb8a6c102782 - - - - - -] Attempt 1 to provision port e272dfed-0e16-4492-955b-d04ef49b956d
2026-05-07 10:32:00.260 11 INFO neutron.plugins.ml2.plugin [None req-643cf9b6-b00b-46f9-b920-58907d67a4ac - - - - - -] Attempt 1 to provision port 2e775f6e-f2c5-43c0-b2b1-b16f4b63fa4f
2026-05-07 10:32:00.424 11 INFO neutron.plugins.ml2.plugin [None req-643cf9b6-b00b-46f9-b920-58907d67a4ac - - - - - -] Attempt 1 to provision port 50b7403d-a960-4535-949e-850d0eb611c4
2026-05-07 10:32:00.620 11 INFO neutron.plugins.ml2.plugin [None req-643cf9b6-b00b-46f9-b920-58907d67a4ac - - - - - -] Attempt 1 to provision port 99517ac4-afb5-4bdf-a51a-389309d4cdbf
2026-05-07 10:32:00.795 11 INFO neutron.plugins.ml2.plugin [None req-643cf9b6-b00b-46f9-b920-58907d67a4ac - - - - - -] Attempt 1 to provision port 33d3922b-a6dd-4445-a62e-837e5a1242b7
2026-05-07 10:32:02.065 10 INFO neutron.plugins.ml2.plugin [None req-55476796-0345-46ef-a692-ca52df2b045d - - - - - -] Attempt 1 to provision port 50b7403d-a960-4535-949e-850d0eb611c4
2026-05-07 10:32:02.110 10 INFO neutron.plugins.ml2.plugin [None req-55476796-0345-46ef-a692-ca52df2b045d - - - - - -] Attempt 1 to provision port 2e775f6e-f2c5-43c0-b2b1-b16f4b63fa4f
2026-05-07 10:32:02.155 10 INFO neutron.plugins.ml2.plugin [None req-55476796-0345-46ef-a692-ca52df2b045d - - - - - -] Attempt 1 to provision port 99517ac4-afb5-4bdf-a51a-389309d4cdbf
2026-05-07 10:32:04.129 11 INFO neutron.plugins.ml2.plugin [None req-9502605a-6dd4-4f74-8f42-082724a0b5b7 - - - - - -] Attempt 1 to provision port 2e775f6e-f2c5-43c0-b2b1-b16f4b63fa4f
2026-05-07 10:32:04.177 11 INFO neutron.plugins.ml2.plugin [None req-9502605a-6dd4-4f74-8f42-082724a0b5b7 - - - - - -] Attempt 1 to provision port 99517ac4-afb5-4bdf-a51a-389309d4cdbf
2026-05-07 10:32:05.434 11 INFO neutron.plugins.ml2.plugin [None req-4d130dc6-829e-486e-af07-124ce81f5e9c - - - - - -] Attempt 1 to provision port 3fbadb6c-0556-49b2-966a-5377bd9dce54
2026-05-07 10:32:12.265 11 INFO neutron.plugins.ml2.plugin [None req-643cf9b6-b00b-46f9-b920-58907d67a4ac - - - - - -] Attempt 1 to provision port 6ff4b905-4cb9-4c01-bceb-24c7280914fe
2026-05-07 10:32:12.398 11 INFO neutron.notifiers.nova [None req-643cf9b6-b00b-46f9-b920-58907d67a4ac - - - - - -] Nova event matching ['req-86540ada-0761-48e8-b489-1ed4af613243'] response: {'server_uuid': '4fd40fff-1319-42a8-afea-ee12db90136b', 'name': 'network-vif-plugged', 'status': 'completed', 'tag': '6ff4b905-4cb9-4c01-bceb-24c7280914fe', 'code': 200}
2026-05-07 10:32:14.253 11 INFO neutron.plugins.ml2.plugin [None req-643cf9b6-b00b-46f9-b920-58907d67a4ac - - - - - -] Attempt 1 to provision port 6ff4b905-4cb9-4c01-bceb-24c7280914fe
2026-05-07 10:32:44.169 11 INFO neutron.plugins.ml2.plugin [None req-d4523e0d-e053-4261-a321-2c74b6f08065 - - - - - -] Attempt 1 to provision port 8283408b-d0b6-4316-b183-e922ce552894
2026-05-07 10:33:04.803 11 INFO neutron.plugins.ml2.plugin [None req-643cf9b6-b00b-46f9-b920-58907d67a4ac - - - - - -] Attempt 1 to provision port 3c8ddc0e-5443-4d4f-bebb-0491860091ec
2026-05-07 10:33:04.906 11 INFO neutron.notifiers.nova [None req-643cf9b6-b00b-46f9-b920-58907d67a4ac - - - - - -] Nova event matching ['req-ffb404c6-5923-427d-9840-87cd2f2dffc2'] response: {'server_uuid': 'dca6c3c3-900d-40c2-b883-5b20f9c75113', 'name': 'network-vif-plugged', 'status': 'completed', 'tag': '3c8ddc0e-5443-4d4f-bebb-0491860091ec', 'code': 200}
2026-05-07 10:33:06.292 10 INFO neutron.plugins.ml2.plugin [None req-643cf9b6-b00b-46f9-b920-58907d67a4ac - - - - - -] Attempt 1 to provision port 3c8ddc0e-5443-4d4f-bebb-0491860091ec
2026-05-07 10:33:45.187 10 INFO neutron.plugins.ml2.plugin [None req-6293ba05-8348-458a-aac0-e73898b01b71 - - - - - -] Attempt 1 to provision port d7085b78-e365-4183-9cfa-17c7e41308ce
2026-05-07 10:33:50.334 11 INFO neutron.plugins.ml2.plugin [None req-643cf9b6-b00b-46f9-b920-58907d67a4ac - - - - - -] Attempt 1 to provision port d7085b78-e365-4183-9cfa-17c7e41308ce
2026-05-07 10:33:50.442 11 INFO neutron.notifiers.nova [None req-643cf9b6-b00b-46f9-b920-58907d67a4ac - - - - - -] Nova event matching ['req-1a4a87ae-0fe1-420e-b561-e91a00a34812'] response: {'server_uuid': 'dca6c3c3-900d-40c2-b883-5b20f9c75113', 'name': 'network-vif-plugged', 'status': 'completed', 'tag': 'd7085b78-e365-4183-9cfa-17c7e41308ce', 'code': 200}
2026-05-07 10:33:52.303 10 INFO neutron.plugins.ml2.plugin [None req-643cf9b6-b00b-46f9-b920-58907d67a4ac - - - - - -] Attempt 1 to provision port d7085b78-e365-4183-9cfa-17c7e41308ce
2026-05-07 10:33:54.838 10 INFO neutron.plugins.ml2.plugin [None req-643cf9b6-b00b-46f9-b920-58907d67a4ac - - - - - -] Attempt 1 to provision port d7085b78-e365-4183-9cfa-17c7e41308ce
2026-05-07 10:34:20.961 10 INFO neutron.plugins.ml2.plugin [None req-f497f152-d6fc-495e-bdd0-060f1f87506c - - - - - -] Attempt 1 to provision port b2d84b63-9763-4fac-aa92-0b12108c7dd7
2026-05-07 10:34:27.904 10 INFO neutron.plugins.ml2.plugin [None req-643cf9b6-b00b-46f9-b920-58907d67a4ac - - - - - -] Attempt 1 to provision port b2d84b63-9763-4fac-aa92-0b12108c7dd7
2026-05-07 10:34:28.003 10 INFO neutron.notifiers.nova [None req-643cf9b6-b00b-46f9-b920-58907d67a4ac - - - - - -] Nova event matching ['req-72936356-8469-4c7d-ba37-f1f8f306be98'] response: {'server_uuid': 'dca6c3c3-900d-40c2-b883-5b20f9c75113', 'name': 'network-vif-plugged', 'status': 'completed', 'tag': 'b2d84b63-9763-4fac-aa92-0b12108c7dd7', 'code': 200}
2026-05-07 10:34:28.476 11 INFO neutron.plugins.ml2.plugin [None req-643cf9b6-b00b-46f9-b920-58907d67a4ac - - - - - -] Attempt 1 to provision port b2d84b63-9763-4fac-aa92-0b12108c7dd7
2026-05-07 10:34:40.261 11 INFO neutron.plugins.ml2.plugin [None req-de6bbb28-662b-4fe1-848c-dfe42ec09efe - - - - - -] Attempt 1 to provision port f9f68eb5-d0ff-4de0-89d5-4eace2619b34
2026-05-07 10:34:46.530 10 INFO neutron.plugins.ml2.plugin [None req-643cf9b6-b00b-46f9-b920-58907d67a4ac - - - - - -] Attempt 1 to provision port f9f68eb5-d0ff-4de0-89d5-4eace2619b34
2026-05-07 10:34:46.616 10 INFO neutron.notifiers.nova [None req-643cf9b6-b00b-46f9-b920-58907d67a4ac - - - - - -] Nova event matching ['req-8c36f5c2-3202-4c7a-a32f-f51dac7a51d8'] response: {'server_uuid': 'dca6c3c3-900d-40c2-b883-5b20f9c75113', 'name': 'network-vif-plugged', 'status': 'completed', 'tag': 'f9f68eb5-d0ff-4de0-89d5-4eace2619b34', 'code': 200}
2026-05-07 10:34:48.502 11 INFO neutron.plugins.ml2.plugin [None req-643cf9b6-b00b-46f9-b920-58907d67a4ac - - - - - -] Attempt 1 to provision port f9f68eb5-d0ff-4de0-89d5-4eace2619b34
2026-05-07 10:34:49.886 11 INFO neutron.plugins.ml2.plugin [None req-a240bd5d-bbf9-4143-8336-5d18cc10cb7f - - - - - -] Attempt 1 to provision port b2d84b63-9763-4fac-aa92-0b12108c7dd7
2026-05-07 10:34:50.526 10 INFO neutron.plugins.ml2.plugin [None req-643cf9b6-b00b-46f9-b920-58907d67a4ac - - - - - -] Attempt 1 to provision port b2d84b63-9763-4fac-aa92-0b12108c7dd7
2026-05-07 10:35:04.092 10 INFO neutron.plugins.ml2.plugin [None req-71cc6128-84b1-48e0-a28c-28073cd62409 - - - - - -] Attempt 1 to provision port f9f68eb5-d0ff-4de0-89d5-4eace2619b34
2026-05-07 10:35:04.586 11 INFO neutron.plugins.ml2.plugin [None req-643cf9b6-b00b-46f9-b920-58907d67a4ac - - - - - -] Attempt 1 to provision port f9f68eb5-d0ff-4de0-89d5-4eace2619b34
2026-05-07 10:35:05.421 11 INFO neutron.plugins.ml2.plugin [None req-fd834ed8-a3ce-48ec-b9af-046e86761d1f - - - - - -] Attempt 1 to provision port f9f68eb5-d0ff-4de0-89d5-4eace2619b34
2026-05-07 10:35:14.513 11 INFO neutron.plugins.ml2.plugin [None req-4bc79f9e-3dfc-41ec-8e4e-0ca228af74b4 - - - - - -] Attempt 1 to provision port b2d84b63-9763-4fac-aa92-0b12108c7dd7
2026-05-07 10:35:14.550 10 INFO neutron.plugins.ml2.plugin [None req-643cf9b6-b00b-46f9-b920-58907d67a4ac - - - - - -] Attempt 1 to provision port b2d84b63-9763-4fac-aa92-0b12108c7dd7
2026-05-07 10:35:46.750 10 INFO neutron.notifiers.nova [None req-643cf9b6-b00b-46f9-b920-58907d67a4ac - - - - - -] Nova event matching ['req-5f2a5d9c-cafd-4fc2-8eee-ae6cfd461236'] response: {'server_uuid': '4fd40fff-1319-42a8-afea-ee12db90136b', 'name': 'network-vif-unplugged', 'status': 'completed', 'tag': '6ff4b905-4cb9-4c01-bceb-24c7280914fe', 'code': 200}