2026-08-20 00:28:46.282 8 INFO cinder.api.openstack.wsgi [None req-a2d9b023-5db8-4671-b67a-617e3f66e935 e9acc8a2cd3a4759a584470e72c71732 5f8efcd424fb4344abdbc9e3256fca2f - - default default] GET http://cinder-api.openstack.svc.cluster.local:8776/v3/5f8efcd424fb4344abdbc9e3256fca2f/os-quota-sets/9be2f25c822c4ff2a204f5c5c0141999?usage=true
2026-08-20 00:28:46.330 8 INFO cinder.api.openstack.wsgi [None req-a2d9b023-5db8-4671-b67a-617e3f66e935 e9acc8a2cd3a4759a584470e72c71732 5f8efcd424fb4344abdbc9e3256fca2f - - default default] http://cinder-api.openstack.svc.cluster.local:8776/v3/5f8efcd424fb4344abdbc9e3256fca2f/os-quota-sets/9be2f25c822c4ff2a204f5c5c0141999?usage=true returned with HTTP 200 [pid: 8|app: 0|req: 346/692] 10.0.0.180 () {28 vars in 736 bytes} [Thu Aug 20 00:28:46 2026] GET /v3/5f8efcd424fb4344abdbc9e3256fca2f/os-quota-sets/9be2f25c822c4ff2a204f5c5c0141999?usage=true => generated 847 bytes in 56 msecs (HTTP/1.1 200) 7 headers in 285 bytes (1 switches on core 0)
2026-08-20 00:28:46.343 9 INFO cinder.api.openstack.wsgi [None req-7386fff5-faac-496d-92bf-fc78db0cf644 e9acc8a2cd3a4759a584470e72c71732 5f8efcd424fb4344abdbc9e3256fca2f - - default default] GET http://cinder-api.openstack.svc.cluster.local:8776/v3/5f8efcd424fb4344abdbc9e3256fca2f/os-quota-sets/d873bec0903d4ce2b54571257df7a8a0?usage=true
2026-08-20 00:28:46.363 9 INFO cinder.api.openstack.wsgi [None req-7386fff5-faac-496d-92bf-fc78db0cf644 e9acc8a2cd3a4759a584470e72c71732 5f8efcd424fb4344abdbc9e3256fca2f - - default default] http://cinder-api.openstack.svc.cluster.local:8776/v3/5f8efcd424fb4344abdbc9e3256fca2f/os-quota-sets/d873bec0903d4ce2b54571257df7a8a0?usage=true returned with HTTP 200 [pid: 9|app: 0|req: 347/693] 10.0.0.180 () {28 vars in 736 bytes} [Thu Aug 20 00:28:46 2026] GET /v3/5f8efcd424fb4344abdbc9e3256fca2f/os-quota-sets/d873bec0903d4ce2b54571257df7a8a0?usage=true => generated 845 bytes in 27 msecs (HTTP/1.1 200) 7 headers in 285 bytes (1 switches on core 0)
2026-08-20 00:28:46.373 8 INFO cinder.api.openstack.wsgi [None req-00191a30-59a8-46f2-a488-f30c1eddf492 e9acc8a2cd3a4759a584470e72c71732 5f8efcd424fb4344abdbc9e3256fca2f - - default default] GET http://cinder-api.openstack.svc.cluster.local:8776/v3/5f8efcd424fb4344abdbc9e3256fca2f/os-quota-sets/f8ab85a1451a4bf3b061c5434214f02a?usage=true
2026-08-20 00:28:46.402 8 INFO cinder.api.openstack.wsgi [None req-00191a30-59a8-46f2-a488-f30c1eddf492 e9acc8a2cd3a4759a584470e72c71732 5f8efcd424fb4344abdbc9e3256fca2f - - default default] http://cinder-api.openstack.svc.cluster.local:8776/v3/5f8efcd424fb4344abdbc9e3256fca2f/os-quota-sets/f8ab85a1451a4bf3b061c5434214f02a?usage=true returned with HTTP 200 [pid: 8|app: 0|req: 347/694] 10.0.0.180 () {28 vars in 736 bytes} [Thu Aug 20 00:28:46 2026] GET /v3/5f8efcd424fb4344abdbc9e3256fca2f/os-quota-sets/f8ab85a1451a4bf3b061c5434214f02a?usage=true => generated 847 bytes in 36 msecs (HTTP/1.1 200) 7 headers in 285 bytes (1 switches on core 0)
2026-08-20 00:28:46.414 9 INFO cinder.api.openstack.wsgi [None req-b7e21672-ff4b-4ee7-8e38-b2cd21d15282 e9acc8a2cd3a4759a584470e72c71732 5f8efcd424fb4344abdbc9e3256fca2f - - default default] GET http://cinder-api.openstack.svc.cluster.local:8776/v3/5f8efcd424fb4344abdbc9e3256fca2f/os-quota-sets/fa639b62d0194b398df942020b22ba53?usage=true
2026-08-20 00:28:46.431 9 INFO cinder.api.openstack.wsgi [None req-b7e21672-ff4b-4ee7-8e38-b2cd21d15282 e9acc8a2cd3a4759a584470e72c71732 5f8efcd424fb4344abdbc9e3256fca2f - - default default] http://cinder-api.openstack.svc.cluster.local:8776/v3/5f8efcd424fb4344abdbc9e3256fca2f/os-quota-sets/fa639b62d0194b398df942020b22ba53?usage=true returned with HTTP 200 [pid: 9|app: 0|req: 348/695] 10.0.0.180 () {28 vars in 736 bytes} [Thu Aug 20 00:28:46 2026] GET /v3/5f8efcd424fb4344abdbc9e3256fca2f/os-quota-sets/fa639b62d0194b398df942020b22ba53?usage=true => generated 847 bytes in 25 msecs (HTTP/1.1 200) 7 headers in 285 bytes (1 switches on core 0)
2026-08-20 00:28:46.444 8 INFO cinder.api.openstack.wsgi [None req-9dbd72be-8fcf-4db1-8fe7-565e053d1060 e9acc8a2cd3a4759a584470e72c71732 5f8efcd424fb4344abdbc9e3256fca2f - - default default] GET http://cinder-api.openstack.svc.cluster.local:8776/v3/5f8efcd424fb4344abdbc9e3256fca2f/volumes/detail?all_tenants=true
2026-08-20 00:28:46.474 8 INFO cinder.volume.api [None req-9dbd72be-8fcf-4db1-8fe7-565e053d1060 e9acc8a2cd3a4759a584470e72c71732 5f8efcd424fb4344abdbc9e3256fca2f - - default default] Get all volumes completed successfully.
2026-08-20 00:28:46.476 8 INFO cinder.api.openstack.wsgi [None req-9dbd72be-8fcf-4db1-8fe7-565e053d1060 e9acc8a2cd3a4759a584470e72c71732 5f8efcd424fb4344abdbc9e3256fca2f - - default default] http://cinder-api.openstack.svc.cluster.local:8776/v3/5f8efcd424fb4344abdbc9e3256fca2f/volumes/detail?all_tenants=true returned with HTTP 200 [pid: 8|app: 0|req: 348/696] 10.0.0.180 () {28 vars in 684 bytes} [Thu Aug 20 00:28:46 2026] GET /v3/5f8efcd424fb4344abdbc9e3256fca2f/volumes/detail?all_tenants=true => generated 15 bytes in 41 msecs (HTTP/1.1 200) 7 headers in 284 bytes (1 switches on core 0)
2026-08-20 00:28:46.487 9 INFO cinder.api.openstack.wsgi [None req-4a76f407-0e20-4ba3-b560-ad6ded9f339f e9acc8a2cd3a4759a584470e72c71732 5f8efcd424fb4344abdbc9e3256fca2f - - default default] GET http://cinder-api.openstack.svc.cluster.local:8776/v3/5f8efcd424fb4344abdbc9e3256fca2f/os-services
2026-08-20 00:28:46.498 9 INFO cinder.api.openstack.wsgi [None req-4a76f407-0e20-4ba3-b560-ad6ded9f339f e9acc8a2cd3a4759a584470e72c71732 5f8efcd424fb4344abdbc9e3256fca2f - - default default] http://cinder-api.openstack.svc.cluster.local:8776/v3/5f8efcd424fb4344abdbc9e3256fca2f/os-services returned with HTTP 200 [pid: 9|app: 0|req: 349/697] 10.0.0.180 () {28 vars in 645 bytes} [Thu Aug 20 00:28:46 2026] GET /v3/5f8efcd424fb4344abdbc9e3256fca2f/os-services => generated 646 bytes in 20 msecs (HTTP/1.1 200) 7 headers in 285 bytes (1 switches on core 0)
2026-08-20 00:28:46.511 8 INFO cinder.api.openstack.wsgi [None req-8654b70b-0737-46b5-8dd8-a28047c5cb07 e9acc8a2cd3a4759a584470e72c71732 5f8efcd424fb4344abdbc9e3256fca2f - - default default] GET http://cinder-api.openstack.svc.cluster.local:8776/v3/5f8efcd424fb4344abdbc9e3256fca2f/snapshots?all_tenants=true
2026-08-20 00:28:46.529 8 INFO cinder.volume.api [None req-8654b70b-0737-46b5-8dd8-a28047c5cb07 e9acc8a2cd3a4759a584470e72c71732 5f8efcd424fb4344abdbc9e3256fca2f - - default default] Get all snapshots completed successfully.
2026-08-20 00:28:46.529 8 INFO cinder.api.openstack.wsgi [None req-8654b70b-0737-46b5-8dd8-a28047c5cb07 e9acc8a2cd3a4759a584470e72c71732 5f8efcd424fb4344abdbc9e3256fca2f - - default default] http://cinder-api.openstack.svc.cluster.local:8776/v3/5f8efcd424fb4344abdbc9e3256fca2f/snapshots?all_tenants=true returned with HTTP 200 [pid: 8|app: 0|req: 349/698] 10.0.0.180 () {28 vars in 674 bytes} [Thu Aug 20 00:28:46 2026] GET /v3/5f8efcd424fb4344abdbc9e3256fca2f/snapshots?all_tenants=true => generated 17 bytes in 25 msecs (HTTP/1.1 200) 7 headers in 284 bytes (1 switches on core 0)
2026-08-20 00:28:46.541 9 INFO cinder.api.openstack.wsgi [None req-5841d05f-70e9-40ec-97da-a345734ba5ec e9acc8a2cd3a4759a584470e72c71732 5f8efcd424fb4344abdbc9e3256fca2f - - default default] GET http://cinder-api.openstack.svc.cluster.local:8776/v3/5f8efcd424fb4344abdbc9e3256fca2f/scheduler-stats/get_pools?detail=true
2026-08-20 00:28:47.045 9 INFO cinder.api.openstack.wsgi [None req-5841d05f-70e9-40ec-97da-a345734ba5ec e9acc8a2cd3a4759a584470e72c71732 5f8efcd424fb4344abdbc9e3256fca2f - - default default] http://cinder-api.openstack.svc.cluster.local:8776/v3/5f8efcd424fb4344abdbc9e3256fca2f/scheduler-stats/get_pools?detail=true returned with HTTP 200 [pid: 9|app: 0|req: 350/699] 10.0.0.180 () {28 vars in 696 bytes} [Thu Aug 20 00:28:46 2026] GET /v3/5f8efcd424fb4344abdbc9e3256fca2f/scheduler-stats/get_pools?detail=true => generated 670 bytes in 512 msecs (HTTP/1.1 200) 7 headers in 285 bytes (1 switches on core 0)
2026-08-20 00:28:53.791 8 INFO cinder.api.openstack.wsgi [None req-1bedca95-6d59-4bce-a549-2f09e408f943 94a47d3d6a124259aba6da3a1b5320ab 0137677f6853450cb0abf24aba71bea3 - - default default] POST http://cinder-api.openstack.svc.cluster.local:8776/v3/0137677f6853450cb0abf24aba71bea3/volumes
2026-08-20 00:28:54.405 8 INFO cinder.api.v3.volumes [None req-1bedca95-6d59-4bce-a549-2f09e408f943 94a47d3d6a124259aba6da3a1b5320ab 0137677f6853450cb0abf24aba71bea3 - - default default] Create volume of 1 GB
2026-08-20 00:28:54.428 8 INFO cinder.volume.api [None req-1bedca95-6d59-4bce-a549-2f09e408f943 94a47d3d6a124259aba6da3a1b5320ab 0137677f6853450cb0abf24aba71bea3 - - default default] Availability Zones retrieved successfully.
2026-08-20 00:28:54.749 8 INFO cinder.volume.api [None req-1bedca95-6d59-4bce-a549-2f09e408f943 94a47d3d6a124259aba6da3a1b5320ab 0137677f6853450cb0abf24aba71bea3 - - default default] Create volume request issued successfully.
2026-08-20 00:28:54.751 8 INFO cinder.api.openstack.wsgi [None req-1bedca95-6d59-4bce-a549-2f09e408f943 94a47d3d6a124259aba6da3a1b5320ab 0137677f6853450cb0abf24aba71bea3 - - default default] http://cinder-api.openstack.svc.cluster.local:8776/v3/0137677f6853450cb0abf24aba71bea3/volumes returned with HTTP 202 [pid: 8|app: 0|req: 350/700] 10.0.0.168 () {34 vars in 723 bytes} [Thu Aug 20 00:28:53 2026] POST /v3/0137677f6853450cb0abf24aba71bea3/volumes => generated 865 bytes in 965 msecs (HTTP/1.1 202) 7 headers in 291 bytes (1 switches on core 0)
2026-08-20 00:28:54.777 9 INFO cinder.api.openstack.wsgi [None req-c4bff7b0-34f7-4b70-8758-fdba71911f24 94a47d3d6a124259aba6da3a1b5320ab 0137677f6853450cb0abf24aba71bea3 - - default default] GET http://cinder-api.openstack.svc.cluster.local:8776/v3/0137677f6853450cb0abf24aba71bea3/volumes/128938d4-b169-47bc-ada7-358a157ded15 /var/lib/openstack/lib/python3.12/site-packages/oslo_context/context.py:100: DeprecationWarning: Policy enforcement is depending on the value of is_admin. This key is deprecated. Please update your policy file to use the standard policy values. warnings.warn('Policy enforcement is depending on the value of '
2026-08-20 00:28:54.819 9 INFO cinder.volume.api [None req-c4bff7b0-34f7-4b70-8758-fdba71911f24 94a47d3d6a124259aba6da3a1b5320ab 0137677f6853450cb0abf24aba71bea3 - - default default] Volume info retrieved successfully.
2026-08-20 00:28:54.836 9 INFO cinder.api.openstack.wsgi [None req-c4bff7b0-34f7-4b70-8758-fdba71911f24 94a47d3d6a124259aba6da3a1b5320ab 0137677f6853450cb0abf24aba71bea3 - - default default] http://cinder-api.openstack.svc.cluster.local:8776/v3/0137677f6853450cb0abf24aba71bea3/volumes/128938d4-b169-47bc-ada7-358a157ded15 returned with HTTP 200 [pid: 9|app: 0|req: 351/701] 10.0.0.168 () {32 vars in 775 bytes} [Thu Aug 20 00:28:54 2026] GET /v3/0137677f6853450cb0abf24aba71bea3/volumes/128938d4-b169-47bc-ada7-358a157ded15 => generated 933 bytes in 66 msecs (HTTP/1.1 200) 7 headers in 285 bytes (1 switches on core 0)
2026-08-20 00:28:55.291 8 INFO cinder.api.openstack.wsgi [None req-1bedca95-6d59-4bce-a549-2f09e408f943 94a47d3d6a124259aba6da3a1b5320ab 0137677f6853450cb0abf24aba71bea3 - - default default] GET http://10.0.0.32:8776/
2026-08-20 00:28:55.293 9 INFO cinder.api.openstack.wsgi [None req-c4bff7b0-34f7-4b70-8758-fdba71911f24 94a47d3d6a124259aba6da3a1b5320ab 0137677f6853450cb0abf24aba71bea3 - - default default] GET http://10.0.0.32:8776/
2026-08-20 00:28:55.293 9 INFO cinder.api.openstack.wsgi [None req-c4bff7b0-34f7-4b70-8758-fdba71911f24 94a47d3d6a124259aba6da3a1b5320ab 0137677f6853450cb0abf24aba71bea3 - - default default] http://10.0.0.32:8776/ returned with HTTP 300
2026-08-20 00:28:55.292 8 INFO cinder.api.openstack.wsgi [None req-1bedca95-6d59-4bce-a549-2f09e408f943 94a47d3d6a124259aba6da3a1b5320ab 0137677f6853450cb0abf24aba71bea3 - - default default] http://10.0.0.32:8776/ returned with HTTP 300 /var/lib/openstack/lib/python3.12/site-packages/pycadf/identifier.py:70: UserWarning: Invalid uuid: cinderv3. To ensure interoperability, identifiers should be a valid uuid. warnings.warn(('Invalid uuid: %s. To ensure interoperability, '
2026-08-20 00:28:55.860 9 INFO cinder.api.openstack.wsgi [None req-124fa603-b795-484e-a2ca-1e7dae21e38e 94a47d3d6a124259aba6da3a1b5320ab 0137677f6853450cb0abf24aba71bea3 - - default default] GET http://cinder-api.openstack.svc.cluster.local:8776/v3/0137677f6853450cb0abf24aba71bea3/volumes/128938d4-b169-47bc-ada7-358a157ded15 /var/lib/openstack/lib/python3.12/site-packages/oslo_context/context.py:100: DeprecationWarning: Policy enforcement is depending on the value of is_admin. This key is deprecated. Please update your policy file to use the standard policy values. warnings.warn('Policy enforcement is depending on the value of '
2026-08-20 00:28:55.880 9 INFO cinder.volume.api [None req-124fa603-b795-484e-a2ca-1e7dae21e38e 94a47d3d6a124259aba6da3a1b5320ab 0137677f6853450cb0abf24aba71bea3 - - default default] Volume info retrieved successfully.
2026-08-20 00:28:55.888 9 INFO cinder.api.openstack.wsgi [None req-124fa603-b795-484e-a2ca-1e7dae21e38e 94a47d3d6a124259aba6da3a1b5320ab 0137677f6853450cb0abf24aba71bea3 - - default default] http://cinder-api.openstack.svc.cluster.local:8776/v3/0137677f6853450cb0abf24aba71bea3/volumes/128938d4-b169-47bc-ada7-358a157ded15 returned with HTTP 200 [pid: 9|app: 0|req: 353/704] 10.0.0.168 () {32 vars in 775 bytes} [Thu Aug 20 00:28:55 2026] GET /v3/0137677f6853450cb0abf24aba71bea3/volumes/128938d4-b169-47bc-ada7-358a157ded15 => generated 957 bytes in 34 msecs (HTTP/1.1 200) 7 headers in 285 bytes (1 switches on core 0) /var/lib/openstack/lib/python3.12/site-packages/pycadf/identifier.py:70: UserWarning: Invalid uuid: cinderv3. To ensure interoperability, identifiers should be a valid uuid. warnings.warn(('Invalid uuid: %s. To ensure interoperability, '
2026-08-20 00:28:56.910 8 INFO cinder.api.openstack.wsgi [None req-c9ac7a9c-904e-4c30-8c8f-420c02eff83d 94a47d3d6a124259aba6da3a1b5320ab 0137677f6853450cb0abf24aba71bea3 - - default default] GET http://cinder-api.openstack.svc.cluster.local:8776/v3/0137677f6853450cb0abf24aba71bea3/volumes/128938d4-b169-47bc-ada7-358a157ded15 /var/lib/openstack/lib/python3.12/site-packages/oslo_context/context.py:100: DeprecationWarning: Policy enforcement is depending on the value of is_admin. This key is deprecated. Please update your policy file to use the standard policy values. warnings.warn('Policy enforcement is depending on the value of '
2026-08-20 00:28:56.936 8 INFO cinder.volume.api [None req-c9ac7a9c-904e-4c30-8c8f-420c02eff83d 94a47d3d6a124259aba6da3a1b5320ab 0137677f6853450cb0abf24aba71bea3 - - default default] Volume info retrieved successfully.
2026-08-20 00:28:56.943 8 INFO cinder.api.openstack.wsgi [None req-c9ac7a9c-904e-4c30-8c8f-420c02eff83d 94a47d3d6a124259aba6da3a1b5320ab 0137677f6853450cb0abf24aba71bea3 - - default default] http://cinder-api.openstack.svc.cluster.local:8776/v3/0137677f6853450cb0abf24aba71bea3/volumes/128938d4-b169-47bc-ada7-358a157ded15 returned with HTTP 200 [pid: 8|app: 0|req: 352/705] 10.0.0.168 () {32 vars in 775 bytes} [Thu Aug 20 00:28:56 2026] GET /v3/0137677f6853450cb0abf24aba71bea3/volumes/128938d4-b169-47bc-ada7-358a157ded15 => generated 957 bytes in 42 msecs (HTTP/1.1 200) 7 headers in 285 bytes (1 switches on core 0) /var/lib/openstack/lib/python3.12/site-packages/pycadf/identifier.py:70: UserWarning: Invalid uuid: cinderv3. To ensure interoperability, identifiers should be a valid uuid. warnings.warn(('Invalid uuid: %s. To ensure interoperability, '
2026-08-20 00:28:57.976 9 INFO cinder.api.openstack.wsgi [None req-ec18f736-e6b1-4658-940c-9736e9c97e00 94a47d3d6a124259aba6da3a1b5320ab 0137677f6853450cb0abf24aba71bea3 - - default default] GET http://cinder-api.openstack.svc.cluster.local:8776/v3/0137677f6853450cb0abf24aba71bea3/volumes/128938d4-b169-47bc-ada7-358a157ded15 /var/lib/openstack/lib/python3.12/site-packages/oslo_context/context.py:100: DeprecationWarning: Policy enforcement is depending on the value of is_admin. This key is deprecated. Please update your policy file to use the standard policy values. warnings.warn('Policy enforcement is depending on the value of '
2026-08-20 00:28:57.991 9 INFO cinder.volume.api [None req-ec18f736-e6b1-4658-940c-9736e9c97e00 94a47d3d6a124259aba6da3a1b5320ab 0137677f6853450cb0abf24aba71bea3 - - default default] Volume info retrieved successfully.
2026-08-20 00:28:57.998 9 INFO cinder.api.openstack.wsgi [None req-ec18f736-e6b1-4658-940c-9736e9c97e00 94a47d3d6a124259aba6da3a1b5320ab 0137677f6853450cb0abf24aba71bea3 - - default default] http://cinder-api.openstack.svc.cluster.local:8776/v3/0137677f6853450cb0abf24aba71bea3/volumes/128938d4-b169-47bc-ada7-358a157ded15 returned with HTTP 200 [pid: 9|app: 0|req: 354/706] 10.0.0.168 () {32 vars in 775 bytes} [Thu Aug 20 00:28:57 2026] GET /v3/0137677f6853450cb0abf24aba71bea3/volumes/128938d4-b169-47bc-ada7-358a157ded15 => generated 1483 bytes in 30 msecs (HTTP/1.1 200) 7 headers in 286 bytes (1 switches on core 0) /var/lib/openstack/lib/python3.12/site-packages/pycadf/identifier.py:70: UserWarning: Invalid uuid: cinderv3. To ensure interoperability, identifiers should be a valid uuid. warnings.warn(('Invalid uuid: %s. To ensure interoperability, '
2026-08-20 00:28:58.091 8 INFO cinder.api.openstack.wsgi [req-2ab94eac-d85f-41e0-836f-9d0208e66d3f req-9a9d78fa-da00-4681-bbbb-55980b349f84 94a47d3d6a124259aba6da3a1b5320ab 0137677f6853450cb0abf24aba71bea3 - - default default] GET http://cinder-api.openstack.svc.cluster.local:8776/v3/0137677f6853450cb0abf24aba71bea3/volumes/128938d4-b169-47bc-ada7-358a157ded15 /var/lib/openstack/lib/python3.12/site-packages/oslo_context/context.py:100: DeprecationWarning: Policy enforcement is depending on the value of is_admin. This key is deprecated. Please update your policy file to use the standard policy values. warnings.warn('Policy enforcement is depending on the value of '
2026-08-20 00:28:58.105 8 INFO cinder.volume.api [req-2ab94eac-d85f-41e0-836f-9d0208e66d3f req-9a9d78fa-da00-4681-bbbb-55980b349f84 94a47d3d6a124259aba6da3a1b5320ab 0137677f6853450cb0abf24aba71bea3 - - default default] Volume info retrieved successfully.
2026-08-20 00:28:58.111 8 INFO cinder.api.openstack.wsgi [req-2ab94eac-d85f-41e0-836f-9d0208e66d3f req-9a9d78fa-da00-4681-bbbb-55980b349f84 94a47d3d6a124259aba6da3a1b5320ab 0137677f6853450cb0abf24aba71bea3 - - default default] http://cinder-api.openstack.svc.cluster.local:8776/v3/0137677f6853450cb0abf24aba71bea3/volumes/128938d4-b169-47bc-ada7-358a157ded15 returned with HTTP 200 [pid: 8|app: 0|req: 353/707] 10.0.0.174 () {34 vars in 1028 bytes} [Thu Aug 20 00:28:58 2026] GET /v3/0137677f6853450cb0abf24aba71bea3/volumes/128938d4-b169-47bc-ada7-358a157ded15 => generated 1483 bytes in 28 msecs (HTTP/1.1 200) 7 headers in 286 bytes (1 switches on core 0) /var/lib/openstack/lib/python3.12/site-packages/pycadf/identifier.py:70: UserWarning: Invalid uuid: cinderv3. To ensure interoperability, identifiers should be a valid uuid. warnings.warn(('Invalid uuid: %s. To ensure interoperability, '
2026-08-20 00:28:58.701 9 INFO cinder.api.openstack.wsgi [req-2ab94eac-d85f-41e0-836f-9d0208e66d3f req-7e32ca35-217e-40ec-b1c2-223ee62ad545 94a47d3d6a124259aba6da3a1b5320ab 0137677f6853450cb0abf24aba71bea3 - - default default] GET http://cinder-api.openstack.svc.cluster.local:8776/v3/0137677f6853450cb0abf24aba71bea3/volumes/128938d4-b169-47bc-ada7-358a157ded15 /var/lib/openstack/lib/python3.12/site-packages/oslo_context/context.py:100: DeprecationWarning: Policy enforcement is depending on the value of is_admin. This key is deprecated. Please update your policy file to use the standard policy values. warnings.warn('Policy enforcement is depending on the value of '
2026-08-20 00:28:58.728 9 INFO cinder.volume.api [req-2ab94eac-d85f-41e0-836f-9d0208e66d3f req-7e32ca35-217e-40ec-b1c2-223ee62ad545 94a47d3d6a124259aba6da3a1b5320ab 0137677f6853450cb0abf24aba71bea3 - - default default] Volume info retrieved successfully.
2026-08-20 00:28:58.734 9 INFO cinder.api.openstack.wsgi [req-2ab94eac-d85f-41e0-836f-9d0208e66d3f req-7e32ca35-217e-40ec-b1c2-223ee62ad545 94a47d3d6a124259aba6da3a1b5320ab 0137677f6853450cb0abf24aba71bea3 - - default default] http://cinder-api.openstack.svc.cluster.local:8776/v3/0137677f6853450cb0abf24aba71bea3/volumes/128938d4-b169-47bc-ada7-358a157ded15 returned with HTTP 200 [pid: 9|app: 0|req: 355/708] 10.0.0.174 () {34 vars in 1028 bytes} [Thu Aug 20 00:28:58 2026] GET /v3/0137677f6853450cb0abf24aba71bea3/volumes/128938d4-b169-47bc-ada7-358a157ded15 => generated 1483 bytes in 40 msecs (HTTP/1.1 200) 7 headers in 286 bytes (1 switches on core 0)
2026-08-20 00:28:58.743 8 INFO cinder.api.openstack.wsgi [req-2ab94eac-d85f-41e0-836f-9d0208e66d3f req-9a9d78fa-da00-4681-bbbb-55980b349f84 94a47d3d6a124259aba6da3a1b5320ab 0137677f6853450cb0abf24aba71bea3 - - default default] GET http://cinder-api.openstack.svc.cluster.local:8776/
2026-08-20 00:28:58.743 8 INFO cinder.api.openstack.wsgi [req-2ab94eac-d85f-41e0-836f-9d0208e66d3f req-9a9d78fa-da00-4681-bbbb-55980b349f84 94a47d3d6a124259aba6da3a1b5320ab 0137677f6853450cb0abf24aba71bea3 - - default default] http://cinder-api.openstack.svc.cluster.local:8776/ returned with HTTP 300 [pid: 8|app: 0|req: 354/709] 10.0.0.174 () {32 vars in 829 bytes} [Thu Aug 20 00:28:58 2026] GET / => generated 411 bytes in 1 msecs (HTTP/1.1 300) 5 headers in 169 bytes (1 switches on core 0) /var/lib/openstack/lib/python3.12/site-packages/pycadf/identifier.py:70: UserWarning: Invalid uuid: cinderv3. To ensure interoperability, identifiers should be a valid uuid. warnings.warn(('Invalid uuid: %s. To ensure interoperability, '
2026-08-20 00:28:58.754 9 INFO cinder.api.openstack.wsgi [req-2ab94eac-d85f-41e0-836f-9d0208e66d3f req-6714bbdc-2334-4087-8066-1bb6a2cb438e 94a47d3d6a124259aba6da3a1b5320ab 0137677f6853450cb0abf24aba71bea3 - - default default] POST http://cinder-api.openstack.svc.cluster.local:8776/v3/0137677f6853450cb0abf24aba71bea3/attachments /var/lib/openstack/lib/python3.12/site-packages/oslo_context/context.py:100: DeprecationWarning: Policy enforcement is depending on the value of is_admin. This key is deprecated. Please update your policy file to use the standard policy values. warnings.warn('Policy enforcement is depending on the value of '
2026-08-20 00:28:58.840 9 INFO cinder.api.openstack.wsgi [req-2ab94eac-d85f-41e0-836f-9d0208e66d3f req-6714bbdc-2334-4087-8066-1bb6a2cb438e 94a47d3d6a124259aba6da3a1b5320ab 0137677f6853450cb0abf24aba71bea3 - - default default] http://cinder-api.openstack.svc.cluster.local:8776/v3/0137677f6853450cb0abf24aba71bea3/attachments returned with HTTP 200 [pid: 9|app: 0|req: 356/710] 10.0.0.174 () {40 vars in 1057 bytes} [Thu Aug 20 00:28:58 2026] POST /v3/0137677f6853450cb0abf24aba71bea3/attachments => generated 273 bytes in 94 msecs (HTTP/1.1 200) 7 headers in 286 bytes (1 switches on core 0)
2026-08-20 00:29:04.961 8 INFO cinder.api.openstack.wsgi [req-2ab94eac-d85f-41e0-836f-9d0208e66d3f req-9a9d78fa-da00-4681-bbbb-55980b349f84 94a47d3d6a124259aba6da3a1b5320ab 0137677f6853450cb0abf24aba71bea3 - - default default] GET http://cinder-api.openstack.svc.cluster.local:8776/
2026-08-20 00:29:04.962 8 INFO cinder.api.openstack.wsgi [req-2ab94eac-d85f-41e0-836f-9d0208e66d3f req-9a9d78fa-da00-4681-bbbb-55980b349f84 94a47d3d6a124259aba6da3a1b5320ab 0137677f6853450cb0abf24aba71bea3 - - default default] http://cinder-api.openstack.svc.cluster.local:8776/ returned with HTTP 300 [pid: 8|app: 0|req: 355/711] 199.204.45.35 () {32 vars in 839 bytes} [Thu Aug 20 00:29:04 2026] GET / => generated 411 bytes in 1 msecs (HTTP/1.1 300) 5 headers in 169 bytes (1 switches on core 0) /var/lib/openstack/lib/python3.12/site-packages/pycadf/identifier.py:70: UserWarning: Invalid uuid: cinderv3. To ensure interoperability, identifiers should be a valid uuid. warnings.warn(('Invalid uuid: %s. To ensure interoperability, '
2026-08-20 00:29:05.009 9 INFO cinder.api.openstack.wsgi [req-2ab94eac-d85f-41e0-836f-9d0208e66d3f req-d266e719-1794-4880-89a7-ddb5da871212 94a47d3d6a124259aba6da3a1b5320ab 0137677f6853450cb0abf24aba71bea3 - - default default] GET http://cinder-api.openstack.svc.cluster.local:8776/v3/0137677f6853450cb0abf24aba71bea3/volumes/128938d4-b169-47bc-ada7-358a157ded15 /var/lib/openstack/lib/python3.12/site-packages/oslo_context/context.py:100: DeprecationWarning: Policy enforcement is depending on the value of is_admin. This key is deprecated. Please update your policy file to use the standard policy values. warnings.warn('Policy enforcement is depending on the value of '
2026-08-20 00:29:05.032 9 INFO cinder.volume.api [req-2ab94eac-d85f-41e0-836f-9d0208e66d3f req-d266e719-1794-4880-89a7-ddb5da871212 94a47d3d6a124259aba6da3a1b5320ab 0137677f6853450cb0abf24aba71bea3 - - default default] Volume info retrieved successfully.
2026-08-20 00:29:05.042 9 INFO cinder.api.openstack.wsgi [req-2ab94eac-d85f-41e0-836f-9d0208e66d3f req-d266e719-1794-4880-89a7-ddb5da871212 94a47d3d6a124259aba6da3a1b5320ab 0137677f6853450cb0abf24aba71bea3 - - default default] http://cinder-api.openstack.svc.cluster.local:8776/v3/0137677f6853450cb0abf24aba71bea3/volumes/128938d4-b169-47bc-ada7-358a157ded15 returned with HTTP 200 [pid: 9|app: 0|req: 357/712] 199.204.45.35 () {36 vars in 1072 bytes} [Thu Aug 20 00:29:05 2026] GET /v3/0137677f6853450cb0abf24aba71bea3/volumes/128938d4-b169-47bc-ada7-358a157ded15 => generated 1663 bytes in 42 msecs (HTTP/1.1 200) 7 headers in 287 bytes (1 switches on core 0)
2026-08-20 00:29:05.290 9 INFO cinder.api.openstack.wsgi [req-2ab94eac-d85f-41e0-836f-9d0208e66d3f req-d266e719-1794-4880-89a7-ddb5da871212 94a47d3d6a124259aba6da3a1b5320ab 0137677f6853450cb0abf24aba71bea3 - - default default] GET http://10.0.0.32:8776/
2026-08-20 00:29:05.290 8 INFO cinder.api.openstack.wsgi [req-2ab94eac-d85f-41e0-836f-9d0208e66d3f req-9a9d78fa-da00-4681-bbbb-55980b349f84 94a47d3d6a124259aba6da3a1b5320ab 0137677f6853450cb0abf24aba71bea3 - - default default] GET http://10.0.0.32:8776/
2026-08-20 00:29:05.291 9 INFO cinder.api.openstack.wsgi [req-2ab94eac-d85f-41e0-836f-9d0208e66d3f req-d266e719-1794-4880-89a7-ddb5da871212 94a47d3d6a124259aba6da3a1b5320ab 0137677f6853450cb0abf24aba71bea3 - - default default] http://10.0.0.32:8776/ returned with HTTP 300
2026-08-20 00:29:05.292 8 INFO cinder.api.openstack.wsgi [req-2ab94eac-d85f-41e0-836f-9d0208e66d3f req-9a9d78fa-da00-4681-bbbb-55980b349f84 94a47d3d6a124259aba6da3a1b5320ab 0137677f6853450cb0abf24aba71bea3 - - default default] http://10.0.0.32:8776/ returned with HTTP 300 /var/lib/openstack/lib/python3.12/site-packages/pycadf/identifier.py:70: UserWarning: Invalid uuid: cinderv3. To ensure interoperability, identifiers should be a valid uuid. warnings.warn(('Invalid uuid: %s. To ensure interoperability, '
2026-08-20 00:29:07.005 9 INFO cinder.api.openstack.wsgi [req-2ab94eac-d85f-41e0-836f-9d0208e66d3f req-0d8cff89-9ca0-49da-b36d-6023338aadb9 94a47d3d6a124259aba6da3a1b5320ab 0137677f6853450cb0abf24aba71bea3 - - default default] PUT http://cinder-api.openstack.svc.cluster.local:8776/v3/0137677f6853450cb0abf24aba71bea3/attachments/a3dd865b-04c2-405d-8302-9587d9648df7 /var/lib/openstack/lib/python3.12/site-packages/oslo_context/context.py:100: DeprecationWarning: Policy enforcement is depending on the value of is_admin. This key is deprecated. Please update your policy file to use the standard policy values. warnings.warn('Policy enforcement is depending on the value of '
2026-08-20 00:29:08.060 9 INFO cinder.api.openstack.wsgi [req-2ab94eac-d85f-41e0-836f-9d0208e66d3f req-0d8cff89-9ca0-49da-b36d-6023338aadb9 94a47d3d6a124259aba6da3a1b5320ab 0137677f6853450cb0abf24aba71bea3 - - default default] http://cinder-api.openstack.svc.cluster.local:8776/v3/0137677f6853450cb0abf24aba71bea3/attachments/a3dd865b-04c2-405d-8302-9587d9648df7 returned with HTTP 200 [pid: 9|app: 0|req: 359/715] 199.204.45.35 () {40 vars in 1134 bytes} [Thu Aug 20 00:29:06 2026] PUT /v3/0137677f6853450cb0abf24aba71bea3/attachments/a3dd865b-04c2-405d-8302-9587d9648df7 => generated 802 bytes in 1065 msecs (HTTP/1.1 200) 7 headers in 286 bytes (1 switches on core 0) /var/lib/openstack/lib/python3.12/site-packages/pycadf/identifier.py:70: UserWarning: Invalid uuid: cinderv3. To ensure interoperability, identifiers should be a valid uuid. warnings.warn(('Invalid uuid: %s. To ensure interoperability, '
2026-08-20 00:29:08.586 8 INFO cinder.api.openstack.wsgi [req-2ab94eac-d85f-41e0-836f-9d0208e66d3f req-b62b1296-e80f-4667-bdd2-f8e4f1667050 94a47d3d6a124259aba6da3a1b5320ab 0137677f6853450cb0abf24aba71bea3 - - default default] POST http://cinder-api.openstack.svc.cluster.local:8776/v3/0137677f6853450cb0abf24aba71bea3/attachments/a3dd865b-04c2-405d-8302-9587d9648df7/action /var/lib/openstack/lib/python3.12/site-packages/oslo_context/context.py:100: DeprecationWarning: Policy enforcement is depending on the value of is_admin. This key is deprecated. Please update your policy file to use the standard policy values. warnings.warn('Policy enforcement is depending on the value of '
2026-08-20 00:29:08.656 8 INFO cinder.api.openstack.wsgi [req-2ab94eac-d85f-41e0-836f-9d0208e66d3f req-b62b1296-e80f-4667-bdd2-f8e4f1667050 94a47d3d6a124259aba6da3a1b5320ab 0137677f6853450cb0abf24aba71bea3 - - default default] http://cinder-api.openstack.svc.cluster.local:8776/v3/0137677f6853450cb0abf24aba71bea3/attachments/a3dd865b-04c2-405d-8302-9587d9648df7/action returned with HTTP 204 [pid: 8|app: 0|req: 357/716] 199.204.45.35 () {40 vars in 1147 bytes} [Thu Aug 20 00:29:08 2026] POST /v3/0137677f6853450cb0abf24aba71bea3/attachments/a3dd865b-04c2-405d-8302-9587d9648df7/action => generated 0 bytes in 84 msecs (HTTP/1.1 204) 7 headers in 292 bytes (1 switches on core 0)
2026-08-20 00:29:15.290 9 INFO cinder.api.openstack.wsgi [req-2ab94eac-d85f-41e0-836f-9d0208e66d3f req-0d8cff89-9ca0-49da-b36d-6023338aadb9 94a47d3d6a124259aba6da3a1b5320ab 0137677f6853450cb0abf24aba71bea3 - - default default] GET http://10.0.0.32:8776/
2026-08-20 00:29:15.291 8 INFO cinder.api.openstack.wsgi [req-2ab94eac-d85f-41e0-836f-9d0208e66d3f req-b62b1296-e80f-4667-bdd2-f8e4f1667050 94a47d3d6a124259aba6da3a1b5320ab 0137677f6853450cb0abf24aba71bea3 - - default default] GET http://10.0.0.32:8776/
2026-08-20 00:29:15.291 9 INFO cinder.api.openstack.wsgi [req-2ab94eac-d85f-41e0-836f-9d0208e66d3f req-0d8cff89-9ca0-49da-b36d-6023338aadb9 94a47d3d6a124259aba6da3a1b5320ab 0137677f6853450cb0abf24aba71bea3 - - default default] http://10.0.0.32:8776/ returned with HTTP 300
2026-08-20 00:29:15.292 8 INFO cinder.api.openstack.wsgi [req-2ab94eac-d85f-41e0-836f-9d0208e66d3f req-b62b1296-e80f-4667-bdd2-f8e4f1667050 94a47d3d6a124259aba6da3a1b5320ab 0137677f6853450cb0abf24aba71bea3 - - default default] http://10.0.0.32:8776/ returned with HTTP 300 /var/lib/openstack/lib/python3.12/site-packages/pycadf/identifier.py:70: UserWarning: Invalid uuid: cinderv3. To ensure interoperability, identifiers should be a valid uuid. warnings.warn(('Invalid uuid: %s. To ensure interoperability, '
2026-08-20 00:29:20.864 9 INFO cinder.api.openstack.wsgi [req-7223a0fd-69c3-4984-abcc-2f67bcdb3d59 req-6c107e06-4435-43cf-a75a-3764549bd096 94a47d3d6a124259aba6da3a1b5320ab 0137677f6853450cb0abf24aba71bea3 - - default default] DELETE http://cinder-api.openstack.svc.cluster.local:8776/v3/0137677f6853450cb0abf24aba71bea3/attachments/a3dd865b-04c2-405d-8302-9587d9648df7 /var/lib/openstack/lib/python3.12/site-packages/oslo_context/context.py:100: DeprecationWarning: Policy enforcement is depending on the value of is_admin. This key is deprecated. Please update your policy file to use the standard policy values. warnings.warn('Policy enforcement is depending on the value of '
2026-08-20 00:29:21.425 9 INFO cinder.api.openstack.wsgi [req-7223a0fd-69c3-4984-abcc-2f67bcdb3d59 req-6c107e06-4435-43cf-a75a-3764549bd096 94a47d3d6a124259aba6da3a1b5320ab 0137677f6853450cb0abf24aba71bea3 - - default default] http://cinder-api.openstack.svc.cluster.local:8776/v3/0137677f6853450cb0abf24aba71bea3/attachments/a3dd865b-04c2-405d-8302-9587d9648df7 returned with HTTP 200 [pid: 9|app: 0|req: 361/719] 199.204.45.35 () {38 vars in 1102 bytes} [Thu Aug 20 00:29:20 2026] DELETE /v3/0137677f6853450cb0abf24aba71bea3/attachments/a3dd865b-04c2-405d-8302-9587d9648df7 => generated 19 bytes in 570 msecs (HTTP/1.1 200) 7 headers in 285 bytes (1 switches on core 0) /var/lib/openstack/lib/python3.12/site-packages/pycadf/identifier.py:70: UserWarning: Invalid uuid: cinderv3. To ensure interoperability, identifiers should be a valid uuid. warnings.warn(('Invalid uuid: %s. To ensure interoperability, '
2026-08-20 00:29:21.441 8 INFO cinder.api.openstack.wsgi [req-7223a0fd-69c3-4984-abcc-2f67bcdb3d59 req-4ae4c38e-6c89-4346-82b2-272c972a1267 94a47d3d6a124259aba6da3a1b5320ab 0137677f6853450cb0abf24aba71bea3 - - default default] DELETE http://cinder-api.openstack.svc.cluster.local:8776/v3/0137677f6853450cb0abf24aba71bea3/volumes/128938d4-b169-47bc-ada7-358a157ded15
2026-08-20 00:29:21.441 8 INFO cinder.api.v3.volumes [req-7223a0fd-69c3-4984-abcc-2f67bcdb3d59 req-4ae4c38e-6c89-4346-82b2-272c972a1267 94a47d3d6a124259aba6da3a1b5320ab 0137677f6853450cb0abf24aba71bea3 - - default default] Delete volume with id: 128938d4-b169-47bc-ada7-358a157ded15 /var/lib/openstack/lib/python3.12/site-packages/oslo_context/context.py:100: DeprecationWarning: Policy enforcement is depending on the value of is_admin. This key is deprecated. Please update your policy file to use the standard policy values. warnings.warn('Policy enforcement is depending on the value of '
2026-08-20 00:29:21.450 8 INFO cinder.volume.api [req-7223a0fd-69c3-4984-abcc-2f67bcdb3d59 req-4ae4c38e-6c89-4346-82b2-272c972a1267 94a47d3d6a124259aba6da3a1b5320ab 0137677f6853450cb0abf24aba71bea3 - - default default] Volume info retrieved successfully.
2026-08-20 00:29:21.475 8 INFO cinder.volume.api [req-7223a0fd-69c3-4984-abcc-2f67bcdb3d59 req-4ae4c38e-6c89-4346-82b2-272c972a1267 94a47d3d6a124259aba6da3a1b5320ab 0137677f6853450cb0abf24aba71bea3 - - default default] Delete volume request issued successfully.
2026-08-20 00:29:21.476 8 INFO cinder.api.openstack.wsgi [req-7223a0fd-69c3-4984-abcc-2f67bcdb3d59 req-4ae4c38e-6c89-4346-82b2-272c972a1267 94a47d3d6a124259aba6da3a1b5320ab 0137677f6853450cb0abf24aba71bea3 - - default default] http://cinder-api.openstack.svc.cluster.local:8776/v3/0137677f6853450cb0abf24aba71bea3/volumes/128938d4-b169-47bc-ada7-358a157ded15 returned with HTTP 202 [pid: 8|app: 0|req: 359/720] 199.204.45.35 () {36 vars in 1053 bytes} [Thu Aug 20 00:29:21 2026] DELETE /v3/0137677f6853450cb0abf24aba71bea3/volumes/128938d4-b169-47bc-ada7-358a157ded15 => generated 0 bytes in 43 msecs (HTTP/1.1 202) 6 headers in 233 bytes (1 switches on core 0)
2026-08-20 00:29:25.290 9 INFO cinder.api.openstack.wsgi [req-7223a0fd-69c3-4984-abcc-2f67bcdb3d59 req-6c107e06-4435-43cf-a75a-3764549bd096 94a47d3d6a124259aba6da3a1b5320ab 0137677f6853450cb0abf24aba71bea3 - - default default] GET http://10.0.0.32:8776/
2026-08-20 00:29:25.290 8 INFO cinder.api.openstack.wsgi [req-7223a0fd-69c3-4984-abcc-2f67bcdb3d59 req-4ae4c38e-6c89-4346-82b2-272c972a1267 94a47d3d6a124259aba6da3a1b5320ab 0137677f6853450cb0abf24aba71bea3 - - default default] GET http://10.0.0.32:8776/
2026-08-20 00:29:25.291 9 INFO cinder.api.openstack.wsgi [req-7223a0fd-69c3-4984-abcc-2f67bcdb3d59 req-6c107e06-4435-43cf-a75a-3764549bd096 94a47d3d6a124259aba6da3a1b5320ab 0137677f6853450cb0abf24aba71bea3 - - default default] http://10.0.0.32:8776/ returned with HTTP 300
2026-08-20 00:29:25.292 8 INFO cinder.api.openstack.wsgi [req-7223a0fd-69c3-4984-abcc-2f67bcdb3d59 req-4ae4c38e-6c89-4346-82b2-272c972a1267 94a47d3d6a124259aba6da3a1b5320ab 0137677f6853450cb0abf24aba71bea3 - - default default] http://10.0.0.32:8776/ returned with HTTP 300
2026-08-20 00:29:35.290 9 INFO cinder.api.openstack.wsgi [req-7223a0fd-69c3-4984-abcc-2f67bcdb3d59 req-6c107e06-4435-43cf-a75a-3764549bd096 94a47d3d6a124259aba6da3a1b5320ab 0137677f6853450cb0abf24aba71bea3 - - default default] GET http://10.0.0.32:8776/
2026-08-20 00:29:35.290 8 INFO cinder.api.openstack.wsgi [req-7223a0fd-69c3-4984-abcc-2f67bcdb3d59 req-4ae4c38e-6c89-4346-82b2-272c972a1267 94a47d3d6a124259aba6da3a1b5320ab 0137677f6853450cb0abf24aba71bea3 - - default default] GET http://10.0.0.32:8776/
2026-08-20 00:29:35.292 9 INFO cinder.api.openstack.wsgi [req-7223a0fd-69c3-4984-abcc-2f67bcdb3d59 req-6c107e06-4435-43cf-a75a-3764549bd096 94a47d3d6a124259aba6da3a1b5320ab 0137677f6853450cb0abf24aba71bea3 - - default default] http://10.0.0.32:8776/ returned with HTTP 300
2026-08-20 00:29:35.292 8 INFO cinder.api.openstack.wsgi [req-7223a0fd-69c3-4984-abcc-2f67bcdb3d59 req-4ae4c38e-6c89-4346-82b2-272c972a1267 94a47d3d6a124259aba6da3a1b5320ab 0137677f6853450cb0abf24aba71bea3 - - default default] http://10.0.0.32:8776/ returned with HTTP 300
2026-08-20 00:29:45.290 9 INFO cinder.api.openstack.wsgi [req-7223a0fd-69c3-4984-abcc-2f67bcdb3d59 req-6c107e06-4435-43cf-a75a-3764549bd096 94a47d3d6a124259aba6da3a1b5320ab 0137677f6853450cb0abf24aba71bea3 - - default default] GET http://10.0.0.32:8776/
2026-08-20 00:29:45.291 8 INFO cinder.api.openstack.wsgi [req-7223a0fd-69c3-4984-abcc-2f67bcdb3d59 req-4ae4c38e-6c89-4346-82b2-272c972a1267 94a47d3d6a124259aba6da3a1b5320ab 0137677f6853450cb0abf24aba71bea3 - - default default] GET http://10.0.0.32:8776/
2026-08-20 00:29:45.291 9 INFO cinder.api.openstack.wsgi [req-7223a0fd-69c3-4984-abcc-2f67bcdb3d59 req-6c107e06-4435-43cf-a75a-3764549bd096 94a47d3d6a124259aba6da3a1b5320ab 0137677f6853450cb0abf24aba71bea3 - - default default] http://10.0.0.32:8776/ returned with HTTP 300
2026-08-20 00:29:45.292 8 INFO cinder.api.openstack.wsgi [req-7223a0fd-69c3-4984-abcc-2f67bcdb3d59 req-4ae4c38e-6c89-4346-82b2-272c972a1267 94a47d3d6a124259aba6da3a1b5320ab 0137677f6853450cb0abf24aba71bea3 - - default default] http://10.0.0.32:8776/ returned with HTTP 300 /var/lib/openstack/lib/python3.12/site-packages/pycadf/identifier.py:70: UserWarning: Invalid uuid: cinderv3. To ensure interoperability, identifiers should be a valid uuid. warnings.warn(('Invalid uuid: %s. To ensure interoperability, '
2026-08-20 00:29:45.927 9 INFO cinder.api.openstack.wsgi [None req-fae75b20-cdb3-4b73-89fb-3b52f5650556 e9acc8a2cd3a4759a584470e72c71732 5f8efcd424fb4344abdbc9e3256fca2f - - default default] GET http://cinder-api.openstack.svc.cluster.local:8776/v3/5f8efcd424fb4344abdbc9e3256fca2f/os-quota-sets/4bdfbd658e0b4bfab8855f5a7da91af6?usage=true /var/lib/openstack/lib/python3.12/site-packages/oslo_context/context.py:100: DeprecationWarning: Policy enforcement is depending on the value of is_admin. This key is deprecated. Please update your policy file to use the standard policy values. warnings.warn('Policy enforcement is depending on the value of '
2026-08-20 00:29:45.990 9 INFO cinder.api.openstack.wsgi [None req-fae75b20-cdb3-4b73-89fb-3b52f5650556 e9acc8a2cd3a4759a584470e72c71732 5f8efcd424fb4344abdbc9e3256fca2f - - default default] http://cinder-api.openstack.svc.cluster.local:8776/v3/5f8efcd424fb4344abdbc9e3256fca2f/os-quota-sets/4bdfbd658e0b4bfab8855f5a7da91af6?usage=true returned with HTTP 200 [pid: 9|app: 0|req: 365/727] 10.0.0.180 () {28 vars in 736 bytes} [Thu Aug 20 00:29:45 2026] GET /v3/5f8efcd424fb4344abdbc9e3256fca2f/os-quota-sets/4bdfbd658e0b4bfab8855f5a7da91af6?usage=true => generated 847 bytes in 189 msecs (HTTP/1.1 200) 7 headers in 285 bytes (1 switches on core 0) /var/lib/openstack/lib/python3.12/site-packages/pycadf/identifier.py:70: UserWarning: Invalid uuid: cinderv3. To ensure interoperability, identifiers should be a valid uuid. warnings.warn(('Invalid uuid: %s. To ensure interoperability, '
2026-08-20 00:29:46.004 8 INFO cinder.api.openstack.wsgi [None req-f507bc0d-a952-42d2-99df-253abf45b07a e9acc8a2cd3a4759a584470e72c71732 5f8efcd424fb4344abdbc9e3256fca2f - - default default] GET http://cinder-api.openstack.svc.cluster.local:8776/v3/5f8efcd424fb4344abdbc9e3256fca2f/os-quota-sets/5f8efcd424fb4344abdbc9e3256fca2f?usage=true
2026-08-20 00:29:46.034 8 INFO cinder.api.openstack.wsgi [None req-f507bc0d-a952-42d2-99df-253abf45b07a e9acc8a2cd3a4759a584470e72c71732 5f8efcd424fb4344abdbc9e3256fca2f - - default default] http://cinder-api.openstack.svc.cluster.local:8776/v3/5f8efcd424fb4344abdbc9e3256fca2f/os-quota-sets/5f8efcd424fb4344abdbc9e3256fca2f?usage=true returned with HTTP 200 [pid: 8|app: 0|req: 363/728] 10.0.0.180 () {28 vars in 736 bytes} [Thu Aug 20 00:29:45 2026] GET /v3/5f8efcd424fb4344abdbc9e3256fca2f/os-quota-sets/5f8efcd424fb4344abdbc9e3256fca2f?usage=true => generated 845 bytes in 39 msecs (HTTP/1.1 200) 7 headers in 285 bytes (1 switches on core 0)
2026-08-20 00:29:46.054 9 INFO cinder.api.openstack.wsgi [None req-c167bd1e-ed37-4dd3-b92e-0196327ad3c5 e9acc8a2cd3a4759a584470e72c71732 5f8efcd424fb4344abdbc9e3256fca2f - - default default] GET http://cinder-api.openstack.svc.cluster.local:8776/v3/5f8efcd424fb4344abdbc9e3256fca2f/os-quota-sets/9be2f25c822c4ff2a204f5c5c0141999?usage=true
2026-08-20 00:29:46.086 9 INFO cinder.api.openstack.wsgi [None req-c167bd1e-ed37-4dd3-b92e-0196327ad3c5 e9acc8a2cd3a4759a584470e72c71732 5f8efcd424fb4344abdbc9e3256fca2f - - default default] http://cinder-api.openstack.svc.cluster.local:8776/v3/5f8efcd424fb4344abdbc9e3256fca2f/os-quota-sets/9be2f25c822c4ff2a204f5c5c0141999?usage=true returned with HTTP 200 [pid: 9|app: 0|req: 366/729] 10.0.0.180 () {28 vars in 736 bytes} [Thu Aug 20 00:29:46 2026] GET /v3/5f8efcd424fb4344abdbc9e3256fca2f/os-quota-sets/9be2f25c822c4ff2a204f5c5c0141999?usage=true => generated 847 bytes in 43 msecs (HTTP/1.1 200) 7 headers in 285 bytes (1 switches on core 0)
2026-08-20 00:29:46.099 8 INFO cinder.api.openstack.wsgi [None req-0a918238-e168-47f5-8fd7-041ef087a47b e9acc8a2cd3a4759a584470e72c71732 5f8efcd424fb4344abdbc9e3256fca2f - - default default] GET http://cinder-api.openstack.svc.cluster.local:8776/v3/5f8efcd424fb4344abdbc9e3256fca2f/os-quota-sets/acc3bbddc383402bb7bd9e03fc48a743?usage=true
2026-08-20 00:29:46.138 8 INFO cinder.api.openstack.wsgi [None req-0a918238-e168-47f5-8fd7-041ef087a47b e9acc8a2cd3a4759a584470e72c71732 5f8efcd424fb4344abdbc9e3256fca2f - - default default] http://cinder-api.openstack.svc.cluster.local:8776/v3/5f8efcd424fb4344abdbc9e3256fca2f/os-quota-sets/acc3bbddc383402bb7bd9e03fc48a743?usage=true returned with HTTP 200 [pid: 8|app: 0|req: 364/730] 10.0.0.180 () {28 vars in 736 bytes} [Thu Aug 20 00:29:46 2026] GET /v3/5f8efcd424fb4344abdbc9e3256fca2f/os-quota-sets/acc3bbddc383402bb7bd9e03fc48a743?usage=true => generated 847 bytes in 47 msecs (HTTP/1.1 200) 7 headers in 285 bytes (1 switches on core 0)
2026-08-20 00:29:46.154 9 INFO cinder.api.openstack.wsgi [None req-6cdc5b7d-a2d6-4ed2-8948-49647065ce02 e9acc8a2cd3a4759a584470e72c71732 5f8efcd424fb4344abdbc9e3256fca2f - - default default] GET http://cinder-api.openstack.svc.cluster.local:8776/v3/5f8efcd424fb4344abdbc9e3256fca2f/os-quota-sets/b1b27d1b350e4812878a229ea98ad21f?usage=true
2026-08-20 00:29:46.200 9 INFO cinder.api.openstack.wsgi [None req-6cdc5b7d-a2d6-4ed2-8948-49647065ce02 e9acc8a2cd3a4759a584470e72c71732 5f8efcd424fb4344abdbc9e3256fca2f - - default default] http://cinder-api.openstack.svc.cluster.local:8776/v3/5f8efcd424fb4344abdbc9e3256fca2f/os-quota-sets/b1b27d1b350e4812878a229ea98ad21f?usage=true returned with HTTP 200 [pid: 9|app: 0|req: 367/731] 10.0.0.180 () {28 vars in 736 bytes} [Thu Aug 20 00:29:46 2026] GET /v3/5f8efcd424fb4344abdbc9e3256fca2f/os-quota-sets/b1b27d1b350e4812878a229ea98ad21f?usage=true => generated 847 bytes in 55 msecs (HTTP/1.1 200) 7 headers in 285 bytes (1 switches on core 0)
2026-08-20 00:29:46.211 8 INFO cinder.api.openstack.wsgi [None req-d35b4145-9b1a-4880-886c-c3c2f261087d e9acc8a2cd3a4759a584470e72c71732 5f8efcd424fb4344abdbc9e3256fca2f - - default default] GET http://cinder-api.openstack.svc.cluster.local:8776/v3/5f8efcd424fb4344abdbc9e3256fca2f/os-quota-sets/d873bec0903d4ce2b54571257df7a8a0?usage=true
2026-08-20 00:29:46.237 8 INFO cinder.api.openstack.wsgi [None req-d35b4145-9b1a-4880-886c-c3c2f261087d e9acc8a2cd3a4759a584470e72c71732 5f8efcd424fb4344abdbc9e3256fca2f - - default default] http://cinder-api.openstack.svc.cluster.local:8776/v3/5f8efcd424fb4344abdbc9e3256fca2f/os-quota-sets/d873bec0903d4ce2b54571257df7a8a0?usage=true returned with HTTP 200 [pid: 8|app: 0|req: 365/732] 10.0.0.180 () {28 vars in 736 bytes} [Thu Aug 20 00:29:46 2026] GET /v3/5f8efcd424fb4344abdbc9e3256fca2f/os-quota-sets/d873bec0903d4ce2b54571257df7a8a0?usage=true => generated 845 bytes in 32 msecs (HTTP/1.1 200) 7 headers in 285 bytes (1 switches on core 0)
2026-08-20 00:29:46.247 9 INFO cinder.api.openstack.wsgi [None req-1810bd53-ca68-4f7a-9fee-aab4043a05f2 e9acc8a2cd3a4759a584470e72c71732 5f8efcd424fb4344abdbc9e3256fca2f - - default default] GET http://cinder-api.openstack.svc.cluster.local:8776/v3/5f8efcd424fb4344abdbc9e3256fca2f/os-quota-sets/fa639b62d0194b398df942020b22ba53?usage=true
2026-08-20 00:29:46.273 9 INFO cinder.api.openstack.wsgi [None req-1810bd53-ca68-4f7a-9fee-aab4043a05f2 e9acc8a2cd3a4759a584470e72c71732 5f8efcd424fb4344abdbc9e3256fca2f - - default default] http://cinder-api.openstack.svc.cluster.local:8776/v3/5f8efcd424fb4344abdbc9e3256fca2f/os-quota-sets/fa639b62d0194b398df942020b22ba53?usage=true returned with HTTP 200 [pid: 9|app: 0|req: 368/733] 10.0.0.180 () {28 vars in 736 bytes} [Thu Aug 20 00:29:46 2026] GET /v3/5f8efcd424fb4344abdbc9e3256fca2f/os-quota-sets/fa639b62d0194b398df942020b22ba53?usage=true => generated 847 bytes in 32 msecs (HTTP/1.1 200) 7 headers in 285 bytes (1 switches on core 0)
2026-08-20 00:29:46.285 8 INFO cinder.api.openstack.wsgi [None req-3ae26e1e-1746-4150-a191-3164516a0938 e9acc8a2cd3a4759a584470e72c71732 5f8efcd424fb4344abdbc9e3256fca2f - - default default] GET http://cinder-api.openstack.svc.cluster.local:8776/v3/5f8efcd424fb4344abdbc9e3256fca2f/volumes/detail?all_tenants=true
2026-08-20 00:29:46.296 8 INFO cinder.volume.api [None req-3ae26e1e-1746-4150-a191-3164516a0938 e9acc8a2cd3a4759a584470e72c71732 5f8efcd424fb4344abdbc9e3256fca2f - - default default] Get all volumes completed successfully.
2026-08-20 00:29:46.297 8 INFO cinder.api.openstack.wsgi [None req-3ae26e1e-1746-4150-a191-3164516a0938 e9acc8a2cd3a4759a584470e72c71732 5f8efcd424fb4344abdbc9e3256fca2f - - default default] http://cinder-api.openstack.svc.cluster.local:8776/v3/5f8efcd424fb4344abdbc9e3256fca2f/volumes/detail?all_tenants=true returned with HTTP 200 [pid: 8|app: 0|req: 366/734] 10.0.0.180 () {28 vars in 684 bytes} [Thu Aug 20 00:29:46 2026] GET /v3/5f8efcd424fb4344abdbc9e3256fca2f/volumes/detail?all_tenants=true => generated 15 bytes in 19 msecs (HTTP/1.1 200) 7 headers in 284 bytes (1 switches on core 0)
2026-08-20 00:29:46.311 9 INFO cinder.api.openstack.wsgi [None req-8b350b26-8997-4a97-80b3-3d179d009688 e9acc8a2cd3a4759a584470e72c71732 5f8efcd424fb4344abdbc9e3256fca2f - - default default] GET http://cinder-api.openstack.svc.cluster.local:8776/v3/5f8efcd424fb4344abdbc9e3256fca2f/os-services
2026-08-20 00:29:46.316 9 INFO cinder.api.openstack.wsgi [None req-8b350b26-8997-4a97-80b3-3d179d009688 e9acc8a2cd3a4759a584470e72c71732 5f8efcd424fb4344abdbc9e3256fca2f - - default default] http://cinder-api.openstack.svc.cluster.local:8776/v3/5f8efcd424fb4344abdbc9e3256fca2f/os-services returned with HTTP 200 [pid: 9|app: 0|req: 369/735] 10.0.0.180 () {28 vars in 645 bytes} [Thu Aug 20 00:29:46 2026] GET /v3/5f8efcd424fb4344abdbc9e3256fca2f/os-services => generated 646 bytes in 13 msecs (HTTP/1.1 200) 7 headers in 285 bytes (1 switches on core 0)
2026-08-20 00:29:46.328 8 INFO cinder.api.openstack.wsgi [None req-bef0e4a0-0d27-414b-8bb0-1901a3c6e3b7 e9acc8a2cd3a4759a584470e72c71732 5f8efcd424fb4344abdbc9e3256fca2f - - default default] GET http://cinder-api.openstack.svc.cluster.local:8776/v3/5f8efcd424fb4344abdbc9e3256fca2f/scheduler-stats/get_pools?detail=true
2026-08-20 00:29:46.836 8 INFO cinder.api.openstack.wsgi [None req-bef0e4a0-0d27-414b-8bb0-1901a3c6e3b7 e9acc8a2cd3a4759a584470e72c71732 5f8efcd424fb4344abdbc9e3256fca2f - - default default] http://cinder-api.openstack.svc.cluster.local:8776/v3/5f8efcd424fb4344abdbc9e3256fca2f/scheduler-stats/get_pools?detail=true returned with HTTP 200 [pid: 8|app: 0|req: 367/736] 10.0.0.180 () {28 vars in 696 bytes} [Thu Aug 20 00:29:46 2026] GET /v3/5f8efcd424fb4344abdbc9e3256fca2f/scheduler-stats/get_pools?detail=true => generated 670 bytes in 515 msecs (HTTP/1.1 200) 7 headers in 285 bytes (1 switches on core 0)
2026-08-20 00:29:46.846 9 INFO cinder.api.openstack.wsgi [None req-cb25de74-8fcb-432b-8c2a-3141626dd2cd e9acc8a2cd3a4759a584470e72c71732 5f8efcd424fb4344abdbc9e3256fca2f - - default default] GET http://cinder-api.openstack.svc.cluster.local:8776/v3/5f8efcd424fb4344abdbc9e3256fca2f/snapshots?all_tenants=true
2026-08-20 00:29:46.852 9 INFO cinder.volume.api [None req-cb25de74-8fcb-432b-8c2a-3141626dd2cd e9acc8a2cd3a4759a584470e72c71732 5f8efcd424fb4344abdbc9e3256fca2f - - default default] Get all snapshots completed successfully.
2026-08-20 00:29:46.853 9 INFO cinder.api.openstack.wsgi [None req-cb25de74-8fcb-432b-8c2a-3141626dd2cd e9acc8a2cd3a4759a584470e72c71732 5f8efcd424fb4344abdbc9e3256fca2f - - default default] http://cinder-api.openstack.svc.cluster.local:8776/v3/5f8efcd424fb4344abdbc9e3256fca2f/snapshots?all_tenants=true returned with HTTP 200 [pid: 9|app: 0|req: 370/737] 10.0.0.180 () {28 vars in 674 bytes} [Thu Aug 20 00:29:46 2026] GET /v3/5f8efcd424fb4344abdbc9e3256fca2f/snapshots?all_tenants=true => generated 17 bytes in 12 msecs (HTTP/1.1 200) 7 headers in 284 bytes (1 switches on core 0)
2026-08-20 00:29:46.864 8 INFO cinder.api.openstack.wsgi [None req-404e27e2-19d3-43cc-9ee1-ffa8582aa58e e9acc8a2cd3a4759a584470e72c71732 5f8efcd424fb4344abdbc9e3256fca2f - - default default] GET http://cinder-api.openstack.svc.cluster.local:8776/v3/5f8efcd424fb4344abdbc9e3256fca2f/volumes/detail?all_tenants=true
