2026-07-26 11:19:38.143 8 INFO neutron.db.ovn_revision_numbers_db [None req-cf439f8b-8263-497b-a39e-d5dd3559dd01 d26aa446a9404b6ca18f02bb23f6a1b2 098156f6f4d24f8ab51f4922e5551b78 - - default default] Successfully bumped revision number for resource 0360bd3f-966a-4636-a559-9a2e022c4149 (type: security_group_rules) to 0
2026-07-26 11:19:38.154 8 INFO neutron.db.ovn_revision_numbers_db [None req-cf439f8b-8263-497b-a39e-d5dd3559dd01 d26aa446a9404b6ca18f02bb23f6a1b2 098156f6f4d24f8ab51f4922e5551b78 - - default default] Successfully bumped revision number for resource 38ce87d5-7187-45af-8a2f-92421684f9bd (type: security_group_rules) to 0
2026-07-26 11:19:38.171 7 INFO neutron_taas.services.taas.taas_plugin [None req-6d4f819b-f230-48d1-b6f9-520851a09e41 a2809b18e6c1435ebac411e483a62686 76c66d9e81d943da9fdb4c40fe12f18c - - default default] TaaS: Handle Delete Port: a431a7bc-c5fb-439a-8b66-c02897e22a0b
2026-07-26 11:19:38.172 8 INFO neutron.db.ovn_revision_numbers_db [None req-cf439f8b-8263-497b-a39e-d5dd3559dd01 d26aa446a9404b6ca18f02bb23f6a1b2 098156f6f4d24f8ab51f4922e5551b78 - - default default] Successfully bumped revision number for resource 44f47b4f-4e6d-481d-9073-4fb642e4cbf8 (type: security_group_rules) to 0
2026-07-26 11:19:38.175 7 INFO neutron_taas.services.taas.tap_mirror_plugin [None req-6d4f819b-f230-48d1-b6f9-520851a09e41 a2809b18e6c1435ebac411e483a62686 76c66d9e81d943da9fdb4c40fe12f18c - - default default] Tap Mirror: Handle Delete Port: a431a7bc-c5fb-439a-8b66-c02897e22a0b
2026-07-26 11:19:38.192 8 INFO neutron.db.ovn_revision_numbers_db [None req-cf439f8b-8263-497b-a39e-d5dd3559dd01 d26aa446a9404b6ca18f02bb23f6a1b2 098156f6f4d24f8ab51f4922e5551b78 - - default default] Successfully bumped revision number for resource e8e60ea4-e696-48b0-808c-5a6d0fd634bf (type: security_group_rules) to 0
2026-07-26 11:19:38.274 8 INFO neutron.db.segments_db [None req-cf439f8b-8263-497b-a39e-d5dd3559dd01 d26aa446a9404b6ca18f02bb23f6a1b2 098156f6f4d24f8ab51f4922e5551b78 - - default default] Added segment eddbeed9-5651-4174-a552-8fd325d4ffe1 of type geneve for network 1adfec11-d2f1-4d7f-ba9c-475538d1bc00
2026-07-26 11:19:38.397 7 INFO neutron.services.segments.plugin [-] Segment 2a663260-cc23-45b3-9949-2b2d7e6a2af0 resource provider aggregate not found
2026-07-26 11:19:38.401 7 INFO neutron.services.segments.plugin [-] Segment 2a663260-cc23-45b3-9949-2b2d7e6a2af0 resource provider aggregate not found
2026-07-26 11:19:38.410 8 INFO neutron.db.ovn_revision_numbers_db [None req-cf439f8b-8263-497b-a39e-d5dd3559dd01 d26aa446a9404b6ca18f02bb23f6a1b2 098156f6f4d24f8ab51f4922e5551b78 - - default default] Successfully bumped revision number for resource 1adfec11-d2f1-4d7f-ba9c-475538d1bc00 (type: networks) to 1
2026-07-26 11:19:38.417 7 INFO neutron.services.segments.plugin [-] Segment 2a663260-cc23-45b3-9949-2b2d7e6a2af0 resource provider not found; error: Placement Client Error (4xx): {"errors": [{"status": 404, "title": "Not Found", "detail": "The resource could not be found.\n\n No resource provider with uuid 2a663260-cc23-45b3-9949-2b2d7e6a2af0 found for delete ", "request_id": "req-1d3a625a-8fce-4bf6-82e4-3986fa93d230"}]}
2026-07-26 11:19:38.432 7 INFO neutron.services.segments.plugin [-] Segment 2a663260-cc23-45b3-9949-2b2d7e6a2af0 resource provider not found; error: Placement Client Error (4xx): {"errors": [{"status": 404, "title": "Not Found", "detail": "The resource could not be found.\n\n No resource provider with uuid 2a663260-cc23-45b3-9949-2b2d7e6a2af0 found for delete ", "request_id": "req-fa788642-d5e0-420b-aac7-dfd1085170b5"}]} [pid: 7|app: 0|req: 822/1604] 10.0.0.204 () {32 vars in 726 bytes} [Sun Jul 26 11:19:38 2026] DELETE /v2.0/networks/81844ba0-b1c4-4751-b086-123d35049d13 => generated 0 bytes in 428 msecs (HTTP/1.1 204) 3 headers in 131 bytes (1 switches on core 0)
2026-07-26 11:19:38.601 8 WARNING neutron.scheduler.dhcp_agent_scheduler [None req-cf439f8b-8263-497b-a39e-d5dd3559dd01 d26aa446a9404b6ca18f02bb23f6a1b2 098156f6f4d24f8ab51f4922e5551b78 - - default default] No more DHCP agents
2026-07-26 11:19:38.602 8 WARNING neutron.api.rpc.agentnotifiers.dhcp_rpc_agent_api [None req-cf439f8b-8263-497b-a39e-d5dd3559dd01 d26aa446a9404b6ca18f02bb23f6a1b2 098156f6f4d24f8ab51f4922e5551b78 - - default default] Unable to schedule network 1adfec11-d2f1-4d7f-ba9c-475538d1bc00: no agents available; will retry on subsequent port and subnet creation events.
2026-07-26 11:19:38.660 7 INFO neutron.plugins.ml2.drivers.ovn.mech_driver.mech_driver [None req-27b226d8-aa69-4c8d-b900-9b0a4176ce24 - - - - - -] OVN reports status down for port: ddc8f654-bbe5-4243-b045-3a5439a4d302
2026-07-26 11:19:38.700 8 INFO neutron.db.ovn_revision_numbers_db [None req-cf439f8b-8263-497b-a39e-d5dd3559dd01 d26aa446a9404b6ca18f02bb23f6a1b2 098156f6f4d24f8ab51f4922e5551b78 - - default default] Successfully bumped revision number for resource ddc8f654-bbe5-4243-b045-3a5439a4d302 (type: ports) to 1 [pid: 8|app: 0|req: 783/1605] 10.0.0.204 () {34 vars in 670 bytes} [Sun Jul 26 11:19:37 2026] POST /v2.0/networks => generated 653 bytes in 802 msecs (HTTP/1.1 201) 4 headers in 162 bytes (1 switches on core 0) [pid: 7|app: 0|req: 823/1606] 10.0.0.204 () {32 vars in 740 bytes} [Sun Jul 26 11:19:38 2026] DELETE /v2.0/security-groups/d8194dc5-75f0-41c7-93bc-dae3d713848b => generated 0 bytes in 292 msecs (HTTP/1.1 204) 2 headers in 112 bytes (1 switches on core 0) [pid: 8|app: 0|req: 784/1607] 10.0.0.34 () {32 vars in 801 bytes} [Sun Jul 26 11:19:38 2026] GET /v2.0/extensions => generated 20541 bytes in 35 msecs (HTTP/1.1 200) 4 headers in 159 bytes (1 switches on core 0)
2026-07-26 11:19:38.845 8 INFO neutron.db.segments_db [None req-0e338ec3-5591-4a21-9645-a9b1b14bd3ad d26aa446a9404b6ca18f02bb23f6a1b2 098156f6f4d24f8ab51f4922e5551b78 - - default default] Added segment 84eaae54-c3c4-4586-8285-d56f8457456a of type geneve for network 8b15466f-7941-4bb1-9a27-08d7754ba252
2026-07-26 11:19:38.952 8 INFO neutron.db.ovn_revision_numbers_db [None req-0e338ec3-5591-4a21-9645-a9b1b14bd3ad d26aa446a9404b6ca18f02bb23f6a1b2 098156f6f4d24f8ab51f4922e5551b78 - - default default] Successfully bumped revision number for resource 8b15466f-7941-4bb1-9a27-08d7754ba252 (type: networks) to 1
2026-07-26 11:19:39.162 8 WARNING neutron.scheduler.dhcp_agent_scheduler [None req-0e338ec3-5591-4a21-9645-a9b1b14bd3ad d26aa446a9404b6ca18f02bb23f6a1b2 098156f6f4d24f8ab51f4922e5551b78 - - default default] No more DHCP agents
2026-07-26 11:19:39.163 8 WARNING neutron.api.rpc.agentnotifiers.dhcp_rpc_agent_api [None req-0e338ec3-5591-4a21-9645-a9b1b14bd3ad d26aa446a9404b6ca18f02bb23f6a1b2 098156f6f4d24f8ab51f4922e5551b78 - - default default] Unable to schedule network 8b15466f-7941-4bb1-9a27-08d7754ba252: no agents available; will retry on subsequent port and subnet creation events.
2026-07-26 11:19:39.179 7 WARNING neutron.scheduler.dhcp_agent_scheduler [None req-10a56b99-6330-4530-9756-e5661dd7d41d a2809b18e6c1435ebac411e483a62686 76c66d9e81d943da9fdb4c40fe12f18c - - default default] No more DHCP agents
2026-07-26 11:19:39.182 7 WARNING neutron.api.rpc.agentnotifiers.dhcp_rpc_agent_api [None req-10a56b99-6330-4530-9756-e5661dd7d41d a2809b18e6c1435ebac411e483a62686 76c66d9e81d943da9fdb4c40fe12f18c - - default default] Unable to schedule network 79d622b5-e8f3-4e93-82c9-90cb799002a5: no agents available; will retry on subsequent port and subnet creation events.
2026-07-26 11:19:39.270 8 INFO neutron.db.ovn_revision_numbers_db [None req-0e338ec3-5591-4a21-9645-a9b1b14bd3ad d26aa446a9404b6ca18f02bb23f6a1b2 098156f6f4d24f8ab51f4922e5551b78 - - default default] Successfully bumped revision number for resource 24d67b3a-ceef-4428-a932-3fb28472338a (type: ports) to 1 [pid: 8|app: 0|req: 785/1608] 10.0.0.204 () {34 vars in 670 bytes} [Sun Jul 26 11:19:38 2026] POST /v2.0/networks => generated 652 bytes in 537 msecs (HTTP/1.1 201) 4 headers in 162 bytes (1 switches on core 0)
2026-07-26 11:19:39.334 7 INFO neutron.plugins.ml2.drivers.ovn.mech_driver.mech_driver [None req-27b226d8-aa69-4c8d-b900-9b0a4176ce24 - - - - - -] OVN reports status down for port: c8745fe6-8e8d-4787-bbc8-a0a967c1919d
2026-07-26 11:19:39.406 7 INFO neutron.db.ovn_revision_numbers_db [None req-10a56b99-6330-4530-9756-e5661dd7d41d a2809b18e6c1435ebac411e483a62686 76c66d9e81d943da9fdb4c40fe12f18c - - default default] Successfully bumped revision number for resource c8745fe6-8e8d-4787-bbc8-a0a967c1919d (type: ports) to 1
2026-07-26 11:19:39.450 8 INFO neutron.db.ovn_revision_numbers_db [None req-b8723d69-c9b3-443c-9af8-fde558a65fe4 4b6667b79c524b0895f8ecb8087d0d9b 5bbe2289c162425db89d6566c94dd3d6 - - default default] Successfully bumped revision number for resource b4405794-71a9-42c2-9cf3-bb860879f11b (type: security_groups) to 1
2026-07-26 11:19:39.467 8 INFO neutron.db.ovn_revision_numbers_db [None req-b8723d69-c9b3-443c-9af8-fde558a65fe4 4b6667b79c524b0895f8ecb8087d0d9b 5bbe2289c162425db89d6566c94dd3d6 - - default default] Successfully bumped revision number for resource 0e740ed0-3c8d-4d9c-9b14-2e07361c4a95 (type: security_group_rules) to 0
2026-07-26 11:19:39.480 8 INFO neutron.db.ovn_revision_numbers_db [None req-b8723d69-c9b3-443c-9af8-fde558a65fe4 4b6667b79c524b0895f8ecb8087d0d9b 5bbe2289c162425db89d6566c94dd3d6 - - default default] Successfully bumped revision number for resource 68d78045-6570-4778-8820-99865b10455e (type: security_group_rules) to 0
2026-07-26 11:19:39.500 8 INFO neutron.db.ovn_revision_numbers_db [None req-b8723d69-c9b3-443c-9af8-fde558a65fe4 4b6667b79c524b0895f8ecb8087d0d9b 5bbe2289c162425db89d6566c94dd3d6 - - default default] Successfully bumped revision number for resource ab35fb43-20e0-46cb-86ae-e141777c2433 (type: security_group_rules) to 0
2026-07-26 11:19:39.516 8 INFO neutron.db.ovn_revision_numbers_db [None req-b8723d69-c9b3-443c-9af8-fde558a65fe4 4b6667b79c524b0895f8ecb8087d0d9b 5bbe2289c162425db89d6566c94dd3d6 - - default default] Successfully bumped revision number for resource de9292b0-d851-46bb-8134-014e540efae0 (type: security_group_rules) to 0 [pid: 8|app: 0|req: 786/1609] 10.0.0.204 () {32 vars in 774 bytes} [Sun Jul 26 11:19:39 2026] GET /v2.0/security-groups?tenant_id=5fa09dd82a704d84b1c2d08c3d3cc2a4&name=default => generated 2925 bytes in 256 msecs (HTTP/1.1 200) 4 headers in 158 bytes (1 switches on core 0) [pid: 8|app: 0|req: 787/1610] 10.0.0.34 () {30 vars in 723 bytes} [Sun Jul 26 11:19:39 2026] GET /v2.0/quotas/8bca9c5c05504b9eb35885d4d53fae84/details => generated 847 bytes in 98 msecs (HTTP/1.1 200) 4 headers in 157 bytes (1 switches on core 0)
2026-07-26 11:19:39.864 8 WARNING neutron.scheduler.dhcp_agent_scheduler [None req-d16572c8-a36e-4b25-a9b7-184ef13dba5e d26aa446a9404b6ca18f02bb23f6a1b2 098156f6f4d24f8ab51f4922e5551b78 - - default default] No more DHCP agents
2026-07-26 11:19:39.865 8 WARNING neutron.api.rpc.agentnotifiers.dhcp_rpc_agent_api [None req-d16572c8-a36e-4b25-a9b7-184ef13dba5e d26aa446a9404b6ca18f02bb23f6a1b2 098156f6f4d24f8ab51f4922e5551b78 - - default default] Unable to schedule network 1adfec11-d2f1-4d7f-ba9c-475538d1bc00: no agents available; will retry on subsequent port and subnet creation events.
2026-07-26 11:19:39.906 8 INFO neutron.db.ovn_revision_numbers_db [None req-d16572c8-a36e-4b25-a9b7-184ef13dba5e d26aa446a9404b6ca18f02bb23f6a1b2 098156f6f4d24f8ab51f4922e5551b78 - - default default] Successfully bumped revision number for resource d7a38c6e-7b2c-4154-b488-6a508d62d423 (type: subnets) to 0 [pid: 8|app: 0|req: 788/1611] 10.0.0.204 () {34 vars in 669 bytes} [Sun Jul 26 11:19:39 2026] POST /v2.0/subnets => generated 646 bytes in 269 msecs (HTTP/1.1 201) 4 headers in 162 bytes (1 switches on core 0) [pid: 8|app: 0|req: 789/1612] 10.0.0.204 () {32 vars in 740 bytes} [Sun Jul 26 11:19:39 2026] DELETE /v2.0/security-groups/b4405794-71a9-42c2-9cf3-bb860879f11b => generated 0 bytes in 235 msecs (HTTP/1.1 204) 2 headers in 112 bytes (1 switches on core 0)
2026-07-26 11:19:40.211 7 INFO neutron.plugins.ml2.drivers.ovn.mech_driver.ovsdb.commands [None req-18b1cf09-1961-4be2-8668-c8ed2c8cf548 - - - - - -] Schedule LRP lrp-c8745fe6-8e8d-4787-bbc8-a0a967c1919d on gateway cae90330-bb96-4b2a-9017-5053f541f97d with priority 1
2026-07-26 11:19:40.250 7 INFO neutron.plugins.ml2.drivers.ovn.mech_driver.mech_driver [None req-27b226d8-aa69-4c8d-b900-9b0a4176ce24 - - - - - -] OVN reports status up for port: c8745fe6-8e8d-4787-bbc8-a0a967c1919d
2026-07-26 11:19:40.304 7 INFO neutron.plugins.ml2.plugin [None req-27b226d8-aa69-4c8d-b900-9b0a4176ce24 - - - - - -] Attempt 1 to provision port c8745fe6-8e8d-4787-bbc8-a0a967c1919d
2026-07-26 11:19:40.333 7 INFO neutron.db.ovn_revision_numbers_db [None req-10a56b99-6330-4530-9756-e5661dd7d41d a2809b18e6c1435ebac411e483a62686 76c66d9e81d943da9fdb4c40fe12f18c - - default default] Successfully bumped revision number for resource c8745fe6-8e8d-4787-bbc8-a0a967c1919d (type: router_ports) to 1
2026-07-26 11:19:40.471 7 INFO neutron.db.ovn_revision_numbers_db [None req-10a56b99-6330-4530-9756-e5661dd7d41d a2809b18e6c1435ebac411e483a62686 76c66d9e81d943da9fdb4c40fe12f18c - - default default] Successfully bumped revision number for resource 7ebe2d22-164a-44b7-9392-c85ff75183bc (type: routers) to 2 [pid: 7|app: 0|req: 824/1613] 10.0.0.204 () {34 vars in 669 bytes} [Sun Jul 26 11:19:38 2026] POST /v2.0/routers => generated 948 bytes in 1744 msecs (HTTP/1.1 201) 4 headers in 162 bytes (1 switches on core 0)
2026-07-26 11:19:40.508 8 WARNING neutron.scheduler.dhcp_agent_scheduler [None req-f7c415f3-2ba3-4658-a6d3-b5494f2933a0 d26aa446a9404b6ca18f02bb23f6a1b2 098156f6f4d24f8ab51f4922e5551b78 - - default default] No more DHCP agents
2026-07-26 11:19:40.510 8 WARNING neutron.api.rpc.agentnotifiers.dhcp_rpc_agent_api [None req-f7c415f3-2ba3-4658-a6d3-b5494f2933a0 d26aa446a9404b6ca18f02bb23f6a1b2 098156f6f4d24f8ab51f4922e5551b78 - - default default] Unable to schedule network 8b15466f-7941-4bb1-9a27-08d7754ba252: no agents available; will retry on subsequent port and subnet creation events.
2026-07-26 11:19:40.545 8 INFO neutron.db.ovn_revision_numbers_db [None req-f7c415f3-2ba3-4658-a6d3-b5494f2933a0 d26aa446a9404b6ca18f02bb23f6a1b2 098156f6f4d24f8ab51f4922e5551b78 - - default default] Successfully bumped revision number for resource 8e9f1df3-9061-48a7-8efb-25fa37c8867c (type: subnets) to 0 [pid: 8|app: 0|req: 790/1614] 10.0.0.204 () {34 vars in 669 bytes} [Sun Jul 26 11:19:40 2026] POST /v2.0/subnets => generated 655 bytes in 405 msecs (HTTP/1.1 201) 4 headers in 162 bytes (1 switches on core 0) [pid: 7|app: 0|req: 825/1615] 10.0.0.204 () {32 vars in 721 bytes} [Sun Jul 26 11:19:40 2026] GET /v2.0/routers/7ebe2d22-164a-44b7-9392-c85ff75183bc => generated 954 bytes in 77 msecs (HTTP/1.1 200) 4 headers in 157 bytes (1 switches on core 0) [pid: 7|app: 0|req: 826/1616] 10.0.0.204 () {32 vars in 647 bytes} [Sun Jul 26 11:19:40 2026] GET /v2.0/routers => generated 957 bytes in 86 msecs (HTTP/1.1 200) 4 headers in 157 bytes (1 switches on core 0)
2026-07-26 11:19:41.074 7 INFO neutron.db.ovn_revision_numbers_db [None req-43de5700-bfbc-4d1e-81a5-ad357409e019 a2809b18e6c1435ebac411e483a62686 76c66d9e81d943da9fdb4c40fe12f18c - - default default] Successfully bumped revision number for resource 7ebe2d22-164a-44b7-9392-c85ff75183bc (type: routers) to 3 [pid: 7|app: 0|req: 827/1617] 10.0.0.204 () {34 vars in 741 bytes} [Sun Jul 26 11:19:40 2026] PUT /v2.0/routers/7ebe2d22-164a-44b7-9392-c85ff75183bc => generated 961 bytes in 409 msecs (HTTP/1.1 200) 4 headers in 157 bytes (1 switches on core 0) [pid: 7|app: 0|req: 828/1618] 10.0.0.204 () {32 vars in 721 bytes} [Sun Jul 26 11:19:41 2026] GET /v2.0/routers/7ebe2d22-164a-44b7-9392-c85ff75183bc => generated 961 bytes in 78 msecs (HTTP/1.1 200) 4 headers in 157 bytes (1 switches on core 0) [pid: 7|app: 0|req: 829/1619] 10.0.0.204 () {32 vars in 736 bytes} [Sun Jul 26 11:19:41 2026] GET /v2.0/ports?device_id=7ebe2d22-164a-44b7-9392-c85ff75183bc => generated 12 bytes in 27 msecs (HTTP/1.1 200) 4 headers in 156 bytes (1 switches on core 0)
2026-07-26 11:19:41.401 8 INFO neutron.db.ovn_revision_numbers_db [None req-f2e2c2aa-a5c5-48a7-b837-4cc33c763e3d d26aa446a9404b6ca18f02bb23f6a1b2 098156f6f4d24f8ab51f4922e5551b78 - - default default] Successfully bumped revision number for resource f16ae7e3-a8af-46e5-8fed-ccc1afe8ae3e (type: routers) to 1 [pid: 8|app: 0|req: 791/1620] 10.0.0.204 () {34 vars in 669 bytes} [Sun Jul 26 11:19:40 2026] POST /v2.0/routers => generated 606 bytes in 874 msecs (HTTP/1.1 201) 4 headers in 162 bytes (1 switches on core 0)
2026-07-26 11:19:41.536 7 INFO neutron_taas.services.taas.taas_plugin [None req-36202012-7bed-4db4-8d01-1658f249a2cd a2809b18e6c1435ebac411e483a62686 76c66d9e81d943da9fdb4c40fe12f18c - - default default] TaaS: Handle Delete Port: c8745fe6-8e8d-4787-bbc8-a0a967c1919d
2026-07-26 11:19:41.539 7 INFO neutron_taas.services.taas.tap_mirror_plugin [None req-36202012-7bed-4db4-8d01-1658f249a2cd a2809b18e6c1435ebac411e483a62686 76c66d9e81d943da9fdb4c40fe12f18c - - default default] Tap Mirror: Handle Delete Port: c8745fe6-8e8d-4787-bbc8-a0a967c1919d
2026-07-26 11:19:41.889 8 WARNING neutron.scheduler.dhcp_agent_scheduler [None req-1595e42c-f0d0-4e2e-8194-4c175837613a d26aa446a9404b6ca18f02bb23f6a1b2 098156f6f4d24f8ab51f4922e5551b78 - - default default] No more DHCP agents
2026-07-26 11:19:41.893 8 WARNING neutron.api.rpc.agentnotifiers.dhcp_rpc_agent_api [None req-1595e42c-f0d0-4e2e-8194-4c175837613a d26aa446a9404b6ca18f02bb23f6a1b2 098156f6f4d24f8ab51f4922e5551b78 - - default default] Unable to schedule network 1adfec11-d2f1-4d7f-ba9c-475538d1bc00: no agents available; will retry on subsequent port and subnet creation events. [pid: 7|app: 0|req: 830/1621] 10.0.0.204 () {32 vars in 724 bytes} [Sun Jul 26 11:19:41 2026] DELETE /v2.0/routers/7ebe2d22-164a-44b7-9392-c85ff75183bc => generated 0 bytes in 712 msecs (HTTP/1.1 204) 2 headers in 112 bytes (1 switches on core 0) [pid: 7|app: 0|req: 831/1622] 10.0.0.204 () {32 vars in 736 bytes} [Sun Jul 26 11:19:41 2026] GET /v2.0/ports?device_id=7ebe2d22-164a-44b7-9392-c85ff75183bc => generated 12 bytes in 24 msecs (HTTP/1.1 200) 4 headers in 156 bytes (1 switches on core 0)
2026-07-26 11:19:41.983 7 INFO neutron.api.v2.resource [None req-633506a0-a731-483b-b87b-4241e549af94 a2809b18e6c1435ebac411e483a62686 76c66d9e81d943da9fdb4c40fe12f18c - - default default] delete failed (client error): The resource could not be found. [pid: 7|app: 0|req: 832/1623] 10.0.0.204 () {32 vars in 724 bytes} [Sun Jul 26 11:19:41 2026] DELETE /v2.0/routers/7ebe2d22-164a-44b7-9392-c85ff75183bc => generated 135 bytes in 34 msecs (HTTP/1.1 404) 4 headers in 164 bytes (1 switches on core 0) [pid: 7|app: 0|req: 833/1624] 10.0.0.204 () {32 vars in 736 bytes} [Sun Jul 26 11:19:41 2026] GET /v2.0/ports?device_id=1d605bbe-de0e-432d-af4c-3514256ffc35 => generated 12 bytes in 28 msecs (HTTP/1.1 200) 4 headers in 156 bytes (1 switches on core 0)
2026-07-26 11:19:42.036 8 INFO neutron.db.ovn_revision_numbers_db [None req-1595e42c-f0d0-4e2e-8194-4c175837613a d26aa446a9404b6ca18f02bb23f6a1b2 098156f6f4d24f8ab51f4922e5551b78 - - default default] Successfully bumped revision number for resource 94a0b587-b970-464f-a850-5aa2a1a2304e (type: ports) to 1
2026-07-26 11:19:42.037 8 WARNING neutron.plugins.ml2.drivers.ovn.mech_driver.ovsdb.ovn_client [None req-6d560544-100f-4247-90d7-9efa8c2f469e - - - - - -] No port found with ID 1b6b15b4-ea03-49b1-ba48-579bfe73d092: RuntimeError: No port found with ID 1b6b15b4-ea03-49b1-ba48-579bfe73d092
2026-07-26 11:19:42.045 7 INFO neutron.api.v2.resource [None req-245eeb9c-fdd9-469e-8996-fdbeee934550 a2809b18e6c1435ebac411e483a62686 76c66d9e81d943da9fdb4c40fe12f18c - - default default] delete failed (client error): The resource could not be found. [pid: 7|app: 0|req: 834/1625] 10.0.0.204 () {32 vars in 724 bytes} [Sun Jul 26 11:19:42 2026] DELETE /v2.0/routers/1d605bbe-de0e-432d-af4c-3514256ffc35 => generated 135 bytes in 19 msecs (HTTP/1.1 404) 4 headers in 164 bytes (1 switches on core 0)
2026-07-26 11:19:42.061 8 INFO neutron.plugins.ml2.drivers.ovn.mech_driver.mech_driver [None req-6d560544-100f-4247-90d7-9efa8c2f469e - - - - - -] OVN reports status down for port: 24d67b3a-ceef-4428-a932-3fb28472338a
2026-07-26 11:19:42.066 7 INFO neutron.pecan_wsgi.hooks.translation [None req-bbb70349-980a-49d4-9ba9-d3303bd537ad a2809b18e6c1435ebac411e483a62686 76c66d9e81d943da9fdb4c40fe12f18c - - default default] DELETE failed (client error): The resource could not be found. [pid: 7|app: 0|req: 835/1626] 10.0.0.204 () {32 vars in 724 bytes} [Sun Jul 26 11:19:42 2026] DELETE /v2.0/subnets/86869fdc-c1e6-4a63-a4f6-f02033005fcf => generated 136 bytes in 19 msecs (HTTP/1.1 404) 4 headers in 164 bytes (1 switches on core 0) [pid: 7|app: 0|req: 836/1627] 10.0.0.204 () {32 vars in 736 bytes} [Sun Jul 26 11:19:42 2026] GET /v2.0/ports?device_id=fa96faf0-76b3-402e-a40a-98308b057888 => generated 12 bytes in 22 msecs (HTTP/1.1 200) 4 headers in 156 bytes (1 switches on core 0)
2026-07-26 11:19:42.124 7 INFO neutron.api.v2.resource [None req-04dddcfd-ec7c-4470-a3ab-e9efd6c9be53 a2809b18e6c1435ebac411e483a62686 76c66d9e81d943da9fdb4c40fe12f18c - - default default] delete failed (client error): The resource could not be found. [pid: 7|app: 0|req: 837/1628] 10.0.0.204 () {32 vars in 724 bytes} [Sun Jul 26 11:19:42 2026] DELETE /v2.0/routers/fa96faf0-76b3-402e-a40a-98308b057888 => generated 135 bytes in 25 msecs (HTTP/1.1 404) 4 headers in 164 bytes (1 switches on core 0)
2026-07-26 11:19:42.160 7 INFO neutron.pecan_wsgi.hooks.translation [None req-55076959-9835-4438-bb4b-13e925669518 a2809b18e6c1435ebac411e483a62686 76c66d9e81d943da9fdb4c40fe12f18c - - default default] DELETE failed (client error): The resource could not be found. [pid: 7|app: 0|req: 838/1629] 10.0.0.204 () {32 vars in 724 bytes} [Sun Jul 26 11:19:42 2026] DELETE /v2.0/subnets/a2314ab8-ef96-45ec-90a1-f746d00263d2 => generated 136 bytes in 21 msecs (HTTP/1.1 404) 4 headers in 164 bytes (1 switches on core 0) [pid: 7|app: 0|req: 839/1630] 10.0.0.204 () {32 vars in 736 bytes} [Sun Jul 26 11:19:42 2026] GET /v2.0/ports?device_id=27a9aff8-1c5f-479f-8871-00b6d805f779 => generated 12 bytes in 19 msecs (HTTP/1.1 200) 4 headers in 156 bytes (1 switches on core 0)
2026-07-26 11:19:42.209 7 INFO neutron.api.v2.resource [None req-4ce63ad8-ca4d-4422-96a3-2fb378531fcc a2809b18e6c1435ebac411e483a62686 76c66d9e81d943da9fdb4c40fe12f18c - - default default] delete failed (client error): The resource could not be found. [pid: 7|app: 0|req: 840/1631] 10.0.0.204 () {32 vars in 724 bytes} [Sun Jul 26 11:19:42 2026] DELETE /v2.0/routers/27a9aff8-1c5f-479f-8871-00b6d805f779 => generated 135 bytes in 19 msecs (HTTP/1.1 404) 4 headers in 164 bytes (1 switches on core 0)
2026-07-26 11:19:42.235 7 INFO neutron.pecan_wsgi.hooks.translation [None req-60b14add-67af-4cfa-a79e-a0f0d91cfcf1 a2809b18e6c1435ebac411e483a62686 76c66d9e81d943da9fdb4c40fe12f18c - - default default] DELETE failed (client error): The resource could not be found. [pid: 7|app: 0|req: 841/1632] 10.0.0.204 () {32 vars in 724 bytes} [Sun Jul 26 11:19:42 2026] DELETE /v2.0/subnets/de9d4bd5-0e4a-4401-92d4-80866c7c5792 => generated 136 bytes in 20 msecs (HTTP/1.1 404) 4 headers in 164 bytes (1 switches on core 0)
2026-07-26 11:19:42.256 7 INFO neutron.pecan_wsgi.hooks.translation [None req-179417c9-9614-42e4-bd69-a6cd92ec6268 a2809b18e6c1435ebac411e483a62686 76c66d9e81d943da9fdb4c40fe12f18c - - default default] DELETE failed (client error): The resource could not be found. [pid: 7|app: 0|req: 842/1633] 10.0.0.204 () {32 vars in 724 bytes} [Sun Jul 26 11:19:42 2026] DELETE /v2.0/subnets/e451934f-771a-44ac-b94b-8ca6c30b7da8 => generated 136 bytes in 16 msecs (HTTP/1.1 404) 4 headers in 164 bytes (1 switches on core 0)
2026-07-26 11:19:42.714 8 WARNING neutron.scheduler.dhcp_agent_scheduler [None req-1595e42c-f0d0-4e2e-8194-4c175837613a d26aa446a9404b6ca18f02bb23f6a1b2 098156f6f4d24f8ab51f4922e5551b78 - - default default] No more DHCP agents
2026-07-26 11:19:42.715 8 WARNING neutron.api.rpc.agentnotifiers.dhcp_rpc_agent_api [None req-1595e42c-f0d0-4e2e-8194-4c175837613a d26aa446a9404b6ca18f02bb23f6a1b2 098156f6f4d24f8ab51f4922e5551b78 - - default default] Unable to schedule network 1adfec11-d2f1-4d7f-ba9c-475538d1bc00: no agents available; will retry on subsequent port and subnet creation events.
2026-07-26 11:19:42.953 8 INFO neutron.db.ovn_revision_numbers_db [None req-1595e42c-f0d0-4e2e-8194-4c175837613a d26aa446a9404b6ca18f02bb23f6a1b2 098156f6f4d24f8ab51f4922e5551b78 - - default default] Successfully bumped revision number for resource 94a0b587-b970-464f-a850-5aa2a1a2304e (type: router_ports) to 1 [pid: 8|app: 0|req: 792/1634] 10.0.0.204 () {34 vars in 783 bytes} [Sun Jul 26 11:19:41 2026] PUT /v2.0/routers/f16ae7e3-a8af-46e5-8fed-ccc1afe8ae3e/add_router_interface => generated 309 bytes in 1510 msecs (HTTP/1.1 200) 4 headers in 157 bytes (1 switches on core 0) [pid: 7|app: 0|req: 843/1635] 10.0.0.204 () {32 vars in 774 bytes} [Sun Jul 26 11:19:42 2026] GET /v2.0/security-groups?tenant_id=76c66d9e81d943da9fdb4c40fe12f18c&name=default => generated 2925 bytes in 151 msecs (HTTP/1.1 200) 4 headers in 158 bytes (1 switches on core 0) [pid: 8|app: 0|req: 793/1636] 10.0.0.123 () {28 vars in 599 bytes} [Sun Jul 26 11:19:42 2026] GET /v2.0/security-groups => generated 23209 bytes in 86 msecs (HTTP/1.1 200) 4 headers in 159 bytes (1 switches on core 0) [pid: 7|app: 0|req: 844/1637] 10.0.0.204 () {32 vars in 717 bytes} [Sun Jul 26 11:19:42 2026] GET /v2.0/ports/94a0b587-b970-464f-a850-5aa2a1a2304e => generated 945 bytes in 162 msecs (HTTP/1.1 200) 4 headers in 157 bytes (1 switches on core 0) [pid: 7|app: 0|req: 845/1638] 10.0.0.123 () {28 vars in 583 bytes} [Sun Jul 26 11:19:43 2026] GET /v2.0/subnets => generated 2625 bytes in 54 msecs (HTTP/1.1 200) 4 headers in 158 bytes (1 switches on core 0) [pid: 7|app: 0|req: 846/1639] 10.0.0.34 () {32 vars in 801 bytes} [Sun Jul 26 11:19:43 2026] GET /v2.0/extensions => generated 20541 bytes in 8 msecs (HTTP/1.1 200) 4 headers in 159 bytes (1 switches on core 0) [pid: 8|app: 0|req: 794/1640] 10.0.0.204 () {32 vars in 740 bytes} [Sun Jul 26 11:19:43 2026] DELETE /v2.0/security-groups/286de926-02e4-4214-8317-5c569b9488a6 => generated 0 bytes in 324 msecs (HTTP/1.1 204) 2 headers in 112 bytes (1 switches on core 0) [pid: 8|app: 0|req: 795/1641] 10.0.0.123 () {28 vars in 591 bytes} [Sun Jul 26 11:19:43 2026] GET /v2.0/floatingips => generated 19 bytes in 15 msecs (HTTP/1.1 200) 4 headers in 156 bytes (1 switches on core 0) [pid: 8|app: 0|req: 796/1642] 10.0.0.34 () {30 vars in 723 bytes} [Sun Jul 26 11:19:43 2026] GET /v2.0/quotas/8bca9c5c05504b9eb35885d4d53fae84/details => generated 847 bytes in 67 msecs (HTTP/1.1 200) 4 headers in 157 bytes (1 switches on core 0) [pid: 8|app: 0|req: 797/1643] 10.0.0.123 () {28 vars in 579 bytes} [Sun Jul 26 11:19:43 2026] GET /v2.0/ports => generated 7984 bytes in 58 msecs (HTTP/1.1 200) 4 headers in 158 bytes (1 switches on core 0) [pid: 8|app: 0|req: 798/1644] 10.0.0.123 () {28 vars in 583 bytes} [Sun Jul 26 11:19:43 2026] GET /v2.0/routers => generated 627 bytes in 49 msecs (HTTP/1.1 200) 4 headers in 157 bytes (1 switches on core 0) [pid: 8|app: 0|req: 799/1645] 10.0.0.123 () {28 vars in 624 bytes} [Sun Jul 26 11:19:43 2026] GET /v2.0/agents?binary=ovn-controller => generated 416 bytes in 39 msecs (HTTP/1.1 200) 4 headers in 157 bytes (1 switches on core 0) [pid: 8|app: 0|req: 800/1646] 10.0.0.123 () {28 vars in 619 bytes} [Sun Jul 26 11:19:43 2026] GET /v2.0/network-ip-availabilities => generated 2011 bytes in 15 msecs (HTTP/1.1 200) 4 headers in 158 bytes (1 switches on core 0)
2026-07-26 11:19:43.634 7 WARNING neutron.scheduler.dhcp_agent_scheduler [None req-0c7f96fa-8a87-4c41-9228-152ef4f27ffb d26aa446a9404b6ca18f02bb23f6a1b2 098156f6f4d24f8ab51f4922e5551b78 - - default default] No more DHCP agents
2026-07-26 11:19:43.635 7 WARNING neutron.api.rpc.agentnotifiers.dhcp_rpc_agent_api [None req-0c7f96fa-8a87-4c41-9228-152ef4f27ffb d26aa446a9404b6ca18f02bb23f6a1b2 098156f6f4d24f8ab51f4922e5551b78 - - default default] Unable to schedule network 8b15466f-7941-4bb1-9a27-08d7754ba252: no agents available; will retry on subsequent port and subnet creation events. [pid: 8|app: 0|req: 801/1647] 10.0.0.123 () {28 vars in 581 bytes} [Sun Jul 26 11:19:43 2026] GET /v2.0/agents => generated 1214 bytes in 10 msecs (HTTP/1.1 200) 4 headers in 158 bytes (1 switches on core 0) [pid: 8|app: 0|req: 802/1648] 10.0.0.123 () {28 vars in 583 bytes} [Sun Jul 26 11:19:43 2026] GET /v2.0/subnets => generated 2625 bytes in 33 msecs (HTTP/1.1 200) 4 headers in 158 bytes (1 switches on core 0) [pid: 8|app: 0|req: 803/1649] 10.0.0.123 () {28 vars in 591 bytes} [Sun Jul 26 11:19:43 2026] GET /v2.0/subnetpools => generated 19 bytes in 22 msecs (HTTP/1.1 200) 4 headers in 156 bytes (1 switches on core 0)
2026-07-26 11:19:43.749 7 INFO neutron.db.ovn_revision_numbers_db [None req-0c7f96fa-8a87-4c41-9228-152ef4f27ffb d26aa446a9404b6ca18f02bb23f6a1b2 098156f6f4d24f8ab51f4922e5551b78 - - default default] Successfully bumped revision number for resource daa0e415-66d7-4912-bfa2-69ffb65f9842 (type: ports) to 1 [pid: 8|app: 0|req: 804/1650] 10.0.0.123 () {28 vars in 585 bytes} [Sun Jul 26 11:19:43 2026] GET /v2.0/networks => generated 3857 bytes in 54 msecs (HTTP/1.1 200) 4 headers in 158 bytes (1 switches on core 0)
2026-07-26 11:19:44.614 7 WARNING neutron.scheduler.dhcp_agent_scheduler [None req-0c7f96fa-8a87-4c41-9228-152ef4f27ffb d26aa446a9404b6ca18f02bb23f6a1b2 098156f6f4d24f8ab51f4922e5551b78 - - default default] No more DHCP agents
2026-07-26 11:19:44.616 7 WARNING neutron.api.rpc.agentnotifiers.dhcp_rpc_agent_api [None req-0c7f96fa-8a87-4c41-9228-152ef4f27ffb d26aa446a9404b6ca18f02bb23f6a1b2 098156f6f4d24f8ab51f4922e5551b78 - - default default] Unable to schedule network 8b15466f-7941-4bb1-9a27-08d7754ba252: no agents available; will retry on subsequent port and subnet creation events.
2026-07-26 11:19:44.850 7 INFO neutron.db.ovn_revision_numbers_db [None req-0c7f96fa-8a87-4c41-9228-152ef4f27ffb d26aa446a9404b6ca18f02bb23f6a1b2 098156f6f4d24f8ab51f4922e5551b78 - - default default] Successfully bumped revision number for resource daa0e415-66d7-4912-bfa2-69ffb65f9842 (type: router_ports) to 1 [pid: 7|app: 0|req: 847/1651] 10.0.0.204 () {34 vars in 783 bytes} [Sun Jul 26 11:19:43 2026] PUT /v2.0/routers/f16ae7e3-a8af-46e5-8fed-ccc1afe8ae3e/add_router_interface => generated 309 bytes in 1664 msecs (HTTP/1.1 200) 4 headers in 157 bytes (1 switches on core 0) [pid: 8|app: 0|req: 805/1652] 10.0.0.204 () {32 vars in 717 bytes} [Sun Jul 26 11:19:44 2026] GET /v2.0/ports/daa0e415-66d7-4912-bfa2-69ffb65f9842 => generated 953 bytes in 40 msecs (HTTP/1.1 200) 4 headers in 157 bytes (1 switches on core 0) [pid: 7|app: 0|req: 848/1653] 10.0.0.204 () {32 vars in 717 bytes} [Sun Jul 26 11:19:44 2026] GET /v2.0/ports/daa0e415-66d7-4912-bfa2-69ffb65f9842 => generated 953 bytes in 93 msecs (HTTP/1.1 200) 4 headers in 157 bytes (1 switches on core 0)
2026-07-26 11:19:45.301 8 INFO neutron.db.ovn_revision_numbers_db [None req-535f2666-1621-4785-831d-9ba79243c661 4b6667b79c524b0895f8ecb8087d0d9b 5bbe2289c162425db89d6566c94dd3d6 - - default default] Successfully bumped revision number for resource 429cfc26-f429-44fb-9030-74ea8171be1a (type: security_groups) to 1
2026-07-26 11:19:45.316 8 INFO neutron.db.ovn_revision_numbers_db [None req-535f2666-1621-4785-831d-9ba79243c661 4b6667b79c524b0895f8ecb8087d0d9b 5bbe2289c162425db89d6566c94dd3d6 - - default default] Successfully bumped revision number for resource a2d1694f-42f0-44ce-b5b8-cca4875026d4 (type: security_group_rules) to 0
2026-07-26 11:19:45.327 8 INFO neutron.db.ovn_revision_numbers_db [None req-535f2666-1621-4785-831d-9ba79243c661 4b6667b79c524b0895f8ecb8087d0d9b 5bbe2289c162425db89d6566c94dd3d6 - - default default] Successfully bumped revision number for resource b6473c52-a9b6-40a5-a781-31b4c03016db (type: security_group_rules) to 0
2026-07-26 11:19:45.344 8 INFO neutron.db.ovn_revision_numbers_db [None req-535f2666-1621-4785-831d-9ba79243c661 4b6667b79c524b0895f8ecb8087d0d9b 5bbe2289c162425db89d6566c94dd3d6 - - default default] Successfully bumped revision number for resource ca3788bb-27b2-41a6-a9d2-84a5414d5d5b (type: security_group_rules) to 0
2026-07-26 11:19:45.354 8 INFO neutron.db.ovn_revision_numbers_db [None req-535f2666-1621-4785-831d-9ba79243c661 4b6667b79c524b0895f8ecb8087d0d9b 5bbe2289c162425db89d6566c94dd3d6 - - default default] Successfully bumped revision number for resource d75497bd-f276-4694-931e-29fc26c44268 (type: security_group_rules) to 0 [pid: 8|app: 0|req: 806/1654] 10.0.0.204 () {32 vars in 774 bytes} [Sun Jul 26 11:19:44 2026] GET /v2.0/security-groups?tenant_id=a7c96eb8a49a4e0fa44b55d3865d894c&name=default => generated 2925 bytes in 392 msecs (HTTP/1.1 200) 4 headers in 158 bytes (1 switches on core 0) [pid: 7|app: 0|req: 849/1655] 10.0.0.204 () {32 vars in 740 bytes} [Sun Jul 26 11:19:45 2026] DELETE /v2.0/security-groups/429cfc26-f429-44fb-9030-74ea8171be1a => generated 0 bytes in 236 msecs (HTTP/1.1 204) 2 headers in 112 bytes (1 switches on core 0)
2026-07-26 11:19:45.907 8 INFO neutron.db.ovn_revision_numbers_db [None req-2f0358d3-3b8d-4b31-a8d4-2223096a7500 4b6667b79c524b0895f8ecb8087d0d9b 5bbe2289c162425db89d6566c94dd3d6 - - default default] Successfully bumped revision number for resource eeb0684c-78df-482d-8c59-9096f0158146 (type: security_groups) to 1
2026-07-26 11:19:45.921 8 INFO neutron.db.ovn_revision_numbers_db [None req-2f0358d3-3b8d-4b31-a8d4-2223096a7500 4b6667b79c524b0895f8ecb8087d0d9b 5bbe2289c162425db89d6566c94dd3d6 - - default default] Successfully bumped revision number for resource 761ff89a-4351-4e30-9bb9-e68a14ae0b19 (type: security_group_rules) to 0
2026-07-26 11:19:45.934 8 INFO neutron.db.ovn_revision_numbers_db [None req-2f0358d3-3b8d-4b31-a8d4-2223096a7500 4b6667b79c524b0895f8ecb8087d0d9b 5bbe2289c162425db89d6566c94dd3d6 - - default default] Successfully bumped revision number for resource b1eb9eff-ab10-41a0-850e-7817eeb91d5c (type: security_group_rules) to 0
2026-07-26 11:19:45.946 8 INFO neutron.db.ovn_revision_numbers_db [None req-2f0358d3-3b8d-4b31-a8d4-2223096a7500 4b6667b79c524b0895f8ecb8087d0d9b 5bbe2289c162425db89d6566c94dd3d6 - - default default] Successfully bumped revision number for resource c0ccf389-01d6-4c68-a057-26858110e264 (type: security_group_rules) to 0
2026-07-26 11:19:45.962 8 INFO neutron.db.ovn_revision_numbers_db [None req-2f0358d3-3b8d-4b31-a8d4-2223096a7500 4b6667b79c524b0895f8ecb8087d0d9b 5bbe2289c162425db89d6566c94dd3d6 - - default default] Successfully bumped revision number for resource c4ce3664-5df2-4d62-b01b-26f7fb5dc1c8 (type: security_group_rules) to 0 [pid: 8|app: 0|req: 807/1656] 10.0.0.204 () {32 vars in 774 bytes} [Sun Jul 26 11:19:45 2026] GET /v2.0/security-groups?tenant_id=75b74cc518a54afb82b9758966c634c0&name=default => generated 2925 bytes in 252 msecs (HTTP/1.1 200) 4 headers in 158 bytes (1 switches on core 0)
2026-07-26 11:19:46.010 7 WARNING neutron.plugins.ml2.drivers.ovn.mech_driver.ovsdb.ovn_client [None req-27b226d8-aa69-4c8d-b900-9b0a4176ce24 - - - - - -] No port found with ID c8745fe6-8e8d-4787-bbc8-a0a967c1919d: RuntimeError: No port found with ID c8745fe6-8e8d-4787-bbc8-a0a967c1919d
2026-07-26 11:19:46.010 7 INFO neutron.plugins.ml2.drivers.ovn.mech_driver.mech_driver [None req-27b226d8-aa69-4c8d-b900-9b0a4176ce24 - - - - - -] OVN reports status down for port: 94a0b587-b970-464f-a850-5aa2a1a2304e [pid: 7|app: 0|req: 850/1657] 10.0.0.204 () {32 vars in 717 bytes} [Sun Jul 26 11:19:46 2026] GET /v2.0/ports/daa0e415-66d7-4912-bfa2-69ffb65f9842 => generated 953 bytes in 53 msecs (HTTP/1.1 200) 4 headers in 157 bytes (1 switches on core 0)
2026-07-26 11:19:46.096 7 WARNING neutron.plugins.ml2.drivers.ovn.mech_driver.ovsdb.ovn_client [None req-27b226d8-aa69-4c8d-b900-9b0a4176ce24 - - - - - -] Logical_Switch_Port %s host information not removed, the port state is up
2026-07-26 11:19:46.097 7 INFO neutron.plugins.ml2.drivers.ovn.mech_driver.mech_driver [None req-27b226d8-aa69-4c8d-b900-9b0a4176ce24 - - - - - -] OVN reports status up for port: 94a0b587-b970-464f-a850-5aa2a1a2304e
2026-07-26 11:19:46.111 7 INFO neutron.plugins.ml2.plugin [None req-27b226d8-aa69-4c8d-b900-9b0a4176ce24 - - - - - -] Attempt 1 to provision port 94a0b587-b970-464f-a850-5aa2a1a2304e [pid: 8|app: 0|req: 808/1658] 10.0.0.204 () {32 vars in 740 bytes} [Sun Jul 26 11:19:46 2026] DELETE /v2.0/security-groups/eeb0684c-78df-482d-8c59-9096f0158146 => generated 0 bytes in 285 msecs (HTTP/1.1 204) 2 headers in 112 bytes (1 switches on core 0)
2026-07-26 11:19:46.544 7 INFO neutron.db.ovn_revision_numbers_db [None req-27b226d8-aa69-4c8d-b900-9b0a4176ce24 - - - - - -] Successfully bumped revision number for resource 94a0b587-b970-464f-a850-5aa2a1a2304e (type: ports) to 2
2026-07-26 11:19:46.870 7 INFO neutron.db.ovn_revision_numbers_db [None req-387e6024-cec7-498f-8c5a-c5fc183b164f 4b6667b79c524b0895f8ecb8087d0d9b 5bbe2289c162425db89d6566c94dd3d6 - - default default] Successfully bumped revision number for resource 263b6294-2828-4a5d-83af-5c61a4278be3 (type: security_groups) to 1
2026-07-26 11:19:46.901 7 INFO neutron.db.ovn_revision_numbers_db [None req-387e6024-cec7-498f-8c5a-c5fc183b164f 4b6667b79c524b0895f8ecb8087d0d9b 5bbe2289c162425db89d6566c94dd3d6 - - default default] Successfully bumped revision number for resource 07682ed1-3a72-43e0-81cc-8a869756eb27 (type: security_group_rules) to 0
2026-07-26 11:19:46.918 7 INFO neutron.db.ovn_revision_numbers_db [None req-387e6024-cec7-498f-8c5a-c5fc183b164f 4b6667b79c524b0895f8ecb8087d0d9b 5bbe2289c162425db89d6566c94dd3d6 - - default default] Successfully bumped revision number for resource 4de25c1d-93c1-43a2-bf10-96343c015e07 (type: security_group_rules) to 0
2026-07-26 11:19:46.933 7 INFO neutron.db.ovn_revision_numbers_db [None req-387e6024-cec7-498f-8c5a-c5fc183b164f 4b6667b79c524b0895f8ecb8087d0d9b 5bbe2289c162425db89d6566c94dd3d6 - - default default] Successfully bumped revision number for resource 5b4333e5-6b86-4a88-93d5-2af7bc7fc2da (type: security_group_rules) to 0
2026-07-26 11:19:46.934 8 INFO neutron.db.ovn_revision_numbers_db [None req-a10a997c-01f9-47a8-b570-0ca0b1745111 4b6667b79c524b0895f8ecb8087d0d9b 5bbe2289c162425db89d6566c94dd3d6 - - default default] Successfully bumped revision number for resource ff6ced8b-62e1-4bd8-8451-d1e37efd4b16 (type: security_groups) to 1
2026-07-26 11:19:46.942 7 INFO neutron.db.ovn_revision_numbers_db [None req-387e6024-cec7-498f-8c5a-c5fc183b164f 4b6667b79c524b0895f8ecb8087d0d9b 5bbe2289c162425db89d6566c94dd3d6 - - default default] Successfully bumped revision number for resource 99b5529a-438c-4094-9162-7ab22f5bc5ca (type: security_group_rules) to 0
2026-07-26 11:19:46.952 8 INFO neutron.db.ovn_revision_numbers_db [None req-a10a997c-01f9-47a8-b570-0ca0b1745111 4b6667b79c524b0895f8ecb8087d0d9b 5bbe2289c162425db89d6566c94dd3d6 - - default default] Successfully bumped revision number for resource 23c58702-3440-42ef-97b5-ec0ae8b2dd44 (type: security_group_rules) to 0
2026-07-26 11:19:46.963 8 INFO neutron.db.ovn_revision_numbers_db [None req-a10a997c-01f9-47a8-b570-0ca0b1745111 4b6667b79c524b0895f8ecb8087d0d9b 5bbe2289c162425db89d6566c94dd3d6 - - default default] Successfully bumped revision number for resource 79914e10-183e-49e7-815c-a24bc1ee1e3d (type: security_group_rules) to 0
2026-07-26 11:19:46.973 8 INFO neutron.db.ovn_revision_numbers_db [None req-a10a997c-01f9-47a8-b570-0ca0b1745111 4b6667b79c524b0895f8ecb8087d0d9b 5bbe2289c162425db89d6566c94dd3d6 - - default default] Successfully bumped revision number for resource e3b8d6e6-46f9-4abf-ba36-9a8c93e786bf (type: security_group_rules) to 0 [pid: 7|app: 0|req: 851/1659] 10.0.0.204 () {32 vars in 774 bytes} [Sun Jul 26 11:19:46 2026] GET /v2.0/security-groups?tenant_id=9c921936e70a4f5eb82d3cc7851e0999&name=default => generated 2925 bytes in 318 msecs (HTTP/1.1 200) 4 headers in 158 bytes (1 switches on core 0)
2026-07-26 11:19:46.995 8 INFO neutron.db.ovn_revision_numbers_db [None req-a10a997c-01f9-47a8-b570-0ca0b1745111 4b6667b79c524b0895f8ecb8087d0d9b 5bbe2289c162425db89d6566c94dd3d6 - - default default] Successfully bumped revision number for resource ed53ddce-0c9e-4517-bb9b-a6439f03177e (type: security_group_rules) to 0 [pid: 8|app: 0|req: 809/1660] 10.0.0.204 () {32 vars in 774 bytes} [Sun Jul 26 11:19:46 2026] GET /v2.0/security-groups?tenant_id=8bca9c5c05504b9eb35885d4d53fae84&name=default => generated 2925 bytes in 355 msecs (HTTP/1.1 200) 4 headers in 158 bytes (1 switches on core 0) [pid: 7|app: 0|req: 852/1661] 10.0.0.204 () {32 vars in 740 bytes} [Sun Jul 26 11:19:46 2026] DELETE /v2.0/security-groups/263b6294-2828-4a5d-83af-5c61a4278be3 => generated 0 bytes in 263 msecs (HTTP/1.1 204) 2 headers in 112 bytes (1 switches on core 0) [pid: 7|app: 0|req: 853/1662] 10.0.0.204 () {32 vars in 717 bytes} [Sun Jul 26 11:19:47 2026] GET /v2.0/ports/daa0e415-66d7-4912-bfa2-69ffb65f9842 => generated 953 bytes in 45 msecs (HTTP/1.1 200) 4 headers in 157 bytes (1 switches on core 0) [pid: 8|app: 0|req: 810/1663] 10.0.0.204 () {32 vars in 740 bytes} [Sun Jul 26 11:19:47 2026] DELETE /v2.0/security-groups/ff6ced8b-62e1-4bd8-8451-d1e37efd4b16 => generated 0 bytes in 272 msecs (HTTP/1.1 204) 2 headers in 112 bytes (1 switches on core 0) [pid: 7|app: 0|req: 854/1664] 10.0.0.204 () {32 vars in 717 bytes} [Sun Jul 26 11:19:48 2026] GET /v2.0/ports/daa0e415-66d7-4912-bfa2-69ffb65f9842 => generated 953 bytes in 38 msecs (HTTP/1.1 200) 4 headers in 157 bytes (1 switches on core 0) [pid: 8|app: 0|req: 811/1665] 10.0.0.204 () {32 vars in 717 bytes} [Sun Jul 26 11:19:49 2026] GET /v2.0/ports/daa0e415-66d7-4912-bfa2-69ffb65f9842 => generated 953 bytes in 81 msecs (HTTP/1.1 200) 4 headers in 157 bytes (1 switches on core 0)
2026-07-26 11:19:50.403 7 INFO neutron.db.ovn_revision_numbers_db [None req-3fa18667-7e59-4cfd-9ca5-0393e42e9bc2 4b6667b79c524b0895f8ecb8087d0d9b 5bbe2289c162425db89d6566c94dd3d6 - - default default] Successfully bumped revision number for resource 0e66942a-774a-4f34-821f-7b8e1bfbe332 (type: security_groups) to 1
2026-07-26 11:19:50.414 7 INFO neutron.db.ovn_revision_numbers_db [None req-3fa18667-7e59-4cfd-9ca5-0393e42e9bc2 4b6667b79c524b0895f8ecb8087d0d9b 5bbe2289c162425db89d6566c94dd3d6 - - default default] Successfully bumped revision number for resource 14d6aaa3-82f5-4bf3-96c2-cb98314e4931 (type: security_group_rules) to 0
2026-07-26 11:19:50.424 7 INFO neutron.db.ovn_revision_numbers_db [None req-3fa18667-7e59-4cfd-9ca5-0393e42e9bc2 4b6667b79c524b0895f8ecb8087d0d9b 5bbe2289c162425db89d6566c94dd3d6 - - default default] Successfully bumped revision number for resource 4c882e4c-b077-4b9c-90a1-4c2ab7a11542 (type: security_group_rules) to 0
2026-07-26 11:19:50.435 7 INFO neutron.db.ovn_revision_numbers_db [None req-3fa18667-7e59-4cfd-9ca5-0393e42e9bc2 4b6667b79c524b0895f8ecb8087d0d9b 5bbe2289c162425db89d6566c94dd3d6 - - default default] Successfully bumped revision number for resource 87421298-ca61-48a7-a7fe-083070142069 (type: security_group_rules) to 0
2026-07-26 11:19:50.450 7 INFO neutron.db.ovn_revision_numbers_db [None req-3fa18667-7e59-4cfd-9ca5-0393e42e9bc2 4b6667b79c524b0895f8ecb8087d0d9b 5bbe2289c162425db89d6566c94dd3d6 - - default default] Successfully bumped revision number for resource b6122cb0-f6f1-4c12-acb9-fc77ad46e980 (type: security_group_rules) to 0 [pid: 8|app: 0|req: 812/1666] 10.0.0.204 () {32 vars in 717 bytes} [Sun Jul 26 11:19:50 2026] GET /v2.0/ports/daa0e415-66d7-4912-bfa2-69ffb65f9842 => generated 953 bytes in 35 msecs (HTTP/1.1 200) 4 headers in 157 bytes (1 switches on core 0) [pid: 7|app: 0|req: 855/1667] 10.0.0.204 () {32 vars in 774 bytes} [Sun Jul 26 11:19:50 2026] GET /v2.0/security-groups?tenant_id=8a82da370aef435aac832774ba9d43de&name=default => generated 2925 bytes in 374 msecs (HTTP/1.1 200) 4 headers in 158 bytes (1 switches on core 0) [pid: 8|app: 0|req: 813/1668] 10.0.0.204 () {32 vars in 740 bytes} [Sun Jul 26 11:19:50 2026] DELETE /v2.0/security-groups/0e66942a-774a-4f34-821f-7b8e1bfbe332 => generated 0 bytes in 258 msecs (HTTP/1.1 204) 2 headers in 112 bytes (1 switches on core 0)
2026-07-26 11:19:50.958 7 INFO neutron.db.ovn_revision_numbers_db [None req-9e7a1edf-c692-4330-8e34-05063e067e81 4b6667b79c524b0895f8ecb8087d0d9b 5bbe2289c162425db89d6566c94dd3d6 - - default default] Successfully bumped revision number for resource 77d588da-7a6f-470e-9faf-f2e80d8b4550 (type: security_groups) to 1
2026-07-26 11:19:50.970 7 INFO neutron.db.ovn_revision_numbers_db [None req-9e7a1edf-c692-4330-8e34-05063e067e81 4b6667b79c524b0895f8ecb8087d0d9b 5bbe2289c162425db89d6566c94dd3d6 - - default default] Successfully bumped revision number for resource 154c8bfb-ab1c-49bf-973e-d6a2f3bef1a9 (type: security_group_rules) to 0
2026-07-26 11:19:50.990 7 INFO neutron.db.ovn_revision_numbers_db [None req-9e7a1edf-c692-4330-8e34-05063e067e81 4b6667b79c524b0895f8ecb8087d0d9b 5bbe2289c162425db89d6566c94dd3d6 - - default default] Successfully bumped revision number for resource 1e8be2eb-b19f-4621-9147-a4d1fac80e7a (type: security_group_rules) to 0
2026-07-26 11:19:51.003 7 INFO neutron.db.ovn_revision_numbers_db [None req-9e7a1edf-c692-4330-8e34-05063e067e81 4b6667b79c524b0895f8ecb8087d0d9b 5bbe2289c162425db89d6566c94dd3d6 - - default default] Successfully bumped revision number for resource 269bfdf8-f349-4e00-b27c-be31641a4ca0 (type: security_group_rules) to 0
2026-07-26 11:19:51.028 7 INFO neutron.db.ovn_revision_numbers_db [None req-9e7a1edf-c692-4330-8e34-05063e067e81 4b6667b79c524b0895f8ecb8087d0d9b 5bbe2289c162425db89d6566c94dd3d6 - - default default] Successfully bumped revision number for resource 7f9992dd-8713-4d27-8f18-0f7928568c4c (type: security_group_rules) to 0 [pid: 7|app: 0|req: 857/1671] 10.0.0.204 () {32 vars in 774 bytes} [Sun Jul 26 11:19:50 2026] GET /v2.0/security-groups?tenant_id=6e969c7c492846ab976f69a78d128c86&name=default => generated 2925 bytes in 234 msecs (HTTP/1.1 200) 4 headers in 158 bytes (1 switches on core 0)
2026-07-26 11:19:51.124 7 WARNING neutron.plugins.ml2.drivers.ovn.mech_driver.ovsdb.ovn_client [None req-980c4e96-5125-4367-b30a-59ecb5eb4838 - - - - - -] No hosting information found for port 94a0b587-b970-464f-a850-5aa2a1a2304e: RuntimeError: No hosting information found for port 94a0b587-b970-464f-a850-5aa2a1a2304e
2026-07-26 11:19:51.220 7 INFO neutron.db.ovn_revision_numbers_db [None req-980c4e96-5125-4367-b30a-59ecb5eb4838 - - - - - -] Successfully bumped revision number for resource 94a0b587-b970-464f-a850-5aa2a1a2304e (type: router_ports) to 2
2026-07-26 11:19:51.220 7 INFO neutron.plugins.ml2.drivers.ovn.mech_driver.mech_driver [None req-980c4e96-5125-4367-b30a-59ecb5eb4838 - - - - - -] OVN reports status down for port: daa0e415-66d7-4912-bfa2-69ffb65f9842
2026-07-26 11:19:51.283 7 WARNING neutron.plugins.ml2.drivers.ovn.mech_driver.ovsdb.ovn_client [None req-980c4e96-5125-4367-b30a-59ecb5eb4838 - - - - - -] Logical_Switch_Port %s host information not removed, the port state is up
2026-07-26 11:19:51.283 7 INFO neutron.plugins.ml2.drivers.ovn.mech_driver.mech_driver [None req-980c4e96-5125-4367-b30a-59ecb5eb4838 - - - - - -] OVN reports status up for port: daa0e415-66d7-4912-bfa2-69ffb65f9842
2026-07-26 11:19:51.293 7 INFO neutron.plugins.ml2.plugin [None req-980c4e96-5125-4367-b30a-59ecb5eb4838 - - - - - -] Attempt 1 to provision port daa0e415-66d7-4912-bfa2-69ffb65f9842 [pid: 8|app: 0|req: 815/1672] 10.0.0.204 () {32 vars in 740 bytes} [Sun Jul 26 11:19:51 2026] DELETE /v2.0/security-groups/77d588da-7a6f-470e-9faf-f2e80d8b4550 => generated 0 bytes in 249 msecs (HTTP/1.1 204) 2 headers in 112 bytes (1 switches on core 0) [pid: 7|app: 0|req: 858/1673] 10.0.0.204 () {32 vars in 717 bytes} [Sun Jul 26 11:19:51 2026] GET /v2.0/ports/daa0e415-66d7-4912-bfa2-69ffb65f9842 => generated 955 bytes in 195 msecs (HTTP/1.1 200) 4 headers in 157 bytes (1 switches on core 0)
2026-07-26 11:19:51.811 7 INFO neutron.db.ovn_revision_numbers_db [None req-980c4e96-5125-4367-b30a-59ecb5eb4838 - - - - - -] Successfully bumped revision number for resource daa0e415-66d7-4912-bfa2-69ffb65f9842 (type: ports) to 2
2026-07-26 11:19:51.990 8 INFO neutron_taas.services.taas.taas_plugin [None req-a4137ff7-f1dc-4a7e-825e-e0d9fbebe83a d26aa446a9404b6ca18f02bb23f6a1b2 098156f6f4d24f8ab51f4922e5551b78 - - default default] TaaS: Handle Delete Port: daa0e415-66d7-4912-bfa2-69ffb65f9842
2026-07-26 11:19:51.994 8 INFO neutron_taas.services.taas.tap_mirror_plugin [None req-a4137ff7-f1dc-4a7e-825e-e0d9fbebe83a d26aa446a9404b6ca18f02bb23f6a1b2 098156f6f4d24f8ab51f4922e5551b78 - - default default] Tap Mirror: Handle Delete Port: daa0e415-66d7-4912-bfa2-69ffb65f9842
2026-07-26 11:19:52.059 7 INFO neutron.db.ovn_revision_numbers_db [None req-4c44a820-90cd-47a0-8924-cbee514c1730 09f45825c1424aad92ba4c7fe1f16515 8a1748cf7aa94bbb86bc31528b14ccc2 - - default default] Successfully bumped revision number for resource cc59a4c4-28ad-4910-bffd-35666797bc6d (type: security_groups) to 1
2026-07-26 11:19:52.075 7 INFO neutron.db.ovn_revision_numbers_db [None req-4c44a820-90cd-47a0-8924-cbee514c1730 09f45825c1424aad92ba4c7fe1f16515 8a1748cf7aa94bbb86bc31528b14ccc2 - - default default] Successfully bumped revision number for resource 24c8fd8d-060b-4c04-9f7e-ab7322d4fecc (type: security_group_rules) to 0
2026-07-26 11:19:52.088 7 INFO neutron.db.ovn_revision_numbers_db [None req-4c44a820-90cd-47a0-8924-cbee514c1730 09f45825c1424aad92ba4c7fe1f16515 8a1748cf7aa94bbb86bc31528b14ccc2 - - default default] Successfully bumped revision number for resource 5b9d26fc-8eb2-4095-a8aa-14bebf866632 (type: security_group_rules) to 0
