2026-07-26 11:19:25.724 8 INFO neutron.db.ovn_revision_numbers_db [None req-383a6b0f-53fd-4d52-b64d-7c42b5269144 4f4fbe68b88541a8a134eee2e20cc807 56be5ee84e1e4eda9e5098d3e85f123b - - default default] Successfully bumped revision number for resource 4f9a6ad7-8165-490b-a1b5-7772f12fbb3e (type: security_group_rules) to 0
2026-07-26 11:19:25.738 8 INFO neutron.db.ovn_revision_numbers_db [None req-383a6b0f-53fd-4d52-b64d-7c42b5269144 4f4fbe68b88541a8a134eee2e20cc807 56be5ee84e1e4eda9e5098d3e85f123b - - default default] Successfully bumped revision number for resource 722553d6-7d06-43d0-8aff-9a7244d5495e (type: security_group_rules) to 0
2026-07-26 11:19:25.817 8 INFO neutron.db.segments_db [None req-383a6b0f-53fd-4d52-b64d-7c42b5269144 4f4fbe68b88541a8a134eee2e20cc807 56be5ee84e1e4eda9e5098d3e85f123b - - default default] Added segment 8be2afe3-ecb0-4533-b706-45b969708c86 of type geneve for network 53728851-4368-4097-9d86-4c2448205532
2026-07-26 11:19:25.920 8 INFO neutron.db.ovn_revision_numbers_db [None req-383a6b0f-53fd-4d52-b64d-7c42b5269144 4f4fbe68b88541a8a134eee2e20cc807 56be5ee84e1e4eda9e5098d3e85f123b - - default default] Successfully bumped revision number for resource 53728851-4368-4097-9d86-4c2448205532 (type: networks) to 1
2026-07-26 11:19:26.124 8 WARNING neutron.scheduler.dhcp_agent_scheduler [None req-383a6b0f-53fd-4d52-b64d-7c42b5269144 4f4fbe68b88541a8a134eee2e20cc807 56be5ee84e1e4eda9e5098d3e85f123b - - default default] No more DHCP agents
2026-07-26 11:19:26.125 8 WARNING neutron.api.rpc.agentnotifiers.dhcp_rpc_agent_api [None req-383a6b0f-53fd-4d52-b64d-7c42b5269144 4f4fbe68b88541a8a134eee2e20cc807 56be5ee84e1e4eda9e5098d3e85f123b - - default default] Unable to schedule network 53728851-4368-4097-9d86-4c2448205532: no agents available; will retry on subsequent port and subnet creation events.
2026-07-26 11:19:26.152 7 INFO neutron.db.ovn_revision_numbers_db [None req-25c2c6fe-2c33-4e54-81d1-3e4e975017a2 - - - - - -] Successfully bumped revision number for resource 9275389e-2fbf-4900-a810-0beed4e135ef (type: ports) to 2
2026-07-26 11:19:26.215 7 INFO neutron.plugins.ml2.drivers.ovn.mech_driver.mech_driver [None req-0eb5fdc4-1eea-44e9-b6e9-27e5a736b80e - - - - - -] OVN reports status down for port: 7c310ca3-c1f8-4a69-83f5-2fb71cd3e02a
2026-07-26 11:19:26.226 7 INFO neutron.db.ovn_revision_numbers_db [None req-25c2c6fe-2c33-4e54-81d1-3e4e975017a2 - - - - - -] Successfully bumped revision number for resource a2314ab8-ef96-45ec-90a1-f746d00263d2 (type: subnets) to 0
2026-07-26 11:19:26.233 8 INFO neutron.db.ovn_revision_numbers_db [None req-383a6b0f-53fd-4d52-b64d-7c42b5269144 4f4fbe68b88541a8a134eee2e20cc807 56be5ee84e1e4eda9e5098d3e85f123b - - default default] Successfully bumped revision number for resource 7c310ca3-c1f8-4a69-83f5-2fb71cd3e02a (type: ports) to 1 [pid: 8|app: 0|req: 753/1541] 10.0.0.204 () {34 vars in 670 bytes} [Sun Jul 26 11:19:25 2026] POST /v2.0/networks => generated 663 bytes in 878 msecs (HTTP/1.1 201) 4 headers in 162 bytes (1 switches on core 0) [pid: 7|app: 0|req: 789/1542] 10.0.0.204 () {34 vars in 669 bytes} [Sun Jul 26 11:19:25 2026] POST /v2.0/subnets => generated 626 bytes in 797 msecs (HTTP/1.1 201) 4 headers in 162 bytes (1 switches on core 0) [pid: 8|app: 0|req: 754/1543] 10.0.0.107 () {34 vars in 990 bytes} [Sun Jul 26 11:19:26 2026] GET /v2.0/ports?device_id=c264fe8d-dc0e-42d3-8a7b-24596b0e8d53 => generated 12 bytes in 18 msecs (HTTP/1.1 200) 4 headers in 156 bytes (1 switches on core 0) [pid: 7|app: 0|req: 790/1544] 10.0.0.107 () {34 vars in 990 bytes} [Sun Jul 26 11:19:26 2026] GET /v2.0/ports?device_id=73010c02-7882-41a3-945f-4aeff2b4d74c => generated 12 bytes in 29 msecs (HTTP/1.1 200) 4 headers in 156 bytes (1 switches on core 0)
2026-07-26 11:19:26.330 7 INFO neutron.notifiers.nova [-] Nova event matching ['req-a8673752-f1d6-4d3b-a073-3a9cab200b4e'] response: {'server_uuid': 'c264fe8d-dc0e-42d3-8a7b-24596b0e8d53', 'name': 'network-vif-unplugged', 'status': 'completed', 'tag': '326098a9-122e-42e5-bbee-c9fa3f208a19', 'code': 200}
2026-07-26 11:19:26.330 7 INFO neutron.notifiers.nova [-] Nova event matching ['req-a8673752-f1d6-4d3b-a073-3a9cab200b4e'] response: {'server_uuid': 'c264fe8d-dc0e-42d3-8a7b-24596b0e8d53', 'name': 'network-vif-deleted', 'tag': '326098a9-122e-42e5-bbee-c9fa3f208a19', 'status': 'completed', 'code': 200}
2026-07-26 11:19:26.393 8 INFO neutron.db.ovn_revision_numbers_db [None req-374ba84a-4ce1-4976-a273-bba3079f2883 a2809b18e6c1435ebac411e483a62686 76c66d9e81d943da9fdb4c40fe12f18c - - default default] Successfully bumped revision number for resource fa96faf0-76b3-402e-a40a-98308b057888 (type: routers) to 1 [pid: 8|app: 0|req: 755/1545] 10.0.0.204 () {34 vars in 669 bytes} [Sun Jul 26 11:19:26 2026] POST /v2.0/routers => generated 603 bytes in 132 msecs (HTTP/1.1 201) 4 headers in 162 bytes (1 switches on core 0)
2026-07-26 11:19:26.513 7 WARNING neutron.scheduler.dhcp_agent_scheduler [None req-41bdb3f1-799d-4b10-9695-1529c42ab571 4f4fbe68b88541a8a134eee2e20cc807 56be5ee84e1e4eda9e5098d3e85f123b - - default default] No more DHCP agents
2026-07-26 11:19:26.514 7 WARNING neutron.api.rpc.agentnotifiers.dhcp_rpc_agent_api [None req-41bdb3f1-799d-4b10-9695-1529c42ab571 4f4fbe68b88541a8a134eee2e20cc807 56be5ee84e1e4eda9e5098d3e85f123b - - default default] Unable to schedule network 53728851-4368-4097-9d86-4c2448205532: no agents available; will retry on subsequent port and subnet creation events.
2026-07-26 11:19:26.530 8 WARNING neutron.plugins.ml2.drivers.ovn.mech_driver.ovsdb.ovn_client [None req-e23c788c-98f1-4c35-8081-21ff687e8a92 - - - - - -] No port found with ID 6b1875a1-8d25-4dcd-9677-8995d6ba3c8c: RuntimeError: No port found with ID 6b1875a1-8d25-4dcd-9677-8995d6ba3c8c
2026-07-26 11:19:26.563 8 INFO neutron.plugins.ml2.drivers.ovn.mech_driver.mech_driver [None req-e23c788c-98f1-4c35-8081-21ff687e8a92 - - - - - -] OVN reports status down for port: 9275389e-2fbf-4900-a810-0beed4e135ef
2026-07-26 11:19:26.780 8 WARNING neutron.scheduler.dhcp_agent_scheduler [None req-15d492ca-f40f-4285-9391-4d8c04d9c759 a2809b18e6c1435ebac411e483a62686 76c66d9e81d943da9fdb4c40fe12f18c - - default default] No more DHCP agents
2026-07-26 11:19:26.781 8 WARNING neutron.api.rpc.agentnotifiers.dhcp_rpc_agent_api [None req-15d492ca-f40f-4285-9391-4d8c04d9c759 a2809b18e6c1435ebac411e483a62686 76c66d9e81d943da9fdb4c40fe12f18c - - default default] Unable to schedule network 11a4abbd-f589-4440-9e3d-ed4d8b9330a1: no agents available; will retry on subsequent port and subnet creation events.
2026-07-26 11:19:26.894 7 INFO neutron.plugins.ml2.drivers.ovn.mech_driver.mech_driver [None req-0eb5fdc4-1eea-44e9-b6e9-27e5a736b80e - - - - - -] OVN reports status down for port: cca1f3d6-883b-4228-84b9-9b9933c02e67
2026-07-26 11:19:26.906 8 INFO neutron.db.ovn_revision_numbers_db [None req-15d492ca-f40f-4285-9391-4d8c04d9c759 a2809b18e6c1435ebac411e483a62686 76c66d9e81d943da9fdb4c40fe12f18c - - default default] Successfully bumped revision number for resource cca1f3d6-883b-4228-84b9-9b9933c02e67 (type: ports) to 1 [pid: 8|app: 0|req: 756/1546] 10.0.0.204 () {34 vars in 665 bytes} [Sun Jul 26 11:19:26 2026] POST /v2.0/ports => generated 951 bytes in 548 msecs (HTTP/1.1 201) 4 headers in 162 bytes (1 switches on core 0) /var/lib/openstack/lib/python3.12/site-packages/pycadf/identifier.py:70: UserWarning: Invalid uuid: neutron. To ensure interoperability, identifiers should be a valid uuid. warnings.warn(('Invalid uuid: %s. To ensure interoperability, '
2026-07-26 11:19:27.618 8 INFO neutron.db.ovn_revision_numbers_db [None req-e1cabe98-09b5-4b45-8dcd-5ebfe4cb15e5 a2809b18e6c1435ebac411e483a62686 76c66d9e81d943da9fdb4c40fe12f18c - - default default] Successfully bumped revision number for resource cca1f3d6-883b-4228-84b9-9b9933c02e67 (type: ports) to 2
2026-07-26 11:19:27.637 7 INFO neutron.db.ovn_revision_numbers_db [None req-4179f361-ef37-4d20-9a92-9b1169edbc55 - - - - - -] Successfully bumped revision number for resource 7c310ca3-c1f8-4a69-83f5-2fb71cd3e02a (type: ports) to 2
2026-07-26 11:19:27.639 7 WARNING neutron.plugins.ml2.drivers.ovn.mech_driver.ovsdb.ovn_client [None req-0eb5fdc4-1eea-44e9-b6e9-27e5a736b80e - - - - - -] Logical_Switch_Port %s host information not removed, the port state is up
2026-07-26 11:19:27.640 7 INFO neutron.plugins.ml2.drivers.ovn.mech_driver.mech_driver [None req-0eb5fdc4-1eea-44e9-b6e9-27e5a736b80e - - - - - -] OVN reports status up for port: cca1f3d6-883b-4228-84b9-9b9933c02e67
2026-07-26 11:19:27.658 7 INFO neutron.plugins.ml2.plugin [None req-0eb5fdc4-1eea-44e9-b6e9-27e5a736b80e - - - - - -] Attempt 1 to provision port cca1f3d6-883b-4228-84b9-9b9933c02e67
2026-07-26 11:19:27.702 7 INFO neutron.db.ovn_revision_numbers_db [None req-4179f361-ef37-4d20-9a92-9b1169edbc55 - - - - - -] Successfully bumped revision number for resource 2227b28b-7f62-4074-96bb-67bb91279d6c (type: subnets) to 0 [pid: 7|app: 0|req: 791/1547] 10.0.0.204 () {34 vars in 669 bytes} [Sun Jul 26 11:19:26 2026] POST /v2.0/subnets => generated 641 bytes in 1444 msecs (HTTP/1.1 201) 4 headers in 162 bytes (1 switches on core 0) [pid: 7|app: 0|req: 792/1548] 10.0.0.107 () {34 vars in 990 bytes} [Sun Jul 26 11:19:27 2026] GET /v2.0/ports?device_id=c264fe8d-dc0e-42d3-8a7b-24596b0e8d53 => generated 12 bytes in 33 msecs (HTTP/1.1 200) 4 headers in 156 bytes (1 switches on core 0) [pid: 7|app: 0|req: 793/1549] 10.0.0.204 () {32 vars in 740 bytes} [Sun Jul 26 11:19:27 2026] DELETE /v2.0/security-groups/956da615-240d-458b-a88a-2697421cd619 => generated 0 bytes in 260 msecs (HTTP/1.1 204) 2 headers in 112 bytes (1 switches on core 0)
2026-07-26 11:19:28.190 7 INFO neutron.db.segments_db [None req-fd5d9517-c968-4fc9-9724-4d0c6e386c33 4f4fbe68b88541a8a134eee2e20cc807 56be5ee84e1e4eda9e5098d3e85f123b - - default default] Added segment 13a88704-08bb-4493-9993-4b9a4d0ace75 of type geneve for network 99c75674-4a53-4417-9f84-103d5748ea3a
2026-07-26 11:19:28.216 7 INFO neutron.db.ovn_revision_numbers_db [None req-0eb5fdc4-1eea-44e9-b6e9-27e5a736b80e - - - - - -] Successfully bumped revision number for resource cca1f3d6-883b-4228-84b9-9b9933c02e67 (type: ports) to 3
2026-07-26 11:19:28.378 7 INFO neutron.db.ovn_revision_numbers_db [None req-fd5d9517-c968-4fc9-9724-4d0c6e386c33 4f4fbe68b88541a8a134eee2e20cc807 56be5ee84e1e4eda9e5098d3e85f123b - - default default] Successfully bumped revision number for resource 99c75674-4a53-4417-9f84-103d5748ea3a (type: networks) to 1
2026-07-26 11:19:28.567 7 WARNING neutron.scheduler.dhcp_agent_scheduler [None req-fd5d9517-c968-4fc9-9724-4d0c6e386c33 4f4fbe68b88541a8a134eee2e20cc807 56be5ee84e1e4eda9e5098d3e85f123b - - default default] No more DHCP agents
2026-07-26 11:19:28.569 7 WARNING neutron.api.rpc.agentnotifiers.dhcp_rpc_agent_api [None req-fd5d9517-c968-4fc9-9724-4d0c6e386c33 4f4fbe68b88541a8a134eee2e20cc807 56be5ee84e1e4eda9e5098d3e85f123b - - default default] Unable to schedule network 99c75674-4a53-4417-9f84-103d5748ea3a: no agents available; will retry on subsequent port and subnet creation events.
2026-07-26 11:19:28.653 8 INFO neutron.plugins.ml2.drivers.ovn.mech_driver.mech_driver [None req-e23c788c-98f1-4c35-8081-21ff687e8a92 - - - - - -] OVN reports status down for port: 48bded77-6c7d-4fd5-9915-88b562cdfb6b
2026-07-26 11:19:28.663 7 INFO neutron.db.ovn_revision_numbers_db [None req-fd5d9517-c968-4fc9-9724-4d0c6e386c33 4f4fbe68b88541a8a134eee2e20cc807 56be5ee84e1e4eda9e5098d3e85f123b - - default default] Successfully bumped revision number for resource 48bded77-6c7d-4fd5-9915-88b562cdfb6b (type: ports) to 1 [pid: 7|app: 0|req: 794/1550] 10.0.0.204 () {34 vars in 670 bytes} [Sun Jul 26 11:19:28 2026] POST /v2.0/networks => generated 663 bytes in 656 msecs (HTTP/1.1 201) 4 headers in 162 bytes (1 switches on core 0) /var/lib/openstack/lib/python3.12/site-packages/pycadf/identifier.py:70: UserWarning: Invalid uuid: neutron. To ensure interoperability, identifiers should be a valid uuid. warnings.warn(('Invalid uuid: %s. To ensure interoperability, '
2026-07-26 11:19:28.699 7 INFO neutron.api.v2.resource [None req-9b9a84fc-8d78-4b05-9091-764c235c8c15 bb73a1a6c17a4a59877b47bf1176dec2 1b7e38ff127f47229a88deb6bff50022 - - default default] show failed (client error): The resource could not be found. [pid: 7|app: 0|req: 795/1551] 10.0.0.204 () {32 vars in 737 bytes} [Sun Jul 26 11:19:28 2026] GET /v2.0/security-groups/956da615-240d-458b-a88a-2697421cd619 => generated 146 bytes in 11 msecs (HTTP/1.1 404) 4 headers in 164 bytes (1 switches on core 0)
2026-07-26 11:19:28.830 7 INFO neutron.db.ovn_revision_numbers_db [None req-7a00f643-98f2-47fd-a7a4-a30692d60d48 4f4fbe68b88541a8a134eee2e20cc807 56be5ee84e1e4eda9e5098d3e85f123b - - default default] Successfully bumped revision number for resource 99c75674-4a53-4417-9f84-103d5748ea3a (type: networks) to 2 [pid: 7|app: 0|req: 796/1552] 10.0.0.204 () {34 vars in 743 bytes} [Sun Jul 26 11:19:28 2026] PUT /v2.0/networks/99c75674-4a53-4417-9f84-103d5748ea3a => generated 636 bytes in 138 msecs (HTTP/1.1 200) 4 headers in 157 bytes (1 switches on core 0)
2026-07-26 11:19:28.971 7 INFO neutron_taas.services.taas.taas_plugin [None req-50c03614-1254-4cbd-96a7-eb2d270820e3 bb73a1a6c17a4a59877b47bf1176dec2 1b7e38ff127f47229a88deb6bff50022 - - default default] TaaS: Handle Delete Port: dc6bf418-11de-49a9-b5f6-6a59eee6aaea
2026-07-26 11:19:28.974 7 INFO neutron_taas.services.taas.tap_mirror_plugin [None req-50c03614-1254-4cbd-96a7-eb2d270820e3 bb73a1a6c17a4a59877b47bf1176dec2 1b7e38ff127f47229a88deb6bff50022 - - default default] Tap Mirror: Handle Delete Port: dc6bf418-11de-49a9-b5f6-6a59eee6aaea
2026-07-26 11:19:28.982 8 WARNING neutron.scheduler.dhcp_agent_scheduler [None req-e1cabe98-09b5-4b45-8dcd-5ebfe4cb15e5 a2809b18e6c1435ebac411e483a62686 76c66d9e81d943da9fdb4c40fe12f18c - - default default] No more DHCP agents
2026-07-26 11:19:28.983 8 WARNING neutron.api.rpc.agentnotifiers.dhcp_rpc_agent_api [None req-e1cabe98-09b5-4b45-8dcd-5ebfe4cb15e5 a2809b18e6c1435ebac411e483a62686 76c66d9e81d943da9fdb4c40fe12f18c - - default default] Unable to schedule network 11a4abbd-f589-4440-9e3d-ed4d8b9330a1: no agents available; will retry on subsequent port and subnet creation events.
2026-07-26 11:19:29.174 8 INFO neutron.db.ovn_revision_numbers_db [None req-e1cabe98-09b5-4b45-8dcd-5ebfe4cb15e5 a2809b18e6c1435ebac411e483a62686 76c66d9e81d943da9fdb4c40fe12f18c - - default default] Successfully bumped revision number for resource cca1f3d6-883b-4228-84b9-9b9933c02e67 (type: router_ports) to 3 [pid: 8|app: 0|req: 757/1553] 10.0.0.204 () {34 vars in 783 bytes} [Sun Jul 26 11:19:26 2026] PUT /v2.0/routers/fa96faf0-76b3-402e-a40a-98308b057888/add_router_interface => generated 309 bytes in 2219 msecs (HTTP/1.1 200) 4 headers in 157 bytes (1 switches on core 0) /var/lib/openstack/lib/python3.12/site-packages/pycadf/identifier.py:70: UserWarning: Invalid uuid: neutron. To ensure interoperability, identifiers should be a valid uuid. warnings.warn(('Invalid uuid: %s. To ensure interoperability, ' [pid: 7|app: 0|req: 797/1554] 10.0.0.204 () {32 vars in 732 bytes} [Sun Jul 26 11:19:28 2026] DELETE /v2.0/floatingips/cbe08e56-0716-49ba-b720-72093aaa5322 => generated 0 bytes in 445 msecs (HTTP/1.1 204) 2 headers in 112 bytes (1 switches on core 0) [pid: 7|app: 0|req: 798/1555] 10.0.0.204 () {32 vars in 717 bytes} [Sun Jul 26 11:19:29 2026] GET /v2.0/ports/cca1f3d6-883b-4228-84b9-9b9933c02e67 => generated 1013 bytes in 35 msecs (HTTP/1.1 200) 4 headers in 158 bytes (1 switches on core 0)
2026-07-26 11:19:29.393 8 WARNING neutron.scheduler.dhcp_agent_scheduler [None req-a943dd7f-a3e8-465c-8fa6-661c907a0b12 4f4fbe68b88541a8a134eee2e20cc807 56be5ee84e1e4eda9e5098d3e85f123b - - default default] No more DHCP agents
2026-07-26 11:19:29.395 8 WARNING neutron.api.rpc.agentnotifiers.dhcp_rpc_agent_api [None req-a943dd7f-a3e8-465c-8fa6-661c907a0b12 4f4fbe68b88541a8a134eee2e20cc807 56be5ee84e1e4eda9e5098d3e85f123b - - default default] Unable to schedule network 99c75674-4a53-4417-9f84-103d5748ea3a: no agents available; will retry on subsequent port and subnet creation events.
2026-07-26 11:19:29.591 7 INFO neutron_taas.services.taas.taas_plugin [None req-bcfa47b1-2610-4bc1-9d86-501c6f4d880f 4b6667b79c524b0895f8ecb8087d0d9b 5bbe2289c162425db89d6566c94dd3d6 - - default default] TaaS: Handle Delete Port: 2c76e0f0-4705-4c56-af6c-8bc3a5c81b86
2026-07-26 11:19:29.593 7 INFO neutron_taas.services.taas.tap_mirror_plugin [None req-bcfa47b1-2610-4bc1-9d86-501c6f4d880f 4b6667b79c524b0895f8ecb8087d0d9b 5bbe2289c162425db89d6566c94dd3d6 - - default default] Tap Mirror: Handle Delete Port: 2c76e0f0-4705-4c56-af6c-8bc3a5c81b86
2026-07-26 11:19:29.863 8 INFO neutron.db.ovn_revision_numbers_db [None req-9d338cf5-6574-4d68-b1b1-f732a103928f - - - - - -] Successfully bumped revision number for resource 48bded77-6c7d-4fd5-9915-88b562cdfb6b (type: ports) to 2
2026-07-26 11:19:29.900 8 INFO neutron.db.ovn_revision_numbers_db [None req-9d338cf5-6574-4d68-b1b1-f732a103928f - - - - - -] Successfully bumped revision number for resource 1747f387-035c-4c7d-8b23-7ea3982e92c3 (type: subnets) to 0 [pid: 8|app: 0|req: 758/1556] 10.0.0.204 () {34 vars in 669 bytes} [Sun Jul 26 11:19:29 2026] POST /v2.0/subnets => generated 626 bytes in 733 msecs (HTTP/1.1 201) 4 headers in 162 bytes (1 switches on core 0) [pid: 7|app: 0|req: 799/1557] 10.0.0.204 () {34 vars in 789 bytes} [Sun Jul 26 11:19:29 2026] PUT /v2.0/routers/035c58e1-d9f4-47fb-a9cb-38595218fbae/remove_router_interface => generated 309 bytes in 1016 msecs (HTTP/1.1 200) 4 headers in 157 bytes (1 switches on core 0) /var/lib/openstack/lib/python3.12/site-packages/pycadf/identifier.py:70: UserWarning: Invalid uuid: neutron. To ensure interoperability, identifiers should be a valid uuid. warnings.warn(('Invalid uuid: %s. To ensure interoperability, '
2026-07-26 11:19:30.358 8 INFO neutron_taas.services.taas.taas_plugin [None req-6774783d-f551-4cf3-8ddc-932922ec7772 a2809b18e6c1435ebac411e483a62686 76c66d9e81d943da9fdb4c40fe12f18c - - default default] TaaS: Handle Delete Port: cca1f3d6-883b-4228-84b9-9b9933c02e67
2026-07-26 11:19:30.361 8 INFO neutron_taas.services.taas.tap_mirror_plugin [None req-6774783d-f551-4cf3-8ddc-932922ec7772 a2809b18e6c1435ebac411e483a62686 76c66d9e81d943da9fdb4c40fe12f18c - - default default] Tap Mirror: Handle Delete Port: cca1f3d6-883b-4228-84b9-9b9933c02e67
2026-07-26 11:19:30.607 7 INFO neutron.db.ovn_revision_numbers_db [None req-3002a304-55f4-4342-a1ca-e25daa191e32 4f4fbe68b88541a8a134eee2e20cc807 56be5ee84e1e4eda9e5098d3e85f123b - - default default] Successfully bumped revision number for resource 1747f387-035c-4c7d-8b23-7ea3982e92c3 (type: subnets) to 1 [pid: 7|app: 0|req: 800/1558] 10.0.0.204 () {34 vars in 741 bytes} [Sun Jul 26 11:19:30 2026] PUT /v2.0/subnets/1747f387-035c-4c7d-8b23-7ea3982e92c3 => generated 636 bytes in 275 msecs (HTTP/1.1 200) 4 headers in 157 bytes (1 switches on core 0) [pid: 8|app: 0|req: 759/1559] 10.0.0.204 () {34 vars in 789 bytes} [Sun Jul 26 11:19:29 2026] PUT /v2.0/routers/fa96faf0-76b3-402e-a40a-98308b057888/remove_router_interface => generated 309 bytes in 785 msecs (HTTP/1.1 200) 4 headers in 157 bytes (1 switches on core 0) /var/lib/openstack/lib/python3.12/site-packages/pycadf/identifier.py:70: UserWarning: Invalid uuid: neutron. To ensure interoperability, identifiers should be a valid uuid. warnings.warn(('Invalid uuid: %s. To ensure interoperability, '
2026-07-26 11:19:30.915 7 INFO neutron_taas.services.taas.taas_plugin [None req-c1c7b6aa-6e30-452e-af3c-6ab3ca915217 4b6667b79c524b0895f8ecb8087d0d9b 5bbe2289c162425db89d6566c94dd3d6 - - default default] TaaS: Handle Delete Port: 948d6eac-8f97-4eb8-b7eb-6c9481788a49
2026-07-26 11:19:30.917 7 INFO neutron_taas.services.taas.tap_mirror_plugin [None req-c1c7b6aa-6e30-452e-af3c-6ab3ca915217 4b6667b79c524b0895f8ecb8087d0d9b 5bbe2289c162425db89d6566c94dd3d6 - - default default] Tap Mirror: Handle Delete Port: 948d6eac-8f97-4eb8-b7eb-6c9481788a49
2026-07-26 11:19:30.967 8 INFO neutron_taas.services.taas.taas_plugin [None req-dea8831b-4bfc-488f-aeb8-66821a1c8e8a 4b6667b79c524b0895f8ecb8087d0d9b 5bbe2289c162425db89d6566c94dd3d6 - - default default] TaaS: Handle Delete Port: 4f41dbac-69a2-4a93-9d21-28ccc458f9f1
2026-07-26 11:19:30.970 8 INFO neutron_taas.services.taas.tap_mirror_plugin [None req-dea8831b-4bfc-488f-aeb8-66821a1c8e8a 4b6667b79c524b0895f8ecb8087d0d9b 5bbe2289c162425db89d6566c94dd3d6 - - default default] Tap Mirror: Handle Delete Port: 4f41dbac-69a2-4a93-9d21-28ccc458f9f1 [pid: 8|app: 0|req: 760/1560] 10.0.0.204 () {32 vars in 724 bytes} [Sun Jul 26 11:19:30 2026] DELETE /v2.0/routers/035c58e1-d9f4-47fb-a9cb-38595218fbae => generated 0 bytes in 722 msecs (HTTP/1.1 204) 2 headers in 112 bytes (1 switches on core 0)
2026-07-26 11:19:31.562 8 INFO neutron_taas.services.taas.taas_plugin [None req-2a0afd7a-4622-4bf8-b13f-1dd4927f684b 4f4fbe68b88541a8a134eee2e20cc807 56be5ee84e1e4eda9e5098d3e85f123b - - default default] TaaS: Handle Delete Port: 48bded77-6c7d-4fd5-9915-88b562cdfb6b
2026-07-26 11:19:31.566 8 INFO neutron_taas.services.taas.tap_mirror_plugin [None req-2a0afd7a-4622-4bf8-b13f-1dd4927f684b 4f4fbe68b88541a8a134eee2e20cc807 56be5ee84e1e4eda9e5098d3e85f123b - - default default] Tap Mirror: Handle Delete Port: 48bded77-6c7d-4fd5-9915-88b562cdfb6b [pid: 7|app: 0|req: 801/1561] 10.0.0.204 () {34 vars in 789 bytes} [Sun Jul 26 11:19:30 2026] PUT /v2.0/routers/dcbd60d5-b035-4902-b2ab-fe9e5d2e5f92/remove_router_interface => generated 309 bytes in 1011 msecs (HTTP/1.1 200) 4 headers in 157 bytes (1 switches on core 0) /var/lib/openstack/lib/python3.12/site-packages/pycadf/identifier.py:70: UserWarning: Invalid uuid: neutron. To ensure interoperability, identifiers should be a valid uuid. warnings.warn(('Invalid uuid: %s. To ensure interoperability, '
2026-07-26 11:19:31.704 7 INFO neutron.api.v2.resource [None req-cd19c589-0ffa-4327-b40d-c2e213c28db2 a2809b18e6c1435ebac411e483a62686 76c66d9e81d943da9fdb4c40fe12f18c - - default default] remove_router_interface failed (client error): The resource could not be found. [pid: 7|app: 0|req: 802/1562] 10.0.0.204 () {34 vars in 789 bytes} [Sun Jul 26 11:19:31 2026] PUT /v2.0/routers/fa96faf0-76b3-402e-a40a-98308b057888/remove_router_interface => generated 197 bytes in 81 msecs (HTTP/1.1 404) 4 headers in 164 bytes (1 switches on core 0) [pid: 7|app: 0|req: 803/1563] 10.0.0.204 () {32 vars in 724 bytes} [Sun Jul 26 11:19:31 2026] DELETE /v2.0/subnets/6b87713d-2c4e-48b1-b7e5-ebc5a2ad1aee => generated 0 bytes in 166 msecs (HTTP/1.1 204) 3 headers in 131 bytes (1 switches on core 0)
2026-07-26 11:19:31.905 8 INFO neutron.services.segments.plugin [-] Segment 13a88704-08bb-4493-9993-4b9a4d0ace75 resource provider aggregate not found
2026-07-26 11:19:31.913 8 INFO neutron.services.segments.plugin [-] Segment 13a88704-08bb-4493-9993-4b9a4d0ace75 resource provider aggregate not found
2026-07-26 11:19:31.930 8 INFO neutron.services.segments.plugin [-] Segment 13a88704-08bb-4493-9993-4b9a4d0ace75 resource provider not found; error: Placement Client Error (4xx): {"errors": [{"status": 404, "title": "Not Found", "detail": "The resource could not be found.\n\n No resource provider with uuid 13a88704-08bb-4493-9993-4b9a4d0ace75 found for delete ", "request_id": "req-7f9ee199-21ee-4b32-a364-d8a6b853a9ce"}]}
2026-07-26 11:19:31.932 8 INFO neutron.services.segments.plugin [-] Segment 13a88704-08bb-4493-9993-4b9a4d0ace75 resource provider not found; error: Placement Client Error (4xx): {"errors": [{"status": 404, "title": "Not Found", "detail": "The resource could not be found.\n\n No resource provider with uuid 13a88704-08bb-4493-9993-4b9a4d0ace75 found for delete ", "request_id": "req-c0b6cf5b-1bc7-4736-9fce-93d8be6a3157"}]} [pid: 8|app: 0|req: 761/1564] 10.0.0.204 () {32 vars in 726 bytes} [Sun Jul 26 11:19:31 2026] DELETE /v2.0/networks/99c75674-4a53-4417-9f84-103d5748ea3a => generated 0 bytes in 543 msecs (HTTP/1.1 204) 3 headers in 131 bytes (1 switches on core 0) [pid: 8|app: 0|req: 762/1565] 10.0.0.204 () {32 vars in 736 bytes} [Sun Jul 26 11:19:31 2026] GET /v2.0/ports?device_id=fa96faf0-76b3-402e-a40a-98308b057888 => generated 12 bytes in 16 msecs (HTTP/1.1 200) 4 headers in 156 bytes (1 switches on core 0)
2026-07-26 11:19:32.100 8 INFO neutron_taas.services.taas.taas_plugin [None req-8c7a1ded-3ab4-4919-9443-a0e5e9ba0228 4b6667b79c524b0895f8ecb8087d0d9b 5bbe2289c162425db89d6566c94dd3d6 - - default default] TaaS: Handle Delete Port: f651501f-1155-4049-bb85-e47636a05ff1
2026-07-26 11:19:32.106 8 INFO neutron_taas.services.taas.tap_mirror_plugin [None req-8c7a1ded-3ab4-4919-9443-a0e5e9ba0228 4b6667b79c524b0895f8ecb8087d0d9b 5bbe2289c162425db89d6566c94dd3d6 - - default default] Tap Mirror: Handle Delete Port: f651501f-1155-4049-bb85-e47636a05ff1
2026-07-26 11:19:32.236 7 INFO neutron_taas.services.taas.taas_plugin [None req-2e428131-d065-46a3-bad9-abf51829b82c 4b6667b79c524b0895f8ecb8087d0d9b 5bbe2289c162425db89d6566c94dd3d6 - - default default] TaaS: Handle Delete Port: 8629ab51-4ece-4444-bb8a-cffae9a5b07b
2026-07-26 11:19:32.244 7 INFO neutron_taas.services.taas.tap_mirror_plugin [None req-2e428131-d065-46a3-bad9-abf51829b82c 4b6667b79c524b0895f8ecb8087d0d9b 5bbe2289c162425db89d6566c94dd3d6 - - default default] Tap Mirror: Handle Delete Port: 8629ab51-4ece-4444-bb8a-cffae9a5b07b [pid: 8|app: 0|req: 763/1566] 10.0.0.204 () {32 vars in 726 bytes} [Sun Jul 26 11:19:31 2026] DELETE /v2.0/networks/48ff62f3-c366-4e5f-aa7c-084f5d8f0941 => generated 0 bytes in 384 msecs (HTTP/1.1 204) 3 headers in 131 bytes (1 switches on core 0)
2026-07-26 11:19:32.382 8 INFO neutron.pecan_wsgi.hooks.translation [None req-11763cee-06f5-4b70-97e3-c3e936cad39b 4f4fbe68b88541a8a134eee2e20cc807 56be5ee84e1e4eda9e5098d3e85f123b - - default default] DELETE failed (client error): The resource could not be found. [pid: 8|app: 0|req: 764/1567] 10.0.0.204 () {32 vars in 726 bytes} [Sun Jul 26 11:19:32 2026] DELETE /v2.0/networks/99c75674-4a53-4417-9f84-103d5748ea3a => generated 138 bytes in 16 msecs (HTTP/1.1 404) 4 headers in 164 bytes (1 switches on core 0) [pid: 8|app: 0|req: 765/1568] 10.0.0.204 () {32 vars in 724 bytes} [Sun Jul 26 11:19:32 2026] DELETE /v2.0/routers/fa96faf0-76b3-402e-a40a-98308b057888 => generated 0 bytes in 225 msecs (HTTP/1.1 204) 2 headers in 112 bytes (1 switches on core 0) [pid: 7|app: 0|req: 804/1569] 10.0.0.204 () {32 vars in 724 bytes} [Sun Jul 26 11:19:31 2026] DELETE /v2.0/routers/dcbd60d5-b035-4902-b2ab-fe9e5d2e5f92 => generated 0 bytes in 821 msecs (HTTP/1.1 204) 2 headers in 112 bytes (1 switches on core 0) [pid: 8|app: 0|req: 766/1570] 10.0.0.204 () {32 vars in 694 bytes} [Sun Jul 26 11:19:32 2026] GET /v2.0/networks?router%3Aexternal=True => generated 689 bytes in 93 msecs (HTTP/1.1 200) 4 headers in 157 bytes (1 switches on core 0) [pid: 7|app: 0|req: 805/1571] 10.0.0.204 () {32 vars in 774 bytes} [Sun Jul 26 11:19:32 2026] GET /v2.0/security-groups?tenant_id=1b7e38ff127f47229a88deb6bff50022&name=default => generated 2925 bytes in 35 msecs (HTTP/1.1 200) 4 headers in 158 bytes (1 switches on core 0) [pid: 8|app: 0|req: 767/1572] 10.0.0.204 () {32 vars in 724 bytes} [Sun Jul 26 11:19:32 2026] DELETE /v2.0/subnets/a2314ab8-ef96-45ec-90a1-f746d00263d2 => generated 0 bytes in 179 msecs (HTTP/1.1 204) 3 headers in 131 bytes (1 switches on core 0) [pid: 7|app: 0|req: 806/1573] 10.0.0.204 () {32 vars in 724 bytes} [Sun Jul 26 11:19:32 2026] DELETE /v2.0/subnets/d72aa373-2af1-4d2c-a24a-2d7e5b151671 => generated 0 bytes in 160 msecs (HTTP/1.1 204) 3 headers in 131 bytes (1 switches on core 0) [pid: 8|app: 0|req: 768/1574] 10.0.0.204 () {32 vars in 742 bytes} [Sun Jul 26 11:19:32 2026] GET /v2.0/subnets?network_id=79d622b5-e8f3-4e93-82c9-90cb799002a5 => generated 649 bytes in 36 msecs (HTTP/1.1 200) 4 headers in 157 bytes (1 switches on core 0)
2026-07-26 11:19:33.058 8 INFO neutron_taas.services.taas.taas_plugin [None req-f0442f02-9b67-4f1d-ac9a-a20472f6ee2b a2809b18e6c1435ebac411e483a62686 76c66d9e81d943da9fdb4c40fe12f18c - - default default] TaaS: Handle Delete Port: 9275389e-2fbf-4900-a810-0beed4e135ef
2026-07-26 11:19:33.064 8 INFO neutron_taas.services.taas.tap_mirror_plugin [None req-f0442f02-9b67-4f1d-ac9a-a20472f6ee2b a2809b18e6c1435ebac411e483a62686 76c66d9e81d943da9fdb4c40fe12f18c - - default default] Tap Mirror: Handle Delete Port: 9275389e-2fbf-4900-a810-0beed4e135ef [pid: 7|app: 0|req: 807/1575] 10.0.0.204 () {32 vars in 740 bytes} [Sun Jul 26 11:19:32 2026] DELETE /v2.0/security-groups/f54c5003-f52f-4903-8ab3-5950159fd07d => generated 0 bytes in 296 msecs (HTTP/1.1 204) 2 headers in 112 bytes (1 switches on core 0)
2026-07-26 11:19:33.373 7 INFO neutron_taas.services.taas.taas_plugin [None req-c3866894-f979-4f60-9453-97a188265215 4b6667b79c524b0895f8ecb8087d0d9b 5bbe2289c162425db89d6566c94dd3d6 - - default default] TaaS: Handle Delete Port: 3ac9f0ba-1b22-4000-a1f9-82a74197d74a [pid: 8|app: 0|req: 769/1576] 10.0.0.204 () {32 vars in 726 bytes} [Sun Jul 26 11:19:32 2026] DELETE /v2.0/networks/11a4abbd-f589-4440-9e3d-ed4d8b9330a1 => generated 0 bytes in 456 msecs (HTTP/1.1 204) 3 headers in 131 bytes (1 switches on core 0)
2026-07-26 11:19:33.376 7 INFO neutron_taas.services.taas.tap_mirror_plugin [None req-c3866894-f979-4f60-9453-97a188265215 4b6667b79c524b0895f8ecb8087d0d9b 5bbe2289c162425db89d6566c94dd3d6 - - default default] Tap Mirror: Handle Delete Port: 3ac9f0ba-1b22-4000-a1f9-82a74197d74a [pid: 8|app: 0|req: 770/1577] 10.0.0.204 () {32 vars in 653 bytes} [Sun Jul 26 11:19:33 2026] GET /v2.0/extensions => generated 20541 bytes in 5 msecs (HTTP/1.1 200) 4 headers in 159 bytes (1 switches on core 0)
2026-07-26 11:19:33.454 7 WARNING neutron.plugins.ml2.drivers.ovn.mech_driver.ovsdb.ovn_client [None req-27b226d8-aa69-4c8d-b900-9b0a4176ce24 - - - - - -] No port found with ID cca1f3d6-883b-4228-84b9-9b9933c02e67: RuntimeError: No port found with ID cca1f3d6-883b-4228-84b9-9b9933c02e67
2026-07-26 11:19:33.468 8 INFO neutron.db.segments_db [None req-d6b0ae4e-3712-4288-82c2-45338c4e56cd a2809b18e6c1435ebac411e483a62686 76c66d9e81d943da9fdb4c40fe12f18c - - default default] Added segment 2a663260-cc23-45b3-9949-2b2d7e6a2af0 of type geneve for network 81844ba0-b1c4-4751-b086-123d35049d13
2026-07-26 11:19:33.570 7 INFO neutron.services.segments.plugin [-] Segment e4959a07-527a-44d6-a005-e31b4c187557 resource provider aggregate not found
2026-07-26 11:19:33.593 7 INFO neutron.services.segments.plugin [-] Segment e4959a07-527a-44d6-a005-e31b4c187557 resource provider aggregate not found
2026-07-26 11:19:33.608 8 INFO neutron.db.ovn_revision_numbers_db [None req-d6b0ae4e-3712-4288-82c2-45338c4e56cd a2809b18e6c1435ebac411e483a62686 76c66d9e81d943da9fdb4c40fe12f18c - - default default] Successfully bumped revision number for resource 81844ba0-b1c4-4751-b086-123d35049d13 (type: networks) to 1
2026-07-26 11:19:33.614 7 INFO neutron.services.segments.plugin [-] Segment e4959a07-527a-44d6-a005-e31b4c187557 resource provider not found; error: Placement Client Error (4xx): {"errors": [{"status": 404, "title": "Not Found", "detail": "The resource could not be found.\n\n No resource provider with uuid e4959a07-527a-44d6-a005-e31b4c187557 found for delete ", "request_id": "req-2211f4d7-77b5-4afc-be20-41060d400fe7"}]}
2026-07-26 11:19:33.635 7 INFO neutron.services.segments.plugin [-] Segment e4959a07-527a-44d6-a005-e31b4c187557 resource provider not found; error: Placement Client Error (4xx): {"errors": [{"status": 404, "title": "Not Found", "detail": "The resource could not be found.\n\n No resource provider with uuid e4959a07-527a-44d6-a005-e31b4c187557 found for delete ", "request_id": "req-1c633821-0eb6-497a-a295-6a09c94414a7"}]} [pid: 7|app: 0|req: 808/1578] 10.0.0.204 () {32 vars in 726 bytes} [Sun Jul 26 11:19:33 2026] DELETE /v2.0/networks/fae18125-b238-4913-8231-f902b122ad08 => generated 0 bytes in 473 msecs (HTTP/1.1 204) 3 headers in 131 bytes (1 switches on core 0) [pid: 7|app: 0|req: 809/1579] 10.0.0.204 () {32 vars in 649 bytes} [Sun Jul 26 11:19:33 2026] GET /v2.0/networks => generated 1385 bytes in 49 msecs (HTTP/1.1 200) 4 headers in 158 bytes (1 switches on core 0) [pid: 7|app: 0|req: 810/1580] 10.0.0.204 () {32 vars in 647 bytes} [Sun Jul 26 11:19:33 2026] GET /v2.0/subnets => generated 1280 bytes in 34 msecs (HTTP/1.1 200) 4 headers in 158 bytes (1 switches on core 0) [pid: 7|app: 0|req: 811/1581] 10.0.0.204 () {32 vars in 723 bytes} [Sun Jul 26 11:19:33 2026] GET /v2.0/networks/53728851-4368-4097-9d86-4c2448205532 => generated 707 bytes in 41 msecs (HTTP/1.1 200) 4 headers in 157 bytes (1 switches on core 0)
2026-07-26 11:19:33.807 8 WARNING neutron.scheduler.dhcp_agent_scheduler [None req-d6b0ae4e-3712-4288-82c2-45338c4e56cd a2809b18e6c1435ebac411e483a62686 76c66d9e81d943da9fdb4c40fe12f18c - - default default] No more DHCP agents
2026-07-26 11:19:33.809 8 WARNING neutron.api.rpc.agentnotifiers.dhcp_rpc_agent_api [None req-d6b0ae4e-3712-4288-82c2-45338c4e56cd a2809b18e6c1435ebac411e483a62686 76c66d9e81d943da9fdb4c40fe12f18c - - default default] Unable to schedule network 81844ba0-b1c4-4751-b086-123d35049d13: no agents available; will retry on subsequent port and subnet creation events. [pid: 7|app: 0|req: 812/1582] 10.0.0.204 () {32 vars in 721 bytes} [Sun Jul 26 11:19:33 2026] GET /v2.0/subnets/2227b28b-7f62-4074-96bb-67bb91279d6c => generated 641 bytes in 28 msecs (HTTP/1.1 200) 4 headers in 157 bytes (1 switches on core 0)
2026-07-26 11:19:33.876 7 INFO neutron.plugins.ml2.drivers.ovn.mech_driver.mech_driver [None req-27b226d8-aa69-4c8d-b900-9b0a4176ce24 - - - - - -] OVN reports status down for port: a431a7bc-c5fb-439a-8b66-c02897e22a0b [pid: 7|app: 0|req: 813/1583] 10.0.0.204 () {32 vars in 774 bytes} [Sun Jul 26 11:19:33 2026] GET /v2.0/security-groups?tenant_id=0682aa017187429f8278153a347be90e&name=default => generated 2925 bytes in 65 msecs (HTTP/1.1 200) 4 headers in 158 bytes (1 switches on core 0)
2026-07-26 11:19:33.899 8 INFO neutron.db.ovn_revision_numbers_db [None req-d6b0ae4e-3712-4288-82c2-45338c4e56cd a2809b18e6c1435ebac411e483a62686 76c66d9e81d943da9fdb4c40fe12f18c - - default default] Successfully bumped revision number for resource a431a7bc-c5fb-439a-8b66-c02897e22a0b (type: ports) to 1
2026-07-26 11:19:33.930 7 INFO neutron.pecan_wsgi.hooks.translation [None req-ae289817-a259-49f9-a098-1cf05ccca928 4f4fbe68b88541a8a134eee2e20cc807 56be5ee84e1e4eda9e5098d3e85f123b - - default default] DELETE failed (client error): The resource could not be found. [pid: 7|app: 0|req: 814/1584] 10.0.0.204 () {32 vars in 724 bytes} [Sun Jul 26 11:19:33 2026] DELETE /v2.0/subnets/1747f387-035c-4c7d-8b23-7ea3982e92c3 => generated 136 bytes in 39 msecs (HTTP/1.1 404) 4 headers in 164 bytes (1 switches on core 0)
2026-07-26 11:19:33.956 8 INFO neutron.services.segments.plugin [-] Segment 600593be-51d6-441e-b320-9053b3735930 resource provider aggregate not found
2026-07-26 11:19:33.959 8 INFO neutron.services.segments.plugin [-] Segment 600593be-51d6-441e-b320-9053b3735930 resource provider aggregate not found [pid: 8|app: 0|req: 771/1585] 10.0.0.204 () {34 vars in 670 bytes} [Sun Jul 26 11:19:33 2026] POST /v2.0/networks => generated 648 bytes in 587 msecs (HTTP/1.1 201) 4 headers in 162 bytes (1 switches on core 0)
2026-07-26 11:19:33.975 8 INFO neutron.services.segments.plugin [-] Segment 600593be-51d6-441e-b320-9053b3735930 resource provider not found; error: Placement Client Error (4xx): {"errors": [{"status": 404, "title": "Not Found", "detail": "The resource could not be found.\n\n No resource provider with uuid 600593be-51d6-441e-b320-9053b3735930 found for delete ", "request_id": "req-0d0402c4-8e50-4c6f-b4a0-ef0267464415"}]}
2026-07-26 11:19:33.979 8 INFO neutron.services.segments.plugin [-] Segment 600593be-51d6-441e-b320-9053b3735930 resource provider not found; error: Placement Client Error (4xx): {"errors": [{"status": 404, "title": "Not Found", "detail": "The resource could not be found.\n\n No resource provider with uuid 600593be-51d6-441e-b320-9053b3735930 found for delete ", "request_id": "req-7322851b-a483-467d-995d-96edaa90a41b"}]}
2026-07-26 11:19:33.992 8 INFO neutron.services.segments.plugin [-] Segment 457cebdd-6f55-4048-aefb-1303b89cef9a resource provider aggregate not found
2026-07-26 11:19:34.002 8 INFO neutron.services.segments.plugin [-] Segment 457cebdd-6f55-4048-aefb-1303b89cef9a resource provider aggregate not found
2026-07-26 11:19:34.011 8 INFO neutron.pecan_wsgi.hooks.translation [None req-ace1ced2-6cc3-467a-b4ba-644ae9a9863c 4f4fbe68b88541a8a134eee2e20cc807 56be5ee84e1e4eda9e5098d3e85f123b - - default default] DELETE failed (client error): The resource could not be found. [pid: 8|app: 0|req: 772/1586] 10.0.0.204 () {32 vars in 726 bytes} [Sun Jul 26 11:19:33 2026] DELETE /v2.0/networks/99c75674-4a53-4417-9f84-103d5748ea3a => generated 138 bytes in 46 msecs (HTTP/1.1 404) 4 headers in 164 bytes (1 switches on core 0)
2026-07-26 11:19:34.016 8 INFO neutron.services.segments.plugin [-] Segment 457cebdd-6f55-4048-aefb-1303b89cef9a resource provider not found; error: Placement Client Error (4xx): {"errors": [{"status": 404, "title": "Not Found", "detail": "The resource could not be found.\n\n No resource provider with uuid 457cebdd-6f55-4048-aefb-1303b89cef9a found for delete ", "request_id": "req-1e05eeb8-aaec-4894-8deb-26c7dc58a2be"}]}
2026-07-26 11:19:34.024 8 INFO neutron.services.segments.plugin [-] Segment 457cebdd-6f55-4048-aefb-1303b89cef9a resource provider not found; error: Placement Client Error (4xx): {"errors": [{"status": 404, "title": "Not Found", "detail": "The resource could not be found.\n\n No resource provider with uuid 457cebdd-6f55-4048-aefb-1303b89cef9a found for delete ", "request_id": "req-098b2cb8-e0aa-4c94-b620-4f46f8d43545"}]} [pid: 7|app: 0|req: 815/1587] 10.0.0.204 () {32 vars in 740 bytes} [Sun Jul 26 11:19:33 2026] DELETE /v2.0/security-groups/882e74da-9787-4054-8916-bc259af18402 => generated 0 bytes in 307 msecs (HTTP/1.1 204) 2 headers in 112 bytes (1 switches on core 0)
2026-07-26 11:19:34.265 8 WARNING neutron.scheduler.dhcp_agent_scheduler [None req-f87c054e-c090-47f4-a311-b192c69ca662 a2809b18e6c1435ebac411e483a62686 76c66d9e81d943da9fdb4c40fe12f18c - - default default] No more DHCP agents
2026-07-26 11:19:34.267 8 WARNING neutron.api.rpc.agentnotifiers.dhcp_rpc_agent_api [None req-f87c054e-c090-47f4-a311-b192c69ca662 a2809b18e6c1435ebac411e483a62686 76c66d9e81d943da9fdb4c40fe12f18c - - default default] Unable to schedule network 81844ba0-b1c4-4751-b086-123d35049d13: no agents available; will retry on subsequent port and subnet creation events. [pid: 7|app: 0|req: 816/1588] 10.0.0.204 () {32 vars in 724 bytes} [Sun Jul 26 11:19:34 2026] DELETE /v2.0/subnets/2227b28b-7f62-4074-96bb-67bb91279d6c => generated 0 bytes in 183 msecs (HTTP/1.1 204) 3 headers in 131 bytes (1 switches on core 0)
2026-07-26 11:19:34.577 7 INFO neutron_taas.services.taas.taas_plugin [None req-bcfdf82b-547a-41af-a2b7-0114a86dc6a6 4f4fbe68b88541a8a134eee2e20cc807 56be5ee84e1e4eda9e5098d3e85f123b - - default default] TaaS: Handle Delete Port: 7c310ca3-c1f8-4a69-83f5-2fb71cd3e02a
2026-07-26 11:19:34.579 7 INFO neutron_taas.services.taas.tap_mirror_plugin [None req-bcfdf82b-547a-41af-a2b7-0114a86dc6a6 4f4fbe68b88541a8a134eee2e20cc807 56be5ee84e1e4eda9e5098d3e85f123b - - default default] Tap Mirror: Handle Delete Port: 7c310ca3-c1f8-4a69-83f5-2fb71cd3e02a
2026-07-26 11:19:34.711 8 INFO neutron.db.ovn_revision_numbers_db [None req-9b4a78f8-243f-4ca6-917f-6293409512a1 - - - - - -] Successfully bumped revision number for resource a431a7bc-c5fb-439a-8b66-c02897e22a0b (type: ports) to 2
2026-07-26 11:19:34.744 8 INFO neutron.db.ovn_revision_numbers_db [None req-9b4a78f8-243f-4ca6-917f-6293409512a1 - - - - - -] Successfully bumped revision number for resource 86869fdc-c1e6-4a63-a4f6-f02033005fcf (type: subnets) to 0 [pid: 8|app: 0|req: 773/1589] 10.0.0.204 () {34 vars in 669 bytes} [Sun Jul 26 11:19:34 2026] POST /v2.0/subnets => generated 626 bytes in 745 msecs (HTTP/1.1 201) 4 headers in 162 bytes (1 switches on core 0) [pid: 7|app: 0|req: 817/1590] 10.0.0.204 () {32 vars in 726 bytes} [Sun Jul 26 11:19:34 2026] DELETE /v2.0/networks/53728851-4368-4097-9d86-4c2448205532 => generated 0 bytes in 397 msecs (HTTP/1.1 204) 3 headers in 131 bytes (1 switches on core 0)
2026-07-26 11:19:34.877 8 INFO neutron.db.ovn_revision_numbers_db [None req-aa9b13d8-3097-4675-8cbe-8c4900e4e052 a2809b18e6c1435ebac411e483a62686 76c66d9e81d943da9fdb4c40fe12f18c - - default default] Successfully bumped revision number for resource 1d605bbe-de0e-432d-af4c-3514256ffc35 (type: routers) to 1 [pid: 8|app: 0|req: 774/1591] 10.0.0.204 () {34 vars in 669 bytes} [Sun Jul 26 11:19:34 2026] POST /v2.0/routers => generated 601 bytes in 130 msecs (HTTP/1.1 201) 4 headers in 162 bytes (1 switches on core 0)
2026-07-26 11:19:35.362 7 WARNING neutron.scheduler.dhcp_agent_scheduler [None req-fa6c6753-c983-42aa-b637-66de25fb1a5e a2809b18e6c1435ebac411e483a62686 76c66d9e81d943da9fdb4c40fe12f18c - - default default] No more DHCP agents
2026-07-26 11:19:35.363 7 WARNING neutron.api.rpc.agentnotifiers.dhcp_rpc_agent_api [None req-fa6c6753-c983-42aa-b637-66de25fb1a5e a2809b18e6c1435ebac411e483a62686 76c66d9e81d943da9fdb4c40fe12f18c - - default default] Unable to schedule network 81844ba0-b1c4-4751-b086-123d35049d13: no agents available; will retry on subsequent port and subnet creation events.
2026-07-26 11:19:35.469 8 INFO neutron.plugins.ml2.drivers.ovn.mech_driver.mech_driver [None req-e23c788c-98f1-4c35-8081-21ff687e8a92 - - - - - -] OVN reports status down for port: 1b6b15b4-ea03-49b1-ba48-579bfe73d092
2026-07-26 11:19:35.512 7 INFO neutron.db.ovn_revision_numbers_db [None req-fa6c6753-c983-42aa-b637-66de25fb1a5e a2809b18e6c1435ebac411e483a62686 76c66d9e81d943da9fdb4c40fe12f18c - - default default] Successfully bumped revision number for resource 1b6b15b4-ea03-49b1-ba48-579bfe73d092 (type: ports) to 1 [pid: 8|app: 0|req: 775/1592] 10.0.0.204 () {32 vars in 774 bytes} [Sun Jul 26 11:19:35 2026] GET /v2.0/security-groups?tenant_id=56be5ee84e1e4eda9e5098d3e85f123b&name=default => generated 2925 bytes in 260 msecs (HTTP/1.1 200) 4 headers in 158 bytes (1 switches on core 0)
2026-07-26 11:19:35.651 7 INFO neutron.services.segments.plugin [-] Segment 8be2afe3-ecb0-4533-b706-45b969708c86 resource provider aggregate not found
2026-07-26 11:19:35.686 7 INFO neutron.services.segments.plugin [-] Segment 8be2afe3-ecb0-4533-b706-45b969708c86 resource provider not found; error: Placement Client Error (4xx): {"errors": [{"status": 404, "title": "Not Found", "detail": "The resource could not be found.\n\n No resource provider with uuid 8be2afe3-ecb0-4533-b706-45b969708c86 found for delete ", "request_id": "req-e0cb805c-270d-46b6-8d2d-e125327d6203"}]}
2026-07-26 11:19:35.698 7 INFO neutron.services.segments.plugin [-] Segment 8be2afe3-ecb0-4533-b706-45b969708c86 resource provider aggregate not found
2026-07-26 11:19:35.729 7 INFO neutron.services.segments.plugin [-] Segment 8be2afe3-ecb0-4533-b706-45b969708c86 resource provider not found; error: Placement Client Error (4xx): {"errors": [{"status": 404, "title": "Not Found", "detail": "The resource could not be found.\n\n No resource provider with uuid 8be2afe3-ecb0-4533-b706-45b969708c86 found for delete ", "request_id": "req-f12fd626-f514-4b03-8a08-135cceca01cf"}]} [pid: 8|app: 0|req: 776/1593] 10.0.0.204 () {32 vars in 740 bytes} [Sun Jul 26 11:19:35 2026] DELETE /v2.0/security-groups/e1a2499a-dbcc-4fa2-9504-f5ee70de7a6a => generated 0 bytes in 283 msecs (HTTP/1.1 204) 2 headers in 112 bytes (1 switches on core 0)
2026-07-26 11:19:36.132 8 INFO neutron.plugins.ml2.drivers.ovn.mech_driver.mech_driver [None req-e23c788c-98f1-4c35-8081-21ff687e8a92 - - - - - -] OVN reports status up for port: 1b6b15b4-ea03-49b1-ba48-579bfe73d092
2026-07-26 11:19:36.148 8 INFO neutron.plugins.ml2.plugin [None req-e23c788c-98f1-4c35-8081-21ff687e8a92 - - - - - -] Attempt 1 to provision port 1b6b15b4-ea03-49b1-ba48-579bfe73d092
2026-07-26 11:19:36.217 7 WARNING neutron.scheduler.dhcp_agent_scheduler [None req-fa6c6753-c983-42aa-b637-66de25fb1a5e a2809b18e6c1435ebac411e483a62686 76c66d9e81d943da9fdb4c40fe12f18c - - default default] No more DHCP agents
2026-07-26 11:19:36.221 7 WARNING neutron.api.rpc.agentnotifiers.dhcp_rpc_agent_api [None req-fa6c6753-c983-42aa-b637-66de25fb1a5e a2809b18e6c1435ebac411e483a62686 76c66d9e81d943da9fdb4c40fe12f18c - - default default] Unable to schedule network 81844ba0-b1c4-4751-b086-123d35049d13: no agents available; will retry on subsequent port and subnet creation events.
2026-07-26 11:19:36.420 7 INFO neutron.db.ovn_revision_numbers_db [None req-fa6c6753-c983-42aa-b637-66de25fb1a5e a2809b18e6c1435ebac411e483a62686 76c66d9e81d943da9fdb4c40fe12f18c - - default default] Successfully bumped revision number for resource 1b6b15b4-ea03-49b1-ba48-579bfe73d092 (type: router_ports) to 1 [pid: 7|app: 0|req: 818/1596] 10.0.0.204 () {34 vars in 783 bytes} [Sun Jul 26 11:19:34 2026] PUT /v2.0/routers/1d605bbe-de0e-432d-af4c-3514256ffc35/add_router_interface => generated 309 bytes in 1526 msecs (HTTP/1.1 200) 4 headers in 157 bytes (1 switches on core 0) [pid: 8|app: 0|req: 779/1597] 10.0.0.204 () {32 vars in 717 bytes} [Sun Jul 26 11:19:36 2026] GET /v2.0/ports/1b6b15b4-ea03-49b1-ba48-579bfe73d092 => generated 943 bytes in 71 msecs (HTTP/1.1 200) 4 headers in 157 bytes (1 switches on core 0) [pid: 7|app: 0|req: 819/1598] 10.0.0.204 () {32 vars in 717 bytes} [Sun Jul 26 11:19:36 2026] GET /v2.0/ports/1b6b15b4-ea03-49b1-ba48-579bfe73d092 => generated 943 bytes in 94 msecs (HTTP/1.1 200) 4 headers in 157 bytes (1 switches on core 0)
2026-07-26 11:19:36.754 8 INFO neutron.db.ovn_revision_numbers_db [None req-e23c788c-98f1-4c35-8081-21ff687e8a92 - - - - - -] Successfully bumped revision number for resource 1b6b15b4-ea03-49b1-ba48-579bfe73d092 (type: ports) to 2
2026-07-26 11:19:37.051 8 INFO neutron_taas.services.taas.taas_plugin [None req-2c9a0850-7a17-4605-bd1c-036081f3846a a2809b18e6c1435ebac411e483a62686 76c66d9e81d943da9fdb4c40fe12f18c - - default default] TaaS: Handle Delete Port: 1b6b15b4-ea03-49b1-ba48-579bfe73d092
2026-07-26 11:19:37.054 8 INFO neutron_taas.services.taas.tap_mirror_plugin [None req-2c9a0850-7a17-4605-bd1c-036081f3846a a2809b18e6c1435ebac411e483a62686 76c66d9e81d943da9fdb4c40fe12f18c - - default default] Tap Mirror: Handle Delete Port: 1b6b15b4-ea03-49b1-ba48-579bfe73d092 [pid: 8|app: 0|req: 780/1599] 10.0.0.204 () {34 vars in 789 bytes} [Sun Jul 26 11:19:36 2026] PUT /v2.0/routers/1d605bbe-de0e-432d-af4c-3514256ffc35/remove_router_interface => generated 309 bytes in 824 msecs (HTTP/1.1 200) 4 headers in 157 bytes (1 switches on core 0) [pid: 7|app: 0|req: 820/1600] 10.0.0.204 () {32 vars in 736 bytes} [Sun Jul 26 11:19:37 2026] GET /v2.0/ports?device_id=1d605bbe-de0e-432d-af4c-3514256ffc35 => generated 12 bytes in 28 msecs (HTTP/1.1 200) 4 headers in 156 bytes (1 switches on core 0) /var/lib/openstack/lib/python3.12/site-packages/pycadf/identifier.py:70: UserWarning: Invalid uuid: neutron. To ensure interoperability, identifiers should be a valid uuid. warnings.warn(('Invalid uuid: %s. To ensure interoperability, ' [pid: 8|app: 0|req: 781/1601] 10.0.0.204 () {32 vars in 724 bytes} [Sun Jul 26 11:19:37 2026] DELETE /v2.0/routers/1d605bbe-de0e-432d-af4c-3514256ffc35 => generated 0 bytes in 213 msecs (HTTP/1.1 204) 2 headers in 112 bytes (1 switches on core 0)
2026-07-26 11:19:37.922 7 INFO neutron.db.ovn_revision_numbers_db [None req-2a5ab848-2966-4118-9c18-ca42f8554777 4b6667b79c524b0895f8ecb8087d0d9b 5bbe2289c162425db89d6566c94dd3d6 - - default default] Successfully bumped revision number for resource d8194dc5-75f0-41c7-93bc-dae3d713848b (type: security_groups) to 1 [pid: 8|app: 0|req: 782/1602] 10.0.0.204 () {32 vars in 724 bytes} [Sun Jul 26 11:19:37 2026] DELETE /v2.0/subnets/86869fdc-c1e6-4a63-a4f6-f02033005fcf => generated 0 bytes in 225 msecs (HTTP/1.1 204) 3 headers in 131 bytes (1 switches on core 0)
2026-07-26 11:19:37.940 7 INFO neutron.db.ovn_revision_numbers_db [None req-2a5ab848-2966-4118-9c18-ca42f8554777 4b6667b79c524b0895f8ecb8087d0d9b 5bbe2289c162425db89d6566c94dd3d6 - - default default] Successfully bumped revision number for resource 1e2fc8fb-e6c6-47ee-8469-46b59d83369a (type: security_group_rules) to 0
2026-07-26 11:19:37.955 7 INFO neutron.db.ovn_revision_numbers_db [None req-2a5ab848-2966-4118-9c18-ca42f8554777 4b6667b79c524b0895f8ecb8087d0d9b 5bbe2289c162425db89d6566c94dd3d6 - - default default] Successfully bumped revision number for resource 461a36a4-3884-4f5a-8ff8-1936fc61b318 (type: security_group_rules) to 0
2026-07-26 11:19:37.973 7 INFO neutron.db.ovn_revision_numbers_db [None req-2a5ab848-2966-4118-9c18-ca42f8554777 4b6667b79c524b0895f8ecb8087d0d9b 5bbe2289c162425db89d6566c94dd3d6 - - default default] Successfully bumped revision number for resource b0e9f215-a1fa-4117-9b6a-6ecdf1556649 (type: security_group_rules) to 0
2026-07-26 11:19:37.986 7 INFO neutron.db.ovn_revision_numbers_db [None req-2a5ab848-2966-4118-9c18-ca42f8554777 4b6667b79c524b0895f8ecb8087d0d9b 5bbe2289c162425db89d6566c94dd3d6 - - default default] Successfully bumped revision number for resource b3111686-bd22-400f-b390-40e6566fe4d0 (type: security_group_rules) to 0 [pid: 7|app: 0|req: 821/1603] 10.0.0.204 () {32 vars in 774 bytes} [Sun Jul 26 11:19:37 2026] GET /v2.0/security-groups?tenant_id=75cbd2c5210d462f805cfbcdbb2c3502&name=default => generated 2925 bytes in 440 msecs (HTTP/1.1 200) 4 headers in 158 bytes (1 switches on core 0)
2026-07-26 11:19:38.128 8 INFO neutron.db.ovn_revision_numbers_db [None req-cf439f8b-8263-497b-a39e-d5dd3559dd01 d26aa446a9404b6ca18f02bb23f6a1b2 098156f6f4d24f8ab51f4922e5551b78 - - default default] Successfully bumped revision number for resource 545720d4-5a1d-45e0-bc51-08726faae020 (type: security_groups) to 1
