2026-07-26 11:19:52.101 7 INFO neutron.db.ovn_revision_numbers_db [None req-4c44a820-90cd-47a0-8924-cbee514c1730 09f45825c1424aad92ba4c7fe1f16515 8a1748cf7aa94bbb86bc31528b14ccc2 - - default default] Successfully bumped revision number for resource 98f2c80a-4ce6-4bc2-b772-d03966b5dbe4 (type: security_group_rules) to 0
2026-07-26 11:19:52.116 7 INFO neutron.db.ovn_revision_numbers_db [None req-4c44a820-90cd-47a0-8924-cbee514c1730 09f45825c1424aad92ba4c7fe1f16515 8a1748cf7aa94bbb86bc31528b14ccc2 - - default default] Successfully bumped revision number for resource eb7fc53c-677a-4a75-b662-7eab325a214a (type: security_group_rules) to 0
2026-07-26 11:19:52.210 7 INFO neutron.db.segments_db [None req-4c44a820-90cd-47a0-8924-cbee514c1730 09f45825c1424aad92ba4c7fe1f16515 8a1748cf7aa94bbb86bc31528b14ccc2 - - default default] Added segment a7827157-6480-42d9-86c5-b52b1666a780 of type geneve for network a4ce3b5c-b4ad-4a1f-8167-c276035154aa [pid: 8|app: 0|req: 816/1674] 10.0.0.204 () {34 vars in 789 bytes} [Sun Jul 26 11:19:51 2026] PUT /v2.0/routers/f16ae7e3-a8af-46e5-8fed-ccc1afe8ae3e/remove_router_interface => generated 309 bytes in 642 msecs (HTTP/1.1 200) 4 headers in 157 bytes (1 switches on core 0) /var/lib/openstack/lib/python3.12/site-packages/pycadf/identifier.py:70: UserWarning: Invalid uuid: neutron. To ensure interoperability, identifiers should be a valid uuid. warnings.warn(('Invalid uuid: %s. To ensure interoperability, '
2026-07-26 11:19:52.331 7 INFO neutron.db.ovn_revision_numbers_db [None req-4c44a820-90cd-47a0-8924-cbee514c1730 09f45825c1424aad92ba4c7fe1f16515 8a1748cf7aa94bbb86bc31528b14ccc2 - - default default] Successfully bumped revision number for resource a4ce3b5c-b4ad-4a1f-8167-c276035154aa (type: networks) to 1 [pid: 8|app: 0|req: 817/1675] 10.0.0.204 () {32 vars in 717 bytes} [Sun Jul 26 11:19:52 2026] GET /v2.0/ports/94a0b587-b970-464f-a850-5aa2a1a2304e => generated 947 bytes in 85 msecs (HTTP/1.1 200) 4 headers in 157 bytes (1 switches on core 0)
2026-07-26 11:19:52.490 7 WARNING neutron.scheduler.dhcp_agent_scheduler [None req-4c44a820-90cd-47a0-8924-cbee514c1730 09f45825c1424aad92ba4c7fe1f16515 8a1748cf7aa94bbb86bc31528b14ccc2 - - default default] No more DHCP agents
2026-07-26 11:19:52.493 7 WARNING neutron.api.rpc.agentnotifiers.dhcp_rpc_agent_api [None req-4c44a820-90cd-47a0-8924-cbee514c1730 09f45825c1424aad92ba4c7fe1f16515 8a1748cf7aa94bbb86bc31528b14ccc2 - - default default] Unable to schedule network a4ce3b5c-b4ad-4a1f-8167-c276035154aa: no agents available; will retry on subsequent port and subnet creation events.
2026-07-26 11:19:52.570 7 INFO neutron.db.ovn_revision_numbers_db [None req-4c44a820-90cd-47a0-8924-cbee514c1730 09f45825c1424aad92ba4c7fe1f16515 8a1748cf7aa94bbb86bc31528b14ccc2 - - default default] Successfully bumped revision number for resource 39686e5c-3620-4417-87d2-7a3896d5ada7 (type: ports) to 1 [pid: 7|app: 0|req: 859/1676] 10.0.0.204 () {34 vars in 670 bytes} [Sun Jul 26 11:19:51 2026] POST /v2.0/networks => generated 748 bytes in 801 msecs (HTTP/1.1 201) 4 headers in 162 bytes (1 switches on core 0)
2026-07-26 11:19:52.707 8 INFO neutron_taas.services.taas.taas_plugin [None req-7db65601-1d04-4369-b56b-0a7a7c38c3a0 d26aa446a9404b6ca18f02bb23f6a1b2 098156f6f4d24f8ab51f4922e5551b78 - - default default] TaaS: Handle Delete Port: 94a0b587-b970-464f-a850-5aa2a1a2304e
2026-07-26 11:19:52.711 8 INFO neutron_taas.services.taas.tap_mirror_plugin [None req-7db65601-1d04-4369-b56b-0a7a7c38c3a0 d26aa446a9404b6ca18f02bb23f6a1b2 098156f6f4d24f8ab51f4922e5551b78 - - default default] Tap Mirror: Handle Delete Port: 94a0b587-b970-464f-a850-5aa2a1a2304e
2026-07-26 11:19:52.745 7 WARNING neutron.scheduler.dhcp_agent_scheduler [None req-5236ee09-a870-420a-9d06-4bab2a331a60 09f45825c1424aad92ba4c7fe1f16515 8a1748cf7aa94bbb86bc31528b14ccc2 - - default default] No more DHCP agents
2026-07-26 11:19:52.746 7 WARNING neutron.api.rpc.agentnotifiers.dhcp_rpc_agent_api [None req-5236ee09-a870-420a-9d06-4bab2a331a60 09f45825c1424aad92ba4c7fe1f16515 8a1748cf7aa94bbb86bc31528b14ccc2 - - default default] Unable to schedule network a4ce3b5c-b4ad-4a1f-8167-c276035154aa: no agents available; will retry on subsequent port and subnet creation events. [pid: 8|app: 0|req: 818/1677] 10.0.0.204 () {34 vars in 789 bytes} [Sun Jul 26 11:19:52 2026] PUT /v2.0/routers/f16ae7e3-a8af-46e5-8fed-ccc1afe8ae3e/remove_router_interface => generated 309 bytes in 596 msecs (HTTP/1.1 200) 4 headers in 157 bytes (1 switches on core 0) /var/lib/openstack/lib/python3.12/site-packages/pycadf/identifier.py:70: UserWarning: Invalid uuid: neutron. To ensure interoperability, identifiers should be a valid uuid. warnings.warn(('Invalid uuid: %s. To ensure interoperability, ' [pid: 8|app: 0|req: 819/1678] 10.0.0.204 () {32 vars in 736 bytes} [Sun Jul 26 11:19:53 2026] GET /v2.0/ports?device_id=f16ae7e3-a8af-46e5-8fed-ccc1afe8ae3e => generated 12 bytes in 21 msecs (HTTP/1.1 200) 4 headers in 156 bytes (1 switches on core 0)
2026-07-26 11:19:53.205 7 INFO neutron.db.ovn_revision_numbers_db [None req-2623716e-b24e-46dd-bba6-5ffe9527c81c - - - - - -] Successfully bumped revision number for resource 39686e5c-3620-4417-87d2-7a3896d5ada7 (type: ports) to 2
2026-07-26 11:19:53.242 7 INFO neutron.db.ovn_revision_numbers_db [None req-2623716e-b24e-46dd-bba6-5ffe9527c81c - - - - - -] Successfully bumped revision number for resource d8c7b2a5-9c3b-441b-b0b2-0ae740a890a1 (type: subnets) to 0 [pid: 7|app: 0|req: 860/1679] 10.0.0.204 () {34 vars in 669 bytes} [Sun Jul 26 11:19:52 2026] POST /v2.0/subnets => generated 644 bytes in 649 msecs (HTTP/1.1 201) 4 headers in 162 bytes (1 switches on core 0)
2026-07-26 11:19:53.267 7 WARNING neutron.api.v2.base [None req-5aa933ae-1f98-4332-9f22-1ab47be39dba 09f45825c1424aad92ba4c7fe1f16515 8a1748cf7aa94bbb86bc31528b14ccc2 - - default default] An exception happened while processing the request body. The exception message is [Invalid input for target_tenant. Reason: 'None' is not a valid string.].: webob.exc.HTTPBadRequest: Invalid input for target_tenant. Reason: 'None' is not a valid string.
2026-07-26 11:19:53.268 7 INFO neutron.api.v2.resource [None req-5aa933ae-1f98-4332-9f22-1ab47be39dba 09f45825c1424aad92ba4c7fe1f16515 8a1748cf7aa94bbb86bc31528b14ccc2 - - default default] create failed (client error): Invalid input for target_tenant. Reason: 'None' is not a valid string. [pid: 7|app: 0|req: 861/1680] 10.0.0.204 () {34 vars in 681 bytes} [Sun Jul 26 11:19:53 2026] POST /v2.0/rbac-policies => generated 143 bytes in 7 msecs (HTTP/1.1 400) 4 headers in 166 bytes (1 switches on core 0) [pid: 8|app: 0|req: 820/1681] 10.0.0.204 () {32 vars in 724 bytes} [Sun Jul 26 11:19:53 2026] DELETE /v2.0/routers/f16ae7e3-a8af-46e5-8fed-ccc1afe8ae3e => generated 0 bytes in 275 msecs (HTTP/1.1 204) 2 headers in 112 bytes (1 switches on core 0)
2026-07-26 11:19:53.426 7 INFO neutron_taas.services.taas.taas_plugin [None req-906680b4-310e-42cf-adf4-533c5a81b71d 09f45825c1424aad92ba4c7fe1f16515 8a1748cf7aa94bbb86bc31528b14ccc2 - - default default] TaaS: Handle Delete Port: 39686e5c-3620-4417-87d2-7a3896d5ada7
2026-07-26 11:19:53.430 7 INFO neutron_taas.services.taas.tap_mirror_plugin [None req-906680b4-310e-42cf-adf4-533c5a81b71d 09f45825c1424aad92ba4c7fe1f16515 8a1748cf7aa94bbb86bc31528b14ccc2 - - default default] Tap Mirror: Handle Delete Port: 39686e5c-3620-4417-87d2-7a3896d5ada7 [pid: 8|app: 0|req: 821/1682] 10.0.0.204 () {32 vars in 724 bytes} [Sun Jul 26 11:19:53 2026] DELETE /v2.0/subnets/8e9f1df3-9061-48a7-8efb-25fa37c8867c => generated 0 bytes in 155 msecs (HTTP/1.1 204) 3 headers in 131 bytes (1 switches on core 0) [pid: 8|app: 0|req: 822/1683] 10.0.0.204 () {32 vars in 724 bytes} [Sun Jul 26 11:19:53 2026] DELETE /v2.0/subnets/d7a38c6e-7b2c-4154-b488-6a508d62d423 => generated 0 bytes in 157 msecs (HTTP/1.1 204) 3 headers in 131 bytes (1 switches on core 0)
2026-07-26 11:19:53.727 7 INFO neutron.services.segments.plugin [-] Segment a7827157-6480-42d9-86c5-b52b1666a780 resource provider aggregate not found
2026-07-26 11:19:53.728 7 INFO neutron.services.segments.plugin [-] Segment a7827157-6480-42d9-86c5-b52b1666a780 resource provider aggregate not found
2026-07-26 11:19:53.750 7 INFO neutron.services.segments.plugin [-] Segment a7827157-6480-42d9-86c5-b52b1666a780 resource provider not found; error: Placement Client Error (4xx): {"errors": [{"status": 404, "title": "Not Found", "detail": "The resource could not be found.\n\n No resource provider with uuid a7827157-6480-42d9-86c5-b52b1666a780 found for delete ", "request_id": "req-e12822a5-8941-43cd-a72d-24c588bfedd0"}]}
2026-07-26 11:19:53.755 7 INFO neutron.services.segments.plugin [-] Segment a7827157-6480-42d9-86c5-b52b1666a780 resource provider not found; error: Placement Client Error (4xx): {"errors": [{"status": 404, "title": "Not Found", "detail": "The resource could not be found.\n\n No resource provider with uuid a7827157-6480-42d9-86c5-b52b1666a780 found for delete ", "request_id": "req-8ddd780b-f4d0-48dc-bd5b-9331419be75a"}]}
2026-07-26 11:19:53.755 8 INFO neutron_taas.services.taas.taas_plugin [None req-2a464caf-e56b-44a8-aaa0-427360b94d0d d26aa446a9404b6ca18f02bb23f6a1b2 098156f6f4d24f8ab51f4922e5551b78 - - default default] TaaS: Handle Delete Port: 24d67b3a-ceef-4428-a932-3fb28472338a
2026-07-26 11:19:53.758 8 INFO neutron_taas.services.taas.tap_mirror_plugin [None req-2a464caf-e56b-44a8-aaa0-427360b94d0d d26aa446a9404b6ca18f02bb23f6a1b2 098156f6f4d24f8ab51f4922e5551b78 - - default default] Tap Mirror: Handle Delete Port: 24d67b3a-ceef-4428-a932-3fb28472338a [pid: 7|app: 0|req: 862/1684] 10.0.0.204 () {32 vars in 726 bytes} [Sun Jul 26 11:19:53 2026] DELETE /v2.0/networks/a4ce3b5c-b4ad-4a1f-8167-c276035154aa => generated 0 bytes in 497 msecs (HTTP/1.1 204) 3 headers in 131 bytes (1 switches on core 0)
2026-07-26 11:19:53.869 7 INFO neutron.db.segments_db [None req-7daeb292-3d9d-45a1-89bd-b1efd701b809 09f45825c1424aad92ba4c7fe1f16515 8a1748cf7aa94bbb86bc31528b14ccc2 - - default default] Added segment 95cd3aba-18e6-4370-86d6-51e2bbab9427 of type geneve for network 42d237b6-0667-475f-9c4a-535887e8ef83
2026-07-26 11:19:53.923 8 INFO neutron.services.segments.plugin [-] Segment 84eaae54-c3c4-4586-8285-d56f8457456a resource provider aggregate not found
2026-07-26 11:19:53.928 8 INFO neutron.services.segments.plugin [-] Segment 84eaae54-c3c4-4586-8285-d56f8457456a resource provider aggregate not found
2026-07-26 11:19:53.948 8 INFO neutron.services.segments.plugin [-] Segment 84eaae54-c3c4-4586-8285-d56f8457456a resource provider not found; error: Placement Client Error (4xx): {"errors": [{"status": 404, "title": "Not Found", "detail": "The resource could not be found.\n\n No resource provider with uuid 84eaae54-c3c4-4586-8285-d56f8457456a found for delete ", "request_id": "req-66b60e54-9f53-4766-880d-a24607529bfd"}]}
2026-07-26 11:19:53.955 8 INFO neutron.services.segments.plugin [-] Segment 84eaae54-c3c4-4586-8285-d56f8457456a resource provider not found; error: Placement Client Error (4xx): {"errors": [{"status": 404, "title": "Not Found", "detail": "The resource could not be found.\n\n No resource provider with uuid 84eaae54-c3c4-4586-8285-d56f8457456a found for delete ", "request_id": "req-ff7d2c5d-4a65-420b-8248-b6d404778b41"}]}
2026-07-26 11:19:53.978 7 INFO neutron.db.ovn_revision_numbers_db [None req-7daeb292-3d9d-45a1-89bd-b1efd701b809 09f45825c1424aad92ba4c7fe1f16515 8a1748cf7aa94bbb86bc31528b14ccc2 - - default default] Successfully bumped revision number for resource 42d237b6-0667-475f-9c4a-535887e8ef83 (type: networks) to 1 [pid: 8|app: 0|req: 823/1685] 10.0.0.204 () {32 vars in 726 bytes} [Sun Jul 26 11:19:53 2026] DELETE /v2.0/networks/8b15466f-7941-4bb1-9a27-08d7754ba252 => generated 0 bytes in 351 msecs (HTTP/1.1 204) 3 headers in 131 bytes (1 switches on core 0)
2026-07-26 11:19:54.119 8 INFO neutron_taas.services.taas.taas_plugin [None req-0a8fd0d7-32eb-441b-9391-5646d63b8efb d26aa446a9404b6ca18f02bb23f6a1b2 098156f6f4d24f8ab51f4922e5551b78 - - default default] TaaS: Handle Delete Port: ddc8f654-bbe5-4243-b045-3a5439a4d302
2026-07-26 11:19:54.123 8 INFO neutron_taas.services.taas.tap_mirror_plugin [None req-0a8fd0d7-32eb-441b-9391-5646d63b8efb d26aa446a9404b6ca18f02bb23f6a1b2 098156f6f4d24f8ab51f4922e5551b78 - - default default] Tap Mirror: Handle Delete Port: ddc8f654-bbe5-4243-b045-3a5439a4d302
2026-07-26 11:19:54.177 7 WARNING neutron.scheduler.dhcp_agent_scheduler [None req-7daeb292-3d9d-45a1-89bd-b1efd701b809 09f45825c1424aad92ba4c7fe1f16515 8a1748cf7aa94bbb86bc31528b14ccc2 - - default default] No more DHCP agents
2026-07-26 11:19:54.180 7 WARNING neutron.api.rpc.agentnotifiers.dhcp_rpc_agent_api [None req-7daeb292-3d9d-45a1-89bd-b1efd701b809 09f45825c1424aad92ba4c7fe1f16515 8a1748cf7aa94bbb86bc31528b14ccc2 - - default default] Unable to schedule network 42d237b6-0667-475f-9c4a-535887e8ef83: no agents available; will retry on subsequent port and subnet creation events.
2026-07-26 11:19:54.286 7 INFO neutron.db.ovn_revision_numbers_db [None req-7daeb292-3d9d-45a1-89bd-b1efd701b809 09f45825c1424aad92ba4c7fe1f16515 8a1748cf7aa94bbb86bc31528b14ccc2 - - default default] Successfully bumped revision number for resource 891147a0-6eb0-439c-a608-7b3e0204fe64 (type: ports) to 1 [pid: 7|app: 0|req: 863/1686] 10.0.0.204 () {34 vars in 670 bytes} [Sun Jul 26 11:19:53 2026] POST /v2.0/networks => generated 748 bytes in 533 msecs (HTTP/1.1 201) 4 headers in 162 bytes (1 switches on core 0) [pid: 8|app: 0|req: 824/1687] 10.0.0.204 () {32 vars in 726 bytes} [Sun Jul 26 11:19:54 2026] DELETE /v2.0/networks/1adfec11-d2f1-4d7f-ba9c-475538d1bc00 => generated 0 bytes in 397 msecs (HTTP/1.1 204) 3 headers in 131 bytes (1 switches on core 0)
2026-07-26 11:19:54.466 7 WARNING neutron.scheduler.dhcp_agent_scheduler [None req-47cb940f-ba17-4849-972b-17bcc91c8565 09f45825c1424aad92ba4c7fe1f16515 8a1748cf7aa94bbb86bc31528b14ccc2 - - default default] No more DHCP agents
2026-07-26 11:19:54.467 7 WARNING neutron.api.rpc.agentnotifiers.dhcp_rpc_agent_api [None req-47cb940f-ba17-4849-972b-17bcc91c8565 09f45825c1424aad92ba4c7fe1f16515 8a1748cf7aa94bbb86bc31528b14ccc2 - - default default] Unable to schedule network 42d237b6-0667-475f-9c4a-535887e8ef83: no agents available; will retry on subsequent port and subnet creation events.
2026-07-26 11:19:54.504 8 INFO neutron.db.segments_db [None req-c8283c2d-b5a1-4347-8aed-762449eaa35c d26aa446a9404b6ca18f02bb23f6a1b2 098156f6f4d24f8ab51f4922e5551b78 - - default default] Added segment e52d6f3c-f781-410e-b6ea-5ee5289525b1 of type geneve for network b434fb71-7815-45e1-a19e-443ac0104025
2026-07-26 11:19:54.617 8 INFO neutron.db.ovn_revision_numbers_db [None req-c8283c2d-b5a1-4347-8aed-762449eaa35c d26aa446a9404b6ca18f02bb23f6a1b2 098156f6f4d24f8ab51f4922e5551b78 - - default default] Successfully bumped revision number for resource b434fb71-7815-45e1-a19e-443ac0104025 (type: networks) to 1
2026-07-26 11:19:54.822 8 WARNING neutron.scheduler.dhcp_agent_scheduler [None req-c8283c2d-b5a1-4347-8aed-762449eaa35c d26aa446a9404b6ca18f02bb23f6a1b2 098156f6f4d24f8ab51f4922e5551b78 - - default default] No more DHCP agents
2026-07-26 11:19:54.824 8 WARNING neutron.api.rpc.agentnotifiers.dhcp_rpc_agent_api [None req-c8283c2d-b5a1-4347-8aed-762449eaa35c d26aa446a9404b6ca18f02bb23f6a1b2 098156f6f4d24f8ab51f4922e5551b78 - - default default] Unable to schedule network b434fb71-7815-45e1-a19e-443ac0104025: no agents available; will retry on subsequent port and subnet creation events.
2026-07-26 11:19:54.945 8 INFO neutron.db.ovn_revision_numbers_db [None req-c8283c2d-b5a1-4347-8aed-762449eaa35c d26aa446a9404b6ca18f02bb23f6a1b2 098156f6f4d24f8ab51f4922e5551b78 - - default default] Successfully bumped revision number for resource cfaa4bf5-08b8-4dee-af65-2fd3c16e24c7 (type: ports) to 1
2026-07-26 11:19:54.970 7 INFO neutron.db.ovn_revision_numbers_db [None req-a484f0b6-f1c3-4ead-bd73-961f89b923bf - - - - - -] Successfully bumped revision number for resource 891147a0-6eb0-439c-a608-7b3e0204fe64 (type: ports) to 2 [pid: 8|app: 0|req: 825/1688] 10.0.0.204 () {34 vars in 670 bytes} [Sun Jul 26 11:19:54 2026] POST /v2.0/networks => generated 652 bytes in 573 msecs (HTTP/1.1 201) 4 headers in 162 bytes (1 switches on core 0)
2026-07-26 11:19:55.007 7 INFO neutron.db.ovn_revision_numbers_db [None req-a484f0b6-f1c3-4ead-bd73-961f89b923bf - - - - - -] Successfully bumped revision number for resource f966baf1-20fa-4b19-a20e-f3e51b5dbe0c (type: subnets) to 0 [pid: 7|app: 0|req: 864/1689] 10.0.0.204 () {34 vars in 669 bytes} [Sun Jul 26 11:19:54 2026] POST /v2.0/subnets => generated 647 bytes in 719 msecs (HTTP/1.1 201) 4 headers in 162 bytes (1 switches on core 0)
2026-07-26 11:19:55.047 7 WARNING neutron.api.v2.base [None req-3a8525e3-82c9-4e1f-8b07-72ece957ecff 09f45825c1424aad92ba4c7fe1f16515 8a1748cf7aa94bbb86bc31528b14ccc2 - - default default] An exception happened while processing the request body. The exception message is [Invalid input for target_tenant. Reason: '1234123412341234123412341234123412341234123412341234123412341234123412341234123412341234123412341234123412341234123412341234123412341234123412341234123412341234123412341234123412341234123412341234123412341234123412341234123412341234123412341234123412341234123412341234123412341234123412341234123412341234123412341234123412341234123412341234123412341234123412341234123412341234123412341234123412341234' exceeds maximum length of 255.].: webob.exc.HTTPBadRequest: Invalid input for target_tenant. Reason: '1234123412341234123412341234123412341234123412341234123412341234123412341234123412341234123412341234123412341234123412341234123412341234123412341234123412341234123412341234123412341234123412341234123412341234123412341234123412341234123412341234123412341234123412341234123412341234123412341234123412341234123412341234123412341234123412341234123412341234123412341234123412341234123412341234123412341234' exceeds maximum length of 255.
2026-07-26 11:19:55.047 7 INFO neutron.api.v2.resource [None req-3a8525e3-82c9-4e1f-8b07-72ece957ecff 09f45825c1424aad92ba4c7fe1f16515 8a1748cf7aa94bbb86bc31528b14ccc2 - - default default] create failed (client error): Invalid input for target_tenant. Reason: '1234123412341234123412341234123412341234123412341234123412341234123412341234123412341234123412341234123412341234123412341234123412341234123412341234123412341234123412341234123412341234123412341234123412341234123412341234123412341234123412341234123412341234123412341234123412341234123412341234123412341234123412341234123412341234123412341234123412341234123412341234123412341234123412341234123412341234' exceeds maximum length of 255. [pid: 7|app: 0|req: 865/1690] 10.0.0.204 () {34 vars in 681 bytes} [Sun Jul 26 11:19:55 2026] POST /v2.0/rbac-policies => generated 547 bytes in 7 msecs (HTTP/1.1 400) 4 headers in 166 bytes (1 switches on core 0)
2026-07-26 11:19:55.216 8 WARNING neutron.scheduler.dhcp_agent_scheduler [None req-9fc22c1c-0256-445f-ad0e-e908595ba657 d26aa446a9404b6ca18f02bb23f6a1b2 098156f6f4d24f8ab51f4922e5551b78 - - default default] No more DHCP agents
2026-07-26 11:19:55.217 8 WARNING neutron.api.rpc.agentnotifiers.dhcp_rpc_agent_api [None req-9fc22c1c-0256-445f-ad0e-e908595ba657 d26aa446a9404b6ca18f02bb23f6a1b2 098156f6f4d24f8ab51f4922e5551b78 - - default default] Unable to schedule network b434fb71-7815-45e1-a19e-443ac0104025: no agents available; will retry on subsequent port and subnet creation events.
2026-07-26 11:19:55.247 8 INFO neutron.db.ovn_revision_numbers_db [None req-9fc22c1c-0256-445f-ad0e-e908595ba657 d26aa446a9404b6ca18f02bb23f6a1b2 098156f6f4d24f8ab51f4922e5551b78 - - default default] Successfully bumped revision number for resource 318541e8-7dad-4330-994a-a071007c9d8c (type: subnets) to 0 [pid: 8|app: 0|req: 826/1691] 10.0.0.204 () {34 vars in 669 bytes} [Sun Jul 26 11:19:54 2026] POST /v2.0/subnets => generated 646 bytes in 285 msecs (HTTP/1.1 201) 4 headers in 162 bytes (1 switches on core 0)
2026-07-26 11:19:55.269 7 INFO neutron_taas.services.taas.taas_plugin [None req-2697121b-1b46-4dbd-bd38-7a726e5a9349 09f45825c1424aad92ba4c7fe1f16515 8a1748cf7aa94bbb86bc31528b14ccc2 - - default default] TaaS: Handle Delete Port: 891147a0-6eb0-439c-a608-7b3e0204fe64
2026-07-26 11:19:55.273 7 INFO neutron_taas.services.taas.tap_mirror_plugin [None req-2697121b-1b46-4dbd-bd38-7a726e5a9349 09f45825c1424aad92ba4c7fe1f16515 8a1748cf7aa94bbb86bc31528b14ccc2 - - default default] Tap Mirror: Handle Delete Port: 891147a0-6eb0-439c-a608-7b3e0204fe64
2026-07-26 11:19:55.403 8 INFO neutron.db.ovn_revision_numbers_db [None req-aded6160-b1d9-4e2c-8845-dbd2b21a3bd6 d26aa446a9404b6ca18f02bb23f6a1b2 098156f6f4d24f8ab51f4922e5551b78 - - default default] Successfully bumped revision number for resource b754a250-2f62-4c3a-8938-507d1f4ead31 (type: routers) to 1 [pid: 8|app: 0|req: 827/1692] 10.0.0.204 () {34 vars in 669 bytes} [Sun Jul 26 11:19:55 2026] POST /v2.0/routers => generated 606 bytes in 147 msecs (HTTP/1.1 201) 4 headers in 162 bytes (1 switches on core 0) [pid: 7|app: 0|req: 866/1693] 10.0.0.204 () {32 vars in 726 bytes} [Sun Jul 26 11:19:55 2026] DELETE /v2.0/networks/42d237b6-0667-475f-9c4a-535887e8ef83 => generated 0 bytes in 562 msecs (HTTP/1.1 204) 3 headers in 131 bytes (1 switches on core 0)
2026-07-26 11:19:55.712 8 WARNING neutron.scheduler.dhcp_agent_scheduler [None req-3ee3fe59-a586-4550-9feb-a2709554e91a d26aa446a9404b6ca18f02bb23f6a1b2 098156f6f4d24f8ab51f4922e5551b78 - - default default] No more DHCP agents
2026-07-26 11:19:55.713 8 WARNING neutron.api.rpc.agentnotifiers.dhcp_rpc_agent_api [None req-3ee3fe59-a586-4550-9feb-a2709554e91a d26aa446a9404b6ca18f02bb23f6a1b2 098156f6f4d24f8ab51f4922e5551b78 - - default default] Unable to schedule network b434fb71-7815-45e1-a19e-443ac0104025: no agents available; will retry on subsequent port and subnet creation events.
2026-07-26 11:19:55.722 7 INFO neutron.db.segments_db [None req-95413865-0981-4fc9-8f05-de44054b2ee5 09f45825c1424aad92ba4c7fe1f16515 8a1748cf7aa94bbb86bc31528b14ccc2 - - default default] Added segment deb661c7-b04e-46b4-bff4-12b93bd61521 of type geneve for network d304b99f-112c-45d4-b09d-abf1379cd872
2026-07-26 11:19:55.773 7 INFO neutron.services.segments.plugin [-] Segment 95cd3aba-18e6-4370-86d6-51e2bbab9427 resource provider aggregate not found
2026-07-26 11:19:55.782 8 INFO neutron.plugins.ml2.drivers.ovn.mech_driver.mech_driver [None req-6d560544-100f-4247-90d7-9efa8c2f469e - - - - - -] OVN reports status down for port: 886a823c-4dfa-467f-a717-26d46135ed29
2026-07-26 11:19:55.790 7 INFO neutron.services.segments.plugin [-] Segment 95cd3aba-18e6-4370-86d6-51e2bbab9427 resource provider aggregate not found
2026-07-26 11:19:55.808 7 INFO neutron.services.segments.plugin [-] Segment 95cd3aba-18e6-4370-86d6-51e2bbab9427 resource provider not found; error: Placement Client Error (4xx): {"errors": [{"status": 404, "title": "Not Found", "detail": "The resource could not be found.\n\n No resource provider with uuid 95cd3aba-18e6-4370-86d6-51e2bbab9427 found for delete ", "request_id": "req-913636b8-e48f-4436-9629-26eaab8b1f26"}]}
2026-07-26 11:19:55.812 7 INFO neutron.services.segments.plugin [-] Segment 95cd3aba-18e6-4370-86d6-51e2bbab9427 resource provider not found; error: Placement Client Error (4xx): {"errors": [{"status": 404, "title": "Not Found", "detail": "The resource could not be found.\n\n No resource provider with uuid 95cd3aba-18e6-4370-86d6-51e2bbab9427 found for delete ", "request_id": "req-513a0e98-61c0-4de1-a639-4d98d298be92"}]}
2026-07-26 11:19:55.837 8 INFO neutron.db.ovn_revision_numbers_db [None req-3ee3fe59-a586-4550-9feb-a2709554e91a d26aa446a9404b6ca18f02bb23f6a1b2 098156f6f4d24f8ab51f4922e5551b78 - - default default] Successfully bumped revision number for resource 886a823c-4dfa-467f-a717-26d46135ed29 (type: ports) to 1
2026-07-26 11:19:55.890 7 INFO neutron.db.ovn_revision_numbers_db [None req-95413865-0981-4fc9-8f05-de44054b2ee5 09f45825c1424aad92ba4c7fe1f16515 8a1748cf7aa94bbb86bc31528b14ccc2 - - default default] Successfully bumped revision number for resource d304b99f-112c-45d4-b09d-abf1379cd872 (type: networks) to 1 [pid: 8|app: 0|req: 828/1694] 10.0.0.204 () {34 vars in 665 bytes} [Sun Jul 26 11:19:55 2026] POST /v2.0/ports => generated 964 bytes in 468 msecs (HTTP/1.1 201) 4 headers in 162 bytes (1 switches on core 0) /var/lib/openstack/lib/python3.12/site-packages/pycadf/identifier.py:70: UserWarning: Invalid uuid: neutron. To ensure interoperability, identifiers should be a valid uuid. warnings.warn(('Invalid uuid: %s. To ensure interoperability, '
2026-07-26 11:19:55.988 8 INFO neutron.services.segments.plugin [-] Segment eddbeed9-5651-4174-a552-8fd325d4ffe1 resource provider aggregate not found
2026-07-26 11:19:55.996 8 INFO neutron.services.segments.plugin [-] Segment eddbeed9-5651-4174-a552-8fd325d4ffe1 resource provider aggregate not found
2026-07-26 11:19:56.015 8 INFO neutron.services.segments.plugin [-] Segment eddbeed9-5651-4174-a552-8fd325d4ffe1 resource provider not found; error: Placement Client Error (4xx): {"errors": [{"status": 404, "title": "Not Found", "detail": "The resource could not be found.\n\n No resource provider with uuid eddbeed9-5651-4174-a552-8fd325d4ffe1 found for delete ", "request_id": "req-6eebd111-b56d-466c-9cc0-9287d587f833"}]}
2026-07-26 11:19:56.016 8 INFO neutron.services.segments.plugin [-] Segment eddbeed9-5651-4174-a552-8fd325d4ffe1 resource provider not found; error: Placement Client Error (4xx): {"errors": [{"status": 404, "title": "Not Found", "detail": "The resource could not be found.\n\n No resource provider with uuid eddbeed9-5651-4174-a552-8fd325d4ffe1 found for delete ", "request_id": "req-eebdb555-eec0-44c2-8048-3b446e1a7824"}]}
2026-07-26 11:19:56.056 7 WARNING neutron.scheduler.dhcp_agent_scheduler [None req-95413865-0981-4fc9-8f05-de44054b2ee5 09f45825c1424aad92ba4c7fe1f16515 8a1748cf7aa94bbb86bc31528b14ccc2 - - default default] No more DHCP agents
2026-07-26 11:19:56.057 7 WARNING neutron.api.rpc.agentnotifiers.dhcp_rpc_agent_api [None req-95413865-0981-4fc9-8f05-de44054b2ee5 09f45825c1424aad92ba4c7fe1f16515 8a1748cf7aa94bbb86bc31528b14ccc2 - - default default] Unable to schedule network d304b99f-112c-45d4-b09d-abf1379cd872: no agents available; will retry on subsequent port and subnet creation events.
2026-07-26 11:19:56.125 8 INFO neutron.plugins.ml2.drivers.ovn.mech_driver.mech_driver [None req-6d560544-100f-4247-90d7-9efa8c2f469e - - - - - -] OVN reports status down for port: bc056742-0c13-49e4-a5c4-b255ea12bfb4
2026-07-26 11:19:56.162 7 INFO neutron.db.ovn_revision_numbers_db [None req-95413865-0981-4fc9-8f05-de44054b2ee5 09f45825c1424aad92ba4c7fe1f16515 8a1748cf7aa94bbb86bc31528b14ccc2 - - default default] Successfully bumped revision number for resource bc056742-0c13-49e4-a5c4-b255ea12bfb4 (type: ports) to 1 [pid: 7|app: 0|req: 867/1695] 10.0.0.204 () {34 vars in 670 bytes} [Sun Jul 26 11:19:55 2026] POST /v2.0/networks => generated 749 bytes in 561 msecs (HTTP/1.1 201) 4 headers in 162 bytes (1 switches on core 0)
2026-07-26 11:19:56.349 7 WARNING neutron.scheduler.dhcp_agent_scheduler [None req-60ad677a-5fc9-4251-b719-2612bf070596 09f45825c1424aad92ba4c7fe1f16515 8a1748cf7aa94bbb86bc31528b14ccc2 - - default default] No more DHCP agents
2026-07-26 11:19:56.351 7 WARNING neutron.api.rpc.agentnotifiers.dhcp_rpc_agent_api [None req-60ad677a-5fc9-4251-b719-2612bf070596 09f45825c1424aad92ba4c7fe1f16515 8a1748cf7aa94bbb86bc31528b14ccc2 - - default default] Unable to schedule network d304b99f-112c-45d4-b09d-abf1379cd872: no agents available; will retry on subsequent port and subnet creation events.
2026-07-26 11:19:56.493 8 INFO neutron.plugins.ml2.drivers.ovn.mech_driver.mech_driver [None req-6d560544-100f-4247-90d7-9efa8c2f469e - - - - - -] OVN reports status up for port: 886a823c-4dfa-467f-a717-26d46135ed29
2026-07-26 11:19:56.527 8 INFO neutron.plugins.ml2.plugin [None req-6d560544-100f-4247-90d7-9efa8c2f469e - - - - - -] Attempt 1 to provision port 886a823c-4dfa-467f-a717-26d46135ed29
2026-07-26 11:19:56.551 8 INFO neutron.db.ovn_revision_numbers_db [None req-d088f943-e9f0-4465-9403-60c001d27239 d26aa446a9404b6ca18f02bb23f6a1b2 098156f6f4d24f8ab51f4922e5551b78 - - default default] Successfully bumped revision number for resource 886a823c-4dfa-467f-a717-26d46135ed29 (type: ports) to 2
2026-07-26 11:19:56.669 7 WARNING neutron.plugins.ml2.drivers.ovn.mech_driver.ovsdb.ovn_client [None req-ba6ab0a0-4ff1-4adc-ad70-5a4c36fb8249 - - - - - -] No port found with ID daa0e415-66d7-4912-bfa2-69ffb65f9842: RuntimeError: No port found with ID daa0e415-66d7-4912-bfa2-69ffb65f9842
2026-07-26 11:19:56.720 7 INFO neutron.plugins.ml2.drivers.ovn.mech_driver.mech_driver [None req-ba6ab0a0-4ff1-4adc-ad70-5a4c36fb8249 - - - - - -] OVN reports status down for port: 39686e5c-3620-4417-87d2-7a3896d5ada7
2026-07-26 11:19:56.742 7 INFO neutron.plugins.ml2.drivers.ovn.mech_driver.mech_driver [None req-ba6ab0a0-4ff1-4adc-ad70-5a4c36fb8249 - - - - - -] OVN reports status down for port: 891147a0-6eb0-439c-a608-7b3e0204fe64
2026-07-26 11:19:56.759 7 INFO neutron.plugins.ml2.drivers.ovn.mech_driver.mech_driver [None req-ba6ab0a0-4ff1-4adc-ad70-5a4c36fb8249 - - - - - -] OVN reports status down for port: cfaa4bf5-08b8-4dee-af65-2fd3c16e24c7
2026-07-26 11:19:56.930 7 INFO neutron.db.ovn_revision_numbers_db [None req-cbc6b25e-2077-47c9-b0b4-91a2463329ec - - - - - -] Successfully bumped revision number for resource bc056742-0c13-49e4-a5c4-b255ea12bfb4 (type: ports) to 2
2026-07-26 11:19:56.962 7 INFO neutron.db.ovn_revision_numbers_db [None req-cbc6b25e-2077-47c9-b0b4-91a2463329ec - - - - - -] Successfully bumped revision number for resource 11190202-b197-4994-bee4-17c7894fd7fc (type: subnets) to 0 [pid: 7|app: 0|req: 868/1696] 10.0.0.204 () {34 vars in 669 bytes} [Sun Jul 26 11:19:56 2026] POST /v2.0/subnets => generated 647 bytes in 780 msecs (HTTP/1.1 201) 4 headers in 162 bytes (1 switches on core 0) [pid: 7|app: 0|req: 869/1697] 10.0.0.204 () {34 vars in 681 bytes} [Sun Jul 26 11:19:56 2026] POST /v2.0/rbac-policies => generated 324 bytes in 279 msecs (HTTP/1.1 201) 4 headers in 162 bytes (1 switches on core 0)
2026-07-26 11:19:57.275 8 INFO neutron.db.ovn_revision_numbers_db [None req-6d560544-100f-4247-90d7-9efa8c2f469e - - - - - -] Successfully bumped revision number for resource 886a823c-4dfa-467f-a717-26d46135ed29 (type: ports) to 3
2026-07-26 11:19:57.529 8 WARNING neutron.scheduler.dhcp_agent_scheduler [None req-d088f943-e9f0-4465-9403-60c001d27239 d26aa446a9404b6ca18f02bb23f6a1b2 098156f6f4d24f8ab51f4922e5551b78 - - default default] No more DHCP agents
2026-07-26 11:19:57.531 8 WARNING neutron.api.rpc.agentnotifiers.dhcp_rpc_agent_api [None req-d088f943-e9f0-4465-9403-60c001d27239 d26aa446a9404b6ca18f02bb23f6a1b2 098156f6f4d24f8ab51f4922e5551b78 - - default default] Unable to schedule network b434fb71-7815-45e1-a19e-443ac0104025: no agents available; will retry on subsequent port and subnet creation events.
2026-07-26 11:19:57.669 7 INFO neutron.db.ovn_revision_numbers_db [None req-ed18da46-9b6c-436a-a985-c86706e3ca31 4b6667b79c524b0895f8ecb8087d0d9b 5bbe2289c162425db89d6566c94dd3d6 - - default default] Successfully bumped revision number for resource 62112c2d-d62a-4472-9f5c-007ca852bef7 (type: security_groups) to 1
2026-07-26 11:19:57.691 7 INFO neutron.db.ovn_revision_numbers_db [None req-ed18da46-9b6c-436a-a985-c86706e3ca31 4b6667b79c524b0895f8ecb8087d0d9b 5bbe2289c162425db89d6566c94dd3d6 - - default default] Successfully bumped revision number for resource 6cc262bf-6a47-45fb-8961-e16a45e837f7 (type: security_group_rules) to 0
2026-07-26 11:19:57.712 7 INFO neutron.db.ovn_revision_numbers_db [None req-ed18da46-9b6c-436a-a985-c86706e3ca31 4b6667b79c524b0895f8ecb8087d0d9b 5bbe2289c162425db89d6566c94dd3d6 - - default default] Successfully bumped revision number for resource 6d8ba5d8-4cfc-4460-8d06-c7a47a0da0d3 (type: security_group_rules) to 0
2026-07-26 11:19:57.729 7 INFO neutron.db.ovn_revision_numbers_db [None req-ed18da46-9b6c-436a-a985-c86706e3ca31 4b6667b79c524b0895f8ecb8087d0d9b 5bbe2289c162425db89d6566c94dd3d6 - - default default] Successfully bumped revision number for resource 7e73da47-42e2-45c8-998b-45a96981aae4 (type: security_group_rules) to 0
2026-07-26 11:19:57.747 7 INFO neutron.db.ovn_revision_numbers_db [None req-ed18da46-9b6c-436a-a985-c86706e3ca31 4b6667b79c524b0895f8ecb8087d0d9b 5bbe2289c162425db89d6566c94dd3d6 - - default default] Successfully bumped revision number for resource f034bb8a-e09e-46b6-b887-782211b27e11 (type: security_group_rules) to 0
2026-07-26 11:19:57.853 8 INFO neutron.db.ovn_revision_numbers_db [None req-d088f943-e9f0-4465-9403-60c001d27239 d26aa446a9404b6ca18f02bb23f6a1b2 098156f6f4d24f8ab51f4922e5551b78 - - default default] Successfully bumped revision number for resource 886a823c-4dfa-467f-a717-26d46135ed29 (type: router_ports) to 3 [pid: 8|app: 0|req: 829/1698] 10.0.0.204 () {34 vars in 783 bytes} [Sun Jul 26 11:19:55 2026] PUT /v2.0/routers/b754a250-2f62-4c3a-8938-507d1f4ead31/add_router_interface => generated 309 bytes in 1962 msecs (HTTP/1.1 200) 4 headers in 157 bytes (1 switches on core 0) /var/lib/openstack/lib/python3.12/site-packages/pycadf/identifier.py:70: UserWarning: Invalid uuid: neutron. To ensure interoperability, identifiers should be a valid uuid. warnings.warn(('Invalid uuid: %s. To ensure interoperability, ' [pid: 8|app: 0|req: 830/1699] 10.0.0.204 () {32 vars in 723 bytes} [Sun Jul 26 11:19:57 2026] GET /v2.0/networks/d304b99f-112c-45d4-b09d-abf1379cd872 => generated 693 bytes in 115 msecs (HTTP/1.1 200) 4 headers in 157 bytes (1 switches on core 0) [pid: 8|app: 0|req: 831/1700] 10.0.0.204 () {32 vars in 717 bytes} [Sun Jul 26 11:19:57 2026] GET /v2.0/ports/886a823c-4dfa-467f-a717-26d46135ed29 => generated 1026 bytes in 38 msecs (HTTP/1.1 200) 4 headers in 158 bytes (1 switches on core 0)
2026-07-26 11:19:58.284 8 INFO neutron_taas.services.taas.taas_plugin [None req-b247b0cc-88ef-4c08-bb7d-5971c8e9378e d26aa446a9404b6ca18f02bb23f6a1b2 098156f6f4d24f8ab51f4922e5551b78 - - default default] TaaS: Handle Delete Port: 886a823c-4dfa-467f-a717-26d46135ed29
2026-07-26 11:19:58.287 8 INFO neutron_taas.services.taas.tap_mirror_plugin [None req-b247b0cc-88ef-4c08-bb7d-5971c8e9378e d26aa446a9404b6ca18f02bb23f6a1b2 098156f6f4d24f8ab51f4922e5551b78 - - default default] Tap Mirror: Handle Delete Port: 886a823c-4dfa-467f-a717-26d46135ed29 [pid: 7|app: 0|req: 870/1701] 10.0.0.204 () {32 vars in 774 bytes} [Sun Jul 26 11:19:57 2026] GET /v2.0/security-groups?tenant_id=82897c475c454f7b9a5e8e1c85eb2d0a&name=default => generated 2925 bytes in 1218 msecs (HTTP/1.1 200) 4 headers in 158 bytes (1 switches on core 0)
2026-07-26 11:19:58.542 7 INFO neutron.pecan_wsgi.hooks.translation [None req-419843b8-345d-4ace-843d-654745eee9ef ffada045d4de4c1a807e1bc293334889 73c893ccc1ce4e4199570c6eb35fb3e1 - - default default] GET failed (client error): The resource could not be found. [pid: 7|app: 0|req: 871/1702] 10.0.0.204 () {32 vars in 723 bytes} [Sun Jul 26 11:19:58 2026] GET /v2.0/networks/d304b99f-112c-45d4-b09d-abf1379cd872 => generated 138 bytes in 47 msecs (HTTP/1.1 404) 4 headers in 164 bytes (1 switches on core 0) [pid: 8|app: 0|req: 832/1703] 10.0.0.204 () {34 vars in 789 bytes} [Sun Jul 26 11:19:58 2026] PUT /v2.0/routers/b754a250-2f62-4c3a-8938-507d1f4ead31/remove_router_interface => generated 309 bytes in 566 msecs (HTTP/1.1 200) 4 headers in 157 bytes (1 switches on core 0) /var/lib/openstack/lib/python3.12/site-packages/pycadf/identifier.py:70: UserWarning: Invalid uuid: neutron. To ensure interoperability, identifiers should be a valid uuid. warnings.warn(('Invalid uuid: %s. To ensure interoperability, '
2026-07-26 11:19:58.733 8 INFO neutron_taas.services.taas.taas_plugin [None req-47eca9aa-448b-46d6-8725-df490a6dd0bc 09f45825c1424aad92ba4c7fe1f16515 8a1748cf7aa94bbb86bc31528b14ccc2 - - default default] TaaS: Handle Delete Port: bc056742-0c13-49e4-a5c4-b255ea12bfb4 [pid: 7|app: 0|req: 872/1704] 10.0.0.204 () {32 vars in 740 bytes} [Sun Jul 26 11:19:58 2026] DELETE /v2.0/security-groups/62112c2d-d62a-4472-9f5c-007ca852bef7 => generated 0 bytes in 190 msecs (HTTP/1.1 204) 2 headers in 112 bytes (1 switches on core 0)
2026-07-26 11:19:58.737 8 INFO neutron_taas.services.taas.tap_mirror_plugin [None req-47eca9aa-448b-46d6-8725-df490a6dd0bc 09f45825c1424aad92ba4c7fe1f16515 8a1748cf7aa94bbb86bc31528b14ccc2 - - default default] Tap Mirror: Handle Delete Port: bc056742-0c13-49e4-a5c4-b255ea12bfb4
2026-07-26 11:19:58.784 7 INFO neutron.api.v2.resource [None req-24a0b622-eac5-48a4-984e-913d62a930b4 d26aa446a9404b6ca18f02bb23f6a1b2 098156f6f4d24f8ab51f4922e5551b78 - - default default] remove_router_interface failed (client error): The resource could not be found. [pid: 7|app: 0|req: 873/1705] 10.0.0.204 () {34 vars in 789 bytes} [Sun Jul 26 11:19:58 2026] PUT /v2.0/routers/b754a250-2f62-4c3a-8938-507d1f4ead31/remove_router_interface => generated 197 bytes in 51 msecs (HTTP/1.1 404) 4 headers in 164 bytes (1 switches on core 0) [pid: 7|app: 0|req: 874/1706] 10.0.0.204 () {32 vars in 736 bytes} [Sun Jul 26 11:19:58 2026] GET /v2.0/ports?device_id=b754a250-2f62-4c3a-8938-507d1f4ead31 => generated 12 bytes in 17 msecs (HTTP/1.1 200) 4 headers in 156 bytes (1 switches on core 0) [pid: 7|app: 0|req: 875/1707] 10.0.0.204 () {32 vars in 724 bytes} [Sun Jul 26 11:19:58 2026] DELETE /v2.0/routers/b754a250-2f62-4c3a-8938-507d1f4ead31 => generated 0 bytes in 200 msecs (HTTP/1.1 204) 2 headers in 112 bytes (1 switches on core 0)
2026-07-26 11:19:59.078 8 INFO neutron.services.segments.plugin [-] Segment deb661c7-b04e-46b4-bff4-12b93bd61521 resource provider aggregate not found
2026-07-26 11:19:59.082 8 INFO neutron.services.segments.plugin [-] Segment deb661c7-b04e-46b4-bff4-12b93bd61521 resource provider aggregate not found
2026-07-26 11:19:59.110 8 INFO neutron.services.segments.plugin [-] Segment deb661c7-b04e-46b4-bff4-12b93bd61521 resource provider not found; error: Placement Client Error (4xx): {"errors": [{"status": 404, "title": "Not Found", "detail": "The resource could not be found.\n\n No resource provider with uuid deb661c7-b04e-46b4-bff4-12b93bd61521 found for delete ", "request_id": "req-5b116fa3-256f-4ed9-a785-16c0998b3728"}]}
2026-07-26 11:19:59.111 8 INFO neutron.services.segments.plugin [-] Segment deb661c7-b04e-46b4-bff4-12b93bd61521 resource provider not found; error: Placement Client Error (4xx): {"errors": [{"status": 404, "title": "Not Found", "detail": "The resource could not be found.\n\n No resource provider with uuid deb661c7-b04e-46b4-bff4-12b93bd61521 found for delete ", "request_id": "req-44d52f9b-0817-43c4-98a1-0ee0f2d5bf73"}]} [pid: 8|app: 0|req: 833/1708] 10.0.0.204 () {32 vars in 726 bytes} [Sun Jul 26 11:19:58 2026] DELETE /v2.0/networks/d304b99f-112c-45d4-b09d-abf1379cd872 => generated 0 bytes in 541 msecs (HTTP/1.1 204) 3 headers in 131 bytes (1 switches on core 0)
2026-07-26 11:19:59.189 7 INFO neutron.db.ovn_revision_numbers_db [None req-c4b42970-5401-4e92-9f7d-8f40e49eb3d5 4b6667b79c524b0895f8ecb8087d0d9b 5bbe2289c162425db89d6566c94dd3d6 - - default default] Successfully bumped revision number for resource 3e8750d5-5a4f-4368-96b7-8a1a241e09b9 (type: security_groups) to 1
2026-07-26 11:19:59.203 7 INFO neutron.db.ovn_revision_numbers_db [None req-c4b42970-5401-4e92-9f7d-8f40e49eb3d5 4b6667b79c524b0895f8ecb8087d0d9b 5bbe2289c162425db89d6566c94dd3d6 - - default default] Successfully bumped revision number for resource 2a0a34c0-e63f-4204-8945-e2a27cdb4555 (type: security_group_rules) to 0
2026-07-26 11:19:59.223 7 INFO neutron.db.ovn_revision_numbers_db [None req-c4b42970-5401-4e92-9f7d-8f40e49eb3d5 4b6667b79c524b0895f8ecb8087d0d9b 5bbe2289c162425db89d6566c94dd3d6 - - default default] Successfully bumped revision number for resource 43afb843-3bdc-44a5-a4b8-f0526e1ad23f (type: security_group_rules) to 0
2026-07-26 11:19:59.240 7 INFO neutron.db.ovn_revision_numbers_db [None req-c4b42970-5401-4e92-9f7d-8f40e49eb3d5 4b6667b79c524b0895f8ecb8087d0d9b 5bbe2289c162425db89d6566c94dd3d6 - - default default] Successfully bumped revision number for resource 72685cb9-f611-4191-9a85-0ae2a68aea31 (type: security_group_rules) to 0
2026-07-26 11:19:59.255 7 INFO neutron.db.ovn_revision_numbers_db [None req-c4b42970-5401-4e92-9f7d-8f40e49eb3d5 4b6667b79c524b0895f8ecb8087d0d9b 5bbe2289c162425db89d6566c94dd3d6 - - default default] Successfully bumped revision number for resource bb51e8d8-c181-44fb-8fee-2b5028317e9d (type: security_group_rules) to 0 [pid: 7|app: 0|req: 876/1709] 10.0.0.204 () {32 vars in 774 bytes} [Sun Jul 26 11:19:59 2026] GET /v2.0/security-groups?tenant_id=52fd359216cf42ed9c9c46cea18a538f&name=default => generated 2925 bytes in 282 msecs (HTTP/1.1 200) 4 headers in 158 bytes (1 switches on core 0) [pid: 8|app: 0|req: 834/1710] 10.0.0.204 () {32 vars in 724 bytes} [Sun Jul 26 11:19:59 2026] DELETE /v2.0/subnets/318541e8-7dad-4330-994a-a071007c9d8c => generated 0 bytes in 169 msecs (HTTP/1.1 204) 3 headers in 131 bytes (1 switches on core 0)
2026-07-26 11:19:59.304 7 INFO neutron.pecan_wsgi.hooks.translation [None req-da215dab-414f-4b5e-a896-be8a1d490934 09f45825c1424aad92ba4c7fe1f16515 8a1748cf7aa94bbb86bc31528b14ccc2 - - default default] DELETE failed (client error): The resource could not be found. [pid: 7|app: 0|req: 877/1711] 10.0.0.204 () {32 vars in 724 bytes} [Sun Jul 26 11:19:59 2026] DELETE /v2.0/subnets/d8c7b2a5-9c3b-441b-b0b2-0ae740a890a1 => generated 136 bytes in 12 msecs (HTTP/1.1 404) 4 headers in 164 bytes (1 switches on core 0)
2026-07-26 11:19:59.414 7 INFO neutron_taas.services.taas.taas_plugin [None req-88cfe01c-8bc7-4d7e-b9da-29e01f002131 d26aa446a9404b6ca18f02bb23f6a1b2 098156f6f4d24f8ab51f4922e5551b78 - - default default] TaaS: Handle Delete Port: cfaa4bf5-08b8-4dee-af65-2fd3c16e24c7
2026-07-26 11:19:59.419 7 INFO neutron_taas.services.taas.tap_mirror_plugin [None req-88cfe01c-8bc7-4d7e-b9da-29e01f002131 d26aa446a9404b6ca18f02bb23f6a1b2 098156f6f4d24f8ab51f4922e5551b78 - - default default] Tap Mirror: Handle Delete Port: cfaa4bf5-08b8-4dee-af65-2fd3c16e24c7 [pid: 8|app: 0|req: 835/1712] 10.0.0.204 () {32 vars in 740 bytes} [Sun Jul 26 11:19:59 2026] DELETE /v2.0/security-groups/3e8750d5-5a4f-4368-96b7-8a1a241e09b9 => generated 0 bytes in 245 msecs (HTTP/1.1 204) 2 headers in 112 bytes (1 switches on core 0)
2026-07-26 11:19:59.556 8 INFO neutron.pecan_wsgi.hooks.translation [None req-0eedb898-808a-4925-945e-6fa5ee3b03e4 09f45825c1424aad92ba4c7fe1f16515 8a1748cf7aa94bbb86bc31528b14ccc2 - - default default] DELETE failed (client error): The resource could not be found. [pid: 8|app: 0|req: 836/1713] 10.0.0.204 () {32 vars in 724 bytes} [Sun Jul 26 11:19:59 2026] DELETE /v2.0/subnets/f966baf1-20fa-4b19-a20e-f3e51b5dbe0c => generated 136 bytes in 13 msecs (HTTP/1.1 404) 4 headers in 164 bytes (1 switches on core 0)
2026-07-26 11:19:59.582 8 INFO neutron.pecan_wsgi.hooks.translation [None req-2749161d-e8fa-44ea-91e1-d9bfd6636d7b 09f45825c1424aad92ba4c7fe1f16515 8a1748cf7aa94bbb86bc31528b14ccc2 - - default default] DELETE failed (client error): The resource could not be found. [pid: 8|app: 0|req: 837/1714] 10.0.0.204 () {32 vars in 724 bytes} [Sun Jul 26 11:19:59 2026] DELETE /v2.0/subnets/11190202-b197-4994-bee4-17c7894fd7fc => generated 136 bytes in 22 msecs (HTTP/1.1 404) 4 headers in 164 bytes (1 switches on core 0)
2026-07-26 11:19:59.606 7 INFO neutron.services.segments.plugin [-] Segment e52d6f3c-f781-410e-b6ea-5ee5289525b1 resource provider aggregate not found
2026-07-26 11:19:59.615 7 INFO neutron.services.segments.plugin [-] Segment e52d6f3c-f781-410e-b6ea-5ee5289525b1 resource provider aggregate not found
2026-07-26 11:19:59.633 7 INFO neutron.services.segments.plugin [-] Segment e52d6f3c-f781-410e-b6ea-5ee5289525b1 resource provider not found; error: Placement Client Error (4xx): {"errors": [{"status": 404, "title": "Not Found", "detail": "The resource could not be found.\n\n No resource provider with uuid e52d6f3c-f781-410e-b6ea-5ee5289525b1 found for delete ", "request_id": "req-df52037f-bae2-4c16-ade1-363e5d9fa965"}]}
2026-07-26 11:19:59.638 7 INFO neutron.services.segments.plugin [-] Segment e52d6f3c-f781-410e-b6ea-5ee5289525b1 resource provider not found; error: Placement Client Error (4xx): {"errors": [{"status": 404, "title": "Not Found", "detail": "The resource could not be found.\n\n No resource provider with uuid e52d6f3c-f781-410e-b6ea-5ee5289525b1 found for delete ", "request_id": "req-dcc32a1f-d8ed-491b-9a92-57a4b68f9277"}]} [pid: 7|app: 0|req: 878/1715] 10.0.0.204 () {32 vars in 726 bytes} [Sun Jul 26 11:19:59 2026] DELETE /v2.0/networks/b434fb71-7815-45e1-a19e-443ac0104025 => generated 0 bytes in 355 msecs (HTTP/1.1 204) 3 headers in 131 bytes (1 switches on core 0)
2026-07-26 11:19:59.764 8 INFO neutron.db.segments_db [None req-e15a1b5b-e1ea-4390-b43d-3f0752c6e951 d26aa446a9404b6ca18f02bb23f6a1b2 098156f6f4d24f8ab51f4922e5551b78 - - default default] Added segment dc051627-acc0-4022-9537-6b09c0c58cbc of type geneve for network adf4585e-fc5f-4630-b8ca-5dec71553f3b
2026-07-26 11:19:59.875 8 INFO neutron.db.ovn_revision_numbers_db [None req-e15a1b5b-e1ea-4390-b43d-3f0752c6e951 d26aa446a9404b6ca18f02bb23f6a1b2 098156f6f4d24f8ab51f4922e5551b78 - - default default] Successfully bumped revision number for resource adf4585e-fc5f-4630-b8ca-5dec71553f3b (type: networks) to 1
2026-07-26 11:20:00.055 8 WARNING neutron.scheduler.dhcp_agent_scheduler [None req-e15a1b5b-e1ea-4390-b43d-3f0752c6e951 d26aa446a9404b6ca18f02bb23f6a1b2 098156f6f4d24f8ab51f4922e5551b78 - - default default] No more DHCP agents
2026-07-26 11:20:00.056 8 WARNING neutron.api.rpc.agentnotifiers.dhcp_rpc_agent_api [None req-e15a1b5b-e1ea-4390-b43d-3f0752c6e951 d26aa446a9404b6ca18f02bb23f6a1b2 098156f6f4d24f8ab51f4922e5551b78 - - default default] Unable to schedule network adf4585e-fc5f-4630-b8ca-5dec71553f3b: no agents available; will retry on subsequent port and subnet creation events.
2026-07-26 11:20:00.106 7 INFO neutron.plugins.ml2.drivers.ovn.mech_driver.mech_driver [None req-ba6ab0a0-4ff1-4adc-ad70-5a4c36fb8249 - - - - - -] OVN reports status down for port: b8a64468-9d82-495b-ae79-64d8c7c0436c
2026-07-26 11:20:00.139 8 INFO neutron.db.ovn_revision_numbers_db [None req-e15a1b5b-e1ea-4390-b43d-3f0752c6e951 d26aa446a9404b6ca18f02bb23f6a1b2 098156f6f4d24f8ab51f4922e5551b78 - - default default] Successfully bumped revision number for resource b8a64468-9d82-495b-ae79-64d8c7c0436c (type: ports) to 1 [pid: 8|app: 0|req: 838/1716] 10.0.0.204 () {34 vars in 670 bytes} [Sun Jul 26 11:19:59 2026] POST /v2.0/networks => generated 653 bytes in 503 msecs (HTTP/1.1 201) 4 headers in 162 bytes (1 switches on core 0)
2026-07-26 11:20:00.401 7 WARNING neutron.scheduler.dhcp_agent_scheduler [None req-ea014ade-f2c2-44b9-a7c5-7ce5c1b507d6 d26aa446a9404b6ca18f02bb23f6a1b2 098156f6f4d24f8ab51f4922e5551b78 - - default default] No more DHCP agents
2026-07-26 11:20:00.402 7 WARNING neutron.api.rpc.agentnotifiers.dhcp_rpc_agent_api [None req-ea014ade-f2c2-44b9-a7c5-7ce5c1b507d6 d26aa446a9404b6ca18f02bb23f6a1b2 098156f6f4d24f8ab51f4922e5551b78 - - default default] Unable to schedule network adf4585e-fc5f-4630-b8ca-5dec71553f3b: no agents available; will retry on subsequent port and subnet creation events.
2026-07-26 11:20:00.428 7 INFO neutron.db.ovn_revision_numbers_db [None req-ea014ade-f2c2-44b9-a7c5-7ce5c1b507d6 d26aa446a9404b6ca18f02bb23f6a1b2 098156f6f4d24f8ab51f4922e5551b78 - - default default] Successfully bumped revision number for resource 6bb07e48-20c9-481e-9e50-a7c1b0450df2 (type: subnets) to 0 [pid: 7|app: 0|req: 879/1717] 10.0.0.204 () {34 vars in 669 bytes} [Sun Jul 26 11:20:00 2026] POST /v2.0/subnets => generated 646 bytes in 268 msecs (HTTP/1.1 201) 4 headers in 162 bytes (1 switches on core 0)
2026-07-26 11:20:00.627 8 INFO neutron.db.ovn_revision_numbers_db [None req-6e844ae4-ed5b-4062-b3b7-0a11aafbdeb3 4b6667b79c524b0895f8ecb8087d0d9b 5bbe2289c162425db89d6566c94dd3d6 - - default default] Successfully bumped revision number for resource bd680c28-7311-4b0a-a5b3-14754a79c365 (type: security_groups) to 1
2026-07-26 11:20:00.639 8 INFO neutron.db.ovn_revision_numbers_db [None req-6e844ae4-ed5b-4062-b3b7-0a11aafbdeb3 4b6667b79c524b0895f8ecb8087d0d9b 5bbe2289c162425db89d6566c94dd3d6 - - default default] Successfully bumped revision number for resource 3142f832-145d-4747-b5ec-8f0a6084a6a3 (type: security_group_rules) to 0
2026-07-26 11:20:00.650 8 INFO neutron.db.ovn_revision_numbers_db [None req-6e844ae4-ed5b-4062-b3b7-0a11aafbdeb3 4b6667b79c524b0895f8ecb8087d0d9b 5bbe2289c162425db89d6566c94dd3d6 - - default default] Successfully bumped revision number for resource a2521993-d9d9-408c-8206-7f8b3f57e581 (type: security_group_rules) to 0
2026-07-26 11:20:00.663 8 INFO neutron.db.ovn_revision_numbers_db [None req-6e844ae4-ed5b-4062-b3b7-0a11aafbdeb3 4b6667b79c524b0895f8ecb8087d0d9b 5bbe2289c162425db89d6566c94dd3d6 - - default default] Successfully bumped revision number for resource acd262e9-6023-49a1-8759-8cf1f8c194d1 (type: security_group_rules) to 0
2026-07-26 11:20:00.674 8 INFO neutron.db.ovn_revision_numbers_db [None req-6e844ae4-ed5b-4062-b3b7-0a11aafbdeb3 4b6667b79c524b0895f8ecb8087d0d9b 5bbe2289c162425db89d6566c94dd3d6 - - default default] Successfully bumped revision number for resource bd8c12d0-9dcd-4b4b-9b2a-4a85d74d0abe (type: security_group_rules) to 0 [pid: 8|app: 0|req: 839/1718] 10.0.0.204 () {32 vars in 774 bytes} [Sun Jul 26 11:20:00 2026] GET /v2.0/security-groups?tenant_id=419539cae17d4d73a3da974ae2116458&name=default => generated 2925 bytes in 314 msecs (HTTP/1.1 200) 4 headers in 158 bytes (1 switches on core 0)
