Apr 20 19:28:12.477308 np0000168563 devstack@neutron-api.service[104250]: DEBUG neutron.api.extensions [None req-a0c31cd8-2b37-43ed-9b96-25557846e190 None None] Loading extension file: uplink_status_propagation_updatable.py {{(pid=104250) _load_all_extensions_from_path /opt/stack/neutron/neutron/api/extensions.py:449}}
Apr 20 19:28:12.477531 np0000168563 devstack@neutron-api.service[104250]: DEBUG neutron.api.extensions [None req-a0c31cd8-2b37-43ed-9b96-25557846e190 None None] Ext name="Uplink status propagation updatable extension" alias="uplink-status-propagation-updatable" description="Provides ability to update the port uplink status." updated="2024-09-03T18:00:00-00:00" {{(pid=104250) _check_extension /opt/stack/neutron/neutron/api/extensions.py:415}}
Apr 20 19:28:12.477726 np0000168563 devstack@neutron-api.service[104250]: INFO neutron.api.extensions [None req-a0c31cd8-2b37-43ed-9b96-25557846e190 None None] Extension uplink-status-propagation-updatable not supported by any of loaded plugins
Apr 20 19:28:12.477823 np0000168563 devstack@neutron-api.service[104250]: DEBUG neutron.api.extensions [None req-a0c31cd8-2b37-43ed-9b96-25557846e190 None None] Loading extension file: vlantransparent.py {{(pid=104250) _load_all_extensions_from_path /opt/stack/neutron/neutron/api/extensions.py:449}}
Apr 20 19:28:12.478072 np0000168563 devstack@neutron-api.service[104250]: DEBUG neutron.api.extensions [None req-a0c31cd8-2b37-43ed-9b96-25557846e190 None None] Ext name="Vlantransparent" alias="vlan-transparent" description="Provides Vlan Transparent Networks" updated="2015-03-23T09:00:00-00:00" {{(pid=104250) _check_extension /opt/stack/neutron/neutron/api/extensions.py:415}}
Apr 20 19:28:12.478269 np0000168563 devstack@neutron-api.service[104250]: INFO neutron.api.extensions [None req-a0c31cd8-2b37-43ed-9b96-25557846e190 None None] Loaded extension: vlan-transparent
Apr 20 19:28:12.480308 np0000168563 devstack@neutron-api.service[104250]: INFO neutron.quota.resource_registry [None req-a0c31cd8-2b37-43ed-9b96-25557846e190 None None] Creating instance of TrackedResource for resource:network
Apr 20 19:28:12.481069 np0000168563 devstack@neutron-api.service[104250]: INFO neutron.quota.resource_registry [None req-a0c31cd8-2b37-43ed-9b96-25557846e190 None None] Creating instance of TrackedResource for resource:subnet
Apr 20 19:28:12.481264 np0000168563 devstack@neutron-api.service[104251]: DEBUG oslo_concurrency.processutils [None req-36276fb5-403a-4c7f-921c-0a1b6433347c None None] CMD "ovsdb-client transact ssl:199.204.45.169:6641 --timeout 180 -p /opt/stack/data/CA/int-ca/private/devstack-cert.key -c /opt/stack/data/CA/int-ca/devstack-cert.crt -C /opt/stack/data/CA/int-ca/ca-chain.pem ["OVN_Northbound", {"op": "wait", "timeout": 0, "table": "Port_Group", "where": [["name", "==", "neutron_pg_drop"]], "until": "==", "rows": []}, {"op": "insert", "table": "ACL", "row": {"action": "drop", "direction": "to-lport", "match": "outport == @neutron_pg_drop && ip", "priority": 1001}, "uuid-name": "droptoport"}, {"op": "insert", "table": "ACL", "row": {"action": "drop", "direction": "from-lport", "match": "inport == @neutron_pg_drop && ip", "priority": 1001}, "uuid-name": "dropfromport"}, {"op": "insert", "table": "Port_Group", "row": {"name": "neutron_pg_drop", "acls": ["set", [["named-uuid", "droptoport"], ["named-uuid", "dropfromport"]]]}}]" returned: 0 in 0.035s {{(pid=104251) execute /opt/stack/data/venv/lib/python3.12/site-packages/oslo_concurrency/processutils.py:468}}
Apr 20 19:28:12.481357 np0000168563 devstack@neutron-api.service[104250]: INFO neutron.quota.resource_registry [None req-a0c31cd8-2b37-43ed-9b96-25557846e190 None None] Creating instance of TrackedResource for resource:subnetpool
Apr 20 19:28:12.481401 np0000168563 devstack@neutron-api.service[104250]: INFO neutron.quota.resource_registry [None req-a0c31cd8-2b37-43ed-9b96-25557846e190 None None] Creating instance of TrackedResource for resource:port
Apr 20 19:28:12.482004 np0000168563 devstack@neutron-api.service[104251]: DEBUG neutron_lib.callbacks.manager [None req-36276fb5-403a-4c7f-921c-0a1b6433347c None None] Publish callbacks ['neutron.plugins.ml2.drivers.ovn.mech_driver.mech_driver.OVNMechanismDriver.post_fork_initialize-864247', 'neutron.services.ovn_l3.plugin.OVNL3RouterPlugin._post_fork_initialize-97960'] for process (None), after_init {{(pid=104251) _notify_loop /opt/stack/data/venv/lib/python3.12/site-packages/neutron_lib/callbacks/manager.py:184}}
Apr 20 19:28:12.482482 np0000168563 devstack@neutron-api.service[104251]: DEBUG oslo_concurrency.lockutils [None req-36276fb5-403a-4c7f-921c-0a1b6433347c None None] Acquiring lock "singleton_lock" {{(pid=104251) lock /opt/stack/data/venv/lib/python3.12/site-packages/oslo_concurrency/lockutils.py:390}}
Apr 20 19:28:12.482630 np0000168563 devstack@neutron-api.service[104251]: DEBUG oslo_concurrency.lockutils [None req-36276fb5-403a-4c7f-921c-0a1b6433347c None None] Acquired lock "singleton_lock" {{(pid=104251) lock /opt/stack/data/venv/lib/python3.12/site-packages/oslo_concurrency/lockutils.py:393}}
Apr 20 19:28:12.482964 np0000168563 devstack@neutron-api.service[104251]: DEBUG oslo_concurrency.lockutils [None req-36276fb5-403a-4c7f-921c-0a1b6433347c None None] Releasing lock "singleton_lock" {{(pid=104251) lock /opt/stack/data/venv/lib/python3.12/site-packages/oslo_concurrency/lockutils.py:413}}
Apr 20 19:28:12.483038 np0000168563 devstack@neutron-api.service[104250]: DEBUG neutron.api.v2.resource_helper [None req-a0c31cd8-2b37-43ed-9b96-25557846e190 None None] Service L3_ROUTER_NAT assigned prefix: {{(pid=104250) build_resource_info /opt/stack/neutron/neutron/api/v2/resource_helper.py:77}}
Apr 20 19:28:12.483486 np0000168563 devstack@neutron-api.service[104250]: DEBUG neutron.api.v2.resource_helper [None req-a0c31cd8-2b37-43ed-9b96-25557846e190 None None] Service FLAVORS assigned prefix: {{(pid=104250) build_resource_info /opt/stack/neutron/neutron/api/v2/resource_helper.py:77}}
Apr 20 19:28:12.484417 np0000168563 devstack@neutron-api.service[104250]: DEBUG neutron.api.v2.resource_helper [None req-a0c31cd8-2b37-43ed-9b96-25557846e190 None None] Service L3_ROUTER_NAT assigned prefix: {{(pid=104250) build_resource_info /opt/stack/neutron/neutron/api/v2/resource_helper.py:77}}
Apr 20 19:28:12.484777 np0000168563 devstack@neutron-api.service[104250]: DEBUG neutron.api.v2.resource_helper [None req-a0c31cd8-2b37-43ed-9b96-25557846e190 None None] Service L3_ROUTER_NAT assigned prefix: {{(pid=104250) build_resource_info /opt/stack/neutron/neutron/api/v2/resource_helper.py:77}}
Apr 20 19:28:12.484907 np0000168563 devstack@neutron-api.service[104250]: INFO neutron.quota.resource_registry [None req-a0c31cd8-2b37-43ed-9b96-25557846e190 None None] Creating instance of TrackedResource for resource:router
Apr 20 19:28:12.485315 np0000168563 devstack@neutron-api.service[104251]: DEBUG neutron.plugins.ml2.drivers.ovn.mech_driver.mech_driver [None req-36276fb5-403a-4c7f-921c-0a1b6433347c None None] Hash Ring setup using WSGI start time 2026-04-20 19:28:04+00:00 {{(pid=104251) _init_hash_ring /opt/stack/neutron/neutron/plugins/ml2/drivers/ovn/mech_driver/mech_driver.py:402}}
Apr 20 19:28:12.485411 np0000168563 devstack@neutron-api.service[104250]: INFO neutron.quota.resource_registry [None req-a0c31cd8-2b37-43ed-9b96-25557846e190 None None] Creating instance of TrackedResource for resource:floatingip
Apr 20 19:28:12.486594 np0000168563 devstack@neutron-api.service[104250]: INFO neutron.quota.resource_registry [None req-a0c31cd8-2b37-43ed-9b96-25557846e190 None None] Creating instance of CountableResource for resource:rbac_policy
Apr 20 19:28:12.487165 np0000168563 devstack@neutron-api.service[104250]: INFO neutron.quota.resource_registry [None req-a0c31cd8-2b37-43ed-9b96-25557846e190 None None] Creating instance of TrackedResource for resource:security_group
Apr 20 19:28:12.487562 np0000168563 devstack@neutron-api.service[104250]: INFO neutron.quota.resource_registry [None req-a0c31cd8-2b37-43ed-9b96-25557846e190 None None] Creating instance of TrackedResource for resource:security_group_rule
Apr 20 19:28:12.488195 np0000168563 devstack@neutron-api.service[104250]: DEBUG neutron.api.v2.resource_helper [None req-a0c31cd8-2b37-43ed-9b96-25557846e190 None None] Service CORE assigned prefix: {{(pid=104250) build_resource_info /opt/stack/neutron/neutron/api/v2/resource_helper.py:77}}
Apr 20 19:28:12.488331 np0000168563 devstack@neutron-api.service[104250]: INFO neutron.quota.resource_registry [None req-a0c31cd8-2b37-43ed-9b96-25557846e190 None None] Creating instance of TrackedResource for resource:subnetpool
Apr 20 19:28:12.488461 np0000168563 devstack@neutron-api.service[104250]: WARNING neutron.quota.resource_registry [None req-a0c31cd8-2b37-43ed-9b96-25557846e190 None None] subnetpool is already registered
Apr 20 19:28:12.490612 np0000168563 devstack@neutron-api.service[104250]: DEBUG neutron.api.v2.resource_helper [None req-a0c31cd8-2b37-43ed-9b96-25557846e190 None None] Service L3_ROUTER_NAT assigned prefix: {{(pid=104250) build_resource_info /opt/stack/neutron/neutron/api/v2/resource_helper.py:77}}
Apr 20 19:28:12.490962 np0000168563 devstack@neutron-api.service[104250]: DEBUG neutron.api.v2.resource_helper [None req-a0c31cd8-2b37-43ed-9b96-25557846e190 None None] Service FLAVORS assigned prefix: {{(pid=104250) build_resource_info /opt/stack/neutron/neutron/api/v2/resource_helper.py:77}}
Apr 20 19:28:12.491948 np0000168563 devstack@neutron-api.service[104250]: DEBUG neutron.api.v2.resource_helper [None req-a0c31cd8-2b37-43ed-9b96-25557846e190 None None] Service L3_ROUTER_NAT assigned prefix: {{(pid=104250) build_resource_info /opt/stack/neutron/neutron/api/v2/resource_helper.py:77}}
Apr 20 19:28:12.491998 np0000168563 devstack@neutron-api.service[104251]: INFO neutron.db.ovn_hash_ring_db [None req-36276fb5-403a-4c7f-921c-0a1b6433347c None None] Nodes from host "np0000168563" and group "mechanism_driver" removed from the Hash Ring created at 2026-04-20 19:28:04+00:00
Apr 20 19:28:12.492318 np0000168563 devstack@neutron-api.service[104250]: DEBUG neutron.api.v2.resource_helper [None req-a0c31cd8-2b37-43ed-9b96-25557846e190 None None] Service L3_ROUTER_NAT assigned prefix: {{(pid=104250) build_resource_info /opt/stack/neutron/neutron/api/v2/resource_helper.py:77}}
Apr 20 19:28:12.492439 np0000168563 devstack@neutron-api.service[104250]: INFO neutron.quota.resource_registry [None req-a0c31cd8-2b37-43ed-9b96-25557846e190 None None] Creating instance of TrackedResource for resource:router
Apr 20 19:28:12.492565 np0000168563 devstack@neutron-api.service[104250]: WARNING neutron.quota.resource_registry [None req-a0c31cd8-2b37-43ed-9b96-25557846e190 None None] router is already registered
Apr 20 19:28:12.493073 np0000168563 devstack@neutron-api.service[104250]: INFO neutron.quota.resource_registry [None req-a0c31cd8-2b37-43ed-9b96-25557846e190 None None] Creating instance of TrackedResource for resource:floatingip
Apr 20 19:28:12.493285 np0000168563 devstack@neutron-api.service[104250]: WARNING neutron.quota.resource_registry [None req-a0c31cd8-2b37-43ed-9b96-25557846e190 None None] floatingip is already registered
Apr 20 19:28:12.494421 np0000168563 devstack@neutron-api.service[104250]: INFO neutron.quota.resource_registry [None req-a0c31cd8-2b37-43ed-9b96-25557846e190 None None] Creating instance of CountableResource for resource:rbac_policy
Apr 20 19:28:12.494529 np0000168563 devstack@neutron-api.service[104250]: WARNING neutron.quota.resource_registry [None req-a0c31cd8-2b37-43ed-9b96-25557846e190 None None] rbac_policy is already registered
Apr 20 19:28:12.494800 np0000168563 devstack@neutron-api.service[104251]: INFO neutron.db.ovn_hash_ring_db [None req-36276fb5-403a-4c7f-921c-0a1b6433347c None None] Node bb4d3cc73aa35fcdb1170f6c0deaa3c3 from host "np0000168563" and group "mechanism_driver" added to the Hash Ring
Apr 20 19:28:12.495057 np0000168563 devstack@neutron-api.service[104250]: INFO neutron.quota.resource_registry [None req-a0c31cd8-2b37-43ed-9b96-25557846e190 None None] Creating instance of TrackedResource for resource:security_group
Apr 20 19:28:12.495207 np0000168563 devstack@neutron-api.service[104250]: WARNING neutron.quota.resource_registry [None req-a0c31cd8-2b37-43ed-9b96-25557846e190 None None] security_group is already registered
Apr 20 19:28:12.495570 np0000168563 devstack@neutron-api.service[104250]: INFO neutron.quota.resource_registry [None req-a0c31cd8-2b37-43ed-9b96-25557846e190 None None] Creating instance of TrackedResource for resource:security_group_rule
Apr 20 19:28:12.495699 np0000168563 devstack@neutron-api.service[104250]: WARNING neutron.quota.resource_registry [None req-a0c31cd8-2b37-43ed-9b96-25557846e190 None None] security_group_rule is already registered
Apr 20 19:28:12.496259 np0000168563 devstack@neutron-api.service[104250]: DEBUG neutron.api.v2.resource_helper [None req-a0c31cd8-2b37-43ed-9b96-25557846e190 None None] Service CORE assigned prefix: {{(pid=104250) build_resource_info /opt/stack/neutron/neutron/api/v2/resource_helper.py:77}}
Apr 20 19:28:12.496391 np0000168563 devstack@neutron-api.service[104250]: INFO neutron.quota.resource_registry [None req-a0c31cd8-2b37-43ed-9b96-25557846e190 None None] Creating instance of TrackedResource for resource:subnetpool
Apr 20 19:28:12.496517 np0000168563 devstack@neutron-api.service[104250]: WARNING neutron.quota.resource_registry [None req-a0c31cd8-2b37-43ed-9b96-25557846e190 None None] subnetpool is already registered
Apr 20 19:28:12.496899 np0000168563 devstack@neutron-api.service[104250]: DEBUG neutron.api.extensions [None req-a0c31cd8-2b37-43ed-9b96-25557846e190 None None] Extended resource: extensions {{(pid=104250) __init__ /opt/stack/neutron/neutron/api/extensions.py:156}}
Apr 20 19:28:12.497772 np0000168563 devstack@neutron-api.service[104249]: DEBUG ovsdbapp.backend.ovs_idl [None req-abf27b9f-8e9a-4a16-bfa0-0dd9ff3eae7a None None] Created lookup_table index Logical_Switch.name {{(pid=104249) autocreate_indices /opt/stack/data/venv/lib/python3.12/site-packages/ovsdbapp/backend/ovs_idl/__init__.py:87}}
Apr 20 19:28:12.497877 np0000168563 devstack@neutron-api.service[104250]: DEBUG neutron.api.extensions [None req-a0c31cd8-2b37-43ed-9b96-25557846e190 None None] Extended resource: address-groups {{(pid=104250) __init__ /opt/stack/neutron/neutron/api/extensions.py:156}}
Apr 20 19:28:12.497937 np0000168563 devstack@neutron-api.service[104249]: DEBUG ovsdbapp.backend.ovs_idl [None req-abf27b9f-8e9a-4a16-bfa0-0dd9ff3eae7a None None] Created lookup_table index Logical_Router.name {{(pid=104249) autocreate_indices /opt/stack/data/venv/lib/python3.12/site-packages/ovsdbapp/backend/ovs_idl/__init__.py:87}}
Apr 20 19:28:12.497996 np0000168563 devstack@neutron-api.service[104251]: DEBUG neutron.plugins.ml2.drivers.ovn.mech_driver.mech_driver [None req-36276fb5-403a-4c7f-921c-0a1b6433347c None None] Hash Ring setup, this worker has detected 3 OVN hash ring registers in the database {{(pid=104251) _init_hash_ring /opt/stack/neutron/neutron/plugins/ml2/drivers/ovn/mech_driver/mech_driver.py:412}}
Apr 20 19:28:12.498108 np0000168563 devstack@neutron-api.service[104249]: DEBUG ovsdbapp.backend.ovs_idl [None req-abf27b9f-8e9a-4a16-bfa0-0dd9ff3eae7a None None] Created lookup_table index Load_Balancer.name {{(pid=104249) autocreate_indices /opt/stack/data/venv/lib/python3.12/site-packages/ovsdbapp/backend/ovs_idl/__init__.py:87}}
Apr 20 19:28:12.498288 np0000168563 devstack@neutron-api.service[104249]: DEBUG ovsdbapp.backend.ovs_idl [None req-abf27b9f-8e9a-4a16-bfa0-0dd9ff3eae7a None None] Created schema index Copp.name {{(pid=104249) autocreate_indices /opt/stack/data/venv/lib/python3.12/site-packages/ovsdbapp/backend/ovs_idl/__init__.py:106}}
Apr 20 19:28:12.498441 np0000168563 devstack@neutron-api.service[104249]: DEBUG ovsdbapp.backend.ovs_idl [None req-abf27b9f-8e9a-4a16-bfa0-0dd9ff3eae7a None None] Created schema index Meter.name {{(pid=104249) autocreate_indices /opt/stack/data/venv/lib/python3.12/site-packages/ovsdbapp/backend/ovs_idl/__init__.py:106}}
Apr 20 19:28:12.498512 np0000168563 devstack@neutron-api.service[104250]: DEBUG neutron.api.extensions [None req-a0c31cd8-2b37-43ed-9b96-25557846e190 None None] Extended resource: address-scopes {{(pid=104250) __init__ /opt/stack/neutron/neutron/api/extensions.py:156}}
Apr 20 19:28:12.498567 np0000168563 devstack@neutron-api.service[104249]: DEBUG ovsdbapp.backend.ovs_idl [None req-abf27b9f-8e9a-4a16-bfa0-0dd9ff3eae7a None None] Created schema index Load_Balancer_Group.name {{(pid=104249) autocreate_indices /opt/stack/data/venv/lib/python3.12/site-packages/ovsdbapp/backend/ovs_idl/__init__.py:106}}
Apr 20 19:28:12.498639 np0000168563 devstack@neutron-api.service[104249]: DEBUG ovsdbapp.backend.ovs_idl [None req-abf27b9f-8e9a-4a16-bfa0-0dd9ff3eae7a None None] Created schema index HA_Chassis_Group.name {{(pid=104249) autocreate_indices /opt/stack/data/venv/lib/python3.12/site-packages/ovsdbapp/backend/ovs_idl/__init__.py:106}}
Apr 20 19:28:12.498820 np0000168563 devstack@neutron-api.service[104249]: DEBUG ovsdbapp.backend.ovs_idl [None req-abf27b9f-8e9a-4a16-bfa0-0dd9ff3eae7a None None] Created schema index Address_Set.name {{(pid=104249) autocreate_indices /opt/stack/data/venv/lib/python3.12/site-packages/ovsdbapp/backend/ovs_idl/__init__.py:106}}
Apr 20 19:28:12.499012 np0000168563 devstack@neutron-api.service[104249]: DEBUG ovsdbapp.backend.ovs_idl [None req-abf27b9f-8e9a-4a16-bfa0-0dd9ff3eae7a None None] Created schema index Connection.target {{(pid=104249) autocreate_indices /opt/stack/data/venv/lib/python3.12/site-packages/ovsdbapp/backend/ovs_idl/__init__.py:106}}
Apr 20 19:28:12.499136 np0000168563 devstack@neutron-api.service[104250]: DEBUG neutron.api.extensions [None req-a0c31cd8-2b37-43ed-9b96-25557846e190 None None] Extended resource: agents {{(pid=104250) __init__ /opt/stack/neutron/neutron/api/extensions.py:156}}
Apr 20 19:28:12.499225 np0000168563 devstack@neutron-api.service[104249]: DEBUG ovsdbapp.backend.ovs_idl [None req-abf27b9f-8e9a-4a16-bfa0-0dd9ff3eae7a None None] Created schema index Gateway_Chassis.name {{(pid=104249) autocreate_indices /opt/stack/data/venv/lib/python3.12/site-packages/ovsdbapp/backend/ovs_idl/__init__.py:106}}
Apr 20 19:28:12.499283 np0000168563 devstack@neutron-api.service[104249]: DEBUG ovsdbapp.backend.ovs_idl [None req-abf27b9f-8e9a-4a16-bfa0-0dd9ff3eae7a None None] Created schema index Mirror.name {{(pid=104249) autocreate_indices /opt/stack/data/venv/lib/python3.12/site-packages/ovsdbapp/backend/ovs_idl/__init__.py:106}}
Apr 20 19:28:12.499431 np0000168563 devstack@neutron-api.service[104249]: DEBUG ovsdbapp.backend.ovs_idl [None req-abf27b9f-8e9a-4a16-bfa0-0dd9ff3eae7a None None] Created schema index Chassis_Template_Var.chassis {{(pid=104249) autocreate_indices /opt/stack/data/venv/lib/python3.12/site-packages/ovsdbapp/backend/ovs_idl/__init__.py:106}}
Apr 20 19:28:12.499565 np0000168563 devstack@neutron-api.service[104249]: DEBUG ovsdbapp.backend.ovs_idl [None req-abf27b9f-8e9a-4a16-bfa0-0dd9ff3eae7a None None] Created schema index Logical_Router_Port.name {{(pid=104249) autocreate_indices /opt/stack/data/venv/lib/python3.12/site-packages/ovsdbapp/backend/ovs_idl/__init__.py:106}}
Apr 20 19:28:12.499665 np0000168563 devstack@neutron-api.service[104249]: DEBUG ovsdbapp.backend.ovs_idl [None req-abf27b9f-8e9a-4a16-bfa0-0dd9ff3eae7a None None] Created schema index Port_Group.name {{(pid=104249) autocreate_indices /opt/stack/data/venv/lib/python3.12/site-packages/ovsdbapp/backend/ovs_idl/__init__.py:106}}
Apr 20 19:28:12.499728 np0000168563 devstack@neutron-api.service[104250]: DEBUG neutron.api.extensions [None req-a0c31cd8-2b37-43ed-9b96-25557846e190 None None] Extended resource: auto-allocated-topology {{(pid=104250) __init__ /opt/stack/neutron/neutron/api/extensions.py:156}}
Apr 20 19:28:12.499784 np0000168563 devstack@neutron-api.service[104249]: DEBUG ovsdbapp.backend.ovs_idl [None req-abf27b9f-8e9a-4a16-bfa0-0dd9ff3eae7a None None] Created schema index Logical_Switch_Port.name {{(pid=104249) autocreate_indices /opt/stack/data/venv/lib/python3.12/site-packages/ovsdbapp/backend/ovs_idl/__init__.py:106}}
Apr 20 19:28:12.500269 np0000168563 devstack@neutron-api.service[104250]: DEBUG neutron.api.extensions [None req-a0c31cd8-2b37-43ed-9b96-25557846e190 None None] Extended resource: availability_zones {{(pid=104250) __init__ /opt/stack/neutron/neutron/api/extensions.py:156}}
Apr 20 19:28:12.500858 np0000168563 devstack@neutron-api.service[104250]: DEBUG neutron.api.extensions [None req-a0c31cd8-2b37-43ed-9b96-25557846e190 None None] Extended resource: dhcp-networks {{(pid=104250) __init__ /opt/stack/neutron/neutron/api/extensions.py:156}}
Apr 20 19:28:12.501923 np0000168563 devstack@neutron-api.service[104250]: DEBUG neutron.api.extensions [None req-a0c31cd8-2b37-43ed-9b96-25557846e190 None None] Extended resource: dhcp-agents {{(pid=104250) __init__ /opt/stack/neutron/neutron/api/extensions.py:156}}
Apr 20 19:28:12.502848 np0000168563 devstack@neutron-api.service[104250]: DEBUG neutron.api.extensions [None req-a0c31cd8-2b37-43ed-9b96-25557846e190 None None] Extended resource: routers {{(pid=104250) __init__ /opt/stack/neutron/neutron/api/extensions.py:156}}
Apr 20 19:28:12.503094 np0000168563 devstack@neutron-api.service[104249]: INFO ovsdbapp.backend.ovs_idl.vlog [None req-abf27b9f-8e9a-4a16-bfa0-0dd9ff3eae7a None None] ssl:199.204.45.169:6641: connecting...
Apr 20 19:28:12.507375 np0000168563 devstack@neutron-api.service[104251]: DEBUG neutron.plugins.ml2.drivers.ovn.mech_driver.ovsdb.maintenance [None req-36276fb5-403a-4c7f-921c-0a1b6433347c None None] Periodic task found: HashRingHealthCheckPeriodics.touch_hash_ring_node {{(pid=104251) add_periodics /opt/stack/neutron/neutron/plugins/ml2/drivers/ovn/mech_driver/ovsdb/maintenance.py:148}}
Apr 20 19:28:12.507610 np0000168563 devstack@neutron-api.service[104250]: DEBUG neutron.api.extensions [None req-a0c31cd8-2b37-43ed-9b96-25557846e190 None None] Extended resource: flavors {{(pid=104250) __init__ /opt/stack/neutron/neutron/api/extensions.py:156}}
Apr 20 19:28:12.509082 np0000168563 devstack@neutron-api.service[104249]: INFO ovsdbapp.backend.ovs_idl.vlog [None req-abf27b9f-8e9a-4a16-bfa0-0dd9ff3eae7a None None] ssl:199.204.45.169:6641: connected
Apr 20 19:28:12.509267 np0000168563 devstack@neutron-api.service[104251]: INFO neutron.plugins.ml2.drivers.ovn.mech_driver.mech_driver [None req-36276fb5-403a-4c7f-921c-0a1b6433347c None None] Hash Ring probing thread for node bb4d3cc73aa35fcdb1170f6c0deaa3c3 has started
Apr 20 19:28:12.509843 np0000168563 devstack@neutron-api.service[104251]: INFO neutron.plugins.ml2.drivers.ovn.mech_driver.ovsdb.impl_idl_ovn [None req-36276fb5-403a-4c7f-921c-0a1b6433347c None None] Getting OvsdbNbOvnIdl for WorkerService with retry
Apr 20 19:28:12.511534 np0000168563 devstack@neutron-api.service[104250]: DEBUG neutron.api.extensions [None req-a0c31cd8-2b37-43ed-9b96-25557846e190 None None] Extended resource: service_profiles {{(pid=104250) __init__ /opt/stack/neutron/neutron/api/extensions.py:156}}
Apr 20 19:28:12.511687 np0000168563 devstack@neutron-api.service[104250]: DEBUG neutron.api.extensions [None req-a0c31cd8-2b37-43ed-9b96-25557846e190 None None] Extended resource: next_providers {{(pid=104250) __init__ /opt/stack/neutron/neutron/api/extensions.py:156}}
Apr 20 19:28:12.512279 np0000168563 devstack@neutron-api.service[104250]: DEBUG neutron.api.extensions [None req-a0c31cd8-2b37-43ed-9b96-25557846e190 None None] Extended resource: service_profiles {{(pid=104250) __init__ /opt/stack/neutron/neutron/api/extensions.py:156}}
Apr 20 19:28:12.514148 np0000168563 devstack@neutron-api.service[104250]: DEBUG neutron.api.extensions [None req-a0c31cd8-2b37-43ed-9b96-25557846e190 None None] Extended resource: floatingip-pools {{(pid=104250) __init__ /opt/stack/neutron/neutron/api/extensions.py:156}}
Apr 20 19:28:12.514148 np0000168563 devstack@neutron-api.service[104250]: DEBUG neutron.api.extensions [None req-a0c31cd8-2b37-43ed-9b96-25557846e190 None None] Extended resource: routers {{(pid=104250) __init__ /opt/stack/neutron/neutron/api/extensions.py:156}}
Apr 20 19:28:12.515312 np0000168563 devstack@neutron-api.service[104250]: DEBUG neutron.api.extensions [None req-a0c31cd8-2b37-43ed-9b96-25557846e190 None None] Extended resource: floatingips {{(pid=104250) __init__ /opt/stack/neutron/neutron/api/extensions.py:156}}
Apr 20 19:28:12.516193 np0000168563 devstack@neutron-api.service[104250]: DEBUG neutron.api.extensions [None req-a0c31cd8-2b37-43ed-9b96-25557846e190 None None] Extended resource: network-ip-availabilities {{(pid=104250) __init__ /opt/stack/neutron/neutron/api/extensions.py:156}}
Apr 20 19:28:12.517078 np0000168563 devstack@neutron-api.service[104250]: DEBUG neutron.api.extensions [None req-a0c31cd8-2b37-43ed-9b96-25557846e190 None None] Extended resource: network-ip-availabilities {{(pid=104250) __init__ /opt/stack/neutron/neutron/api/extensions.py:156}}
Apr 20 19:28:12.518337 np0000168563 devstack@neutron-api.service[104250]: DEBUG neutron.api.extensions [None req-a0c31cd8-2b37-43ed-9b96-25557846e190 None None] Extended resource: bindings {{(pid=104250) __init__ /opt/stack/neutron/neutron/api/extensions.py:156}}
Apr 20 19:28:12.519420 np0000168563 devstack@neutron-api.service[104250]: DEBUG neutron.api.extensions [None req-a0c31cd8-2b37-43ed-9b96-25557846e190 None None] Extended resource: quotas {{(pid=104250) __init__ /opt/stack/neutron/neutron/api/extensions.py:156}}
Apr 20 19:28:12.520442 np0000168563 devstack@neutron-api.service[104250]: DEBUG neutron.api.extensions [None req-a0c31cd8-2b37-43ed-9b96-25557846e190 None None] Extended resource: quotas {{(pid=104250) __init__ /opt/stack/neutron/neutron/api/extensions.py:156}}
Apr 20 19:28:12.521494 np0000168563 devstack@neutron-api.service[104250]: DEBUG neutron.api.extensions [None req-a0c31cd8-2b37-43ed-9b96-25557846e190 None None] Extended resource: rbac-policies {{(pid=104250) __init__ /opt/stack/neutron/neutron/api/extensions.py:156}}
Apr 20 19:28:12.522365 np0000168563 devstack@neutron-api.service[104250]: DEBUG neutron.api.extensions [None req-a0c31cd8-2b37-43ed-9b96-25557846e190 None None] Extended resource: default-security-group-rules {{(pid=104250) __init__ /opt/stack/neutron/neutron/api/extensions.py:156}}
Apr 20 19:28:12.524195 np0000168563 devstack@neutron-api.service[104250]: DEBUG neutron.api.extensions [None req-a0c31cd8-2b37-43ed-9b96-25557846e190 None None] Extended resource: security-groups {{(pid=104250) __init__ /opt/stack/neutron/neutron/api/extensions.py:156}}
Apr 20 19:28:12.525029 np0000168563 devstack@neutron-api.service[104250]: DEBUG neutron.api.extensions [None req-a0c31cd8-2b37-43ed-9b96-25557846e190 None None] Extended resource: security-group-rules {{(pid=104250) __init__ /opt/stack/neutron/neutron/api/extensions.py:156}}
Apr 20 19:28:12.525894 np0000168563 devstack@neutron-api.service[104250]: DEBUG neutron.api.extensions [None req-a0c31cd8-2b37-43ed-9b96-25557846e190 None None] Extended resource: service-providers {{(pid=104250) __init__ /opt/stack/neutron/neutron/api/extensions.py:156}}
Apr 20 19:28:12.527344 np0000168563 devstack@neutron-api.service[104250]: DEBUG neutron.api.extensions [None req-a0c31cd8-2b37-43ed-9b96-25557846e190 None None] Extended resource: subnetpools {{(pid=104250) __init__ /opt/stack/neutron/neutron/api/extensions.py:156}}
Apr 20 19:28:12.528418 np0000168563 devstack@neutron-api.service[104250]: DEBUG neutron.api.extensions [None req-a0c31cd8-2b37-43ed-9b96-25557846e190 None None] Extended resource: tags {{(pid=104250) __init__ /opt/stack/neutron/neutron/api/extensions.py:156}}
Apr 20 19:28:12.529616 np0000168563 devstack@neutron-api.service[104250]: DEBUG neutron.api.extensions [None req-a0c31cd8-2b37-43ed-9b96-25557846e190 None None] Extended resource: tags {{(pid=104250) __init__ /opt/stack/neutron/neutron/api/extensions.py:156}}
Apr 20 19:28:12.530890 np0000168563 devstack@neutron-api.service[104250]: DEBUG neutron.api.extensions [None req-a0c31cd8-2b37-43ed-9b96-25557846e190 None None] Extended resource: tags {{(pid=104250) __init__ /opt/stack/neutron/neutron/api/extensions.py:156}}
Apr 20 19:28:12.532228 np0000168563 devstack@neutron-api.service[104250]: DEBUG neutron.api.extensions [None req-a0c31cd8-2b37-43ed-9b96-25557846e190 None None] Extended resource: tags {{(pid=104250) __init__ /opt/stack/neutron/neutron/api/extensions.py:156}}
Apr 20 19:28:12.533363 np0000168563 devstack@neutron-api.service[104250]: DEBUG neutron.api.extensions [None req-a0c31cd8-2b37-43ed-9b96-25557846e190 None None] Extended resource: tags {{(pid=104250) __init__ /opt/stack/neutron/neutron/api/extensions.py:156}}
Apr 20 19:28:12.534978 np0000168563 devstack@neutron-api.service[104250]: DEBUG neutron.api.extensions [None req-a0c31cd8-2b37-43ed-9b96-25557846e190 None None] Extended resource: tags {{(pid=104250) __init__ /opt/stack/neutron/neutron/api/extensions.py:156}}
Apr 20 19:28:12.536264 np0000168563 devstack@neutron-api.service[104250]: DEBUG neutron.api.extensions [None req-a0c31cd8-2b37-43ed-9b96-25557846e190 None None] Extended resource: tags {{(pid=104250) __init__ /opt/stack/neutron/neutron/api/extensions.py:156}}
Apr 20 19:28:12.537864 np0000168563 devstack@neutron-api.service[104250]: DEBUG neutron.api.extensions [None req-a0c31cd8-2b37-43ed-9b96-25557846e190 None None] Extended resource: tags {{(pid=104250) __init__ /opt/stack/neutron/neutron/api/extensions.py:156}}
Apr 20 19:28:12.538420 np0000168563 devstack@neutron-api.service[104249]: DEBUG neutron.common.ovn.hash_ring_manager [None req-abf27b9f-8e9a-4a16-bfa0-0dd9ff3eae7a None None] Disallow caching, nodes 3<4 {{(pid=104249) _wait_startup_before_caching /opt/stack/neutron/neutron/common/ovn/hash_ring_manager.py:72}}
Apr 20 19:28:12.539226 np0000168563 devstack@neutron-api.service[104250]: DEBUG neutron.api.extensions [None req-a0c31cd8-2b37-43ed-9b96-25557846e190 None None] Extended resource: tags {{(pid=104250) __init__ /opt/stack/neutron/neutron/api/extensions.py:156}}
Apr 20 19:28:12.540015 np0000168563 devstack@neutron-api.service[104250]: DEBUG neutron.api.extensions [None req-a0c31cd8-2b37-43ed-9b96-25557846e190 None None] Extended resource: tags {{(pid=104250) __init__ /opt/stack/neutron/neutron/api/extensions.py:156}}
Apr 20 19:28:12.544221 np0000168563 devstack@neutron-api.service[104249]: DEBUG neutron.common.ovn.hash_ring_manager [None req-abf27b9f-8e9a-4a16-bfa0-0dd9ff3eae7a None None] Hash Ring loaded. 3 active nodes. 0 offline nodes {{(pid=104249) _load_hash_ring /opt/stack/neutron/neutron/common/ovn/hash_ring_manager.py:102}}
Apr 20 19:28:12.544407 np0000168563 devstack@neutron-api.service[104249]: DEBUG neutron.plugins.ml2.drivers.ovn.mech_driver.ovsdb.ovsdb_monitor [None req-abf27b9f-8e9a-4a16-bfa0-0dd9ff3eae7a None None] Hash Ring: Node 9efa04d94b1658b886ab6261a42f67e4 (host: np0000168563) handling event "create" for row 1cb93b95-2d19-43a2-b808-dd6aa4fb5a5e (table: ACL) {{(pid=104249) notify /opt/stack/neutron/neutron/plugins/ml2/drivers/ovn/mech_driver/ovsdb/ovsdb_monitor.py:914}}
Apr 20 19:28:12.545203 np0000168563 devstack@neutron-api.service[104250]: WARNING keystonemiddleware.auth_token [None req-a0c31cd8-2b37-43ed-9b96-25557846e190 None None] AuthToken middleware is set with keystone_authtoken.service_token_roles_required set to False. This is backwards compatible but deprecated behaviour. Please set this to True.
Apr 20 19:28:12.549357 np0000168563 devstack@neutron-api.service[104249]: DEBUG neutron.common.ovn.hash_ring_manager [None req-abf27b9f-8e9a-4a16-bfa0-0dd9ff3eae7a None None] Hash Ring loaded. 3 active nodes. 0 offline nodes {{(pid=104249) _load_hash_ring /opt/stack/neutron/neutron/common/ovn/hash_ring_manager.py:102}}
Apr 20 19:28:12.553370 np0000168563 devstack@neutron-api.service[104250]: DEBUG neutron_lib.callbacks.manager [None req-a0c31cd8-2b37-43ed-9b96-25557846e190 None None] Publish callbacks ['neutron.plugins.ml2.drivers.ovn.mech_driver.mech_driver.OVNMechanismDriver.pre_fork_initialize-1776753'] for process (None), before_spawn {{(pid=104250) _notify_loop /opt/stack/data/venv/lib/python3.12/site-packages/neutron_lib/callbacks/manager.py:184}}
Apr 20 19:28:12.554768 np0000168563 devstack@neutron-api.service[104250]: DEBUG oslo_concurrency.processutils [None req-a0c31cd8-2b37-43ed-9b96-25557846e190 None None] Running cmd (subprocess): ovsdb-client transact ssl:199.204.45.169:6641 --timeout 180 -p /opt/stack/data/CA/int-ca/private/devstack-cert.key -c /opt/stack/data/CA/int-ca/devstack-cert.crt -C /opt/stack/data/CA/int-ca/ca-chain.pem ["OVN_Northbound", {"op": "wait", "timeout": 0, "table": "Port_Group", "where": [["name", "==", "neutron_pg_drop"]], "until": "==", "rows": []}, {"op": "insert", "table": "ACL", "row": {"action": "drop", "direction": "to-lport", "match": "outport == @neutron_pg_drop && ip", "priority": 1001}, "uuid-name": "droptoport"}, {"op": "insert", "table": "ACL", "row": {"action": "drop", "direction": "from-lport", "match": "inport == @neutron_pg_drop && ip", "priority": 1001}, "uuid-name": "dropfromport"}, {"op": "insert", "table": "Port_Group", "row": {"name": "neutron_pg_drop", "acls": ["set", [["named-uuid", "droptoport"], ["named-uuid", "dropfromport"]]]}}] {{(pid=104250) execute /opt/stack/data/venv/lib/python3.12/site-packages/oslo_concurrency/processutils.py:440}}
Apr 20 19:28:12.554937 np0000168563 devstack@neutron-api.service[104249]: DEBUG neutron.common.ovn.hash_ring_manager [None req-abf27b9f-8e9a-4a16-bfa0-0dd9ff3eae7a None None] Hash Ring loaded. 3 active nodes. 0 offline nodes {{(pid=104249) _load_hash_ring /opt/stack/neutron/neutron/common/ovn/hash_ring_manager.py:102}}
Apr 20 19:28:12.554937 np0000168563 devstack@neutron-api.service[104249]: DEBUG neutron.plugins.ml2.drivers.ovn.mech_driver.ovsdb.ovsdb_monitor [None req-abf27b9f-8e9a-4a16-bfa0-0dd9ff3eae7a None None] Hash Ring: Node 9efa04d94b1658b886ab6261a42f67e4 (host: np0000168563) handling event "create" for row d03458b5-f08d-4c96-b40b-6a5661608fa4 (table: Connection) {{(pid=104249) notify /opt/stack/neutron/neutron/plugins/ml2/drivers/ovn/mech_driver/ovsdb/ovsdb_monitor.py:914}}
Apr 20 19:28:12.559363 np0000168563 devstack@neutron-api.service[104251]: DEBUG ovsdbapp.backend.ovs_idl [None req-36276fb5-403a-4c7f-921c-0a1b6433347c None None] Created lookup_table index Logical_Switch.name {{(pid=104251) autocreate_indices /opt/stack/data/venv/lib/python3.12/site-packages/ovsdbapp/backend/ovs_idl/__init__.py:87}}
Apr 20 19:28:12.559531 np0000168563 devstack@neutron-api.service[104251]: DEBUG ovsdbapp.backend.ovs_idl [None req-36276fb5-403a-4c7f-921c-0a1b6433347c None None] Created lookup_table index Logical_Router.name {{(pid=104251) autocreate_indices /opt/stack/data/venv/lib/python3.12/site-packages/ovsdbapp/backend/ovs_idl/__init__.py:87}}
Apr 20 19:28:12.559693 np0000168563 devstack@neutron-api.service[104251]: DEBUG ovsdbapp.backend.ovs_idl [None req-36276fb5-403a-4c7f-921c-0a1b6433347c None None] Created lookup_table index Load_Balancer.name {{(pid=104251) autocreate_indices /opt/stack/data/venv/lib/python3.12/site-packages/ovsdbapp/backend/ovs_idl/__init__.py:87}}
Apr 20 19:28:12.559770 np0000168563 devstack@neutron-api.service[104249]: DEBUG neutron.common.ovn.hash_ring_manager [None req-abf27b9f-8e9a-4a16-bfa0-0dd9ff3eae7a None None] Hash Ring loaded. 3 active nodes. 0 offline nodes {{(pid=104249) _load_hash_ring /opt/stack/neutron/neutron/common/ovn/hash_ring_manager.py:102}}
Apr 20 19:28:12.559874 np0000168563 devstack@neutron-api.service[104251]: DEBUG ovsdbapp.backend.ovs_idl [None req-36276fb5-403a-4c7f-921c-0a1b6433347c None None] Created schema index Copp.name {{(pid=104251) autocreate_indices /opt/stack/data/venv/lib/python3.12/site-packages/ovsdbapp/backend/ovs_idl/__init__.py:106}}
Apr 20 19:28:12.560033 np0000168563 devstack@neutron-api.service[104251]: DEBUG ovsdbapp.backend.ovs_idl [None req-36276fb5-403a-4c7f-921c-0a1b6433347c None None] Created schema index Meter.name {{(pid=104251) autocreate_indices /opt/stack/data/venv/lib/python3.12/site-packages/ovsdbapp/backend/ovs_idl/__init__.py:106}}
Apr 20 19:28:12.560198 np0000168563 devstack@neutron-api.service[104251]: DEBUG ovsdbapp.backend.ovs_idl [None req-36276fb5-403a-4c7f-921c-0a1b6433347c None None] Created schema index Load_Balancer_Group.name {{(pid=104251) autocreate_indices /opt/stack/data/venv/lib/python3.12/site-packages/ovsdbapp/backend/ovs_idl/__init__.py:106}}
Apr 20 19:28:12.560362 np0000168563 devstack@neutron-api.service[104251]: DEBUG ovsdbapp.backend.ovs_idl [None req-36276fb5-403a-4c7f-921c-0a1b6433347c None None] Created schema index HA_Chassis_Group.name {{(pid=104251) autocreate_indices /opt/stack/data/venv/lib/python3.12/site-packages/ovsdbapp/backend/ovs_idl/__init__.py:106}}
Apr 20 19:28:12.560518 np0000168563 devstack@neutron-api.service[104251]: DEBUG ovsdbapp.backend.ovs_idl [None req-36276fb5-403a-4c7f-921c-0a1b6433347c None None] Created schema index Address_Set.name {{(pid=104251) autocreate_indices /opt/stack/data/venv/lib/python3.12/site-packages/ovsdbapp/backend/ovs_idl/__init__.py:106}}
Apr 20 19:28:12.560669 np0000168563 devstack@neutron-api.service[104251]: DEBUG ovsdbapp.backend.ovs_idl [None req-36276fb5-403a-4c7f-921c-0a1b6433347c None None] Created schema index Connection.target {{(pid=104251) autocreate_indices /opt/stack/data/venv/lib/python3.12/site-packages/ovsdbapp/backend/ovs_idl/__init__.py:106}}
Apr 20 19:28:12.560771 np0000168563 devstack@neutron-api.service[104251]: DEBUG ovsdbapp.backend.ovs_idl [None req-36276fb5-403a-4c7f-921c-0a1b6433347c None None] Created schema index Gateway_Chassis.name {{(pid=104251) autocreate_indices /opt/stack/data/venv/lib/python3.12/site-packages/ovsdbapp/backend/ovs_idl/__init__.py:106}}
Apr 20 19:28:12.560901 np0000168563 devstack@neutron-api.service[104251]: DEBUG ovsdbapp.backend.ovs_idl [None req-36276fb5-403a-4c7f-921c-0a1b6433347c None None] Created schema index Mirror.name {{(pid=104251) autocreate_indices /opt/stack/data/venv/lib/python3.12/site-packages/ovsdbapp/backend/ovs_idl/__init__.py:106}}
Apr 20 19:28:12.561053 np0000168563 devstack@neutron-api.service[104251]: DEBUG ovsdbapp.backend.ovs_idl [None req-36276fb5-403a-4c7f-921c-0a1b6433347c None None] Created schema index Chassis_Template_Var.chassis {{(pid=104251) autocreate_indices /opt/stack/data/venv/lib/python3.12/site-packages/ovsdbapp/backend/ovs_idl/__init__.py:106}}
Apr 20 19:28:12.561232 np0000168563 devstack@neutron-api.service[104251]: DEBUG ovsdbapp.backend.ovs_idl [None req-36276fb5-403a-4c7f-921c-0a1b6433347c None None] Created schema index Logical_Router_Port.name {{(pid=104251) autocreate_indices /opt/stack/data/venv/lib/python3.12/site-packages/ovsdbapp/backend/ovs_idl/__init__.py:106}}
Apr 20 19:28:12.561385 np0000168563 devstack@neutron-api.service[104251]: DEBUG ovsdbapp.backend.ovs_idl [None req-36276fb5-403a-4c7f-921c-0a1b6433347c None None] Created schema index Port_Group.name {{(pid=104251) autocreate_indices /opt/stack/data/venv/lib/python3.12/site-packages/ovsdbapp/backend/ovs_idl/__init__.py:106}}
Apr 20 19:28:12.561545 np0000168563 devstack@neutron-api.service[104251]: DEBUG ovsdbapp.backend.ovs_idl [None req-36276fb5-403a-4c7f-921c-0a1b6433347c None None] Created schema index Logical_Switch_Port.name {{(pid=104251) autocreate_indices /opt/stack/data/venv/lib/python3.12/site-packages/ovsdbapp/backend/ovs_idl/__init__.py:106}}
Apr 20 19:28:12.565030 np0000168563 devstack@neutron-api.service[104251]: INFO ovsdbapp.backend.ovs_idl.vlog [None req-36276fb5-403a-4c7f-921c-0a1b6433347c None None] ssl:199.204.45.169:6641: connecting...
Apr 20 19:28:12.565280 np0000168563 devstack@neutron-api.service[104249]: DEBUG neutron.common.ovn.hash_ring_manager [None req-abf27b9f-8e9a-4a16-bfa0-0dd9ff3eae7a None None] Hash Ring loaded. 3 active nodes. 0 offline nodes {{(pid=104249) _load_hash_ring /opt/stack/neutron/neutron/common/ovn/hash_ring_manager.py:102}}
Apr 20 19:28:12.571404 np0000168563 devstack@neutron-api.service[104249]: DEBUG neutron.common.ovn.hash_ring_manager [None req-abf27b9f-8e9a-4a16-bfa0-0dd9ff3eae7a None None] Hash Ring loaded. 3 active nodes. 0 offline nodes {{(pid=104249) _load_hash_ring /opt/stack/neutron/neutron/common/ovn/hash_ring_manager.py:102}}
Apr 20 19:28:12.571518 np0000168563 devstack@neutron-api.service[104251]: INFO ovsdbapp.backend.ovs_idl.vlog [None req-36276fb5-403a-4c7f-921c-0a1b6433347c None None] ssl:199.204.45.169:6641: connected
Apr 20 19:28:12.572638 np0000168563 devstack@neutron-api.service[104249]: INFO neutron.plugins.ml2.drivers.ovn.mech_driver.ovsdb.impl_idl_ovn [None req-abf27b9f-8e9a-4a16-bfa0-0dd9ff3eae7a None None] Getting OvsdbSbOvnIdl for WorkerService with retry
Apr 20 19:28:12.594882 np0000168563 devstack@neutron-api.service[104250]: DEBUG oslo_concurrency.processutils [None req-a0c31cd8-2b37-43ed-9b96-25557846e190 None None] CMD "ovsdb-client transact ssl:199.204.45.169:6641 --timeout 180 -p /opt/stack/data/CA/int-ca/private/devstack-cert.key -c /opt/stack/data/CA/int-ca/devstack-cert.crt -C /opt/stack/data/CA/int-ca/ca-chain.pem ["OVN_Northbound", {"op": "wait", "timeout": 0, "table": "Port_Group", "where": [["name", "==", "neutron_pg_drop"]], "until": "==", "rows": []}, {"op": "insert", "table": "ACL", "row": {"action": "drop", "direction": "to-lport", "match": "outport == @neutron_pg_drop && ip", "priority": 1001}, "uuid-name": "droptoport"}, {"op": "insert", "table": "ACL", "row": {"action": "drop", "direction": "from-lport", "match": "inport == @neutron_pg_drop && ip", "priority": 1001}, "uuid-name": "dropfromport"}, {"op": "insert", "table": "Port_Group", "row": {"name": "neutron_pg_drop", "acls": ["set", [["named-uuid", "droptoport"], ["named-uuid", "dropfromport"]]]}}]" returned: 0 in 0.040s {{(pid=104250) execute /opt/stack/data/venv/lib/python3.12/site-packages/oslo_concurrency/processutils.py:468}}
Apr 20 19:28:12.595655 np0000168563 devstack@neutron-api.service[104250]: DEBUG neutron_lib.callbacks.manager [None req-a0c31cd8-2b37-43ed-9b96-25557846e190 None None] Publish callbacks ['neutron.plugins.ml2.drivers.ovn.mech_driver.mech_driver.OVNMechanismDriver.post_fork_initialize-1776665', 'neutron.services.ovn_l3.plugin.OVNL3RouterPlugin._post_fork_initialize-432422'] for process (None), after_init {{(pid=104250) _notify_loop /opt/stack/data/venv/lib/python3.12/site-packages/neutron_lib/callbacks/manager.py:184}}
Apr 20 19:28:12.596125 np0000168563 devstack@neutron-api.service[104250]: DEBUG oslo_concurrency.lockutils [None req-a0c31cd8-2b37-43ed-9b96-25557846e190 None None] Acquiring lock "singleton_lock" {{(pid=104250) lock /opt/stack/data/venv/lib/python3.12/site-packages/oslo_concurrency/lockutils.py:390}}
Apr 20 19:28:12.596317 np0000168563 devstack@neutron-api.service[104250]: DEBUG oslo_concurrency.lockutils [None req-a0c31cd8-2b37-43ed-9b96-25557846e190 None None] Acquired lock "singleton_lock" {{(pid=104250) lock /opt/stack/data/venv/lib/python3.12/site-packages/oslo_concurrency/lockutils.py:393}}
Apr 20 19:28:12.596649 np0000168563 devstack@neutron-api.service[104250]: DEBUG oslo_concurrency.lockutils [None req-a0c31cd8-2b37-43ed-9b96-25557846e190 None None] Releasing lock "singleton_lock" {{(pid=104250) lock /opt/stack/data/venv/lib/python3.12/site-packages/oslo_concurrency/lockutils.py:413}}
Apr 20 19:28:12.599115 np0000168563 devstack@neutron-api.service[104250]: DEBUG neutron.plugins.ml2.drivers.ovn.mech_driver.mech_driver [None req-a0c31cd8-2b37-43ed-9b96-25557846e190 None None] Hash Ring setup using WSGI start time 2026-04-20 19:28:04+00:00 {{(pid=104250) _init_hash_ring /opt/stack/neutron/neutron/plugins/ml2/drivers/ovn/mech_driver/mech_driver.py:402}}
Apr 20 19:28:12.607163 np0000168563 devstack@neutron-api.service[104250]: INFO neutron.db.ovn_hash_ring_db [None req-a0c31cd8-2b37-43ed-9b96-25557846e190 None None] Nodes from host "np0000168563" and group "mechanism_driver" removed from the Hash Ring created at 2026-04-20 19:28:04+00:00
Apr 20 19:28:12.610555 np0000168563 devstack@neutron-api.service[104251]: DEBUG neutron.common.ovn.hash_ring_manager [None req-36276fb5-403a-4c7f-921c-0a1b6433347c None None] Disallow caching, nodes 3<4 {{(pid=104251) _wait_startup_before_caching /opt/stack/neutron/neutron/common/ovn/hash_ring_manager.py:72}}
Apr 20 19:28:12.610860 np0000168563 devstack@neutron-api.service[104250]: INFO neutron.db.ovn_hash_ring_db [None req-a0c31cd8-2b37-43ed-9b96-25557846e190 None None] Node 5fee9215f5e95eedb6d46f2e393143cb from host "np0000168563" and group "mechanism_driver" added to the Hash Ring
Apr 20 19:28:12.611171 np0000168563 devstack@neutron-api.service[104249]: DEBUG ovsdbapp.backend.ovs_idl [None req-abf27b9f-8e9a-4a16-bfa0-0dd9ff3eae7a None None] Created lookup_table index Chassis.name {{(pid=104249) autocreate_indices /opt/stack/data/venv/lib/python3.12/site-packages/ovsdbapp/backend/ovs_idl/__init__.py:87}}
Apr 20 19:28:12.611274 np0000168563 devstack@neutron-api.service[104249]: DEBUG ovsdbapp.backend.ovs_idl [None req-abf27b9f-8e9a-4a16-bfa0-0dd9ff3eae7a None None] Created lookup_table index Port_Binding.logical_port {{(pid=104249) autocreate_indices /opt/stack/data/venv/lib/python3.12/site-packages/ovsdbapp/backend/ovs_idl/__init__.py:87}}
Apr 20 19:28:12.611398 np0000168563 devstack@neutron-api.service[104249]: DEBUG ovsdbapp.backend.ovs_idl [None req-abf27b9f-8e9a-4a16-bfa0-0dd9ff3eae7a None None] Created schema index Chassis_Private.name {{(pid=104249) autocreate_indices /opt/stack/data/venv/lib/python3.12/site-packages/ovsdbapp/backend/ovs_idl/__init__.py:106}}
Apr 20 19:28:12.611489 np0000168563 devstack@neutron-api.service[104249]: DEBUG ovsdbapp.backend.ovs_idl [None req-abf27b9f-8e9a-4a16-bfa0-0dd9ff3eae7a None None] Created schema index Datapath_Binding.tunnel_key {{(pid=104249) autocreate_indices /opt/stack/data/venv/lib/python3.12/site-packages/ovsdbapp/backend/ovs_idl/__init__.py:106}}
Apr 20 19:28:12.613920 np0000168563 devstack@neutron-api.service[104249]: INFO ovsdbapp.backend.ovs_idl.vlog [None req-abf27b9f-8e9a-4a16-bfa0-0dd9ff3eae7a None None] ssl:199.204.45.169:6642: connecting...
Apr 20 19:28:12.614542 np0000168563 devstack@neutron-api.service[104250]: DEBUG neutron.plugins.ml2.drivers.ovn.mech_driver.mech_driver [None req-a0c31cd8-2b37-43ed-9b96-25557846e190 None None] Hash Ring setup, this worker has detected 4 OVN hash ring registers in the database {{(pid=104250) _init_hash_ring /opt/stack/neutron/neutron/plugins/ml2/drivers/ovn/mech_driver/mech_driver.py:412}}
Apr 20 19:28:12.616023 np0000168563 devstack@neutron-api.service[104251]: DEBUG neutron.common.ovn.hash_ring_manager [None req-36276fb5-403a-4c7f-921c-0a1b6433347c None None] Hash Ring loaded. 3 active nodes. 0 offline nodes {{(pid=104251) _load_hash_ring /opt/stack/neutron/neutron/common/ovn/hash_ring_manager.py:102}}
Apr 20 19:28:12.620345 np0000168563 devstack@neutron-api.service[104249]: INFO ovsdbapp.backend.ovs_idl.vlog [None req-abf27b9f-8e9a-4a16-bfa0-0dd9ff3eae7a None None] ssl:199.204.45.169:6642: connected
Apr 20 19:28:12.621207 np0000168563 devstack@neutron-api.service[104250]: DEBUG neutron.plugins.ml2.drivers.ovn.mech_driver.ovsdb.maintenance [None req-a0c31cd8-2b37-43ed-9b96-25557846e190 None None] Periodic task found: HashRingHealthCheckPeriodics.touch_hash_ring_node {{(pid=104250) add_periodics /opt/stack/neutron/neutron/plugins/ml2/drivers/ovn/mech_driver/ovsdb/maintenance.py:148}}
Apr 20 19:28:12.622667 np0000168563 devstack@neutron-api.service[104250]: INFO neutron.plugins.ml2.drivers.ovn.mech_driver.mech_driver [None req-a0c31cd8-2b37-43ed-9b96-25557846e190 None None] Hash Ring probing thread for node 5fee9215f5e95eedb6d46f2e393143cb has started
Apr 20 19:28:12.623632 np0000168563 devstack@neutron-api.service[104251]: DEBUG neutron.common.ovn.hash_ring_manager [None req-36276fb5-403a-4c7f-921c-0a1b6433347c None None] Hash Ring loaded. 4 active nodes. 0 offline nodes {{(pid=104251) _load_hash_ring /opt/stack/neutron/neutron/common/ovn/hash_ring_manager.py:102}}
Apr 20 19:28:12.623808 np0000168563 devstack@neutron-api.service[104250]: INFO neutron.plugins.ml2.drivers.ovn.mech_driver.ovsdb.impl_idl_ovn [None req-a0c31cd8-2b37-43ed-9b96-25557846e190 None None] Getting OvsdbNbOvnIdl for WorkerService with retry
Apr 20 19:28:12.623949 np0000168563 devstack@neutron-api.service[104251]: DEBUG neutron.plugins.ml2.drivers.ovn.mech_driver.ovsdb.ovsdb_monitor [None req-36276fb5-403a-4c7f-921c-0a1b6433347c None None] Hash Ring: Node bb4d3cc73aa35fcdb1170f6c0deaa3c3 (host: np0000168563) handling event "create" for row b624cd52-8348-4870-8241-27a29d94aef4 (table: ACL) {{(pid=104251) notify /opt/stack/neutron/neutron/plugins/ml2/drivers/ovn/mech_driver/ovsdb/ovsdb_monitor.py:914}}
Apr 20 19:28:12.626811 np0000168563 devstack@neutron-api.service[104251]: DEBUG neutron.common.ovn.hash_ring_manager [None req-36276fb5-403a-4c7f-921c-0a1b6433347c None None] Allow caching, nodes 4>=4 {{(pid=104251) _wait_startup_before_caching /opt/stack/neutron/neutron/common/ovn/hash_ring_manager.py:65}}
Apr 20 19:28:12.627132 np0000168563 devstack@neutron-api.service[104251]: DEBUG neutron.plugins.ml2.drivers.ovn.mech_driver.ovsdb.ovsdb_monitor [None req-36276fb5-403a-4c7f-921c-0a1b6433347c None None] Hash Ring: Node bb4d3cc73aa35fcdb1170f6c0deaa3c3 (host: np0000168563) handling event "create" for row f42af7ef-7757-4ab6-beee-c4114fbfbb37 (table: SSL) {{(pid=104251) notify /opt/stack/neutron/neutron/plugins/ml2/drivers/ovn/mech_driver/ovsdb/ovsdb_monitor.py:914}}
Apr 20 19:28:12.628418 np0000168563 devstack@neutron-api.service[104251]: INFO neutron.plugins.ml2.drivers.ovn.mech_driver.ovsdb.impl_idl_ovn [None req-36276fb5-403a-4c7f-921c-0a1b6433347c None None] Getting OvsdbSbOvnIdl for WorkerService with retry
