2026-08-24 21:22:46.387 8 INFO neutron.api.extensions [None req-46005050-4d55-4c1f-b18c-a28176cba8ba - - - - - -] Loaded extension: tap-mirror
2026-08-24 21:22:46.387 7 INFO neutron.api.extensions [None req-482c4c5a-33df-4e9b-afe6-595aa9c29389 - - - - - -] Extension metering_source_and_destination_fields not supported by any of loaded plugins
2026-08-24 21:22:46.387 8 INFO neutron.api.extensions [None req-46005050-4d55-4c1f-b18c-a28176cba8ba - - - - - -] Loaded extension: taas-vlan-filter
2026-08-24 21:22:46.387 7 INFO neutron.api.extensions [None req-482c4c5a-33df-4e9b-afe6-595aa9c29389 - - - - - -] Loaded extension: multi-provider
2026-08-24 21:22:46.388 7 INFO neutron.api.extensions [None req-482c4c5a-33df-4e9b-afe6-595aa9c29389 - - - - - -] Loaded extension: net-mtu
2026-08-24 21:22:46.388 7 INFO neutron.api.extensions [None req-482c4c5a-33df-4e9b-afe6-595aa9c29389 - - - - - -] Loaded extension: net-mtu-writable
2026-08-24 21:22:46.389 7 INFO neutron.api.extensions [None req-482c4c5a-33df-4e9b-afe6-595aa9c29389 - - - - - -] Loaded extension: network_availability_zone
2026-08-24 21:22:46.389 7 INFO neutron.api.extensions [None req-482c4c5a-33df-4e9b-afe6-595aa9c29389 - - - - - -] Extension network_ha not supported by any of loaded plugins
2026-08-24 21:22:46.390 8 INFO neutron.quota.resource_registry [None req-46005050-4d55-4c1f-b18c-a28176cba8ba - - - - - -] Creating instance of TrackedResource for resource:network
2026-08-24 21:22:46.390 8 INFO neutron.quota.resource_registry [None req-46005050-4d55-4c1f-b18c-a28176cba8ba - - - - - -] Creating instance of TrackedResource for resource:subnet
2026-08-24 21:22:46.390 8 INFO neutron.quota.resource_registry [None req-46005050-4d55-4c1f-b18c-a28176cba8ba - - - - - -] Creating instance of TrackedResource for resource:subnetpool
2026-08-24 21:22:46.390 8 INFO neutron.quota.resource_registry [None req-46005050-4d55-4c1f-b18c-a28176cba8ba - - - - - -] Creating instance of TrackedResource for resource:port
2026-08-24 21:22:46.390 7 INFO neutron.api.extensions [None req-482c4c5a-33df-4e9b-afe6-595aa9c29389 - - - - - -] Loaded extension: network-ip-availability
2026-08-24 21:22:46.391 7 INFO neutron.api.extensions [None req-482c4c5a-33df-4e9b-afe6-595aa9c29389 - - - - - -] Extension network-segment-range not supported by any of loaded plugins
2026-08-24 21:22:46.392 7 INFO neutron.api.extensions [None req-482c4c5a-33df-4e9b-afe6-595aa9c29389 - - - - - -] Loaded extension: pagination
2026-08-24 21:22:46.392 7 INFO neutron.api.extensions [None req-482c4c5a-33df-4e9b-afe6-595aa9c29389 - - - - - -] Loaded extension: port-device-profile
2026-08-24 21:22:46.392 7 INFO neutron.api.extensions [None req-482c4c5a-33df-4e9b-afe6-595aa9c29389 - - - - - -] Extension port-hardware-offload-type not supported by any of loaded plugins
2026-08-24 21:22:46.393 8 INFO neutron.quota.resource_registry [None req-46005050-4d55-4c1f-b18c-a28176cba8ba - - - - - -] Creating instance of TrackedResource for resource:router
2026-08-24 21:22:46.393 7 INFO neutron.api.extensions [None req-482c4c5a-33df-4e9b-afe6-595aa9c29389 - - - - - -] Extension port-hint-ovs-tx-steering not supported by any of loaded plugins
2026-08-24 21:22:46.393 7 INFO neutron.api.extensions [None req-482c4c5a-33df-4e9b-afe6-595aa9c29389 - - - - - -] Extension port-hints not supported by any of loaded plugins
2026-08-24 21:22:46.393 8 INFO neutron.quota.resource_registry [None req-46005050-4d55-4c1f-b18c-a28176cba8ba - - - - - -] Creating instance of TrackedResource for resource:floatingip
2026-08-24 21:22:46.394 7 INFO neutron.api.extensions [None req-482c4c5a-33df-4e9b-afe6-595aa9c29389 - - - - - -] Extension port-mac-override not supported by any of loaded plugins
2026-08-24 21:22:46.394 7 INFO neutron.api.extensions [None req-482c4c5a-33df-4e9b-afe6-595aa9c29389 - - - - - -] Loaded extension: port-mac-address-regenerate
2026-08-24 21:22:46.395 7 INFO neutron.api.extensions [None req-482c4c5a-33df-4e9b-afe6-595aa9c29389 - - - - - -] Loaded extension: port-numa-affinity-policy
2026-08-24 21:22:46.395 7 INFO neutron.api.extensions [None req-482c4c5a-33df-4e9b-afe6-595aa9c29389 - - - - - -] Loaded extension: port-numa-affinity-policy-socket
2026-08-24 21:22:46.396 7 INFO neutron.api.extensions [None req-482c4c5a-33df-4e9b-afe6-595aa9c29389 - - - - - -] Loaded extension: port-resource-request
2026-08-24 21:22:46.396 7 INFO neutron.api.extensions [None req-482c4c5a-33df-4e9b-afe6-595aa9c29389 - - - - - -] Loaded extension: port-resource-request-groups
2026-08-24 21:22:46.397 7 INFO neutron.api.extensions [None req-482c4c5a-33df-4e9b-afe6-595aa9c29389 - - - - - -] Extension port-trusted-vif not supported by any of loaded plugins
2026-08-24 21:22:46.397 7 INFO neutron.api.extensions [None req-482c4c5a-33df-4e9b-afe6-595aa9c29389 - - - - - -] Loaded extension: binding
2026-08-24 21:22:46.398 7 INFO neutron.api.extensions [None req-482c4c5a-33df-4e9b-afe6-595aa9c29389 - - - - - -] Loaded extension: binding-extended
2026-08-24 21:22:46.398 8 INFO neutron.quota.resource_registry [None req-46005050-4d55-4c1f-b18c-a28176cba8ba - - - - - -] Creating instance of CountableResource for resource:rbac_policy
2026-08-24 21:22:46.399 7 INFO neutron.api.extensions [None req-482c4c5a-33df-4e9b-afe6-595aa9c29389 - - - - - -] Loaded extension: port-security
2026-08-24 21:22:46.399 7 INFO neutron.api.extensions [None req-482c4c5a-33df-4e9b-afe6-595aa9c29389 - - - - - -] Loaded extension: project-id
2026-08-24 21:22:46.399 8 INFO neutron.quota.resource_registry [None req-46005050-4d55-4c1f-b18c-a28176cba8ba - - - - - -] Creating instance of TrackedResource for resource:security_group
2026-08-24 21:22:46.399 7 INFO neutron.api.extensions [None req-482c4c5a-33df-4e9b-afe6-595aa9c29389 - - - - - -] Loaded extension: provider
2026-08-24 21:22:46.399 8 INFO neutron.quota.resource_registry [None req-46005050-4d55-4c1f-b18c-a28176cba8ba - - - - - -] Creating instance of TrackedResource for resource:security_group_rule
2026-08-24 21:22:46.400 7 INFO neutron.api.extensions [None req-482c4c5a-33df-4e9b-afe6-595aa9c29389 - - - - - -] Loaded extension: qinq
2026-08-24 21:22:46.400 8 INFO neutron.quota.resource_registry [None req-46005050-4d55-4c1f-b18c-a28176cba8ba - - - - - -] Creating instance of TrackedResource for resource:subnetpool
2026-08-24 21:22:46.401 8 WARNING neutron.quota.resource_registry [None req-46005050-4d55-4c1f-b18c-a28176cba8ba - - - - - -] subnetpool is already registered
2026-08-24 21:22:46.401 8 INFO neutron.quota.resource_registry [None req-46005050-4d55-4c1f-b18c-a28176cba8ba - - - - - -] Creating instance of CountableResource for resource:trunk
2026-08-24 21:22:46.401 8 INFO neutron.quota.resource_registry [None req-46005050-4d55-4c1f-b18c-a28176cba8ba - - - - - -] Creating instance of CountableResource for resource:ikepolicy
2026-08-24 21:22:46.402 8 INFO neutron.quota.resource_registry [None req-46005050-4d55-4c1f-b18c-a28176cba8ba - - - - - -] Creating instance of CountableResource for resource:ipsecpolicy
2026-08-24 21:22:46.402 8 INFO neutron.quota.resource_registry [None req-46005050-4d55-4c1f-b18c-a28176cba8ba - - - - - -] Creating instance of CountableResource for resource:endpoint_group
2026-08-24 21:22:46.402 7 INFO neutron.api.extensions [None req-482c4c5a-33df-4e9b-afe6-595aa9c29389 - - - - - -] Loaded extension: qos
2026-08-24 21:22:46.403 8 INFO neutron.quota.resource_registry [None req-46005050-4d55-4c1f-b18c-a28176cba8ba - - - - - -] Creating instance of CountableResource for resource:vpnservice
2026-08-24 21:22:46.403 8 INFO neutron.quota.resource_registry [None req-46005050-4d55-4c1f-b18c-a28176cba8ba - - - - - -] Creating instance of CountableResource for resource:ipsec_site_connection
2026-08-24 21:22:46.403 7 INFO neutron.api.extensions [None req-482c4c5a-33df-4e9b-afe6-595aa9c29389 - - - - - -] Loaded extension: qos-bw-limit-direction
2026-08-24 21:22:46.403 8 INFO neutron.quota.resource_registry [None req-46005050-4d55-4c1f-b18c-a28176cba8ba - - - - - -] Creating instance of CountableResource for resource:ipsecpolicy
2026-08-24 21:22:46.403 7 INFO neutron.api.extensions [None req-482c4c5a-33df-4e9b-afe6-595aa9c29389 - - - - - -] Loaded extension: qos-bw-minimum-ingress
2026-08-24 21:22:46.403 8 WARNING neutron.quota.resource_registry [None req-46005050-4d55-4c1f-b18c-a28176cba8ba - - - - - -] ipsecpolicy is already registered
2026-08-24 21:22:46.404 8 INFO neutron.quota.resource_registry [None req-46005050-4d55-4c1f-b18c-a28176cba8ba - - - - - -] Creating instance of CountableResource for resource:ikepolicy
2026-08-24 21:22:46.404 7 INFO neutron.api.extensions [None req-482c4c5a-33df-4e9b-afe6-595aa9c29389 - - - - - -] Loaded extension: qos-default
2026-08-24 21:22:46.404 8 WARNING neutron.quota.resource_registry [None req-46005050-4d55-4c1f-b18c-a28176cba8ba - - - - - -] ikepolicy is already registered
2026-08-24 21:22:46.404 7 INFO neutron.api.extensions [None req-482c4c5a-33df-4e9b-afe6-595aa9c29389 - - - - - -] Loaded extension: qos-fip
2026-08-24 21:22:46.405 7 INFO neutron.api.extensions [None req-482c4c5a-33df-4e9b-afe6-595aa9c29389 - - - - - -] Extension qos-fip-network-policy not supported by any of loaded plugins
2026-08-24 21:22:46.405 7 INFO neutron.api.extensions [None req-482c4c5a-33df-4e9b-afe6-595aa9c29389 - - - - - -] Loaded extension: qos-gateway-ip
2026-08-24 21:22:46.406 7 INFO neutron.api.extensions [None req-482c4c5a-33df-4e9b-afe6-595aa9c29389 - - - - - -] Loaded extension: qos-port-network-policy
2026-08-24 21:22:46.406 7 INFO neutron.api.extensions [None req-482c4c5a-33df-4e9b-afe6-595aa9c29389 - - - - - -] Loaded extension: qos-pps-minimum
2026-08-24 21:22:46.407 7 INFO neutron.api.extensions [None req-482c4c5a-33df-4e9b-afe6-595aa9c29389 - - - - - -] Loaded extension: qos-pps-minimum-rule-alias
2026-08-24 21:22:46.408 7 INFO neutron.api.extensions [None req-482c4c5a-33df-4e9b-afe6-595aa9c29389 - - - - - -] Loaded extension: qos-pps
2026-08-24 21:22:46.408 7 INFO neutron.api.extensions [None req-482c4c5a-33df-4e9b-afe6-595aa9c29389 - - - - - -] Loaded extension: qos-rule-type-details
2026-08-24 21:22:46.408 8 INFO neutron.quota.resource_registry [None req-46005050-4d55-4c1f-b18c-a28176cba8ba - - - - - -] Creating instance of TrackedResource for resource:router
2026-08-24 21:22:46.408 8 WARNING neutron.quota.resource_registry [None req-46005050-4d55-4c1f-b18c-a28176cba8ba - - - - - -] router is already registered
2026-08-24 21:22:46.409 7 INFO neutron.api.extensions [None req-482c4c5a-33df-4e9b-afe6-595aa9c29389 - - - - - -] Loaded extension: qos-rule-type-filter
2026-08-24 21:22:46.409 8 INFO neutron.quota.resource_registry [None req-46005050-4d55-4c1f-b18c-a28176cba8ba - - - - - -] Creating instance of TrackedResource for resource:floatingip
2026-08-24 21:22:46.409 8 WARNING neutron.quota.resource_registry [None req-46005050-4d55-4c1f-b18c-a28176cba8ba - - - - - -] floatingip is already registered
2026-08-24 21:22:46.409 7 INFO neutron.api.extensions [None req-482c4c5a-33df-4e9b-afe6-595aa9c29389 - - - - - -] Loaded extension: qos-rules-alias
2026-08-24 21:22:46.410 7 INFO neutron.api.extensions [None req-482c4c5a-33df-4e9b-afe6-595aa9c29389 - - - - - -] Loaded extension: quota-check-limit
2026-08-24 21:22:46.410 7 INFO neutron.api.extensions [None req-482c4c5a-33df-4e9b-afe6-595aa9c29389 - - - - - -] Loaded extension: quota-check-limit-default
2026-08-24 21:22:46.412 7 INFO neutron.api.extensions [None req-482c4c5a-33df-4e9b-afe6-595aa9c29389 - - - - - -] Loaded extension: quotas
2026-08-24 21:22:46.413 7 INFO neutron.api.extensions [None req-482c4c5a-33df-4e9b-afe6-595aa9c29389 - - - - - -] Loaded extension: quota_details
2026-08-24 21:22:46.414 8 INFO neutron.quota.resource_registry [None req-46005050-4d55-4c1f-b18c-a28176cba8ba - - - - - -] Creating instance of CountableResource for resource:rbac_policy
2026-08-24 21:22:46.414 8 WARNING neutron.quota.resource_registry [None req-46005050-4d55-4c1f-b18c-a28176cba8ba - - - - - -] rbac_policy is already registered
2026-08-24 21:22:46.414 8 INFO neutron.quota.resource_registry [None req-46005050-4d55-4c1f-b18c-a28176cba8ba - - - - - -] Creating instance of TrackedResource for resource:security_group
2026-08-24 21:22:46.415 8 WARNING neutron.quota.resource_registry [None req-46005050-4d55-4c1f-b18c-a28176cba8ba - - - - - -] security_group is already registered
2026-08-24 21:22:46.415 7 INFO neutron.api.extensions [None req-482c4c5a-33df-4e9b-afe6-595aa9c29389 - - - - - -] Loaded extension: rbac-policies
2026-08-24 21:22:46.415 8 INFO neutron.quota.resource_registry [None req-46005050-4d55-4c1f-b18c-a28176cba8ba - - - - - -] Creating instance of TrackedResource for resource:security_group_rule
2026-08-24 21:22:46.415 8 WARNING neutron.quota.resource_registry [None req-46005050-4d55-4c1f-b18c-a28176cba8ba - - - - - -] security_group_rule is already registered
2026-08-24 21:22:46.415 7 INFO neutron.api.extensions [None req-482c4c5a-33df-4e9b-afe6-595aa9c29389 - - - - - -] Extension rbac-address-group not supported by any of loaded plugins
2026-08-24 21:22:46.416 7 INFO neutron.api.extensions [None req-482c4c5a-33df-4e9b-afe6-595aa9c29389 - - - - - -] Loaded extension: rbac-address-scope
2026-08-24 21:22:46.416 8 INFO neutron.quota.resource_registry [None req-46005050-4d55-4c1f-b18c-a28176cba8ba - - - - - -] Creating instance of TrackedResource for resource:subnetpool
2026-08-24 21:22:46.416 8 WARNING neutron.quota.resource_registry [None req-46005050-4d55-4c1f-b18c-a28176cba8ba - - - - - -] subnetpool is already registered
2026-08-24 21:22:46.416 7 INFO neutron.api.extensions [None req-482c4c5a-33df-4e9b-afe6-595aa9c29389 - - - - - -] Loaded extension: rbac-security-groups
2026-08-24 21:22:46.416 8 INFO neutron.quota.resource_registry [None req-46005050-4d55-4c1f-b18c-a28176cba8ba - - - - - -] Creating instance of CountableResource for resource:trunk
2026-08-24 21:22:46.417 8 WARNING neutron.quota.resource_registry [None req-46005050-4d55-4c1f-b18c-a28176cba8ba - - - - - -] trunk is already registered
2026-08-24 21:22:46.417 7 INFO neutron.api.extensions [None req-482c4c5a-33df-4e9b-afe6-595aa9c29389 - - - - - -] Extension rbac-subnetpool not supported by any of loaded plugins
2026-08-24 21:22:46.417 8 INFO neutron.quota.resource_registry [None req-46005050-4d55-4c1f-b18c-a28176cba8ba - - - - - -] Creating instance of CountableResource for resource:ikepolicy
2026-08-24 21:22:46.417 7 INFO neutron.api.extensions [None req-482c4c5a-33df-4e9b-afe6-595aa9c29389 - - - - - -] Loaded extension: revision-if-match
2026-08-24 21:22:46.417 8 WARNING neutron.quota.resource_registry [None req-46005050-4d55-4c1f-b18c-a28176cba8ba - - - - - -] ikepolicy is already registered
2026-08-24 21:22:46.418 8 INFO neutron.quota.resource_registry [None req-46005050-4d55-4c1f-b18c-a28176cba8ba - - - - - -] Creating instance of CountableResource for resource:ipsecpolicy
2026-08-24 21:22:46.418 8 WARNING neutron.quota.resource_registry [None req-46005050-4d55-4c1f-b18c-a28176cba8ba - - - - - -] ipsecpolicy is already registered
2026-08-24 21:22:46.418 7 INFO neutron.api.extensions [None req-482c4c5a-33df-4e9b-afe6-595aa9c29389 - - - - - -] Loaded extension: standard-attr-revisions
2026-08-24 21:22:46.418 8 INFO neutron.quota.resource_registry [None req-46005050-4d55-4c1f-b18c-a28176cba8ba - - - - - -] Creating instance of CountableResource for resource:endpoint_group
2026-08-24 21:22:46.418 8 WARNING neutron.quota.resource_registry [None req-46005050-4d55-4c1f-b18c-a28176cba8ba - - - - - -] endpoint_group is already registered
2026-08-24 21:22:46.418 7 INFO neutron.api.extensions [None req-482c4c5a-33df-4e9b-afe6-595aa9c29389 - - - - - -] Loaded extension: router_availability_zone
2026-08-24 21:22:46.419 8 INFO neutron.quota.resource_registry [None req-46005050-4d55-4c1f-b18c-a28176cba8ba - - - - - -] Creating instance of CountableResource for resource:vpnservice
2026-08-24 21:22:46.419 8 WARNING neutron.quota.resource_registry [None req-46005050-4d55-4c1f-b18c-a28176cba8ba - - - - - -] vpnservice is already registered
2026-08-24 21:22:46.419 7 INFO neutron.api.extensions [None req-482c4c5a-33df-4e9b-afe6-595aa9c29389 - - - - - -] Extension router-service-type not supported by any of loaded plugins
2026-08-24 21:22:46.419 8 INFO neutron.quota.resource_registry [None req-46005050-4d55-4c1f-b18c-a28176cba8ba - - - - - -] Creating instance of CountableResource for resource:ipsec_site_connection
2026-08-24 21:22:46.419 8 WARNING neutron.quota.resource_registry [None req-46005050-4d55-4c1f-b18c-a28176cba8ba - - - - - -] ipsec_site_connection is already registered
2026-08-24 21:22:46.420 8 INFO neutron.quota.resource_registry [None req-46005050-4d55-4c1f-b18c-a28176cba8ba - - - - - -] Creating instance of CountableResource for resource:ipsecpolicy
2026-08-24 21:22:46.420 8 WARNING neutron.quota.resource_registry [None req-46005050-4d55-4c1f-b18c-a28176cba8ba - - - - - -] ipsecpolicy is already registered
2026-08-24 21:22:46.420 8 INFO neutron.quota.resource_registry [None req-46005050-4d55-4c1f-b18c-a28176cba8ba - - - - - -] Creating instance of CountableResource for resource:ikepolicy
2026-08-24 21:22:46.420 8 WARNING neutron.quota.resource_registry [None req-46005050-4d55-4c1f-b18c-a28176cba8ba - - - - - -] ikepolicy is already registered
2026-08-24 21:22:46.421 7 INFO neutron.api.extensions [None req-482c4c5a-33df-4e9b-afe6-595aa9c29389 - - - - - -] Loaded extension: security-groups-default-rules
2026-08-24 21:22:46.421 7 INFO neutron.api.extensions [None req-482c4c5a-33df-4e9b-afe6-595aa9c29389 - - - - - -] Loaded extension: security-groups-normalized-cidr
2026-08-24 21:22:46.422 7 INFO neutron.api.extensions [None req-482c4c5a-33df-4e9b-afe6-595aa9c29389 - - - - - -] Extension port-security-groups-filtering not supported by any of loaded plugins
2026-08-24 21:22:46.422 7 INFO neutron.api.extensions [None req-482c4c5a-33df-4e9b-afe6-595aa9c29389 - - - - - -] Loaded extension: security-groups-remote-address-group
2026-08-24 21:22:46.423 7 INFO neutron.api.extensions [None req-482c4c5a-33df-4e9b-afe6-595aa9c29389 - - - - - -] Loaded extension: security-groups-rules-belongs-to-default-sg
2026-08-24 21:22:46.423 7 INFO neutron.api.extensions [None req-482c4c5a-33df-4e9b-afe6-595aa9c29389 - - - - - -] Loaded extension: security-groups-shared-filtering
2026-08-24 21:22:46.427 7 INFO neutron.api.extensions [None req-482c4c5a-33df-4e9b-afe6-595aa9c29389 - - - - - -] Loaded extension: security-group
2026-08-24 21:22:46.428 7 INFO neutron.api.extensions [None req-482c4c5a-33df-4e9b-afe6-595aa9c29389 - - - - - -] Loaded extension: segment
2026-08-24 21:22:46.429 7 INFO neutron.api.extensions [None req-482c4c5a-33df-4e9b-afe6-595aa9c29389 - - - - - -] Loaded extension: segments-peer-subnet-host-routes
2026-08-24 21:22:46.429 7 INFO neutron.api.extensions [None req-482c4c5a-33df-4e9b-afe6-595aa9c29389 - - - - - -] Loaded extension: service-type
2026-08-24 21:22:46.430 7 INFO neutron.api.extensions [None req-482c4c5a-33df-4e9b-afe6-595aa9c29389 - - - - - -] Loaded extension: sorting
2026-08-24 21:22:46.430 7 INFO neutron.api.extensions [None req-482c4c5a-33df-4e9b-afe6-595aa9c29389 - - - - - -] Loaded extension: standard-attr-segment
2026-08-24 21:22:46.431 7 INFO neutron.api.extensions [None req-482c4c5a-33df-4e9b-afe6-595aa9c29389 - - - - - -] Loaded extension: standard-attr-description
2026-08-24 21:22:46.432 7 INFO neutron.api.extensions [None req-482c4c5a-33df-4e9b-afe6-595aa9c29389 - - - - - -] Loaded extension: stateful-security-group
2026-08-24 21:22:46.432 7 WARNING neutron.api.extensions [None req-482c4c5a-33df-4e9b-afe6-595aa9c29389 - - - - - -] Did not find expected name "Stdattrs_common" in /var/lib/openstack/lib/python3.12/site-packages/neutron/extensions/stdattrs_common.py
2026-08-24 21:22:46.432 7 INFO neutron.api.extensions [None req-482c4c5a-33df-4e9b-afe6-595aa9c29389 - - - - - -] Loaded extension: subnet-dns-publish-fixed-ip
2026-08-24 21:22:46.433 7 INFO neutron.api.extensions [None req-482c4c5a-33df-4e9b-afe6-595aa9c29389 - - - - - -] Loaded extension: subnet-external-network
2026-08-24 21:22:46.433 7 INFO neutron.api.extensions [None req-482c4c5a-33df-4e9b-afe6-595aa9c29389 - - - - - -] Extension subnet_onboard not supported by any of loaded plugins
2026-08-24 21:22:46.434 7 INFO neutron.api.extensions [None req-482c4c5a-33df-4e9b-afe6-595aa9c29389 - - - - - -] Loaded extension: subnet-segmentid-writable
2026-08-24 21:22:46.435 7 INFO neutron.api.extensions [None req-482c4c5a-33df-4e9b-afe6-595aa9c29389 - - - - - -] Loaded extension: subnet-service-types
2026-08-24 21:22:46.435 7 INFO neutron.api.extensions [None req-482c4c5a-33df-4e9b-afe6-595aa9c29389 - - - - - -] Loaded extension: subnet_allocation
2026-08-24 21:22:46.436 7 INFO neutron.api.extensions [None req-482c4c5a-33df-4e9b-afe6-595aa9c29389 - - - - - -] Loaded extension: subnetpool-prefix-ops
2026-08-24 21:22:46.436 7 INFO neutron.api.extensions [None req-482c4c5a-33df-4e9b-afe6-595aa9c29389 - - - - - -] Loaded extension: tag-creation
2026-08-24 21:22:46.437 7 INFO neutron.api.extensions [None req-482c4c5a-33df-4e9b-afe6-595aa9c29389 - - - - - -] Extension tag-ports-during-bulk-creation not supported by any of loaded plugins
2026-08-24 21:22:46.441 7 INFO neutron.api.extensions [None req-482c4c5a-33df-4e9b-afe6-595aa9c29389 - - - - - -] Loaded extension: standard-attr-tag
2026-08-24 21:22:46.442 7 INFO neutron.api.extensions [None req-482c4c5a-33df-4e9b-afe6-595aa9c29389 - - - - - -] Loaded extension: standard-attr-timestamp
2026-08-24 21:22:46.443 7 INFO neutron.api.extensions [None req-482c4c5a-33df-4e9b-afe6-595aa9c29389 - - - - - -] Loaded extension: trunk
2026-08-24 21:22:46.443 7 INFO neutron.api.extensions [None req-482c4c5a-33df-4e9b-afe6-595aa9c29389 - - - - - -] Loaded extension: trunk-details
2026-08-24 21:22:46.444 7 INFO neutron.api.extensions [None req-482c4c5a-33df-4e9b-afe6-595aa9c29389 - - - - - -] Extension uplink-status-propagation not supported by any of loaded plugins
2026-08-24 21:22:46.444 7 INFO neutron.api.extensions [None req-482c4c5a-33df-4e9b-afe6-595aa9c29389 - - - - - -] Extension uplink-status-propagation-updatable not supported by any of loaded plugins
2026-08-24 21:22:46.445 7 INFO neutron.api.extensions [None req-482c4c5a-33df-4e9b-afe6-595aa9c29389 - - - - - -] Loaded extension: vlan-transparent
2026-08-24 21:22:46.446 7 INFO neutron.api.extensions [None req-482c4c5a-33df-4e9b-afe6-595aa9c29389 - - - - - -] Loaded extension: vpn-aes-ctr
2026-08-24 21:22:46.447 7 INFO neutron.api.extensions [None req-482c4c5a-33df-4e9b-afe6-595aa9c29389 - - - - - -] Loaded extension: vpn-agent-scheduler
2026-08-24 21:22:46.448 7 INFO neutron.api.extensions [None req-482c4c5a-33df-4e9b-afe6-595aa9c29389 - - - - - -] Loaded extension: vpn-endpoint-groups
2026-08-24 21:22:46.449 7 INFO neutron.api.extensions [None req-482c4c5a-33df-4e9b-afe6-595aa9c29389 - - - - - -] Loaded extension: vpn-flavors
2026-08-24 21:22:46.450 7 INFO neutron.api.extensions [None req-482c4c5a-33df-4e9b-afe6-595aa9c29389 - - - - - -] Loaded extension: vpnaas
2026-08-24 21:22:46.452 7 INFO neutron.api.extensions [None req-482c4c5a-33df-4e9b-afe6-595aa9c29389 - - - - - -] Loaded extension: taas
2026-08-24 21:22:46.454 7 INFO neutron.api.extensions [None req-482c4c5a-33df-4e9b-afe6-595aa9c29389 - - - - - -] Loaded extension: tap-mirror
2026-08-24 21:22:46.454 7 INFO neutron.api.extensions [None req-482c4c5a-33df-4e9b-afe6-595aa9c29389 - - - - - -] Loaded extension: taas-vlan-filter
2026-08-24 21:22:46.456 7 INFO neutron.quota.resource_registry [None req-482c4c5a-33df-4e9b-afe6-595aa9c29389 - - - - - -] Creating instance of TrackedResource for resource:network
2026-08-24 21:22:46.456 7 INFO neutron.quota.resource_registry [None req-482c4c5a-33df-4e9b-afe6-595aa9c29389 - - - - - -] Creating instance of TrackedResource for resource:subnet
2026-08-24 21:22:46.457 7 INFO neutron.quota.resource_registry [None req-482c4c5a-33df-4e9b-afe6-595aa9c29389 - - - - - -] Creating instance of TrackedResource for resource:subnetpool
2026-08-24 21:22:46.457 7 INFO neutron.quota.resource_registry [None req-482c4c5a-33df-4e9b-afe6-595aa9c29389 - - - - - -] Creating instance of TrackedResource for resource:port
2026-08-24 21:22:46.460 7 INFO neutron.quota.resource_registry [None req-482c4c5a-33df-4e9b-afe6-595aa9c29389 - - - - - -] Creating instance of TrackedResource for resource:router
2026-08-24 21:22:46.460 7 INFO neutron.quota.resource_registry [None req-482c4c5a-33df-4e9b-afe6-595aa9c29389 - - - - - -] Creating instance of TrackedResource for resource:floatingip
2026-08-24 21:22:46.461 8 WARNING keystonemiddleware._common.config [None req-46005050-4d55-4c1f-b18c-a28176cba8ba - - - - - -] The option "audit_map_file" is not known to keystonemiddleware
2026-08-24 21:22:46.465 7 INFO neutron.quota.resource_registry [None req-482c4c5a-33df-4e9b-afe6-595aa9c29389 - - - - - -] Creating instance of CountableResource for resource:rbac_policy
2026-08-24 21:22:46.465 7 INFO neutron.quota.resource_registry [None req-482c4c5a-33df-4e9b-afe6-595aa9c29389 - - - - - -] Creating instance of TrackedResource for resource:security_group
2026-08-24 21:22:46.466 7 INFO neutron.quota.resource_registry [None req-482c4c5a-33df-4e9b-afe6-595aa9c29389 - - - - - -] Creating instance of TrackedResource for resource:security_group_rule
2026-08-24 21:22:46.467 7 INFO neutron.quota.resource_registry [None req-482c4c5a-33df-4e9b-afe6-595aa9c29389 - - - - - -] Creating instance of TrackedResource for resource:subnetpool
2026-08-24 21:22:46.467 7 WARNING neutron.quota.resource_registry [None req-482c4c5a-33df-4e9b-afe6-595aa9c29389 - - - - - -] subnetpool is already registered
2026-08-24 21:22:46.467 7 INFO neutron.quota.resource_registry [None req-482c4c5a-33df-4e9b-afe6-595aa9c29389 - - - - - -] Creating instance of CountableResource for resource:trunk
2026-08-24 21:22:46.468 7 INFO neutron.quota.resource_registry [None req-482c4c5a-33df-4e9b-afe6-595aa9c29389 - - - - - -] Creating instance of CountableResource for resource:ikepolicy
2026-08-24 21:22:46.468 8 WARNING oslo_config.cfg [None req-46005050-4d55-4c1f-b18c-a28176cba8ba - - - - - -] Deprecated: Option "auth_uri" from group "keystone_authtoken" is deprecated. Use option "www_authenticate_uri" from group "keystone_authtoken".
2026-08-24 21:22:46.468 7 INFO neutron.quota.resource_registry [None req-482c4c5a-33df-4e9b-afe6-595aa9c29389 - - - - - -] Creating instance of CountableResource for resource:ipsecpolicy
2026-08-24 21:22:46.469 7 INFO neutron.quota.resource_registry [None req-482c4c5a-33df-4e9b-afe6-595aa9c29389 - - - - - -] Creating instance of CountableResource for resource:endpoint_group
2026-08-24 21:22:46.469 7 INFO neutron.quota.resource_registry [None req-482c4c5a-33df-4e9b-afe6-595aa9c29389 - - - - - -] Creating instance of CountableResource for resource:vpnservice
2026-08-24 21:22:46.469 7 INFO neutron.quota.resource_registry [None req-482c4c5a-33df-4e9b-afe6-595aa9c29389 - - - - - -] Creating instance of CountableResource for resource:ipsec_site_connection
2026-08-24 21:22:46.470 7 INFO neutron.quota.resource_registry [None req-482c4c5a-33df-4e9b-afe6-595aa9c29389 - - - - - -] Creating instance of CountableResource for resource:ipsecpolicy
2026-08-24 21:22:46.470 7 WARNING neutron.quota.resource_registry [None req-482c4c5a-33df-4e9b-afe6-595aa9c29389 - - - - - -] ipsecpolicy is already registered
2026-08-24 21:22:46.470 7 INFO neutron.quota.resource_registry [None req-482c4c5a-33df-4e9b-afe6-595aa9c29389 - - - - - -] Creating instance of CountableResource for resource:ikepolicy
2026-08-24 21:22:46.470 7 WARNING neutron.quota.resource_registry [None req-482c4c5a-33df-4e9b-afe6-595aa9c29389 - - - - - -] ikepolicy is already registered
2026-08-24 21:22:46.475 7 INFO neutron.quota.resource_registry [None req-482c4c5a-33df-4e9b-afe6-595aa9c29389 - - - - - -] Creating instance of TrackedResource for resource:router
2026-08-24 21:22:46.475 7 WARNING neutron.quota.resource_registry [None req-482c4c5a-33df-4e9b-afe6-595aa9c29389 - - - - - -] router is already registered
2026-08-24 21:22:46.475 7 INFO neutron.quota.resource_registry [None req-482c4c5a-33df-4e9b-afe6-595aa9c29389 - - - - - -] Creating instance of TrackedResource for resource:floatingip
2026-08-24 21:22:46.475 7 WARNING neutron.quota.resource_registry [None req-482c4c5a-33df-4e9b-afe6-595aa9c29389 - - - - - -] floatingip is already registered
2026-08-24 21:22:46.479 7 INFO neutron.quota.resource_registry [None req-482c4c5a-33df-4e9b-afe6-595aa9c29389 - - - - - -] Creating instance of CountableResource for resource:rbac_policy
2026-08-24 21:22:46.479 7 WARNING neutron.quota.resource_registry [None req-482c4c5a-33df-4e9b-afe6-595aa9c29389 - - - - - -] rbac_policy is already registered
2026-08-24 21:22:46.480 7 INFO neutron.quota.resource_registry [None req-482c4c5a-33df-4e9b-afe6-595aa9c29389 - - - - - -] Creating instance of TrackedResource for resource:security_group
2026-08-24 21:22:46.480 7 WARNING neutron.quota.resource_registry [None req-482c4c5a-33df-4e9b-afe6-595aa9c29389 - - - - - -] security_group is already registered
2026-08-24 21:22:46.480 7 INFO neutron.quota.resource_registry [None req-482c4c5a-33df-4e9b-afe6-595aa9c29389 - - - - - -] Creating instance of TrackedResource for resource:security_group_rule
2026-08-24 21:22:46.481 7 WARNING neutron.quota.resource_registry [None req-482c4c5a-33df-4e9b-afe6-595aa9c29389 - - - - - -] security_group_rule is already registered
2026-08-24 21:22:46.481 7 INFO neutron.quota.resource_registry [None req-482c4c5a-33df-4e9b-afe6-595aa9c29389 - - - - - -] Creating instance of TrackedResource for resource:subnetpool
2026-08-24 21:22:46.482 7 WARNING neutron.quota.resource_registry [None req-482c4c5a-33df-4e9b-afe6-595aa9c29389 - - - - - -] subnetpool is already registered
2026-08-24 21:22:46.482 7 INFO neutron.quota.resource_registry [None req-482c4c5a-33df-4e9b-afe6-595aa9c29389 - - - - - -] Creating instance of CountableResource for resource:trunk
2026-08-24 21:22:46.482 7 WARNING neutron.quota.resource_registry [None req-482c4c5a-33df-4e9b-afe6-595aa9c29389 - - - - - -] trunk is already registered
2026-08-24 21:22:46.482 7 INFO neutron.quota.resource_registry [None req-482c4c5a-33df-4e9b-afe6-595aa9c29389 - - - - - -] Creating instance of CountableResource for resource:ikepolicy
2026-08-24 21:22:46.483 7 WARNING neutron.quota.resource_registry [None req-482c4c5a-33df-4e9b-afe6-595aa9c29389 - - - - - -] ikepolicy is already registered
2026-08-24 21:22:46.483 7 INFO neutron.quota.resource_registry [None req-482c4c5a-33df-4e9b-afe6-595aa9c29389 - - - - - -] Creating instance of CountableResource for resource:ipsecpolicy
2026-08-24 21:22:46.483 7 WARNING neutron.quota.resource_registry [None req-482c4c5a-33df-4e9b-afe6-595aa9c29389 - - - - - -] ipsecpolicy is already registered
2026-08-24 21:22:46.483 7 INFO neutron.quota.resource_registry [None req-482c4c5a-33df-4e9b-afe6-595aa9c29389 - - - - - -] Creating instance of CountableResource for resource:endpoint_group
2026-08-24 21:22:46.484 7 WARNING neutron.quota.resource_registry [None req-482c4c5a-33df-4e9b-afe6-595aa9c29389 - - - - - -] endpoint_group is already registered
2026-08-24 21:22:46.484 7 INFO neutron.quota.resource_registry [None req-482c4c5a-33df-4e9b-afe6-595aa9c29389 - - - - - -] Creating instance of CountableResource for resource:vpnservice
2026-08-24 21:22:46.484 7 WARNING neutron.quota.resource_registry [None req-482c4c5a-33df-4e9b-afe6-595aa9c29389 - - - - - -] vpnservice is already registered
2026-08-24 21:22:46.484 7 INFO neutron.quota.resource_registry [None req-482c4c5a-33df-4e9b-afe6-595aa9c29389 - - - - - -] Creating instance of CountableResource for resource:ipsec_site_connection
2026-08-24 21:22:46.485 7 WARNING neutron.quota.resource_registry [None req-482c4c5a-33df-4e9b-afe6-595aa9c29389 - - - - - -] ipsec_site_connection is already registered
2026-08-24 21:22:46.485 7 INFO neutron.quota.resource_registry [None req-482c4c5a-33df-4e9b-afe6-595aa9c29389 - - - - - -] Creating instance of CountableResource for resource:ipsecpolicy
2026-08-24 21:22:46.485 7 WARNING neutron.quota.resource_registry [None req-482c4c5a-33df-4e9b-afe6-595aa9c29389 - - - - - -] ipsecpolicy is already registered
2026-08-24 21:22:46.486 7 INFO neutron.quota.resource_registry [None req-482c4c5a-33df-4e9b-afe6-595aa9c29389 - - - - - -] Creating instance of CountableResource for resource:ikepolicy
2026-08-24 21:22:46.486 7 WARNING neutron.quota.resource_registry [None req-482c4c5a-33df-4e9b-afe6-595aa9c29389 - - - - - -] ikepolicy is already registered
2026-08-24 21:22:46.487 8 WARNING neutron.plugins.ml2.drivers.ovn.mech_driver.mech_driver [None req-46005050-4d55-4c1f-b18c-a28176cba8ba - - - - - -] uWSGI must provide a start time using the configuration parameter "start-time %t" in the configuration file
2026-08-24 21:22:46.501 8 INFO neutron.db.ovn_hash_ring_db [None req-46005050-4d55-4c1f-b18c-a28176cba8ba - - - - - -] Nodes from host "neutron-server-6d5d6695db-k4sw2" and group "mechanism_driver" removed from the Hash Ring created at
2026-08-24 21:22:46+00:00
2026-08-24 21:22:46.503 8 INFO neutron.db.ovn_hash_ring_db [None req-46005050-4d55-4c1f-b18c-a28176cba8ba - - - - - -] Node 9c552382fb5d5c858d7f18e8f77f417e from host "neutron-server-6d5d6695db-k4sw2" and group "mechanism_driver" added to the Hash Ring
2026-08-24 21:22:46.510 8 INFO neutron.plugins.ml2.drivers.ovn.mech_driver.mech_driver [None req-46005050-4d55-4c1f-b18c-a28176cba8ba - - - - - -] Hash Ring probing thread for node 9c552382fb5d5c858d7f18e8f77f417e has started
2026-08-24 21:22:46.511 8 INFO neutron.plugins.ml2.drivers.ovn.mech_driver.ovsdb.impl_idl_ovn [None req-46005050-4d55-4c1f-b18c-a28176cba8ba - - - - - -] Getting OvsdbNbOvnIdl for WorkerService with retry
2026-08-24 21:22:46.522 7 WARNING keystonemiddleware._common.config [None req-482c4c5a-33df-4e9b-afe6-595aa9c29389 - - - - - -] The option "audit_map_file" is not known to keystonemiddleware
2026-08-24 21:22:46.529 7 WARNING oslo_config.cfg [None req-482c4c5a-33df-4e9b-afe6-595aa9c29389 - - - - - -] Deprecated: Option "auth_uri" from group "keystone_authtoken" is deprecated. Use option "www_authenticate_uri" from group "keystone_authtoken".
2026-08-24 21:22:46.541 8 INFO ovsdbapp.backend.ovs_idl.vlog [None req-46005050-4d55-4c1f-b18c-a28176cba8ba - - - - - -] tcp:10.108.217.251:6641: connecting...
2026-08-24 21:22:46.542 8 INFO ovsdbapp.backend.ovs_idl.vlog [None req-46005050-4d55-4c1f-b18c-a28176cba8ba - - - - - -] tcp:10.108.217.251:6641: connected
2026-08-24 21:22:46.553 7 WARNING neutron.plugins.ml2.drivers.ovn.mech_driver.mech_driver [None req-482c4c5a-33df-4e9b-afe6-595aa9c29389 - - - - - -] uWSGI must provide a start time using the configuration parameter "start-time %t" in the configuration file
2026-08-24 21:22:46.568 7 INFO neutron.db.ovn_hash_ring_db [None req-482c4c5a-33df-4e9b-afe6-595aa9c29389 - - - - - -] Nodes from host "neutron-server-6d5d6695db-k4sw2" and group "mechanism_driver" removed from the Hash Ring created at
2026-08-24 21:22:46+00:00
2026-08-24 21:22:46.571 7 INFO neutron.db.ovn_hash_ring_db [None req-482c4c5a-33df-4e9b-afe6-595aa9c29389 - - - - - -] Node d85f0773efc7511abeb939ac833e8e09 from host "neutron-server-6d5d6695db-k4sw2" and group "mechanism_driver" added to the Hash Ring
2026-08-24 21:22:46.582 7 INFO neutron.plugins.ml2.drivers.ovn.mech_driver.mech_driver [None req-482c4c5a-33df-4e9b-afe6-595aa9c29389 - - - - - -] Hash Ring probing thread for node d85f0773efc7511abeb939ac833e8e09 has started
2026-08-24 21:22:46.583 7 INFO neutron.plugins.ml2.drivers.ovn.mech_driver.ovsdb.impl_idl_ovn [None req-482c4c5a-33df-4e9b-afe6-595aa9c29389 - - - - - -] Getting OvsdbNbOvnIdl for WorkerService with retry
2026-08-24 21:22:46.597 8 INFO neutron.plugins.ml2.drivers.ovn.mech_driver.ovsdb.impl_idl_ovn [None req-46005050-4d55-4c1f-b18c-a28176cba8ba - - - - - -] Getting OvsdbSbOvnIdl for WorkerService with retry
2026-08-24 21:22:46.615 7 INFO ovsdbapp.backend.ovs_idl.vlog [None req-482c4c5a-33df-4e9b-afe6-595aa9c29389 - - - - - -] tcp:10.108.217.251:6641: connecting...
2026-08-24 21:22:46.615 7 INFO ovsdbapp.backend.ovs_idl.vlog [None req-482c4c5a-33df-4e9b-afe6-595aa9c29389 - - - - - -] tcp:10.108.217.251:6641: connected
2026-08-24 21:22:46.620 8 INFO ovsdbapp.backend.ovs_idl.vlog [None req-46005050-4d55-4c1f-b18c-a28176cba8ba - - - - - -] tcp:10.108.48.41:6642: connecting...
2026-08-24 21:22:46.620 8 INFO ovsdbapp.backend.ovs_idl.vlog [None req-46005050-4d55-4c1f-b18c-a28176cba8ba - - - - - -] tcp:10.108.48.41:6642: connected
2026-08-24 21:22:46.650 7 INFO neutron.plugins.ml2.drivers.ovn.mech_driver.ovsdb.impl_idl_ovn [None req-482c4c5a-33df-4e9b-afe6-595aa9c29389 - - - - - -] Getting OvsdbSbOvnIdl for WorkerService with retry
2026-08-24 21:22:46.659 8 INFO neutron.plugins.ml2.drivers.ovn.mech_driver.mech_driver [None req-46005050-4d55-4c1f-b18c-a28176cba8ba - - - - - -] WorkerService process has finished the post initialization
2026-08-24 21:22:46.660 8 INFO neutron.plugins.ml2.drivers.ovn.mech_driver.ovsdb.extensions.qos [-] Starting OVNClientQosExtension
2026-08-24 21:22:46.660 8 INFO neutron.plugins.ml2.drivers.ovn.mech_driver.ovsdb.extensions.placement [-] Starting OVNClientPlacementExtension
2026-08-24 21:22:46.670 7 INFO ovsdbapp.backend.ovs_idl.vlog [None req-482c4c5a-33df-4e9b-afe6-595aa9c29389 - - - - - -] tcp:10.108.48.41:6642: connecting...
2026-08-24 21:22:46.670 7 INFO ovsdbapp.backend.ovs_idl.vlog [None req-482c4c5a-33df-4e9b-afe6-595aa9c29389 - - - - - -] tcp:10.108.48.41:6642: connected
2026-08-24 21:22:46.709 7 INFO neutron.plugins.ml2.drivers.ovn.mech_driver.mech_driver [None req-482c4c5a-33df-4e9b-afe6-595aa9c29389 - - - - - -] WorkerService process has finished the post initialization
2026-08-24 21:22:46.731 7 INFO ovsdbapp.backend.ovs_idl.vlog [None req-482c4c5a-33df-4e9b-afe6-595aa9c29389 - - - - - -] tcp:10.108.217.251:6641: connecting...
2026-08-24 21:22:46.731 7 INFO ovsdbapp.backend.ovs_idl.vlog [None req-482c4c5a-33df-4e9b-afe6-595aa9c29389 - - - - - -] tcp:10.108.217.251:6641: connected
2026-08-24 21:22:46.768 7 INFO ovsdbapp.backend.ovs_idl.vlog [None req-482c4c5a-33df-4e9b-afe6-595aa9c29389 - - - - - -] tcp:10.108.217.251:6641: connecting...
2026-08-24 21:22:46.768 7 INFO ovsdbapp.backend.ovs_idl.vlog [None req-482c4c5a-33df-4e9b-afe6-595aa9c29389 - - - - - -] tcp:10.108.217.251:6641: connected WSGI app 0 (mountpoint='') ready in 9 seconds on interpreter 0x7fc259444668 pid: 7 (default app)
2026-08-24 21:22:46.869 8 INFO ovsdbapp.backend.ovs_idl.vlog [None req-46005050-4d55-4c1f-b18c-a28176cba8ba - - - - - -] tcp:10.108.217.251:6641: connecting...
2026-08-24 21:22:46.869 8 INFO ovsdbapp.backend.ovs_idl.vlog [None req-46005050-4d55-4c1f-b18c-a28176cba8ba - - - - - -] tcp:10.108.217.251:6641: connected
2026-08-24 21:22:46.913 8 INFO ovsdbapp.backend.ovs_idl.vlog [None req-46005050-4d55-4c1f-b18c-a28176cba8ba - - - - - -] tcp:10.108.217.251:6641: connecting...
2026-08-24 21:22:46.913 8 INFO ovsdbapp.backend.ovs_idl.vlog [None req-46005050-4d55-4c1f-b18c-a28176cba8ba - - - - - -] tcp:10.108.217.251:6641: connected WSGI app 0 (mountpoint='') ready in 9 seconds on interpreter 0x7fc259444668 pid: 8 (default app) /var/lib/openstack/lib/python3.12/site-packages/pycadf/identifier.py:70: UserWarning: Invalid uuid: unknown. To ensure interoperability, identifiers should be a valid uuid. warnings.warn(('Invalid uuid: %s. To ensure interoperability, '
2026-08-24 21:22:49.651 7 INFO neutron.pecan_wsgi.hooks.translation [None req-09ce99e6-8e3d-4a3a-bd5a-4515d39d0c9e 9541ab5d0a7949048789a93e026ec7ba ce5a408bb4e84522be0dcef00995f94e - - default default] GET failed (client error): The resource could not be found. [pid: 7|app: 0|req: 3/3] 199.19.213.180 () {44 vars in 928 bytes} [Mon Aug 24 21:22:48 2026] GET /v2.0/networks/public => generated 108 bytes in 787 msecs (HTTP/1.1 404) 4 headers in 164 bytes (1 switches on core 0) /var/lib/openstack/lib/python3.12/site-packages/pycadf/identifier.py:70: UserWarning: Invalid uuid: unknown. To ensure interoperability, identifiers should be a valid uuid. warnings.warn(('Invalid uuid: %s. To ensure interoperability, ' [pid: 8|app: 0|req: 1/4] 199.19.213.180 () {44 vars in 950 bytes} [Mon Aug 24 21:22:49 2026] GET /v2.0/networks?name=public => generated 15 bytes in 224 msecs (HTTP/1.1 200) 4 headers in 156 bytes (1 switches on core 0)
2026-08-24 21:22:50.215 7 INFO neutron.plugins.ml2.drivers.ovn.mech_driver.ovsdb.extensions.qos [None req-7893fb09-d0cf-4b03-b105-65de31576d81 9541ab5d0a7949048789a93e026ec7ba ce5a408bb4e84522be0dcef00995f94e - - default default] Starting OVNClientQosExtension
2026-08-24 21:22:50.216 7 INFO neutron.plugins.ml2.drivers.ovn.mech_driver.ovsdb.extensions.placement [None req-7893fb09-d0cf-4b03-b105-65de31576d81 9541ab5d0a7949048789a93e026ec7ba ce5a408bb4e84522be0dcef00995f94e - - default default] Starting OVNClientPlacementExtension
2026-08-24 21:22:50.261 7 INFO neutron.db.ovn_revision_numbers_db [None req-7893fb09-d0cf-4b03-b105-65de31576d81 9541ab5d0a7949048789a93e026ec7ba ce5a408bb4e84522be0dcef00995f94e - - default default] Successfully bumped revision number for resource 979ef344-0336-4fd0-bf39-8d6c9d9ff988 (type: security_groups) to 1
2026-08-24 21:22:50.276 7 INFO neutron.db.ovn_revision_numbers_db [None req-7893fb09-d0cf-4b03-b105-65de31576d81 9541ab5d0a7949048789a93e026ec7ba ce5a408bb4e84522be0dcef00995f94e - - default default] Successfully bumped revision number for resource 352ef80c-3e3e-4e18-bbad-45f772a917ba (type: security_group_rules) to 0
2026-08-24 21:22:50.286 7 INFO neutron.db.ovn_revision_numbers_db [None req-7893fb09-d0cf-4b03-b105-65de31576d81 9541ab5d0a7949048789a93e026ec7ba ce5a408bb4e84522be0dcef00995f94e - - default default] Successfully bumped revision number for resource 5f23fcc8-cb5e-4652-9768-0e1cd78512b6 (type: security_group_rules) to 0
2026-08-24 21:22:50.296 7 INFO neutron.db.ovn_revision_numbers_db [None req-7893fb09-d0cf-4b03-b105-65de31576d81 9541ab5d0a7949048789a93e026ec7ba ce5a408bb4e84522be0dcef00995f94e - - default default] Successfully bumped revision number for resource 71a48d1a-e32f-447a-b5c0-4990d0651a3b (type: security_group_rules) to 0
2026-08-24 21:22:50.305 7 INFO neutron.db.ovn_revision_numbers_db [None req-7893fb09-d0cf-4b03-b105-65de31576d81 9541ab5d0a7949048789a93e026ec7ba ce5a408bb4e84522be0dcef00995f94e - - default default] Successfully bumped revision number for resource d2af58d5-dc0e-45a1-9a4e-2e493fcb971a (type: security_group_rules) to 0
2026-08-24 21:22:50.394 7 WARNING neutron.services.revisions.revision_plugin [None req-7893fb09-d0cf-4b03-b105-65de31576d81 9541ab5d0a7949048789a93e026ec7ba ce5a408bb4e84522be0dcef00995f94e - - default default] Could not find related network for resource to bump revision.
2026-08-24 21:22:50.414 7 INFO neutron.db.segments_db [None req-7893fb09-d0cf-4b03-b105-65de31576d81 9541ab5d0a7949048789a93e026ec7ba ce5a408bb4e84522be0dcef00995f94e - - default default] Added segment 44a62d74-c8fe-4862-949e-190feef27203 of type flat for network 168e1737-fcf6-489a-814b-82510db0c868
2026-08-24 21:22:50.528 7 INFO neutron.plugins.ml2.drivers.ovn.mech_driver.mech_driver [-] OVN reports status down for port: provnet-44a62d74-c8fe-4862-949e-190feef27203
2026-08-24 21:22:50.588 7 INFO neutron.db.ovn_revision_numbers_db [None req-7893fb09-d0cf-4b03-b105-65de31576d81 9541ab5d0a7949048789a93e026ec7ba ce5a408bb4e84522be0dcef00995f94e - - default default] Successfully bumped revision number for resource 168e1737-fcf6-489a-814b-82510db0c868 (type: networks) to 1
2026-08-24 21:22:50.863 7 WARNING neutron.scheduler.dhcp_agent_scheduler [None req-7893fb09-d0cf-4b03-b105-65de31576d81 9541ab5d0a7949048789a93e026ec7ba ce5a408bb4e84522be0dcef00995f94e - - default default] No more DHCP agents
2026-08-24 21:22:50.864 7 WARNING neutron.api.rpc.agentnotifiers.dhcp_rpc_agent_api [None req-7893fb09-d0cf-4b03-b105-65de31576d81 9541ab5d0a7949048789a93e026ec7ba ce5a408bb4e84522be0dcef00995f94e - - default default] Unable to schedule network 168e1737-fcf6-489a-814b-82510db0c868: no agents available; will retry on subsequent port and subnet creation events.
2026-08-24 21:22:51.165 8 INFO neutron.plugins.ml2.drivers.ovn.mech_driver.mech_driver [-] OVN reports status down for port: a57c4619-7f58-47a5-a5f8-f4b7fb6ab0f5
2026-08-24 21:22:51.212 7 INFO neutron.db.ovn_revision_numbers_db [None req-7893fb09-d0cf-4b03-b105-65de31576d81 9541ab5d0a7949048789a93e026ec7ba ce5a408bb4e84522be0dcef00995f94e - - default default] Successfully bumped revision number for resource a57c4619-7f58-47a5-a5f8-f4b7fb6ab0f5 (type: ports) to 1 [pid: 7|app: 0|req: 4/5] 199.19.213.180 () {48 vars in 968 bytes} [Mon Aug 24 21:22:49 2026] POST /v2.0/networks => generated 744 bytes in 1350 msecs (HTTP/1.1 201) 4 headers in 162 bytes (1 switches on core 0)
2026-08-24 21:22:52.831 8 INFO neutron.pecan_wsgi.hooks.translation [None req-119dfa61-7177-489c-b1d1-02bc78fa8594 9541ab5d0a7949048789a93e026ec7ba ce5a408bb4e84522be0dcef00995f94e - - default default] GET failed (client error): The resource could not be found. [pid: 8|app: 0|req: 2/6] 199.19.213.180 () {44 vars in 928 bytes} [Mon Aug 24 21:22:52 2026] GET /v2.0/networks/public => generated 108 bytes in 425 msecs (HTTP/1.1 404) 4 headers in 164 bytes (1 switches on core 0) [pid: 7|app: 0|req: 5/7] 199.19.213.180 () {44 vars in 950 bytes} [Mon Aug 24 21:22:52 2026] GET /v2.0/networks?name=public => generated 753 bytes in 39 msecs (HTTP/1.1 200) 4 headers in 157 bytes (1 switches on core 0)
2026-08-24 21:22:52.919 8 INFO neutron.pecan_wsgi.hooks.translation [None req-c18b81c4-37e0-47c7-b9e4-ecf8b9c356fa 9541ab5d0a7949048789a93e026ec7ba ce5a408bb4e84522be0dcef00995f94e - - default default] GET failed (client error): The resource could not be found. [pid: 8|app: 0|req: 3/8] 199.19.213.180 () {44 vars in 1035 bytes} [Mon Aug 24 21:22:52 2026] GET /v2.0/subnets/public-subnet?network_id=168e1737-fcf6-489a-814b-82510db0c868 => generated 113 bytes in 39 msecs (HTTP/1.1 404) 4 headers in 164 bytes (1 switches on core 0) [pid: 7|app: 0|req: 6/9] 199.19.213.180 () {44 vars in 1058 bytes} [Mon Aug 24 21:22:52 2026] GET /v2.0/subnets?name=public-subnet&network_id=168e1737-fcf6-489a-814b-82510db0c868 => generated 14 bytes in 20 msecs (HTTP/1.1 200) 4 headers in 156 bytes (1 switches on core 0)
2026-08-24 21:22:53.402 8 WARNING neutron.scheduler.dhcp_agent_scheduler [None req-89504e72-339d-46df-bd5b-de340df4344e 9541ab5d0a7949048789a93e026ec7ba ce5a408bb4e84522be0dcef00995f94e - - default default] No more DHCP agents
2026-08-24 21:22:53.403 8 WARNING neutron.api.rpc.agentnotifiers.dhcp_rpc_agent_api [None req-89504e72-339d-46df-bd5b-de340df4344e 9541ab5d0a7949048789a93e026ec7ba ce5a408bb4e84522be0dcef00995f94e - - default default] Unable to schedule network 168e1737-fcf6-489a-814b-82510db0c868: no agents available; will retry on subsequent port and subnet creation events.
2026-08-24 21:22:54.157 8 INFO neutron.db.ovn_revision_numbers_db [None req-9db437f5-104d-4e3a-9cb7-55948c25f67d - - - - - -] Successfully bumped revision number for resource a57c4619-7f58-47a5-a5f8-f4b7fb6ab0f5 (type: ports) to 2
2026-08-24 21:22:54.200 8 INFO neutron.db.ovn_revision_numbers_db [None req-9db437f5-104d-4e3a-9cb7-55948c25f67d - - - - - -] Successfully bumped revision number for resource 148617b6-b892-4f79-955c-391b7719643c (type: subnets) to 0 [pid: 8|app: 0|req: 4/10] 199.19.213.180 () {48 vars in 966 bytes} [Mon Aug 24 21:22:52 2026] POST /v2.0/subnets => generated 664 bytes in 1270 msecs (HTTP/1.1 201) 4 headers in 162 bytes (1 switches on core 0)
2026-08-24 21:27:49.596 8 INFO neutron.pecan_wsgi.hooks.translation [None req-226d2fd8-c5f0-4b09-ab8d-2f7202024ab9 9541ab5d0a7949048789a93e026ec7ba ce5a408bb4e84522be0dcef00995f94e - - default default] GET failed (client error): The resource could not be found. [pid: 8|app: 0|req: 23/48] 199.19.213.180 () {44 vars in 938 bytes} [Mon Aug 24 21:27:49 2026] GET /v2.0/networks/lb-mgmt-net => generated 113 bytes in 116 msecs (HTTP/1.1 404) 4 headers in 164 bytes (1 switches on core 0) [pid: 7|app: 0|req: 26/49] 199.19.213.180 () {44 vars in 960 bytes} [Mon Aug 24 21:27:49 2026] GET /v2.0/networks?name=lb-mgmt-net => generated 15 bytes in 22 msecs (HTTP/1.1 200) 4 headers in 156 bytes (1 switches on core 0)
2026-08-24 21:27:49.724 8 INFO neutron.db.segments_db [None req-b544e3b2-3839-4994-ae75-ef12ca5dcd82 9541ab5d0a7949048789a93e026ec7ba ce5a408bb4e84522be0dcef00995f94e - - default default] Added segment c4587b79-f9ee-4b43-8902-0152816a027e of type geneve for network 7102ba41-5a42-4993-838f-efe4b9709c8a
2026-08-24 21:27:49.884 8 INFO neutron.db.ovn_revision_numbers_db [None req-b544e3b2-3839-4994-ae75-ef12ca5dcd82 9541ab5d0a7949048789a93e026ec7ba ce5a408bb4e84522be0dcef00995f94e - - default default] Successfully bumped revision number for resource 7102ba41-5a42-4993-838f-efe4b9709c8a (type: networks) to 1
2026-08-24 21:27:50.070 8 WARNING neutron.scheduler.dhcp_agent_scheduler [None req-b544e3b2-3839-4994-ae75-ef12ca5dcd82 9541ab5d0a7949048789a93e026ec7ba ce5a408bb4e84522be0dcef00995f94e - - default default] No more DHCP agents
2026-08-24 21:27:50.072 8 WARNING neutron.api.rpc.agentnotifiers.dhcp_rpc_agent_api [None req-b544e3b2-3839-4994-ae75-ef12ca5dcd82 9541ab5d0a7949048789a93e026ec7ba ce5a408bb4e84522be0dcef00995f94e - - default default] Unable to schedule network 7102ba41-5a42-4993-838f-efe4b9709c8a: no agents available; will retry on subsequent port and subnet creation events.
2026-08-24 21:27:50.123 7 INFO neutron.plugins.ml2.drivers.ovn.mech_driver.mech_driver [None req-f35554dc-47b9-488b-b313-baf8505bb188 - - - - - -] OVN reports status down for port: 50234ab9-a614-4c63-9b8c-530220d4fa35
