2026-08-24 21:59:26.168 7 INFO neutron.db.ovn_revision_numbers_db [None req-ee1f851e-6ac2-4178-96c1-9d651f1d22c6 e1b8d48f596644e0a1305c0f8d9f6807 36db011fadc94321a529b29e0b5b5436 - - default default] Successfully bumped revision number for resource 3251b384-1fba-493e-80c5-809b5897f6da (type: security_group_rules) to 0
2026-08-24 21:59:26.179 7 INFO neutron.db.ovn_revision_numbers_db [None req-ee1f851e-6ac2-4178-96c1-9d651f1d22c6 e1b8d48f596644e0a1305c0f8d9f6807 36db011fadc94321a529b29e0b5b5436 - - default default] Successfully bumped revision number for resource 37e8c7f3-f6bd-42e1-a384-b25eb4f4d141 (type: security_group_rules) to 0
2026-08-24 21:59:26.192 7 INFO neutron.db.ovn_revision_numbers_db [None req-ee1f851e-6ac2-4178-96c1-9d651f1d22c6 e1b8d48f596644e0a1305c0f8d9f6807 36db011fadc94321a529b29e0b5b5436 - - default default] Successfully bumped revision number for resource 87fe74e1-6145-4841-bf0f-e24df422727b (type: security_group_rules) to 0 [pid: 8|app: 0|req: 704/1523] 10.0.0.127 () {32 vars in 682 bytes} [Mon Aug 24 21:59:26 2026] GET /v2.0/qos/policies?not-tags=red => generated 719 bytes in 42 msecs (HTTP/1.1 200) 4 headers in 157 bytes (1 switches on core 0) [pid: 8|app: 0|req: 705/1524] 10.0.0.127 () {32 vars in 665 bytes} [Mon Aug 24 21:59:26 2026] GET /v2.0/extensions/trunk => generated 164 bytes in 4 msecs (HTTP/1.1 200) 4 headers in 157 bytes (1 switches on core 0) [pid: 8|app: 0|req: 706/1525] 10.0.0.127 () {32 vars in 696 bytes} [Mon Aug 24 21:59:26 2026] GET /v2.0/qos/policies?not-tags=red%2Cblue => generated 1073 bytes in 59 msecs (HTTP/1.1 200) 4 headers in 158 bytes (1 switches on core 0) [pid: 8|app: 0|req: 707/1526] 10.0.0.127 () {32 vars in 681 bytes} [Mon Aug 24 21:59:26 2026] GET /v2.0/extensions/trunk-details => generated 168 bytes in 4 msecs (HTTP/1.1 200) 4 headers in 157 bytes (1 switches on core 0)
2026-08-24 21:59:26.270 7 INFO neutron.db.segments_db [None req-ee1f851e-6ac2-4178-96c1-9d651f1d22c6 e1b8d48f596644e0a1305c0f8d9f6807 36db011fadc94321a529b29e0b5b5436 - - default default] Added segment 0aecf60e-9b19-46ab-87da-5bccb2b95378 of type geneve for network 13c51586-45c8-430d-aa54-71a22174fe0b [pid: 8|app: 0|req: 708/1527] 10.0.0.127 () {32 vars in 692 bytes} [Mon Aug 24 21:59:26 2026] GET /v2.0/qos/policies?not-tags-any=blue => generated 1073 bytes in 88 msecs (HTTP/1.1 200) 4 headers in 158 bytes (1 switches on core 0) [pid: 8|app: 0|req: 709/1528] 10.0.0.127 () {32 vars in 687 bytes} [Mon Aug 24 21:59:26 2026] GET /v2.0/extensions/vlan-transparent => generated 177 bytes in 5 msecs (HTTP/1.1 200) 4 headers in 157 bytes (1 switches on core 0)
2026-08-24 21:59:26.373 7 INFO neutron.db.ovn_revision_numbers_db [None req-ee1f851e-6ac2-4178-96c1-9d651f1d22c6 e1b8d48f596644e0a1305c0f8d9f6807 36db011fadc94321a529b29e0b5b5436 - - default default] Successfully bumped revision number for resource 13c51586-45c8-430d-aa54-71a22174fe0b (type: networks) to 1 [pid: 8|app: 0|req: 710/1529] 10.0.0.127 () {32 vars in 704 bytes} [Mon Aug 24 21:59:26 2026] GET /v2.0/qos/policies?not-tags-any=red%2Cblue => generated 719 bytes in 41 msecs (HTTP/1.1 200) 4 headers in 157 bytes (1 switches on core 0) [pid: 8|app: 0|req: 711/1530] 10.0.0.127 () {32 vars in 677 bytes} [Mon Aug 24 21:59:26 2026] GET /v2.0/extensions/vpn-aes-ctr => generated 195 bytes in 4 msecs (HTTP/1.1 200) 4 headers in 157 bytes (1 switches on core 0) [pid: 8|app: 0|req: 712/1531] 10.0.0.127 () {32 vars in 693 bytes} [Mon Aug 24 21:59:26 2026] GET /v2.0/extensions/vpn-agent-scheduler => generated 199 bytes in 4 msecs (HTTP/1.1 200) 4 headers in 157 bytes (1 switches on core 0) [pid: 8|app: 0|req: 713/1532] 10.0.0.127 () {32 vars in 734 bytes} [Mon Aug 24 21:59:26 2026] DELETE /v2.0/qos/policies/50d40562-f796-4102-bb4d-ab9d10378d36 => generated 0 bytes in 56 msecs (HTTP/1.1 204) 2 headers in 112 bytes (1 switches on core 0) [pid: 8|app: 0|req: 714/1533] 10.0.0.127 () {32 vars in 693 bytes} [Mon Aug 24 21:59:26 2026] GET /v2.0/extensions/vpn-endpoint-groups => generated 177 bytes in 5 msecs (HTTP/1.1 200) 4 headers in 157 bytes (1 switches on core 0)
2026-08-24 21:59:26.525 7 WARNING neutron.scheduler.dhcp_agent_scheduler [None req-ee1f851e-6ac2-4178-96c1-9d651f1d22c6 e1b8d48f596644e0a1305c0f8d9f6807 36db011fadc94321a529b29e0b5b5436 - - default default] No more DHCP agents
2026-08-24 21:59:26.527 7 WARNING neutron.api.rpc.agentnotifiers.dhcp_rpc_agent_api [None req-ee1f851e-6ac2-4178-96c1-9d651f1d22c6 e1b8d48f596644e0a1305c0f8d9f6807 36db011fadc94321a529b29e0b5b5436 - - default default] Unable to schedule network 13c51586-45c8-430d-aa54-71a22174fe0b: no agents available; will retry on subsequent port and subnet creation events. [pid: 8|app: 0|req: 715/1534] 10.0.0.127 () {32 vars in 734 bytes} [Mon Aug 24 21:59:26 2026] DELETE /v2.0/qos/policies/0e0cc7ce-1814-4f1b-9703-0d14aba51b7b => generated 0 bytes in 51 msecs (HTTP/1.1 204) 2 headers in 112 bytes (1 switches on core 0) [pid: 8|app: 0|req: 716/1535] 10.0.0.127 () {32 vars in 677 bytes} [Mon Aug 24 21:59:26 2026] GET /v2.0/extensions/vpn-flavors => generated 182 bytes in 4 msecs (HTTP/1.1 200) 4 headers in 157 bytes (1 switches on core 0)
2026-08-24 21:59:26.585 7 INFO neutron.plugins.ml2.drivers.ovn.mech_driver.mech_driver [None req-3f5d2fb1-c73d-4860-bd24-8bd4d19311f2 - - - - - -] OVN reports status down for port: e5e95199-e946-4a0d-92d7-9679c33c9533 [pid: 8|app: 0|req: 717/1536] 10.0.0.127 () {32 vars in 734 bytes} [Mon Aug 24 21:59:26 2026] DELETE /v2.0/qos/policies/7f850f06-5b51-4be3-9aab-3f3e3f88559b => generated 0 bytes in 51 msecs (HTTP/1.1 204) 2 headers in 112 bytes (1 switches on core 0) [pid: 8|app: 0|req: 718/1537] 10.0.0.127 () {32 vars in 667 bytes} [Mon Aug 24 21:59:26 2026] GET /v2.0/extensions/vpnaas => generated 154 bytes in 4 msecs (HTTP/1.1 200) 4 headers in 157 bytes (1 switches on core 0)
2026-08-24 21:59:26.640 7 INFO neutron.db.ovn_revision_numbers_db [None req-ee1f851e-6ac2-4178-96c1-9d651f1d22c6 e1b8d48f596644e0a1305c0f8d9f6807 36db011fadc94321a529b29e0b5b5436 - - default default] Successfully bumped revision number for resource e5e95199-e946-4a0d-92d7-9679c33c9533 (type: ports) to 1 [pid: 8|app: 0|req: 719/1538] 10.0.0.127 () {32 vars in 734 bytes} [Mon Aug 24 21:59:26 2026] DELETE /v2.0/qos/policies/17707809-82c0-4779-90bf-e69dd42782ae => generated 0 bytes in 64 msecs (HTTP/1.1 204) 2 headers in 112 bytes (1 switches on core 0) [pid: 8|app: 0|req: 720/1539] 10.0.0.127 () {32 vars in 663 bytes} [Mon Aug 24 21:59:26 2026] GET /v2.0/extensions/taas => generated 175 bytes in 3 msecs (HTTP/1.1 200) 4 headers in 157 bytes (1 switches on core 0) [pid: 7|app: 0|req: 820/1540] 10.0.0.127 () {34 vars in 670 bytes} [Mon Aug 24 21:59:25 2026] POST /v2.0/networks => generated 681 bytes in 739 msecs (HTTP/1.1 201) 4 headers in 162 bytes (1 switches on core 0) [pid: 7|app: 0|req: 821/1541] 10.0.0.127 () {32 vars in 675 bytes} [Mon Aug 24 21:59:26 2026] GET /v2.0/extensions/tap-mirror => generated 222 bytes in 8 msecs (HTTP/1.1 200) 4 headers in 157 bytes (1 switches on core 0) [pid: 7|app: 0|req: 822/1542] 10.0.0.127 () {32 vars in 687 bytes} [Mon Aug 24 21:59:26 2026] GET /v2.0/extensions/taas-vlan-filter => generated 226 bytes in 7 msecs (HTTP/1.1 200) 4 headers in 157 bytes (1 switches on core 0) [pid: 8|app: 0|req: 721/1543] 10.0.0.127 () {32 vars in 734 bytes} [Mon Aug 24 21:59:26 2026] DELETE /v2.0/qos/policies/845e1b05-14d0-4d3e-8889-fb9459adf24d => generated 0 bytes in 46 msecs (HTTP/1.1 204) 2 headers in 112 bytes (1 switches on core 0)
2026-08-24 21:59:26.896 7 WARNING neutron.scheduler.dhcp_agent_scheduler [None req-82082c0b-90d9-47e8-aac6-6e6d62a4c7a6 e1b8d48f596644e0a1305c0f8d9f6807 36db011fadc94321a529b29e0b5b5436 - - default default] No more DHCP agents
2026-08-24 21:59:26.897 7 WARNING neutron.api.rpc.agentnotifiers.dhcp_rpc_agent_api [None req-82082c0b-90d9-47e8-aac6-6e6d62a4c7a6 e1b8d48f596644e0a1305c0f8d9f6807 36db011fadc94321a529b29e0b5b5436 - - default default] Unable to schedule network 13c51586-45c8-430d-aa54-71a22174fe0b: no agents available; will retry on subsequent port and subnet creation events.
2026-08-24 21:59:27.262 8 INFO neutron.db.ovn_revision_numbers_db [None req-867323f7-5549-419e-8823-5bf924bbdbd1 d0b24c7cba8742c2ab3ed2f38aae6b61 70cfa982c18e4fdea11decac13d4b272 - - default default] Successfully bumped revision number for resource b91ce2aa-1559-4eea-9208-75e2058e6e56 (type: security_groups) to 1
2026-08-24 21:59:27.271 8 INFO neutron.db.ovn_revision_numbers_db [None req-867323f7-5549-419e-8823-5bf924bbdbd1 d0b24c7cba8742c2ab3ed2f38aae6b61 70cfa982c18e4fdea11decac13d4b272 - - default default] Successfully bumped revision number for resource bc7fbb7e-8245-4068-8c3f-b4d73f254b8b (type: security_group_rules) to 0
2026-08-24 21:59:27.280 8 INFO neutron.db.ovn_revision_numbers_db [None req-867323f7-5549-419e-8823-5bf924bbdbd1 d0b24c7cba8742c2ab3ed2f38aae6b61 70cfa982c18e4fdea11decac13d4b272 - - default default] Successfully bumped revision number for resource c691de33-9dfa-4937-b0ac-d4ed604c3294 (type: security_group_rules) to 0
2026-08-24 21:59:27.299 8 INFO neutron.db.ovn_revision_numbers_db [None req-867323f7-5549-419e-8823-5bf924bbdbd1 d0b24c7cba8742c2ab3ed2f38aae6b61 70cfa982c18e4fdea11decac13d4b272 - - default default] Successfully bumped revision number for resource e1aa18e1-30e8-49f5-a7d8-82dab3071381 (type: security_group_rules) to 0
2026-08-24 21:59:27.312 8 INFO neutron.db.ovn_revision_numbers_db [None req-867323f7-5549-419e-8823-5bf924bbdbd1 d0b24c7cba8742c2ab3ed2f38aae6b61 70cfa982c18e4fdea11decac13d4b272 - - default default] Successfully bumped revision number for resource ffc52a39-f475-47b2-8134-16d4af633b33 (type: security_group_rules) to 0
2026-08-24 21:59:27.350 7 INFO neutron.db.ovn_revision_numbers_db [None req-beaea797-e1a9-4357-a13f-25527f14b6fb - - - - - -] Successfully bumped revision number for resource e5e95199-e946-4a0d-92d7-9679c33c9533 (type: ports) to 2
2026-08-24 21:59:27.381 7 INFO neutron.db.ovn_revision_numbers_db [None req-beaea797-e1a9-4357-a13f-25527f14b6fb - - - - - -] Successfully bumped revision number for resource 22ab5890-502d-4f84-9915-2944b9e0b9a0 (type: subnets) to 0
2026-08-24 21:59:27.385 8 INFO neutron.db.segments_db [None req-867323f7-5549-419e-8823-5bf924bbdbd1 d0b24c7cba8742c2ab3ed2f38aae6b61 70cfa982c18e4fdea11decac13d4b272 - - default default] Added segment dbb4ec0e-4344-4b04-b228-12fde6cbdec1 of type geneve for network 81402d0a-ab3b-4d52-b366-9b72bd3755f8 [pid: 7|app: 0|req: 823/1544] 10.0.0.127 () {34 vars in 669 bytes} [Mon Aug 24 21:59:26 2026] POST /v2.0/subnets => generated 641 bytes in 691 msecs (HTTP/1.1 201) 4 headers in 162 bytes (1 switches on core 0)
2026-08-24 21:59:27.459 8 INFO neutron.db.segments_db [None req-867323f7-5549-419e-8823-5bf924bbdbd1 d0b24c7cba8742c2ab3ed2f38aae6b61 70cfa982c18e4fdea11decac13d4b272 - - default default] Added segment 5266d362-0906-40ff-be42-1becab0a87c4 of type geneve for network d0101a1b-56f4-49f7-b12f-a61960bf9e52
2026-08-24 21:59:27.569 8 INFO neutron.db.ovn_revision_numbers_db [None req-867323f7-5549-419e-8823-5bf924bbdbd1 d0b24c7cba8742c2ab3ed2f38aae6b61 70cfa982c18e4fdea11decac13d4b272 - - default default] Successfully bumped revision number for resource 81402d0a-ab3b-4d52-b366-9b72bd3755f8 (type: networks) to 1
2026-08-24 21:59:27.619 7 INFO neutron.db.ovn_revision_numbers_db [None req-60019f78-2777-481c-bbd2-82af2748d991 9541ab5d0a7949048789a93e026ec7ba ce5a408bb4e84522be0dcef00995f94e - - default default] Successfully bumped revision number for resource 4f39ee10-0ed7-4ddf-a9a3-58696d9795fb (type: security_groups) to 1
2026-08-24 21:59:27.635 7 INFO neutron.db.ovn_revision_numbers_db [None req-60019f78-2777-481c-bbd2-82af2748d991 9541ab5d0a7949048789a93e026ec7ba ce5a408bb4e84522be0dcef00995f94e - - default default] Successfully bumped revision number for resource 4c51b3f6-6fe5-44b6-85d4-22bee2795c44 (type: security_group_rules) to 0
2026-08-24 21:59:27.649 7 INFO neutron.db.ovn_revision_numbers_db [None req-60019f78-2777-481c-bbd2-82af2748d991 9541ab5d0a7949048789a93e026ec7ba ce5a408bb4e84522be0dcef00995f94e - - default default] Successfully bumped revision number for resource 67238726-a9e1-49a2-b102-b7da5df2c674 (type: security_group_rules) to 0
2026-08-24 21:59:27.661 7 INFO neutron.db.ovn_revision_numbers_db [None req-60019f78-2777-481c-bbd2-82af2748d991 9541ab5d0a7949048789a93e026ec7ba ce5a408bb4e84522be0dcef00995f94e - - default default] Successfully bumped revision number for resource 834ef0cc-57be-494a-8860-0ae4828efd83 (type: security_group_rules) to 0
2026-08-24 21:59:27.675 7 INFO neutron.db.ovn_revision_numbers_db [None req-60019f78-2777-481c-bbd2-82af2748d991 9541ab5d0a7949048789a93e026ec7ba ce5a408bb4e84522be0dcef00995f94e - - default default] Successfully bumped revision number for resource c3375913-de63-4a33-a082-5d41bc097af2 (type: security_group_rules) to 0 [pid: 7|app: 0|req: 824/1545] 10.0.0.127 () {32 vars in 774 bytes} [Mon Aug 24 21:59:27 2026] GET /v2.0/security-groups?tenant_id=fb277c418bc14d0eb1367faeb89298b1&name=default => generated 2925 bytes in 310 msecs (HTTP/1.1 200) 4 headers in 158 bytes (1 switches on core 0)
2026-08-24 21:59:27.739 8 WARNING neutron.scheduler.dhcp_agent_scheduler [None req-867323f7-5549-419e-8823-5bf924bbdbd1 d0b24c7cba8742c2ab3ed2f38aae6b61 70cfa982c18e4fdea11decac13d4b272 - - default default] No more DHCP agents
2026-08-24 21:59:27.740 8 WARNING neutron.api.rpc.agentnotifiers.dhcp_rpc_agent_api [None req-867323f7-5549-419e-8823-5bf924bbdbd1 d0b24c7cba8742c2ab3ed2f38aae6b61 70cfa982c18e4fdea11decac13d4b272 - - default default] Unable to schedule network 81402d0a-ab3b-4d52-b366-9b72bd3755f8: no agents available; will retry on subsequent port and subnet creation events.
2026-08-24 21:59:27.792 7 INFO neutron.db.segments_db [None req-57d678a0-50b4-46ba-a050-6876b5ea2820 e1b8d48f596644e0a1305c0f8d9f6807 36db011fadc94321a529b29e0b5b5436 - - default default] Added segment b8775653-0c35-4553-ae29-e0305d0c8cb7 of type geneve for network 69c570aa-3b5a-4883-9751-730b4b1bd3e8
2026-08-24 21:59:27.795 8 INFO neutron.plugins.ml2.drivers.ovn.mech_driver.mech_driver [None req-d1db08e9-ffe4-4937-8d22-a93552014c8b - - - - - -] OVN reports status down for port: 5ef6855f-4b09-4268-b3d6-10808c294e81
2026-08-24 21:59:27.857 8 INFO neutron.db.ovn_revision_numbers_db [None req-867323f7-5549-419e-8823-5bf924bbdbd1 d0b24c7cba8742c2ab3ed2f38aae6b61 70cfa982c18e4fdea11decac13d4b272 - - default default] Successfully bumped revision number for resource 5ef6855f-4b09-4268-b3d6-10808c294e81 (type: ports) to 1
2026-08-24 21:59:27.916 7 INFO neutron.db.ovn_revision_numbers_db [None req-57d678a0-50b4-46ba-a050-6876b5ea2820 e1b8d48f596644e0a1305c0f8d9f6807 36db011fadc94321a529b29e0b5b5436 - - default default] Successfully bumped revision number for resource 69c570aa-3b5a-4883-9751-730b4b1bd3e8 (type: networks) to 1
2026-08-24 21:59:27.981 8 INFO neutron.db.ovn_revision_numbers_db [None req-867323f7-5549-419e-8823-5bf924bbdbd1 d0b24c7cba8742c2ab3ed2f38aae6b61 70cfa982c18e4fdea11decac13d4b272 - - default default] Successfully bumped revision number for resource d0101a1b-56f4-49f7-b12f-a61960bf9e52 (type: networks) to 1
2026-08-24 21:59:28.094 7 WARNING neutron.scheduler.dhcp_agent_scheduler [None req-57d678a0-50b4-46ba-a050-6876b5ea2820 e1b8d48f596644e0a1305c0f8d9f6807 36db011fadc94321a529b29e0b5b5436 - - default default] No more DHCP agents
2026-08-24 21:59:28.095 7 WARNING neutron.api.rpc.agentnotifiers.dhcp_rpc_agent_api [None req-57d678a0-50b4-46ba-a050-6876b5ea2820 e1b8d48f596644e0a1305c0f8d9f6807 36db011fadc94321a529b29e0b5b5436 - - default default] Unable to schedule network 69c570aa-3b5a-4883-9751-730b4b1bd3e8: no agents available; will retry on subsequent port and subnet creation events.
2026-08-24 21:59:28.139 7 INFO neutron.plugins.ml2.drivers.ovn.mech_driver.mech_driver [None req-3f5d2fb1-c73d-4860-bd24-8bd4d19311f2 - - - - - -] OVN reports status down for port: 96268149-0a15-4cf0-88cb-244fb37c843d
2026-08-24 21:59:28.150 8 WARNING neutron.scheduler.dhcp_agent_scheduler [None req-867323f7-5549-419e-8823-5bf924bbdbd1 d0b24c7cba8742c2ab3ed2f38aae6b61 70cfa982c18e4fdea11decac13d4b272 - - default default] No more DHCP agents
2026-08-24 21:59:28.152 8 WARNING neutron.api.rpc.agentnotifiers.dhcp_rpc_agent_api [None req-867323f7-5549-419e-8823-5bf924bbdbd1 d0b24c7cba8742c2ab3ed2f38aae6b61 70cfa982c18e4fdea11decac13d4b272 - - default default] Unable to schedule network d0101a1b-56f4-49f7-b12f-a61960bf9e52: no agents available; will retry on subsequent port and subnet creation events.
2026-08-24 21:59:28.223 7 INFO neutron.db.ovn_revision_numbers_db [None req-57d678a0-50b4-46ba-a050-6876b5ea2820 e1b8d48f596644e0a1305c0f8d9f6807 36db011fadc94321a529b29e0b5b5436 - - default default] Successfully bumped revision number for resource 96268149-0a15-4cf0-88cb-244fb37c843d (type: ports) to 1
2026-08-24 21:59:28.228 8 INFO neutron.db.ovn_revision_numbers_db [None req-867323f7-5549-419e-8823-5bf924bbdbd1 d0b24c7cba8742c2ab3ed2f38aae6b61 70cfa982c18e4fdea11decac13d4b272 - - default default] Successfully bumped revision number for resource c61b9017-6fa2-4c90-8072-1b14f3af40f6 (type: ports) to 1 [pid: 8|app: 0|req: 722/1546] 10.0.0.127 () {34 vars in 670 bytes} [Mon Aug 24 21:59:26 2026] POST /v2.0/networks => generated 1320 bytes in 1379 msecs (HTTP/1.1 201) 4 headers in 163 bytes (1 switches on core 0)
2026-08-24 21:59:28.266 7 INFO neutron.plugins.ml2.drivers.ovn.mech_driver.mech_driver [None req-3f5d2fb1-c73d-4860-bd24-8bd4d19311f2 - - - - - -] OVN reports status down for port: c61b9017-6fa2-4c90-8072-1b14f3af40f6 [pid: 7|app: 0|req: 825/1547] 10.0.0.127 () {34 vars in 670 bytes} [Mon Aug 24 21:59:27 2026] POST /v2.0/networks => generated 682 bytes in 580 msecs (HTTP/1.1 201) 4 headers in 162 bytes (1 switches on core 0)
2026-08-24 21:59:28.417 8 INFO neutron.db.ovn_revision_numbers_db [None req-2fe8380c-6551-442b-a484-ad096eaa4eeb 9541ab5d0a7949048789a93e026ec7ba ce5a408bb4e84522be0dcef00995f94e - - default default] Successfully bumped revision number for resource 36a97fe6-ea8a-4a68-98d8-a326d6955e94 (type: security_groups) to 1
2026-08-24 21:59:28.429 8 INFO neutron.db.ovn_revision_numbers_db [None req-2fe8380c-6551-442b-a484-ad096eaa4eeb 9541ab5d0a7949048789a93e026ec7ba ce5a408bb4e84522be0dcef00995f94e - - default default] Successfully bumped revision number for resource 0e089ace-fa48-49be-a8c8-273453012232 (type: security_group_rules) to 0
2026-08-24 21:59:28.442 8 INFO neutron.db.ovn_revision_numbers_db [None req-2fe8380c-6551-442b-a484-ad096eaa4eeb 9541ab5d0a7949048789a93e026ec7ba ce5a408bb4e84522be0dcef00995f94e - - default default] Successfully bumped revision number for resource 16114c2c-9e64-4b3d-9c96-2a3e1d7c1762 (type: security_group_rules) to 0
2026-08-24 21:59:28.455 8 INFO neutron.db.ovn_revision_numbers_db [None req-2fe8380c-6551-442b-a484-ad096eaa4eeb 9541ab5d0a7949048789a93e026ec7ba ce5a408bb4e84522be0dcef00995f94e - - default default] Successfully bumped revision number for resource 4804e10f-b25e-4ba9-b32f-cc1face0d53c (type: security_group_rules) to 0
2026-08-24 21:59:28.466 8 INFO neutron.db.ovn_revision_numbers_db [None req-2fe8380c-6551-442b-a484-ad096eaa4eeb 9541ab5d0a7949048789a93e026ec7ba ce5a408bb4e84522be0dcef00995f94e - - default default] Successfully bumped revision number for resource c958253d-3e52-46b2-a90d-754187ab55df (type: security_group_rules) to 0 [pid: 8|app: 0|req: 723/1548] 10.0.0.127 () {32 vars in 774 bytes} [Mon Aug 24 21:59:28 2026] GET /v2.0/security-groups?tenant_id=2ab4d483ff6c44589573543b19a08f57&name=default => generated 2925 bytes in 250 msecs (HTTP/1.1 200) 4 headers in 158 bytes (1 switches on core 0) [pid: 8|app: 0|req: 724/1549] 10.0.0.127 () {32 vars in 649 bytes} [Mon Aug 24 21:59:28 2026] GET /v2.0/networks => generated 1969 bytes in 38 msecs (HTTP/1.1 200) 4 headers in 158 bytes (1 switches on core 0) [pid: 7|app: 0|req: 826/1550] 10.0.0.127 () {32 vars in 740 bytes} [Mon Aug 24 21:59:28 2026] DELETE /v2.0/security-groups/4f39ee10-0ed7-4ddf-a9a3-58696d9795fb => generated 0 bytes in 283 msecs (HTTP/1.1 204) 2 headers in 112 bytes (1 switches on core 0)
2026-08-24 21:59:28.647 8 INFO neutron.db.ovn_revision_numbers_db [None req-e12a075c-5151-4d68-86b1-06efe57b7645 e1b8d48f596644e0a1305c0f8d9f6807 36db011fadc94321a529b29e0b5b5436 - - default default] Successfully bumped revision number for resource 69c570aa-3b5a-4883-9751-730b4b1bd3e8 (type: networks) to 2 [pid: 8|app: 0|req: 725/1551] 10.0.0.127 () {34 vars in 743 bytes} [Mon Aug 24 21:59:28 2026] PUT /v2.0/networks/69c570aa-3b5a-4883-9751-730b4b1bd3e8 => generated 636 bytes in 111 msecs (HTTP/1.1 200) 4 headers in 157 bytes (1 switches on core 0)
2026-08-24 21:59:28.771 8 INFO neutron_taas.services.taas.taas_plugin [None req-e36a2691-2c99-407b-a360-c47015bd2853 d0b24c7cba8742c2ab3ed2f38aae6b61 70cfa982c18e4fdea11decac13d4b272 - - default default] TaaS: Handle Delete Port: 5ef6855f-4b09-4268-b3d6-10808c294e81
2026-08-24 21:59:28.774 8 INFO neutron_taas.services.taas.tap_mirror_plugin [None req-e36a2691-2c99-407b-a360-c47015bd2853 d0b24c7cba8742c2ab3ed2f38aae6b61 70cfa982c18e4fdea11decac13d4b272 - - default default] Tap Mirror: Handle Delete Port: 5ef6855f-4b09-4268-b3d6-10808c294e81 [pid: 7|app: 0|req: 827/1552] 10.0.0.127 () {32 vars in 740 bytes} [Mon Aug 24 21:59:28 2026] DELETE /v2.0/security-groups/36a97fe6-ea8a-4a68-98d8-a326d6955e94 => generated 0 bytes in 216 msecs (HTTP/1.1 204) 2 headers in 112 bytes (1 switches on core 0)
2026-08-24 21:59:28.987 8 INFO neutron.services.segments.plugin [-] Segment dbb4ec0e-4344-4b04-b228-12fde6cbdec1 resource provider aggregate not found
2026-08-24 21:59:28.989 7 WARNING neutron.scheduler.dhcp_agent_scheduler [None req-503e16b1-3db3-41e7-ba43-dfff2ca7db92 e1b8d48f596644e0a1305c0f8d9f6807 36db011fadc94321a529b29e0b5b5436 - - default default] No more DHCP agents
2026-08-24 21:59:28.990 8 INFO neutron.services.segments.plugin [-] Segment dbb4ec0e-4344-4b04-b228-12fde6cbdec1 resource provider aggregate not found
2026-08-24 21:59:28.991 7 WARNING neutron.api.rpc.agentnotifiers.dhcp_rpc_agent_api [None req-503e16b1-3db3-41e7-ba43-dfff2ca7db92 e1b8d48f596644e0a1305c0f8d9f6807 36db011fadc94321a529b29e0b5b5436 - - default default] Unable to schedule network 69c570aa-3b5a-4883-9751-730b4b1bd3e8: no agents available; will retry on subsequent port and subnet creation events.
2026-08-24 21:59:29.006 8 INFO neutron.services.segments.plugin [-] Client error retrieving segment dbb4ec0e-4344-4b04-b228-12fde6cbdec1 resource provider; error: Placement Client Error (4xx): {"errors": [{"status": 404, "title": "Not Found", "detail": "The resource could not be found.\n\n No resource provider with uuid dbb4ec0e-4344-4b04-b228-12fde6cbdec1 found for delete ", "request_id": "req-43c55bdb-f4f5-4613-a5dc-1369bcf5e1da"}]}
2026-08-24 21:59:29.012 8 INFO neutron.services.segments.plugin [-] Client error retrieving segment dbb4ec0e-4344-4b04-b228-12fde6cbdec1 resource provider; error: Placement Client Error (4xx): {"errors": [{"status": 404, "title": "Not Found", "detail": "The resource could not be found.\n\n No resource provider with uuid dbb4ec0e-4344-4b04-b228-12fde6cbdec1 found for delete ", "request_id": "req-2584b4de-6245-42a9-9026-fb7470844ed3"}]} [pid: 8|app: 0|req: 726/1553] 10.0.0.127 () {32 vars in 726 bytes} [Mon Aug 24 21:59:28 2026] DELETE /v2.0/networks/81402d0a-ab3b-4d52-b366-9b72bd3755f8 => generated 0 bytes in 379 msecs (HTTP/1.1 204) 3 headers in 131 bytes (1 switches on core 0)
2026-08-24 21:59:29.142 8 INFO neutron.db.ovn_revision_numbers_db [None req-7dbae070-0c94-4491-993a-c4970a97e032 9541ab5d0a7949048789a93e026ec7ba ce5a408bb4e84522be0dcef00995f94e - - default default] Successfully bumped revision number for resource 050a5084-1ea1-4314-8a54-3c95651e9fe0 (type: security_groups) to 1
2026-08-24 21:59:29.160 8 INFO neutron.db.ovn_revision_numbers_db [None req-7dbae070-0c94-4491-993a-c4970a97e032 9541ab5d0a7949048789a93e026ec7ba ce5a408bb4e84522be0dcef00995f94e - - default default] Successfully bumped revision number for resource 58b82a5e-482f-4eb4-983c-56e927fbeb37 (type: security_group_rules) to 0
2026-08-24 21:59:29.175 8 INFO neutron.db.ovn_revision_numbers_db [None req-7dbae070-0c94-4491-993a-c4970a97e032 9541ab5d0a7949048789a93e026ec7ba ce5a408bb4e84522be0dcef00995f94e - - default default] Successfully bumped revision number for resource 67c20000-5685-449b-a0f5-4732bd36fdf3 (type: security_group_rules) to 0
2026-08-24 21:59:29.186 8 INFO neutron.db.ovn_revision_numbers_db [None req-7dbae070-0c94-4491-993a-c4970a97e032 9541ab5d0a7949048789a93e026ec7ba ce5a408bb4e84522be0dcef00995f94e - - default default] Successfully bumped revision number for resource a7f98f7f-4399-4554-931d-0b4a462c2d57 (type: security_group_rules) to 0
2026-08-24 21:59:29.201 8 INFO neutron.db.ovn_revision_numbers_db [None req-7dbae070-0c94-4491-993a-c4970a97e032 9541ab5d0a7949048789a93e026ec7ba ce5a408bb4e84522be0dcef00995f94e - - default default] Successfully bumped revision number for resource cb08c07c-af81-4de9-b185-6fca52e2015f (type: security_group_rules) to 0 [pid: 8|app: 0|req: 727/1554] 10.0.0.127 () {32 vars in 774 bytes} [Mon Aug 24 21:59:29 2026] GET /v2.0/security-groups?tenant_id=70fbd4f2922e454ca450a53015fe7d87&name=default => generated 2925 bytes in 216 msecs (HTTP/1.1 200) 4 headers in 158 bytes (1 switches on core 0)
2026-08-24 21:59:29.367 8 INFO neutron_taas.services.taas.taas_plugin [None req-7b27d7f9-0149-4f4d-ae06-8a52adcb5b5f d0b24c7cba8742c2ab3ed2f38aae6b61 70cfa982c18e4fdea11decac13d4b272 - - default default] TaaS: Handle Delete Port: c61b9017-6fa2-4c90-8072-1b14f3af40f6
2026-08-24 21:59:29.369 8 INFO neutron_taas.services.taas.tap_mirror_plugin [None req-7b27d7f9-0149-4f4d-ae06-8a52adcb5b5f d0b24c7cba8742c2ab3ed2f38aae6b61 70cfa982c18e4fdea11decac13d4b272 - - default default] Tap Mirror: Handle Delete Port: c61b9017-6fa2-4c90-8072-1b14f3af40f6
2026-08-24 21:59:29.528 7 INFO neutron.db.ovn_revision_numbers_db [None req-e7dcc5f8-ac1e-41da-a336-e0c61e1353ee - - - - - -] Successfully bumped revision number for resource 96268149-0a15-4cf0-88cb-244fb37c843d (type: ports) to 2
2026-08-24 21:59:29.568 7 INFO neutron.db.ovn_revision_numbers_db [None req-e7dcc5f8-ac1e-41da-a336-e0c61e1353ee - - - - - -] Successfully bumped revision number for resource 8b09c6b5-8360-4c5e-8f83-75721de2f144 (type: subnets) to 0 [pid: 7|app: 0|req: 828/1555] 10.0.0.127 () {34 vars in 669 bytes} [Mon Aug 24 21:59:28 2026] POST /v2.0/subnets => generated 626 bytes in 793 msecs (HTTP/1.1 201) 4 headers in 162 bytes (1 switches on core 0) [pid: 8|app: 0|req: 728/1556] 10.0.0.127 () {32 vars in 726 bytes} [Mon Aug 24 21:59:29 2026] DELETE /v2.0/networks/d0101a1b-56f4-49f7-b12f-a61960bf9e52 => generated 0 bytes in 369 msecs (HTTP/1.1 204) 3 headers in 131 bytes (1 switches on core 0) [pid: 7|app: 0|req: 829/1557] 10.0.0.127 () {32 vars in 740 bytes} [Mon Aug 24 21:59:29 2026] DELETE /v2.0/security-groups/050a5084-1ea1-4314-8a54-3c95651e9fe0 => generated 0 bytes in 257 msecs (HTTP/1.1 204) 2 headers in 112 bytes (1 switches on core 0) [pid: 7|app: 0|req: 830/1558] 10.0.0.127 () {32 vars in 649 bytes} [Mon Aug 24 21:59:29 2026] GET /v2.0/networks => generated 689 bytes in 52 msecs (HTTP/1.1 200) 4 headers in 157 bytes (1 switches on core 0)
2026-08-24 21:59:29.942 8 INFO neutron.db.ovn_revision_numbers_db [None req-11189cd5-44ba-4fd3-9c01-55fa9ca00015 e1b8d48f596644e0a1305c0f8d9f6807 36db011fadc94321a529b29e0b5b5436 - - default default] Successfully bumped revision number for resource 8b09c6b5-8360-4c5e-8f83-75721de2f144 (type: subnets) to 1 [pid: 8|app: 0|req: 729/1559] 10.0.0.127 () {34 vars in 741 bytes} [Mon Aug 24 21:59:29 2026] PUT /v2.0/subnets/8b09c6b5-8360-4c5e-8f83-75721de2f144 => generated 636 bytes in 329 msecs (HTTP/1.1 200) 4 headers in 157 bytes (1 switches on core 0)
2026-08-24 21:59:29.996 7 INFO neutron.db.segments_db [None req-991694d4-3b74-4b4f-a8d4-481dd4201005 d0b24c7cba8742c2ab3ed2f38aae6b61 70cfa982c18e4fdea11decac13d4b272 - - default default] Added segment 1e250b5e-b853-4b37-921c-b4a23e32e597 of type geneve for network 97b6d1b3-ec90-4298-b999-27c2b1568dab
2026-08-24 21:59:30.085 8 INFO neutron_taas.services.taas.taas_plugin [None req-a446af94-0046-4128-a7e6-9d424a51c5d5 e1b8d48f596644e0a1305c0f8d9f6807 36db011fadc94321a529b29e0b5b5436 - - default default] TaaS: Handle Delete Port: 96268149-0a15-4cf0-88cb-244fb37c843d
2026-08-24 21:59:30.090 8 INFO neutron_taas.services.taas.tap_mirror_plugin [None req-a446af94-0046-4128-a7e6-9d424a51c5d5 e1b8d48f596644e0a1305c0f8d9f6807 36db011fadc94321a529b29e0b5b5436 - - default default] Tap Mirror: Handle Delete Port: 96268149-0a15-4cf0-88cb-244fb37c843d
2026-08-24 21:59:30.102 7 INFO neutron.db.ovn_revision_numbers_db [None req-991694d4-3b74-4b4f-a8d4-481dd4201005 d0b24c7cba8742c2ab3ed2f38aae6b61 70cfa982c18e4fdea11decac13d4b272 - - default default] Successfully bumped revision number for resource 97b6d1b3-ec90-4298-b999-27c2b1568dab (type: networks) to 1
2026-08-24 21:59:30.270 7 WARNING neutron.scheduler.dhcp_agent_scheduler [None req-991694d4-3b74-4b4f-a8d4-481dd4201005 d0b24c7cba8742c2ab3ed2f38aae6b61 70cfa982c18e4fdea11decac13d4b272 - - default default] No more DHCP agents
2026-08-24 21:59:30.272 7 WARNING neutron.api.rpc.agentnotifiers.dhcp_rpc_agent_api [None req-991694d4-3b74-4b4f-a8d4-481dd4201005 d0b24c7cba8742c2ab3ed2f38aae6b61 70cfa982c18e4fdea11decac13d4b272 - - default default] Unable to schedule network 97b6d1b3-ec90-4298-b999-27c2b1568dab: no agents available; will retry on subsequent port and subnet creation events.
2026-08-24 21:59:30.317 7 INFO neutron.plugins.ml2.drivers.ovn.mech_driver.mech_driver [None req-3f5d2fb1-c73d-4860-bd24-8bd4d19311f2 - - - - - -] OVN reports status down for port: 15698b4d-94d9-44e1-a761-307c2c816aa8
2026-08-24 21:59:30.386 7 INFO neutron.db.ovn_revision_numbers_db [None req-991694d4-3b74-4b4f-a8d4-481dd4201005 d0b24c7cba8742c2ab3ed2f38aae6b61 70cfa982c18e4fdea11decac13d4b272 - - default default] Successfully bumped revision number for resource 15698b4d-94d9-44e1-a761-307c2c816aa8 (type: ports) to 1 [pid: 7|app: 0|req: 831/1560] 10.0.0.127 () {34 vars in 670 bytes} [Mon Aug 24 21:59:29 2026] POST /v2.0/networks => generated 692 bytes in 515 msecs (HTTP/1.1 201) 4 headers in 162 bytes (1 switches on core 0) [pid: 8|app: 0|req: 730/1561] 10.0.0.127 () {32 vars in 726 bytes} [Mon Aug 24 21:59:29 2026] DELETE /v2.0/networks/69c570aa-3b5a-4883-9751-730b4b1bd3e8 => generated 0 bytes in 522 msecs (HTTP/1.1 204) 3 headers in 131 bytes (1 switches on core 0)
2026-08-24 21:59:30.554 7 INFO neutron.db.ovn_revision_numbers_db [None req-04707470-01f6-46c0-9caf-381f7dab5252 9541ab5d0a7949048789a93e026ec7ba ce5a408bb4e84522be0dcef00995f94e - - default default] Successfully bumped revision number for resource 3ee1e842-dcae-4f8f-a0f2-e92d13244f0f (type: security_groups) to 1
2026-08-24 21:59:30.567 7 INFO neutron.db.ovn_revision_numbers_db [None req-04707470-01f6-46c0-9caf-381f7dab5252 9541ab5d0a7949048789a93e026ec7ba ce5a408bb4e84522be0dcef00995f94e - - default default] Successfully bumped revision number for resource 43ee2766-654f-4d96-9525-422c0313f814 (type: security_group_rules) to 0
2026-08-24 21:59:30.581 7 INFO neutron.db.ovn_revision_numbers_db [None req-04707470-01f6-46c0-9caf-381f7dab5252 9541ab5d0a7949048789a93e026ec7ba ce5a408bb4e84522be0dcef00995f94e - - default default] Successfully bumped revision number for resource a0a947d1-936e-4962-b545-cffcee652b25 (type: security_group_rules) to 0
2026-08-24 21:59:30.595 7 INFO neutron.db.ovn_revision_numbers_db [None req-04707470-01f6-46c0-9caf-381f7dab5252 9541ab5d0a7949048789a93e026ec7ba ce5a408bb4e84522be0dcef00995f94e - - default default] Successfully bumped revision number for resource aa203b61-8aa6-43da-ad12-d5b75affd403 (type: security_group_rules) to 0
2026-08-24 21:59:30.609 7 INFO neutron.db.ovn_revision_numbers_db [None req-04707470-01f6-46c0-9caf-381f7dab5252 9541ab5d0a7949048789a93e026ec7ba ce5a408bb4e84522be0dcef00995f94e - - default default] Successfully bumped revision number for resource f39c49d6-fe9a-4148-b877-8e9982ee2423 (type: security_group_rules) to 0 [pid: 7|app: 0|req: 832/1562] 10.0.0.127 () {32 vars in 774 bytes} [Mon Aug 24 21:59:30 2026] GET /v2.0/security-groups?tenant_id=567f9519fb424054b72fcbd908517160&name=default => generated 2925 bytes in 222 msecs (HTTP/1.1 200) 4 headers in 158 bytes (1 switches on core 0)
2026-08-24 21:59:30.708 7 INFO neutron.db.segments_db [None req-13632d79-fd80-4066-b920-c580cece157c d0b24c7cba8742c2ab3ed2f38aae6b61 70cfa982c18e4fdea11decac13d4b272 - - default default] Added segment aabf645f-ede3-494e-a92b-ae22ad3fad91 of type geneve for network e3fa9af7-bc53-4a19-b0fc-e8808d85073f
2026-08-24 21:59:30.760 8 INFO neutron.db.ovn_revision_numbers_db [None req-2a594b0f-77e5-4980-b71d-3779b3ea1738 8748e8bfca3f4fdcba4dfacd96b4bd30 aaf72c830f2e49c381a1b39563836f10 - - default default] Successfully bumped revision number for resource aa4eb430-f36f-42e1-8541-32ae65dbea54 (type: security_groups) to 1
2026-08-24 21:59:30.771 8 INFO neutron.db.ovn_revision_numbers_db [None req-2a594b0f-77e5-4980-b71d-3779b3ea1738 8748e8bfca3f4fdcba4dfacd96b4bd30 aaf72c830f2e49c381a1b39563836f10 - - default default] Successfully bumped revision number for resource 02db71aa-716d-4c88-96c9-5d5e59999444 (type: security_group_rules) to 0
2026-08-24 21:59:30.783 8 INFO neutron.db.ovn_revision_numbers_db [None req-2a594b0f-77e5-4980-b71d-3779b3ea1738 8748e8bfca3f4fdcba4dfacd96b4bd30 aaf72c830f2e49c381a1b39563836f10 - - default default] Successfully bumped revision number for resource 4061c301-d178-4e75-a3a0-f63898089838 (type: security_group_rules) to 0
2026-08-24 21:59:30.796 8 INFO neutron.db.ovn_revision_numbers_db [None req-2a594b0f-77e5-4980-b71d-3779b3ea1738 8748e8bfca3f4fdcba4dfacd96b4bd30 aaf72c830f2e49c381a1b39563836f10 - - default default] Successfully bumped revision number for resource 4b99509d-d596-41ff-98d5-cc7b0d066d37 (type: security_group_rules) to 0
2026-08-24 21:59:30.809 8 INFO neutron.db.ovn_revision_numbers_db [None req-2a594b0f-77e5-4980-b71d-3779b3ea1738 8748e8bfca3f4fdcba4dfacd96b4bd30 aaf72c830f2e49c381a1b39563836f10 - - default default] Successfully bumped revision number for resource b7c2f624-9190-4ed7-a589-6bf966da6be3 (type: security_group_rules) to 0
2026-08-24 21:59:30.814 7 INFO neutron.db.ovn_revision_numbers_db [None req-13632d79-fd80-4066-b920-c580cece157c d0b24c7cba8742c2ab3ed2f38aae6b61 70cfa982c18e4fdea11decac13d4b272 - - default default] Successfully bumped revision number for resource e3fa9af7-bc53-4a19-b0fc-e8808d85073f (type: networks) to 1
2026-08-24 21:59:30.905 8 INFO neutron.db.segments_db [None req-2a594b0f-77e5-4980-b71d-3779b3ea1738 8748e8bfca3f4fdcba4dfacd96b4bd30 aaf72c830f2e49c381a1b39563836f10 - - default default] Added segment e22e9711-a18d-4f76-b3b1-57419dd61178 of type geneve for network 5a637ecf-0ceb-4351-aa9f-bfa52809f025
2026-08-24 21:59:31.013 7 WARNING neutron.scheduler.dhcp_agent_scheduler [None req-13632d79-fd80-4066-b920-c580cece157c d0b24c7cba8742c2ab3ed2f38aae6b61 70cfa982c18e4fdea11decac13d4b272 - - default default] No more DHCP agents
2026-08-24 21:59:31.015 7 WARNING neutron.api.rpc.agentnotifiers.dhcp_rpc_agent_api [None req-13632d79-fd80-4066-b920-c580cece157c d0b24c7cba8742c2ab3ed2f38aae6b61 70cfa982c18e4fdea11decac13d4b272 - - default default] Unable to schedule network e3fa9af7-bc53-4a19-b0fc-e8808d85073f: no agents available; will retry on subsequent port and subnet creation events.
2026-08-24 21:59:31.024 8 INFO neutron.db.ovn_revision_numbers_db [None req-2a594b0f-77e5-4980-b71d-3779b3ea1738 8748e8bfca3f4fdcba4dfacd96b4bd30 aaf72c830f2e49c381a1b39563836f10 - - default default] Successfully bumped revision number for resource 5a637ecf-0ceb-4351-aa9f-bfa52809f025 (type: networks) to 1
2026-08-24 21:59:31.032 8 INFO neutron.services.segments.plugin [-] Segment 5266d362-0906-40ff-be42-1becab0a87c4 resource provider aggregate not found
2026-08-24 21:59:31.036 8 INFO neutron.services.segments.plugin [-] Segment 5266d362-0906-40ff-be42-1becab0a87c4 resource provider aggregate not found
2026-08-24 21:59:31.059 8 INFO neutron.services.segments.plugin [-] Client error retrieving segment 5266d362-0906-40ff-be42-1becab0a87c4 resource provider; error: Placement Client Error (4xx): {"errors": [{"status": 404, "title": "Not Found", "detail": "The resource could not be found.\n\n No resource provider with uuid 5266d362-0906-40ff-be42-1becab0a87c4 found for delete ", "request_id": "req-c32c33ec-3e5f-4d82-8798-84a018079eb8"}]}
2026-08-24 21:59:31.080 8 INFO neutron.services.segments.plugin [-] Client error retrieving segment 5266d362-0906-40ff-be42-1becab0a87c4 resource provider; error: Placement Client Error (4xx): {"errors": [{"status": 404, "title": "Not Found", "detail": "The resource could not be found.\n\n No resource provider with uuid 5266d362-0906-40ff-be42-1becab0a87c4 found for delete ", "request_id": "req-6a891982-3185-40aa-9fcc-b9ee8cd68d38"}]}
2026-08-24 21:59:31.083 8 INFO neutron.services.segments.plugin [-] Segment b8775653-0c35-4553-ae29-e0305d0c8cb7 resource provider aggregate not found
2026-08-24 21:59:31.094 7 INFO neutron.db.ovn_revision_numbers_db [None req-13632d79-fd80-4066-b920-c580cece157c d0b24c7cba8742c2ab3ed2f38aae6b61 70cfa982c18e4fdea11decac13d4b272 - - default default] Successfully bumped revision number for resource c2d0ff6b-f0ae-430f-bbc3-c15a3be70e5a (type: ports) to 1
2026-08-24 21:59:31.097 8 INFO neutron.services.segments.plugin [-] Segment b8775653-0c35-4553-ae29-e0305d0c8cb7 resource provider aggregate not found
2026-08-24 21:59:31.102 8 INFO neutron.plugins.ml2.drivers.ovn.mech_driver.mech_driver [None req-d1db08e9-ffe4-4937-8d22-a93552014c8b - - - - - -] OVN reports status down for port: c2d0ff6b-f0ae-430f-bbc3-c15a3be70e5a
2026-08-24 21:59:31.106 8 INFO neutron.services.segments.plugin [-] Client error retrieving segment b8775653-0c35-4553-ae29-e0305d0c8cb7 resource provider; error: Placement Client Error (4xx): {"errors": [{"status": 404, "title": "Not Found", "detail": "The resource could not be found.\n\n No resource provider with uuid b8775653-0c35-4553-ae29-e0305d0c8cb7 found for delete ", "request_id": "req-43fdf8e5-032b-45fe-b824-e14c2158e354"}]}
2026-08-24 21:59:31.114 8 INFO neutron.services.segments.plugin [-] Client error retrieving segment b8775653-0c35-4553-ae29-e0305d0c8cb7 resource provider; error: Placement Client Error (4xx): {"errors": [{"status": 404, "title": "Not Found", "detail": "The resource could not be found.\n\n No resource provider with uuid b8775653-0c35-4553-ae29-e0305d0c8cb7 found for delete ", "request_id": "req-e5181814-03eb-44a2-82b4-d5d47d39fd98"}]} [pid: 7|app: 0|req: 833/1563] 10.0.0.127 () {34 vars in 670 bytes} [Mon Aug 24 21:59:30 2026] POST /v2.0/networks => generated 692 bytes in 476 msecs (HTTP/1.1 201) 4 headers in 162 bytes (1 switches on core 0)
2026-08-24 21:59:31.123 7 INFO neutron.pecan_wsgi.hooks.translation [None req-0f91e9e9-7ca5-44b6-a371-a8326982ede3 e1b8d48f596644e0a1305c0f8d9f6807 36db011fadc94321a529b29e0b5b5436 - - default default] DELETE failed (client error): The resource could not be found. [pid: 7|app: 0|req: 834/1564] 10.0.0.127 () {32 vars in 726 bytes} [Mon Aug 24 21:59:31 2026] DELETE /v2.0/networks/69c570aa-3b5a-4883-9751-730b4b1bd3e8 => generated 138 bytes in 10 msecs (HTTP/1.1 404) 4 headers in 164 bytes (1 switches on core 0)
2026-08-24 21:59:31.297 8 WARNING neutron.scheduler.dhcp_agent_scheduler [None req-2a594b0f-77e5-4980-b71d-3779b3ea1738 8748e8bfca3f4fdcba4dfacd96b4bd30 aaf72c830f2e49c381a1b39563836f10 - - default default] No more DHCP agents
2026-08-24 21:59:31.299 8 WARNING neutron.api.rpc.agentnotifiers.dhcp_rpc_agent_api [None req-2a594b0f-77e5-4980-b71d-3779b3ea1738 8748e8bfca3f4fdcba4dfacd96b4bd30 aaf72c830f2e49c381a1b39563836f10 - - default default] Unable to schedule network 5a637ecf-0ceb-4351-aa9f-bfa52809f025: no agents available; will retry on subsequent port and subnet creation events. [pid: 7|app: 0|req: 835/1565] 10.0.0.127 () {32 vars in 740 bytes} [Mon Aug 24 21:59:31 2026] DELETE /v2.0/security-groups/3ee1e842-dcae-4f8f-a0f2-e92d13244f0f => generated 0 bytes in 178 msecs (HTTP/1.1 204) 2 headers in 112 bytes (1 switches on core 0)
2026-08-24 21:59:31.352 8 INFO neutron.plugins.ml2.drivers.ovn.mech_driver.mech_driver [None req-d1db08e9-ffe4-4937-8d22-a93552014c8b - - - - - -] OVN reports status down for port: f486d6ea-f256-496c-831e-ad6adee0f7f0
2026-08-24 21:59:31.402 8 INFO neutron.db.ovn_revision_numbers_db [None req-2a594b0f-77e5-4980-b71d-3779b3ea1738 8748e8bfca3f4fdcba4dfacd96b4bd30 aaf72c830f2e49c381a1b39563836f10 - - default default] Successfully bumped revision number for resource f486d6ea-f256-496c-831e-ad6adee0f7f0 (type: ports) to 1 [pid: 8|app: 0|req: 731/1566] 10.0.0.127 () {34 vars in 670 bytes} [Mon Aug 24 21:59:30 2026] POST /v2.0/networks => generated 688 bytes in 958 msecs (HTTP/1.1 201) 4 headers in 162 bytes (1 switches on core 0) [pid: 8|app: 0|req: 732/1567] 10.0.0.127 () {32 vars in 694 bytes} [Mon Aug 24 21:59:31 2026] GET /v2.0/networks?router%3Aexternal=True => generated 689 bytes in 70 msecs (HTTP/1.1 200) 4 headers in 157 bytes (1 switches on core 0)
2026-08-24 21:59:31.693 8 WARNING neutron.scheduler.dhcp_agent_scheduler [None req-3f28b056-9248-4a84-aa12-79e7ccbb4843 8748e8bfca3f4fdcba4dfacd96b4bd30 aaf72c830f2e49c381a1b39563836f10 - - default default] No more DHCP agents
2026-08-24 21:59:31.705 8 WARNING neutron.api.rpc.agentnotifiers.dhcp_rpc_agent_api [None req-3f28b056-9248-4a84-aa12-79e7ccbb4843 8748e8bfca3f4fdcba4dfacd96b4bd30 aaf72c830f2e49c381a1b39563836f10 - - default default] Unable to schedule network 5a637ecf-0ceb-4351-aa9f-bfa52809f025: no agents available; will retry on subsequent port and subnet creation events.
2026-08-24 21:59:31.725 8 INFO neutron.db.ovn_revision_numbers_db [None req-3f28b056-9248-4a84-aa12-79e7ccbb4843 8748e8bfca3f4fdcba4dfacd96b4bd30 aaf72c830f2e49c381a1b39563836f10 - - default default] Successfully bumped revision number for resource bd79af6a-2d2e-42d2-bb57-7a4ae5cc8799 (type: subnets) to 0
2026-08-24 21:59:31.732 7 WARNING neutron.scheduler.dhcp_agent_scheduler [None req-a01ea67b-fd25-45e8-ad95-d74afb01778d d0b24c7cba8742c2ab3ed2f38aae6b61 70cfa982c18e4fdea11decac13d4b272 - - default default] No more DHCP agents
2026-08-24 21:59:31.733 7 WARNING neutron.api.rpc.agentnotifiers.dhcp_rpc_agent_api [None req-a01ea67b-fd25-45e8-ad95-d74afb01778d d0b24c7cba8742c2ab3ed2f38aae6b61 70cfa982c18e4fdea11decac13d4b272 - - default default] Unable to schedule network 97b6d1b3-ec90-4298-b999-27c2b1568dab: no agents available; will retry on subsequent port and subnet creation events. [pid: 8|app: 0|req: 735/1570] 10.0.0.127 () {34 vars in 669 bytes} [Mon Aug 24 21:59:31 2026] POST /v2.0/subnets => generated 627 bytes in 232 msecs (HTTP/1.1 201) 4 headers in 162 bytes (1 switches on core 0)
2026-08-24 21:59:31.778 7 INFO neutron.plugins.ml2.drivers.ovn.mech_driver.mech_driver [None req-3f5d2fb1-c73d-4860-bd24-8bd4d19311f2 - - - - - -] OVN reports status down for port: 26a299dd-c516-45fc-b5c8-19a1b5f85473 [pid: 8|app: 0|req: 736/1571] 10.0.0.127 () {32 vars in 742 bytes} [Mon Aug 24 21:59:31 2026] GET /v2.0/subnets?network_id=168e1737-fcf6-489a-814b-82510db0c868 => generated 649 bytes in 59 msecs (HTTP/1.1 200) 4 headers in 157 bytes (1 switches on core 0)
2026-08-24 21:59:31.843 7 INFO neutron.db.ovn_revision_numbers_db [None req-a01ea67b-fd25-45e8-ad95-d74afb01778d d0b24c7cba8742c2ab3ed2f38aae6b61 70cfa982c18e4fdea11decac13d4b272 - - default default] Successfully bumped revision number for resource 26a299dd-c516-45fc-b5c8-19a1b5f85473 (type: ports) to 1
2026-08-24 21:59:31.943 7 WARNING neutron.scheduler.dhcp_agent_scheduler [None req-a01ea67b-fd25-45e8-ad95-d74afb01778d d0b24c7cba8742c2ab3ed2f38aae6b61 70cfa982c18e4fdea11decac13d4b272 - - default default] No more DHCP agents
2026-08-24 21:59:31.946 7 WARNING neutron.api.rpc.agentnotifiers.dhcp_rpc_agent_api [None req-a01ea67b-fd25-45e8-ad95-d74afb01778d d0b24c7cba8742c2ab3ed2f38aae6b61 70cfa982c18e4fdea11decac13d4b272 - - default default] Unable to schedule network e3fa9af7-bc53-4a19-b0fc-e8808d85073f: no agents available; will retry on subsequent port and subnet creation events.
2026-08-24 21:59:32.035 8 INFO neutron.plugins.ml2.drivers.ovn.mech_driver.mech_driver [None req-d1db08e9-ffe4-4937-8d22-a93552014c8b - - - - - -] OVN reports status down for port: e371a57d-274c-4c1f-a20b-2efdf5f0eb38
2026-08-24 21:59:32.055 7 INFO neutron.db.ovn_revision_numbers_db [None req-a01ea67b-fd25-45e8-ad95-d74afb01778d d0b24c7cba8742c2ab3ed2f38aae6b61 70cfa982c18e4fdea11decac13d4b272 - - default default] Successfully bumped revision number for resource e371a57d-274c-4c1f-a20b-2efdf5f0eb38 (type: ports) to 1 [pid: 7|app: 0|req: 836/1572] 10.0.0.127 () {34 vars in 665 bytes} [Mon Aug 24 21:59:31 2026] POST /v2.0/ports => generated 1505 bytes in 844 msecs (HTTP/1.1 201) 4 headers in 163 bytes (1 switches on core 0) /var/lib/openstack/lib/python3.12/site-packages/pycadf/identifier.py:70: UserWarning: Invalid uuid: neutron. To ensure interoperability, identifiers should be a valid uuid. warnings.warn(('Invalid uuid: %s. To ensure interoperability, ' [pid: 7|app: 0|req: 837/1573] 10.0.0.127 () {32 vars in 653 bytes} [Mon Aug 24 21:59:32 2026] GET /v2.0/extensions => generated 20541 bytes in 11 msecs (HTTP/1.1 200) 4 headers in 159 bytes (1 switches on core 0) [pid: 7|app: 0|req: 838/1574] 10.0.0.127 () {32 vars in 643 bytes} [Mon Aug 24 21:59:32 2026] GET /v2.0/ports => generated 3017 bytes in 52 msecs (HTTP/1.1 200) 4 headers in 158 bytes (1 switches on core 0) [pid: 7|app: 0|req: 839/1575] 10.0.0.127 () {32 vars in 649 bytes} [Mon Aug 24 21:59:32 2026] GET /v2.0/networks => generated 1384 bytes in 51 msecs (HTTP/1.1 200) 4 headers in 158 bytes (1 switches on core 0)
2026-08-24 21:59:32.334 8 WARNING neutron.scheduler.dhcp_agent_scheduler [None req-758711ee-fac8-4338-aec2-0990d37025da 8748e8bfca3f4fdcba4dfacd96b4bd30 aaf72c830f2e49c381a1b39563836f10 - - default default] No more DHCP agents
2026-08-24 21:59:32.336 8 WARNING neutron.api.rpc.agentnotifiers.dhcp_rpc_agent_api [None req-758711ee-fac8-4338-aec2-0990d37025da 8748e8bfca3f4fdcba4dfacd96b4bd30 aaf72c830f2e49c381a1b39563836f10 - - default default] Unable to schedule network 168e1737-fcf6-489a-814b-82510db0c868: no agents available; will retry on subsequent port and subnet creation events.
2026-08-24 21:59:32.367 7 INFO neutron_taas.services.taas.taas_plugin [None req-72e67e86-97a1-47cd-a26e-ee64217ea956 d0b24c7cba8742c2ab3ed2f38aae6b61 70cfa982c18e4fdea11decac13d4b272 - - default default] TaaS: Handle Delete Port: 26a299dd-c516-45fc-b5c8-19a1b5f85473
2026-08-24 21:59:32.370 7 INFO neutron_taas.services.taas.tap_mirror_plugin [None req-72e67e86-97a1-47cd-a26e-ee64217ea956 d0b24c7cba8742c2ab3ed2f38aae6b61 70cfa982c18e4fdea11decac13d4b272 - - default default] Tap Mirror: Handle Delete Port: 26a299dd-c516-45fc-b5c8-19a1b5f85473
2026-08-24 21:59:32.444 8 INFO neutron.plugins.ml2.drivers.ovn.mech_driver.mech_driver [None req-d1db08e9-ffe4-4937-8d22-a93552014c8b - - - - - -] OVN reports status down for port: c77fc90a-933b-4be3-a497-4c393275200d [pid: 7|app: 0|req: 840/1576] 10.0.0.127 () {32 vars in 720 bytes} [Mon Aug 24 21:59:32 2026] DELETE /v2.0/ports/26a299dd-c516-45fc-b5c8-19a1b5f85473 => generated 0 bytes in 247 msecs (HTTP/1.1 204) 3 headers in 131 bytes (1 switches on core 0)
2026-08-24 21:59:32.548 8 INFO neutron.db.ovn_revision_numbers_db [None req-758711ee-fac8-4338-aec2-0990d37025da 8748e8bfca3f4fdcba4dfacd96b4bd30 aaf72c830f2e49c381a1b39563836f10 - - default default] Successfully bumped revision number for resource c77fc90a-933b-4be3-a497-4c393275200d (type: ports) to 1 [pid: 7|app: 0|req: 841/1577] 10.0.0.127 () {32 vars in 647 bytes} [Mon Aug 24 21:59:32 2026] GET /v2.0/subnets => generated 1280 bytes in 37 msecs (HTTP/1.1 200) 4 headers in 158 bytes (1 switches on core 0)
2026-08-24 21:59:32.688 7 INFO neutron_taas.services.taas.taas_plugin [None req-d8d58587-5a7e-4bef-89f7-bbccb04b7517 d0b24c7cba8742c2ab3ed2f38aae6b61 70cfa982c18e4fdea11decac13d4b272 - - default default] TaaS: Handle Delete Port: e371a57d-274c-4c1f-a20b-2efdf5f0eb38
2026-08-24 21:59:32.691 7 INFO neutron_taas.services.taas.tap_mirror_plugin [None req-d8d58587-5a7e-4bef-89f7-bbccb04b7517 d0b24c7cba8742c2ab3ed2f38aae6b61 70cfa982c18e4fdea11decac13d4b272 - - default default] Tap Mirror: Handle Delete Port: e371a57d-274c-4c1f-a20b-2efdf5f0eb38 [pid: 7|app: 0|req: 842/1578] 10.0.0.127 () {32 vars in 720 bytes} [Mon Aug 24 21:59:32 2026] DELETE /v2.0/ports/e371a57d-274c-4c1f-a20b-2efdf5f0eb38 => generated 0 bytes in 247 msecs (HTTP/1.1 204) 3 headers in 131 bytes (1 switches on core 0) [pid: 7|app: 0|req: 843/1579] 10.0.0.127 () {32 vars in 723 bytes} [Mon Aug 24 21:59:32 2026] GET /v2.0/networks/13c51586-45c8-430d-aa54-71a22174fe0b => generated 706 bytes in 39 msecs (HTTP/1.1 200) 4 headers in 157 bytes (1 switches on core 0) [pid: 7|app: 0|req: 844/1580] 10.0.0.127 () {32 vars in 643 bytes} [Mon Aug 24 21:59:32 2026] GET /v2.0/ports => generated 1523 bytes in 36 msecs (HTTP/1.1 200) 4 headers in 158 bytes (1 switches on core 0) [pid: 7|app: 0|req: 845/1581] 10.0.0.127 () {32 vars in 721 bytes} [Mon Aug 24 21:59:32 2026] GET /v2.0/subnets/22ab5890-502d-4f84-9915-2944b9e0b9a0 => generated 641 bytes in 28 msecs (HTTP/1.1 200) 4 headers in 157 bytes (1 switches on core 0)
2026-08-24 21:59:32.983 7 INFO neutron.db.segments_db [None req-fdbbfe19-ea33-483b-9d6e-71f923791d7b d0b24c7cba8742c2ab3ed2f38aae6b61 70cfa982c18e4fdea11decac13d4b272 - - default default] Added segment 53bfb50d-f44f-4a46-a3af-8741e7b5c34b of type geneve for network 9bc5d618-a316-46e2-bdaf-b706365d2624
