Mar 23 13:26:39.852275 np0000160360 systemd[1]: Starting devstack@n-api.service - Devstack devstack@n-api.service...
Mar 23 13:26:39.864696 np0000160360 devstack@n-api.service[99579]: [uWSGI] getting INI configuration from /etc/nova/nova-api-uwsgi.ini
Mar 23 13:26:39.864696 np0000160360 devstack@n-api.service[99579]: open("./http_plugin.so"): No such file or directory [core/utils.c line 3709]
Mar 23 13:26:39.865491 np0000160360 devstack@n-api.service[99579]: !!! UNABLE to load uWSGI plugin: ./http_plugin.so: cannot open shared object file: No such file or directory !!!
Mar 23 13:26:39.865491 np0000160360 devstack@n-api.service[99579]: open("./python3_plugin.so"): No such file or directory [core/utils.c line 3709]
Mar 23 13:26:39.865491 np0000160360 devstack@n-api.service[99579]: !!! UNABLE to load uWSGI plugin: ./python3_plugin.so: cannot open shared object file: No such file or directory !!!
Mar 23 13:26:39.865491 np0000160360 devstack@n-api.service[99579]: *** Starting uWSGI 2.0.31 (64bit) on [Mon Mar 23 13:26:39 2026] ***
Mar 23 13:26:39.865491 np0000160360 devstack@n-api.service[99579]: compiled with version: 13.3.0 on 23 March 2026 13:12:14
Mar 23 13:26:39.865491 np0000160360 devstack@n-api.service[99579]: os: Linux-6.8.0-106-generic #106-Ubuntu SMP PREEMPT_DYNAMIC Fri Mar 6 07:58:08 UTC 2026
Mar 23 13:26:39.865491 np0000160360 devstack@n-api.service[99579]: nodename: np0000160360
Mar 23 13:26:39.865491 np0000160360 devstack@n-api.service[99579]: machine: x86_64
Mar 23 13:26:39.865491 np0000160360 devstack@n-api.service[99579]: clock source: unix
Mar 23 13:26:39.865491 np0000160360 devstack@n-api.service[99579]: pcre jit disabled
Mar 23 13:26:39.865491 np0000160360 devstack@n-api.service[99579]: detected number of CPU cores: 16
Mar 23 13:26:39.865491 np0000160360 devstack@n-api.service[99579]: current working directory: /
Mar 23 13:26:39.865491 np0000160360 devstack@n-api.service[99579]: detected binary path: /opt/stack/data/venv/bin/uwsgi
Mar 23 13:26:39.865491 np0000160360 devstack@n-api.service[99579]: your processes number limit is 256917
Mar 23 13:26:39.865491 np0000160360 devstack@n-api.service[99579]: your memory page size is 4096 bytes
Mar 23 13:26:39.865491 np0000160360 devstack@n-api.service[99579]: detected max file descriptor number: 2048
Mar 23 13:26:39.865491 np0000160360 devstack@n-api.service[99579]: lock engine: pthread robust mutexes
Mar 23 13:26:39.865491 np0000160360 devstack@n-api.service[99579]: thunder lock: enabled
Mar 23 13:26:39.865491 np0000160360 devstack@n-api.service[99579]: uwsgi socket 0 bound to UNIX address /var/run/uwsgi/nova-api.socket fd 4
Mar 23 13:26:39.865491 np0000160360 devstack@n-api.service[99579]: Python version: 3.12.3 (main, Mar 3 2026, 12:15:18) [GCC 13.3.0]
Mar 23 13:26:39.865491 np0000160360 devstack@n-api.service[99579]: PEP 405 virtualenv detected: /opt/stack/data/venv
Mar 23 13:26:39.865491 np0000160360 devstack@n-api.service[99579]: Set PythonHome to /opt/stack/data/venv
Mar 23 13:26:39.903892 np0000160360 devstack@n-api.service[99579]: Python main interpreter initialized at 0x7ca970aa3668
Mar 23 13:26:39.903892 np0000160360 devstack@n-api.service[99579]: python threads support enabled
Mar 23 13:26:39.903892 np0000160360 devstack@n-api.service[99579]: your server socket listen backlog is limited to 100 connections
Mar 23 13:26:39.903892 np0000160360 devstack@n-api.service[99579]: your mercy for graceful operations on workers is 80 seconds
Mar 23 13:26:39.904419 np0000160360 devstack@n-api.service[99579]: mapped 671795 bytes (656 KB) for 4 cores
Mar 23 13:26:39.904531 np0000160360 devstack@n-api.service[99579]: *** Operational MODE: preforking ***
Mar 23 13:26:39.904795 np0000160360 devstack@n-api.service[99579]: *** uWSGI is running in multiple interpreter mode ***
Mar 23 13:26:39.904795 np0000160360 devstack@n-api.service[99579]: spawned uWSGI master process (pid: 99579)
Mar 23 13:26:39.905066 np0000160360 systemd[1]: Started devstack@n-api.service - Devstack devstack@n-api.service.
Mar 23 13:26:39.905612 np0000160360 devstack@n-api.service[99579]: spawned uWSGI worker 1 (pid: 99580, cores: 1)
Mar 23 13:26:39.906281 np0000160360 devstack@n-api.service[99579]: spawned uWSGI worker 2 (pid: 99581, cores: 1)
Mar 23 13:26:39.906730 np0000160360 devstack@n-api.service[99579]: spawned uWSGI worker 3 (pid: 99582, cores: 1)
Mar 23 13:26:39.907406 np0000160360 devstack@n-api.service[99579]: spawned uWSGI worker 4 (pid: 99583, cores: 1)
Mar 23 13:26:39.907406 np0000160360 devstack@n-api.service[99579]: running "unix_signal:15 gracefully_kill_them_all" (master-start)...
Mar 23 13:26:40.250156 np0000160360 devstack@n-api.service[99580]: Service is starting with native threading. This is currently experimental. Do not use it in production without first testing it in pre-production.
Mar 23 13:26:40.253306 np0000160360 devstack@n-api.service[99582]: Service is starting with native threading. This is currently experimental. Do not use it in production without first testing it in pre-production.
Mar 23 13:26:40.254072 np0000160360 devstack@n-api.service[99581]: Service is starting with native threading. This is currently experimental. Do not use it in production without first testing it in pre-production.
Mar 23 13:26:40.294675 np0000160360 devstack@n-api.service[99583]: Service is starting with native threading. This is currently experimental. Do not use it in production without first testing it in pre-production.
Mar 23 13:26:42.369188 np0000160360 devstack@n-api.service[99582]: INFO dbcounter [None req-bf000940-39a1-4a99-9e81-fa1db0dea8d0 None None] Registered counter for database nova_api
Mar 23 13:26:42.372730 np0000160360 devstack@n-api.service[99583]: INFO dbcounter [None req-ac718a94-7188-4af2-adcb-d4ea7da598fb None None] Registered counter for database nova_api
Mar 23 13:26:42.382741 np0000160360 devstack@n-api.service[99582]: DEBUG oslo_db.sqlalchemy.engines [None req-bf000940-39a1-4a99-9e81-fa1db0dea8d0 None None] MySQL server mode set to STRICT_TRANS_TABLES,STRICT_ALL_TABLES,NO_ZERO_IN_DATE,NO_ZERO_DATE,ERROR_FOR_DIVISION_BY_ZERO,TRADITIONAL,NO_ENGINE_SUBSTITUTION {{(pid=99582) _check_effective_sql_mode /opt/stack/data/venv/lib/python3.12/site-packages/oslo_db/sqlalchemy/engines.py:325}}
Mar 23 13:26:42.385535 np0000160360 devstack@n-api.service[99583]: DEBUG oslo_db.sqlalchemy.engines [None req-ac718a94-7188-4af2-adcb-d4ea7da598fb None None] MySQL server mode set to STRICT_TRANS_TABLES,STRICT_ALL_TABLES,NO_ZERO_IN_DATE,NO_ZERO_DATE,ERROR_FOR_DIVISION_BY_ZERO,TRADITIONAL,NO_ENGINE_SUBSTITUTION {{(pid=99583) _check_effective_sql_mode /opt/stack/data/venv/lib/python3.12/site-packages/oslo_db/sqlalchemy/engines.py:325}}
Mar 23 13:26:42.398782 np0000160360 devstack@n-api.service[99580]: INFO dbcounter [None req-72b404bc-cf85-483c-901f-f482f3bbd924 None None] Registered counter for database nova_api
Mar 23 13:26:42.410364 np0000160360 devstack@n-api.service[99580]: DEBUG oslo_db.sqlalchemy.engines [None req-72b404bc-cf85-483c-901f-f482f3bbd924 None None] MySQL server mode set to STRICT_TRANS_TABLES,STRICT_ALL_TABLES,NO_ZERO_IN_DATE,NO_ZERO_DATE,ERROR_FOR_DIVISION_BY_ZERO,TRADITIONAL,NO_ENGINE_SUBSTITUTION {{(pid=99580) _check_effective_sql_mode /opt/stack/data/venv/lib/python3.12/site-packages/oslo_db/sqlalchemy/engines.py:325}}
Mar 23 13:26:42.414736 np0000160360 devstack@n-api.service[99582]: DEBUG dbcounter [-] [99582] Writer thread running {{(pid=99582) stat_writer /opt/stack/data/venv/lib/python3.12/site-packages/dbcounter.py:102}}
Mar 23 13:26:42.417061 np0000160360 devstack@n-api.service[99582]: DEBUG nova.context [None req-bf000940-39a1-4a99-9e81-fa1db0dea8d0 None None] Found 2 cells: 00000000-0000-0000-0000-000000000000(cell0),b7d778eb-dff9-47ee-8c9b-35dc9c9b11f8(cell1) {{(pid=99582) load_cells /opt/stack/nova/nova/context.py:509}}
Mar 23 13:26:42.417275 np0000160360 devstack@n-api.service[99582]: INFO nova.utils [None req-bf000940-39a1-4a99-9e81-fa1db0dea8d0 None None] The cell worker thread pool MainProcess.cell_worker is initialized
Mar 23 13:26:42.419097 np0000160360 devstack@n-api.service[99582]: DEBUG oslo_concurrency.lockutils [None req-bf000940-39a1-4a99-9e81-fa1db0dea8d0 None None] Acquiring lock "00000000-0000-0000-0000-000000000000" by "nova.context.set_target_cell..get_or_set_cached_cell_and_set_connections" {{(pid=99582) inner /opt/stack/data/venv/lib/python3.12/site-packages/oslo_concurrency/lockutils.py:506}}
Mar 23 13:26:42.419250 np0000160360 devstack@n-api.service[99582]: DEBUG oslo_concurrency.lockutils [None req-bf000940-39a1-4a99-9e81-fa1db0dea8d0 None None] Lock "00000000-0000-0000-0000-000000000000" acquired by "nova.context.set_target_cell..get_or_set_cached_cell_and_set_connections" :: waited 0.000s {{(pid=99582) inner /opt/stack/data/venv/lib/python3.12/site-packages/oslo_concurrency/lockutils.py:519}}
Mar 23 13:26:42.419500 np0000160360 devstack@n-api.service[99583]: DEBUG dbcounter [-] [99583] Writer thread running {{(pid=99583) stat_writer /opt/stack/data/venv/lib/python3.12/site-packages/dbcounter.py:102}}
Mar 23 13:26:42.419642 np0000160360 devstack@n-api.service[99582]: DEBUG oslo_concurrency.lockutils [None req-bf000940-39a1-4a99-9e81-fa1db0dea8d0 None None] Lock "00000000-0000-0000-0000-000000000000" "released" by "nova.context.set_target_cell..get_or_set_cached_cell_and_set_connections" :: held 0.000s {{(pid=99582) inner /opt/stack/data/venv/lib/python3.12/site-packages/oslo_concurrency/lockutils.py:538}}
Mar 23 13:26:42.420313 np0000160360 devstack@n-api.service[99582]: DEBUG oslo_concurrency.lockutils [None req-bf000940-39a1-4a99-9e81-fa1db0dea8d0 None None] Acquiring lock "b7d778eb-dff9-47ee-8c9b-35dc9c9b11f8" by "nova.context.set_target_cell..get_or_set_cached_cell_and_set_connections" {{(pid=99582) inner /opt/stack/data/venv/lib/python3.12/site-packages/oslo_concurrency/lockutils.py:506}}
Mar 23 13:26:42.420425 np0000160360 devstack@n-api.service[99582]: DEBUG oslo_concurrency.lockutils [None req-bf000940-39a1-4a99-9e81-fa1db0dea8d0 None None] Lock "b7d778eb-dff9-47ee-8c9b-35dc9c9b11f8" acquired by "nova.context.set_target_cell..get_or_set_cached_cell_and_set_connections" :: waited 0.000s {{(pid=99582) inner /opt/stack/data/venv/lib/python3.12/site-packages/oslo_concurrency/lockutils.py:519}}
Mar 23 13:26:42.421259 np0000160360 devstack@n-api.service[99582]: DEBUG oslo_concurrency.lockutils [None req-bf000940-39a1-4a99-9e81-fa1db0dea8d0 None None] Lock "b7d778eb-dff9-47ee-8c9b-35dc9c9b11f8" "released" by "nova.context.set_target_cell..get_or_set_cached_cell_and_set_connections" :: held 0.001s {{(pid=99582) inner /opt/stack/data/venv/lib/python3.12/site-packages/oslo_concurrency/lockutils.py:538}}
Mar 23 13:26:42.421364 np0000160360 devstack@n-api.service[99581]: INFO dbcounter [None req-317313ec-1e7b-4734-8688-806326915cc5 None None] Registered counter for database nova_api
Mar 23 13:26:42.421788 np0000160360 devstack@n-api.service[99583]: DEBUG nova.context [None req-ac718a94-7188-4af2-adcb-d4ea7da598fb None None] Found 2 cells: 00000000-0000-0000-0000-000000000000(cell0),b7d778eb-dff9-47ee-8c9b-35dc9c9b11f8(cell1) {{(pid=99583) load_cells /opt/stack/nova/nova/context.py:509}}
Mar 23 13:26:42.421983 np0000160360 devstack@n-api.service[99583]: INFO nova.utils [None req-ac718a94-7188-4af2-adcb-d4ea7da598fb None None] The cell worker thread pool MainProcess.cell_worker is initialized
Mar 23 13:26:42.424065 np0000160360 devstack@n-api.service[99583]: DEBUG oslo_concurrency.lockutils [None req-ac718a94-7188-4af2-adcb-d4ea7da598fb None None] Acquiring lock "00000000-0000-0000-0000-000000000000" by "nova.context.set_target_cell..get_or_set_cached_cell_and_set_connections" {{(pid=99583) inner /opt/stack/data/venv/lib/python3.12/site-packages/oslo_concurrency/lockutils.py:506}}
Mar 23 13:26:42.424268 np0000160360 devstack@n-api.service[99582]: INFO dbcounter [None req-bf000940-39a1-4a99-9e81-fa1db0dea8d0 None None] Registered counter for database nova_cell0
Mar 23 13:26:42.424346 np0000160360 devstack@n-api.service[99583]: DEBUG oslo_concurrency.lockutils [None req-ac718a94-7188-4af2-adcb-d4ea7da598fb None None] Lock "00000000-0000-0000-0000-000000000000" acquired by "nova.context.set_target_cell..get_or_set_cached_cell_and_set_connections" :: waited 0.000s {{(pid=99583) inner /opt/stack/data/venv/lib/python3.12/site-packages/oslo_concurrency/lockutils.py:519}}
Mar 23 13:26:42.424815 np0000160360 devstack@n-api.service[99583]: DEBUG oslo_concurrency.lockutils [None req-ac718a94-7188-4af2-adcb-d4ea7da598fb None None] Lock "00000000-0000-0000-0000-000000000000" "released" by "nova.context.set_target_cell..get_or_set_cached_cell_and_set_connections" :: held 0.000s {{(pid=99583) inner /opt/stack/data/venv/lib/python3.12/site-packages/oslo_concurrency/lockutils.py:538}}
Mar 23 13:26:42.425773 np0000160360 devstack@n-api.service[99583]: DEBUG oslo_concurrency.lockutils [None req-ac718a94-7188-4af2-adcb-d4ea7da598fb None None] Acquiring lock "b7d778eb-dff9-47ee-8c9b-35dc9c9b11f8" by "nova.context.set_target_cell..get_or_set_cached_cell_and_set_connections" {{(pid=99583) inner /opt/stack/data/venv/lib/python3.12/site-packages/oslo_concurrency/lockutils.py:506}}
Mar 23 13:26:42.425984 np0000160360 devstack@n-api.service[99583]: DEBUG oslo_concurrency.lockutils [None req-ac718a94-7188-4af2-adcb-d4ea7da598fb None None] Lock "b7d778eb-dff9-47ee-8c9b-35dc9c9b11f8" acquired by "nova.context.set_target_cell..get_or_set_cached_cell_and_set_connections" :: waited 0.000s {{(pid=99583) inner /opt/stack/data/venv/lib/python3.12/site-packages/oslo_concurrency/lockutils.py:519}}
Mar 23 13:26:42.427217 np0000160360 devstack@n-api.service[99583]: DEBUG oslo_concurrency.lockutils [None req-ac718a94-7188-4af2-adcb-d4ea7da598fb None None] Lock "b7d778eb-dff9-47ee-8c9b-35dc9c9b11f8" "released" by "nova.context.set_target_cell..get_or_set_cached_cell_and_set_connections" :: held 0.001s {{(pid=99583) inner /opt/stack/data/venv/lib/python3.12/site-packages/oslo_concurrency/lockutils.py:538}}
Mar 23 13:26:42.430304 np0000160360 devstack@n-api.service[99582]: INFO dbcounter [None req-bf000940-39a1-4a99-9e81-fa1db0dea8d0 None None] Registered counter for database nova_cell1
Mar 23 13:26:42.430573 np0000160360 devstack@n-api.service[99583]: INFO dbcounter [None req-ac718a94-7188-4af2-adcb-d4ea7da598fb None None] Registered counter for database nova_cell0
Mar 23 13:26:42.437474 np0000160360 devstack@n-api.service[99583]: INFO dbcounter [None req-ac718a94-7188-4af2-adcb-d4ea7da598fb None None] Registered counter for database nova_cell1
Mar 23 13:26:42.437606 np0000160360 devstack@n-api.service[99581]: DEBUG oslo_db.sqlalchemy.engines [None req-317313ec-1e7b-4734-8688-806326915cc5 None None] MySQL server mode set to STRICT_TRANS_TABLES,STRICT_ALL_TABLES,NO_ZERO_IN_DATE,NO_ZERO_DATE,ERROR_FOR_DIVISION_BY_ZERO,TRADITIONAL,NO_ENGINE_SUBSTITUTION {{(pid=99581) _check_effective_sql_mode /opt/stack/data/venv/lib/python3.12/site-packages/oslo_db/sqlalchemy/engines.py:325}}
Mar 23 13:26:42.441127 np0000160360 devstack@n-api.service[99582]: DEBUG oslo_db.sqlalchemy.engines [None req-bf000940-39a1-4a99-9e81-fa1db0dea8d0 None None] MySQL server mode set to STRICT_TRANS_TABLES,STRICT_ALL_TABLES,NO_ZERO_IN_DATE,NO_ZERO_DATE,ERROR_FOR_DIVISION_BY_ZERO,TRADITIONAL,NO_ENGINE_SUBSTITUTION {{(pid=99582) _check_effective_sql_mode /opt/stack/data/venv/lib/python3.12/site-packages/oslo_db/sqlalchemy/engines.py:325}}
Mar 23 13:26:42.443577 np0000160360 devstack@n-api.service[99580]: DEBUG dbcounter [-] [99580] Writer thread running {{(pid=99580) stat_writer /opt/stack/data/venv/lib/python3.12/site-packages/dbcounter.py:102}}
Mar 23 13:26:42.445735 np0000160360 devstack@n-api.service[99580]: DEBUG nova.context [None req-72b404bc-cf85-483c-901f-f482f3bbd924 None None] Found 2 cells: 00000000-0000-0000-0000-000000000000(cell0),b7d778eb-dff9-47ee-8c9b-35dc9c9b11f8(cell1) {{(pid=99580) load_cells /opt/stack/nova/nova/context.py:509}}
Mar 23 13:26:42.445973 np0000160360 devstack@n-api.service[99580]: INFO nova.utils [None req-72b404bc-cf85-483c-901f-f482f3bbd924 None None] The cell worker thread pool MainProcess.cell_worker is initialized
Mar 23 13:26:42.447684 np0000160360 devstack@n-api.service[99580]: DEBUG oslo_concurrency.lockutils [None req-72b404bc-cf85-483c-901f-f482f3bbd924 None None] Acquiring lock "00000000-0000-0000-0000-000000000000" by "nova.context.set_target_cell..get_or_set_cached_cell_and_set_connections" {{(pid=99580) inner /opt/stack/data/venv/lib/python3.12/site-packages/oslo_concurrency/lockutils.py:506}}
Mar 23 13:26:42.447848 np0000160360 devstack@n-api.service[99580]: DEBUG oslo_concurrency.lockutils [None req-72b404bc-cf85-483c-901f-f482f3bbd924 None None] Lock "00000000-0000-0000-0000-000000000000" acquired by "nova.context.set_target_cell..get_or_set_cached_cell_and_set_connections" :: waited 0.000s {{(pid=99580) inner /opt/stack/data/venv/lib/python3.12/site-packages/oslo_concurrency/lockutils.py:519}}
Mar 23 13:26:42.448214 np0000160360 devstack@n-api.service[99580]: DEBUG oslo_concurrency.lockutils [None req-72b404bc-cf85-483c-901f-f482f3bbd924 None None] Lock "00000000-0000-0000-0000-000000000000" "released" by "nova.context.set_target_cell..get_or_set_cached_cell_and_set_connections" :: held 0.000s {{(pid=99580) inner /opt/stack/data/venv/lib/python3.12/site-packages/oslo_concurrency/lockutils.py:538}}
Mar 23 13:26:42.448984 np0000160360 devstack@n-api.service[99580]: DEBUG oslo_concurrency.lockutils [None req-72b404bc-cf85-483c-901f-f482f3bbd924 None None] Acquiring lock "b7d778eb-dff9-47ee-8c9b-35dc9c9b11f8" by "nova.context.set_target_cell..get_or_set_cached_cell_and_set_connections" {{(pid=99580) inner /opt/stack/data/venv/lib/python3.12/site-packages/oslo_concurrency/lockutils.py:506}}
Mar 23 13:26:42.449142 np0000160360 devstack@n-api.service[99580]: DEBUG oslo_concurrency.lockutils [None req-72b404bc-cf85-483c-901f-f482f3bbd924 None None] Lock "b7d778eb-dff9-47ee-8c9b-35dc9c9b11f8" acquired by "nova.context.set_target_cell..get_or_set_cached_cell_and_set_connections" :: waited 0.000s {{(pid=99580) inner /opt/stack/data/venv/lib/python3.12/site-packages/oslo_concurrency/lockutils.py:519}}
Mar 23 13:26:42.449932 np0000160360 devstack@n-api.service[99580]: DEBUG oslo_concurrency.lockutils [None req-72b404bc-cf85-483c-901f-f482f3bbd924 None None] Lock "b7d778eb-dff9-47ee-8c9b-35dc9c9b11f8" "released" by "nova.context.set_target_cell..get_or_set_cached_cell_and_set_connections" :: held 0.001s {{(pid=99580) inner /opt/stack/data/venv/lib/python3.12/site-packages/oslo_concurrency/lockutils.py:538}}
Mar 23 13:26:42.450524 np0000160360 devstack@n-api.service[99582]: DEBUG oslo_db.sqlalchemy.engines [None req-bf000940-39a1-4a99-9e81-fa1db0dea8d0 None None] MySQL server mode set to STRICT_TRANS_TABLES,STRICT_ALL_TABLES,NO_ZERO_IN_DATE,NO_ZERO_DATE,ERROR_FOR_DIVISION_BY_ZERO,TRADITIONAL,NO_ENGINE_SUBSTITUTION {{(pid=99582) _check_effective_sql_mode /opt/stack/data/venv/lib/python3.12/site-packages/oslo_db/sqlalchemy/engines.py:325}}
Mar 23 13:26:42.452301 np0000160360 devstack@n-api.service[99583]: DEBUG oslo_db.sqlalchemy.engines [None req-ac718a94-7188-4af2-adcb-d4ea7da598fb None None] MySQL server mode set to STRICT_TRANS_TABLES,STRICT_ALL_TABLES,NO_ZERO_IN_DATE,NO_ZERO_DATE,ERROR_FOR_DIVISION_BY_ZERO,TRADITIONAL,NO_ENGINE_SUBSTITUTION {{(pid=99583) _check_effective_sql_mode /opt/stack/data/venv/lib/python3.12/site-packages/oslo_db/sqlalchemy/engines.py:325}}
Mar 23 13:26:42.453291 np0000160360 devstack@n-api.service[99580]: INFO dbcounter [None req-72b404bc-cf85-483c-901f-f482f3bbd924 None None] Registered counter for database nova_cell0
Mar 23 13:26:42.455964 np0000160360 devstack@n-api.service[99583]: DEBUG oslo_db.sqlalchemy.engines [None req-ac718a94-7188-4af2-adcb-d4ea7da598fb None None] MySQL server mode set to STRICT_TRANS_TABLES,STRICT_ALL_TABLES,NO_ZERO_IN_DATE,NO_ZERO_DATE,ERROR_FOR_DIVISION_BY_ZERO,TRADITIONAL,NO_ENGINE_SUBSTITUTION {{(pid=99583) _check_effective_sql_mode /opt/stack/data/venv/lib/python3.12/site-packages/oslo_db/sqlalchemy/engines.py:325}}
Mar 23 13:26:42.459396 np0000160360 devstack@n-api.service[99580]: INFO dbcounter [None req-72b404bc-cf85-483c-901f-f482f3bbd924 None None] Registered counter for database nova_cell1
Mar 23 13:26:42.468422 np0000160360 devstack@n-api.service[99580]: DEBUG oslo_db.sqlalchemy.engines [None req-72b404bc-cf85-483c-901f-f482f3bbd924 None None] MySQL server mode set to STRICT_TRANS_TABLES,STRICT_ALL_TABLES,NO_ZERO_IN_DATE,NO_ZERO_DATE,ERROR_FOR_DIVISION_BY_ZERO,TRADITIONAL,NO_ENGINE_SUBSTITUTION {{(pid=99580) _check_effective_sql_mode /opt/stack/data/venv/lib/python3.12/site-packages/oslo_db/sqlalchemy/engines.py:325}}
Mar 23 13:26:42.471812 np0000160360 devstack@n-api.service[99580]: DEBUG oslo_db.sqlalchemy.engines [None req-72b404bc-cf85-483c-901f-f482f3bbd924 None None] MySQL server mode set to STRICT_TRANS_TABLES,STRICT_ALL_TABLES,NO_ZERO_IN_DATE,NO_ZERO_DATE,ERROR_FOR_DIVISION_BY_ZERO,TRADITIONAL,NO_ENGINE_SUBSTITUTION {{(pid=99580) _check_effective_sql_mode /opt/stack/data/venv/lib/python3.12/site-packages/oslo_db/sqlalchemy/engines.py:325}}
Mar 23 13:26:42.476668 np0000160360 devstack@n-api.service[99581]: DEBUG dbcounter [-] [99581] Writer thread running {{(pid=99581) stat_writer /opt/stack/data/venv/lib/python3.12/site-packages/dbcounter.py:102}}
Mar 23 13:26:42.480222 np0000160360 devstack@n-api.service[99581]: DEBUG nova.context [None req-317313ec-1e7b-4734-8688-806326915cc5 None None] Found 2 cells: 00000000-0000-0000-0000-000000000000(cell0),b7d778eb-dff9-47ee-8c9b-35dc9c9b11f8(cell1) {{(pid=99581) load_cells /opt/stack/nova/nova/context.py:509}}
Mar 23 13:26:42.480533 np0000160360 devstack@n-api.service[99581]: INFO nova.utils [None req-317313ec-1e7b-4734-8688-806326915cc5 None None] The cell worker thread pool MainProcess.cell_worker is initialized
Mar 23 13:26:42.482801 np0000160360 devstack@n-api.service[99581]: DEBUG oslo_concurrency.lockutils [None req-317313ec-1e7b-4734-8688-806326915cc5 None None] Acquiring lock "00000000-0000-0000-0000-000000000000" by "nova.context.set_target_cell..get_or_set_cached_cell_and_set_connections" {{(pid=99581) inner /opt/stack/data/venv/lib/python3.12/site-packages/oslo_concurrency/lockutils.py:506}}
Mar 23 13:26:42.482979 np0000160360 devstack@n-api.service[99581]: DEBUG oslo_concurrency.lockutils [None req-317313ec-1e7b-4734-8688-806326915cc5 None None] Lock "00000000-0000-0000-0000-000000000000" acquired by "nova.context.set_target_cell..get_or_set_cached_cell_and_set_connections" :: waited 0.000s {{(pid=99581) inner /opt/stack/data/venv/lib/python3.12/site-packages/oslo_concurrency/lockutils.py:519}}
Mar 23 13:26:42.483768 np0000160360 devstack@n-api.service[99581]: DEBUG oslo_concurrency.lockutils [None req-317313ec-1e7b-4734-8688-806326915cc5 None None] Lock "00000000-0000-0000-0000-000000000000" "released" by "nova.context.set_target_cell..get_or_set_cached_cell_and_set_connections" :: held 0.000s {{(pid=99581) inner /opt/stack/data/venv/lib/python3.12/site-packages/oslo_concurrency/lockutils.py:538}}
Mar 23 13:26:42.484177 np0000160360 devstack@n-api.service[99581]: DEBUG oslo_concurrency.lockutils [None req-317313ec-1e7b-4734-8688-806326915cc5 None None] Acquiring lock "b7d778eb-dff9-47ee-8c9b-35dc9c9b11f8" by "nova.context.set_target_cell..get_or_set_cached_cell_and_set_connections" {{(pid=99581) inner /opt/stack/data/venv/lib/python3.12/site-packages/oslo_concurrency/lockutils.py:506}}
Mar 23 13:26:42.484341 np0000160360 devstack@n-api.service[99581]: DEBUG oslo_concurrency.lockutils [None req-317313ec-1e7b-4734-8688-806326915cc5 None None] Lock "b7d778eb-dff9-47ee-8c9b-35dc9c9b11f8" acquired by "nova.context.set_target_cell..get_or_set_cached_cell_and_set_connections" :: waited 0.000s {{(pid=99581) inner /opt/stack/data/venv/lib/python3.12/site-packages/oslo_concurrency/lockutils.py:519}}
Mar 23 13:26:42.485296 np0000160360 devstack@n-api.service[99581]: DEBUG oslo_concurrency.lockutils [None req-317313ec-1e7b-4734-8688-806326915cc5 None None] Lock "b7d778eb-dff9-47ee-8c9b-35dc9c9b11f8" "released" by "nova.context.set_target_cell..get_or_set_cached_cell_and_set_connections" :: held 0.001s {{(pid=99581) inner /opt/stack/data/venv/lib/python3.12/site-packages/oslo_concurrency/lockutils.py:538}}
Mar 23 13:26:42.488729 np0000160360 devstack@n-api.service[99581]: INFO dbcounter [None req-317313ec-1e7b-4734-8688-806326915cc5 None None] Registered counter for database nova_cell0
Mar 23 13:26:42.494705 np0000160360 devstack@n-api.service[99581]: INFO dbcounter [None req-317313ec-1e7b-4734-8688-806326915cc5 None None] Registered counter for database nova_cell1
Mar 23 13:26:42.504946 np0000160360 devstack@n-api.service[99581]: DEBUG oslo_db.sqlalchemy.engines [None req-317313ec-1e7b-4734-8688-806326915cc5 None None] MySQL server mode set to STRICT_TRANS_TABLES,STRICT_ALL_TABLES,NO_ZERO_IN_DATE,NO_ZERO_DATE,ERROR_FOR_DIVISION_BY_ZERO,TRADITIONAL,NO_ENGINE_SUBSTITUTION {{(pid=99581) _check_effective_sql_mode /opt/stack/data/venv/lib/python3.12/site-packages/oslo_db/sqlalchemy/engines.py:325}}
Mar 23 13:26:42.511781 np0000160360 devstack@n-api.service[99581]: DEBUG oslo_db.sqlalchemy.engines [None req-317313ec-1e7b-4734-8688-806326915cc5 None None] MySQL server mode set to STRICT_TRANS_TABLES,STRICT_ALL_TABLES,NO_ZERO_IN_DATE,NO_ZERO_DATE,ERROR_FOR_DIVISION_BY_ZERO,TRADITIONAL,NO_ENGINE_SUBSTITUTION {{(pid=99581) _check_effective_sql_mode /opt/stack/data/venv/lib/python3.12/site-packages/oslo_db/sqlalchemy/engines.py:325}}
Mar 23 13:26:42.528992 np0000160360 devstack@n-api.service[99582]: DEBUG dbcounter [-] [99582] Writer thread running {{(pid=99582) stat_writer /opt/stack/data/venv/lib/python3.12/site-packages/dbcounter.py:102}}
Mar 23 13:26:42.535165 np0000160360 devstack@n-api.service[99582]: DEBUG dbcounter [-] [99582] Writer thread running {{(pid=99582) stat_writer /opt/stack/data/venv/lib/python3.12/site-packages/dbcounter.py:102}}
Mar 23 13:26:42.540708 np0000160360 devstack@n-api.service[99582]: INFO dbcounter [None req-bf000940-39a1-4a99-9e81-fa1db0dea8d0 None None] Registered counter for database nova_cell0
Mar 23 13:26:42.552410 np0000160360 devstack@n-api.service[99582]: DEBUG oslo_db.sqlalchemy.engines [None req-bf000940-39a1-4a99-9e81-fa1db0dea8d0 None None] MySQL server mode set to STRICT_TRANS_TABLES,STRICT_ALL_TABLES,NO_ZERO_IN_DATE,NO_ZERO_DATE,ERROR_FOR_DIVISION_BY_ZERO,TRADITIONAL,NO_ENGINE_SUBSTITUTION {{(pid=99582) _check_effective_sql_mode /opt/stack/data/venv/lib/python3.12/site-packages/oslo_db/sqlalchemy/engines.py:325}}
Mar 23 13:26:42.564125 np0000160360 devstack@n-api.service[99582]: DEBUG dbcounter [-] [99582] Writer thread running {{(pid=99582) stat_writer /opt/stack/data/venv/lib/python3.12/site-packages/dbcounter.py:102}}
Mar 23 13:26:42.569147 np0000160360 devstack@n-api.service[99583]: DEBUG dbcounter [-] [99583] Writer thread running {{(pid=99583) stat_writer /opt/stack/data/venv/lib/python3.12/site-packages/dbcounter.py:102}}
Mar 23 13:26:42.570395 np0000160360 devstack@n-api.service[99583]: DEBUG dbcounter [-] [99583] Writer thread running {{(pid=99583) stat_writer /opt/stack/data/venv/lib/python3.12/site-packages/dbcounter.py:102}}
Mar 23 13:26:42.575332 np0000160360 devstack@n-api.service[99580]: DEBUG dbcounter [-] [99580] Writer thread running {{(pid=99580) stat_writer /opt/stack/data/venv/lib/python3.12/site-packages/dbcounter.py:102}}
Mar 23 13:26:42.576424 np0000160360 devstack@n-api.service[99580]: DEBUG dbcounter [-] [99580] Writer thread running {{(pid=99580) stat_writer /opt/stack/data/venv/lib/python3.12/site-packages/dbcounter.py:102}}
Mar 23 13:26:42.609879 np0000160360 devstack@n-api.service[99581]: DEBUG dbcounter [-] [99581] Writer thread running {{(pid=99581) stat_writer /opt/stack/data/venv/lib/python3.12/site-packages/dbcounter.py:102}}
Mar 23 13:26:42.617136 np0000160360 devstack@n-api.service[99581]: DEBUG dbcounter [-] [99581] Writer thread running {{(pid=99581) stat_writer /opt/stack/data/venv/lib/python3.12/site-packages/dbcounter.py:102}}
Mar 23 13:26:42.635871 np0000160360 devstack@n-api.service[99581]: INFO dbcounter [None req-317313ec-1e7b-4734-8688-806326915cc5 None None] Registered counter for database nova_cell0
Mar 23 13:26:42.636337 np0000160360 devstack@n-api.service[99580]: INFO dbcounter [None req-72b404bc-cf85-483c-901f-f482f3bbd924 None None] Registered counter for database nova_cell0
Mar 23 13:26:42.636605 np0000160360 devstack@n-api.service[99583]: INFO dbcounter [None req-ac718a94-7188-4af2-adcb-d4ea7da598fb None None] Registered counter for database nova_cell0
Mar 23 13:26:42.648281 np0000160360 devstack@n-api.service[99581]: DEBUG oslo_db.sqlalchemy.engines [None req-317313ec-1e7b-4734-8688-806326915cc5 None None] MySQL server mode set to STRICT_TRANS_TABLES,STRICT_ALL_TABLES,NO_ZERO_IN_DATE,NO_ZERO_DATE,ERROR_FOR_DIVISION_BY_ZERO,TRADITIONAL,NO_ENGINE_SUBSTITUTION {{(pid=99581) _check_effective_sql_mode /opt/stack/data/venv/lib/python3.12/site-packages/oslo_db/sqlalchemy/engines.py:325}}
Mar 23 13:26:42.655061 np0000160360 devstack@n-api.service[99583]: DEBUG oslo_db.sqlalchemy.engines [None req-ac718a94-7188-4af2-adcb-d4ea7da598fb None None] MySQL server mode set to STRICT_TRANS_TABLES,STRICT_ALL_TABLES,NO_ZERO_IN_DATE,NO_ZERO_DATE,ERROR_FOR_DIVISION_BY_ZERO,TRADITIONAL,NO_ENGINE_SUBSTITUTION {{(pid=99583) _check_effective_sql_mode /opt/stack/data/venv/lib/python3.12/site-packages/oslo_db/sqlalchemy/engines.py:325}}
Mar 23 13:26:42.658033 np0000160360 devstack@n-api.service[99580]: DEBUG oslo_db.sqlalchemy.engines [None req-72b404bc-cf85-483c-901f-f482f3bbd924 None None] MySQL server mode set to STRICT_TRANS_TABLES,STRICT_ALL_TABLES,NO_ZERO_IN_DATE,NO_ZERO_DATE,ERROR_FOR_DIVISION_BY_ZERO,TRADITIONAL,NO_ENGINE_SUBSTITUTION {{(pid=99580) _check_effective_sql_mode /opt/stack/data/venv/lib/python3.12/site-packages/oslo_db/sqlalchemy/engines.py:325}}
Mar 23 13:26:42.658865 np0000160360 devstack@n-api.service[99581]: DEBUG dbcounter [-] [99581] Writer thread running {{(pid=99581) stat_writer /opt/stack/data/venv/lib/python3.12/site-packages/dbcounter.py:102}}
Mar 23 13:26:42.662130 np0000160360 devstack@n-api.service[99583]: DEBUG dbcounter [-] [99583] Writer thread running {{(pid=99583) stat_writer /opt/stack/data/venv/lib/python3.12/site-packages/dbcounter.py:102}}
Mar 23 13:26:42.668410 np0000160360 devstack@n-api.service[99580]: DEBUG dbcounter [-] [99580] Writer thread running {{(pid=99580) stat_writer /opt/stack/data/venv/lib/python3.12/site-packages/dbcounter.py:102}}
Mar 23 13:26:42.982475 np0000160360 devstack@n-api.service[99582]: DEBUG oslo_concurrency.processutils [None req-bf000940-39a1-4a99-9e81-fa1db0dea8d0 None None] Running cmd (subprocess): grep -F node.session.scan /sbin/iscsiadm {{(pid=99582) execute /opt/stack/data/venv/lib/python3.12/site-packages/oslo_concurrency/processutils.py:440}}
Mar 23 13:26:43.002973 np0000160360 devstack@n-api.service[99582]: DEBUG oslo_concurrency.processutils [None req-bf000940-39a1-4a99-9e81-fa1db0dea8d0 None None] CMD "grep -F node.session.scan /sbin/iscsiadm" returned: 0 in 0.020s {{(pid=99582) execute /opt/stack/data/venv/lib/python3.12/site-packages/oslo_concurrency/processutils.py:468}}
Mar 23 13:26:43.008903 np0000160360 devstack@n-api.service[99583]: DEBUG oslo_concurrency.processutils [None req-ac718a94-7188-4af2-adcb-d4ea7da598fb None None] Running cmd (subprocess): grep -F node.session.scan /sbin/iscsiadm {{(pid=99583) execute /opt/stack/data/venv/lib/python3.12/site-packages/oslo_concurrency/processutils.py:440}}
Mar 23 13:26:43.019286 np0000160360 devstack@n-api.service[99580]: DEBUG oslo_concurrency.processutils [None req-72b404bc-cf85-483c-901f-f482f3bbd924 None None] Running cmd (subprocess): grep -F node.session.scan /sbin/iscsiadm {{(pid=99580) execute /opt/stack/data/venv/lib/python3.12/site-packages/oslo_concurrency/processutils.py:440}}
Mar 23 13:26:43.029353 np0000160360 devstack@n-api.service[99583]: DEBUG oslo_concurrency.processutils [None req-ac718a94-7188-4af2-adcb-d4ea7da598fb None None] CMD "grep -F node.session.scan /sbin/iscsiadm" returned: 0 in 0.020s {{(pid=99583) execute /opt/stack/data/venv/lib/python3.12/site-packages/oslo_concurrency/processutils.py:468}}
Mar 23 13:26:43.032331 np0000160360 devstack@n-api.service[99580]: DEBUG oslo_concurrency.processutils [None req-72b404bc-cf85-483c-901f-f482f3bbd924 None None] CMD "grep -F node.session.scan /sbin/iscsiadm" returned: 0 in 0.013s {{(pid=99580) execute /opt/stack/data/venv/lib/python3.12/site-packages/oslo_concurrency/processutils.py:468}}
Mar 23 13:26:43.055869 np0000160360 devstack@n-api.service[99581]: DEBUG oslo_concurrency.processutils [None req-317313ec-1e7b-4734-8688-806326915cc5 None None] Running cmd (subprocess): grep -F node.session.scan /sbin/iscsiadm {{(pid=99581) execute /opt/stack/data/venv/lib/python3.12/site-packages/oslo_concurrency/processutils.py:440}}
Mar 23 13:26:43.077241 np0000160360 devstack@n-api.service[99581]: DEBUG oslo_concurrency.processutils [None req-317313ec-1e7b-4734-8688-806326915cc5 None None] CMD "grep -F node.session.scan /sbin/iscsiadm" returned: 0 in 0.021s {{(pid=99581) execute /opt/stack/data/venv/lib/python3.12/site-packages/oslo_concurrency/processutils.py:468}}
Mar 23 13:26:43.767935 np0000160360 devstack@n-api.service[99581]: WARNING keystonemiddleware.auth_token [None req-317313ec-1e7b-4734-8688-806326915cc5 None None] AuthToken middleware is set with keystone_authtoken.service_token_roles_required set to False. This is backwards compatible but deprecated behaviour. Please set this to True.
Mar 23 13:26:43.820856 np0000160360 devstack@n-api.service[99582]: WARNING keystonemiddleware.auth_token [None req-bf000940-39a1-4a99-9e81-fa1db0dea8d0 None None] AuthToken middleware is set with keystone_authtoken.service_token_roles_required set to False. This is backwards compatible but deprecated behaviour. Please set this to True.
Mar 23 13:26:43.833922 np0000160360 devstack@n-api.service[99581]: WARNING keystonemiddleware.auth_token [None req-317313ec-1e7b-4734-8688-806326915cc5 None None] AuthToken middleware is set with keystone_authtoken.service_token_roles_required set to False. This is backwards compatible but deprecated behaviour. Please set this to True.
Mar 23 13:26:43.862960 np0000160360 devstack@n-api.service[99580]: WARNING keystonemiddleware.auth_token [None req-72b404bc-cf85-483c-901f-f482f3bbd924 None None] AuthToken middleware is set with keystone_authtoken.service_token_roles_required set to False. This is backwards compatible but deprecated behaviour. Please set this to True.
Mar 23 13:26:43.864716 np0000160360 devstack@n-api.service[99583]: WARNING keystonemiddleware.auth_token [None req-ac718a94-7188-4af2-adcb-d4ea7da598fb None None] AuthToken middleware is set with keystone_authtoken.service_token_roles_required set to False. This is backwards compatible but deprecated behaviour. Please set this to True.
Mar 23 13:26:43.930290 np0000160360 devstack@n-api.service[99580]: WARNING keystonemiddleware.auth_token [None req-72b404bc-cf85-483c-901f-f482f3bbd924 None None] AuthToken middleware is set with keystone_authtoken.service_token_roles_required set to False. This is backwards compatible but deprecated behaviour. Please set this to True.
Mar 23 13:26:43.931369 np0000160360 devstack@n-api.service[99583]: WARNING keystonemiddleware.auth_token [None req-ac718a94-7188-4af2-adcb-d4ea7da598fb None None] AuthToken middleware is set with keystone_authtoken.service_token_roles_required set to False. This is backwards compatible but deprecated behaviour. Please set this to True.
Mar 23 13:26:43.936756 np0000160360 devstack@n-api.service[99583]: DEBUG nova.api.openstack.wsgi_app [None req-ac718a94-7188-4af2-adcb-d4ea7da598fb None None] ******************************************************************************** {{(pid=99583) log_opt_values /opt/stack/data/venv/lib/python3.12/site-packages/oslo_config/cfg.py:2979}}
Mar 23 13:26:43.937122 np0000160360 devstack@n-api.service[99583]: DEBUG nova.api.openstack.wsgi_app [None req-ac718a94-7188-4af2-adcb-d4ea7da598fb None None] Configuration options gathered from: {{(pid=99583) log_opt_values /opt/stack/data/venv/lib/python3.12/site-packages/oslo_config/cfg.py:2980}}
Mar 23 13:26:43.937205 np0000160360 devstack@n-api.service[99583]: DEBUG nova.api.openstack.wsgi_app [None req-ac718a94-7188-4af2-adcb-d4ea7da598fb None None] command line args: [] {{(pid=99583) log_opt_values /opt/stack/data/venv/lib/python3.12/site-packages/oslo_config/cfg.py:2981}}
Mar 23 13:26:43.937378 np0000160360 devstack@n-api.service[99583]: DEBUG nova.api.openstack.wsgi_app [None req-ac718a94-7188-4af2-adcb-d4ea7da598fb None None] config files: ['/etc/nova/api-paste.ini', '/etc/nova/nova.conf'] {{(pid=99583) log_opt_values /opt/stack/data/venv/lib/python3.12/site-packages/oslo_config/cfg.py:2982}}
Mar 23 13:26:43.937458 np0000160360 devstack@n-api.service[99583]: DEBUG nova.api.openstack.wsgi_app [None req-ac718a94-7188-4af2-adcb-d4ea7da598fb None None] ================================================================================ {{(pid=99583) log_opt_values /opt/stack/data/venv/lib/python3.12/site-packages/oslo_config/cfg.py:2987}}
Mar 23 13:26:43.937635 np0000160360 devstack@n-api.service[99583]: DEBUG nova.api.openstack.wsgi_app [None req-ac718a94-7188-4af2-adcb-d4ea7da598fb None None] allow_resize_to_same_host = True {{(pid=99583) log_opt_values /opt/stack/data/venv/lib/python3.12/site-packages/oslo_config/cfg.py:2995}}
Mar 23 13:26:43.937757 np0000160360 devstack@n-api.service[99583]: DEBUG nova.api.openstack.wsgi_app [None req-ac718a94-7188-4af2-adcb-d4ea7da598fb None None] arq_binding_timeout = 300 {{(pid=99583) log_opt_values /opt/stack/data/venv/lib/python3.12/site-packages/oslo_config/cfg.py:2995}}
Mar 23 13:26:43.937890 np0000160360 devstack@n-api.service[99583]: DEBUG nova.api.openstack.wsgi_app [None req-ac718a94-7188-4af2-adcb-d4ea7da598fb None None] block_device_allocate_retries = 60 {{(pid=99583) log_opt_values /opt/stack/data/venv/lib/python3.12/site-packages/oslo_config/cfg.py:2995}}
Mar 23 13:26:43.938038 np0000160360 devstack@n-api.service[99583]: DEBUG nova.api.openstack.wsgi_app [None req-ac718a94-7188-4af2-adcb-d4ea7da598fb None None] block_device_allocate_retries_interval = 3 {{(pid=99583) log_opt_values /opt/stack/data/venv/lib/python3.12/site-packages/oslo_config/cfg.py:2995}}
Mar 23 13:26:43.938163 np0000160360 devstack@n-api.service[99583]: DEBUG nova.api.openstack.wsgi_app [None req-ac718a94-7188-4af2-adcb-d4ea7da598fb None None] cell_worker_thread_pool_size = 5 {{(pid=99583) log_opt_values /opt/stack/data/venv/lib/python3.12/site-packages/oslo_config/cfg.py:2995}}
Mar 23 13:26:43.938300 np0000160360 devstack@n-api.service[99583]: DEBUG nova.api.openstack.wsgi_app [None req-ac718a94-7188-4af2-adcb-d4ea7da598fb None None] cert = self.pem {{(pid=99583) log_opt_values /opt/stack/data/venv/lib/python3.12/site-packages/oslo_config/cfg.py:2995}}
Mar 23 13:26:43.938432 np0000160360 devstack@n-api.service[99583]: DEBUG nova.api.openstack.wsgi_app [None req-ac718a94-7188-4af2-adcb-d4ea7da598fb None None] compute_driver = libvirt.LibvirtDriver {{(pid=99583) log_opt_values /opt/stack/data/venv/lib/python3.12/site-packages/oslo_config/cfg.py:2995}}
Mar 23 13:26:43.938593 np0000160360 devstack@n-api.service[99583]: DEBUG nova.api.openstack.wsgi_app [None req-ac718a94-7188-4af2-adcb-d4ea7da598fb None None] compute_monitors = [] {{(pid=99583) log_opt_values /opt/stack/data/venv/lib/python3.12/site-packages/oslo_config/cfg.py:2995}}
Mar 23 13:26:43.938725 np0000160360 devstack@n-api.service[99583]: DEBUG nova.api.openstack.wsgi_app [None req-ac718a94-7188-4af2-adcb-d4ea7da598fb None None] config_dir = [] {{(pid=99583) log_opt_values /opt/stack/data/venv/lib/python3.12/site-packages/oslo_config/cfg.py:2995}}
Mar 23 13:26:43.938883 np0000160360 devstack@n-api.service[99583]: DEBUG nova.api.openstack.wsgi_app [None req-ac718a94-7188-4af2-adcb-d4ea7da598fb None None] config_drive_format = iso9660 {{(pid=99583) log_opt_values /opt/stack/data/venv/lib/python3.12/site-packages/oslo_config/cfg.py:2995}}
Mar 23 13:26:43.938956 np0000160360 devstack@n-api.service[99583]: DEBUG nova.api.openstack.wsgi_app [None req-ac718a94-7188-4af2-adcb-d4ea7da598fb None None] config_file = ['/etc/nova/api-paste.ini', '/etc/nova/nova.conf'] {{(pid=99583) log_opt_values /opt/stack/data/venv/lib/python3.12/site-packages/oslo_config/cfg.py:2995}}
Mar 23 13:26:43.939117 np0000160360 devstack@n-api.service[99583]: DEBUG nova.api.openstack.wsgi_app [None req-ac718a94-7188-4af2-adcb-d4ea7da598fb None None] config_source = [] {{(pid=99583) log_opt_values /opt/stack/data/venv/lib/python3.12/site-packages/oslo_config/cfg.py:2995}}
Mar 23 13:26:43.939251 np0000160360 devstack@n-api.service[99583]: DEBUG nova.api.openstack.wsgi_app [None req-ac718a94-7188-4af2-adcb-d4ea7da598fb None None] console_host = np0000160360 {{(pid=99583) log_opt_values /opt/stack/data/venv/lib/python3.12/site-packages/oslo_config/cfg.py:2995}}
Mar 23 13:26:43.939389 np0000160360 devstack@n-api.service[99583]: DEBUG nova.api.openstack.wsgi_app [None req-ac718a94-7188-4af2-adcb-d4ea7da598fb None None] control_exchange = nova {{(pid=99583) log_opt_values /opt/stack/data/venv/lib/python3.12/site-packages/oslo_config/cfg.py:2995}}
Mar 23 13:26:43.939521 np0000160360 devstack@n-api.service[99583]: DEBUG nova.api.openstack.wsgi_app [None req-ac718a94-7188-4af2-adcb-d4ea7da598fb None None] cpu_allocation_ratio = None {{(pid=99583) log_opt_values /opt/stack/data/venv/lib/python3.12/site-packages/oslo_config/cfg.py:2995}}
Mar 23 13:26:43.939648 np0000160360 devstack@n-api.service[99583]: DEBUG nova.api.openstack.wsgi_app [None req-ac718a94-7188-4af2-adcb-d4ea7da598fb None None] daemon = False {{(pid=99583) log_opt_values /opt/stack/data/venv/lib/python3.12/site-packages/oslo_config/cfg.py:2995}}
Mar 23 13:26:43.939780 np0000160360 devstack@n-api.service[99583]: DEBUG nova.api.openstack.wsgi_app [None req-ac718a94-7188-4af2-adcb-d4ea7da598fb None None] debug = True {{(pid=99583) log_opt_values /opt/stack/data/venv/lib/python3.12/site-packages/oslo_config/cfg.py:2995}}
Mar 23 13:26:43.939906 np0000160360 devstack@n-api.service[99583]: DEBUG nova.api.openstack.wsgi_app [None req-ac718a94-7188-4af2-adcb-d4ea7da598fb None None] default_access_ip_network_name = None {{(pid=99583) log_opt_values /opt/stack/data/venv/lib/python3.12/site-packages/oslo_config/cfg.py:2995}}
Mar 23 13:26:43.940054 np0000160360 devstack@n-api.service[99583]: DEBUG nova.api.openstack.wsgi_app [None req-ac718a94-7188-4af2-adcb-d4ea7da598fb None None] default_availability_zone = nova {{(pid=99583) log_opt_values /opt/stack/data/venv/lib/python3.12/site-packages/oslo_config/cfg.py:2995}}
Mar 23 13:26:43.940187 np0000160360 devstack@n-api.service[99583]: DEBUG nova.api.openstack.wsgi_app [None req-ac718a94-7188-4af2-adcb-d4ea7da598fb None None] default_ephemeral_format = ext4 {{(pid=99583) log_opt_values /opt/stack/data/venv/lib/python3.12/site-packages/oslo_config/cfg.py:2995}}
Mar 23 13:26:43.940315 np0000160360 devstack@n-api.service[99583]: DEBUG nova.api.openstack.wsgi_app [None req-ac718a94-7188-4af2-adcb-d4ea7da598fb None None] default_green_pool_size = 1000 {{(pid=99583) log_opt_values /opt/stack/data/venv/lib/python3.12/site-packages/oslo_config/cfg.py:2995}}
Mar 23 13:26:43.940541 np0000160360 devstack@n-api.service[99583]: DEBUG nova.api.openstack.wsgi_app [None req-ac718a94-7188-4af2-adcb-d4ea7da598fb None None] default_log_levels = ['amqp=WARN', 'boto=WARN', 'sqlalchemy=WARN', 'suds=INFO', 'oslo.messaging=INFO', 'oslo_messaging=INFO', 'iso8601=WARN', 'requests.packages.urllib3.connectionpool=WARN', 'urllib3.connectionpool=WARN', 'websocket=WARN', 'requests.packages.urllib3.util.retry=WARN', 'urllib3.util.retry=WARN', 'keystonemiddleware=WARN', 'routes.middleware=WARN', 'stevedore=WARN', 'taskflow=WARN', 'keystoneauth=WARN', 'oslo.cache=INFO', 'oslo_policy=INFO', 'dogpile.core.dogpile=INFO', 'glanceclient=WARN', 'oslo.privsep.daemon=INFO'] {{(pid=99583) log_opt_values /opt/stack/data/venv/lib/python3.12/site-packages/oslo_config/cfg.py:2995}}
Mar 23 13:26:43.940728 np0000160360 devstack@n-api.service[99583]: DEBUG nova.api.openstack.wsgi_app [None req-ac718a94-7188-4af2-adcb-d4ea7da598fb None None] default_schedule_zone = None {{(pid=99583) log_opt_values /opt/stack/data/venv/lib/python3.12/site-packages/oslo_config/cfg.py:2995}}
Mar 23 13:26:43.940797 np0000160360 devstack@n-api.service[99583]: DEBUG nova.api.openstack.wsgi_app [None req-ac718a94-7188-4af2-adcb-d4ea7da598fb None None] default_thread_pool_size = 10 {{(pid=99583) log_opt_values /opt/stack/data/venv/lib/python3.12/site-packages/oslo_config/cfg.py:2995}}
Mar 23 13:26:43.940889 np0000160360 devstack@n-api.service[99583]: DEBUG nova.api.openstack.wsgi_app [None req-ac718a94-7188-4af2-adcb-d4ea7da598fb None None] disk_allocation_ratio = None {{(pid=99583) log_opt_values /opt/stack/data/venv/lib/python3.12/site-packages/oslo_config/cfg.py:2995}}
Mar 23 13:26:43.941045 np0000160360 devstack@n-api.service[99583]: DEBUG nova.api.openstack.wsgi_app [None req-ac718a94-7188-4af2-adcb-d4ea7da598fb None None] enable_new_services = True {{(pid=99583) log_opt_values /opt/stack/data/venv/lib/python3.12/site-packages/oslo_config/cfg.py:2995}}
Mar 23 13:26:43.941160 np0000160360 devstack@n-api.service[99583]: DEBUG nova.api.openstack.wsgi_app [None req-ac718a94-7188-4af2-adcb-d4ea7da598fb None None] flat_injected = False {{(pid=99583) log_opt_values /opt/stack/data/venv/lib/python3.12/site-packages/oslo_config/cfg.py:2995}}
Mar 23 13:26:43.941294 np0000160360 devstack@n-api.service[99583]: DEBUG nova.api.openstack.wsgi_app [None req-ac718a94-7188-4af2-adcb-d4ea7da598fb None None] force_config_drive = False {{(pid=99583) log_opt_values /opt/stack/data/venv/lib/python3.12/site-packages/oslo_config/cfg.py:2995}}
Mar 23 13:26:43.941421 np0000160360 devstack@n-api.service[99583]: DEBUG nova.api.openstack.wsgi_app [None req-ac718a94-7188-4af2-adcb-d4ea7da598fb None None] force_raw_images = True {{(pid=99583) log_opt_values /opt/stack/data/venv/lib/python3.12/site-packages/oslo_config/cfg.py:2995}}
Mar 23 13:26:43.941556 np0000160360 devstack@n-api.service[99583]: DEBUG nova.api.openstack.wsgi_app [None req-ac718a94-7188-4af2-adcb-d4ea7da598fb None None] graceful_shutdown_timeout = 5 {{(pid=99583) log_opt_values /opt/stack/data/venv/lib/python3.12/site-packages/oslo_config/cfg.py:2995}}
Mar 23 13:26:43.941684 np0000160360 devstack@n-api.service[99583]: DEBUG nova.api.openstack.wsgi_app [None req-ac718a94-7188-4af2-adcb-d4ea7da598fb None None] heal_instance_info_cache_interval = -1 {{(pid=99583) log_opt_values /opt/stack/data/venv/lib/python3.12/site-packages/oslo_config/cfg.py:2995}}
Mar 23 13:26:43.941849 np0000160360 devstack@n-api.service[99583]: DEBUG nova.api.openstack.wsgi_app [None req-ac718a94-7188-4af2-adcb-d4ea7da598fb None None] host = np0000160360 {{(pid=99583) log_opt_values /opt/stack/data/venv/lib/python3.12/site-packages/oslo_config/cfg.py:2995}}
Mar 23 13:26:43.941989 np0000160360 devstack@n-api.service[99583]: DEBUG nova.api.openstack.wsgi_app [None req-ac718a94-7188-4af2-adcb-d4ea7da598fb None None] initial_cpu_allocation_ratio = 4.0 {{(pid=99583) log_opt_values /opt/stack/data/venv/lib/python3.12/site-packages/oslo_config/cfg.py:2995}}
Mar 23 13:26:43.942134 np0000160360 devstack@n-api.service[99583]: DEBUG nova.api.openstack.wsgi_app [None req-ac718a94-7188-4af2-adcb-d4ea7da598fb None None] initial_disk_allocation_ratio = 1.0 {{(pid=99583) log_opt_values /opt/stack/data/venv/lib/python3.12/site-packages/oslo_config/cfg.py:2995}}
Mar 23 13:26:43.942263 np0000160360 devstack@n-api.service[99583]: DEBUG nova.api.openstack.wsgi_app [None req-ac718a94-7188-4af2-adcb-d4ea7da598fb None None] initial_ram_allocation_ratio = 1.0 {{(pid=99583) log_opt_values /opt/stack/data/venv/lib/python3.12/site-packages/oslo_config/cfg.py:2995}}
Mar 23 13:26:43.942553 np0000160360 devstack@n-api.service[99583]: DEBUG nova.api.openstack.wsgi_app [None req-ac718a94-7188-4af2-adcb-d4ea7da598fb None None] injected_network_template = /opt/stack/nova/nova/virt/interfaces.template {{(pid=99583) log_opt_values /opt/stack/data/venv/lib/python3.12/site-packages/oslo_config/cfg.py:2995}}
Mar 23 13:26:43.942553 np0000160360 devstack@n-api.service[99583]: DEBUG nova.api.openstack.wsgi_app [None req-ac718a94-7188-4af2-adcb-d4ea7da598fb None None] instance_build_timeout = 0 {{(pid=99583) log_opt_values /opt/stack/data/venv/lib/python3.12/site-packages/oslo_config/cfg.py:2995}}
Mar 23 13:26:43.942732 np0000160360 devstack@n-api.service[99583]: DEBUG nova.api.openstack.wsgi_app [None req-ac718a94-7188-4af2-adcb-d4ea7da598fb None None] instance_delete_interval = 300 {{(pid=99583) log_opt_values /opt/stack/data/venv/lib/python3.12/site-packages/oslo_config/cfg.py:2995}}
Mar 23 13:26:43.942843 np0000160360 devstack@n-api.service[99583]: DEBUG nova.api.openstack.wsgi_app [None req-ac718a94-7188-4af2-adcb-d4ea7da598fb None None] instance_format = [instance: %(uuid)s] {{(pid=99583) log_opt_values /opt/stack/data/venv/lib/python3.12/site-packages/oslo_config/cfg.py:2995}}
Mar 23 13:26:43.942963 np0000160360 devstack@n-api.service[99583]: DEBUG nova.api.openstack.wsgi_app [None req-ac718a94-7188-4af2-adcb-d4ea7da598fb None None] instance_name_template = instance-%08x {{(pid=99583) log_opt_values /opt/stack/data/venv/lib/python3.12/site-packages/oslo_config/cfg.py:2995}}
Mar 23 13:26:43.943101 np0000160360 devstack@n-api.service[99583]: DEBUG nova.api.openstack.wsgi_app [None req-ac718a94-7188-4af2-adcb-d4ea7da598fb None None] instance_usage_audit = False {{(pid=99583) log_opt_values /opt/stack/data/venv/lib/python3.12/site-packages/oslo_config/cfg.py:2995}}
