2026-06-09 10:58:37.128 7 INFO neutron.db.ovn_revision_numbers_db [None req-b94a8d2b-b306-4039-bbfc-e3169c7e2f99 6e173929aae3484c818d9a4f8b61a73f 601385c27d1a4eab89418c5b4f8b9e17 - - default default] Successfully bumped revision number for resource c977b8a3-c419-4003-8be8-3d2916d0be73 (type: ports) to 1 [pid: 7|app: 0|req: 930/1731] 10.0.0.62 () {34 vars in 669 bytes} [Tue Jun 9 10:58:36 2026] POST /v2.0/networks => generated 673 bytes in 525 msecs (HTTP/1.1 201) 4 headers in 162 bytes (1 switches on core 0)
2026-06-09 10:58:37.325 8 INFO neutron.db.ovn_revision_numbers_db [None req-792719ba-1884-41d1-9300-4c4c4555ad2b e127a00737464878b57309d7b25b5140 6b0bda906d114c80b5b97816a4cd0558 - - default default] Successfully bumped revision number for resource 52e9f90c-e002-4f42-b1ca-61fb126f50c5 (type: security_groups) to 1
2026-06-09 10:58:37.338 8 INFO neutron.db.ovn_revision_numbers_db [None req-792719ba-1884-41d1-9300-4c4c4555ad2b e127a00737464878b57309d7b25b5140 6b0bda906d114c80b5b97816a4cd0558 - - default default] Successfully bumped revision number for resource ac3e7c49-0ffe-41cb-8339-ea5fb104990f (type: security_group_rules) to 0
2026-06-09 10:58:37.343 7 WARNING neutron.scheduler.dhcp_agent_scheduler [None req-97b5ea02-c78e-4d4a-9f51-c6ca8e78d159 595171bfc42449fe850f76ac7b1174de 7696921142f04c388918bf4e9c62bf60 - - default default] No more DHCP agents
2026-06-09 10:58:37.344 7 WARNING neutron.api.rpc.agentnotifiers.dhcp_rpc_agent_api [None req-97b5ea02-c78e-4d4a-9f51-c6ca8e78d159 595171bfc42449fe850f76ac7b1174de 7696921142f04c388918bf4e9c62bf60 - - default default] Unable to schedule network 52f0f0eb-3fec-4e78-8230-585fdef402d5: no agents available; will retry on subsequent port and subnet creation events.
2026-06-09 10:58:37.348 8 INFO neutron.db.ovn_revision_numbers_db [None req-792719ba-1884-41d1-9300-4c4c4555ad2b e127a00737464878b57309d7b25b5140 6b0bda906d114c80b5b97816a4cd0558 - - default default] Successfully bumped revision number for resource baedf947-230b-4f81-8b2c-3580ef334c70 (type: security_group_rules) to 0
2026-06-09 10:58:37.360 8 INFO neutron.db.ovn_revision_numbers_db [None req-792719ba-1884-41d1-9300-4c4c4555ad2b e127a00737464878b57309d7b25b5140 6b0bda906d114c80b5b97816a4cd0558 - - default default] Successfully bumped revision number for resource fa34914e-f795-49cd-9cea-58f37a697d85 (type: security_group_rules) to 0
2026-06-09 10:58:37.373 8 INFO neutron.db.ovn_revision_numbers_db [None req-792719ba-1884-41d1-9300-4c4c4555ad2b e127a00737464878b57309d7b25b5140 6b0bda906d114c80b5b97816a4cd0558 - - default default] Successfully bumped revision number for resource fd507114-4607-448f-92f7-c7ebe142a78d (type: security_group_rules) to 0
2026-06-09 10:58:37.447 8 INFO neutron.db.segments_db [None req-792719ba-1884-41d1-9300-4c4c4555ad2b e127a00737464878b57309d7b25b5140 6b0bda906d114c80b5b97816a4cd0558 - - default default] Added segment 23e2baf5-2552-4b84-8e6b-7ac6b7d2327d of type geneve for network 8655e5a3-f487-4c97-988e-9bbda4d94403
2026-06-09 10:58:37.569 8 INFO neutron.db.ovn_revision_numbers_db [None req-792719ba-1884-41d1-9300-4c4c4555ad2b e127a00737464878b57309d7b25b5140 6b0bda906d114c80b5b97816a4cd0558 - - default default] Successfully bumped revision number for resource 8655e5a3-f487-4c97-988e-9bbda4d94403 (type: networks) to 1
2026-06-09 10:58:37.747 8 WARNING neutron.scheduler.dhcp_agent_scheduler [None req-792719ba-1884-41d1-9300-4c4c4555ad2b e127a00737464878b57309d7b25b5140 6b0bda906d114c80b5b97816a4cd0558 - - default default] No more DHCP agents
2026-06-09 10:58:37.757 8 WARNING neutron.api.rpc.agentnotifiers.dhcp_rpc_agent_api [None req-792719ba-1884-41d1-9300-4c4c4555ad2b e127a00737464878b57309d7b25b5140 6b0bda906d114c80b5b97816a4cd0558 - - default default] Unable to schedule network 8655e5a3-f487-4c97-988e-9bbda4d94403: no agents available; will retry on subsequent port and subnet creation events.
2026-06-09 10:58:37.786 7 INFO neutron.db.ovn_revision_numbers_db [None req-897910d7-32e8-4a5f-a043-7f4158781f5c - - - - - -] Successfully bumped revision number for resource 4ab3654d-bc7c-46f4-a3b7-cb7b741645da (type: ports) to 2
2026-06-09 10:58:37.842 7 INFO neutron.db.ovn_revision_numbers_db [None req-897910d7-32e8-4a5f-a043-7f4158781f5c - - - - - -] Successfully bumped revision number for resource da0fd5e3-93f2-4b1c-a149-e300620757d3 (type: subnets) to 0
2026-06-09 10:58:37.850 8 INFO neutron.db.ovn_revision_numbers_db [None req-792719ba-1884-41d1-9300-4c4c4555ad2b e127a00737464878b57309d7b25b5140 6b0bda906d114c80b5b97816a4cd0558 - - default default] Successfully bumped revision number for resource accdf5ba-f1de-48f7-bfd6-a250e1efca19 (type: ports) to 1 [pid: 7|app: 0|req: 931/1732] 10.0.0.62 () {34 vars in 668 bytes} [Tue Jun 9 10:58:37 2026] POST /v2.0/subnets => generated 626 bytes in 709 msecs (HTTP/1.1 201) 4 headers in 162 bytes (1 switches on core 0) [pid: 7|app: 0|req: 932/1733] 10.0.0.5 () {34 vars in 988 bytes} [Tue Jun 9 10:58:37 2026] GET /v2.0/ports?device_id=24d36b46-58f4-4d4b-ab64-059a9ec03327 => generated 12 bytes in 23 msecs (HTTP/1.1 200) 4 headers in 156 bytes (1 switches on core 0) [pid: 8|app: 0|req: 802/1734] 10.0.0.62 () {34 vars in 669 bytes} [Tue Jun 9 10:58:37 2026] POST /v2.0/networks => generated 668 bytes in 851 msecs (HTTP/1.1 201) 4 headers in 162 bytes (1 switches on core 0)
2026-06-09 10:58:37.958 7 INFO neutron.db.segments_db [None req-b0fa5cb4-f81b-45f3-84a2-311f5bcbbd20 6e173929aae3484c818d9a4f8b61a73f 601385c27d1a4eab89418c5b4f8b9e17 - - default default] Added segment 407477d0-b8f3-46de-a25b-e01017915b97 of type geneve for network 5bcb5a52-ab7a-4720-aa78-a13aea7671e1
2026-06-09 10:58:38.011 8 INFO neutron.db.ovn_revision_numbers_db [None req-3223742a-820e-486e-95c1-8af0423a25cd 595171bfc42449fe850f76ac7b1174de 7696921142f04c388918bf4e9c62bf60 - - default default] Successfully bumped revision number for resource 56e2de5c-7e0d-4c71-986b-078e1eef13df (type: routers) to 1 [pid: 8|app: 0|req: 803/1735] 10.0.0.62 () {34 vars in 668 bytes} [Tue Jun 9 10:58:37 2026] POST /v2.0/routers => generated 603 bytes in 140 msecs (HTTP/1.1 201) 4 headers in 162 bytes (1 switches on core 0)
2026-06-09 10:58:38.081 7 INFO neutron.db.ovn_revision_numbers_db [None req-b0fa5cb4-f81b-45f3-84a2-311f5bcbbd20 6e173929aae3484c818d9a4f8b61a73f 601385c27d1a4eab89418c5b4f8b9e17 - - default default] Successfully bumped revision number for resource 5bcb5a52-ab7a-4720-aa78-a13aea7671e1 (type: networks) to 1
2026-06-09 10:58:38.241 8 WARNING neutron.plugins.ml2.drivers.ovn.mech_driver.ovsdb.ovn_client [None req-071c9984-a21e-43b0-9e97-4fbb7ba7ebfe - - - - - -] No port found with ID f7f23daa-45ca-456f-9674-6052381bbf56: RuntimeError: No port found with ID f7f23daa-45ca-456f-9674-6052381bbf56
2026-06-09 10:58:38.251 8 WARNING neutron.scheduler.dhcp_agent_scheduler [None req-1e3c19c1-debe-40a0-891c-ba8e597afd48 e127a00737464878b57309d7b25b5140 6b0bda906d114c80b5b97816a4cd0558 - - default default] No more DHCP agents
2026-06-09 10:58:38.252 8 WARNING neutron.api.rpc.agentnotifiers.dhcp_rpc_agent_api [None req-1e3c19c1-debe-40a0-891c-ba8e597afd48 e127a00737464878b57309d7b25b5140 6b0bda906d114c80b5b97816a4cd0558 - - default default] Unable to schedule network 8655e5a3-f487-4c97-988e-9bbda4d94403: no agents available; will retry on subsequent port and subnet creation events.
2026-06-09 10:58:38.253 8 INFO neutron.plugins.ml2.drivers.ovn.mech_driver.mech_driver [None req-071c9984-a21e-43b0-9e97-4fbb7ba7ebfe - - - - - -] OVN reports status down for port: 87643883-8fb4-4f57-b2d3-a6417a1a7066
2026-06-09 10:58:38.261 7 WARNING neutron.scheduler.dhcp_agent_scheduler [None req-b0fa5cb4-f81b-45f3-84a2-311f5bcbbd20 6e173929aae3484c818d9a4f8b61a73f 601385c27d1a4eab89418c5b4f8b9e17 - - default default] No more DHCP agents
2026-06-09 10:58:38.263 7 WARNING neutron.api.rpc.agentnotifiers.dhcp_rpc_agent_api [None req-b0fa5cb4-f81b-45f3-84a2-311f5bcbbd20 6e173929aae3484c818d9a4f8b61a73f 601385c27d1a4eab89418c5b4f8b9e17 - - default default] Unable to schedule network 5bcb5a52-ab7a-4720-aa78-a13aea7671e1: no agents available; will retry on subsequent port and subnet creation events.
2026-06-09 10:58:38.355 7 INFO neutron.db.ovn_revision_numbers_db [None req-b0fa5cb4-f81b-45f3-84a2-311f5bcbbd20 6e173929aae3484c818d9a4f8b61a73f 601385c27d1a4eab89418c5b4f8b9e17 - - default default] Successfully bumped revision number for resource c8a95087-c1e6-4783-91bb-005c28d1e9ab (type: ports) to 1
2026-06-09 10:58:38.379 8 INFO neutron.plugins.ml2.drivers.ovn.mech_driver.mech_driver [None req-071c9984-a21e-43b0-9e97-4fbb7ba7ebfe - - - - - -] OVN reports status down for port: 6372dd56-329d-4d89-ab49-a5a0129a313d
2026-06-09 10:58:38.381 8 INFO neutron.db.ovn_revision_numbers_db [None req-1e3c19c1-debe-40a0-891c-ba8e597afd48 e127a00737464878b57309d7b25b5140 6b0bda906d114c80b5b97816a4cd0558 - - default default] Successfully bumped revision number for resource 5ac0b782-d69c-456d-b9b5-928ccef51ff4 (type: ports) to 1 [pid: 7|app: 0|req: 933/1736] 10.0.0.62 () {34 vars in 669 bytes} [Tue Jun 9 10:58:37 2026] POST /v2.0/networks => generated 673 bytes in 500 msecs (HTTP/1.1 201) 4 headers in 162 bytes (1 switches on core 0)
2026-06-09 10:58:38.398 8 INFO neutron.plugins.ml2.drivers.ovn.mech_driver.mech_driver [None req-071c9984-a21e-43b0-9e97-4fbb7ba7ebfe - - - - - -] OVN reports status down for port: c1bbcf7f-a5a3-4e15-9361-3f37ff22da73
2026-06-09 10:58:38.416 8 INFO neutron.plugins.ml2.drivers.ovn.mech_driver.mech_driver [None req-071c9984-a21e-43b0-9e97-4fbb7ba7ebfe - - - - - -] OVN reports status down for port: c977b8a3-c419-4003-8be8-3d2916d0be73 [pid: 8|app: 0|req: 804/1737] 10.0.0.62 () {34 vars in 664 bytes} [Tue Jun 9 10:58:38 2026] POST /v2.0/ports => generated 778 bytes in 442 msecs (HTTP/1.1 201) 4 headers in 162 bytes (1 switches on core 0) /var/lib/openstack/lib/python3.12/site-packages/pycadf/identifier.py:70: UserWarning: Invalid uuid: neutron. To ensure interoperability, identifiers should be a valid uuid. warnings.warn(('Invalid uuid: %s. To ensure interoperability, '
2026-06-09 10:58:38.514 8 INFO neutron.plugins.ml2.drivers.ovn.mech_driver.mech_driver [None req-071c9984-a21e-43b0-9e97-4fbb7ba7ebfe - - - - - -] OVN reports status down for port: accdf5ba-f1de-48f7-bfd6-a250e1efca19
2026-06-09 10:58:38.591 8 INFO neutron.plugins.ml2.drivers.ovn.mech_driver.mech_driver [None req-071c9984-a21e-43b0-9e97-4fbb7ba7ebfe - - - - - -] OVN reports status down for port: c8a95087-c1e6-4783-91bb-005c28d1e9ab
2026-06-09 10:58:38.604 8 INFO neutron.db.segments_db [None req-982b2e64-7454-4896-9eee-20ad1e176ae0 e127a00737464878b57309d7b25b5140 6b0bda906d114c80b5b97816a4cd0558 - - default default] Added segment b7e7eb5a-f081-4a7c-bd33-c67ae07c5f5f of type geneve for network a8fd27af-79f8-49b4-b4ff-2f692cc09b3b
2026-06-09 10:58:38.707 8 INFO neutron.plugins.ml2.drivers.ovn.mech_driver.mech_driver [None req-071c9984-a21e-43b0-9e97-4fbb7ba7ebfe - - - - - -] OVN reports status down for port: 5ac0b782-d69c-456d-b9b5-928ccef51ff4
2026-06-09 10:58:38.766 8 INFO neutron.db.ovn_revision_numbers_db [None req-982b2e64-7454-4896-9eee-20ad1e176ae0 e127a00737464878b57309d7b25b5140 6b0bda906d114c80b5b97816a4cd0558 - - default default] Successfully bumped revision number for resource a8fd27af-79f8-49b4-b4ff-2f692cc09b3b (type: networks) to 1
2026-06-09 10:58:38.792 7 WARNING neutron.scheduler.dhcp_agent_scheduler [None req-8225705b-c08c-4f08-809e-da763b8719f4 595171bfc42449fe850f76ac7b1174de 7696921142f04c388918bf4e9c62bf60 - - default default] No more DHCP agents
2026-06-09 10:58:38.793 7 WARNING neutron.api.rpc.agentnotifiers.dhcp_rpc_agent_api [None req-8225705b-c08c-4f08-809e-da763b8719f4 595171bfc42449fe850f76ac7b1174de 7696921142f04c388918bf4e9c62bf60 - - default default] Unable to schedule network 52f0f0eb-3fec-4e78-8230-585fdef402d5: no agents available; will retry on subsequent port and subnet creation events.
2026-06-09 10:58:38.891 8 INFO neutron.plugins.ml2.drivers.ovn.mech_driver.mech_driver [None req-071c9984-a21e-43b0-9e97-4fbb7ba7ebfe - - - - - -] OVN reports status down for port: 96f08eff-e3f1-49b2-95d1-876f4638066d
2026-06-09 10:58:38.917 7 INFO neutron.db.ovn_revision_numbers_db [None req-8225705b-c08c-4f08-809e-da763b8719f4 595171bfc42449fe850f76ac7b1174de 7696921142f04c388918bf4e9c62bf60 - - default default] Successfully bumped revision number for resource 96f08eff-e3f1-49b2-95d1-876f4638066d (type: ports) to 1
2026-06-09 10:58:39.042 8 WARNING neutron.scheduler.dhcp_agent_scheduler [None req-982b2e64-7454-4896-9eee-20ad1e176ae0 e127a00737464878b57309d7b25b5140 6b0bda906d114c80b5b97816a4cd0558 - - default default] No more DHCP agents
2026-06-09 10:58:39.043 8 WARNING neutron.api.rpc.agentnotifiers.dhcp_rpc_agent_api [None req-982b2e64-7454-4896-9eee-20ad1e176ae0 e127a00737464878b57309d7b25b5140 6b0bda906d114c80b5b97816a4cd0558 - - default default] Unable to schedule network a8fd27af-79f8-49b4-b4ff-2f692cc09b3b: no agents available; will retry on subsequent port and subnet creation events.
2026-06-09 10:58:39.092 7 INFO neutron.plugins.ml2.drivers.ovn.mech_driver.mech_driver [None req-7c65a5a7-3949-4e1c-b295-79286d63ddf0 - - - - - -] OVN reports status down for port: 052c1ef7-60db-4c2c-849e-0390c7383d78
2026-06-09 10:58:39.116 8 INFO neutron.db.ovn_revision_numbers_db [None req-982b2e64-7454-4896-9eee-20ad1e176ae0 e127a00737464878b57309d7b25b5140 6b0bda906d114c80b5b97816a4cd0558 - - default default] Successfully bumped revision number for resource 052c1ef7-60db-4c2c-849e-0390c7383d78 (type: ports) to 1 [pid: 8|app: 0|req: 805/1738] 10.0.0.62 () {34 vars in 669 bytes} [Tue Jun 9 10:58:38 2026] POST /v2.0/networks => generated 655 bytes in 662 msecs (HTTP/1.1 201) 4 headers in 162 bytes (1 switches on core 0)
2026-06-09 10:58:39.434 8 WARNING neutron.scheduler.dhcp_agent_scheduler [None req-5222edd2-4b82-41d2-ac26-ef1182c2bb76 6e173929aae3484c818d9a4f8b61a73f 601385c27d1a4eab89418c5b4f8b9e17 - - default default] No more DHCP agents
2026-06-09 10:58:39.436 8 WARNING neutron.api.rpc.agentnotifiers.dhcp_rpc_agent_api [None req-5222edd2-4b82-41d2-ac26-ef1182c2bb76 6e173929aae3484c818d9a4f8b61a73f 601385c27d1a4eab89418c5b4f8b9e17 - - default default] Unable to schedule network c1503ce0-1c26-4605-b654-85eff0d16dab: no agents available; will retry on subsequent port and subnet creation events.
2026-06-09 10:58:39.462 8 INFO neutron.plugins.ml2.drivers.ovn.mech_driver.mech_driver [None req-071c9984-a21e-43b0-9e97-4fbb7ba7ebfe - - - - - -] OVN reports status up for port: 96f08eff-e3f1-49b2-95d1-876f4638066d
2026-06-09 10:58:39.491 8 INFO neutron.plugins.ml2.plugin [None req-071c9984-a21e-43b0-9e97-4fbb7ba7ebfe - - - - - -] Attempt 1 to provision port 96f08eff-e3f1-49b2-95d1-876f4638066d
2026-06-09 10:58:39.494 8 INFO neutron.db.ovn_revision_numbers_db [None req-5222edd2-4b82-41d2-ac26-ef1182c2bb76 6e173929aae3484c818d9a4f8b61a73f 601385c27d1a4eab89418c5b4f8b9e17 - - default default] Successfully bumped revision number for resource cea8746c-b5d0-4e6a-8aa2-2eadec41d074 (type: subnets) to 0
2026-06-09 10:58:39.557 7 WARNING neutron.scheduler.dhcp_agent_scheduler [None req-8225705b-c08c-4f08-809e-da763b8719f4 595171bfc42449fe850f76ac7b1174de 7696921142f04c388918bf4e9c62bf60 - - default default] No more DHCP agents
2026-06-09 10:58:39.558 7 WARNING neutron.api.rpc.agentnotifiers.dhcp_rpc_agent_api [None req-8225705b-c08c-4f08-809e-da763b8719f4 595171bfc42449fe850f76ac7b1174de 7696921142f04c388918bf4e9c62bf60 - - default default] Unable to schedule network 52f0f0eb-3fec-4e78-8230-585fdef402d5: no agents available; will retry on subsequent port and subnet creation events.
2026-06-09 10:58:39.566 8 WARNING neutron.scheduler.dhcp_agent_scheduler [None req-5222edd2-4b82-41d2-ac26-ef1182c2bb76 6e173929aae3484c818d9a4f8b61a73f 601385c27d1a4eab89418c5b4f8b9e17 - - default default] No more DHCP agents
2026-06-09 10:58:39.569 8 WARNING neutron.api.rpc.agentnotifiers.dhcp_rpc_agent_api [None req-5222edd2-4b82-41d2-ac26-ef1182c2bb76 6e173929aae3484c818d9a4f8b61a73f 601385c27d1a4eab89418c5b4f8b9e17 - - default default] Unable to schedule network 5bcb5a52-ab7a-4720-aa78-a13aea7671e1: no agents available; will retry on subsequent port and subnet creation events.
2026-06-09 10:58:39.623 8 INFO neutron.db.ovn_revision_numbers_db [None req-5222edd2-4b82-41d2-ac26-ef1182c2bb76 6e173929aae3484c818d9a4f8b61a73f 601385c27d1a4eab89418c5b4f8b9e17 - - default default] Successfully bumped revision number for resource 8fbda21f-a848-4599-a373-b356b43ac6a1 (type: subnets) to 0 [pid: 8|app: 0|req: 806/1739] 10.0.0.62 () {34 vars in 668 bytes} [Tue Jun 9 10:58:39 2026] POST /v2.0/subnets => generated 1324 bytes in 537 msecs (HTTP/1.1 201) 4 headers in 163 bytes (1 switches on core 0) [pid: 8|app: 0|req: 807/1740] 10.0.0.5 () {34 vars in 988 bytes} [Tue Jun 9 10:58:39 2026] GET /v2.0/ports?device_id=24d36b46-58f4-4d4b-ab64-059a9ec03327 => generated 12 bytes in 28 msecs (HTTP/1.1 200) 4 headers in 156 bytes (1 switches on core 0)
2026-06-09 10:58:39.756 7 INFO neutron.db.ovn_revision_numbers_db [None req-8225705b-c08c-4f08-809e-da763b8719f4 595171bfc42449fe850f76ac7b1174de 7696921142f04c388918bf4e9c62bf60 - - default default] Successfully bumped revision number for resource 96f08eff-e3f1-49b2-95d1-876f4638066d (type: router_ports) to 1 [pid: 7|app: 0|req: 934/1741] 10.0.0.62 () {34 vars in 782 bytes} [Tue Jun 9 10:58:38 2026] PUT /v2.0/routers/56e2de5c-7e0d-4c71-986b-078e1eef13df/add_router_interface => generated 309 bytes in 1382 msecs (HTTP/1.1 200) 4 headers in 157 bytes (1 switches on core 0) [pid: 8|app: 0|req: 808/1742] 199.204.45.242 () {34 vars in 986 bytes} [Tue Jun 9 10:58:39 2026] GET /v2.0/networks?id=b0ea263a-f46e-4583-97e2-fafe3b6f39b7 => generated 699 bytes in 143 msecs (HTTP/1.1 200) 4 headers in 157 bytes (1 switches on core 0) [pid: 8|app: 0|req: 809/1743] 10.0.0.62 () {32 vars in 646 bytes} [Tue Jun 9 10:58:39 2026] GET /v2.0/subnets => generated 1960 bytes in 60 msecs (HTTP/1.1 200) 4 headers in 158 bytes (1 switches on core 0)
2026-06-09 10:58:39.945 7 WARNING neutron.scheduler.dhcp_agent_scheduler [None req-b88dd61c-c28c-4590-bd4d-0c0093afb005 e127a00737464878b57309d7b25b5140 6b0bda906d114c80b5b97816a4cd0558 - - default default] No more DHCP agents
2026-06-09 10:58:39.946 7 WARNING neutron.api.rpc.agentnotifiers.dhcp_rpc_agent_api [None req-b88dd61c-c28c-4590-bd4d-0c0093afb005 e127a00737464878b57309d7b25b5140 6b0bda906d114c80b5b97816a4cd0558 - - default default] Unable to schedule network a8fd27af-79f8-49b4-b4ff-2f692cc09b3b: no agents available; will retry on subsequent port and subnet creation events.
2026-06-09 10:58:39.969 7 INFO neutron.db.ovn_revision_numbers_db [None req-b88dd61c-c28c-4590-bd4d-0c0093afb005 e127a00737464878b57309d7b25b5140 6b0bda906d114c80b5b97816a4cd0558 - - default default] Successfully bumped revision number for resource d177482a-8236-417a-8276-dd6927f4e6e9 (type: subnets) to 0 [pid: 7|app: 0|req: 935/1744] 10.0.0.62 () {34 vars in 668 bytes} [Tue Jun 9 10:58:39 2026] POST /v2.0/subnets => generated 646 bytes in 219 msecs (HTTP/1.1 201) 4 headers in 162 bytes (1 switches on core 0) [pid: 7|app: 0|req: 936/1745] 199.204.45.242 () {34 vars in 1050 bytes} [Tue Jun 9 10:58:39 2026] GET /v2.0/security-groups?fields=id&fields=name&tenant_id=7b9127ffdcb3435890d7e9428881b75b => generated 274 bytes in 30 msecs (HTTP/1.1 200) 4 headers in 157 bytes (1 switches on core 0) [pid: 8|app: 0|req: 810/1746] 10.0.0.62 () {32 vars in 716 bytes} [Tue Jun 9 10:58:39 2026] GET /v2.0/ports/96f08eff-e3f1-49b2-95d1-876f4638066d => generated 943 bytes in 142 msecs (HTTP/1.1 200) 4 headers in 157 bytes (1 switches on core 0) [pid: 7|app: 0|req: 937/1747] 10.0.0.62 () {32 vars in 723 bytes} [Tue Jun 9 10:58:40 2026] DELETE /v2.0/subnets/cea8746c-b5d0-4e6a-8aa2-2eadec41d074 => generated 0 bytes in 128 msecs (HTTP/1.1 204) 3 headers in 131 bytes (1 switches on core 0)
2026-06-09 10:58:40.170 8 INFO neutron.db.ovn_revision_numbers_db [None req-071c9984-a21e-43b0-9e97-4fbb7ba7ebfe - - - - - -] Successfully bumped revision number for resource 96f08eff-e3f1-49b2-95d1-876f4638066d (type: ports) to 2
2026-06-09 10:58:40.401 7 WARNING neutron.scheduler.dhcp_agent_scheduler [req-83d6b234-f170-4f7e-aae8-d0b232709868 req-f4835a30-c1b8-484e-8501-d904d38bd17d f34b6856e58741d984e76ebe6925e894 7b9127ffdcb3435890d7e9428881b75b - - default default] No more DHCP agents
2026-06-09 10:58:40.402 7 WARNING neutron.api.rpc.agentnotifiers.dhcp_rpc_agent_api [req-83d6b234-f170-4f7e-aae8-d0b232709868 req-f4835a30-c1b8-484e-8501-d904d38bd17d f34b6856e58741d984e76ebe6925e894 7b9127ffdcb3435890d7e9428881b75b - - default default] Unable to schedule network b0ea263a-f46e-4583-97e2-fafe3b6f39b7: no agents available; will retry on subsequent port and subnet creation events.
2026-06-09 10:58:40.432 8 WARNING neutron.scheduler.dhcp_agent_scheduler [None req-a1a88a54-e022-4487-857b-c8febba4e86f e127a00737464878b57309d7b25b5140 6b0bda906d114c80b5b97816a4cd0558 - - default default] No more DHCP agents
2026-06-09 10:58:40.433 8 WARNING neutron.api.rpc.agentnotifiers.dhcp_rpc_agent_api [None req-a1a88a54-e022-4487-857b-c8febba4e86f e127a00737464878b57309d7b25b5140 6b0bda906d114c80b5b97816a4cd0558 - - default default] Unable to schedule network a8fd27af-79f8-49b4-b4ff-2f692cc09b3b: no agents available; will retry on subsequent port and subnet creation events.
2026-06-09 10:58:40.523 7 INFO neutron.plugins.ml2.drivers.ovn.mech_driver.mech_driver [None req-7c65a5a7-3949-4e1c-b295-79286d63ddf0 - - - - - -] OVN reports status down for port: d573bf0f-d182-4448-9af2-9d9da0284aaa
2026-06-09 10:58:40.562 8 INFO neutron.db.ovn_revision_numbers_db [None req-a1a88a54-e022-4487-857b-c8febba4e86f e127a00737464878b57309d7b25b5140 6b0bda906d114c80b5b97816a4cd0558 - - default default] Successfully bumped revision number for resource 75103c64-b44f-4996-90f6-5b83f89ef76a (type: ports) to 1
2026-06-09 10:58:40.592 7 INFO neutron.db.ovn_revision_numbers_db [req-83d6b234-f170-4f7e-aae8-d0b232709868 req-f4835a30-c1b8-484e-8501-d904d38bd17d f34b6856e58741d984e76ebe6925e894 7b9127ffdcb3435890d7e9428881b75b - - default default] Successfully bumped revision number for resource d573bf0f-d182-4448-9af2-9d9da0284aaa (type: ports) to 1 [pid: 8|app: 0|req: 811/1748] 10.0.0.62 () {34 vars in 664 bytes} [Tue Jun 9 10:58:40 2026] POST /v2.0/ports => generated 965 bytes in 567 msecs (HTTP/1.1 201) 4 headers in 162 bytes (1 switches on core 0) /var/lib/openstack/lib/python3.12/site-packages/pycadf/identifier.py:70: UserWarning: Invalid uuid: neutron. To ensure interoperability, identifiers should be a valid uuid. warnings.warn(('Invalid uuid: %s. To ensure interoperability, ' [pid: 8|app: 0|req: 812/1749] 10.0.0.62 () {32 vars in 716 bytes} [Tue Jun 9 10:58:40 2026] GET /v2.0/ports/96f08eff-e3f1-49b2-95d1-876f4638066d => generated 943 bytes in 36 msecs (HTTP/1.1 200) 4 headers in 157 bytes (1 switches on core 0) [pid: 7|app: 0|req: 938/1750] 199.204.45.242 () {38 vars in 955 bytes} [Tue Jun 9 10:58:40 2026] POST /v2.0/ports => generated 954 bytes in 533 msecs (HTTP/1.1 201) 4 headers in 162 bytes (1 switches on core 0) /var/lib/openstack/lib/python3.12/site-packages/pycadf/identifier.py:70: UserWarning: Invalid uuid: neutron. To ensure interoperability, identifiers should be a valid uuid. warnings.warn(('Invalid uuid: %s. To ensure interoperability, ' [pid: 8|app: 0|req: 813/1751] 10.0.0.62 () {32 vars in 723 bytes} [Tue Jun 9 10:58:40 2026] DELETE /v2.0/subnets/8fbda21f-a848-4599-a373-b356b43ac6a1 => generated 0 bytes in 133 msecs (HTTP/1.1 204) 3 headers in 131 bytes (1 switches on core 0)
2026-06-09 10:58:40.798 7 INFO neutron_taas.services.taas.taas_plugin [None req-bc89abe4-d7a4-4110-b420-54528e3f3c60 e127a00737464878b57309d7b25b5140 6b0bda906d114c80b5b97816a4cd0558 - - default default] TaaS: Handle Delete Port: 75103c64-b44f-4996-90f6-5b83f89ef76a
2026-06-09 10:58:40.802 7 INFO neutron_taas.services.taas.tap_mirror_plugin [None req-bc89abe4-d7a4-4110-b420-54528e3f3c60 e127a00737464878b57309d7b25b5140 6b0bda906d114c80b5b97816a4cd0558 - - default default] Tap Mirror: Handle Delete Port: 75103c64-b44f-4996-90f6-5b83f89ef76a [pid: 7|app: 0|req: 939/1752] 10.0.0.62 () {32 vars in 719 bytes} [Tue Jun 9 10:58:40 2026] DELETE /v2.0/ports/75103c64-b44f-4996-90f6-5b83f89ef76a => generated 0 bytes in 243 msecs (HTTP/1.1 204) 3 headers in 131 bytes (1 switches on core 0)
2026-06-09 10:58:41.038 8 INFO neutron_taas.services.taas.taas_plugin [None req-fe3e7af6-c68b-416b-afaf-6eac62dfcd8d 595171bfc42449fe850f76ac7b1174de 7696921142f04c388918bf4e9c62bf60 - - default default] TaaS: Handle Delete Port: 96f08eff-e3f1-49b2-95d1-876f4638066d
2026-06-09 10:58:41.043 8 INFO neutron_taas.services.taas.tap_mirror_plugin [None req-fe3e7af6-c68b-416b-afaf-6eac62dfcd8d 595171bfc42449fe850f76ac7b1174de 7696921142f04c388918bf4e9c62bf60 - - default default] Tap Mirror: Handle Delete Port: 96f08eff-e3f1-49b2-95d1-876f4638066d
2026-06-09 10:58:41.269 7 INFO neutron.db.ovn_revision_numbers_db [req-83d6b234-f170-4f7e-aae8-d0b232709868 req-fa278a27-b46d-41a4-97e4-d6394698ce8c 336aa24204de45b08358850303fd1f1a 74b41b37e80f4feebb19beb597c40730 - - 652d65b7c4df416ba0800b646c7a8085 652d65b7c4df416ba0800b646c7a8085] Successfully bumped revision number for resource d573bf0f-d182-4448-9af2-9d9da0284aaa (type: ports) to 2 [pid: 8|app: 0|req: 814/1753] 10.0.0.62 () {34 vars in 788 bytes} [Tue Jun 9 10:58:40 2026] PUT /v2.0/routers/56e2de5c-7e0d-4c71-986b-078e1eef13df/remove_router_interface => generated 309 bytes in 564 msecs (HTTP/1.1 200) 4 headers in 157 bytes (1 switches on core 0) /var/lib/openstack/lib/python3.12/site-packages/pycadf/identifier.py:70: UserWarning: Invalid uuid: neutron. To ensure interoperability, identifiers should be a valid uuid. warnings.warn(('Invalid uuid: %s. To ensure interoperability, ' [pid: 8|app: 0|req: 815/1754] 10.0.0.5 () {34 vars in 988 bytes} [Tue Jun 9 10:58:41 2026] GET /v2.0/ports?device_id=24d36b46-58f4-4d4b-ab64-059a9ec03327 => generated 969 bytes in 75 msecs (HTTP/1.1 200) 4 headers in 157 bytes (1 switches on core 0) [pid: 8|app: 0|req: 816/1755] 10.0.0.62 () {32 vars in 646 bytes} [Tue Jun 9 10:58:41 2026] GET /v2.0/subnets => generated 649 bytes in 37 msecs (HTTP/1.1 200) 4 headers in 157 bytes (1 switches on core 0)
2026-06-09 10:58:41.477 7 INFO neutron.db.ovn_revision_numbers_db [req-83d6b234-f170-4f7e-aae8-d0b232709868 req-fa278a27-b46d-41a4-97e4-d6394698ce8c 336aa24204de45b08358850303fd1f1a 74b41b37e80f4feebb19beb597c40730 - - 652d65b7c4df416ba0800b646c7a8085 652d65b7c4df416ba0800b646c7a8085] Successfully bumped revision number for resource d573bf0f-d182-4448-9af2-9d9da0284aaa (type: ports) to 4
2026-06-09 10:58:41.494 8 INFO neutron.pecan_wsgi.hooks.translation [None req-adc74424-4489-47e3-855c-253206492d15 e127a00737464878b57309d7b25b5140 6b0bda906d114c80b5b97816a4cd0558 - - default default] DELETE failed (client error): The resource could not be found. [pid: 8|app: 0|req: 817/1756] 10.0.0.62 () {32 vars in 719 bytes} [Tue Jun 9 10:58:41 2026] DELETE /v2.0/ports/75103c64-b44f-4996-90f6-5b83f89ef76a => generated 132 bytes in 29 msecs (HTTP/1.1 404) 4 headers in 164 bytes (1 switches on core 0) [pid: 7|app: 0|req: 940/1758] 199.204.45.242 () {38 vars in 1028 bytes} [Tue Jun 9 10:58:40 2026] PUT /v2.0/ports/d573bf0f-d182-4448-9af2-9d9da0284aaa => generated 1204 bytes in 584 msecs (HTTP/1.1 200) 4 headers in 158 bytes (1 switches on core 0) /var/lib/openstack/lib/python3.12/site-packages/pycadf/identifier.py:70: UserWarning: Invalid uuid: neutron. To ensure interoperability, identifiers should be a valid uuid. warnings.warn(('Invalid uuid: %s. To ensure interoperability, ' [pid: 8|app: 0|req: 819/1759] 10.0.0.62 () {32 vars in 735 bytes} [Tue Jun 9 10:58:41 2026] GET /v2.0/ports?device_id=56e2de5c-7e0d-4c71-986b-078e1eef13df => generated 12 bytes in 22 msecs (HTTP/1.1 200) 4 headers in 156 bytes (1 switches on core 0) [pid: 7|app: 0|req: 941/1760] 10.0.0.5 () {34 vars in 1038 bytes} [Tue Jun 9 10:58:41 2026] GET /v2.0/security-groups?id=4da33995-65cc-40b0-887c-b8e2f73acb27&fields=id&fields=name => generated 114 bytes in 38 msecs (HTTP/1.1 200) 4 headers in 157 bytes (1 switches on core 0)
2026-06-09 10:58:41.549 7 INFO neutron.notifiers.nova [-] Nova event matching ['req-d3398355-29d2-4ba5-89f2-8af6af4f0916'] response: {'name': 'network-changed', 'server_uuid': '24d36b46-58f4-4d4b-ab64-059a9ec03327', 'tag': 'd573bf0f-d182-4448-9af2-9d9da0284aaa', 'status': 'completed', 'code': 200}
2026-06-09 10:58:41.571 7 INFO neutron.pecan_wsgi.hooks.translation [None req-ac36aa01-a543-4d82-9d50-ccf3f40f4f93 e127a00737464878b57309d7b25b5140 6b0bda906d114c80b5b97816a4cd0558 - - default default] GET failed (client error): The resource could not be found. [pid: 7|app: 0|req: 942/1761] 10.0.0.62 () {32 vars in 716 bytes} [Tue Jun 9 10:58:41 2026] GET /v2.0/ports/75103c64-b44f-4996-90f6-5b83f89ef76a => generated 132 bytes in 27 msecs (HTTP/1.1 404) 4 headers in 164 bytes (1 switches on core 0)
2026-06-09 10:58:41.650 8 INFO neutron_taas.services.taas.taas_plugin [None req-716a0653-2fc4-42d2-ad25-c3155372f4c8 6e173929aae3484c818d9a4f8b61a73f 601385c27d1a4eab89418c5b4f8b9e17 - - default default] TaaS: Handle Delete Port: c8a95087-c1e6-4783-91bb-005c28d1e9ab
2026-06-09 10:58:41.653 8 INFO neutron_taas.services.taas.tap_mirror_plugin [None req-716a0653-2fc4-42d2-ad25-c3155372f4c8 6e173929aae3484c818d9a4f8b61a73f 601385c27d1a4eab89418c5b4f8b9e17 - - default default] Tap Mirror: Handle Delete Port: c8a95087-c1e6-4783-91bb-005c28d1e9ab [pid: 7|app: 0|req: 943/1762] 10.0.0.62 () {32 vars in 723 bytes} [Tue Jun 9 10:58:41 2026] DELETE /v2.0/routers/56e2de5c-7e0d-4c71-986b-078e1eef13df => generated 0 bytes in 161 msecs (HTTP/1.1 204) 2 headers in 112 bytes (1 switches on core 0)
2026-06-09 10:58:41.845 8 INFO neutron.services.segments.plugin [-] Segment 407477d0-b8f3-46de-a25b-e01017915b97 resource provider aggregate not found
2026-06-09 10:58:41.851 8 INFO neutron.services.segments.plugin [-] Segment 407477d0-b8f3-46de-a25b-e01017915b97 resource provider aggregate not found
2026-06-09 10:58:41.863 8 INFO neutron.services.segments.plugin [-] Segment 407477d0-b8f3-46de-a25b-e01017915b97 resource provider not found; error: Placement Client Error (4xx): {"errors": [{"status": 404, "title": "Not Found", "detail": "The resource could not be found.\n\n No resource provider with uuid 407477d0-b8f3-46de-a25b-e01017915b97 found for delete ", "request_id": "req-17bfc947-6cd5-4b01-bd3f-0e5383851e04"}]}
2026-06-09 10:58:41.869 8 INFO neutron.services.segments.plugin [-] Segment 407477d0-b8f3-46de-a25b-e01017915b97 resource provider not found; error: Placement Client Error (4xx): {"errors": [{"status": 404, "title": "Not Found", "detail": "The resource could not be found.\n\n No resource provider with uuid 407477d0-b8f3-46de-a25b-e01017915b97 found for delete ", "request_id": "req-bd5b3103-5116-4272-aecd-79b527a8fc12"}]} [pid: 7|app: 0|req: 944/1763] 10.0.0.62 () {32 vars in 723 bytes} [Tue Jun 9 10:58:41 2026] DELETE /v2.0/subnets/d177482a-8236-417a-8276-dd6927f4e6e9 => generated 0 bytes in 151 msecs (HTTP/1.1 204) 3 headers in 131 bytes (1 switches on core 0) [pid: 8|app: 0|req: 820/1764] 10.0.0.62 () {32 vars in 725 bytes} [Tue Jun 9 10:58:41 2026] DELETE /v2.0/networks/5bcb5a52-ab7a-4720-aa78-a13aea7671e1 => generated 0 bytes in 380 msecs (HTTP/1.1 204) 3 headers in 131 bytes (1 switches on core 0) [pid: 7|app: 0|req: 945/1765] 10.0.0.62 () {32 vars in 723 bytes} [Tue Jun 9 10:58:41 2026] DELETE /v2.0/subnets/da0fd5e3-93f2-4b1c-a149-e300620757d3 => generated 0 bytes in 146 msecs (HTTP/1.1 204) 3 headers in 131 bytes (1 switches on core 0)
2026-06-09 10:58:42.156 7 INFO neutron_taas.services.taas.taas_plugin [None req-a908953d-8dee-4e97-a94b-09e269579232 6e173929aae3484c818d9a4f8b61a73f 601385c27d1a4eab89418c5b4f8b9e17 - - default default] TaaS: Handle Delete Port: c977b8a3-c419-4003-8be8-3d2916d0be73
2026-06-09 10:58:42.158 7 INFO neutron_taas.services.taas.tap_mirror_plugin [None req-a908953d-8dee-4e97-a94b-09e269579232 6e173929aae3484c818d9a4f8b61a73f 601385c27d1a4eab89418c5b4f8b9e17 - - default default] Tap Mirror: Handle Delete Port: c977b8a3-c419-4003-8be8-3d2916d0be73
2026-06-09 10:58:42.300 7 INFO neutron.services.segments.plugin [-] Segment 74deee57-ce64-4cec-817f-6bf050f930c8 resource provider aggregate not found
2026-06-09 10:58:42.306 7 INFO neutron.services.segments.plugin [-] Segment 74deee57-ce64-4cec-817f-6bf050f930c8 resource provider aggregate not found
2026-06-09 10:58:42.328 7 INFO neutron.services.segments.plugin [-] Segment 74deee57-ce64-4cec-817f-6bf050f930c8 resource provider not found; error: Placement Client Error (4xx): {"errors": [{"status": 404, "title": "Not Found", "detail": "The resource could not be found.\n\n No resource provider with uuid 74deee57-ce64-4cec-817f-6bf050f930c8 found for delete ", "request_id": "req-66465da1-99a6-4b50-8986-bc7503565caf"}]}
2026-06-09 10:58:42.332 7 INFO neutron.services.segments.plugin [-] Segment 74deee57-ce64-4cec-817f-6bf050f930c8 resource provider not found; error: Placement Client Error (4xx): {"errors": [{"status": 404, "title": "Not Found", "detail": "The resource could not be found.\n\n No resource provider with uuid 74deee57-ce64-4cec-817f-6bf050f930c8 found for delete ", "request_id": "req-26692db7-0d8f-40ed-b977-9119b551b3f7"}]} [pid: 7|app: 0|req: 946/1766] 10.0.0.62 () {32 vars in 725 bytes} [Tue Jun 9 10:58:42 2026] DELETE /v2.0/networks/c1503ce0-1c26-4605-b654-85eff0d16dab => generated 0 bytes in 307 msecs (HTTP/1.1 204) 3 headers in 131 bytes (1 switches on core 0)
2026-06-09 10:58:42.442 7 INFO neutron_taas.services.taas.taas_plugin [None req-e4c96251-1b03-483e-8ddd-a3ea69f07a98 595171bfc42449fe850f76ac7b1174de 7696921142f04c388918bf4e9c62bf60 - - default default] TaaS: Handle Delete Port: 4ab3654d-bc7c-46f4-a3b7-cb7b741645da
2026-06-09 10:58:42.444 7 INFO neutron_taas.services.taas.tap_mirror_plugin [None req-e4c96251-1b03-483e-8ddd-a3ea69f07a98 595171bfc42449fe850f76ac7b1174de 7696921142f04c388918bf4e9c62bf60 - - default default] Tap Mirror: Handle Delete Port: 4ab3654d-bc7c-46f4-a3b7-cb7b741645da
2026-06-09 10:58:42.502 8 INFO neutron_taas.services.taas.taas_plugin [None req-04bfedb0-da51-42e8-98d1-bb551ceab299 e127a00737464878b57309d7b25b5140 6b0bda906d114c80b5b97816a4cd0558 - - default default] TaaS: Handle Delete Port: 052c1ef7-60db-4c2c-849e-0390c7383d78
2026-06-09 10:58:42.507 8 INFO neutron_taas.services.taas.tap_mirror_plugin [None req-04bfedb0-da51-42e8-98d1-bb551ceab299 e127a00737464878b57309d7b25b5140 6b0bda906d114c80b5b97816a4cd0558 - - default default] Tap Mirror: Handle Delete Port: 052c1ef7-60db-4c2c-849e-0390c7383d78 [pid: 7|app: 0|req: 947/1767] 10.0.0.62 () {32 vars in 725 bytes} [Tue Jun 9 10:58:42 2026] DELETE /v2.0/networks/52f0f0eb-3fec-4e78-8230-585fdef402d5 => generated 0 bytes in 367 msecs (HTTP/1.1 204) 3 headers in 131 bytes (1 switches on core 0) [pid: 7|app: 0|req: 948/1768] 199.204.45.242 () {34 vars in 1080 bytes} [Tue Jun 9 10:58:42 2026] GET /v2.0/ports?tenant_id=7b9127ffdcb3435890d7e9428881b75b&device_id=24d36b46-58f4-4d4b-ab64-059a9ec03327 => generated 1207 bytes in 34 msecs (HTTP/1.1 200) 4 headers in 158 bytes (1 switches on core 0) [pid: 8|app: 0|req: 821/1769] 10.0.0.62 () {32 vars in 725 bytes} [Tue Jun 9 10:58:41 2026] DELETE /v2.0/networks/a8fd27af-79f8-49b4-b4ff-2f692cc09b3b => generated 0 bytes in 878 msecs (HTTP/1.1 204) 3 headers in 131 bytes (1 switches on core 0) [pid: 8|app: 0|req: 822/1770] 10.0.0.5 () {34 vars in 988 bytes} [Tue Jun 9 10:58:42 2026] GET /v2.0/ports?device_id=24d36b46-58f4-4d4b-ab64-059a9ec03327 => generated 969 bytes in 37 msecs (HTTP/1.1 200) 4 headers in 157 bytes (1 switches on core 0)
2026-06-09 10:58:42.895 7 INFO neutron_taas.services.taas.taas_plugin [None req-71bbf3e8-648a-4b6a-bec3-9711af5dcba9 6e173929aae3484c818d9a4f8b61a73f 601385c27d1a4eab89418c5b4f8b9e17 - - default default] TaaS: Handle Delete Port: 87643883-8fb4-4f57-b2d3-a6417a1a7066
2026-06-09 10:58:42.898 7 INFO neutron_taas.services.taas.tap_mirror_plugin [None req-71bbf3e8-648a-4b6a-bec3-9711af5dcba9 6e173929aae3484c818d9a4f8b61a73f 601385c27d1a4eab89418c5b4f8b9e17 - - default default] Tap Mirror: Handle Delete Port: 87643883-8fb4-4f57-b2d3-a6417a1a7066 [pid: 7|app: 0|req: 949/1771] 10.0.0.62 () {32 vars in 725 bytes} [Tue Jun 9 10:58:42 2026] DELETE /v2.0/networks/88fc35b3-affa-4379-ac9b-1c467d04739e => generated 0 bytes in 376 msecs (HTTP/1.1 204) 3 headers in 131 bytes (1 switches on core 0) [pid: 7|app: 0|req: 950/1772] 199.204.45.242 () {34 vars in 1018 bytes} [Tue Jun 9 10:58:43 2026] GET /v2.0/networks?tenant_id=7b9127ffdcb3435890d7e9428881b75b&shared=False => generated 798 bytes in 38 msecs (HTTP/1.1 200) 4 headers in 157 bytes (1 switches on core 0)
2026-06-09 10:58:43.247 7 INFO neutron.db.segments_db [None req-e5f7d5b3-267f-427c-b49e-7f85506be4c6 e127a00737464878b57309d7b25b5140 6b0bda906d114c80b5b97816a4cd0558 - - default default] Added segment 2f3ed451-3d9f-4c77-b093-7439f49a5f9f of type geneve for network ada7d040-d405-4145-83ca-1a10709d3c1c
2026-06-09 10:58:43.259 8 WARNING neutron.scheduler.dhcp_agent_scheduler [None req-99e08849-2f22-4f08-bf4b-8c11a601c43e 595171bfc42449fe850f76ac7b1174de 7696921142f04c388918bf4e9c62bf60 - - default default] No more DHCP agents
2026-06-09 10:58:43.260 8 WARNING neutron.api.rpc.agentnotifiers.dhcp_rpc_agent_api [None req-99e08849-2f22-4f08-bf4b-8c11a601c43e 595171bfc42449fe850f76ac7b1174de 7696921142f04c388918bf4e9c62bf60 - - default default] Unable to schedule network 0da494fd-06fd-4a67-a46a-10f2b66281a9: no agents available; will retry on subsequent port and subnet creation events.
2026-06-09 10:58:43.355 7 INFO neutron.db.ovn_revision_numbers_db [None req-e5f7d5b3-267f-427c-b49e-7f85506be4c6 e127a00737464878b57309d7b25b5140 6b0bda906d114c80b5b97816a4cd0558 - - default default] Successfully bumped revision number for resource ada7d040-d405-4145-83ca-1a10709d3c1c (type: networks) to 1
2026-06-09 10:58:43.383 7 INFO neutron.plugins.ml2.drivers.ovn.mech_driver.mech_driver [None req-7c65a5a7-3949-4e1c-b295-79286d63ddf0 - - - - - -] OVN reports status down for port: cb86a4a8-03f2-4196-a1ae-64e713fa7bd5
2026-06-09 10:58:43.419 8 INFO neutron.db.ovn_revision_numbers_db [None req-99e08849-2f22-4f08-bf4b-8c11a601c43e 595171bfc42449fe850f76ac7b1174de 7696921142f04c388918bf4e9c62bf60 - - default default] Successfully bumped revision number for resource cb86a4a8-03f2-4196-a1ae-64e713fa7bd5 (type: ports) to 1
2026-06-09 10:58:43.600 7 WARNING neutron.scheduler.dhcp_agent_scheduler [None req-e5f7d5b3-267f-427c-b49e-7f85506be4c6 e127a00737464878b57309d7b25b5140 6b0bda906d114c80b5b97816a4cd0558 - - default default] No more DHCP agents
2026-06-09 10:58:43.601 7 WARNING neutron.api.rpc.agentnotifiers.dhcp_rpc_agent_api [None req-e5f7d5b3-267f-427c-b49e-7f85506be4c6 e127a00737464878b57309d7b25b5140 6b0bda906d114c80b5b97816a4cd0558 - - default default] Unable to schedule network ada7d040-d405-4145-83ca-1a10709d3c1c: no agents available; will retry on subsequent port and subnet creation events.
2026-06-09 10:58:43.660 7 INFO neutron.plugins.ml2.drivers.ovn.mech_driver.mech_driver [None req-7c65a5a7-3949-4e1c-b295-79286d63ddf0 - - - - - -] OVN reports status down for port: 111ef872-d86a-488d-956e-fe8e2da0c6ec
2026-06-09 10:58:43.723 7 INFO neutron.db.ovn_revision_numbers_db [None req-e5f7d5b3-267f-427c-b49e-7f85506be4c6 e127a00737464878b57309d7b25b5140 6b0bda906d114c80b5b97816a4cd0558 - - default default] Successfully bumped revision number for resource 111ef872-d86a-488d-956e-fe8e2da0c6ec (type: ports) to 1 [pid: 7|app: 0|req: 951/1773] 10.0.0.62 () {34 vars in 669 bytes} [Tue Jun 9 10:58:43 2026] POST /v2.0/networks => generated 655 bytes in 606 msecs (HTTP/1.1 201) 4 headers in 162 bytes (1 switches on core 0) [pid: 7|app: 0|req: 952/1774] 10.0.0.5 () {34 vars in 1038 bytes} [Tue Jun 9 10:58:43 2026] GET /v2.0/security-groups?id=4da33995-65cc-40b0-887c-b8e2f73acb27&fields=id&fields=name => generated 114 bytes in 31 msecs (HTTP/1.1 200) 4 headers in 157 bytes (1 switches on core 0)
2026-06-09 10:58:43.887 8 INFO neutron.services.segments.plugin [-] Segment b7e7eb5a-f081-4a7c-bd33-c67ae07c5f5f resource provider aggregate not found
2026-06-09 10:58:43.892 8 INFO neutron.services.segments.plugin [-] Segment b7e7eb5a-f081-4a7c-bd33-c67ae07c5f5f resource provider aggregate not found
2026-06-09 10:58:43.903 7 INFO neutron_taas.services.taas.taas_plugin [None req-164bf7ee-73cf-4494-bbb4-1d57ba3e7407 6e173929aae3484c818d9a4f8b61a73f 601385c27d1a4eab89418c5b4f8b9e17 - - default default] TaaS: Handle Delete Port: 05feffce-4478-45d6-9026-2083e6761212
2026-06-09 10:58:43.906 7 INFO neutron_taas.services.taas.tap_mirror_plugin [None req-164bf7ee-73cf-4494-bbb4-1d57ba3e7407 6e173929aae3484c818d9a4f8b61a73f 601385c27d1a4eab89418c5b4f8b9e17 - - default default] Tap Mirror: Handle Delete Port: 05feffce-4478-45d6-9026-2083e6761212
2026-06-09 10:58:43.914 8 INFO neutron.services.segments.plugin [-] Segment b7e7eb5a-f081-4a7c-bd33-c67ae07c5f5f resource provider not found; error: Placement Client Error (4xx): {"errors": [{"status": 404, "title": "Not Found", "detail": "The resource could not be found.\n\n No resource provider with uuid b7e7eb5a-f081-4a7c-bd33-c67ae07c5f5f found for delete ", "request_id": "req-805e3507-9389-4805-81e0-cd035221bfad"}]}
2026-06-09 10:58:43.916 8 INFO neutron.services.segments.plugin [-] Segment b7e7eb5a-f081-4a7c-bd33-c67ae07c5f5f resource provider not found; error: Placement Client Error (4xx): {"errors": [{"status": 404, "title": "Not Found", "detail": "The resource could not be found.\n\n No resource provider with uuid b7e7eb5a-f081-4a7c-bd33-c67ae07c5f5f found for delete ", "request_id": "req-880f1008-b8cf-4b73-8b27-0b2171bf2272"}]} [pid: 7|app: 0|req: 953/1775] 10.0.0.62 () {32 vars in 725 bytes} [Tue Jun 9 10:58:43 2026] DELETE /v2.0/networks/ad86dddf-d836-4377-88e5-778ee1b8fa9d => generated 0 bytes in 310 msecs (HTTP/1.1 204) 3 headers in 131 bytes (1 switches on core 0)
2026-06-09 10:58:44.126 8 INFO neutron.plugins.ml2.drivers.ovn.mech_driver.ovsdb.commands [None req-fe0c2b1c-a5a4-476f-a323-64e86552e2cb - - - - - -] Schedule LRP lrp-cb86a4a8-03f2-4196-a1ae-64e713fa7bd5 on gateway 34b10f90-c88b-4618-b728-a70760276ca8 with priority 1
2026-06-09 10:58:44.169 7 INFO neutron.plugins.ml2.drivers.ovn.mech_driver.mech_driver [None req-7c65a5a7-3949-4e1c-b295-79286d63ddf0 - - - - - -] OVN reports status up for port: cb86a4a8-03f2-4196-a1ae-64e713fa7bd5
2026-06-09 10:58:44.186 8 INFO neutron.db.ovn_revision_numbers_db [None req-99e08849-2f22-4f08-bf4b-8c11a601c43e 595171bfc42449fe850f76ac7b1174de 7696921142f04c388918bf4e9c62bf60 - - default default] Successfully bumped revision number for resource cb86a4a8-03f2-4196-a1ae-64e713fa7bd5 (type: router_ports) to 1 [pid: 7|app: 0|req: 954/1776] 199.204.45.242 () {34 vars in 930 bytes} [Tue Jun 9 10:58:44 2026] GET /v2.0/networks?shared=True => generated 791 bytes in 83 msecs (HTTP/1.1 200) 4 headers in 157 bytes (1 switches on core 0)
2026-06-09 10:58:44.194 7 INFO neutron.plugins.ml2.plugin [None req-7c65a5a7-3949-4e1c-b295-79286d63ddf0 - - - - - -] Attempt 1 to provision port cb86a4a8-03f2-4196-a1ae-64e713fa7bd5
2026-06-09 10:58:44.260 8 INFO neutron.db.ovn_revision_numbers_db [None req-99e08849-2f22-4f08-bf4b-8c11a601c43e 595171bfc42449fe850f76ac7b1174de 7696921142f04c388918bf4e9c62bf60 - - default default] Successfully bumped revision number for resource 0db2e502-0769-4305-b771-e500fbde4a28 (type: routers) to 2 [pid: 8|app: 0|req: 823/1777] 10.0.0.62 () {34 vars in 668 bytes} [Tue Jun 9 10:58:42 2026] POST /v2.0/routers => generated 948 bytes in 1459 msecs (HTTP/1.1 201) 4 headers in 162 bytes (1 switches on core 0) [pid: 8|app: 0|req: 824/1778] 10.0.0.62 () {32 vars in 720 bytes} [Tue Jun 9 10:58:44 2026] GET /v2.0/routers/0db2e502-0769-4305-b771-e500fbde4a28 => generated 954 bytes in 66 msecs (HTTP/1.1 200) 4 headers in 157 bytes (1 switches on core 0)
2026-06-09 10:58:44.355 7 INFO neutron.services.segments.plugin [-] Segment 67594e56-ec24-4362-9f18-85be272951d4 resource provider aggregate not found
2026-06-09 10:58:44.361 7 INFO neutron.services.segments.plugin [-] Segment 67594e56-ec24-4362-9f18-85be272951d4 resource provider aggregate not found
2026-06-09 10:58:44.377 7 INFO neutron.services.segments.plugin [-] Segment 67594e56-ec24-4362-9f18-85be272951d4 resource provider not found; error: Placement Client Error (4xx): {"errors": [{"status": 404, "title": "Not Found", "detail": "The resource could not be found.\n\n No resource provider with uuid 67594e56-ec24-4362-9f18-85be272951d4 found for delete ", "request_id": "req-69d794a3-b51f-41c8-bde1-6525b2899a66"}]}
2026-06-09 10:58:44.379 7 INFO neutron.services.segments.plugin [-] Segment 67594e56-ec24-4362-9f18-85be272951d4 resource provider not found; error: Placement Client Error (4xx): {"errors": [{"status": 404, "title": "Not Found", "detail": "The resource could not be found.\n\n No resource provider with uuid 67594e56-ec24-4362-9f18-85be272951d4 found for delete ", "request_id": "req-2f959699-3aeb-46df-b70f-deff97c64c78"}]}
2026-06-09 10:58:44.402 7 INFO neutron.services.segments.plugin [-] Segment bdefa783-b275-42a0-ab15-b952b5ea0e77 resource provider aggregate not found
2026-06-09 10:58:44.405 7 INFO neutron.services.segments.plugin [-] Segment bdefa783-b275-42a0-ab15-b952b5ea0e77 resource provider aggregate not found
2026-06-09 10:58:44.425 7 INFO neutron.services.segments.plugin [-] Segment bdefa783-b275-42a0-ab15-b952b5ea0e77 resource provider not found; error: Placement Client Error (4xx): {"errors": [{"status": 404, "title": "Not Found", "detail": "The resource could not be found.\n\n No resource provider with uuid bdefa783-b275-42a0-ab15-b952b5ea0e77 found for delete ", "request_id": "req-db88527c-4fd1-46ec-b535-a598d283943e"}]}
2026-06-09 10:58:44.432 7 INFO neutron.services.segments.plugin [-] Segment bdefa783-b275-42a0-ab15-b952b5ea0e77 resource provider not found; error: Placement Client Error (4xx): {"errors": [{"status": 404, "title": "Not Found", "detail": "The resource could not be found.\n\n No resource provider with uuid bdefa783-b275-42a0-ab15-b952b5ea0e77 found for delete ", "request_id": "req-42562aca-8d6c-43cc-8738-2027c3b44ccd"}]} [pid: 8|app: 0|req: 825/1779] 10.0.0.62 () {32 vars in 646 bytes} [Tue Jun 9 10:58:44 2026] GET /v2.0/routers => generated 957 bytes in 85 msecs (HTTP/1.1 200) 4 headers in 157 bytes (1 switches on core 0)
2026-06-09 10:58:44.441 7 INFO neutron.services.segments.plugin [-] Segment 86f47e87-f2d4-4403-959c-f9d6cd798518 resource provider aggregate not found
2026-06-09 10:58:44.451 7 INFO neutron.services.segments.plugin [-] Segment 86f47e87-f2d4-4403-959c-f9d6cd798518 resource provider aggregate not found
2026-06-09 10:58:44.459 7 INFO neutron.services.segments.plugin [-] Segment 86f47e87-f2d4-4403-959c-f9d6cd798518 resource provider not found; error: Placement Client Error (4xx): {"errors": [{"status": 404, "title": "Not Found", "detail": "The resource could not be found.\n\n No resource provider with uuid 86f47e87-f2d4-4403-959c-f9d6cd798518 found for delete ", "request_id": "req-8ee8fe6a-5b99-4120-a035-606f3508e723"}]}
2026-06-09 10:58:44.473 7 INFO neutron.services.segments.plugin [-] Segment 86f47e87-f2d4-4403-959c-f9d6cd798518 resource provider not found; error: Placement Client Error (4xx): {"errors": [{"status": 404, "title": "Not Found", "detail": "The resource could not be found.\n\n No resource provider with uuid 86f47e87-f2d4-4403-959c-f9d6cd798518 found for delete ", "request_id": "req-5fc83372-1a0e-48e8-98de-ef1b16786610"}]}
2026-06-09 10:58:44.489 7 WARNING neutron.scheduler.dhcp_agent_scheduler [None req-c1379e59-446a-4d6a-9452-b724b6eca5de e127a00737464878b57309d7b25b5140 6b0bda906d114c80b5b97816a4cd0558 - - default default] No more DHCP agents
2026-06-09 10:58:44.490 7 WARNING neutron.api.rpc.agentnotifiers.dhcp_rpc_agent_api [None req-c1379e59-446a-4d6a-9452-b724b6eca5de e127a00737464878b57309d7b25b5140 6b0bda906d114c80b5b97816a4cd0558 - - default default] Unable to schedule network ada7d040-d405-4145-83ca-1a10709d3c1c: no agents available; will retry on subsequent port and subnet creation events.
2026-06-09 10:58:44.518 8 WARNING neutron.plugins.ml2.drivers.ovn.mech_driver.ovsdb.ovn_client [None req-4b1ac061-6e18-4d83-80f2-fe6706cfacf5 - - - - - -] No port found with ID 96f08eff-e3f1-49b2-95d1-876f4638066d: RuntimeError: No port found with ID 96f08eff-e3f1-49b2-95d1-876f4638066d
2026-06-09 10:58:44.524 7 INFO neutron.db.ovn_revision_numbers_db [None req-c1379e59-446a-4d6a-9452-b724b6eca5de e127a00737464878b57309d7b25b5140 6b0bda906d114c80b5b97816a4cd0558 - - default default] Successfully bumped revision number for resource fc59eea6-1fe6-49bd-b864-ded2a214a67e (type: subnets) to 0 [pid: 7|app: 0|req: 955/1780] 10.0.0.62 () {34 vars in 668 bytes} [Tue Jun 9 10:58:44 2026] POST /v2.0/subnets => generated 646 bytes in 354 msecs (HTTP/1.1 201) 4 headers in 162 bytes (1 switches on core 0)
2026-06-09 10:58:44.569 8 INFO neutron.plugins.ml2.drivers.ovn.mech_driver.mech_driver [None req-4b1ac061-6e18-4d83-80f2-fe6706cfacf5 - - - - - -] OVN reports status down for port: 75103c64-b44f-4996-90f6-5b83f89ef76a
2026-06-09 10:58:44.802 7 WARNING neutron.scheduler.dhcp_agent_scheduler [None req-bac0e2d3-8c5d-43fd-9e0f-2fccde85ae20 e127a00737464878b57309d7b25b5140 6b0bda906d114c80b5b97816a4cd0558 - - default default] No more DHCP agents
2026-06-09 10:58:44.803 7 WARNING neutron.api.rpc.agentnotifiers.dhcp_rpc_agent_api [None req-bac0e2d3-8c5d-43fd-9e0f-2fccde85ae20 e127a00737464878b57309d7b25b5140 6b0bda906d114c80b5b97816a4cd0558 - - default default] Unable to schedule network ada7d040-d405-4145-83ca-1a10709d3c1c: no agents available; will retry on subsequent port and subnet creation events.
