2026-06-09 10:23:40.733 7 INFO neutron.api.extensions [None req-c3e23e4f-7612-49cd-950a-c4ce7f675d83 - - - - - -] Loaded extension: multi-provider
2026-06-09 10:23:40.733 7 INFO neutron.api.extensions [None req-c3e23e4f-7612-49cd-950a-c4ce7f675d83 - - - - - -] Loaded extension: net-mtu
2026-06-09 10:23:40.733 8 INFO neutron.api.extensions [None req-9299dc47-ded3-4771-bb80-794a4218cdc4 - - - - - -] Loaded extension: vpn-aes-ctr
2026-06-09 10:23:40.733 7 INFO neutron.api.extensions [None req-c3e23e4f-7612-49cd-950a-c4ce7f675d83 - - - - - -] Loaded extension: net-mtu-writable
2026-06-09 10:23:40.734 7 INFO neutron.api.extensions [None req-c3e23e4f-7612-49cd-950a-c4ce7f675d83 - - - - - -] Loaded extension: network_availability_zone
2026-06-09 10:23:40.735 7 INFO neutron.api.extensions [None req-c3e23e4f-7612-49cd-950a-c4ce7f675d83 - - - - - -] Extension network_ha not supported by any of loaded plugins
2026-06-09 10:23:40.735 8 INFO neutron.api.extensions [None req-9299dc47-ded3-4771-bb80-794a4218cdc4 - - - - - -] Loaded extension: vpn-agent-scheduler
2026-06-09 10:23:40.735 7 INFO neutron.api.extensions [None req-c3e23e4f-7612-49cd-950a-c4ce7f675d83 - - - - - -] Loaded extension: network-ip-availability
2026-06-09 10:23:40.736 8 INFO neutron.api.extensions [None req-9299dc47-ded3-4771-bb80-794a4218cdc4 - - - - - -] Loaded extension: vpn-endpoint-groups
2026-06-09 10:23:40.736 7 INFO neutron.api.extensions [None req-c3e23e4f-7612-49cd-950a-c4ce7f675d83 - - - - - -] Extension network-segment-range not supported by any of loaded plugins
2026-06-09 10:23:40.736 8 INFO neutron.api.extensions [None req-9299dc47-ded3-4771-bb80-794a4218cdc4 - - - - - -] Loaded extension: vpn-flavors
2026-06-09 10:23:40.737 7 INFO neutron.api.extensions [None req-c3e23e4f-7612-49cd-950a-c4ce7f675d83 - - - - - -] Loaded extension: pagination
2026-06-09 10:23:40.737 7 INFO neutron.api.extensions [None req-c3e23e4f-7612-49cd-950a-c4ce7f675d83 - - - - - -] Loaded extension: port-device-profile
2026-06-09 10:23:40.738 7 INFO neutron.api.extensions [None req-c3e23e4f-7612-49cd-950a-c4ce7f675d83 - - - - - -] Extension port-hardware-offload-type not supported by any of loaded plugins
2026-06-09 10:23:40.738 8 INFO neutron.api.extensions [None req-9299dc47-ded3-4771-bb80-794a4218cdc4 - - - - - -] Loaded extension: vpnaas
2026-06-09 10:23:40.738 7 INFO neutron.api.extensions [None req-c3e23e4f-7612-49cd-950a-c4ce7f675d83 - - - - - -] Extension port-hint-ovs-tx-steering not supported by any of loaded plugins
2026-06-09 10:23:40.739 7 INFO neutron.api.extensions [None req-c3e23e4f-7612-49cd-950a-c4ce7f675d83 - - - - - -] Extension port-hints not supported by any of loaded plugins
2026-06-09 10:23:40.739 7 INFO neutron.api.extensions [None req-c3e23e4f-7612-49cd-950a-c4ce7f675d83 - - - - - -] Extension port-mac-override not supported by any of loaded plugins
2026-06-09 10:23:40.739 8 INFO neutron.api.extensions [None req-9299dc47-ded3-4771-bb80-794a4218cdc4 - - - - - -] Loaded extension: taas
2026-06-09 10:23:40.740 7 INFO neutron.api.extensions [None req-c3e23e4f-7612-49cd-950a-c4ce7f675d83 - - - - - -] Loaded extension: port-mac-address-regenerate
2026-06-09 10:23:40.740 7 INFO neutron.api.extensions [None req-c3e23e4f-7612-49cd-950a-c4ce7f675d83 - - - - - -] Loaded extension: port-numa-affinity-policy
2026-06-09 10:23:40.740 8 INFO neutron.api.extensions [None req-9299dc47-ded3-4771-bb80-794a4218cdc4 - - - - - -] Loaded extension: tap-mirror
2026-06-09 10:23:40.741 7 INFO neutron.api.extensions [None req-c3e23e4f-7612-49cd-950a-c4ce7f675d83 - - - - - -] Loaded extension: port-numa-affinity-policy-socket
2026-06-09 10:23:40.741 8 INFO neutron.api.extensions [None req-9299dc47-ded3-4771-bb80-794a4218cdc4 - - - - - -] Loaded extension: taas-vlan-filter
2026-06-09 10:23:40.741 7 INFO neutron.api.extensions [None req-c3e23e4f-7612-49cd-950a-c4ce7f675d83 - - - - - -] Loaded extension: port-resource-request
2026-06-09 10:23:40.741 7 INFO neutron.api.extensions [None req-c3e23e4f-7612-49cd-950a-c4ce7f675d83 - - - - - -] Loaded extension: port-resource-request-groups
2026-06-09 10:23:40.742 7 INFO neutron.api.extensions [None req-c3e23e4f-7612-49cd-950a-c4ce7f675d83 - - - - - -] Extension port-trusted-vif not supported by any of loaded plugins
2026-06-09 10:23:40.742 7 INFO neutron.api.extensions [None req-c3e23e4f-7612-49cd-950a-c4ce7f675d83 - - - - - -] Loaded extension: binding
2026-06-09 10:23:40.743 8 INFO neutron.quota.resource_registry [None req-9299dc47-ded3-4771-bb80-794a4218cdc4 - - - - - -] Creating instance of TrackedResource for resource:network
2026-06-09 10:23:40.743 7 INFO neutron.api.extensions [None req-c3e23e4f-7612-49cd-950a-c4ce7f675d83 - - - - - -] Loaded extension: binding-extended
2026-06-09 10:23:40.743 8 INFO neutron.quota.resource_registry [None req-9299dc47-ded3-4771-bb80-794a4218cdc4 - - - - - -] Creating instance of TrackedResource for resource:subnet
2026-06-09 10:23:40.743 8 INFO neutron.quota.resource_registry [None req-9299dc47-ded3-4771-bb80-794a4218cdc4 - - - - - -] Creating instance of TrackedResource for resource:subnetpool
2026-06-09 10:23:40.744 8 INFO neutron.quota.resource_registry [None req-9299dc47-ded3-4771-bb80-794a4218cdc4 - - - - - -] Creating instance of TrackedResource for resource:port
2026-06-09 10:23:40.744 7 INFO neutron.api.extensions [None req-c3e23e4f-7612-49cd-950a-c4ce7f675d83 - - - - - -] Loaded extension: port-security
2026-06-09 10:23:40.744 7 INFO neutron.api.extensions [None req-c3e23e4f-7612-49cd-950a-c4ce7f675d83 - - - - - -] Loaded extension: project-id
2026-06-09 10:23:40.745 7 INFO neutron.api.extensions [None req-c3e23e4f-7612-49cd-950a-c4ce7f675d83 - - - - - -] Loaded extension: provider
2026-06-09 10:23:40.745 7 INFO neutron.api.extensions [None req-c3e23e4f-7612-49cd-950a-c4ce7f675d83 - - - - - -] Loaded extension: qinq
2026-06-09 10:23:40.746 8 INFO neutron.quota.resource_registry [None req-9299dc47-ded3-4771-bb80-794a4218cdc4 - - - - - -] Creating instance of TrackedResource for resource:router
2026-06-09 10:23:40.747 8 INFO neutron.quota.resource_registry [None req-9299dc47-ded3-4771-bb80-794a4218cdc4 - - - - - -] Creating instance of TrackedResource for resource:floatingip
2026-06-09 10:23:40.747 7 INFO neutron.api.extensions [None req-c3e23e4f-7612-49cd-950a-c4ce7f675d83 - - - - - -] Loaded extension: qos
2026-06-09 10:23:40.748 7 INFO neutron.api.extensions [None req-c3e23e4f-7612-49cd-950a-c4ce7f675d83 - - - - - -] Loaded extension: qos-bw-limit-direction
2026-06-09 10:23:40.749 7 INFO neutron.api.extensions [None req-c3e23e4f-7612-49cd-950a-c4ce7f675d83 - - - - - -] Loaded extension: qos-bw-minimum-ingress
2026-06-09 10:23:40.749 7 INFO neutron.api.extensions [None req-c3e23e4f-7612-49cd-950a-c4ce7f675d83 - - - - - -] Loaded extension: qos-default
2026-06-09 10:23:40.750 7 INFO neutron.api.extensions [None req-c3e23e4f-7612-49cd-950a-c4ce7f675d83 - - - - - -] Loaded extension: qos-fip
2026-06-09 10:23:40.750 7 INFO neutron.api.extensions [None req-c3e23e4f-7612-49cd-950a-c4ce7f675d83 - - - - - -] Extension qos-fip-network-policy not supported by any of loaded plugins
2026-06-09 10:23:40.751 7 INFO neutron.api.extensions [None req-c3e23e4f-7612-49cd-950a-c4ce7f675d83 - - - - - -] Loaded extension: qos-gateway-ip
2026-06-09 10:23:40.751 7 INFO neutron.api.extensions [None req-c3e23e4f-7612-49cd-950a-c4ce7f675d83 - - - - - -] Loaded extension: qos-port-network-policy
2026-06-09 10:23:40.752 7 INFO neutron.api.extensions [None req-c3e23e4f-7612-49cd-950a-c4ce7f675d83 - - - - - -] Loaded extension: qos-pps-minimum
2026-06-09 10:23:40.752 7 INFO neutron.api.extensions [None req-c3e23e4f-7612-49cd-950a-c4ce7f675d83 - - - - - -] Loaded extension: qos-pps-minimum-rule-alias
2026-06-09 10:23:40.753 8 INFO neutron.quota.resource_registry [None req-9299dc47-ded3-4771-bb80-794a4218cdc4 - - - - - -] Creating instance of CountableResource for resource:rbac_policy
2026-06-09 10:23:40.753 7 INFO neutron.api.extensions [None req-c3e23e4f-7612-49cd-950a-c4ce7f675d83 - - - - - -] Loaded extension: qos-pps
2026-06-09 10:23:40.753 8 INFO neutron.quota.resource_registry [None req-9299dc47-ded3-4771-bb80-794a4218cdc4 - - - - - -] Creating instance of TrackedResource for resource:security_group
2026-06-09 10:23:40.753 7 INFO neutron.api.extensions [None req-c3e23e4f-7612-49cd-950a-c4ce7f675d83 - - - - - -] Loaded extension: qos-rule-type-details
2026-06-09 10:23:40.754 8 INFO neutron.quota.resource_registry [None req-9299dc47-ded3-4771-bb80-794a4218cdc4 - - - - - -] Creating instance of TrackedResource for resource:security_group_rule
2026-06-09 10:23:40.754 7 INFO neutron.api.extensions [None req-c3e23e4f-7612-49cd-950a-c4ce7f675d83 - - - - - -] Loaded extension: qos-rule-type-filter
2026-06-09 10:23:40.754 7 INFO neutron.api.extensions [None req-c3e23e4f-7612-49cd-950a-c4ce7f675d83 - - - - - -] Loaded extension: qos-rules-alias
2026-06-09 10:23:40.755 8 INFO neutron.quota.resource_registry [None req-9299dc47-ded3-4771-bb80-794a4218cdc4 - - - - - -] Creating instance of TrackedResource for resource:subnetpool
2026-06-09 10:23:40.755 8 WARNING neutron.quota.resource_registry [None req-9299dc47-ded3-4771-bb80-794a4218cdc4 - - - - - -] subnetpool is already registered
2026-06-09 10:23:40.755 7 INFO neutron.api.extensions [None req-c3e23e4f-7612-49cd-950a-c4ce7f675d83 - - - - - -] Loaded extension: quota-check-limit
2026-06-09 10:23:40.755 8 INFO neutron.quota.resource_registry [None req-9299dc47-ded3-4771-bb80-794a4218cdc4 - - - - - -] Creating instance of CountableResource for resource:trunk
2026-06-09 10:23:40.756 8 INFO neutron.quota.resource_registry [None req-9299dc47-ded3-4771-bb80-794a4218cdc4 - - - - - -] Creating instance of CountableResource for resource:ikepolicy
2026-06-09 10:23:40.756 7 INFO neutron.api.extensions [None req-c3e23e4f-7612-49cd-950a-c4ce7f675d83 - - - - - -] Loaded extension: quota-check-limit-default
2026-06-09 10:23:40.756 8 INFO neutron.quota.resource_registry [None req-9299dc47-ded3-4771-bb80-794a4218cdc4 - - - - - -] Creating instance of CountableResource for resource:ipsecpolicy
2026-06-09 10:23:40.756 8 INFO neutron.quota.resource_registry [None req-9299dc47-ded3-4771-bb80-794a4218cdc4 - - - - - -] Creating instance of CountableResource for resource:endpoint_group
2026-06-09 10:23:40.757 8 INFO neutron.quota.resource_registry [None req-9299dc47-ded3-4771-bb80-794a4218cdc4 - - - - - -] Creating instance of CountableResource for resource:vpnservice
2026-06-09 10:23:40.757 8 INFO neutron.quota.resource_registry [None req-9299dc47-ded3-4771-bb80-794a4218cdc4 - - - - - -] Creating instance of CountableResource for resource:ipsec_site_connection
2026-06-09 10:23:40.758 8 INFO neutron.quota.resource_registry [None req-9299dc47-ded3-4771-bb80-794a4218cdc4 - - - - - -] Creating instance of CountableResource for resource:ipsecpolicy
2026-06-09 10:23:40.758 7 INFO neutron.api.extensions [None req-c3e23e4f-7612-49cd-950a-c4ce7f675d83 - - - - - -] Loaded extension: quotas
2026-06-09 10:23:40.758 8 WARNING neutron.quota.resource_registry [None req-9299dc47-ded3-4771-bb80-794a4218cdc4 - - - - - -] ipsecpolicy is already registered
2026-06-09 10:23:40.758 8 INFO neutron.quota.resource_registry [None req-9299dc47-ded3-4771-bb80-794a4218cdc4 - - - - - -] Creating instance of CountableResource for resource:ikepolicy
2026-06-09 10:23:40.758 8 WARNING neutron.quota.resource_registry [None req-9299dc47-ded3-4771-bb80-794a4218cdc4 - - - - - -] ikepolicy is already registered
2026-06-09 10:23:40.759 7 INFO neutron.api.extensions [None req-c3e23e4f-7612-49cd-950a-c4ce7f675d83 - - - - - -] Loaded extension: quota_details
2026-06-09 10:23:40.760 7 INFO neutron.api.extensions [None req-c3e23e4f-7612-49cd-950a-c4ce7f675d83 - - - - - -] Loaded extension: rbac-policies
2026-06-09 10:23:40.761 7 INFO neutron.api.extensions [None req-c3e23e4f-7612-49cd-950a-c4ce7f675d83 - - - - - -] Extension rbac-address-group not supported by any of loaded plugins
2026-06-09 10:23:40.761 7 INFO neutron.api.extensions [None req-c3e23e4f-7612-49cd-950a-c4ce7f675d83 - - - - - -] Loaded extension: rbac-address-scope
2026-06-09 10:23:40.762 7 INFO neutron.api.extensions [None req-c3e23e4f-7612-49cd-950a-c4ce7f675d83 - - - - - -] Loaded extension: rbac-security-groups
2026-06-09 10:23:40.762 7 INFO neutron.api.extensions [None req-c3e23e4f-7612-49cd-950a-c4ce7f675d83 - - - - - -] Extension rbac-subnetpool not supported by any of loaded plugins
2026-06-09 10:23:40.763 8 INFO neutron.quota.resource_registry [None req-9299dc47-ded3-4771-bb80-794a4218cdc4 - - - - - -] Creating instance of TrackedResource for resource:router
2026-06-09 10:23:40.763 8 WARNING neutron.quota.resource_registry [None req-9299dc47-ded3-4771-bb80-794a4218cdc4 - - - - - -] router is already registered
2026-06-09 10:23:40.763 7 INFO neutron.api.extensions [None req-c3e23e4f-7612-49cd-950a-c4ce7f675d83 - - - - - -] Loaded extension: revision-if-match
2026-06-09 10:23:40.763 8 INFO neutron.quota.resource_registry [None req-9299dc47-ded3-4771-bb80-794a4218cdc4 - - - - - -] Creating instance of TrackedResource for resource:floatingip
2026-06-09 10:23:40.763 8 WARNING neutron.quota.resource_registry [None req-9299dc47-ded3-4771-bb80-794a4218cdc4 - - - - - -] floatingip is already registered
2026-06-09 10:23:40.763 7 INFO neutron.api.extensions [None req-c3e23e4f-7612-49cd-950a-c4ce7f675d83 - - - - - -] Loaded extension: standard-attr-revisions
2026-06-09 10:23:40.764 7 INFO neutron.api.extensions [None req-c3e23e4f-7612-49cd-950a-c4ce7f675d83 - - - - - -] Loaded extension: router_availability_zone
2026-06-09 10:23:40.764 7 INFO neutron.api.extensions [None req-c3e23e4f-7612-49cd-950a-c4ce7f675d83 - - - - - -] Extension router-service-type not supported by any of loaded plugins
2026-06-09 10:23:40.766 7 INFO neutron.api.extensions [None req-c3e23e4f-7612-49cd-950a-c4ce7f675d83 - - - - - -] Loaded extension: security-groups-default-rules
2026-06-09 10:23:40.767 7 INFO neutron.api.extensions [None req-c3e23e4f-7612-49cd-950a-c4ce7f675d83 - - - - - -] Loaded extension: security-groups-normalized-cidr
2026-06-09 10:23:40.767 7 INFO neutron.api.extensions [None req-c3e23e4f-7612-49cd-950a-c4ce7f675d83 - - - - - -] Extension port-security-groups-filtering not supported by any of loaded plugins
2026-06-09 10:23:40.768 8 INFO neutron.quota.resource_registry [None req-9299dc47-ded3-4771-bb80-794a4218cdc4 - - - - - -] Creating instance of CountableResource for resource:rbac_policy
2026-06-09 10:23:40.768 7 INFO neutron.api.extensions [None req-c3e23e4f-7612-49cd-950a-c4ce7f675d83 - - - - - -] Loaded extension: security-groups-remote-address-group
2026-06-09 10:23:40.768 8 WARNING neutron.quota.resource_registry [None req-9299dc47-ded3-4771-bb80-794a4218cdc4 - - - - - -] rbac_policy is already registered
2026-06-09 10:23:40.768 7 INFO neutron.api.extensions [None req-c3e23e4f-7612-49cd-950a-c4ce7f675d83 - - - - - -] Loaded extension: security-groups-rules-belongs-to-default-sg
2026-06-09 10:23:40.768 8 INFO neutron.quota.resource_registry [None req-9299dc47-ded3-4771-bb80-794a4218cdc4 - - - - - -] Creating instance of TrackedResource for resource:security_group
2026-06-09 10:23:40.769 8 WARNING neutron.quota.resource_registry [None req-9299dc47-ded3-4771-bb80-794a4218cdc4 - - - - - -] security_group is already registered
2026-06-09 10:23:40.769 7 INFO neutron.api.extensions [None req-c3e23e4f-7612-49cd-950a-c4ce7f675d83 - - - - - -] Loaded extension: security-groups-shared-filtering
2026-06-09 10:23:40.769 8 INFO neutron.quota.resource_registry [None req-9299dc47-ded3-4771-bb80-794a4218cdc4 - - - - - -] Creating instance of TrackedResource for resource:security_group_rule
2026-06-09 10:23:40.769 8 WARNING neutron.quota.resource_registry [None req-9299dc47-ded3-4771-bb80-794a4218cdc4 - - - - - -] security_group_rule is already registered
2026-06-09 10:23:40.770 8 INFO neutron.quota.resource_registry [None req-9299dc47-ded3-4771-bb80-794a4218cdc4 - - - - - -] Creating instance of TrackedResource for resource:subnetpool
2026-06-09 10:23:40.770 8 WARNING neutron.quota.resource_registry [None req-9299dc47-ded3-4771-bb80-794a4218cdc4 - - - - - -] subnetpool is already registered
2026-06-09 10:23:40.770 8 INFO neutron.quota.resource_registry [None req-9299dc47-ded3-4771-bb80-794a4218cdc4 - - - - - -] Creating instance of CountableResource for resource:trunk
2026-06-09 10:23:40.771 8 WARNING neutron.quota.resource_registry [None req-9299dc47-ded3-4771-bb80-794a4218cdc4 - - - - - -] trunk is already registered
2026-06-09 10:23:40.771 8 INFO neutron.quota.resource_registry [None req-9299dc47-ded3-4771-bb80-794a4218cdc4 - - - - - -] Creating instance of CountableResource for resource:ikepolicy
2026-06-09 10:23:40.771 8 WARNING neutron.quota.resource_registry [None req-9299dc47-ded3-4771-bb80-794a4218cdc4 - - - - - -] ikepolicy is already registered
2026-06-09 10:23:40.771 8 INFO neutron.quota.resource_registry [None req-9299dc47-ded3-4771-bb80-794a4218cdc4 - - - - - -] Creating instance of CountableResource for resource:ipsecpolicy
2026-06-09 10:23:40.772 8 WARNING neutron.quota.resource_registry [None req-9299dc47-ded3-4771-bb80-794a4218cdc4 - - - - - -] ipsecpolicy is already registered
2026-06-09 10:23:40.772 8 INFO neutron.quota.resource_registry [None req-9299dc47-ded3-4771-bb80-794a4218cdc4 - - - - - -] Creating instance of CountableResource for resource:endpoint_group
2026-06-09 10:23:40.772 8 WARNING neutron.quota.resource_registry [None req-9299dc47-ded3-4771-bb80-794a4218cdc4 - - - - - -] endpoint_group is already registered
2026-06-09 10:23:40.772 8 INFO neutron.quota.resource_registry [None req-9299dc47-ded3-4771-bb80-794a4218cdc4 - - - - - -] Creating instance of CountableResource for resource:vpnservice
2026-06-09 10:23:40.773 8 WARNING neutron.quota.resource_registry [None req-9299dc47-ded3-4771-bb80-794a4218cdc4 - - - - - -] vpnservice is already registered
2026-06-09 10:23:40.773 8 INFO neutron.quota.resource_registry [None req-9299dc47-ded3-4771-bb80-794a4218cdc4 - - - - - -] Creating instance of CountableResource for resource:ipsec_site_connection
2026-06-09 10:23:40.773 8 WARNING neutron.quota.resource_registry [None req-9299dc47-ded3-4771-bb80-794a4218cdc4 - - - - - -] ipsec_site_connection is already registered
2026-06-09 10:23:40.773 7 INFO neutron.api.extensions [None req-c3e23e4f-7612-49cd-950a-c4ce7f675d83 - - - - - -] Loaded extension: security-group
2026-06-09 10:23:40.773 8 INFO neutron.quota.resource_registry [None req-9299dc47-ded3-4771-bb80-794a4218cdc4 - - - - - -] Creating instance of CountableResource for resource:ipsecpolicy
2026-06-09 10:23:40.773 8 WARNING neutron.quota.resource_registry [None req-9299dc47-ded3-4771-bb80-794a4218cdc4 - - - - - -] ipsecpolicy is already registered
2026-06-09 10:23:40.774 8 INFO neutron.quota.resource_registry [None req-9299dc47-ded3-4771-bb80-794a4218cdc4 - - - - - -] Creating instance of CountableResource for resource:ikepolicy
2026-06-09 10:23:40.774 8 WARNING neutron.quota.resource_registry [None req-9299dc47-ded3-4771-bb80-794a4218cdc4 - - - - - -] ikepolicy is already registered
2026-06-09 10:23:40.774 7 INFO neutron.api.extensions [None req-c3e23e4f-7612-49cd-950a-c4ce7f675d83 - - - - - -] Loaded extension: segment
2026-06-09 10:23:40.775 7 INFO neutron.api.extensions [None req-c3e23e4f-7612-49cd-950a-c4ce7f675d83 - - - - - -] Loaded extension: segments-peer-subnet-host-routes
2026-06-09 10:23:40.775 7 INFO neutron.api.extensions [None req-c3e23e4f-7612-49cd-950a-c4ce7f675d83 - - - - - -] Loaded extension: service-type
2026-06-09 10:23:40.776 7 INFO neutron.api.extensions [None req-c3e23e4f-7612-49cd-950a-c4ce7f675d83 - - - - - -] Loaded extension: sorting
2026-06-09 10:23:40.776 7 INFO neutron.api.extensions [None req-c3e23e4f-7612-49cd-950a-c4ce7f675d83 - - - - - -] Loaded extension: standard-attr-segment
2026-06-09 10:23:40.777 7 INFO neutron.api.extensions [None req-c3e23e4f-7612-49cd-950a-c4ce7f675d83 - - - - - -] Loaded extension: standard-attr-description
2026-06-09 10:23:40.777 7 INFO neutron.api.extensions [None req-c3e23e4f-7612-49cd-950a-c4ce7f675d83 - - - - - -] Loaded extension: stateful-security-group
2026-06-09 10:23:40.778 7 WARNING neutron.api.extensions [None req-c3e23e4f-7612-49cd-950a-c4ce7f675d83 - - - - - -] Did not find expected name "Stdattrs_common" in /var/lib/openstack/lib/python3.12/site-packages/neutron/extensions/stdattrs_common.py
2026-06-09 10:23:40.778 7 INFO neutron.api.extensions [None req-c3e23e4f-7612-49cd-950a-c4ce7f675d83 - - - - - -] Loaded extension: subnet-dns-publish-fixed-ip
2026-06-09 10:23:40.779 7 INFO neutron.api.extensions [None req-c3e23e4f-7612-49cd-950a-c4ce7f675d83 - - - - - -] Loaded extension: subnet-external-network
2026-06-09 10:23:40.779 7 INFO neutron.api.extensions [None req-c3e23e4f-7612-49cd-950a-c4ce7f675d83 - - - - - -] Extension subnet_onboard not supported by any of loaded plugins
2026-06-09 10:23:40.780 7 INFO neutron.api.extensions [None req-c3e23e4f-7612-49cd-950a-c4ce7f675d83 - - - - - -] Loaded extension: subnet-segmentid-writable
2026-06-09 10:23:40.780 7 INFO neutron.api.extensions [None req-c3e23e4f-7612-49cd-950a-c4ce7f675d83 - - - - - -] Loaded extension: subnet-service-types
2026-06-09 10:23:40.781 7 INFO neutron.api.extensions [None req-c3e23e4f-7612-49cd-950a-c4ce7f675d83 - - - - - -] Loaded extension: subnet_allocation
2026-06-09 10:23:40.782 7 INFO neutron.api.extensions [None req-c3e23e4f-7612-49cd-950a-c4ce7f675d83 - - - - - -] Loaded extension: subnetpool-prefix-ops
2026-06-09 10:23:40.782 7 INFO neutron.api.extensions [None req-c3e23e4f-7612-49cd-950a-c4ce7f675d83 - - - - - -] Loaded extension: tag-creation
2026-06-09 10:23:40.783 7 INFO neutron.api.extensions [None req-c3e23e4f-7612-49cd-950a-c4ce7f675d83 - - - - - -] Extension tag-ports-during-bulk-creation not supported by any of loaded plugins
2026-06-09 10:23:40.787 7 INFO neutron.api.extensions [None req-c3e23e4f-7612-49cd-950a-c4ce7f675d83 - - - - - -] Loaded extension: standard-attr-tag
2026-06-09 10:23:40.787 7 INFO neutron.api.extensions [None req-c3e23e4f-7612-49cd-950a-c4ce7f675d83 - - - - - -] Loaded extension: standard-attr-timestamp
2026-06-09 10:23:40.788 7 INFO neutron.api.extensions [None req-c3e23e4f-7612-49cd-950a-c4ce7f675d83 - - - - - -] Loaded extension: trunk
2026-06-09 10:23:40.789 7 INFO neutron.api.extensions [None req-c3e23e4f-7612-49cd-950a-c4ce7f675d83 - - - - - -] Loaded extension: trunk-details
2026-06-09 10:23:40.789 7 INFO neutron.api.extensions [None req-c3e23e4f-7612-49cd-950a-c4ce7f675d83 - - - - - -] Extension uplink-status-propagation not supported by any of loaded plugins
2026-06-09 10:23:40.790 7 INFO neutron.api.extensions [None req-c3e23e4f-7612-49cd-950a-c4ce7f675d83 - - - - - -] Extension uplink-status-propagation-updatable not supported by any of loaded plugins
2026-06-09 10:23:40.790 7 INFO neutron.api.extensions [None req-c3e23e4f-7612-49cd-950a-c4ce7f675d83 - - - - - -] Loaded extension: vlan-transparent
2026-06-09 10:23:40.791 7 INFO neutron.api.extensions [None req-c3e23e4f-7612-49cd-950a-c4ce7f675d83 - - - - - -] Loaded extension: vpn-aes-ctr
2026-06-09 10:23:40.793 7 INFO neutron.api.extensions [None req-c3e23e4f-7612-49cd-950a-c4ce7f675d83 - - - - - -] Loaded extension: vpn-agent-scheduler
2026-06-09 10:23:40.794 7 INFO neutron.api.extensions [None req-c3e23e4f-7612-49cd-950a-c4ce7f675d83 - - - - - -] Loaded extension: vpn-endpoint-groups
2026-06-09 10:23:40.794 7 INFO neutron.api.extensions [None req-c3e23e4f-7612-49cd-950a-c4ce7f675d83 - - - - - -] Loaded extension: vpn-flavors
2026-06-09 10:23:40.796 7 INFO neutron.api.extensions [None req-c3e23e4f-7612-49cd-950a-c4ce7f675d83 - - - - - -] Loaded extension: vpnaas
2026-06-09 10:23:40.797 7 INFO neutron.api.extensions [None req-c3e23e4f-7612-49cd-950a-c4ce7f675d83 - - - - - -] Loaded extension: taas
2026-06-09 10:23:40.798 7 INFO neutron.api.extensions [None req-c3e23e4f-7612-49cd-950a-c4ce7f675d83 - - - - - -] Loaded extension: tap-mirror
2026-06-09 10:23:40.799 7 INFO neutron.api.extensions [None req-c3e23e4f-7612-49cd-950a-c4ce7f675d83 - - - - - -] Loaded extension: taas-vlan-filter
2026-06-09 10:23:40.801 7 INFO neutron.quota.resource_registry [None req-c3e23e4f-7612-49cd-950a-c4ce7f675d83 - - - - - -] Creating instance of TrackedResource for resource:network
2026-06-09 10:23:40.801 7 INFO neutron.quota.resource_registry [None req-c3e23e4f-7612-49cd-950a-c4ce7f675d83 - - - - - -] Creating instance of TrackedResource for resource:subnet
2026-06-09 10:23:40.801 7 INFO neutron.quota.resource_registry [None req-c3e23e4f-7612-49cd-950a-c4ce7f675d83 - - - - - -] Creating instance of TrackedResource for resource:subnetpool
2026-06-09 10:23:40.802 7 INFO neutron.quota.resource_registry [None req-c3e23e4f-7612-49cd-950a-c4ce7f675d83 - - - - - -] Creating instance of TrackedResource for resource:port
2026-06-09 10:23:40.805 7 INFO neutron.quota.resource_registry [None req-c3e23e4f-7612-49cd-950a-c4ce7f675d83 - - - - - -] Creating instance of TrackedResource for resource:router
2026-06-09 10:23:40.805 7 INFO neutron.quota.resource_registry [None req-c3e23e4f-7612-49cd-950a-c4ce7f675d83 - - - - - -] Creating instance of TrackedResource for resource:floatingip
2026-06-09 10:23:40.810 7 INFO neutron.quota.resource_registry [None req-c3e23e4f-7612-49cd-950a-c4ce7f675d83 - - - - - -] Creating instance of CountableResource for resource:rbac_policy
2026-06-09 10:23:40.810 8 WARNING keystonemiddleware._common.config [None req-9299dc47-ded3-4771-bb80-794a4218cdc4 - - - - - -] The option "audit_map_file" is not known to keystonemiddleware
2026-06-09 10:23:40.811 7 INFO neutron.quota.resource_registry [None req-c3e23e4f-7612-49cd-950a-c4ce7f675d83 - - - - - -] Creating instance of TrackedResource for resource:security_group
2026-06-09 10:23:40.811 7 INFO neutron.quota.resource_registry [None req-c3e23e4f-7612-49cd-950a-c4ce7f675d83 - - - - - -] Creating instance of TrackedResource for resource:security_group_rule
2026-06-09 10:23:40.812 7 INFO neutron.quota.resource_registry [None req-c3e23e4f-7612-49cd-950a-c4ce7f675d83 - - - - - -] Creating instance of TrackedResource for resource:subnetpool
2026-06-09 10:23:40.812 7 WARNING neutron.quota.resource_registry [None req-c3e23e4f-7612-49cd-950a-c4ce7f675d83 - - - - - -] subnetpool is already registered
2026-06-09 10:23:40.813 7 INFO neutron.quota.resource_registry [None req-c3e23e4f-7612-49cd-950a-c4ce7f675d83 - - - - - -] Creating instance of CountableResource for resource:trunk
2026-06-09 10:23:40.813 7 INFO neutron.quota.resource_registry [None req-c3e23e4f-7612-49cd-950a-c4ce7f675d83 - - - - - -] Creating instance of CountableResource for resource:ikepolicy
2026-06-09 10:23:40.813 7 INFO neutron.quota.resource_registry [None req-c3e23e4f-7612-49cd-950a-c4ce7f675d83 - - - - - -] Creating instance of CountableResource for resource:ipsecpolicy
2026-06-09 10:23:40.814 7 INFO neutron.quota.resource_registry [None req-c3e23e4f-7612-49cd-950a-c4ce7f675d83 - - - - - -] Creating instance of CountableResource for resource:endpoint_group
2026-06-09 10:23:40.814 7 INFO neutron.quota.resource_registry [None req-c3e23e4f-7612-49cd-950a-c4ce7f675d83 - - - - - -] Creating instance of CountableResource for resource:vpnservice
2026-06-09 10:23:40.815 7 INFO neutron.quota.resource_registry [None req-c3e23e4f-7612-49cd-950a-c4ce7f675d83 - - - - - -] Creating instance of CountableResource for resource:ipsec_site_connection
2026-06-09 10:23:40.815 7 INFO neutron.quota.resource_registry [None req-c3e23e4f-7612-49cd-950a-c4ce7f675d83 - - - - - -] Creating instance of CountableResource for resource:ipsecpolicy
2026-06-09 10:23:40.815 7 WARNING neutron.quota.resource_registry [None req-c3e23e4f-7612-49cd-950a-c4ce7f675d83 - - - - - -] ipsecpolicy is already registered
2026-06-09 10:23:40.816 7 INFO neutron.quota.resource_registry [None req-c3e23e4f-7612-49cd-950a-c4ce7f675d83 - - - - - -] Creating instance of CountableResource for resource:ikepolicy
2026-06-09 10:23:40.816 7 WARNING neutron.quota.resource_registry [None req-c3e23e4f-7612-49cd-950a-c4ce7f675d83 - - - - - -] ikepolicy is already registered
2026-06-09 10:23:40.817 8 WARNING oslo_config.cfg [None req-9299dc47-ded3-4771-bb80-794a4218cdc4 - - - - - -] Deprecated: Option "auth_uri" from group "keystone_authtoken" is deprecated. Use option "www_authenticate_uri" from group "keystone_authtoken".
2026-06-09 10:23:40.831 7 INFO neutron.quota.resource_registry [None req-c3e23e4f-7612-49cd-950a-c4ce7f675d83 - - - - - -] Creating instance of TrackedResource for resource:router
2026-06-09 10:23:40.832 7 WARNING neutron.quota.resource_registry [None req-c3e23e4f-7612-49cd-950a-c4ce7f675d83 - - - - - -] router is already registered
2026-06-09 10:23:40.833 7 INFO neutron.quota.resource_registry [None req-c3e23e4f-7612-49cd-950a-c4ce7f675d83 - - - - - -] Creating instance of TrackedResource for resource:floatingip
2026-06-09 10:23:40.834 7 WARNING neutron.quota.resource_registry [None req-c3e23e4f-7612-49cd-950a-c4ce7f675d83 - - - - - -] floatingip is already registered
2026-06-09 10:23:40.840 7 INFO neutron.quota.resource_registry [None req-c3e23e4f-7612-49cd-950a-c4ce7f675d83 - - - - - -] Creating instance of CountableResource for resource:rbac_policy
2026-06-09 10:23:40.840 7 WARNING neutron.quota.resource_registry [None req-c3e23e4f-7612-49cd-950a-c4ce7f675d83 - - - - - -] rbac_policy is already registered
2026-06-09 10:23:40.841 7 INFO neutron.quota.resource_registry [None req-c3e23e4f-7612-49cd-950a-c4ce7f675d83 - - - - - -] Creating instance of TrackedResource for resource:security_group
2026-06-09 10:23:40.841 7 WARNING neutron.quota.resource_registry [None req-c3e23e4f-7612-49cd-950a-c4ce7f675d83 - - - - - -] security_group is already registered
2026-06-09 10:23:40.841 7 INFO neutron.quota.resource_registry [None req-c3e23e4f-7612-49cd-950a-c4ce7f675d83 - - - - - -] Creating instance of TrackedResource for resource:security_group_rule
2026-06-09 10:23:40.842 7 WARNING neutron.quota.resource_registry [None req-c3e23e4f-7612-49cd-950a-c4ce7f675d83 - - - - - -] security_group_rule is already registered
2026-06-09 10:23:40.842 7 INFO neutron.quota.resource_registry [None req-c3e23e4f-7612-49cd-950a-c4ce7f675d83 - - - - - -] Creating instance of TrackedResource for resource:subnetpool
2026-06-09 10:23:40.842 7 WARNING neutron.quota.resource_registry [None req-c3e23e4f-7612-49cd-950a-c4ce7f675d83 - - - - - -] subnetpool is already registered
2026-06-09 10:23:40.843 7 INFO neutron.quota.resource_registry [None req-c3e23e4f-7612-49cd-950a-c4ce7f675d83 - - - - - -] Creating instance of CountableResource for resource:trunk
2026-06-09 10:23:40.843 7 WARNING neutron.quota.resource_registry [None req-c3e23e4f-7612-49cd-950a-c4ce7f675d83 - - - - - -] trunk is already registered
2026-06-09 10:23:40.843 7 INFO neutron.quota.resource_registry [None req-c3e23e4f-7612-49cd-950a-c4ce7f675d83 - - - - - -] Creating instance of CountableResource for resource:ikepolicy
2026-06-09 10:23:40.844 7 WARNING neutron.quota.resource_registry [None req-c3e23e4f-7612-49cd-950a-c4ce7f675d83 - - - - - -] ikepolicy is already registered
2026-06-09 10:23:40.844 7 INFO neutron.quota.resource_registry [None req-c3e23e4f-7612-49cd-950a-c4ce7f675d83 - - - - - -] Creating instance of CountableResource for resource:ipsecpolicy
2026-06-09 10:23:40.844 7 WARNING neutron.quota.resource_registry [None req-c3e23e4f-7612-49cd-950a-c4ce7f675d83 - - - - - -] ipsecpolicy is already registered
2026-06-09 10:23:40.845 7 INFO neutron.quota.resource_registry [None req-c3e23e4f-7612-49cd-950a-c4ce7f675d83 - - - - - -] Creating instance of CountableResource for resource:endpoint_group
2026-06-09 10:23:40.845 7 WARNING neutron.quota.resource_registry [None req-c3e23e4f-7612-49cd-950a-c4ce7f675d83 - - - - - -] endpoint_group is already registered
2026-06-09 10:23:40.845 7 INFO neutron.quota.resource_registry [None req-c3e23e4f-7612-49cd-950a-c4ce7f675d83 - - - - - -] Creating instance of CountableResource for resource:vpnservice
2026-06-09 10:23:40.845 7 WARNING neutron.quota.resource_registry [None req-c3e23e4f-7612-49cd-950a-c4ce7f675d83 - - - - - -] vpnservice is already registered
2026-06-09 10:23:40.845 7 INFO neutron.quota.resource_registry [None req-c3e23e4f-7612-49cd-950a-c4ce7f675d83 - - - - - -] Creating instance of CountableResource for resource:ipsec_site_connection
2026-06-09 10:23:40.846 7 WARNING neutron.quota.resource_registry [None req-c3e23e4f-7612-49cd-950a-c4ce7f675d83 - - - - - -] ipsec_site_connection is already registered
2026-06-09 10:23:40.846 7 INFO neutron.quota.resource_registry [None req-c3e23e4f-7612-49cd-950a-c4ce7f675d83 - - - - - -] Creating instance of CountableResource for resource:ipsecpolicy
2026-06-09 10:23:40.846 7 WARNING neutron.quota.resource_registry [None req-c3e23e4f-7612-49cd-950a-c4ce7f675d83 - - - - - -] ipsecpolicy is already registered
2026-06-09 10:23:40.846 7 INFO neutron.quota.resource_registry [None req-c3e23e4f-7612-49cd-950a-c4ce7f675d83 - - - - - -] Creating instance of CountableResource for resource:ikepolicy
2026-06-09 10:23:40.847 7 WARNING neutron.quota.resource_registry [None req-c3e23e4f-7612-49cd-950a-c4ce7f675d83 - - - - - -] ikepolicy is already registered
2026-06-09 10:23:40.848 8 WARNING neutron.plugins.ml2.drivers.ovn.mech_driver.mech_driver [None req-9299dc47-ded3-4771-bb80-794a4218cdc4 - - - - - -] uWSGI must provide a start time using the configuration parameter "start-time %t" in the configuration file
2026-06-09 10:23:40.862 8 INFO neutron.db.ovn_hash_ring_db [None req-9299dc47-ded3-4771-bb80-794a4218cdc4 - - - - - -] Nodes from host "neutron-server-845c7dc97f-zx4rg" and group "mechanism_driver" removed from the Hash Ring created at
2026-06-09 10:23:40+00:00
2026-06-09 10:23:40.864 8 INFO neutron.db.ovn_hash_ring_db [None req-9299dc47-ded3-4771-bb80-794a4218cdc4 - - - - - -] Node 3edf9958bcfd58fcb4b7b8a4d678d18c from host "neutron-server-845c7dc97f-zx4rg" and group "mechanism_driver" added to the Hash Ring
2026-06-09 10:23:40.873 8 INFO neutron.plugins.ml2.drivers.ovn.mech_driver.mech_driver [None req-9299dc47-ded3-4771-bb80-794a4218cdc4 - - - - - -] Hash Ring probing thread for node 3edf9958bcfd58fcb4b7b8a4d678d18c has started
2026-06-09 10:23:40.873 8 INFO neutron.plugins.ml2.drivers.ovn.mech_driver.ovsdb.impl_idl_ovn [None req-9299dc47-ded3-4771-bb80-794a4218cdc4 - - - - - -] Getting OvsdbNbOvnIdl for WorkerService with retry
2026-06-09 10:23:40.883 7 WARNING keystonemiddleware._common.config [None req-c3e23e4f-7612-49cd-950a-c4ce7f675d83 - - - - - -] The option "audit_map_file" is not known to keystonemiddleware
2026-06-09 10:23:40.889 7 WARNING oslo_config.cfg [None req-c3e23e4f-7612-49cd-950a-c4ce7f675d83 - - - - - -] Deprecated: Option "auth_uri" from group "keystone_authtoken" is deprecated. Use option "www_authenticate_uri" from group "keystone_authtoken".
2026-06-09 10:23:40.904 7 WARNING neutron.plugins.ml2.drivers.ovn.mech_driver.mech_driver [None req-c3e23e4f-7612-49cd-950a-c4ce7f675d83 - - - - - -] uWSGI must provide a start time using the configuration parameter "start-time %t" in the configuration file
2026-06-09 10:23:40.906 8 INFO ovsdbapp.backend.ovs_idl.vlog [None req-9299dc47-ded3-4771-bb80-794a4218cdc4 - - - - - -] tcp:10.97.175.16:6641: connecting...
2026-06-09 10:23:40.907 8 INFO ovsdbapp.backend.ovs_idl.vlog [None req-9299dc47-ded3-4771-bb80-794a4218cdc4 - - - - - -] tcp:10.97.175.16:6641: connected
2026-06-09 10:23:40.919 7 INFO neutron.db.ovn_hash_ring_db [None req-c3e23e4f-7612-49cd-950a-c4ce7f675d83 - - - - - -] Nodes from host "neutron-server-845c7dc97f-zx4rg" and group "mechanism_driver" removed from the Hash Ring created at
2026-06-09 10:23:40+00:00
2026-06-09 10:23:40.921 7 INFO neutron.db.ovn_hash_ring_db [None req-c3e23e4f-7612-49cd-950a-c4ce7f675d83 - - - - - -] Node b58ca8d1946656bcbcdd79c31fcff928 from host "neutron-server-845c7dc97f-zx4rg" and group "mechanism_driver" added to the Hash Ring
2026-06-09 10:23:40.929 7 INFO neutron.plugins.ml2.drivers.ovn.mech_driver.mech_driver [None req-c3e23e4f-7612-49cd-950a-c4ce7f675d83 - - - - - -] Hash Ring probing thread for node b58ca8d1946656bcbcdd79c31fcff928 has started
2026-06-09 10:23:40.930 7 INFO neutron.plugins.ml2.drivers.ovn.mech_driver.ovsdb.impl_idl_ovn [None req-c3e23e4f-7612-49cd-950a-c4ce7f675d83 - - - - - -] Getting OvsdbNbOvnIdl for WorkerService with retry
2026-06-09 10:23:40.945 8 INFO neutron.plugins.ml2.drivers.ovn.mech_driver.ovsdb.impl_idl_ovn [None req-9299dc47-ded3-4771-bb80-794a4218cdc4 - - - - - -] Getting OvsdbSbOvnIdl for WorkerService with retry
2026-06-09 10:23:40.959 7 INFO ovsdbapp.backend.ovs_idl.vlog [None req-c3e23e4f-7612-49cd-950a-c4ce7f675d83 - - - - - -] tcp:10.97.175.16:6641: connecting...
2026-06-09 10:23:40.959 7 INFO ovsdbapp.backend.ovs_idl.vlog [None req-c3e23e4f-7612-49cd-950a-c4ce7f675d83 - - - - - -] tcp:10.97.175.16:6641: connected
2026-06-09 10:23:40.967 8 INFO ovsdbapp.backend.ovs_idl.vlog [None req-9299dc47-ded3-4771-bb80-794a4218cdc4 - - - - - -] tcp:10.101.14.31:6642: connecting...
2026-06-09 10:23:40.967 8 INFO ovsdbapp.backend.ovs_idl.vlog [None req-9299dc47-ded3-4771-bb80-794a4218cdc4 - - - - - -] tcp:10.101.14.31:6642: connected
2026-06-09 10:23:40.993 7 INFO neutron.plugins.ml2.drivers.ovn.mech_driver.ovsdb.impl_idl_ovn [None req-c3e23e4f-7612-49cd-950a-c4ce7f675d83 - - - - - -] Getting OvsdbSbOvnIdl for WorkerService with retry
2026-06-09 10:23:40.996 8 INFO neutron.plugins.ml2.drivers.ovn.mech_driver.mech_driver [None req-9299dc47-ded3-4771-bb80-794a4218cdc4 - - - - - -] WorkerService process has finished the post initialization
2026-06-09 10:23:40.997 8 INFO neutron.plugins.ml2.drivers.ovn.mech_driver.ovsdb.extensions.qos [-] Starting OVNClientQosExtension
2026-06-09 10:23:40.999 8 INFO neutron.plugins.ml2.drivers.ovn.mech_driver.ovsdb.extensions.placement [-] Starting OVNClientPlacementExtension
2026-06-09 10:23:41.017 7 INFO ovsdbapp.backend.ovs_idl.vlog [None req-c3e23e4f-7612-49cd-950a-c4ce7f675d83 - - - - - -] tcp:10.101.14.31:6642: connecting...
2026-06-09 10:23:41.017 7 INFO ovsdbapp.backend.ovs_idl.vlog [None req-c3e23e4f-7612-49cd-950a-c4ce7f675d83 - - - - - -] tcp:10.101.14.31:6642: connected
2026-06-09 10:23:41.017 8 INFO ovsdbapp.backend.ovs_idl.vlog [None req-9299dc47-ded3-4771-bb80-794a4218cdc4 - - - - - -] tcp:10.97.175.16:6641: connecting...
2026-06-09 10:23:41.017 8 INFO ovsdbapp.backend.ovs_idl.vlog [None req-9299dc47-ded3-4771-bb80-794a4218cdc4 - - - - - -] tcp:10.97.175.16:6641: connected
2026-06-09 10:23:41.048 7 INFO neutron.plugins.ml2.drivers.ovn.mech_driver.mech_driver [None req-c3e23e4f-7612-49cd-950a-c4ce7f675d83 - - - - - -] WorkerService process has finished the post initialization
2026-06-09 10:23:41.053 8 INFO ovsdbapp.backend.ovs_idl.vlog [None req-9299dc47-ded3-4771-bb80-794a4218cdc4 - - - - - -] tcp:10.97.175.16:6641: connecting...
2026-06-09 10:23:41.054 8 INFO ovsdbapp.backend.ovs_idl.vlog [None req-9299dc47-ded3-4771-bb80-794a4218cdc4 - - - - - -] tcp:10.97.175.16:6641: connected
2026-06-09 10:23:41.073 7 INFO ovsdbapp.backend.ovs_idl.vlog [None req-c3e23e4f-7612-49cd-950a-c4ce7f675d83 - - - - - -] tcp:10.97.175.16:6641: connecting... WSGI app 0 (mountpoint='') ready in 10 seconds on interpreter 0x7f9fc9b3b668 pid: 8 (default app)
2026-06-09 10:23:41.073 7 INFO ovsdbapp.backend.ovs_idl.vlog [None req-c3e23e4f-7612-49cd-950a-c4ce7f675d83 - - - - - -] tcp:10.97.175.16:6641: connected
2026-06-09 10:23:41.115 7 INFO ovsdbapp.backend.ovs_idl.vlog [None req-c3e23e4f-7612-49cd-950a-c4ce7f675d83 - - - - - -] tcp:10.97.175.16:6641: connecting...
2026-06-09 10:23:41.115 7 INFO ovsdbapp.backend.ovs_idl.vlog [None req-c3e23e4f-7612-49cd-950a-c4ce7f675d83 - - - - - -] tcp:10.97.175.16:6641: connected WSGI app 0 (mountpoint='') ready in 10 seconds on interpreter 0x7f9fc9b3b668 pid: 7 (default app) /var/lib/openstack/lib/python3.12/site-packages/pycadf/identifier.py:70: UserWarning: Invalid uuid: unknown. To ensure interoperability, identifiers should be a valid uuid. warnings.warn(('Invalid uuid: %s. To ensure interoperability, '
2026-06-09 10:23:47.721 8 INFO neutron.pecan_wsgi.hooks.translation [None req-f526e685-d028-47ac-84de-2d1772480a28 b190bf2e9d8940779ac5f73d6092edd0 0b69b655935a48968ec99ebbaa0ffa75 - - default default] GET failed (client error): The resource could not be found. [pid: 8|app: 0|req: 3/3] 199.204.45.242 () {44 vars in 927 bytes} [Tue Jun 9 10:23:46 2026] GET /v2.0/networks/public => generated 108 bytes in 812 msecs (HTTP/1.1 404) 4 headers in 164 bytes (1 switches on core 0) /var/lib/openstack/lib/python3.12/site-packages/pycadf/identifier.py:70: UserWarning: Invalid uuid: unknown. To ensure interoperability, identifiers should be a valid uuid. warnings.warn(('Invalid uuid: %s. To ensure interoperability, ' [pid: 7|app: 0|req: 1/4] 199.204.45.242 () {44 vars in 949 bytes} [Tue Jun 9 10:23:47 2026] GET /v2.0/networks?name=public => generated 15 bytes in 362 msecs (HTTP/1.1 200) 4 headers in 156 bytes (1 switches on core 0)
2026-06-09 10:23:48.466 8 INFO neutron.db.ovn_revision_numbers_db [None req-88c49aac-2aca-43a8-a0df-b6cb645d6254 b190bf2e9d8940779ac5f73d6092edd0 0b69b655935a48968ec99ebbaa0ffa75 - - default default] Successfully bumped revision number for resource 3ef4f225-f362-45f0-9020-515a55b3f039 (type: security_groups) to 1
2026-06-09 10:23:48.485 8 INFO neutron.db.ovn_revision_numbers_db [None req-88c49aac-2aca-43a8-a0df-b6cb645d6254 b190bf2e9d8940779ac5f73d6092edd0 0b69b655935a48968ec99ebbaa0ffa75 - - default default] Successfully bumped revision number for resource 22514294-b130-4be5-bef5-f9bfa5790ec1 (type: security_group_rules) to 0
2026-06-09 10:23:48.499 8 INFO neutron.db.ovn_revision_numbers_db [None req-88c49aac-2aca-43a8-a0df-b6cb645d6254 b190bf2e9d8940779ac5f73d6092edd0 0b69b655935a48968ec99ebbaa0ffa75 - - default default] Successfully bumped revision number for resource 9c08ee3e-11dd-4554-a4ce-a084072426d4 (type: security_group_rules) to 0
2026-06-09 10:23:48.517 8 INFO neutron.db.ovn_revision_numbers_db [None req-88c49aac-2aca-43a8-a0df-b6cb645d6254 b190bf2e9d8940779ac5f73d6092edd0 0b69b655935a48968ec99ebbaa0ffa75 - - default default] Successfully bumped revision number for resource bafe97f6-54a1-4257-89fd-93b3d1593d89 (type: security_group_rules) to 0
2026-06-09 10:23:48.537 8 INFO neutron.db.ovn_revision_numbers_db [None req-88c49aac-2aca-43a8-a0df-b6cb645d6254 b190bf2e9d8940779ac5f73d6092edd0 0b69b655935a48968ec99ebbaa0ffa75 - - default default] Successfully bumped revision number for resource eada634f-0f89-42f2-964e-8848782f9ea8 (type: security_group_rules) to 0
2026-06-09 10:23:48.629 8 WARNING neutron.services.revisions.revision_plugin [None req-88c49aac-2aca-43a8-a0df-b6cb645d6254 b190bf2e9d8940779ac5f73d6092edd0 0b69b655935a48968ec99ebbaa0ffa75 - - default default] Could not find related network for resource to bump revision.
2026-06-09 10:23:48.659 8 INFO neutron.db.segments_db [None req-88c49aac-2aca-43a8-a0df-b6cb645d6254 b190bf2e9d8940779ac5f73d6092edd0 0b69b655935a48968ec99ebbaa0ffa75 - - default default] Added segment f2efad79-9fad-4fbe-a6d9-9bb73bf43c97 of type flat for network 0da494fd-06fd-4a67-a46a-10f2b66281a9
2026-06-09 10:23:48.784 8 INFO neutron.plugins.ml2.drivers.ovn.mech_driver.mech_driver [-] OVN reports status down for port: provnet-f2efad79-9fad-4fbe-a6d9-9bb73bf43c97
2026-06-09 10:23:48.839 8 INFO neutron.db.ovn_revision_numbers_db [None req-88c49aac-2aca-43a8-a0df-b6cb645d6254 b190bf2e9d8940779ac5f73d6092edd0 0b69b655935a48968ec99ebbaa0ffa75 - - default default] Successfully bumped revision number for resource 0da494fd-06fd-4a67-a46a-10f2b66281a9 (type: networks) to 1
2026-06-09 10:23:49.111 8 WARNING neutron.scheduler.dhcp_agent_scheduler [None req-88c49aac-2aca-43a8-a0df-b6cb645d6254 b190bf2e9d8940779ac5f73d6092edd0 0b69b655935a48968ec99ebbaa0ffa75 - - default default] No more DHCP agents
2026-06-09 10:23:49.112 8 WARNING neutron.api.rpc.agentnotifiers.dhcp_rpc_agent_api [None req-88c49aac-2aca-43a8-a0df-b6cb645d6254 b190bf2e9d8940779ac5f73d6092edd0 0b69b655935a48968ec99ebbaa0ffa75 - - default default] Unable to schedule network 0da494fd-06fd-4a67-a46a-10f2b66281a9: no agents available; will retry on subsequent port and subnet creation events.
2026-06-09 10:23:49.348 8 INFO neutron.plugins.ml2.drivers.ovn.mech_driver.mech_driver [None req-3702430b-12a1-4252-87f5-2b9ee4a2f734 - - - - - -] OVN reports status down for port: 25735f74-6639-45e2-978b-5149640137cd
2026-06-09 10:23:49.435 8 INFO neutron.db.ovn_revision_numbers_db [None req-88c49aac-2aca-43a8-a0df-b6cb645d6254 b190bf2e9d8940779ac5f73d6092edd0 0b69b655935a48968ec99ebbaa0ffa75 - - default default] Successfully bumped revision number for resource 25735f74-6639-45e2-978b-5149640137cd (type: ports) to 1 [pid: 8|app: 0|req: 4/5] 199.204.45.242 () {48 vars in 967 bytes} [Tue Jun 9 10:23:48 2026] POST /v2.0/networks => generated 744 bytes in 1426 msecs (HTTP/1.1 201) 4 headers in 162 bytes (1 switches on core 0)
2026-06-09 10:23:50.985 7 INFO neutron.pecan_wsgi.hooks.translation [None req-046e6bd4-f3fa-4e65-98fa-4c93c88a4557 b190bf2e9d8940779ac5f73d6092edd0 0b69b655935a48968ec99ebbaa0ffa75 - - default default] GET failed (client error): The resource could not be found. [pid: 7|app: 0|req: 2/6] 199.204.45.242 () {44 vars in 927 bytes} [Tue Jun 9 10:23:50 2026] GET /v2.0/networks/public => generated 108 bytes in 421 msecs (HTTP/1.1 404) 4 headers in 164 bytes (1 switches on core 0) [pid: 8|app: 0|req: 5/7] 199.204.45.242 () {44 vars in 949 bytes} [Tue Jun 9 10:23:50 2026] GET /v2.0/networks?name=public => generated 753 bytes in 41 msecs (HTTP/1.1 200) 4 headers in 157 bytes (1 switches on core 0)
2026-06-09 10:23:51.066 7 INFO neutron.pecan_wsgi.hooks.translation [None req-249cd9d7-99a7-4398-9352-70e8b6d998eb b190bf2e9d8940779ac5f73d6092edd0 0b69b655935a48968ec99ebbaa0ffa75 - - default default] GET failed (client error): The resource could not be found. [pid: 7|app: 0|req: 3/8] 199.204.45.242 () {44 vars in 1034 bytes} [Tue Jun 9 10:23:51 2026] GET /v2.0/subnets/public-subnet?network_id=0da494fd-06fd-4a67-a46a-10f2b66281a9 => generated 113 bytes in 27 msecs (HTTP/1.1 404) 4 headers in 164 bytes (1 switches on core 0) [pid: 8|app: 0|req: 6/9] 199.204.45.242 () {44 vars in 1057 bytes} [Tue Jun 9 10:23:51 2026] GET /v2.0/subnets?name=public-subnet&network_id=0da494fd-06fd-4a67-a46a-10f2b66281a9 => generated 14 bytes in 25 msecs (HTTP/1.1 200) 4 headers in 156 bytes (1 switches on core 0)
2026-06-09 10:23:51.626 7 WARNING neutron.scheduler.dhcp_agent_scheduler [None req-115687a3-3f82-4da0-884a-cca00b84b17e b190bf2e9d8940779ac5f73d6092edd0 0b69b655935a48968ec99ebbaa0ffa75 - - default default] No more DHCP agents
2026-06-09 10:23:51.627 7 WARNING neutron.api.rpc.agentnotifiers.dhcp_rpc_agent_api [None req-115687a3-3f82-4da0-884a-cca00b84b17e b190bf2e9d8940779ac5f73d6092edd0 0b69b655935a48968ec99ebbaa0ffa75 - - default default] Unable to schedule network 0da494fd-06fd-4a67-a46a-10f2b66281a9: no agents available; will retry on subsequent port and subnet creation events.
2026-06-09 10:23:51.627 7 INFO neutron.plugins.ml2.drivers.ovn.mech_driver.ovsdb.extensions.qos [None req-115687a3-3f82-4da0-884a-cca00b84b17e b190bf2e9d8940779ac5f73d6092edd0 0b69b655935a48968ec99ebbaa0ffa75 - - default default] Starting OVNClientQosExtension
2026-06-09 10:23:51.628 7 INFO neutron.plugins.ml2.drivers.ovn.mech_driver.ovsdb.extensions.placement [None req-115687a3-3f82-4da0-884a-cca00b84b17e b190bf2e9d8940779ac5f73d6092edd0 0b69b655935a48968ec99ebbaa0ffa75 - - default default] Starting OVNClientPlacementExtension
2026-06-09 10:23:52.315 7 INFO neutron.db.ovn_revision_numbers_db [None req-1d484abf-7390-4116-928b-28bce497bb79 - - - - - -] Successfully bumped revision number for resource 25735f74-6639-45e2-978b-5149640137cd (type: ports) to 2
2026-06-09 10:23:52.355 7 INFO neutron.db.ovn_revision_numbers_db [None req-1d484abf-7390-4116-928b-28bce497bb79 - - - - - -] Successfully bumped revision number for resource ec843057-382e-4da2-b333-aadc7b6465cc (type: subnets) to 0 [pid: 7|app: 0|req: 4/10] 199.204.45.242 () {48 vars in 965 bytes} [Tue Jun 9 10:23:51 2026] POST /v2.0/subnets => generated 664 bytes in 1274 msecs (HTTP/1.1 201) 4 headers in 162 bytes (1 switches on core 0)
2026-06-09 10:28:22.362 8 INFO neutron.pecan_wsgi.hooks.translation [None req-7eff4383-8a05-48b5-9b49-2568b3d46a65 b190bf2e9d8940779ac5f73d6092edd0 0b69b655935a48968ec99ebbaa0ffa75 - - default default] GET failed (client error): The resource could not be found. [pid: 8|app: 0|req: 24/45] 199.204.45.242 () {44 vars in 937 bytes} [Tue Jun 9 10:28:22 2026] GET /v2.0/networks/lb-mgmt-net => generated 113 bytes in 117 msecs (HTTP/1.1 404) 4 headers in 164 bytes (1 switches on core 0) [pid: 7|app: 0|req: 22/46] 199.204.45.242 () {44 vars in 959 bytes} [Tue Jun 9 10:28:22 2026] GET /v2.0/networks?name=lb-mgmt-net => generated 15 bytes in 18 msecs (HTTP/1.1 200) 4 headers in 156 bytes (1 switches on core 0)
2026-06-09 10:28:22.489 8 INFO neutron.db.segments_db [None req-72421323-fbe4-4633-8edb-62856b858514 b190bf2e9d8940779ac5f73d6092edd0 0b69b655935a48968ec99ebbaa0ffa75 - - default default] Added segment 05f43522-7c06-4258-9c5c-d668a84c458a of type geneve for network fed53a65-fac3-42c0-956d-1c1017b3cb75
2026-06-09 10:28:22.638 8 INFO neutron.db.ovn_revision_numbers_db [None req-72421323-fbe4-4633-8edb-62856b858514 b190bf2e9d8940779ac5f73d6092edd0 0b69b655935a48968ec99ebbaa0ffa75 - - default default] Successfully bumped revision number for resource fed53a65-fac3-42c0-956d-1c1017b3cb75 (type: networks) to 1
2026-06-09 10:28:22.804 8 WARNING neutron.scheduler.dhcp_agent_scheduler [None req-72421323-fbe4-4633-8edb-62856b858514 b190bf2e9d8940779ac5f73d6092edd0 0b69b655935a48968ec99ebbaa0ffa75 - - default default] No more DHCP agents
