2026-06-09 10:58:52.208 7 INFO neutron.db.l3_db [None req-481ec46a-2c18-490d-8cf8-aec188257e53 f34b6856e58741d984e76ebe6925e894 7b9127ffdcb3435890d7e9428881b75b - - default default] Floating IP 6ce3fefe-939c-4ced-a8c3-ebf7da982a3a associated. External IP: 10.96.250.208, port: d573bf0f-d182-4448-9af2-9d9da0284aaa. [pid: 8|app: 0|req: 870/1883] 10.0.0.62 () {32 vars in 662 bytes} [Tue Jun 9 10:58:52 2026] GET /v2.0/security-groups => generated 2925 bytes in 23 msecs (HTTP/1.1 200) 4 headers in 158 bytes (1 switches on core 0)
2026-06-09 10:58:52.227 8 INFO neutron.api.v2.resource [None req-13cd52e8-15fc-4772-ad55-b675734e4b08 43bc283c96714494b4a0e4204e48b2cd fcc71fa887c84edd9be5df6f159957b1 - - default default] delete failed (client error): The resource could not be found. [pid: 8|app: 0|req: 871/1884] 10.0.0.62 () {32 vars in 739 bytes} [Tue Jun 9 10:58:52 2026] DELETE /v2.0/security-groups/aa6a5fad-b31f-443a-8ed4-1ab279736c50 => generated 146 bytes in 8 msecs (HTTP/1.1 404) 4 headers in 164 bytes (1 switches on core 0) [pid: 7|app: 0|req: 1014/1885] 10.0.0.62 () {34 vars in 748 bytes} [Tue Jun 9 10:58:51 2026] PUT /v2.0/floatingips/6ce3fefe-939c-4ced-a8c3-ebf7da982a3a => generated 855 bytes in 717 msecs (HTTP/1.1 200) 4 headers in 157 bytes (1 switches on core 0) /var/lib/openstack/lib/python3.12/site-packages/pycadf/identifier.py:70: UserWarning: Invalid uuid: neutron. To ensure interoperability, identifiers should be a valid uuid. warnings.warn(('Invalid uuid: %s. To ensure interoperability, ' [pid: 7|app: 0|req: 1015/1886] 10.0.0.62 () {32 vars in 728 bytes} [Tue Jun 9 10:58:52 2026] GET /v2.0/floatingips/6ce3fefe-939c-4ced-a8c3-ebf7da982a3a => generated 857 bytes in 42 msecs (HTTP/1.1 200) 4 headers in 157 bytes (1 switches on core 0)
2026-06-09 10:58:52.343 8 INFO neutron.db.ovn_revision_numbers_db [None req-638fa32d-f801-4f60-9697-298f530dd6f1 43bc283c96714494b4a0e4204e48b2cd fcc71fa887c84edd9be5df6f159957b1 - - default default] Successfully bumped revision number for resource 59265b77-40b9-428d-aa28-e349d49797df (type: security_groups) to 1
2026-06-09 10:58:52.358 8 INFO neutron.db.ovn_revision_numbers_db [None req-638fa32d-f801-4f60-9697-298f530dd6f1 43bc283c96714494b4a0e4204e48b2cd fcc71fa887c84edd9be5df6f159957b1 - - default default] Successfully bumped revision number for resource e284bf80-66ff-43d2-b165-d5ab29f467ae (type: security_group_rules) to 0
2026-06-09 10:58:52.370 8 INFO neutron.db.ovn_revision_numbers_db [None req-638fa32d-f801-4f60-9697-298f530dd6f1 43bc283c96714494b4a0e4204e48b2cd fcc71fa887c84edd9be5df6f159957b1 - - default default] Successfully bumped revision number for resource f17ec41c-45c6-4571-b123-eed37dc25c8e (type: security_group_rules) to 0 [pid: 8|app: 0|req: 872/1887] 10.0.0.62 () {34 vars in 683 bytes} [Tue Jun 9 10:58:52 2026] POST /v2.0/security-groups => generated 1624 bytes in 167 msecs (HTTP/1.1 201) 4 headers in 163 bytes (1 switches on core 0)
2026-06-09 10:58:52.558 7 INFO neutron.db.ovn_revision_numbers_db [None req-209c269f-0520-430a-aef0-a789a6da3f3c 43bc283c96714494b4a0e4204e48b2cd fcc71fa887c84edd9be5df6f159957b1 - - default default] Successfully bumped revision number for resource 6382f5d4-09da-477f-8530-7922b960ddcb (type: security_group_rules) to 0 [pid: 7|app: 0|req: 1016/1888] 10.0.0.62 () {34 vars in 694 bytes} [Tue Jun 9 10:58:52 2026] POST /v2.0/security-group-rules => generated 601 bytes in 192 msecs (HTTP/1.1 201) 4 headers in 162 bytes (1 switches on core 0) [pid: 8|app: 0|req: 873/1889] 10.0.0.62 () {32 vars in 746 bytes} [Tue Jun 9 10:58:52 2026] GET /v2.0/security-group-rules/6382f5d4-09da-477f-8530-7922b960ddcb => generated 601 bytes in 23 msecs (HTTP/1.1 200) 4 headers in 157 bytes (1 switches on core 0) [pid: 7|app: 0|req: 1017/1890] 10.0.0.62 () {32 vars in 672 bytes} [Tue Jun 9 10:58:52 2026] GET /v2.0/security-group-rules => generated 4138 bytes in 71 msecs (HTTP/1.1 200) 4 headers in 158 bytes (1 switches on core 0) [pid: 7|app: 0|req: 1018/1891] 10.0.0.62 () {32 vars in 749 bytes} [Tue Jun 9 10:58:52 2026] DELETE /v2.0/security-group-rules/6382f5d4-09da-477f-8530-7922b960ddcb => generated 0 bytes in 102 msecs (HTTP/1.1 204) 2 headers in 112 bytes (1 switches on core 0) [pid: 7|app: 0|req: 1019/1892] 10.0.0.62 () {32 vars in 672 bytes} [Tue Jun 9 10:58:52 2026] GET /v2.0/security-group-rules => generated 3560 bytes in 43 msecs (HTTP/1.1 200) 4 headers in 158 bytes (1 switches on core 0)
2026-06-09 10:58:52.975 7 INFO neutron.db.ovn_revision_numbers_db [None req-2fc97d5b-1071-469a-a1c2-0c23954c50d4 43bc283c96714494b4a0e4204e48b2cd fcc71fa887c84edd9be5df6f159957b1 - - default default] Successfully bumped revision number for resource cf4523cd-0090-4f07-99ec-a6036bd79781 (type: security_group_rules) to 0
2026-06-09 10:58:52.998 8 INFO neutron.db.ovn_revision_numbers_db [None req-a2ce56db-029a-491c-9777-1482b92caedf b190bf2e9d8940779ac5f73d6092edd0 0b69b655935a48968ec99ebbaa0ffa75 - - default default] Successfully bumped revision number for resource ad2f602b-2f94-4ff3-8a92-3af4af2a2bd8 (type: security_groups) to 1
2026-06-09 10:58:53.014 8 INFO neutron.db.ovn_revision_numbers_db [None req-a2ce56db-029a-491c-9777-1482b92caedf b190bf2e9d8940779ac5f73d6092edd0 0b69b655935a48968ec99ebbaa0ffa75 - - default default] Successfully bumped revision number for resource 0f95b161-3fec-477c-b2e8-70b84edfdeb0 (type: security_group_rules) to 0 [pid: 7|app: 0|req: 1020/1893] 10.0.0.62 () {34 vars in 694 bytes} [Tue Jun 9 10:58:52 2026] POST /v2.0/security-group-rules => generated 601 bytes in 166 msecs (HTTP/1.1 201) 4 headers in 162 bytes (1 switches on core 0)
2026-06-09 10:58:53.029 8 INFO neutron.db.ovn_revision_numbers_db [None req-a2ce56db-029a-491c-9777-1482b92caedf b190bf2e9d8940779ac5f73d6092edd0 0b69b655935a48968ec99ebbaa0ffa75 - - default default] Successfully bumped revision number for resource 521a7d0f-d02e-4bde-a535-971210df9b2e (type: security_group_rules) to 0
2026-06-09 10:58:53.055 8 INFO neutron.db.ovn_revision_numbers_db [None req-a2ce56db-029a-491c-9777-1482b92caedf b190bf2e9d8940779ac5f73d6092edd0 0b69b655935a48968ec99ebbaa0ffa75 - - default default] Successfully bumped revision number for resource 5c4217a2-9fbd-486d-920d-41667e16e51a (type: security_group_rules) to 0
2026-06-09 10:58:53.064 8 INFO neutron.db.ovn_revision_numbers_db [None req-a2ce56db-029a-491c-9777-1482b92caedf b190bf2e9d8940779ac5f73d6092edd0 0b69b655935a48968ec99ebbaa0ffa75 - - default default] Successfully bumped revision number for resource 8e4c9bf9-f826-4aa9-a3b3-f047919fa3bc (type: security_group_rules) to 0 [pid: 7|app: 0|req: 1021/1894] 10.0.0.62 () {32 vars in 746 bytes} [Tue Jun 9 10:58:53 2026] GET /v2.0/security-group-rules/cf4523cd-0090-4f07-99ec-a6036bd79781 => generated 601 bytes in 30 msecs (HTTP/1.1 200) 4 headers in 157 bytes (1 switches on core 0) [pid: 7|app: 0|req: 1022/1895] 10.0.0.62 () {32 vars in 672 bytes} [Tue Jun 9 10:58:53 2026] GET /v2.0/security-group-rules => generated 4138 bytes in 48 msecs (HTTP/1.1 200) 4 headers in 158 bytes (1 switches on core 0)
2026-06-09 10:58:53.139 8 INFO neutron.db.segments_db [None req-a2ce56db-029a-491c-9777-1482b92caedf b190bf2e9d8940779ac5f73d6092edd0 0b69b655935a48968ec99ebbaa0ffa75 - - default default] Added segment fc744a6c-0201-45c5-a88f-293895bd6043 of type geneve for network 7e333798-96be-4bf0-a1db-43b2e95e6bfc
2026-06-09 10:58:53.244 8 INFO neutron.db.ovn_revision_numbers_db [None req-a2ce56db-029a-491c-9777-1482b92caedf b190bf2e9d8940779ac5f73d6092edd0 0b69b655935a48968ec99ebbaa0ffa75 - - default default] Successfully bumped revision number for resource 7e333798-96be-4bf0-a1db-43b2e95e6bfc (type: networks) to 1 [pid: 7|app: 0|req: 1023/1896] 10.0.0.62 () {32 vars in 749 bytes} [Tue Jun 9 10:58:53 2026] DELETE /v2.0/security-group-rules/cf4523cd-0090-4f07-99ec-a6036bd79781 => generated 0 bytes in 122 msecs (HTTP/1.1 204) 2 headers in 112 bytes (1 switches on core 0) [pid: 7|app: 0|req: 1024/1897] 10.0.0.62 () {32 vars in 672 bytes} [Tue Jun 9 10:58:53 2026] GET /v2.0/security-group-rules => generated 3560 bytes in 52 msecs (HTTP/1.1 200) 4 headers in 158 bytes (1 switches on core 0)
2026-06-09 10:58:53.385 8 WARNING neutron.scheduler.dhcp_agent_scheduler [None req-a2ce56db-029a-491c-9777-1482b92caedf b190bf2e9d8940779ac5f73d6092edd0 0b69b655935a48968ec99ebbaa0ffa75 - - default default] No more DHCP agents
2026-06-09 10:58:53.386 8 WARNING neutron.api.rpc.agentnotifiers.dhcp_rpc_agent_api [None req-a2ce56db-029a-491c-9777-1482b92caedf b190bf2e9d8940779ac5f73d6092edd0 0b69b655935a48968ec99ebbaa0ffa75 - - default default] Unable to schedule network 7e333798-96be-4bf0-a1db-43b2e95e6bfc: no agents available; will retry on subsequent port and subnet creation events.
2026-06-09 10:58:53.435 7 INFO neutron.db.ovn_revision_numbers_db [None req-9f1c3a81-15b6-4d10-8a87-eff6c2a86a5d 43bc283c96714494b4a0e4204e48b2cd fcc71fa887c84edd9be5df6f159957b1 - - default default] Successfully bumped revision number for resource cf8573af-ed4a-4061-95da-72a391e2a930 (type: security_group_rules) to 0
2026-06-09 10:58:53.441 8 INFO neutron.plugins.ml2.drivers.ovn.mech_driver.mech_driver [None req-4b1ac061-6e18-4d83-80f2-fe6706cfacf5 - - - - - -] OVN reports status down for port: 94dcbe63-d558-466a-bbb6-54d14f02b6a2
2026-06-09 10:58:53.495 8 INFO neutron.db.ovn_revision_numbers_db [None req-a2ce56db-029a-491c-9777-1482b92caedf b190bf2e9d8940779ac5f73d6092edd0 0b69b655935a48968ec99ebbaa0ffa75 - - default default] Successfully bumped revision number for resource 94dcbe63-d558-466a-bbb6-54d14f02b6a2 (type: ports) to 1 [pid: 7|app: 0|req: 1025/1898] 10.0.0.62 () {34 vars in 694 bytes} [Tue Jun 9 10:58:53 2026] POST /v2.0/security-group-rules => generated 602 bytes in 191 msecs (HTTP/1.1 201) 4 headers in 162 bytes (1 switches on core 0) [pid: 7|app: 0|req: 1026/1899] 10.0.0.62 () {32 vars in 746 bytes} [Tue Jun 9 10:58:53 2026] GET /v2.0/security-group-rules/cf8573af-ed4a-4061-95da-72a391e2a930 => generated 602 bytes in 23 msecs (HTTP/1.1 200) 4 headers in 157 bytes (1 switches on core 0) [pid: 8|app: 0|req: 874/1900] 10.0.0.62 () {34 vars in 670 bytes} [Tue Jun 9 10:58:52 2026] POST /v2.0/networks => generated 763 bytes in 844 msecs (HTTP/1.1 201) 4 headers in 162 bytes (1 switches on core 0) [pid: 7|app: 0|req: 1027/1901] 10.0.0.62 () {32 vars in 672 bytes} [Tue Jun 9 10:58:53 2026] GET /v2.0/security-group-rules => generated 4139 bytes in 81 msecs (HTTP/1.1 200) 4 headers in 158 bytes (1 switches on core 0)
2026-06-09 10:58:53.705 8 WARNING neutron.scheduler.dhcp_agent_scheduler [None req-d78ac28d-aff8-47a1-9302-2c6a682a1de1 b190bf2e9d8940779ac5f73d6092edd0 0b69b655935a48968ec99ebbaa0ffa75 - - default default] No more DHCP agents
2026-06-09 10:58:53.706 8 WARNING neutron.api.rpc.agentnotifiers.dhcp_rpc_agent_api [None req-d78ac28d-aff8-47a1-9302-2c6a682a1de1 b190bf2e9d8940779ac5f73d6092edd0 0b69b655935a48968ec99ebbaa0ffa75 - - default default] Unable to schedule network 7e333798-96be-4bf0-a1db-43b2e95e6bfc: no agents available; will retry on subsequent port and subnet creation events. [pid: 7|app: 0|req: 1028/1902] 10.0.0.62 () {32 vars in 749 bytes} [Tue Jun 9 10:58:53 2026] DELETE /v2.0/security-group-rules/cf8573af-ed4a-4061-95da-72a391e2a930 => generated 0 bytes in 129 msecs (HTTP/1.1 204) 2 headers in 112 bytes (1 switches on core 0) [pid: 7|app: 0|req: 1029/1903] 10.0.0.62 () {32 vars in 672 bytes} [Tue Jun 9 10:58:53 2026] GET /v2.0/security-group-rules => generated 3560 bytes in 60 msecs (HTTP/1.1 200) 4 headers in 158 bytes (1 switches on core 0) [pid: 7|app: 0|req: 1030/1904] 10.0.0.62 () {32 vars in 739 bytes} [Tue Jun 9 10:58:53 2026] DELETE /v2.0/security-groups/59265b77-40b9-428d-aa28-e349d49797df => generated 0 bytes in 124 msecs (HTTP/1.1 204) 2 headers in 112 bytes (1 switches on core 0) [pid: 7|app: 0|req: 1031/1905] 10.0.0.62 () {32 vars in 662 bytes} [Tue Jun 9 10:58:53 2026] GET /v2.0/security-groups => generated 2925 bytes in 38 msecs (HTTP/1.1 200) 4 headers in 158 bytes (1 switches on core 0) [pid: 7|app: 0|req: 1032/1906] 10.0.0.62 () {32 vars in 662 bytes} [Tue Jun 9 10:58:53 2026] GET /v2.0/security-groups => generated 2925 bytes in 34 msecs (HTTP/1.1 200) 4 headers in 158 bytes (1 switches on core 0)
2026-06-09 10:58:54.181 8 INFO neutron.db.ovn_revision_numbers_db [None req-91fa044a-c9e2-476b-b63c-5c834a449e65 - - - - - -] Successfully bumped revision number for resource 94dcbe63-d558-466a-bbb6-54d14f02b6a2 (type: ports) to 2
2026-06-09 10:58:54.191 7 INFO neutron.notifiers.nova [-] Nova event matching ['req-3b6c2997-b26a-4cf4-bac2-0280f3a8757f'] response: {'name': 'network-changed', 'server_uuid': '24d36b46-58f4-4d4b-ab64-059a9ec03327', 'tag': 'd573bf0f-d182-4448-9af2-9d9da0284aaa', 'status': 'completed', 'code': 200}
2026-06-09 10:58:54.227 8 INFO neutron.db.ovn_revision_numbers_db [None req-91fa044a-c9e2-476b-b63c-5c834a449e65 - - - - - -] Successfully bumped revision number for resource 6661fc85-d163-4ad3-8cbe-b57a9c347adf (type: subnets) to 0 [pid: 8|app: 0|req: 875/1907] 10.0.0.62 () {34 vars in 668 bytes} [Tue Jun 9 10:58:53 2026] POST /v2.0/subnets => generated 688 bytes in 705 msecs (HTTP/1.1 201) 4 headers in 162 bytes (1 switches on core 0) [pid: 8|app: 0|req: 876/1908] 10.0.0.62 () {32 vars in 773 bytes} [Tue Jun 9 10:58:54 2026] GET /v2.0/security-groups?tenant_id=fcc71fa887c84edd9be5df6f159957b1&name=default => generated 2925 bytes in 226 msecs (HTTP/1.1 200) 4 headers in 158 bytes (1 switches on core 0)
2026-06-09 10:58:54.762 7 WARNING neutron.scheduler.dhcp_agent_scheduler [None req-ffff5901-9866-4d2e-8b1d-af9177bdf219 b190bf2e9d8940779ac5f73d6092edd0 0b69b655935a48968ec99ebbaa0ffa75 - - default default] No more DHCP agents
2026-06-09 10:58:54.765 7 WARNING neutron.api.rpc.agentnotifiers.dhcp_rpc_agent_api [None req-ffff5901-9866-4d2e-8b1d-af9177bdf219 b190bf2e9d8940779ac5f73d6092edd0 0b69b655935a48968ec99ebbaa0ffa75 - - default default] Unable to schedule network 0da494fd-06fd-4a67-a46a-10f2b66281a9: no agents available; will retry on subsequent port and subnet creation events. [pid: 8|app: 0|req: 877/1909] 10.0.0.62 () {32 vars in 739 bytes} [Tue Jun 9 10:58:54 2026] DELETE /v2.0/security-groups/ea0c0a69-9afd-4a33-91c5-8fd423834e70 => generated 0 bytes in 254 msecs (HTTP/1.1 204) 2 headers in 112 bytes (1 switches on core 0)
2026-06-09 10:58:54.934 7 INFO neutron.db.ovn_revision_numbers_db [None req-ffff5901-9866-4d2e-8b1d-af9177bdf219 b190bf2e9d8940779ac5f73d6092edd0 0b69b655935a48968ec99ebbaa0ffa75 - - default default] Successfully bumped revision number for resource dec0d41e-8220-403c-9307-a277524690bd (type: ports) to 1
2026-06-09 10:58:54.935 8 INFO neutron.plugins.ml2.drivers.ovn.mech_driver.mech_driver [None req-4b1ac061-6e18-4d83-80f2-fe6706cfacf5 - - - - - -] OVN reports status down for port: dec0d41e-8220-403c-9307-a277524690bd [pid: 8|app: 0|req: 878/1910] 199.204.45.242 () {34 vars in 1080 bytes} [Tue Jun 9 10:58:54 2026] GET /v2.0/ports?tenant_id=7b9127ffdcb3435890d7e9428881b75b&device_id=24d36b46-58f4-4d4b-ab64-059a9ec03327 => generated 1209 bytes in 52 msecs (HTTP/1.1 200) 4 headers in 158 bytes (1 switches on core 0)
2026-06-09 10:58:55.302 8 INFO neutron.db.ovn_revision_numbers_db [None req-69058187-73c2-489b-911f-69cf9c4599cc b190bf2e9d8940779ac5f73d6092edd0 0b69b655935a48968ec99ebbaa0ffa75 - - default default] Successfully bumped revision number for resource ecf39c07-03ca-43a3-b0c4-cc501596326e (type: security_groups) to 1
2026-06-09 10:58:55.317 8 INFO neutron.db.ovn_revision_numbers_db [None req-69058187-73c2-489b-911f-69cf9c4599cc b190bf2e9d8940779ac5f73d6092edd0 0b69b655935a48968ec99ebbaa0ffa75 - - default default] Successfully bumped revision number for resource 265364e1-5a6b-4a19-9a79-976b0307af23 (type: security_group_rules) to 0
2026-06-09 10:58:55.331 8 INFO neutron.db.ovn_revision_numbers_db [None req-69058187-73c2-489b-911f-69cf9c4599cc b190bf2e9d8940779ac5f73d6092edd0 0b69b655935a48968ec99ebbaa0ffa75 - - default default] Successfully bumped revision number for resource 323932e5-d486-423e-9137-d0e0b36a41dd (type: security_group_rules) to 0
2026-06-09 10:58:55.343 8 INFO neutron.db.ovn_revision_numbers_db [None req-69058187-73c2-489b-911f-69cf9c4599cc b190bf2e9d8940779ac5f73d6092edd0 0b69b655935a48968ec99ebbaa0ffa75 - - default default] Successfully bumped revision number for resource b92ef0b6-863c-4b4e-93fd-7bb6a3ac5258 (type: security_group_rules) to 0
2026-06-09 10:58:55.357 8 INFO neutron.db.ovn_revision_numbers_db [None req-69058187-73c2-489b-911f-69cf9c4599cc b190bf2e9d8940779ac5f73d6092edd0 0b69b655935a48968ec99ebbaa0ffa75 - - default default] Successfully bumped revision number for resource e77ff6d0-2777-4b5a-a5f7-c8cd5ddbd897 (type: security_group_rules) to 0 [pid: 8|app: 0|req: 879/1911] 10.0.0.62 () {32 vars in 773 bytes} [Tue Jun 9 10:58:54 2026] GET /v2.0/security-groups?tenant_id=aa9c417d92db48508aed7f8a6a0be6d3&name=default => generated 2925 bytes in 408 msecs (HTTP/1.1 200) 4 headers in 158 bytes (1 switches on core 0) [pid: 8|app: 0|req: 880/1912] 199.204.45.242 () {34 vars in 986 bytes} [Tue Jun 9 10:58:55 2026] GET /v2.0/networks?id=b0ea263a-f46e-4583-97e2-fafe3b6f39b7 => generated 798 bytes in 41 msecs (HTTP/1.1 200) 4 headers in 157 bytes (1 switches on core 0)
2026-06-09 10:58:55.671 7 INFO neutron.plugins.ml2.drivers.ovn.mech_driver.ovsdb.commands [None req-1fe380e7-cea3-4b78-9725-953d7d4b149e - - - - - -] Schedule LRP lrp-dec0d41e-8220-403c-9307-a277524690bd on gateway 34b10f90-c88b-4618-b728-a70760276ca8 with priority 1 [pid: 8|app: 0|req: 881/1913] 10.0.0.62 () {32 vars in 739 bytes} [Tue Jun 9 10:58:55 2026] DELETE /v2.0/security-groups/ecf39c07-03ca-43a3-b0c4-cc501596326e => generated 0 bytes in 289 msecs (HTTP/1.1 204) 2 headers in 112 bytes (1 switches on core 0)
2026-06-09 10:58:55.726 7 INFO neutron.plugins.ml2.drivers.ovn.mech_driver.ovsdb.ovsdb_monitor [None req-b8cdd570-6a7e-45fd-8409-3738e55d88ca - - - - - -] Router f1529006-a354-4d26-93bd-71cd740058b8 is bound to host instance
2026-06-09 10:58:55.787 8 INFO neutron.plugins.ml2.drivers.ovn.mech_driver.mech_driver [None req-4b1ac061-6e18-4d83-80f2-fe6706cfacf5 - - - - - -] OVN reports status up for port: dec0d41e-8220-403c-9307-a277524690bd
2026-06-09 10:58:55.802 7 INFO neutron.db.ovn_revision_numbers_db [None req-ffff5901-9866-4d2e-8b1d-af9177bdf219 b190bf2e9d8940779ac5f73d6092edd0 0b69b655935a48968ec99ebbaa0ffa75 - - default default] Successfully bumped revision number for resource dec0d41e-8220-403c-9307-a277524690bd (type: router_ports) to 1 [pid: 8|app: 0|req: 882/1914] 199.204.45.242 () {34 vars in 1058 bytes} [Tue Jun 9 10:58:55 2026] GET /v2.0/floatingips?fixed_ip_address=10.100.0.7&port_id=d573bf0f-d182-4448-9af2-9d9da0284aaa => generated 860 bytes in 83 msecs (HTTP/1.1 200) 4 headers in 157 bytes (1 switches on core 0)
2026-06-09 10:58:55.809 8 INFO neutron.plugins.ml2.plugin [None req-4b1ac061-6e18-4d83-80f2-fe6706cfacf5 - - - - - -] Attempt 1 to provision port dec0d41e-8220-403c-9307-a277524690bd [pid: 8|app: 0|req: 883/1915] 199.204.45.242 () {34 vars in 984 bytes} [Tue Jun 9 10:58:55 2026] GET /v2.0/subnets?id=2ccb8690-8f0d-4810-bc7d-53c3666b0426 => generated 677 bytes in 45 msecs (HTTP/1.1 200) 4 headers in 157 bytes (1 switches on core 0) [pid: 8|app: 0|req: 884/1916] 199.204.45.242 () {34 vars in 1052 bytes} [Tue Jun 9 10:58:55 2026] GET /v2.0/ports?network_id=b0ea263a-f46e-4583-97e2-fafe3b6f39b7&device_owner=network%3Adhcp => generated 12 bytes in 40 msecs (HTTP/1.1 200) 4 headers in 156 bytes (1 switches on core 0)
2026-06-09 10:58:55.941 7 INFO neutron.db.ovn_revision_numbers_db [None req-ffff5901-9866-4d2e-8b1d-af9177bdf219 b190bf2e9d8940779ac5f73d6092edd0 0b69b655935a48968ec99ebbaa0ffa75 - - default default] Successfully bumped revision number for resource f1529006-a354-4d26-93bd-71cd740058b8 (type: routers) to 2 [pid: 7|app: 0|req: 1033/1917] 10.0.0.62 () {34 vars in 668 bytes} [Tue Jun 9 10:58:54 2026] POST /v2.0/routers => generated 966 bytes in 1718 msecs (HTTP/1.1 201) 4 headers in 162 bytes (1 switches on core 0) [pid: 8|app: 0|req: 885/1918] 199.204.45.242 () {34 vars in 1012 bytes} [Tue Jun 9 10:58:55 2026] GET /v2.0/networks/b0ea263a-f46e-4583-97e2-fafe3b6f39b7?fields=segments => generated 14 bytes in 58 msecs (HTTP/1.1 200) 4 headers in 156 bytes (1 switches on core 0) [pid: 8|app: 0|req: 886/1919] 199.204.45.242 () {34 vars in 1112 bytes} [Tue Jun 9 10:58:55 2026] GET /v2.0/networks/b0ea263a-f46e-4583-97e2-fafe3b6f39b7?fields=provider%3Aphysical_network&fields=provider%3Anetwork_type => generated 79 bytes in 48 msecs (HTTP/1.1 200) 4 headers in 156 bytes (1 switches on core 0) [pid: 8|app: 0|req: 888/1921] 10.0.0.62 () {32 vars in 622 bytes} [Tue Jun 9 10:58:56 2026] GET / => generated 151 bytes in 3 msecs (HTTP/1.1 200) 3 headers in 91 bytes (1 switches on core 0) [pid: 8|app: 0|req: 889/1922] 10.0.0.62 () {32 vars in 632 bytes} [Tue Jun 9 10:58:56 2026] GET /v2.0/ => generated 632 bytes in 126 msecs (HTTP/1.1 200) 4 headers in 157 bytes (1 switches on core 0)
2026-06-09 10:58:57.215 7 WARNING neutron.scheduler.dhcp_agent_scheduler [None req-7b281c8a-e712-4e33-b646-09c91c0817b7 b190bf2e9d8940779ac5f73d6092edd0 0b69b655935a48968ec99ebbaa0ffa75 - - default default] No more DHCP agents
2026-06-09 10:58:57.218 7 WARNING neutron.api.rpc.agentnotifiers.dhcp_rpc_agent_api [None req-7b281c8a-e712-4e33-b646-09c91c0817b7 b190bf2e9d8940779ac5f73d6092edd0 0b69b655935a48968ec99ebbaa0ffa75 - - default default] Unable to schedule network 7e333798-96be-4bf0-a1db-43b2e95e6bfc: no agents available; will retry on subsequent port and subnet creation events.
2026-06-09 10:58:57.429 7 INFO neutron.plugins.ml2.drivers.ovn.mech_driver.mech_driver [None req-c4aceb43-fecd-47ff-aa67-5cf898b3aff2 - - - - - -] OVN reports status down for port: 212aeee5-70fa-4756-870a-34dcfaa32352
2026-06-09 10:58:57.520 8 INFO neutron.db.ovn_revision_numbers_db [None req-580f3632-8a6e-4ac9-a814-c72c03a7ae1c b190bf2e9d8940779ac5f73d6092edd0 0b69b655935a48968ec99ebbaa0ffa75 - - default default] Successfully bumped revision number for resource 98382473-0d8d-4f22-9d86-f3c42c902c6f (type: security_groups) to 1
2026-06-09 10:58:57.532 8 INFO neutron.db.ovn_revision_numbers_db [None req-580f3632-8a6e-4ac9-a814-c72c03a7ae1c b190bf2e9d8940779ac5f73d6092edd0 0b69b655935a48968ec99ebbaa0ffa75 - - default default] Successfully bumped revision number for resource 2a1476f5-c495-44c8-bc9e-28463d23f4b7 (type: security_group_rules) to 0
2026-06-09 10:58:57.539 7 INFO neutron.db.ovn_revision_numbers_db [None req-7b281c8a-e712-4e33-b646-09c91c0817b7 b190bf2e9d8940779ac5f73d6092edd0 0b69b655935a48968ec99ebbaa0ffa75 - - default default] Successfully bumped revision number for resource 212aeee5-70fa-4756-870a-34dcfaa32352 (type: ports) to 1
2026-06-09 10:58:57.543 8 INFO neutron.db.ovn_revision_numbers_db [None req-580f3632-8a6e-4ac9-a814-c72c03a7ae1c b190bf2e9d8940779ac5f73d6092edd0 0b69b655935a48968ec99ebbaa0ffa75 - - default default] Successfully bumped revision number for resource 7d38252a-5b2f-4da9-8a14-5528e8143b9e (type: security_group_rules) to 0
2026-06-09 10:58:57.558 8 INFO neutron.db.ovn_revision_numbers_db [None req-580f3632-8a6e-4ac9-a814-c72c03a7ae1c b190bf2e9d8940779ac5f73d6092edd0 0b69b655935a48968ec99ebbaa0ffa75 - - default default] Successfully bumped revision number for resource b3a1c5bf-f9f2-41ff-a099-30fd00f6c5b5 (type: security_group_rules) to 0
2026-06-09 10:58:57.570 8 INFO neutron.db.ovn_revision_numbers_db [None req-580f3632-8a6e-4ac9-a814-c72c03a7ae1c b190bf2e9d8940779ac5f73d6092edd0 0b69b655935a48968ec99ebbaa0ffa75 - - default default] Successfully bumped revision number for resource fd7e71e4-846b-4b5e-90ec-38f9029e0fdf (type: security_group_rules) to 0 [pid: 8|app: 0|req: 890/1923] 10.0.0.62 () {32 vars in 773 bytes} [Tue Jun 9 10:58:57 2026] GET /v2.0/security-groups?tenant_id=700750911fab4b71880424f1cc39e348&name=default => generated 2925 bytes in 394 msecs (HTTP/1.1 200) 4 headers in 158 bytes (1 switches on core 0)
2026-06-09 10:58:57.813 8 INFO neutron.db.ovn_revision_numbers_db [None req-5393408a-fe5d-4ccf-8c68-d72805482b53 b190bf2e9d8940779ac5f73d6092edd0 0b69b655935a48968ec99ebbaa0ffa75 - - default default] Successfully bumped revision number for resource 18006db0-76c4-4040-a37f-37a68a89bc44 (type: security_groups) to 1
2026-06-09 10:58:57.828 8 INFO neutron.db.ovn_revision_numbers_db [None req-5393408a-fe5d-4ccf-8c68-d72805482b53 b190bf2e9d8940779ac5f73d6092edd0 0b69b655935a48968ec99ebbaa0ffa75 - - default default] Successfully bumped revision number for resource 38bcb1ff-668a-4c8e-9fe1-c9b45bb32d88 (type: security_group_rules) to 0
2026-06-09 10:58:57.852 8 INFO neutron.db.ovn_revision_numbers_db [None req-5393408a-fe5d-4ccf-8c68-d72805482b53 b190bf2e9d8940779ac5f73d6092edd0 0b69b655935a48968ec99ebbaa0ffa75 - - default default] Successfully bumped revision number for resource 3ea237aa-e982-41d3-996a-3cc2389721d2 (type: security_group_rules) to 0
2026-06-09 10:58:57.864 8 INFO neutron.db.ovn_revision_numbers_db [None req-5393408a-fe5d-4ccf-8c68-d72805482b53 b190bf2e9d8940779ac5f73d6092edd0 0b69b655935a48968ec99ebbaa0ffa75 - - default default] Successfully bumped revision number for resource a19df6b2-42b5-42ea-8975-27e673ca894c (type: security_group_rules) to 0
2026-06-09 10:58:57.876 8 INFO neutron.db.ovn_revision_numbers_db [None req-5393408a-fe5d-4ccf-8c68-d72805482b53 b190bf2e9d8940779ac5f73d6092edd0 0b69b655935a48968ec99ebbaa0ffa75 - - default default] Successfully bumped revision number for resource a7c093c6-5835-4c04-ba66-b5988b098d93 (type: security_group_rules) to 0
2026-06-09 10:58:57.891 7 INFO neutron.db.ovn_revision_numbers_db [None req-65b76f09-9412-4aa0-8d58-db967bce850e - - - - - -] Successfully bumped revision number for resource dec0d41e-8220-403c-9307-a277524690bd (type: ports) to 4
2026-06-09 10:58:57.952 8 INFO neutron.db.segments_db [None req-5393408a-fe5d-4ccf-8c68-d72805482b53 b190bf2e9d8940779ac5f73d6092edd0 0b69b655935a48968ec99ebbaa0ffa75 - - default default] Added segment 104f12d1-62df-4e4b-9d2f-59c226319ac4 of type geneve for network d2338d23-a1e6-4771-9b50-6cdc54064bac
2026-06-09 10:58:58.076 8 INFO neutron.db.ovn_revision_numbers_db [None req-5393408a-fe5d-4ccf-8c68-d72805482b53 b190bf2e9d8940779ac5f73d6092edd0 0b69b655935a48968ec99ebbaa0ffa75 - - default default] Successfully bumped revision number for resource d2338d23-a1e6-4771-9b50-6cdc54064bac (type: networks) to 1
2026-06-09 10:58:58.242 8 WARNING neutron.scheduler.dhcp_agent_scheduler [None req-5393408a-fe5d-4ccf-8c68-d72805482b53 b190bf2e9d8940779ac5f73d6092edd0 0b69b655935a48968ec99ebbaa0ffa75 - - default default] No more DHCP agents
2026-06-09 10:58:58.243 8 WARNING neutron.api.rpc.agentnotifiers.dhcp_rpc_agent_api [None req-5393408a-fe5d-4ccf-8c68-d72805482b53 b190bf2e9d8940779ac5f73d6092edd0 0b69b655935a48968ec99ebbaa0ffa75 - - default default] Unable to schedule network d2338d23-a1e6-4771-9b50-6cdc54064bac: no agents available; will retry on subsequent port and subnet creation events.
2026-06-09 10:58:58.320 7 INFO neutron.plugins.ml2.drivers.ovn.mech_driver.mech_driver [None req-c4aceb43-fecd-47ff-aa67-5cf898b3aff2 - - - - - -] OVN reports status down for port: a124f2ad-152f-434c-9091-edfe39eef6d3
2026-06-09 10:58:58.345 8 INFO neutron.db.ovn_revision_numbers_db [None req-5393408a-fe5d-4ccf-8c68-d72805482b53 b190bf2e9d8940779ac5f73d6092edd0 0b69b655935a48968ec99ebbaa0ffa75 - - default default] Successfully bumped revision number for resource a124f2ad-152f-434c-9091-edfe39eef6d3 (type: ports) to 1 [pid: 8|app: 0|req: 891/1924] 10.0.0.62 () {34 vars in 670 bytes} [Tue Jun 9 10:58:57 2026] POST /v2.0/networks => generated 762 bytes in 759 msecs (HTTP/1.1 201) 4 headers in 162 bytes (1 switches on core 0) [pid: 8|app: 0|req: 892/1925] 10.0.0.62 () {32 vars in 739 bytes} [Tue Jun 9 10:58:58 2026] DELETE /v2.0/security-groups/98382473-0d8d-4f22-9d86-f3c42c902c6f => generated 0 bytes in 255 msecs (HTTP/1.1 204) 2 headers in 112 bytes (1 switches on core 0)
2026-06-09 10:58:58.747 7 INFO neutron.db.ovn_revision_numbers_db [None req-65b76f09-9412-4aa0-8d58-db967bce850e - - - - - -] Successfully bumped revision number for resource dec0d41e-8220-403c-9307-a277524690bd (type: ports) to 5
2026-06-09 10:58:58.792 8 WARNING neutron.scheduler.dhcp_agent_scheduler [None req-7519731f-7f4f-40c8-8cea-c5265de914c6 b190bf2e9d8940779ac5f73d6092edd0 0b69b655935a48968ec99ebbaa0ffa75 - - default default] No more DHCP agents
2026-06-09 10:58:58.793 8 WARNING neutron.api.rpc.agentnotifiers.dhcp_rpc_agent_api [None req-7519731f-7f4f-40c8-8cea-c5265de914c6 b190bf2e9d8940779ac5f73d6092edd0 0b69b655935a48968ec99ebbaa0ffa75 - - default default] Unable to schedule network d2338d23-a1e6-4771-9b50-6cdc54064bac: no agents available; will retry on subsequent port and subnet creation events.
2026-06-09 10:58:58.875 7 INFO neutron.plugins.ml2.drivers.ovn.mech_driver.mech_driver [None req-c4aceb43-fecd-47ff-aa67-5cf898b3aff2 - - - - - -] OVN reports status up for port: 212aeee5-70fa-4756-870a-34dcfaa32352
2026-06-09 10:58:58.919 7 INFO neutron.plugins.ml2.plugin [None req-c4aceb43-fecd-47ff-aa67-5cf898b3aff2 - - - - - -] Attempt 1 to provision port 212aeee5-70fa-4756-870a-34dcfaa32352
2026-06-09 10:58:59.046 7 WARNING neutron.scheduler.dhcp_agent_scheduler [None req-7b281c8a-e712-4e33-b646-09c91c0817b7 b190bf2e9d8940779ac5f73d6092edd0 0b69b655935a48968ec99ebbaa0ffa75 - - default default] No more DHCP agents
2026-06-09 10:58:59.051 7 WARNING neutron.api.rpc.agentnotifiers.dhcp_rpc_agent_api [None req-7b281c8a-e712-4e33-b646-09c91c0817b7 b190bf2e9d8940779ac5f73d6092edd0 0b69b655935a48968ec99ebbaa0ffa75 - - default default] Unable to schedule network 7e333798-96be-4bf0-a1db-43b2e95e6bfc: no agents available; will retry on subsequent port and subnet creation events.
2026-06-09 10:58:59.247 8 INFO neutron.db.ovn_revision_numbers_db [None req-23b1ae77-5796-4f90-9db9-e2252b862681 - - - - - -] Successfully bumped revision number for resource a124f2ad-152f-434c-9091-edfe39eef6d3 (type: ports) to 2
2026-06-09 10:58:59.284 8 INFO neutron.db.ovn_revision_numbers_db [None req-23b1ae77-5796-4f90-9db9-e2252b862681 - - - - - -] Successfully bumped revision number for resource 23531a69-46b3-40ca-b276-0309a60411d9 (type: subnets) to 0 [pid: 8|app: 0|req: 893/1926] 10.0.0.62 () {34 vars in 668 bytes} [Tue Jun 9 10:58:58 2026] POST /v2.0/subnets => generated 687 bytes in 673 msecs (HTTP/1.1 201) 4 headers in 162 bytes (1 switches on core 0)
2026-06-09 10:58:59.604 7 INFO neutron.db.ovn_revision_numbers_db [None req-c4aceb43-fecd-47ff-aa67-5cf898b3aff2 - - - - - -] Successfully bumped revision number for resource 212aeee5-70fa-4756-870a-34dcfaa32352 (type: ports) to 2
2026-06-09 10:58:59.742 8 WARNING neutron.scheduler.dhcp_agent_scheduler [None req-2a7898b3-9a55-4429-ba20-6556c233b4da b190bf2e9d8940779ac5f73d6092edd0 0b69b655935a48968ec99ebbaa0ffa75 - - default default] No more DHCP agents
2026-06-09 10:58:59.743 8 WARNING neutron.api.rpc.agentnotifiers.dhcp_rpc_agent_api [None req-2a7898b3-9a55-4429-ba20-6556c233b4da b190bf2e9d8940779ac5f73d6092edd0 0b69b655935a48968ec99ebbaa0ffa75 - - default default] Unable to schedule network 0da494fd-06fd-4a67-a46a-10f2b66281a9: no agents available; will retry on subsequent port and subnet creation events.
2026-06-09 10:58:59.901 8 INFO neutron.db.ovn_revision_numbers_db [None req-2a7898b3-9a55-4429-ba20-6556c233b4da b190bf2e9d8940779ac5f73d6092edd0 0b69b655935a48968ec99ebbaa0ffa75 - - default default] Successfully bumped revision number for resource c340df57-6c20-4d57-aa8d-6a6ada008d03 (type: ports) to 1
2026-06-09 10:58:59.987 7 INFO neutron.db.ovn_revision_numbers_db [None req-7b281c8a-e712-4e33-b646-09c91c0817b7 b190bf2e9d8940779ac5f73d6092edd0 0b69b655935a48968ec99ebbaa0ffa75 - - default default] Successfully bumped revision number for resource 212aeee5-70fa-4756-870a-34dcfaa32352 (type: router_ports) to 1 [pid: 7|app: 0|req: 1034/1927] 10.0.0.62 () {34 vars in 782 bytes} [Tue Jun 9 10:58:55 2026] PUT /v2.0/routers/f1529006-a354-4d26-93bd-71cd740058b8/add_router_interface => generated 309 bytes in 4018 msecs (HTTP/1.1 200) 4 headers in 157 bytes (1 switches on core 0)
2026-06-09 10:59:00.473 8 INFO neutron.plugins.ml2.drivers.ovn.mech_driver.ovsdb.commands [None req-fe0c2b1c-a5a4-476f-a323-64e86552e2cb - - - - - -] Schedule LRP lrp-c340df57-6c20-4d57-aa8d-6a6ada008d03 on gateway 34b10f90-c88b-4618-b728-a70760276ca8 with priority 1
2026-06-09 10:59:00.533 8 INFO neutron.plugins.ml2.drivers.ovn.mech_driver.ovsdb.ovsdb_monitor [None req-b52a4c4f-b1ac-4c52-b645-d8b27217ac0b - - - - - -] Router c5ee9ebc-3f28-48be-9145-e2f8db5f227f is bound to host instance
2026-06-09 10:59:00.634 8 INFO neutron.db.ovn_revision_numbers_db [None req-2a7898b3-9a55-4429-ba20-6556c233b4da b190bf2e9d8940779ac5f73d6092edd0 0b69b655935a48968ec99ebbaa0ffa75 - - default default] Successfully bumped revision number for resource c340df57-6c20-4d57-aa8d-6a6ada008d03 (type: router_ports) to 1
2026-06-09 10:59:00.795 8 INFO neutron.db.ovn_revision_numbers_db [None req-2a7898b3-9a55-4429-ba20-6556c233b4da b190bf2e9d8940779ac5f73d6092edd0 0b69b655935a48968ec99ebbaa0ffa75 - - default default] Successfully bumped revision number for resource c5ee9ebc-3f28-48be-9145-e2f8db5f227f (type: routers) to 2 [pid: 8|app: 0|req: 894/1928] 10.0.0.62 () {34 vars in 668 bytes} [Tue Jun 9 10:58:59 2026] POST /v2.0/routers => generated 965 bytes in 1516 msecs (HTTP/1.1 201) 4 headers in 162 bytes (1 switches on core 0)
2026-06-09 10:59:01.314 7 WARNING neutron.scheduler.dhcp_agent_scheduler [None req-808af11e-953b-4580-9685-947372299d97 b190bf2e9d8940779ac5f73d6092edd0 0b69b655935a48968ec99ebbaa0ffa75 - - default default] No more DHCP agents
2026-06-09 10:59:01.316 7 WARNING neutron.api.rpc.agentnotifiers.dhcp_rpc_agent_api [None req-808af11e-953b-4580-9685-947372299d97 b190bf2e9d8940779ac5f73d6092edd0 0b69b655935a48968ec99ebbaa0ffa75 - - default default] Unable to schedule network d2338d23-a1e6-4771-9b50-6cdc54064bac: no agents available; will retry on subsequent port and subnet creation events.
2026-06-09 10:59:01.436 8 INFO neutron.plugins.ml2.drivers.ovn.mech_driver.mech_driver [None req-4b1ac061-6e18-4d83-80f2-fe6706cfacf5 - - - - - -] OVN reports status down for port: 91c43029-6de8-4bd9-9734-ebe5cb727284
2026-06-09 10:59:01.439 7 INFO neutron.db.ovn_revision_numbers_db [None req-808af11e-953b-4580-9685-947372299d97 b190bf2e9d8940779ac5f73d6092edd0 0b69b655935a48968ec99ebbaa0ffa75 - - default default] Successfully bumped revision number for resource 91c43029-6de8-4bd9-9734-ebe5cb727284 (type: ports) to 1
2026-06-09 10:59:01.539 8 INFO neutron.db.ovn_revision_numbers_db [None req-83d66832-17d6-43f9-ba46-63d05246cfe4 - - - - - -] Successfully bumped revision number for resource c340df57-6c20-4d57-aa8d-6a6ada008d03 (type: ports) to 4
2026-06-09 10:59:01.882 8 INFO neutron.db.ovn_revision_numbers_db [None req-83d66832-17d6-43f9-ba46-63d05246cfe4 - - - - - -] Successfully bumped revision number for resource c340df57-6c20-4d57-aa8d-6a6ada008d03 (type: ports) to 5
2026-06-09 10:59:02.042 8 INFO neutron.plugins.ml2.drivers.ovn.mech_driver.mech_driver [None req-4b1ac061-6e18-4d83-80f2-fe6706cfacf5 - - - - - -] OVN reports status up for port: 91c43029-6de8-4bd9-9734-ebe5cb727284
2026-06-09 10:59:02.057 8 INFO neutron.plugins.ml2.plugin [None req-4b1ac061-6e18-4d83-80f2-fe6706cfacf5 - - - - - -] Attempt 1 to provision port 91c43029-6de8-4bd9-9734-ebe5cb727284
2026-06-09 10:59:02.114 7 WARNING neutron.scheduler.dhcp_agent_scheduler [None req-808af11e-953b-4580-9685-947372299d97 b190bf2e9d8940779ac5f73d6092edd0 0b69b655935a48968ec99ebbaa0ffa75 - - default default] No more DHCP agents
2026-06-09 10:59:02.116 7 WARNING neutron.api.rpc.agentnotifiers.dhcp_rpc_agent_api [None req-808af11e-953b-4580-9685-947372299d97 b190bf2e9d8940779ac5f73d6092edd0 0b69b655935a48968ec99ebbaa0ffa75 - - default default] Unable to schedule network d2338d23-a1e6-4771-9b50-6cdc54064bac: no agents available; will retry on subsequent port and subnet creation events. [pid: 8|app: 0|req: 896/1930] 10.0.0.5 () {34 vars in 980 bytes} [Tue Jun 9 10:59:02 2026] GET /v2.0/networks?id=7e333798-96be-4bf0-a1db-43b2e95e6bfc => generated 711 bytes in 105 msecs (HTTP/1.1 200) 4 headers in 157 bytes (1 switches on core 0)
2026-06-09 10:59:02.455 8 INFO neutron.db.ovn_revision_numbers_db [None req-4b1ac061-6e18-4d83-80f2-fe6706cfacf5 - - - - - -] Successfully bumped revision number for resource 91c43029-6de8-4bd9-9734-ebe5cb727284 (type: ports) to 2 [pid: 8|app: 0|req: 897/1931] 10.0.0.5 () {34 vars in 963 bytes} [Tue Jun 9 10:59:02 2026] GET /v2.0/quotas/1c5686f326914dcea0c708217f15965f => generated 292 bytes in 35 msecs (HTTP/1.1 200) 4 headers in 157 bytes (1 switches on core 0)
2026-06-09 10:59:02.638 7 INFO neutron.db.ovn_revision_numbers_db [None req-808af11e-953b-4580-9685-947372299d97 b190bf2e9d8940779ac5f73d6092edd0 0b69b655935a48968ec99ebbaa0ffa75 - - default default] Successfully bumped revision number for resource 91c43029-6de8-4bd9-9734-ebe5cb727284 (type: router_ports) to 1 [pid: 7|app: 0|req: 1035/1932] 10.0.0.62 () {34 vars in 782 bytes} [Tue Jun 9 10:59:00 2026] PUT /v2.0/routers/c5ee9ebc-3f28-48be-9145-e2f8db5f227f/add_router_interface => generated 309 bytes in 1820 msecs (HTTP/1.1 200) 4 headers in 157 bytes (1 switches on core 0) [pid: 7|app: 0|req: 1036/1933] 10.0.0.208 () {34 vars in 990 bytes} [Tue Jun 9 10:59:02 2026] GET /v2.0/ports?device_id=24d36b46-58f4-4d4b-ab64-059a9ec03327 => generated 1209 bytes in 34 msecs (HTTP/1.1 200) 4 headers in 158 bytes (1 switches on core 0) [pid: 7|app: 0|req: 1037/1934] 10.0.0.208 () {34 vars in 1040 bytes} [Tue Jun 9 10:59:02 2026] GET /v2.0/security-groups?id=4da33995-65cc-40b0-887c-b8e2f73acb27&fields=id&fields=name => generated 114 bytes in 27 msecs (HTTP/1.1 200) 4 headers in 157 bytes (1 switches on core 0) [pid: 8|app: 0|req: 898/1935] 10.0.0.5 () {34 vars in 1000 bytes} [Tue Jun 9 10:59:02 2026] GET /v2.0/ports?tenant_id=1c5686f326914dcea0c708217f15965f&fields=id => generated 103 bytes in 307 msecs (HTTP/1.1 200) 4 headers in 157 bytes (1 switches on core 0) [pid: 7|app: 0|req: 1038/1936] 10.0.0.5 () {34 vars in 1006 bytes} [Tue Jun 9 10:59:02 2026] GET /v2.0/networks/7e333798-96be-4bf0-a1db-43b2e95e6bfc?fields=segments => generated 14 bytes in 33 msecs (HTTP/1.1 200) 4 headers in 156 bytes (1 switches on core 0) [pid: 7|app: 0|req: 1039/1937] 10.0.0.5 () {34 vars in 1106 bytes} [Tue Jun 9 10:59:02 2026] GET /v2.0/networks/7e333798-96be-4bf0-a1db-43b2e95e6bfc?fields=provider%3Aphysical_network&fields=provider%3Anetwork_type => generated 79 bytes in 35 msecs (HTTP/1.1 200) 4 headers in 156 bytes (1 switches on core 0) [pid: 7|app: 0|req: 1040/1938] 10.0.0.5 () {34 vars in 988 bytes} [Tue Jun 9 10:59:03 2026] GET /v2.0/ports?device_id=9bafd9a2-8c60-4a4d-a47c-cca825ce941c => generated 12 bytes in 30 msecs (HTTP/1.1 200) 4 headers in 156 bytes (1 switches on core 0)
2026-06-09 10:59:03.202 8 INFO neutron.db.ovn_revision_numbers_db [None req-1792cc0a-92cb-4f21-88f2-1d0b290d465f b190bf2e9d8940779ac5f73d6092edd0 0b69b655935a48968ec99ebbaa0ffa75 - - default default] Successfully bumped revision number for resource 3a4efdd3-b60a-4b5c-8008-da7b31fe521a (type: security_groups) to 1
2026-06-09 10:59:03.214 8 INFO neutron.db.ovn_revision_numbers_db [None req-1792cc0a-92cb-4f21-88f2-1d0b290d465f b190bf2e9d8940779ac5f73d6092edd0 0b69b655935a48968ec99ebbaa0ffa75 - - default default] Successfully bumped revision number for resource 4257c3b1-9534-492f-a872-c6a2806be8ed (type: security_group_rules) to 0
2026-06-09 10:59:03.226 8 INFO neutron.db.ovn_revision_numbers_db [None req-1792cc0a-92cb-4f21-88f2-1d0b290d465f b190bf2e9d8940779ac5f73d6092edd0 0b69b655935a48968ec99ebbaa0ffa75 - - default default] Successfully bumped revision number for resource a8bde477-6a13-42a3-9247-7c9a33e2a72f (type: security_group_rules) to 0
2026-06-09 10:59:03.242 8 INFO neutron.db.ovn_revision_numbers_db [None req-1792cc0a-92cb-4f21-88f2-1d0b290d465f b190bf2e9d8940779ac5f73d6092edd0 0b69b655935a48968ec99ebbaa0ffa75 - - default default] Successfully bumped revision number for resource a9cd5027-02c5-4e2f-b862-39da87785395 (type: security_group_rules) to 0
2026-06-09 10:59:03.255 8 INFO neutron.db.ovn_revision_numbers_db [None req-1792cc0a-92cb-4f21-88f2-1d0b290d465f b190bf2e9d8940779ac5f73d6092edd0 0b69b655935a48968ec99ebbaa0ffa75 - - default default] Successfully bumped revision number for resource ce1069c8-366e-4e6f-ade8-5e340134c412 (type: security_group_rules) to 0 [pid: 8|app: 0|req: 899/1939] 10.0.0.62 () {32 vars in 773 bytes} [Tue Jun 9 10:59:02 2026] GET /v2.0/security-groups?tenant_id=dae6ca34732942ae8564b2fc0554269c&name=default => generated 2925 bytes in 440 msecs (HTTP/1.1 200) 4 headers in 158 bytes (1 switches on core 0) [pid: 7|app: 0|req: 1041/1940] 10.0.0.62 () {32 vars in 739 bytes} [Tue Jun 9 10:59:03 2026] DELETE /v2.0/security-groups/3a4efdd3-b60a-4b5c-8008-da7b31fe521a => generated 0 bytes in 218 msecs (HTTP/1.1 204) 2 headers in 112 bytes (1 switches on core 0)
2026-06-09 10:59:03.746 8 INFO neutron.db.ovn_revision_numbers_db [None req-16a7ff29-093f-40ec-9e77-6b2e85429fc2 b190bf2e9d8940779ac5f73d6092edd0 0b69b655935a48968ec99ebbaa0ffa75 - - default default] Successfully bumped revision number for resource 02c58010-583e-4d8e-837d-f5212a0d39f0 (type: security_groups) to 1
2026-06-09 10:59:03.756 8 INFO neutron.db.ovn_revision_numbers_db [None req-16a7ff29-093f-40ec-9e77-6b2e85429fc2 b190bf2e9d8940779ac5f73d6092edd0 0b69b655935a48968ec99ebbaa0ffa75 - - default default] Successfully bumped revision number for resource 269e50d2-e94f-4051-a57f-e717b88b9e67 (type: security_group_rules) to 0
2026-06-09 10:59:03.767 8 INFO neutron.db.ovn_revision_numbers_db [None req-16a7ff29-093f-40ec-9e77-6b2e85429fc2 b190bf2e9d8940779ac5f73d6092edd0 0b69b655935a48968ec99ebbaa0ffa75 - - default default] Successfully bumped revision number for resource 2b1eb1a8-f7d5-41b9-b7d6-3551f0b6202e (type: security_group_rules) to 0
2026-06-09 10:59:03.778 8 INFO neutron.db.ovn_revision_numbers_db [None req-16a7ff29-093f-40ec-9e77-6b2e85429fc2 b190bf2e9d8940779ac5f73d6092edd0 0b69b655935a48968ec99ebbaa0ffa75 - - default default] Successfully bumped revision number for resource 713aae87-7f71-4ed9-83ce-c5f89a7afc62 (type: security_group_rules) to 0
2026-06-09 10:59:03.790 8 INFO neutron.db.ovn_revision_numbers_db [None req-16a7ff29-093f-40ec-9e77-6b2e85429fc2 b190bf2e9d8940779ac5f73d6092edd0 0b69b655935a48968ec99ebbaa0ffa75 - - default default] Successfully bumped revision number for resource 7bf3b9d1-1fd3-4aa3-99f8-f0c5b0b2ad8d (type: security_group_rules) to 0 [pid: 8|app: 0|req: 900/1941] 10.0.0.62 () {32 vars in 773 bytes} [Tue Jun 9 10:59:03 2026] GET /v2.0/security-groups?tenant_id=b0ee579acc7c4dee87e7a7feffbb49bd&name=default => generated 2925 bytes in 211 msecs (HTTP/1.1 200) 4 headers in 158 bytes (1 switches on core 0)
2026-06-09 10:59:03.855 7 INFO neutron.db.ovn_revision_numbers_db [None req-7bcb6847-fa5a-45c0-a71b-bb07896386f2 b190bf2e9d8940779ac5f73d6092edd0 0b69b655935a48968ec99ebbaa0ffa75 - - default default] Successfully bumped revision number for resource 8655a778-042d-4366-ac40-fe2b69646d13 (type: security_groups) to 1
2026-06-09 10:59:03.864 7 INFO neutron.db.ovn_revision_numbers_db [None req-7bcb6847-fa5a-45c0-a71b-bb07896386f2 b190bf2e9d8940779ac5f73d6092edd0 0b69b655935a48968ec99ebbaa0ffa75 - - default default] Successfully bumped revision number for resource 69a0872e-bfde-4242-a112-0ffe567e0116 (type: security_group_rules) to 0
2026-06-09 10:59:03.873 7 INFO neutron.db.ovn_revision_numbers_db [None req-7bcb6847-fa5a-45c0-a71b-bb07896386f2 b190bf2e9d8940779ac5f73d6092edd0 0b69b655935a48968ec99ebbaa0ffa75 - - default default] Successfully bumped revision number for resource 7c157df6-8e14-4789-9626-348601a1bd00 (type: security_group_rules) to 0
2026-06-09 10:59:03.887 7 INFO neutron.db.ovn_revision_numbers_db [None req-7bcb6847-fa5a-45c0-a71b-bb07896386f2 b190bf2e9d8940779ac5f73d6092edd0 0b69b655935a48968ec99ebbaa0ffa75 - - default default] Successfully bumped revision number for resource f44a30da-7f91-428d-aa94-cf78fe6bf088 (type: security_group_rules) to 0
2026-06-09 10:59:03.898 7 INFO neutron.db.ovn_revision_numbers_db [None req-7bcb6847-fa5a-45c0-a71b-bb07896386f2 b190bf2e9d8940779ac5f73d6092edd0 0b69b655935a48968ec99ebbaa0ffa75 - - default default] Successfully bumped revision number for resource fd645923-63ae-434d-a201-37f0dd729013 (type: security_group_rules) to 0
2026-06-09 10:59:03.968 7 INFO neutron.db.segments_db [None req-7bcb6847-fa5a-45c0-a71b-bb07896386f2 b190bf2e9d8940779ac5f73d6092edd0 0b69b655935a48968ec99ebbaa0ffa75 - - default default] Added segment 18360122-b088-42fb-9954-b0bd50fdbabb of type geneve for network becad59a-bbc3-45aa-9abd-b199439d54e8 [pid: 8|app: 0|req: 901/1942] 10.0.0.62 () {32 vars in 739 bytes} [Tue Jun 9 10:59:03 2026] DELETE /v2.0/security-groups/02c58010-583e-4d8e-837d-f5212a0d39f0 => generated 0 bytes in 247 msecs (HTTP/1.1 204) 2 headers in 112 bytes (1 switches on core 0)
2026-06-09 10:59:04.083 7 INFO neutron.db.ovn_revision_numbers_db [None req-7bcb6847-fa5a-45c0-a71b-bb07896386f2 b190bf2e9d8940779ac5f73d6092edd0 0b69b655935a48968ec99ebbaa0ffa75 - - default default] Successfully bumped revision number for resource becad59a-bbc3-45aa-9abd-b199439d54e8 (type: networks) to 1 [pid: 8|app: 0|req: 902/1943] 10.0.0.5 () {34 vars in 988 bytes} [Tue Jun 9 10:59:04 2026] GET /v2.0/ports?device_id=9bafd9a2-8c60-4a4d-a47c-cca825ce941c => generated 12 bytes in 27 msecs (HTTP/1.1 200) 4 headers in 156 bytes (1 switches on core 0)
2026-06-09 10:59:04.242 7 WARNING neutron.scheduler.dhcp_agent_scheduler [None req-7bcb6847-fa5a-45c0-a71b-bb07896386f2 b190bf2e9d8940779ac5f73d6092edd0 0b69b655935a48968ec99ebbaa0ffa75 - - default default] No more DHCP agents
2026-06-09 10:59:04.243 7 WARNING neutron.api.rpc.agentnotifiers.dhcp_rpc_agent_api [None req-7bcb6847-fa5a-45c0-a71b-bb07896386f2 b190bf2e9d8940779ac5f73d6092edd0 0b69b655935a48968ec99ebbaa0ffa75 - - default default] Unable to schedule network becad59a-bbc3-45aa-9abd-b199439d54e8: no agents available; will retry on subsequent port and subnet creation events.
2026-06-09 10:59:04.331 7 INFO neutron.db.ovn_revision_numbers_db [None req-7bcb6847-fa5a-45c0-a71b-bb07896386f2 b190bf2e9d8940779ac5f73d6092edd0 0b69b655935a48968ec99ebbaa0ffa75 - - default default] Successfully bumped revision number for resource db8f023b-e66c-4538-888e-ad7f76fc7352 (type: ports) to 1 [pid: 7|app: 0|req: 1042/1944] 10.0.0.62 () {34 vars in 670 bytes} [Tue Jun 9 10:59:03 2026] POST /v2.0/networks => generated 763 bytes in 647 msecs (HTTP/1.1 201) 4 headers in 162 bytes (1 switches on core 0)
2026-06-09 10:59:04.616 8 WARNING neutron.scheduler.dhcp_agent_scheduler [None req-ab2ea389-eda1-4adb-8bec-2d39d5e4499d b190bf2e9d8940779ac5f73d6092edd0 0b69b655935a48968ec99ebbaa0ffa75 - - default default] No more DHCP agents
2026-06-09 10:59:04.618 8 WARNING neutron.api.rpc.agentnotifiers.dhcp_rpc_agent_api [None req-ab2ea389-eda1-4adb-8bec-2d39d5e4499d b190bf2e9d8940779ac5f73d6092edd0 0b69b655935a48968ec99ebbaa0ffa75 - - default default] Unable to schedule network becad59a-bbc3-45aa-9abd-b199439d54e8: no agents available; will retry on subsequent port and subnet creation events.
2026-06-09 10:59:05.076 8 INFO neutron.db.ovn_revision_numbers_db [None req-3089c13b-9657-43f7-840a-c11340df3e46 - - - - - -] Successfully bumped revision number for resource db8f023b-e66c-4538-888e-ad7f76fc7352 (type: ports) to 2
2026-06-09 10:59:05.097 8 INFO neutron.db.ovn_revision_numbers_db [None req-3089c13b-9657-43f7-840a-c11340df3e46 - - - - - -] Successfully bumped revision number for resource f9743b5e-e631-4208-986e-00e58b437374 (type: subnets) to 0 [pid: 8|app: 0|req: 903/1945] 10.0.0.62 () {34 vars in 668 bytes} [Tue Jun 9 10:59:04 2026] POST /v2.0/subnets => generated 688 bytes in 752 msecs (HTTP/1.1 201) 4 headers in 162 bytes (1 switches on core 0) [pid: 8|app: 0|req: 904/1946] 10.0.0.5 () {34 vars in 988 bytes} [Tue Jun 9 10:59:05 2026] GET /v2.0/ports?device_id=9bafd9a2-8c60-4a4d-a47c-cca825ce941c => generated 12 bytes in 17 msecs (HTTP/1.1 200) 4 headers in 156 bytes (1 switches on core 0)
2026-06-09 10:59:05.536 7 WARNING neutron.plugins.ml2.drivers.ovn.mech_driver.ovsdb.ovn_client [None req-dc403508-e257-4c3c-91bb-a198c93d741b - - - - - -] No hosting information found for port 212aeee5-70fa-4756-870a-34dcfaa32352: RuntimeError: No hosting information found for port 212aeee5-70fa-4756-870a-34dcfaa32352
2026-06-09 10:59:05.645 7 WARNING neutron.scheduler.dhcp_agent_scheduler [None req-f88d6a4b-63f1-46a5-a103-73adeb6444b4 b190bf2e9d8940779ac5f73d6092edd0 0b69b655935a48968ec99ebbaa0ffa75 - - default default] No more DHCP agents
2026-06-09 10:59:05.649 7 WARNING neutron.api.rpc.agentnotifiers.dhcp_rpc_agent_api [None req-f88d6a4b-63f1-46a5-a103-73adeb6444b4 b190bf2e9d8940779ac5f73d6092edd0 0b69b655935a48968ec99ebbaa0ffa75 - - default default] Unable to schedule network 0da494fd-06fd-4a67-a46a-10f2b66281a9: no agents available; will retry on subsequent port and subnet creation events.
2026-06-09 10:59:05.739 7 INFO neutron.db.ovn_revision_numbers_db [None req-dc403508-e257-4c3c-91bb-a198c93d741b - - - - - -] Successfully bumped revision number for resource 212aeee5-70fa-4756-870a-34dcfaa32352 (type: router_ports) to 2
