2026-06-09 11:00:39.645 7 WARNING neutron.api.rpc.agentnotifiers.dhcp_rpc_agent_api [None req-9ce31abc-92af-4af3-8446-ea4b4b831b9e c3830120a11e417abf27f10df0ce2e80 dfe10f2cd46c4eeaad32aece21f50340 - - default default] Unable to schedule network d0956aae-eca3-4d62-8fc9-f917241ae38c: no agents available; will retry on subsequent port and subnet creation events.
2026-06-09 11:00:39.654 8 INFO neutron.db.ovn_revision_numbers_db [None req-ea587c19-390c-44a0-aad6-95ada93f58f8 ee8aedc7fdaa45faab17661874601a1d deaa6a3f09de4d218824a9c4014c04ac - - default default] Successfully bumped revision number for resource 7262ff89-422c-472e-b704-d98625167953 (type: ports) to 1 [pid: 8|app: 0|req: 1252/2611] 10.0.0.62 () {34 vars in 669 bytes} [Tue Jun 9 11:00:39 2026] POST /v2.0/networks => generated 650 bytes in 516 msecs (HTTP/1.1 201) 4 headers in 162 bytes (1 switches on core 0)
2026-06-09 11:00:39.976 8 WARNING neutron.scheduler.dhcp_agent_scheduler [None req-381bbfeb-741c-4145-9ada-ba02a1bdfb52 ee8aedc7fdaa45faab17661874601a1d deaa6a3f09de4d218824a9c4014c04ac - - default default] No more DHCP agents
2026-06-09 11:00:39.977 8 WARNING neutron.api.rpc.agentnotifiers.dhcp_rpc_agent_api [None req-381bbfeb-741c-4145-9ada-ba02a1bdfb52 ee8aedc7fdaa45faab17661874601a1d deaa6a3f09de4d218824a9c4014c04ac - - default default] Unable to schedule network fbf24589-7824-4243-ab03-9c4fd68b19ed: no agents available; will retry on subsequent port and subnet creation events.
2026-06-09 11:00:40.037 7 INFO neutron.plugins.ml2.drivers.ovn.mech_driver.mech_driver [None req-2aa84a6e-c179-4e58-972e-5ab3f3d5bc27 - - - - - -] OVN reports status down for port: adabdeae-72bf-4642-98bf-cf8b424ae90c
2026-06-09 11:00:40.077 8 INFO neutron.db.ovn_revision_numbers_db [None req-381bbfeb-741c-4145-9ada-ba02a1bdfb52 ee8aedc7fdaa45faab17661874601a1d deaa6a3f09de4d218824a9c4014c04ac - - default default] Successfully bumped revision number for resource adabdeae-72bf-4642-98bf-cf8b424ae90c (type: ports) to 1 [pid: 8|app: 0|req: 1253/2612] 10.0.0.62 () {34 vars in 663 bytes} [Tue Jun 9 11:00:39 2026] POST /v2.0/ports => generated 743 bytes in 428 msecs (HTTP/1.1 201) 4 headers in 162 bytes (1 switches on core 0) /var/lib/openstack/lib/python3.12/site-packages/pycadf/identifier.py:70: UserWarning: Invalid uuid: neutron. To ensure interoperability, identifiers should be a valid uuid. warnings.warn(('Invalid uuid: %s. To ensure interoperability, '
2026-06-09 11:00:40.246 8 INFO neutron.db.segments_db [None req-ffb6bbdd-c7bd-4940-84d9-e69422d2da77 ee8aedc7fdaa45faab17661874601a1d deaa6a3f09de4d218824a9c4014c04ac - - default default] Added segment 29948970-7ec0-4065-b54a-caee96c4ac98 of type geneve for network 17d47445-35f5-4d62-93d6-40fed9f2efb0
2026-06-09 11:00:40.281 7 INFO neutron.db.ovn_revision_numbers_db [None req-7aa23706-71ab-4a53-ac37-211218756ac0 - - - - - -] Successfully bumped revision number for resource c3041608-e3d9-4436-b9a8-40928d5fd462 (type: ports) to 2
2026-06-09 11:00:40.324 7 INFO neutron.db.ovn_revision_numbers_db [None req-7aa23706-71ab-4a53-ac37-211218756ac0 - - - - - -] Successfully bumped revision number for resource 36018efb-b953-4cbc-9a73-60caeeec14aa (type: subnets) to 0 [pid: 7|app: 0|req: 1360/2613] 10.0.0.62 () {34 vars in 668 bytes} [Tue Jun 9 11:00:39 2026] POST /v2.0/subnets => generated 629 bytes in 963 msecs (HTTP/1.1 201) 4 headers in 162 bytes (1 switches on core 0)
2026-06-09 11:00:40.384 8 INFO neutron.db.ovn_revision_numbers_db [None req-ffb6bbdd-c7bd-4940-84d9-e69422d2da77 ee8aedc7fdaa45faab17661874601a1d deaa6a3f09de4d218824a9c4014c04ac - - default default] Successfully bumped revision number for resource 17d47445-35f5-4d62-93d6-40fed9f2efb0 (type: networks) to 1
2026-06-09 11:00:40.599 8 WARNING neutron.scheduler.dhcp_agent_scheduler [None req-ffb6bbdd-c7bd-4940-84d9-e69422d2da77 ee8aedc7fdaa45faab17661874601a1d deaa6a3f09de4d218824a9c4014c04ac - - default default] No more DHCP agents
2026-06-09 11:00:40.601 8 WARNING neutron.api.rpc.agentnotifiers.dhcp_rpc_agent_api [None req-ffb6bbdd-c7bd-4940-84d9-e69422d2da77 ee8aedc7fdaa45faab17661874601a1d deaa6a3f09de4d218824a9c4014c04ac - - default default] Unable to schedule network 17d47445-35f5-4d62-93d6-40fed9f2efb0: no agents available; will retry on subsequent port and subnet creation events.
2026-06-09 11:00:40.648 7 INFO neutron.plugins.ml2.drivers.ovn.mech_driver.mech_driver [None req-2aa84a6e-c179-4e58-972e-5ab3f3d5bc27 - - - - - -] OVN reports status down for port: bc3470a1-eefd-4f50-b1d2-3b967164210d
2026-06-09 11:00:40.685 8 INFO neutron.db.ovn_revision_numbers_db [None req-ffb6bbdd-c7bd-4940-84d9-e69422d2da77 ee8aedc7fdaa45faab17661874601a1d deaa6a3f09de4d218824a9c4014c04ac - - default default] Successfully bumped revision number for resource bc3470a1-eefd-4f50-b1d2-3b967164210d (type: ports) to 1 [pid: 8|app: 0|req: 1254/2614] 10.0.0.62 () {34 vars in 669 bytes} [Tue Jun 9 11:00:40 2026] POST /v2.0/networks => generated 651 bytes in 567 msecs (HTTP/1.1 201) 4 headers in 162 bytes (1 switches on core 0)
2026-06-09 11:00:40.913 7 WARNING neutron.scheduler.dhcp_agent_scheduler [None req-5e2d19fa-4dce-4318-94ea-336e56381ace c3830120a11e417abf27f10df0ce2e80 dfe10f2cd46c4eeaad32aece21f50340 - - default default] No more DHCP agents
2026-06-09 11:00:40.915 7 WARNING neutron.api.rpc.agentnotifiers.dhcp_rpc_agent_api [None req-5e2d19fa-4dce-4318-94ea-336e56381ace c3830120a11e417abf27f10df0ce2e80 dfe10f2cd46c4eeaad32aece21f50340 - - default default] Unable to schedule network 0da494fd-06fd-4a67-a46a-10f2b66281a9: no agents available; will retry on subsequent port and subnet creation events.
2026-06-09 11:00:40.926 8 WARNING neutron.scheduler.dhcp_agent_scheduler [None req-9ef9c4b7-293b-47a4-bf91-01003ae9b821 ee8aedc7fdaa45faab17661874601a1d deaa6a3f09de4d218824a9c4014c04ac - - default default] No more DHCP agents
2026-06-09 11:00:40.927 8 WARNING neutron.api.rpc.agentnotifiers.dhcp_rpc_agent_api [None req-9ef9c4b7-293b-47a4-bf91-01003ae9b821 ee8aedc7fdaa45faab17661874601a1d deaa6a3f09de4d218824a9c4014c04ac - - default default] Unable to schedule network 17d47445-35f5-4d62-93d6-40fed9f2efb0: no agents available; will retry on subsequent port and subnet creation events.
2026-06-09 11:00:40.980 7 INFO neutron.plugins.ml2.drivers.ovn.mech_driver.mech_driver [None req-2aa84a6e-c179-4e58-972e-5ab3f3d5bc27 - - - - - -] OVN reports status down for port: b9978023-3e92-472e-811f-e4e29b57d8d7
2026-06-09 11:00:41.006 8 INFO neutron.db.ovn_revision_numbers_db [None req-9ef9c4b7-293b-47a4-bf91-01003ae9b821 ee8aedc7fdaa45faab17661874601a1d deaa6a3f09de4d218824a9c4014c04ac - - default default] Successfully bumped revision number for resource b9978023-3e92-472e-811f-e4e29b57d8d7 (type: ports) to 1 [pid: 8|app: 0|req: 1255/2615] 10.0.0.62 () {34 vars in 663 bytes} [Tue Jun 9 11:00:40 2026] POST /v2.0/ports => generated 743 bytes in 347 msecs (HTTP/1.1 201) 4 headers in 162 bytes (1 switches on core 0) /var/lib/openstack/lib/python3.12/site-packages/pycadf/identifier.py:70: UserWarning: Invalid uuid: neutron. To ensure interoperability, identifiers should be a valid uuid. warnings.warn(('Invalid uuid: %s. To ensure interoperability, '
2026-06-09 11:00:41.113 7 INFO neutron.plugins.ml2.drivers.ovn.mech_driver.mech_driver [None req-2aa84a6e-c179-4e58-972e-5ab3f3d5bc27 - - - - - -] OVN reports status down for port: 05090cf8-3401-4a3c-b561-b1aea0c1b978
2026-06-09 11:00:41.115 7 INFO neutron.db.ovn_revision_numbers_db [None req-5e2d19fa-4dce-4318-94ea-336e56381ace c3830120a11e417abf27f10df0ce2e80 dfe10f2cd46c4eeaad32aece21f50340 - - default default] Successfully bumped revision number for resource 05090cf8-3401-4a3c-b561-b1aea0c1b978 (type: ports) to 1
2026-06-09 11:00:41.174 8 INFO neutron.db.segments_db [None req-e41efaa8-d4f4-41d2-948b-9bc8cad4a44a ee8aedc7fdaa45faab17661874601a1d deaa6a3f09de4d218824a9c4014c04ac - - default default] Added segment b977860b-e1a8-48a0-a664-b6d892fdba3d of type geneve for network 88ca313b-a984-4fc8-9afa-de4e5fe91957
2026-06-09 11:00:41.285 8 INFO neutron.db.ovn_revision_numbers_db [None req-e41efaa8-d4f4-41d2-948b-9bc8cad4a44a ee8aedc7fdaa45faab17661874601a1d deaa6a3f09de4d218824a9c4014c04ac - - default default] Successfully bumped revision number for resource 88ca313b-a984-4fc8-9afa-de4e5fe91957 (type: networks) to 1
2026-06-09 11:00:41.480 8 WARNING neutron.scheduler.dhcp_agent_scheduler [None req-e41efaa8-d4f4-41d2-948b-9bc8cad4a44a ee8aedc7fdaa45faab17661874601a1d deaa6a3f09de4d218824a9c4014c04ac - - default default] No more DHCP agents
2026-06-09 11:00:41.481 8 WARNING neutron.api.rpc.agentnotifiers.dhcp_rpc_agent_api [None req-e41efaa8-d4f4-41d2-948b-9bc8cad4a44a ee8aedc7fdaa45faab17661874601a1d deaa6a3f09de4d218824a9c4014c04ac - - default default] Unable to schedule network 88ca313b-a984-4fc8-9afa-de4e5fe91957: no agents available; will retry on subsequent port and subnet creation events.
2026-06-09 11:00:41.581 8 INFO neutron.db.ovn_revision_numbers_db [None req-e41efaa8-d4f4-41d2-948b-9bc8cad4a44a ee8aedc7fdaa45faab17661874601a1d deaa6a3f09de4d218824a9c4014c04ac - - default default] Successfully bumped revision number for resource a62e4357-e53c-4299-83e6-3913dc0cef69 (type: ports) to 1 [pid: 8|app: 0|req: 1256/2616] 10.0.0.62 () {34 vars in 669 bytes} [Tue Jun 9 11:00:41 2026] POST /v2.0/networks => generated 650 bytes in 528 msecs (HTTP/1.1 201) 4 headers in 162 bytes (1 switches on core 0)
2026-06-09 11:00:41.768 7 INFO neutron.plugins.ml2.drivers.ovn.mech_driver.ovsdb.commands [None req-1fe380e7-cea3-4b78-9725-953d7d4b149e - - - - - -] Schedule LRP lrp-05090cf8-3401-4a3c-b561-b1aea0c1b978 on gateway 34b10f90-c88b-4618-b728-a70760276ca8 with priority 1
2026-06-09 11:00:41.789 7 INFO neutron.plugins.ml2.drivers.ovn.mech_driver.mech_driver [None req-2aa84a6e-c179-4e58-972e-5ab3f3d5bc27 - - - - - -] OVN reports status up for port: 05090cf8-3401-4a3c-b561-b1aea0c1b978
2026-06-09 11:00:41.819 7 INFO neutron.plugins.ml2.plugin [None req-2aa84a6e-c179-4e58-972e-5ab3f3d5bc27 - - - - - -] Attempt 1 to provision port 05090cf8-3401-4a3c-b561-b1aea0c1b978
2026-06-09 11:00:41.829 8 WARNING neutron.scheduler.dhcp_agent_scheduler [None req-fddb3776-ef04-453b-9fed-c504d6c52668 ee8aedc7fdaa45faab17661874601a1d deaa6a3f09de4d218824a9c4014c04ac - - default default] No more DHCP agents
2026-06-09 11:00:41.830 8 WARNING neutron.api.rpc.agentnotifiers.dhcp_rpc_agent_api [None req-fddb3776-ef04-453b-9fed-c504d6c52668 ee8aedc7fdaa45faab17661874601a1d deaa6a3f09de4d218824a9c4014c04ac - - default default] Unable to schedule network 88ca313b-a984-4fc8-9afa-de4e5fe91957: no agents available; will retry on subsequent port and subnet creation events.
2026-06-09 11:00:41.841 7 INFO neutron.db.ovn_revision_numbers_db [None req-5e2d19fa-4dce-4318-94ea-336e56381ace c3830120a11e417abf27f10df0ce2e80 dfe10f2cd46c4eeaad32aece21f50340 - - default default] Successfully bumped revision number for resource 05090cf8-3401-4a3c-b561-b1aea0c1b978 (type: router_ports) to 1
2026-06-09 11:00:41.918 8 INFO neutron.db.ovn_revision_numbers_db [None req-fddb3776-ef04-453b-9fed-c504d6c52668 ee8aedc7fdaa45faab17661874601a1d deaa6a3f09de4d218824a9c4014c04ac - - default default] Successfully bumped revision number for resource bf10bd8b-e665-4052-bdc5-f781214a95b4 (type: ports) to 1 [pid: 8|app: 0|req: 1258/2618] 10.0.0.62 () {34 vars in 663 bytes} [Tue Jun 9 11:00:41 2026] POST /v2.0/ports => generated 743 bytes in 358 msecs (HTTP/1.1 201) 4 headers in 162 bytes (1 switches on core 0) /var/lib/openstack/lib/python3.12/site-packages/pycadf/identifier.py:70: UserWarning: Invalid uuid: neutron. To ensure interoperability, identifiers should be a valid uuid. warnings.warn(('Invalid uuid: %s. To ensure interoperability, '
2026-06-09 11:00:41.988 7 INFO neutron.db.ovn_revision_numbers_db [None req-5e2d19fa-4dce-4318-94ea-336e56381ace c3830120a11e417abf27f10df0ce2e80 dfe10f2cd46c4eeaad32aece21f50340 - - default default] Successfully bumped revision number for resource 3ffd1516-3d75-4caa-b867-038efaca7ca6 (type: routers) to 2 [pid: 7|app: 0|req: 1361/2619] 10.0.0.62 () {34 vars in 668 bytes} [Tue Jun 9 11:00:40 2026] POST /v2.0/routers => generated 936 bytes in 1647 msecs (HTTP/1.1 201) 4 headers in 162 bytes (1 switches on core 0)
2026-06-09 11:00:42.070 8 INFO neutron.db.segments_db [None req-462f1661-82ad-4d56-8f77-332dc8ff11dd ee8aedc7fdaa45faab17661874601a1d deaa6a3f09de4d218824a9c4014c04ac - - default default] Added segment fb89d689-5d59-4f60-b8ee-1914552572f9 of type geneve for network 4e293709-f145-4ea0-83f7-b80b3380da2f
2026-06-09 11:00:42.214 8 INFO neutron.db.ovn_revision_numbers_db [None req-462f1661-82ad-4d56-8f77-332dc8ff11dd ee8aedc7fdaa45faab17661874601a1d deaa6a3f09de4d218824a9c4014c04ac - - default default] Successfully bumped revision number for resource 4e293709-f145-4ea0-83f7-b80b3380da2f (type: networks) to 1
2026-06-09 11:00:42.397 8 WARNING neutron.scheduler.dhcp_agent_scheduler [None req-462f1661-82ad-4d56-8f77-332dc8ff11dd ee8aedc7fdaa45faab17661874601a1d deaa6a3f09de4d218824a9c4014c04ac - - default default] No more DHCP agents
2026-06-09 11:00:42.399 8 WARNING neutron.api.rpc.agentnotifiers.dhcp_rpc_agent_api [None req-462f1661-82ad-4d56-8f77-332dc8ff11dd ee8aedc7fdaa45faab17661874601a1d deaa6a3f09de4d218824a9c4014c04ac - - default default] Unable to schedule network 4e293709-f145-4ea0-83f7-b80b3380da2f: no agents available; will retry on subsequent port and subnet creation events.
2026-06-09 11:00:42.490 8 INFO neutron.db.ovn_revision_numbers_db [None req-462f1661-82ad-4d56-8f77-332dc8ff11dd ee8aedc7fdaa45faab17661874601a1d deaa6a3f09de4d218824a9c4014c04ac - - default default] Successfully bumped revision number for resource 592f98cc-b661-4132-9167-21d70749949a (type: ports) to 1 [pid: 8|app: 0|req: 1259/2620] 10.0.0.62 () {34 vars in 669 bytes} [Tue Jun 9 11:00:41 2026] POST /v2.0/networks => generated 650 bytes in 558 msecs (HTTP/1.1 201) 4 headers in 162 bytes (1 switches on core 0)
2026-06-09 11:00:42.558 7 WARNING neutron.scheduler.dhcp_agent_scheduler [None req-33567d0d-7cf3-4b24-b5a1-a01cc6bb24b2 c3830120a11e417abf27f10df0ce2e80 dfe10f2cd46c4eeaad32aece21f50340 - - default default] No more DHCP agents
2026-06-09 11:00:42.560 7 WARNING neutron.api.rpc.agentnotifiers.dhcp_rpc_agent_api [None req-33567d0d-7cf3-4b24-b5a1-a01cc6bb24b2 c3830120a11e417abf27f10df0ce2e80 dfe10f2cd46c4eeaad32aece21f50340 - - default default] Unable to schedule network d0956aae-eca3-4d62-8fc9-f917241ae38c: no agents available; will retry on subsequent port and subnet creation events.
2026-06-09 11:00:42.736 7 INFO neutron.db.ovn_revision_numbers_db [None req-33567d0d-7cf3-4b24-b5a1-a01cc6bb24b2 c3830120a11e417abf27f10df0ce2e80 dfe10f2cd46c4eeaad32aece21f50340 - - default default] Successfully bumped revision number for resource f69ed457-c569-4cb0-945a-f221f55c83d9 (type: ports) to 1
2026-06-09 11:00:42.820 8 WARNING neutron.scheduler.dhcp_agent_scheduler [None req-af558fba-d468-444b-9554-59d1deece1c2 ee8aedc7fdaa45faab17661874601a1d deaa6a3f09de4d218824a9c4014c04ac - - default default] No more DHCP agents
2026-06-09 11:00:42.821 8 WARNING neutron.api.rpc.agentnotifiers.dhcp_rpc_agent_api [None req-af558fba-d468-444b-9554-59d1deece1c2 ee8aedc7fdaa45faab17661874601a1d deaa6a3f09de4d218824a9c4014c04ac - - default default] Unable to schedule network 4e293709-f145-4ea0-83f7-b80b3380da2f: no agents available; will retry on subsequent port and subnet creation events.
2026-06-09 11:00:42.898 8 INFO neutron.db.ovn_revision_numbers_db [None req-af558fba-d468-444b-9554-59d1deece1c2 ee8aedc7fdaa45faab17661874601a1d deaa6a3f09de4d218824a9c4014c04ac - - default default] Successfully bumped revision number for resource 124141e8-cdfa-4268-9a52-2417fa2cd847 (type: ports) to 1
2026-06-09 11:00:42.959 8 WARNING neutron.plugins.ml2.drivers.ovn.mech_driver.ovsdb.ovn_client [None req-80b90ea9-811e-4bd8-944a-18da42245313 - - - - - -] No hosting information found for port ae2a7481-0f15-42e2-afc9-5945187b5ad7: RuntimeError: No hosting information found for port ae2a7481-0f15-42e2-afc9-5945187b5ad7 [pid: 8|app: 0|req: 1260/2621] 10.0.0.62 () {34 vars in 663 bytes} [Tue Jun 9 11:00:42 2026] POST /v2.0/ports => generated 743 bytes in 451 msecs (HTTP/1.1 201) 4 headers in 162 bytes (1 switches on core 0) /var/lib/openstack/lib/python3.12/site-packages/pycadf/identifier.py:70: UserWarning: Invalid uuid: neutron. To ensure interoperability, identifiers should be a valid uuid. warnings.warn(('Invalid uuid: %s. To ensure interoperability, ' [pid: 8|app: 0|req: 1261/2622] 10.0.0.62 () {34 vars in 746 bytes} [Tue Jun 9 11:00:42 2026] PUT /v2.0/ports/70be5bbb-64d7-40f8-999f-3f36bae52143/tags => generated 17 bytes in 143 msecs (HTTP/1.1 200) 4 headers in 156 bytes (1 switches on core 0) /var/lib/openstack/lib/python3.12/site-packages/pycadf/identifier.py:70: UserWarning: Invalid uuid: neutron. To ensure interoperability, identifiers should be a valid uuid. warnings.warn(('Invalid uuid: %s. To ensure interoperability, '
2026-06-09 11:00:43.173 8 INFO neutron.db.ovn_revision_numbers_db [None req-80b90ea9-811e-4bd8-944a-18da42245313 - - - - - -] Successfully bumped revision number for resource ae2a7481-0f15-42e2-afc9-5945187b5ad7 (type: router_ports) to 2
2026-06-09 11:00:43.260 8 INFO neutron.plugins.ml2.drivers.ovn.mech_driver.mech_driver [None req-80b90ea9-811e-4bd8-944a-18da42245313 - - - - - -] OVN reports status down for port: c3041608-e3d9-4436-b9a8-40928d5fd462 [pid: 8|app: 0|req: 1262/2623] 10.0.0.62 () {34 vars in 746 bytes} [Tue Jun 9 11:00:43 2026] PUT /v2.0/ports/adabdeae-72bf-4642-98bf-cf8b424ae90c/tags => generated 25 bytes in 126 msecs (HTTP/1.1 200) 4 headers in 156 bytes (1 switches on core 0) /var/lib/openstack/lib/python3.12/site-packages/pycadf/identifier.py:70: UserWarning: Invalid uuid: neutron. To ensure interoperability, identifiers should be a valid uuid. warnings.warn(('Invalid uuid: %s. To ensure interoperability, '
2026-06-09 11:00:43.359 8 INFO neutron.plugins.ml2.drivers.ovn.mech_driver.mech_driver [None req-80b90ea9-811e-4bd8-944a-18da42245313 - - - - - -] OVN reports status down for port: a62e4357-e53c-4299-83e6-3913dc0cef69 [pid: 8|app: 0|req: 1263/2624] 10.0.0.62 () {34 vars in 746 bytes} [Tue Jun 9 11:00:43 2026] PUT /v2.0/ports/b9978023-3e92-472e-811f-e4e29b57d8d7/tags => generated 34 bytes in 103 msecs (HTTP/1.1 200) 4 headers in 156 bytes (1 switches on core 0) /var/lib/openstack/lib/python3.12/site-packages/pycadf/identifier.py:70: UserWarning: Invalid uuid: neutron. To ensure interoperability, identifiers should be a valid uuid. warnings.warn(('Invalid uuid: %s. To ensure interoperability, '
2026-06-09 11:00:43.466 8 INFO neutron.plugins.ml2.drivers.ovn.mech_driver.mech_driver [None req-80b90ea9-811e-4bd8-944a-18da42245313 - - - - - -] OVN reports status down for port: bf10bd8b-e665-4052-bdc5-f781214a95b4 [pid: 8|app: 0|req: 1264/2625] 10.0.0.62 () {34 vars in 746 bytes} [Tue Jun 9 11:00:43 2026] PUT /v2.0/ports/bf10bd8b-e665-4052-bdc5-f781214a95b4/tags => generated 19 bytes in 129 msecs (HTTP/1.1 200) 4 headers in 156 bytes (1 switches on core 0) /var/lib/openstack/lib/python3.12/site-packages/pycadf/identifier.py:70: UserWarning: Invalid uuid: neutron. To ensure interoperability, identifiers should be a valid uuid. warnings.warn(('Invalid uuid: %s. To ensure interoperability, '
2026-06-09 11:00:43.545 7 WARNING neutron.scheduler.dhcp_agent_scheduler [None req-33567d0d-7cf3-4b24-b5a1-a01cc6bb24b2 c3830120a11e417abf27f10df0ce2e80 dfe10f2cd46c4eeaad32aece21f50340 - - default default] No more DHCP agents
2026-06-09 11:00:43.550 7 WARNING neutron.api.rpc.agentnotifiers.dhcp_rpc_agent_api [None req-33567d0d-7cf3-4b24-b5a1-a01cc6bb24b2 c3830120a11e417abf27f10df0ce2e80 dfe10f2cd46c4eeaad32aece21f50340 - - default default] Unable to schedule network d0956aae-eca3-4d62-8fc9-f917241ae38c: no agents available; will retry on subsequent port and subnet creation events.
2026-06-09 11:00:43.608 8 INFO neutron.plugins.ml2.drivers.ovn.mech_driver.mech_driver [None req-80b90ea9-811e-4bd8-944a-18da42245313 - - - - - -] OVN reports status down for port: 592f98cc-b661-4132-9167-21d70749949a [pid: 8|app: 0|req: 1265/2626] 10.0.0.62 () {32 vars in 659 bytes} [Tue Jun 9 11:00:43 2026] GET /v2.0/ports?tags=red => generated 2253 bytes in 132 msecs (HTTP/1.1 200) 4 headers in 158 bytes (1 switches on core 0) [pid: 8|app: 0|req: 1266/2627] 10.0.0.62 () {32 vars in 673 bytes} [Tue Jun 9 11:00:43 2026] GET /v2.0/ports?tags=red%2Cblue => generated 1513 bytes in 93 msecs (HTTP/1.1 200) 4 headers in 158 bytes (1 switches on core 0)
2026-06-09 11:00:43.745 8 INFO neutron.plugins.ml2.drivers.ovn.mech_driver.mech_driver [None req-80b90ea9-811e-4bd8-944a-18da42245313 - - - - - -] OVN reports status down for port: 124141e8-cdfa-4268-9a52-2417fa2cd847 [pid: 8|app: 0|req: 1267/2628] 10.0.0.62 () {32 vars in 669 bytes} [Tue Jun 9 11:00:43 2026] GET /v2.0/ports?tags-any=blue => generated 1513 bytes in 120 msecs (HTTP/1.1 200) 4 headers in 158 bytes (1 switches on core 0)
2026-06-09 11:00:43.873 8 INFO neutron.plugins.ml2.drivers.ovn.mech_driver.mech_driver [None req-80b90ea9-811e-4bd8-944a-18da42245313 - - - - - -] OVN reports status up for port: 1aa39dac-fdd2-41fe-b22e-d517c64e6d9f
2026-06-09 11:00:43.909 8 INFO neutron.plugins.ml2.plugin [None req-80b90ea9-811e-4bd8-944a-18da42245313 - - - - - -] Attempt 1 to provision port 1aa39dac-fdd2-41fe-b22e-d517c64e6d9f [pid: 8|app: 0|req: 1268/2629] 10.0.0.62 () {32 vars in 681 bytes} [Tue Jun 9 11:00:43 2026] GET /v2.0/ports?tags-any=red%2Cblue => generated 2253 bytes in 74 msecs (HTTP/1.1 200) 4 headers in 158 bytes (1 switches on core 0)
2026-06-09 11:00:43.969 7 INFO neutron.db.ovn_revision_numbers_db [None req-33567d0d-7cf3-4b24-b5a1-a01cc6bb24b2 c3830120a11e417abf27f10df0ce2e80 dfe10f2cd46c4eeaad32aece21f50340 - - default default] Successfully bumped revision number for resource f69ed457-c569-4cb0-945a-f221f55c83d9 (type: router_ports) to 1 [pid: 7|app: 0|req: 1362/2630] 10.0.0.62 () {34 vars in 782 bytes} [Tue Jun 9 11:00:42 2026] PUT /v2.0/routers/3ffd1516-3d75-4caa-b867-038efaca7ca6/add_router_interface => generated 309 bytes in 1964 msecs (HTTP/1.1 200) 4 headers in 157 bytes (1 switches on core 0) [pid: 8|app: 0|req: 1269/2631] 10.0.0.62 () {32 vars in 667 bytes} [Tue Jun 9 11:00:43 2026] GET /v2.0/ports?not-tags=red => generated 5268 bytes in 176 msecs (HTTP/1.1 200) 4 headers in 158 bytes (1 switches on core 0) [pid: 8|app: 0|req: 1270/2632] 10.0.0.62 () {32 vars in 720 bytes} [Tue Jun 9 11:00:44 2026] GET /v2.0/subnets/ebd47b28-31e4-40db-a76f-f3898d95702b => generated 675 bytes in 46 msecs (HTTP/1.1 200) 4 headers in 157 bytes (1 switches on core 0) [pid: 8|app: 0|req: 1271/2633] 10.0.0.62 () {32 vars in 681 bytes} [Tue Jun 9 11:00:44 2026] GET /v2.0/ports?not-tags=red%2Cblue => generated 6008 bytes in 272 msecs (HTTP/1.1 200) 4 headers in 158 bytes (1 switches on core 0)
2026-06-09 11:00:44.494 8 INFO neutron.db.ovn_revision_numbers_db [None req-80b90ea9-811e-4bd8-944a-18da42245313 - - - - - -] Successfully bumped revision number for resource 1aa39dac-fdd2-41fe-b22e-d517c64e6d9f (type: ports) to 4
2026-06-09 11:00:44.598 7 WARNING neutron.scheduler.dhcp_agent_scheduler [None req-07c1d3e2-b8db-4097-be27-1aa0cd735b04 - - - - - -] No more DHCP agents
2026-06-09 11:00:44.600 7 WARNING neutron.api.rpc.agentnotifiers.dhcp_rpc_agent_api [None req-07c1d3e2-b8db-4097-be27-1aa0cd735b04 - - - - - -] Unable to schedule network 0da494fd-06fd-4a67-a46a-10f2b66281a9: no agents available; will retry on subsequent port and subnet creation events. [pid: 8|app: 0|req: 1272/2634] 10.0.0.62 () {32 vars in 677 bytes} [Tue Jun 9 11:00:44 2026] GET /v2.0/ports?not-tags-any=blue => generated 6008 bytes in 226 msecs (HTTP/1.1 200) 4 headers in 158 bytes (1 switches on core 0)
2026-06-09 11:00:44.747 7 INFO neutron.db.ovn_revision_numbers_db [None req-07c1d3e2-b8db-4097-be27-1aa0cd735b04 - - - - - -] Successfully bumped revision number for resource b564b7f1-11ac-4503-9377-8fba1fa50a75 (type: ports) to 1
2026-06-09 11:00:44.854 8 INFO neutron.plugins.ml2.drivers.ovn.mech_driver.mech_driver [None req-2b5a04f1-2f16-4a19-955c-a8e01b39737e - - - - - -] OVN reports status down for port: b564b7f1-11ac-4503-9377-8fba1fa50a75 [pid: 8|app: 0|req: 1273/2635] 10.0.0.62 () {32 vars in 689 bytes} [Tue Jun 9 11:00:44 2026] GET /v2.0/ports?not-tags-any=red%2Cblue => generated 5268 bytes in 195 msecs (HTTP/1.1 200) 4 headers in 158 bytes (1 switches on core 0)
2026-06-09 11:00:45.041 7 INFO neutron.db.ovn_revision_numbers_db [None req-07c1d3e2-b8db-4097-be27-1aa0cd735b04 - - - - - -] Successfully bumped revision number for resource b564b7f1-11ac-4503-9377-8fba1fa50a75 (type: ports) to 3
2026-06-09 11:00:45.104 7 INFO neutron.db.segments_db [None req-07c1d3e2-b8db-4097-be27-1aa0cd735b04 - - - - - -] Added segment 7638c1f2-e404-4aa9-b962-0a147e44a205 of type geneve for network 02c7c243-13c0-4fbd-9cdd-71f68c5d77cf
2026-06-09 11:00:45.115 8 INFO neutron_taas.services.taas.taas_plugin [None req-ee65d56b-9528-470d-b9d8-0cfc836f7c57 ee8aedc7fdaa45faab17661874601a1d deaa6a3f09de4d218824a9c4014c04ac - - default default] TaaS: Handle Delete Port: 70be5bbb-64d7-40f8-999f-3f36bae52143
2026-06-09 11:00:45.123 8 INFO neutron_taas.services.taas.tap_mirror_plugin [None req-ee65d56b-9528-470d-b9d8-0cfc836f7c57 ee8aedc7fdaa45faab17661874601a1d deaa6a3f09de4d218824a9c4014c04ac - - default default] Tap Mirror: Handle Delete Port: 70be5bbb-64d7-40f8-999f-3f36bae52143
2026-06-09 11:00:45.256 7 INFO neutron.db.ovn_revision_numbers_db [None req-6d4612fd-2c2e-497b-849c-e449cc4d8019 - - - - - -] Successfully bumped revision number for resource 02c7c243-13c0-4fbd-9cdd-71f68c5d77cf (type: networks) to 1 [pid: 8|app: 0|req: 1274/2636] 10.0.0.62 () {32 vars in 719 bytes} [Tue Jun 9 11:00:44 2026] DELETE /v2.0/ports/70be5bbb-64d7-40f8-999f-3f36bae52143 => generated 0 bytes in 422 msecs (HTTP/1.1 204) 3 headers in 131 bytes (1 switches on core 0)
2026-06-09 11:00:45.452 7 WARNING neutron.scheduler.dhcp_agent_scheduler [None req-6d4612fd-2c2e-497b-849c-e449cc4d8019 - - - - - -] No more DHCP agents
2026-06-09 11:00:45.454 7 WARNING neutron.api.rpc.agentnotifiers.dhcp_rpc_agent_api [None req-6d4612fd-2c2e-497b-849c-e449cc4d8019 - - - - - -] Unable to schedule network 02c7c243-13c0-4fbd-9cdd-71f68c5d77cf: no agents available; will retry on subsequent port and subnet creation events.
2026-06-09 11:00:45.460 8 INFO neutron_taas.services.taas.taas_plugin [None req-99ad115f-2859-46f0-93bc-69d3dbeb201e ee8aedc7fdaa45faab17661874601a1d deaa6a3f09de4d218824a9c4014c04ac - - default default] TaaS: Handle Delete Port: adabdeae-72bf-4642-98bf-cf8b424ae90c
2026-06-09 11:00:45.464 8 INFO neutron_taas.services.taas.tap_mirror_plugin [None req-99ad115f-2859-46f0-93bc-69d3dbeb201e ee8aedc7fdaa45faab17661874601a1d deaa6a3f09de4d218824a9c4014c04ac - - default default] Tap Mirror: Handle Delete Port: adabdeae-72bf-4642-98bf-cf8b424ae90c
2026-06-09 11:00:45.544 8 INFO neutron.plugins.ml2.drivers.ovn.mech_driver.mech_driver [None req-2b5a04f1-2f16-4a19-955c-a8e01b39737e - - - - - -] OVN reports status down for port: d3296469-ecd8-4d61-a9bf-d2d154bb14fd
2026-06-09 11:00:45.557 7 INFO neutron.db.ovn_revision_numbers_db [None req-6d4612fd-2c2e-497b-849c-e449cc4d8019 - - - - - -] Successfully bumped revision number for resource d3296469-ecd8-4d61-a9bf-d2d154bb14fd (type: ports) to 1 [pid: 8|app: 0|req: 1275/2637] 10.0.0.62 () {32 vars in 719 bytes} [Tue Jun 9 11:00:45 2026] DELETE /v2.0/ports/adabdeae-72bf-4642-98bf-cf8b424ae90c => generated 0 bytes in 390 msecs (HTTP/1.1 204) 3 headers in 131 bytes (1 switches on core 0)
2026-06-09 11:00:45.734 7 WARNING neutron.scheduler.dhcp_agent_scheduler [None req-6d4612fd-2c2e-497b-849c-e449cc4d8019 - - - - - -] No more DHCP agents
2026-06-09 11:00:45.735 7 WARNING neutron.api.rpc.agentnotifiers.dhcp_rpc_agent_api [None req-6d4612fd-2c2e-497b-849c-e449cc4d8019 - - - - - -] Unable to schedule network 02c7c243-13c0-4fbd-9cdd-71f68c5d77cf: no agents available; will retry on subsequent port and subnet creation events. [pid: 8|app: 0|req: 1276/2638] 10.0.0.56 () {30 vars in 689 bytes} [Tue Jun 9 11:00:45 2026] GET /v2.0/extensions/security-group => generated 170 bytes in 52 msecs (HTTP/1.1 200) 4 headers in 157 bytes (1 switches on core 0)
2026-06-09 11:00:45.767 7 INFO neutron.db.ovn_revision_numbers_db [None req-6d4612fd-2c2e-497b-849c-e449cc4d8019 - - - - - -] Successfully bumped revision number for resource ea5770c8-6d00-40c4-a6f6-ebd9eacc1829 (type: subnets) to 0
2026-06-09 11:00:45.859 8 INFO neutron_taas.services.taas.taas_plugin [None req-08d0e5fb-f4fc-465e-ba8a-8f68affd620b ee8aedc7fdaa45faab17661874601a1d deaa6a3f09de4d218824a9c4014c04ac - - default default] TaaS: Handle Delete Port: b9978023-3e92-472e-811f-e4e29b57d8d7
2026-06-09 11:00:45.862 8 INFO neutron_taas.services.taas.tap_mirror_plugin [None req-08d0e5fb-f4fc-465e-ba8a-8f68affd620b ee8aedc7fdaa45faab17661874601a1d deaa6a3f09de4d218824a9c4014c04ac - - default default] Tap Mirror: Handle Delete Port: b9978023-3e92-472e-811f-e4e29b57d8d7 [pid: 8|app: 0|req: 1277/2639] 10.0.0.62 () {32 vars in 719 bytes} [Tue Jun 9 11:00:45 2026] DELETE /v2.0/ports/b9978023-3e92-472e-811f-e4e29b57d8d7 => generated 0 bytes in 216 msecs (HTTP/1.1 204) 3 headers in 131 bytes (1 switches on core 0) [pid: 8|app: 0|req: 1278/2640] 10.0.0.56 () {30 vars in 691 bytes} [Tue Jun 9 11:00:45 2026] GET /v2.0/extensions/dns-integration => generated 172 bytes in 5 msecs (HTTP/1.1 200) 4 headers in 157 bytes (1 switches on core 0)
2026-06-09 11:00:46.071 8 INFO neutron_taas.services.taas.taas_plugin [None req-e1ebad17-03c8-437b-9901-74b8d686ed81 ee8aedc7fdaa45faab17661874601a1d deaa6a3f09de4d218824a9c4014c04ac - - default default] TaaS: Handle Delete Port: bf10bd8b-e665-4052-bdc5-f781214a95b4
2026-06-09 11:00:46.074 8 INFO neutron_taas.services.taas.tap_mirror_plugin [None req-e1ebad17-03c8-437b-9901-74b8d686ed81 ee8aedc7fdaa45faab17661874601a1d deaa6a3f09de4d218824a9c4014c04ac - - default default] Tap Mirror: Handle Delete Port: bf10bd8b-e665-4052-bdc5-f781214a95b4
2026-06-09 11:00:46.119 7 WARNING neutron.scheduler.dhcp_agent_scheduler [None req-6d4612fd-2c2e-497b-849c-e449cc4d8019 - - - - - -] No more DHCP agents
2026-06-09 11:00:46.121 7 WARNING neutron.api.rpc.agentnotifiers.dhcp_rpc_agent_api [None req-6d4612fd-2c2e-497b-849c-e449cc4d8019 - - - - - -] Unable to schedule network 02c7c243-13c0-4fbd-9cdd-71f68c5d77cf: no agents available; will retry on subsequent port and subnet creation events. [pid: 8|app: 0|req: 1279/2641] 10.0.0.62 () {32 vars in 719 bytes} [Tue Jun 9 11:00:45 2026] DELETE /v2.0/ports/bf10bd8b-e665-4052-bdc5-f781214a95b4 => generated 0 bytes in 205 msecs (HTTP/1.1 204) 3 headers in 131 bytes (1 switches on core 0) [pid: 8|app: 0|req: 1280/2642] 10.0.0.56 () {30 vars in 667 bytes} [Tue Jun 9 11:00:46 2026] GET /v2.0/extensions/qos => generated 166 bytes in 7 msecs (HTTP/1.1 200) 4 headers in 157 bytes (1 switches on core 0)
2026-06-09 11:00:46.313 8 INFO neutron_taas.services.taas.taas_plugin [None req-a7a63899-0f24-4892-90a2-e4607adc9b96 ee8aedc7fdaa45faab17661874601a1d deaa6a3f09de4d218824a9c4014c04ac - - default default] TaaS: Handle Delete Port: 124141e8-cdfa-4268-9a52-2417fa2cd847
2026-06-09 11:00:46.316 8 INFO neutron_taas.services.taas.tap_mirror_plugin [None req-a7a63899-0f24-4892-90a2-e4607adc9b96 ee8aedc7fdaa45faab17661874601a1d deaa6a3f09de4d218824a9c4014c04ac - - default default] Tap Mirror: Handle Delete Port: 124141e8-cdfa-4268-9a52-2417fa2cd847
2026-06-09 11:00:46.317 7 INFO neutron.db.ovn_revision_numbers_db [None req-6d4612fd-2c2e-497b-849c-e449cc4d8019 - - - - - -] Successfully bumped revision number for resource 174f1e6f-4d7e-4bbf-8b15-be8405934249 (type: ports) to 1 [pid: 8|app: 0|req: 1281/2643] 10.0.0.62 () {32 vars in 719 bytes} [Tue Jun 9 11:00:46 2026] DELETE /v2.0/ports/124141e8-cdfa-4268-9a52-2417fa2cd847 => generated 0 bytes in 246 msecs (HTTP/1.1 204) 3 headers in 131 bytes (1 switches on core 0) [pid: 8|app: 0|req: 1282/2644] 10.0.0.56 () {30 vars in 703 bytes} [Tue Jun 9 11:00:46 2026] GET /v2.0/extensions/allowed-address-pairs => generated 184 bytes in 6 msecs (HTTP/1.1 200) 4 headers in 157 bytes (1 switches on core 0)
2026-06-09 11:00:46.586 8 INFO neutron_taas.services.taas.taas_plugin [None req-0122c613-5575-43b5-b26d-3b34e76e6fdd ee8aedc7fdaa45faab17661874601a1d deaa6a3f09de4d218824a9c4014c04ac - - default default] TaaS: Handle Delete Port: 54004172-b6a2-4c02-a53f-66ef8ee4f40e
2026-06-09 11:00:46.588 8 INFO neutron_taas.services.taas.tap_mirror_plugin [None req-0122c613-5575-43b5-b26d-3b34e76e6fdd ee8aedc7fdaa45faab17661874601a1d deaa6a3f09de4d218824a9c4014c04ac - - default default] Tap Mirror: Handle Delete Port: 54004172-b6a2-4c02-a53f-66ef8ee4f40e
2026-06-09 11:00:46.790 8 INFO neutron.services.segments.plugin [-] Segment 63a8bc76-1944-4e77-a079-207ee19119df resource provider aggregate not found
2026-06-09 11:00:46.799 8 INFO neutron.services.segments.plugin [-] Segment 63a8bc76-1944-4e77-a079-207ee19119df resource provider aggregate not found
2026-06-09 11:00:46.815 8 INFO neutron.services.segments.plugin [-] Segment 63a8bc76-1944-4e77-a079-207ee19119df resource provider not found; error: Placement Client Error (4xx): {"errors": [{"status": 404, "title": "Not Found", "detail": "The resource could not be found.\n\n No resource provider with uuid 63a8bc76-1944-4e77-a079-207ee19119df found for delete ", "request_id": "req-ef15672a-2443-41b3-9c0b-c91b92948a2d"}]}
2026-06-09 11:00:46.822 8 INFO neutron.services.segments.plugin [-] Segment 63a8bc76-1944-4e77-a079-207ee19119df resource provider not found; error: Placement Client Error (4xx): {"errors": [{"status": 404, "title": "Not Found", "detail": "The resource could not be found.\n\n No resource provider with uuid 63a8bc76-1944-4e77-a079-207ee19119df found for delete ", "request_id": "req-30fd8bd0-5624-4243-ac99-6284eb1fc2a3"}]} [pid: 8|app: 0|req: 1283/2645] 10.0.0.62 () {32 vars in 725 bytes} [Tue Jun 9 11:00:46 2026] DELETE /v2.0/networks/8fe1307b-5278-4da6-9fb6-8c346e3cbfb1 => generated 0 bytes in 412 msecs (HTTP/1.1 204) 3 headers in 131 bytes (1 switches on core 0)
2026-06-09 11:00:46.979 8 INFO neutron_taas.services.taas.taas_plugin [None req-9822bf81-7159-4fa4-8d40-64cd21507325 ee8aedc7fdaa45faab17661874601a1d deaa6a3f09de4d218824a9c4014c04ac - - default default] TaaS: Handle Delete Port: 7262ff89-422c-472e-b704-d98625167953
2026-06-09 11:00:46.982 8 INFO neutron_taas.services.taas.tap_mirror_plugin [None req-9822bf81-7159-4fa4-8d40-64cd21507325 ee8aedc7fdaa45faab17661874601a1d deaa6a3f09de4d218824a9c4014c04ac - - default default] Tap Mirror: Handle Delete Port: 7262ff89-422c-472e-b704-d98625167953
2026-06-09 11:00:46.988 7 WARNING neutron.plugins.ml2.drivers.ovn.mech_driver.ovsdb.ovn_client [None req-2aa84a6e-c179-4e58-972e-5ab3f3d5bc27 - - - - - -] No hosting information found for port 05090cf8-3401-4a3c-b561-b1aea0c1b978: RuntimeError: No hosting information found for port 05090cf8-3401-4a3c-b561-b1aea0c1b978
2026-06-09 11:00:46.988 7 INFO neutron.plugins.ml2.drivers.ovn.mech_driver.mech_driver [None req-2aa84a6e-c179-4e58-972e-5ab3f3d5bc27 - - - - - -] OVN reports status down for port: f69ed457-c569-4cb0-945a-f221f55c83d9
2026-06-09 11:00:47.106 7 WARNING neutron.scheduler.dhcp_agent_scheduler [None req-6d4612fd-2c2e-497b-849c-e449cc4d8019 - - - - - -] No more DHCP agents
2026-06-09 11:00:47.110 7 WARNING neutron.api.rpc.agentnotifiers.dhcp_rpc_agent_api [None req-6d4612fd-2c2e-497b-849c-e449cc4d8019 - - - - - -] Unable to schedule network 02c7c243-13c0-4fbd-9cdd-71f68c5d77cf: no agents available; will retry on subsequent port and subnet creation events.
2026-06-09 11:00:47.167 7 WARNING neutron.plugins.ml2.drivers.ovn.mech_driver.ovsdb.ovn_client [None req-2aa84a6e-c179-4e58-972e-5ab3f3d5bc27 - - - - - -] Logical_Switch_Port %s host information not removed, the port state is up
2026-06-09 11:00:47.169 7 INFO neutron.plugins.ml2.drivers.ovn.mech_driver.mech_driver [None req-2aa84a6e-c179-4e58-972e-5ab3f3d5bc27 - - - - - -] OVN reports status up for port: f69ed457-c569-4cb0-945a-f221f55c83d9 [pid: 8|app: 0|req: 1285/2647] 10.0.0.62 () {32 vars in 725 bytes} [Tue Jun 9 11:00:46 2026] DELETE /v2.0/networks/fbf24589-7824-4243-ab03-9c4fd68b19ed => generated 0 bytes in 321 msecs (HTTP/1.1 204) 3 headers in 131 bytes (1 switches on core 0) [pid: 8|app: 0|req: 1286/2648] 10.0.0.56 () {28 vars in 438 bytes} [Tue Jun 9 11:00:47 2026] GET / => generated 151 bytes in 1 msecs (HTTP/1.1 200) 3 headers in 91 bytes (1 switches on core 0)
2026-06-09 11:00:47.211 7 INFO neutron.plugins.ml2.plugin [None req-2aa84a6e-c179-4e58-972e-5ab3f3d5bc27 - - - - - -] Attempt 1 to provision port f69ed457-c569-4cb0-945a-f221f55c83d9
2026-06-09 11:00:47.328 8 INFO neutron_taas.services.taas.taas_plugin [None req-aa777744-f495-4f09-8898-8c2e1bc87bc1 ee8aedc7fdaa45faab17661874601a1d deaa6a3f09de4d218824a9c4014c04ac - - default default] TaaS: Handle Delete Port: bc3470a1-eefd-4f50-b1d2-3b967164210d
2026-06-09 11:00:47.334 8 INFO neutron_taas.services.taas.tap_mirror_plugin [None req-aa777744-f495-4f09-8898-8c2e1bc87bc1 ee8aedc7fdaa45faab17661874601a1d deaa6a3f09de4d218824a9c4014c04ac - - default default] Tap Mirror: Handle Delete Port: bc3470a1-eefd-4f50-b1d2-3b967164210d [pid: 8|app: 0|req: 1287/2649] 10.0.0.62 () {32 vars in 725 bytes} [Tue Jun 9 11:00:47 2026] DELETE /v2.0/networks/17d47445-35f5-4d62-93d6-40fed9f2efb0 => generated 0 bytes in 346 msecs (HTTP/1.1 204) 3 headers in 131 bytes (1 switches on core 0) [pid: 8|app: 0|req: 1288/2650] 10.0.0.56 () {30 vars in 727 bytes} [Tue Jun 9 11:00:47 2026] GET /v2.0/subnets/ebd47b28-31e4-40db-a76f-f3898d95702b => generated 657 bytes in 30 msecs (HTTP/1.1 200) 4 headers in 157 bytes (1 switches on core 0)
2026-06-09 11:00:47.694 8 INFO neutron_taas.services.taas.taas_plugin [None req-0d7a738e-7028-4553-9998-09b8461f14f4 ee8aedc7fdaa45faab17661874601a1d deaa6a3f09de4d218824a9c4014c04ac - - default default] TaaS: Handle Delete Port: a62e4357-e53c-4299-83e6-3913dc0cef69
2026-06-09 11:00:47.696 8 INFO neutron_taas.services.taas.tap_mirror_plugin [None req-0d7a738e-7028-4553-9998-09b8461f14f4 ee8aedc7fdaa45faab17661874601a1d deaa6a3f09de4d218824a9c4014c04ac - - default default] Tap Mirror: Handle Delete Port: a62e4357-e53c-4299-83e6-3913dc0cef69 [pid: 8|app: 0|req: 1289/2651] 10.0.0.62 () {32 vars in 725 bytes} [Tue Jun 9 11:00:47 2026] DELETE /v2.0/networks/88ca313b-a984-4fc8-9afa-de4e5fe91957 => generated 0 bytes in 347 msecs (HTTP/1.1 204) 3 headers in 131 bytes (1 switches on core 0) [pid: 8|app: 0|req: 1290/2652] 10.0.0.56 () {30 vars in 689 bytes} [Tue Jun 9 11:00:47 2026] GET /v2.0/extensions/security-group => generated 170 bytes in 4 msecs (HTTP/1.1 200) 4 headers in 157 bytes (1 switches on core 0)
2026-06-09 11:00:48.072 8 INFO neutron_taas.services.taas.taas_plugin [None req-2520cd22-0026-41c2-b6ef-af65a3efdbd0 ee8aedc7fdaa45faab17661874601a1d deaa6a3f09de4d218824a9c4014c04ac - - default default] TaaS: Handle Delete Port: 592f98cc-b661-4132-9167-21d70749949a
2026-06-09 11:00:48.076 8 INFO neutron_taas.services.taas.tap_mirror_plugin [None req-2520cd22-0026-41c2-b6ef-af65a3efdbd0 ee8aedc7fdaa45faab17661874601a1d deaa6a3f09de4d218824a9c4014c04ac - - default default] Tap Mirror: Handle Delete Port: 592f98cc-b661-4132-9167-21d70749949a
2026-06-09 11:00:48.194 7 INFO neutron.db.ovn_revision_numbers_db [None req-6d4612fd-2c2e-497b-849c-e449cc4d8019 - - - - - -] Successfully bumped revision number for resource 174f1e6f-4d7e-4bbf-8b15-be8405934249 (type: router_ports) to 1 [pid: 8|app: 0|req: 1291/2653] 10.0.0.62 () {32 vars in 725 bytes} [Tue Jun 9 11:00:47 2026] DELETE /v2.0/networks/4e293709-f145-4ea0-83f7-b80b3380da2f => generated 0 bytes in 379 msecs (HTTP/1.1 204) 3 headers in 131 bytes (1 switches on core 0) [pid: 8|app: 0|req: 1292/2654] 10.0.0.56 () {30 vars in 691 bytes} [Tue Jun 9 11:00:48 2026] GET /v2.0/extensions/dns-integration => generated 172 bytes in 4 msecs (HTTP/1.1 200) 4 headers in 157 bytes (1 switches on core 0) [pid: 8|app: 0|req: 1293/2655] 10.0.0.56 () {30 vars in 667 bytes} [Tue Jun 9 11:00:48 2026] GET /v2.0/extensions/qos => generated 166 bytes in 4 msecs (HTTP/1.1 200) 4 headers in 157 bytes (1 switches on core 0) [pid: 8|app: 0|req: 1294/2656] 10.0.0.56 () {30 vars in 703 bytes} [Tue Jun 9 11:00:48 2026] GET /v2.0/extensions/allowed-address-pairs => generated 184 bytes in 4 msecs (HTTP/1.1 200) 4 headers in 157 bytes (1 switches on core 0)
2026-06-09 11:00:48.363 7 INFO neutron.db.ovn_revision_numbers_db [None req-2aa84a6e-c179-4e58-972e-5ab3f3d5bc27 - - - - - -] Successfully bumped revision number for resource f69ed457-c569-4cb0-945a-f221f55c83d9 (type: ports) to 2 [pid: 8|app: 0|req: 1295/2657] 10.0.0.56 () {30 vars in 727 bytes} [Tue Jun 9 11:00:48 2026] GET /v2.0/subnets/ebd47b28-31e4-40db-a76f-f3898d95702b => generated 675 bytes in 24 msecs (HTTP/1.1 200) 4 headers in 157 bytes (1 switches on core 0) [pid: 8|app: 0|req: 1296/2658] 10.0.0.56 () {30 vars in 689 bytes} [Tue Jun 9 11:00:48 2026] GET /v2.0/extensions/security-group => generated 170 bytes in 6 msecs (HTTP/1.1 200) 4 headers in 157 bytes (1 switches on core 0) [pid: 8|app: 0|req: 1297/2659] 10.0.0.56 () {30 vars in 691 bytes} [Tue Jun 9 11:00:48 2026] GET /v2.0/extensions/dns-integration => generated 172 bytes in 4 msecs (HTTP/1.1 200) 4 headers in 157 bytes (1 switches on core 0) [pid: 8|app: 0|req: 1298/2660] 10.0.0.56 () {30 vars in 667 bytes} [Tue Jun 9 11:00:48 2026] GET /v2.0/extensions/qos => generated 166 bytes in 5 msecs (HTTP/1.1 200) 4 headers in 157 bytes (1 switches on core 0) [pid: 8|app: 0|req: 1299/2661] 10.0.0.56 () {30 vars in 703 bytes} [Tue Jun 9 11:00:48 2026] GET /v2.0/extensions/allowed-address-pairs => generated 184 bytes in 9 msecs (HTTP/1.1 200) 4 headers in 157 bytes (1 switches on core 0) [pid: 8|app: 0|req: 1300/2662] 10.0.0.56 () {30 vars in 729 bytes} [Tue Jun 9 11:00:48 2026] GET /v2.0/networks/7266b9a0-5a83-4c20-afb1-76ea0a68de3b => generated 841 bytes in 58 msecs (HTTP/1.1 200) 4 headers in 157 bytes (1 switches on core 0)
2026-06-09 11:00:48.599 7 WARNING neutron.scheduler.dhcp_agent_scheduler [None req-6d4612fd-2c2e-497b-849c-e449cc4d8019 - - - - - -] No more DHCP agents
2026-06-09 11:00:48.600 7 WARNING neutron.api.rpc.agentnotifiers.dhcp_rpc_agent_api [None req-6d4612fd-2c2e-497b-849c-e449cc4d8019 - - - - - -] Unable to schedule network 02c7c243-13c0-4fbd-9cdd-71f68c5d77cf: no agents available; will retry on subsequent port and subnet creation events. [pid: 8|app: 0|req: 1301/2663] 10.0.0.56 () {30 vars in 681 bytes} [Tue Jun 9 11:00:48 2026] GET /v2.0/extensions/project-id => generated 204 bytes in 6 msecs (HTTP/1.1 200) 4 headers in 157 bytes (1 switches on core 0)
2026-06-09 11:00:48.727 7 INFO neutron.db.ovn_revision_numbers_db [None req-6d4612fd-2c2e-497b-849c-e449cc4d8019 - - - - - -] Successfully bumped revision number for resource 1b68517b-31aa-46b4-8b66-d986a5b30d10 (type: ports) to 1
2026-06-09 11:00:48.736 8 INFO neutron.plugins.ml2.drivers.ovn.mech_driver.mech_driver [None req-2b5a04f1-2f16-4a19-955c-a8e01b39737e - - - - - -] OVN reports status down for port: 1b68517b-31aa-46b4-8b66-d986a5b30d10
2026-06-09 11:00:48.853 8 INFO neutron.services.segments.plugin [-] Segment e649db8f-ebf1-4330-85e1-2afc727da05e resource provider aggregate not found
2026-06-09 11:00:48.864 8 INFO neutron.services.segments.plugin [-] Segment e649db8f-ebf1-4330-85e1-2afc727da05e resource provider aggregate not found
2026-06-09 11:00:48.883 8 INFO neutron.services.segments.plugin [-] Segment e649db8f-ebf1-4330-85e1-2afc727da05e resource provider not found; error: Placement Client Error (4xx): {"errors": [{"status": 404, "title": "Not Found", "detail": "The resource could not be found.\n\n No resource provider with uuid e649db8f-ebf1-4330-85e1-2afc727da05e found for delete ", "request_id": "req-a506d6e2-b04e-4d58-9583-1f25c1230fc8"}]}
2026-06-09 11:00:48.900 8 INFO neutron.services.segments.plugin [-] Segment e649db8f-ebf1-4330-85e1-2afc727da05e resource provider not found; error: Placement Client Error (4xx): {"errors": [{"status": 404, "title": "Not Found", "detail": "The resource could not be found.\n\n No resource provider with uuid e649db8f-ebf1-4330-85e1-2afc727da05e found for delete ", "request_id": "req-80987379-f3a2-4708-adb5-0e8c6adb66e2"}]}
2026-06-09 11:00:48.911 8 INFO neutron.services.segments.plugin [-] Segment 29948970-7ec0-4065-b54a-caee96c4ac98 resource provider aggregate not found
2026-06-09 11:00:48.931 8 INFO neutron.services.segments.plugin [-] Segment 29948970-7ec0-4065-b54a-caee96c4ac98 resource provider not found; error: Placement Client Error (4xx): {"errors": [{"status": 404, "title": "Not Found", "detail": "The resource could not be found.\n\n No resource provider with uuid 29948970-7ec0-4065-b54a-caee96c4ac98 found for delete ", "request_id": "req-4d67d5e1-eec5-41bf-a4c6-291e401e3010"}]}
2026-06-09 11:00:48.936 8 INFO neutron.services.segments.plugin [-] Segment 29948970-7ec0-4065-b54a-caee96c4ac98 resource provider aggregate not found
2026-06-09 11:00:48.958 8 INFO neutron.services.segments.plugin [-] Segment b977860b-e1a8-48a0-a664-b6d892fdba3d resource provider aggregate not found
2026-06-09 11:00:48.962 8 INFO neutron.services.segments.plugin [-] Segment 29948970-7ec0-4065-b54a-caee96c4ac98 resource provider not found; error: Placement Client Error (4xx): {"errors": [{"status": 404, "title": "Not Found", "detail": "The resource could not be found.\n\n No resource provider with uuid 29948970-7ec0-4065-b54a-caee96c4ac98 found for delete ", "request_id": "req-4c472e76-aa7f-4f5e-be0b-8e79843a68fc"}]}
2026-06-09 11:00:48.988 7 INFO neutron.db.ovn_revision_numbers_db [None req-6d4612fd-2c2e-497b-849c-e449cc4d8019 - - - - - -] Successfully bumped revision number for resource 1b68517b-31aa-46b4-8b66-d986a5b30d10 (type: ports) to 3
2026-06-09 11:00:48.994 8 INFO neutron.services.segments.plugin [-] Segment b977860b-e1a8-48a0-a664-b6d892fdba3d resource provider not found; error: Placement Client Error (4xx): {"errors": [{"status": 404, "title": "Not Found", "detail": "The resource could not be found.\n\n No resource provider with uuid b977860b-e1a8-48a0-a664-b6d892fdba3d found for delete ", "request_id": "req-1e4e5016-52e8-4969-8ef9-108f645dd6a6"}]}
2026-06-09 11:00:49.006 8 INFO neutron.services.segments.plugin [-] Segment b977860b-e1a8-48a0-a664-b6d892fdba3d resource provider aggregate not found
2026-06-09 11:00:49.017 8 INFO neutron.services.segments.plugin [-] Segment fb89d689-5d59-4f60-b8ee-1914552572f9 resource provider aggregate not found
2026-06-09 11:00:49.034 8 INFO neutron.services.segments.plugin [-] Segment fb89d689-5d59-4f60-b8ee-1914552572f9 resource provider not found; error: Placement Client Error (4xx): {"errors": [{"status": 404, "title": "Not Found", "detail": "The resource could not be found.\n\n No resource provider with uuid fb89d689-5d59-4f60-b8ee-1914552572f9 found for delete ", "request_id": "req-247598a0-2501-45b4-b1c5-3ca3dde2722e"}]}
2026-06-09 11:00:49.038 8 INFO neutron.services.segments.plugin [-] Segment b977860b-e1a8-48a0-a664-b6d892fdba3d resource provider not found; error: Placement Client Error (4xx): {"errors": [{"status": 404, "title": "Not Found", "detail": "The resource could not be found.\n\n No resource provider with uuid b977860b-e1a8-48a0-a664-b6d892fdba3d found for delete ", "request_id": "req-5ffa69f4-73f2-4360-b3ea-ce37f7d2f3a5"}]}
2026-06-09 11:00:49.063 8 INFO neutron.services.segments.plugin [-] Segment fb89d689-5d59-4f60-b8ee-1914552572f9 resource provider aggregate not found
2026-06-09 11:00:49.089 8 INFO neutron.services.segments.plugin [-] Segment fb89d689-5d59-4f60-b8ee-1914552572f9 resource provider not found; error: Placement Client Error (4xx): {"errors": [{"status": 404, "title": "Not Found", "detail": "The resource could not be found.\n\n No resource provider with uuid fb89d689-5d59-4f60-b8ee-1914552572f9 found for delete ", "request_id": "req-f23ea7f8-d7ff-430d-a3e0-ea2f98b09638"}]}
2026-06-09 11:00:49.116 8 WARNING neutron.scheduler.dhcp_agent_scheduler [None req-b9d3ea1a-f8c6-48b9-9995-de70e5eaba64 b190bf2e9d8940779ac5f73d6092edd0 0b69b655935a48968ec99ebbaa0ffa75 - - default default] No more DHCP agents
2026-06-09 11:00:49.118 8 WARNING neutron.api.rpc.agentnotifiers.dhcp_rpc_agent_api [None req-b9d3ea1a-f8c6-48b9-9995-de70e5eaba64 b190bf2e9d8940779ac5f73d6092edd0 0b69b655935a48968ec99ebbaa0ffa75 - - default default] Unable to schedule network 7266b9a0-5a83-4c20-afb1-76ea0a68de3b: no agents available; will retry on subsequent port and subnet creation events. [pid: 7|app: 0|req: 1363/2664] 10.0.0.62 () {34 vars in 684 bytes} [Tue Jun 9 11:00:43 2026] POST /v2.0/vpn/vpnservices => generated 457 bytes in 5220 msecs (HTTP/1.1 201) 4 headers in 162 bytes (1 switches on core 0)
2026-06-09 11:00:49.247 8 INFO neutron.plugins.ml2.drivers.ovn.mech_driver.mech_driver [None req-2b5a04f1-2f16-4a19-955c-a8e01b39737e - - - - - -] OVN reports status down for port: 7c854bfa-9720-4be6-9cdd-f491d9b8b564
