2026-06-09 10:58:29.638 7 INFO neutron_taas.services.taas.taas_plugin [None req-15e61546-d3ad-42aa-a479-68c418dd9dde 2b0701a3f20641afba080f86baeb6a00 201b3ef6f0cc43a0b816a83fede7b813 - - default default] TaaS: Handle Delete Port: fae37713-1ad4-4c5c-b034-06ee93f9f0c1
2026-06-09 10:58:29.640 7 INFO neutron_taas.services.taas.tap_mirror_plugin [None req-15e61546-d3ad-42aa-a479-68c418dd9dde 2b0701a3f20641afba080f86baeb6a00 201b3ef6f0cc43a0b816a83fede7b813 - - default default] Tap Mirror: Handle Delete Port: fae37713-1ad4-4c5c-b034-06ee93f9f0c1 [pid: 8|app: 0|req: 780/1675] 10.0.0.62 () {34 vars in 694 bytes} [Tue Jun 9 10:58:29 2026] POST /v2.0/security-group-rules => generated 596 bytes in 166 msecs (HTTP/1.1 201) 4 headers in 162 bytes (1 switches on core 0)
2026-06-09 10:58:29.759 8 INFO neutron_taas.services.taas.taas_plugin [None req-32f91388-8f17-4368-9592-0662d0f54060 595171bfc42449fe850f76ac7b1174de 7696921142f04c388918bf4e9c62bf60 - - default default] TaaS: Handle Delete Port: 6aeed5aa-91ea-4db2-ac59-9721116bd1a0
2026-06-09 10:58:29.768 8 INFO neutron_taas.services.taas.tap_mirror_plugin [None req-32f91388-8f17-4368-9592-0662d0f54060 595171bfc42449fe850f76ac7b1174de 7696921142f04c388918bf4e9c62bf60 - - default default] Tap Mirror: Handle Delete Port: 6aeed5aa-91ea-4db2-ac59-9721116bd1a0 [pid: 7|app: 0|req: 896/1676] 10.0.0.62 () {32 vars in 725 bytes} [Tue Jun 9 10:58:29 2026] DELETE /v2.0/networks/3abe8756-8884-4855-8071-6b10a7246170 => generated 0 bytes in 450 msecs (HTTP/1.1 204) 3 headers in 131 bytes (1 switches on core 0)
2026-06-09 10:58:29.931 8 INFO neutron.services.segments.plugin [-] Segment 9bedff0b-bf6a-4692-8ce0-a918b402e82b resource provider aggregate not found
2026-06-09 10:58:29.945 8 INFO neutron.services.segments.plugin [-] Segment 9bedff0b-bf6a-4692-8ce0-a918b402e82b resource provider not found; error: Placement Client Error (4xx): {"errors": [{"status": 404, "title": "Not Found", "detail": "The resource could not be found.\n\n No resource provider with uuid 9bedff0b-bf6a-4692-8ce0-a918b402e82b found for delete ", "request_id": "req-8c70e798-2f9a-4580-9687-a1ad62495670"}]}
2026-06-09 10:58:30.112 8 INFO neutron.services.segments.plugin [-] Segment 9bedff0b-bf6a-4692-8ce0-a918b402e82b resource provider aggregate not found
2026-06-09 10:58:30.400 7 INFO neutron.services.segments.plugin [-] Segment 490ac849-cb50-43b1-af5f-4b5a8a69d0b4 resource provider aggregate not found
2026-06-09 10:58:30.403 8 INFO neutron.services.segments.plugin [-] Segment 9bedff0b-bf6a-4692-8ce0-a918b402e82b resource provider not found; error: Placement Client Error (4xx): {"errors": [{"status": 404, "title": "Not Found", "detail": "The resource could not be found.\n\n No resource provider with uuid 9bedff0b-bf6a-4692-8ce0-a918b402e82b found for delete ", "request_id": "req-3c26775f-ad4c-41cf-ae20-2724ff0d0119"}]}
2026-06-09 10:58:30.408 7 INFO neutron.services.segments.plugin [-] Segment 490ac849-cb50-43b1-af5f-4b5a8a69d0b4 resource provider aggregate not found
2026-06-09 10:58:30.424 7 INFO neutron.services.segments.plugin [-] Segment 490ac849-cb50-43b1-af5f-4b5a8a69d0b4 resource provider not found; error: Placement Client Error (4xx): {"errors": [{"status": 404, "title": "Not Found", "detail": "The resource could not be found.\n\n No resource provider with uuid 490ac849-cb50-43b1-af5f-4b5a8a69d0b4 found for delete ", "request_id": "req-3ded8251-b0d0-4b50-8f63-fb83ba4983f5"}]}
2026-06-09 10:58:30.426 7 INFO neutron.services.segments.plugin [-] Segment 490ac849-cb50-43b1-af5f-4b5a8a69d0b4 resource provider not found; error: Placement Client Error (4xx): {"errors": [{"status": 404, "title": "Not Found", "detail": "The resource could not be found.\n\n No resource provider with uuid 490ac849-cb50-43b1-af5f-4b5a8a69d0b4 found for delete ", "request_id": "req-1b09c029-48b3-41f1-b73d-138a66cf4fe7"}]} [pid: 8|app: 0|req: 781/1677] 10.0.0.62 () {32 vars in 725 bytes} [Tue Jun 9 10:58:29 2026] DELETE /v2.0/networks/ded024ec-1efe-4f91-8467-49983b54b2a1 => generated 0 bytes in 815 msecs (HTTP/1.1 204) 3 headers in 131 bytes (1 switches on core 0)
2026-06-09 10:58:30.481 8 INFO neutron.pecan_wsgi.hooks.translation [None req-3c91da24-4627-4806-9210-2a7df318f2b6 2b0701a3f20641afba080f86baeb6a00 201b3ef6f0cc43a0b816a83fede7b813 - - default default] DELETE failed (client error): The resource could not be found. [pid: 8|app: 0|req: 782/1678] 10.0.0.62 () {32 vars in 725 bytes} [Tue Jun 9 10:58:30 2026] DELETE /v2.0/networks/3abe8756-8884-4855-8071-6b10a7246170 => generated 138 bytes in 15 msecs (HTTP/1.1 404) 4 headers in 164 bytes (1 switches on core 0)
2026-06-09 10:58:30.540 7 INFO neutron.db.ovn_revision_numbers_db [None req-fd475c2e-f035-441b-a1db-26fb65cd68a6 f34b6856e58741d984e76ebe6925e894 7b9127ffdcb3435890d7e9428881b75b - - default default] Successfully bumped revision number for resource c68408e4-6e23-4beb-ad24-34f46b6f88f1 (type: security_group_rules) to 0 [pid: 7|app: 0|req: 897/1679] 10.0.0.62 () {34 vars in 694 bytes} [Tue Jun 9 10:58:29 2026] POST /v2.0/security-group-rules => generated 602 bytes in 658 msecs (HTTP/1.1 201) 4 headers in 162 bytes (1 switches on core 0)
2026-06-09 10:58:30.589 8 INFO neutron.db.segments_db [None req-701fb6a8-8731-46ec-aef0-26b60e01ea80 595171bfc42449fe850f76ac7b1174de 7696921142f04c388918bf4e9c62bf60 - - default default] Added segment fd3f5398-01de-4008-91e6-876b32a1da0e of type geneve for network af3d16f7-207a-4cc2-800d-b5231d7a1393 [pid: 7|app: 0|req: 898/1680] 10.0.0.62 () {32 vars in 693 bytes} [Tue Jun 9 10:58:30 2026] GET /v2.0/networks?router%3Aexternal=True => generated 689 bytes in 53 msecs (HTTP/1.1 200) 4 headers in 157 bytes (1 switches on core 0)
2026-06-09 10:58:30.717 8 INFO neutron.db.ovn_revision_numbers_db [None req-701fb6a8-8731-46ec-aef0-26b60e01ea80 595171bfc42449fe850f76ac7b1174de 7696921142f04c388918bf4e9c62bf60 - - default default] Successfully bumped revision number for resource af3d16f7-207a-4cc2-800d-b5231d7a1393 (type: networks) to 1
2026-06-09 10:58:30.782 7 INFO neutron.db.ovn_revision_numbers_db [None req-2f5927a2-4e81-4f7f-815a-17487d0ce488 f34b6856e58741d984e76ebe6925e894 7b9127ffdcb3435890d7e9428881b75b - - default default] Successfully bumped revision number for resource c75e5116-5ef0-44cb-861d-a01c84fa4059 (type: security_group_rules) to 0 [pid: 7|app: 0|req: 899/1681] 10.0.0.62 () {34 vars in 694 bytes} [Tue Jun 9 10:58:30 2026] POST /v2.0/security-group-rules => generated 601 bytes in 171 msecs (HTTP/1.1 201) 4 headers in 162 bytes (1 switches on core 0) [pid: 7|app: 0|req: 900/1682] 10.0.0.62 () {32 vars in 741 bytes} [Tue Jun 9 10:58:30 2026] GET /v2.0/subnets?network_id=0da494fd-06fd-4a67-a46a-10f2b66281a9 => generated 649 bytes in 30 msecs (HTTP/1.1 200) 4 headers in 157 bytes (1 switches on core 0)
2026-06-09 10:58:30.876 8 WARNING neutron.scheduler.dhcp_agent_scheduler [None req-701fb6a8-8731-46ec-aef0-26b60e01ea80 595171bfc42449fe850f76ac7b1174de 7696921142f04c388918bf4e9c62bf60 - - default default] No more DHCP agents
2026-06-09 10:58:30.877 8 WARNING neutron.api.rpc.agentnotifiers.dhcp_rpc_agent_api [None req-701fb6a8-8731-46ec-aef0-26b60e01ea80 595171bfc42449fe850f76ac7b1174de 7696921142f04c388918bf4e9c62bf60 - - default default] Unable to schedule network af3d16f7-207a-4cc2-800d-b5231d7a1393: no agents available; will retry on subsequent port and subnet creation events.
2026-06-09 10:58:30.891 7 INFO neutron.db.securitygroups_db [None req-d722b652-1b8a-4d8b-9cde-a55c24d22d99 f34b6856e58741d984e76ebe6925e894 7b9127ffdcb3435890d7e9428881b75b - - default default] Project 7b9127ffdcb3435890d7e9428881b75b added a security group rule with legacy IPv6 ICMP protocol name icmp, ipv6-icmp should be used instead. It was automatically converted.
2026-06-09 10:58:30.921 7 INFO neutron.plugins.ml2.drivers.ovn.mech_driver.mech_driver [None req-7c65a5a7-3949-4e1c-b295-79286d63ddf0 - - - - - -] OVN reports status down for port: d4148c85-9cb7-43a3-9679-42058b4fd0a9
2026-06-09 10:58:30.960 8 INFO neutron.db.ovn_revision_numbers_db [None req-701fb6a8-8731-46ec-aef0-26b60e01ea80 595171bfc42449fe850f76ac7b1174de 7696921142f04c388918bf4e9c62bf60 - - default default] Successfully bumped revision number for resource d4148c85-9cb7-43a3-9679-42058b4fd0a9 (type: ports) to 1 [pid: 8|app: 0|req: 783/1683] 10.0.0.62 () {34 vars in 669 bytes} [Tue Jun 9 10:58:30 2026] POST /v2.0/networks => generated 648 bytes in 498 msecs (HTTP/1.1 201) 4 headers in 162 bytes (1 switches on core 0) [pid: 8|app: 0|req: 784/1684] 10.0.0.62 () {32 vars in 652 bytes} [Tue Jun 9 10:58:30 2026] GET /v2.0/extensions => generated 20541 bytes in 12 msecs (HTTP/1.1 200) 4 headers in 159 bytes (1 switches on core 0)
2026-06-09 10:58:31.104 7 INFO neutron.db.ovn_revision_numbers_db [None req-d722b652-1b8a-4d8b-9cde-a55c24d22d99 f34b6856e58741d984e76ebe6925e894 7b9127ffdcb3435890d7e9428881b75b - - default default] Successfully bumped revision number for resource f3c9b8d4-93eb-4aca-ab1c-63026599d495 (type: security_group_rules) to 0 [pid: 7|app: 0|req: 901/1685] 10.0.0.62 () {34 vars in 694 bytes} [Tue Jun 9 10:58:30 2026] POST /v2.0/security-group-rules => generated 607 bytes in 293 msecs (HTTP/1.1 201) 4 headers in 162 bytes (1 switches on core 0)
2026-06-09 10:58:31.202 8 WARNING neutron.scheduler.dhcp_agent_scheduler [None req-fdec78ae-8af9-4b51-8335-ef4029b5dd90 595171bfc42449fe850f76ac7b1174de 7696921142f04c388918bf4e9c62bf60 - - default default] No more DHCP agents [pid: 7|app: 0|req: 902/1686] 10.0.0.62 () {32 vars in 648 bytes} [Tue Jun 9 10:58:31 2026] GET /v2.0/networks => generated 1384 bytes in 67 msecs (HTTP/1.1 200) 4 headers in 158 bytes (1 switches on core 0)
2026-06-09 10:58:31.203 8 WARNING neutron.api.rpc.agentnotifiers.dhcp_rpc_agent_api [None req-fdec78ae-8af9-4b51-8335-ef4029b5dd90 595171bfc42449fe850f76ac7b1174de 7696921142f04c388918bf4e9c62bf60 - - default default] Unable to schedule network af3d16f7-207a-4cc2-800d-b5231d7a1393: no agents available; will retry on subsequent port and subnet creation events.
2026-06-09 10:58:31.239 7 INFO neutron.db.securitygroups_db [None req-8d831381-870b-4eba-bd1c-139a4b7a7c78 f34b6856e58741d984e76ebe6925e894 7b9127ffdcb3435890d7e9428881b75b - - default default] Project 7b9127ffdcb3435890d7e9428881b75b added a security group rule with legacy IPv6 ICMP protocol name icmp, ipv6-icmp should be used instead. It was automatically converted.
2026-06-09 10:58:31.361 7 INFO neutron.db.ovn_revision_numbers_db [None req-8d831381-870b-4eba-bd1c-139a4b7a7c78 f34b6856e58741d984e76ebe6925e894 7b9127ffdcb3435890d7e9428881b75b - - default default] Successfully bumped revision number for resource f5c382fd-c7c0-44ee-bd8c-3c9b7d14b070 (type: security_group_rules) to 0 [pid: 7|app: 0|req: 903/1687] 10.0.0.62 () {34 vars in 694 bytes} [Tue Jun 9 10:58:31 2026] POST /v2.0/security-group-rules => generated 606 bytes in 189 msecs (HTTP/1.1 201) 4 headers in 162 bytes (1 switches on core 0) [pid: 7|app: 0|req: 904/1688] 10.0.0.62 () {32 vars in 646 bytes} [Tue Jun 9 10:58:31 2026] GET /v2.0/subnets => generated 1280 bytes in 35 msecs (HTTP/1.1 200) 4 headers in 158 bytes (1 switches on core 0)
2026-06-09 10:58:31.629 8 INFO neutron.db.ovn_revision_numbers_db [None req-9e2d2f34-2e37-4c49-8bd3-d6b5462dac1d - - - - - -] Successfully bumped revision number for resource d4148c85-9cb7-43a3-9679-42058b4fd0a9 (type: ports) to 2
2026-06-09 10:58:31.662 8 INFO neutron.db.ovn_revision_numbers_db [None req-9e2d2f34-2e37-4c49-8bd3-d6b5462dac1d - - - - - -] Successfully bumped revision number for resource 629c481f-8ff4-4e8c-90e6-d3af3fb4b467 (type: subnets) to 0 [pid: 8|app: 0|req: 785/1689] 10.0.0.62 () {34 vars in 668 bytes} [Tue Jun 9 10:58:30 2026] POST /v2.0/subnets => generated 626 bytes in 692 msecs (HTTP/1.1 201) 4 headers in 162 bytes (1 switches on core 0) [pid: 8|app: 0|req: 786/1690] 10.0.0.62 () {32 vars in 722 bytes} [Tue Jun 9 10:58:31 2026] GET /v2.0/networks/a0777f9d-ad4d-4f5b-aeba-fba563fae05d => generated 706 bytes in 43 msecs (HTTP/1.1 200) 4 headers in 157 bytes (1 switches on core 0)
2026-06-09 10:58:31.762 7 INFO neutron.db.ovn_revision_numbers_db [None req-c3cdcfbc-eb2c-4517-93ac-448535cd1076 6e173929aae3484c818d9a4f8b61a73f 601385c27d1a4eab89418c5b4f8b9e17 - - default default] Successfully bumped revision number for resource 7b86cb69-ad1d-4cf8-92c9-eba7b82c7020 (type: security_groups) to 1
2026-06-09 10:58:31.772 7 INFO neutron.db.ovn_revision_numbers_db [None req-c3cdcfbc-eb2c-4517-93ac-448535cd1076 6e173929aae3484c818d9a4f8b61a73f 601385c27d1a4eab89418c5b4f8b9e17 - - default default] Successfully bumped revision number for resource 362ef035-8d97-4607-815c-7c0fac44c5d8 (type: security_group_rules) to 0
2026-06-09 10:58:31.783 7 INFO neutron.db.ovn_revision_numbers_db [None req-c3cdcfbc-eb2c-4517-93ac-448535cd1076 6e173929aae3484c818d9a4f8b61a73f 601385c27d1a4eab89418c5b4f8b9e17 - - default default] Successfully bumped revision number for resource 76790cfa-6743-46b5-bb0d-40570b2f8d92 (type: security_group_rules) to 0
2026-06-09 10:58:31.794 7 INFO neutron.db.ovn_revision_numbers_db [None req-c3cdcfbc-eb2c-4517-93ac-448535cd1076 6e173929aae3484c818d9a4f8b61a73f 601385c27d1a4eab89418c5b4f8b9e17 - - default default] Successfully bumped revision number for resource d7b7ea90-b2a0-464e-a686-e8876fd292b1 (type: security_group_rules) to 0
2026-06-09 10:58:31.808 7 INFO neutron.db.ovn_revision_numbers_db [None req-c3cdcfbc-eb2c-4517-93ac-448535cd1076 6e173929aae3484c818d9a4f8b61a73f 601385c27d1a4eab89418c5b4f8b9e17 - - default default] Successfully bumped revision number for resource e42c93d9-2a84-44e8-993b-c3e1a8727a05 (type: security_group_rules) to 0
2026-06-09 10:58:31.836 8 INFO neutron.db.ovn_revision_numbers_db [None req-e7d054cf-5ab2-459a-b7e5-735700dd6be2 595171bfc42449fe850f76ac7b1174de 7696921142f04c388918bf4e9c62bf60 - - default default] Successfully bumped revision number for resource 2adb60de-6030-4515-8ee7-abf73aa0f266 (type: routers) to 1 [pid: 8|app: 0|req: 788/1692] 10.0.0.62 () {34 vars in 668 bytes} [Tue Jun 9 10:58:31 2026] POST /v2.0/routers => generated 603 bytes in 114 msecs (HTTP/1.1 201) 4 headers in 162 bytes (1 switches on core 0) [pid: 8|app: 0|req: 789/1693] 10.0.0.62 () {32 vars in 720 bytes} [Tue Jun 9 10:58:31 2026] GET /v2.0/subnets/5f7ffe27-0229-4540-b9bb-4e7ec7310065 => generated 641 bytes in 21 msecs (HTTP/1.1 200) 4 headers in 157 bytes (1 switches on core 0)
2026-06-09 10:58:31.894 7 INFO neutron.db.segments_db [None req-c3cdcfbc-eb2c-4517-93ac-448535cd1076 6e173929aae3484c818d9a4f8b61a73f 601385c27d1a4eab89418c5b4f8b9e17 - - default default] Added segment 0ccbda83-7f1a-4c5e-84fa-8089f38d64ce of type geneve for network 68b77f8e-9042-4031-9c13-60e4b8134bb8
2026-06-09 10:58:31.920 8 WARNING neutron.plugins.ml2.drivers.ovn.mech_driver.ovsdb.ovn_client [None req-b19765bb-ddb5-4286-b068-65efa7537ec7 - - - - - -] No port found with ID d9cc14b5-d7c0-4f61-9aa1-747236f21722: RuntimeError: No port found with ID d9cc14b5-d7c0-4f61-9aa1-747236f21722
2026-06-09 10:58:31.938 8 INFO neutron.plugins.ml2.drivers.ovn.mech_driver.mech_driver [None req-b19765bb-ddb5-4286-b068-65efa7537ec7 - - - - - -] OVN reports status down for port: b7a8ce1f-8d54-4255-bb66-8fcb06421367
2026-06-09 10:58:31.970 7 INFO neutron.db.segments_db [None req-c3cdcfbc-eb2c-4517-93ac-448535cd1076 6e173929aae3484c818d9a4f8b61a73f 601385c27d1a4eab89418c5b4f8b9e17 - - default default] Added segment 23ae3565-61bc-4b47-bcc9-7779e817319e of type geneve for network 76b7ef4a-17f2-40cc-a56b-aae4f2a87f14
2026-06-09 10:58:31.971 8 INFO neutron.services.segments.plugin [-] Segment ce306b1b-41c4-478e-a029-323b5bea0fca resource provider aggregate not found
2026-06-09 10:58:32.002 8 INFO neutron.services.segments.plugin [-] Segment ce306b1b-41c4-478e-a029-323b5bea0fca resource provider not found; error: Placement Client Error (4xx): {"errors": [{"status": 404, "title": "Not Found", "detail": "The resource could not be found.\n\n No resource provider with uuid ce306b1b-41c4-478e-a029-323b5bea0fca found for delete ", "request_id": "req-3404cc84-0ff1-4fa7-9bea-636ff0924454"}]} [pid: 8|app: 0|req: 790/1694] 10.0.0.62 () {32 vars in 648 bytes} [Tue Jun 9 10:58:31 2026] GET /v2.0/networks => generated 1374 bytes in 148 msecs (HTTP/1.1 200) 4 headers in 158 bytes (1 switches on core 0)
2026-06-09 10:58:32.060 7 INFO neutron.db.ovn_revision_numbers_db [None req-c3cdcfbc-eb2c-4517-93ac-448535cd1076 6e173929aae3484c818d9a4f8b61a73f 601385c27d1a4eab89418c5b4f8b9e17 - - default default] Successfully bumped revision number for resource 68b77f8e-9042-4031-9c13-60e4b8134bb8 (type: networks) to 1
2026-06-09 10:58:32.109 8 INFO neutron.plugins.ml2.drivers.ovn.mech_driver.mech_driver [None req-b19765bb-ddb5-4286-b068-65efa7537ec7 - - - - - -] OVN reports status down for port: fae37713-1ad4-4c5c-b034-06ee93f9f0c1
2026-06-09 10:58:32.195 7 WARNING neutron.scheduler.dhcp_agent_scheduler [None req-c3cdcfbc-eb2c-4517-93ac-448535cd1076 6e173929aae3484c818d9a4f8b61a73f 601385c27d1a4eab89418c5b4f8b9e17 - - default default] No more DHCP agents
2026-06-09 10:58:32.197 7 WARNING neutron.api.rpc.agentnotifiers.dhcp_rpc_agent_api [None req-c3cdcfbc-eb2c-4517-93ac-448535cd1076 6e173929aae3484c818d9a4f8b61a73f 601385c27d1a4eab89418c5b4f8b9e17 - - default default] Unable to schedule network 68b77f8e-9042-4031-9c13-60e4b8134bb8: no agents available; will retry on subsequent port and subnet creation events.
2026-06-09 10:58:32.235 7 INFO neutron.plugins.ml2.drivers.ovn.mech_driver.mech_driver [None req-7c65a5a7-3949-4e1c-b295-79286d63ddf0 - - - - - -] OVN reports status down for port: bcdc8b09-f74c-4f88-91ef-4cd874a08084
2026-06-09 10:58:32.305 7 INFO neutron.db.ovn_revision_numbers_db [None req-c3cdcfbc-eb2c-4517-93ac-448535cd1076 6e173929aae3484c818d9a4f8b61a73f 601385c27d1a4eab89418c5b4f8b9e17 - - default default] Successfully bumped revision number for resource bcdc8b09-f74c-4f88-91ef-4cd874a08084 (type: ports) to 1
2026-06-09 10:58:32.392 8 WARNING neutron.scheduler.dhcp_agent_scheduler [None req-f57b0e8e-121f-4a1a-a45f-2ea2f7e44a17 595171bfc42449fe850f76ac7b1174de 7696921142f04c388918bf4e9c62bf60 - - default default] No more DHCP agents
2026-06-09 10:58:32.393 8 WARNING neutron.api.rpc.agentnotifiers.dhcp_rpc_agent_api [None req-f57b0e8e-121f-4a1a-a45f-2ea2f7e44a17 595171bfc42449fe850f76ac7b1174de 7696921142f04c388918bf4e9c62bf60 - - default default] Unable to schedule network af3d16f7-207a-4cc2-800d-b5231d7a1393: no agents available; will retry on subsequent port and subnet creation events.
2026-06-09 10:58:32.401 7 INFO neutron.db.ovn_revision_numbers_db [None req-c3cdcfbc-eb2c-4517-93ac-448535cd1076 6e173929aae3484c818d9a4f8b61a73f 601385c27d1a4eab89418c5b4f8b9e17 - - default default] Successfully bumped revision number for resource 76b7ef4a-17f2-40cc-a56b-aae4f2a87f14 (type: networks) to 1
2026-06-09 10:58:32.426 8 INFO neutron.services.segments.plugin [-] Segment ce306b1b-41c4-478e-a029-323b5bea0fca resource provider aggregate not found
2026-06-09 10:58:32.444 8 INFO neutron.services.segments.plugin [-] Segment ce306b1b-41c4-478e-a029-323b5bea0fca resource provider not found; error: Placement Client Error (4xx): {"errors": [{"status": 404, "title": "Not Found", "detail": "The resource could not be found.\n\n No resource provider with uuid ce306b1b-41c4-478e-a029-323b5bea0fca found for delete ", "request_id": "req-7a0b33ef-01f5-4f61-8db2-788661ce7609"}]}
2026-06-09 10:58:32.537 8 INFO neutron.plugins.ml2.drivers.ovn.mech_driver.mech_driver [None req-b19765bb-ddb5-4286-b068-65efa7537ec7 - - - - - -] OVN reports status down for port: f7f23daa-45ca-456f-9674-6052381bbf56
2026-06-09 10:58:32.612 8 INFO neutron.db.ovn_revision_numbers_db [None req-f57b0e8e-121f-4a1a-a45f-2ea2f7e44a17 595171bfc42449fe850f76ac7b1174de 7696921142f04c388918bf4e9c62bf60 - - default default] Successfully bumped revision number for resource f7f23daa-45ca-456f-9674-6052381bbf56 (type: ports) to 1
2026-06-09 10:58:32.619 7 WARNING neutron.scheduler.dhcp_agent_scheduler [None req-c3cdcfbc-eb2c-4517-93ac-448535cd1076 6e173929aae3484c818d9a4f8b61a73f 601385c27d1a4eab89418c5b4f8b9e17 - - default default] No more DHCP agents
2026-06-09 10:58:32.621 7 WARNING neutron.api.rpc.agentnotifiers.dhcp_rpc_agent_api [None req-c3cdcfbc-eb2c-4517-93ac-448535cd1076 6e173929aae3484c818d9a4f8b61a73f 601385c27d1a4eab89418c5b4f8b9e17 - - default default] Unable to schedule network 76b7ef4a-17f2-40cc-a56b-aae4f2a87f14: no agents available; will retry on subsequent port and subnet creation events.
2026-06-09 10:58:32.677 8 INFO neutron.plugins.ml2.drivers.ovn.mech_driver.mech_driver [None req-b19765bb-ddb5-4286-b068-65efa7537ec7 - - - - - -] OVN reports status down for port: d0b1146c-fd34-44c2-a6e7-4244c083da4c
2026-06-09 10:58:32.695 7 INFO neutron.db.ovn_revision_numbers_db [None req-c3cdcfbc-eb2c-4517-93ac-448535cd1076 6e173929aae3484c818d9a4f8b61a73f 601385c27d1a4eab89418c5b4f8b9e17 - - default default] Successfully bumped revision number for resource d0b1146c-fd34-44c2-a6e7-4244c083da4c (type: ports) to 1 [pid: 8|app: 0|req: 791/1695] 10.0.0.62 () {34 vars in 664 bytes} [Tue Jun 9 10:58:32 2026] POST /v2.0/ports => generated 948 bytes in 683 msecs (HTTP/1.1 201) 4 headers in 162 bytes (1 switches on core 0) /var/lib/openstack/lib/python3.12/site-packages/pycadf/identifier.py:70: UserWarning: Invalid uuid: neutron. To ensure interoperability, identifiers should be a valid uuid. warnings.warn(('Invalid uuid: %s. To ensure interoperability, ' [pid: 7|app: 0|req: 905/1696] 10.0.0.62 () {34 vars in 669 bytes} [Tue Jun 9 10:58:31 2026] POST /v2.0/networks => generated 1284 bytes in 1291 msecs (HTTP/1.1 201) 4 headers in 163 bytes (1 switches on core 0)
2026-06-09 10:58:32.725 8 INFO neutron.pecan_wsgi.hooks.translation [None req-10215048-8943-4fd8-9f56-251ae2bff957 2b0701a3f20641afba080f86baeb6a00 201b3ef6f0cc43a0b816a83fede7b813 - - default default] DELETE failed (client error): The resource could not be found. [pid: 8|app: 0|req: 792/1697] 10.0.0.62 () {32 vars in 723 bytes} [Tue Jun 9 10:58:32 2026] DELETE /v2.0/subnets/81628e74-100e-4388-aa8d-218386511639 => generated 136 bytes in 25 msecs (HTTP/1.1 404) 4 headers in 164 bytes (1 switches on core 0) [pid: 7|app: 0|req: 906/1698] 10.0.0.5 () {34 vars in 1098 bytes} [Tue Jun 9 10:58:32 2026] GET /v2.0/security-groups?name=tempest-secgroup-smoke-1090428628&fields=id&tenant_id=7b9127ffdcb3435890d7e9428881b75b => generated 69 bytes in 24 msecs (HTTP/1.1 200) 4 headers in 156 bytes (1 switches on core 0) [pid: 7|app: 0|req: 907/1699] 10.0.0.62 () {32 vars in 648 bytes} [Tue Jun 9 10:58:32 2026] GET /v2.0/networks => generated 1971 bytes in 53 msecs (HTTP/1.1 200) 4 headers in 158 bytes (1 switches on core 0)
2026-06-09 10:58:32.809 7 INFO neutron.pecan_wsgi.hooks.translation [None req-f8618563-11c5-4375-a053-24226e376d08 2b0701a3f20641afba080f86baeb6a00 201b3ef6f0cc43a0b816a83fede7b813 - - default default] DELETE failed (client error): The resource could not be found. [pid: 7|app: 0|req: 908/1700] 10.0.0.62 () {32 vars in 725 bytes} [Tue Jun 9 10:58:32 2026] DELETE /v2.0/networks/3abe8756-8884-4855-8071-6b10a7246170 => generated 138 bytes in 15 msecs (HTTP/1.1 404) 4 headers in 164 bytes (1 switches on core 0) [pid: 7|app: 0|req: 909/1701] 10.0.0.5 () {34 vars in 980 bytes} [Tue Jun 9 10:58:32 2026] GET /v2.0/networks?id=b0ea263a-f46e-4583-97e2-fafe3b6f39b7 => generated 699 bytes in 40 msecs (HTTP/1.1 200) 4 headers in 157 bytes (1 switches on core 0)
2026-06-09 10:58:32.974 7 INFO neutron_taas.services.taas.taas_plugin [None req-21f89405-90cb-41ab-98e9-74369b8fac02 6e173929aae3484c818d9a4f8b61a73f 601385c27d1a4eab89418c5b4f8b9e17 - - default default] TaaS: Handle Delete Port: bcdc8b09-f74c-4f88-91ef-4cd874a08084
2026-06-09 10:58:32.976 7 INFO neutron_taas.services.taas.tap_mirror_plugin [None req-21f89405-90cb-41ab-98e9-74369b8fac02 6e173929aae3484c818d9a4f8b61a73f 601385c27d1a4eab89418c5b4f8b9e17 - - default default] Tap Mirror: Handle Delete Port: bcdc8b09-f74c-4f88-91ef-4cd874a08084
2026-06-09 10:58:33.142 7 INFO neutron.services.segments.plugin [-] Segment 0ccbda83-7f1a-4c5e-84fa-8089f38d64ce resource provider aggregate not found
2026-06-09 10:58:33.151 7 INFO neutron.services.segments.plugin [-] Segment 0ccbda83-7f1a-4c5e-84fa-8089f38d64ce resource provider aggregate not found
2026-06-09 10:58:33.163 7 INFO neutron.services.segments.plugin [-] Segment 0ccbda83-7f1a-4c5e-84fa-8089f38d64ce resource provider not found; error: Placement Client Error (4xx): {"errors": [{"status": 404, "title": "Not Found", "detail": "The resource could not be found.\n\n No resource provider with uuid 0ccbda83-7f1a-4c5e-84fa-8089f38d64ce found for delete ", "request_id": "req-4742d0bd-577c-4b42-9848-921feb92853c"}]}
2026-06-09 10:58:33.174 7 INFO neutron.services.segments.plugin [-] Segment 0ccbda83-7f1a-4c5e-84fa-8089f38d64ce resource provider not found; error: Placement Client Error (4xx): {"errors": [{"status": 404, "title": "Not Found", "detail": "The resource could not be found.\n\n No resource provider with uuid 0ccbda83-7f1a-4c5e-84fa-8089f38d64ce found for delete ", "request_id": "req-ced55f48-605a-4cd0-a5b8-cae62a386d89"}]} [pid: 7|app: 0|req: 910/1702] 10.0.0.62 () {32 vars in 725 bytes} [Tue Jun 9 10:58:32 2026] DELETE /v2.0/networks/68b77f8e-9042-4031-9c13-60e4b8134bb8 => generated 0 bytes in 335 msecs (HTTP/1.1 204) 3 headers in 131 bytes (1 switches on core 0)
2026-06-09 10:58:33.252 8 INFO neutron.plugins.ml2.drivers.ovn.mech_driver.mech_driver [None req-b19765bb-ddb5-4286-b068-65efa7537ec7 - - - - - -] OVN reports status up for port: f7f23daa-45ca-456f-9674-6052381bbf56
2026-06-09 10:58:33.284 8 INFO neutron.plugins.ml2.plugin [None req-b19765bb-ddb5-4286-b068-65efa7537ec7 - - - - - -] Attempt 1 to provision port f7f23daa-45ca-456f-9674-6052381bbf56
2026-06-09 10:58:33.309 8 INFO neutron.db.ovn_revision_numbers_db [None req-57e20aff-1bbc-46e0-99ab-f29ec5779531 595171bfc42449fe850f76ac7b1174de 7696921142f04c388918bf4e9c62bf60 - - default default] Successfully bumped revision number for resource f7f23daa-45ca-456f-9674-6052381bbf56 (type: ports) to 2 [pid: 7|app: 0|req: 911/1703] 10.0.0.62 () {32 vars in 723 bytes} [Tue Jun 9 10:58:33 2026] DELETE /v2.0/subnets/5f7ffe27-0229-4540-b9bb-4e7ec7310065 => generated 0 bytes in 169 msecs (HTTP/1.1 204) 3 headers in 131 bytes (1 switches on core 0) [pid: 7|app: 0|req: 912/1704] 10.0.0.5 () {34 vars in 963 bytes} [Tue Jun 9 10:58:33 2026] GET /v2.0/quotas/7b9127ffdcb3435890d7e9428881b75b => generated 292 bytes in 7 msecs (HTTP/1.1 200) 4 headers in 157 bytes (1 switches on core 0)
2026-06-09 10:58:33.479 7 INFO neutron_taas.services.taas.taas_plugin [None req-d100f3f3-78aa-4fb6-8eb3-69949493dcdc 6e173929aae3484c818d9a4f8b61a73f 601385c27d1a4eab89418c5b4f8b9e17 - - default default] TaaS: Handle Delete Port: d0b1146c-fd34-44c2-a6e7-4244c083da4c
2026-06-09 10:58:33.485 7 INFO neutron_taas.services.taas.tap_mirror_plugin [None req-d100f3f3-78aa-4fb6-8eb3-69949493dcdc 6e173929aae3484c818d9a4f8b61a73f 601385c27d1a4eab89418c5b4f8b9e17 - - default default] Tap Mirror: Handle Delete Port: d0b1146c-fd34-44c2-a6e7-4244c083da4c [pid: 7|app: 0|req: 913/1705] 10.0.0.62 () {32 vars in 725 bytes} [Tue Jun 9 10:58:33 2026] DELETE /v2.0/networks/76b7ef4a-17f2-40cc-a56b-aae4f2a87f14 => generated 0 bytes in 352 msecs (HTTP/1.1 204) 3 headers in 131 bytes (1 switches on core 0)
2026-06-09 10:58:33.831 7 INFO neutron_taas.services.taas.taas_plugin [None req-aba292e2-4c5a-41f0-9b06-aa4e4b4ceb52 2b0701a3f20641afba080f86baeb6a00 201b3ef6f0cc43a0b816a83fede7b813 - - default default] TaaS: Handle Delete Port: b7a8ce1f-8d54-4255-bb66-8fcb06421367
2026-06-09 10:58:33.833 7 INFO neutron_taas.services.taas.tap_mirror_plugin [None req-aba292e2-4c5a-41f0-9b06-aa4e4b4ceb52 2b0701a3f20641afba080f86baeb6a00 201b3ef6f0cc43a0b816a83fede7b813 - - default default] Tap Mirror: Handle Delete Port: b7a8ce1f-8d54-4255-bb66-8fcb06421367
2026-06-09 10:58:33.882 8 INFO neutron.db.ovn_revision_numbers_db [None req-b19765bb-ddb5-4286-b068-65efa7537ec7 - - - - - -] Successfully bumped revision number for resource f7f23daa-45ca-456f-9674-6052381bbf56 (type: ports) to 3 [pid: 7|app: 0|req: 914/1706] 10.0.0.62 () {32 vars in 725 bytes} [Tue Jun 9 10:58:33 2026] DELETE /v2.0/networks/a0777f9d-ad4d-4f5b-aeba-fba563fae05d => generated 0 bytes in 300 msecs (HTTP/1.1 204) 3 headers in 131 bytes (1 switches on core 0) [pid: 7|app: 0|req: 915/1707] 10.0.0.5 () {34 vars in 1000 bytes} [Tue Jun 9 10:58:34 2026] GET /v2.0/ports?tenant_id=7b9127ffdcb3435890d7e9428881b75b&fields=id => generated 149 bytes in 78 msecs (HTTP/1.1 200) 4 headers in 157 bytes (1 switches on core 0) [pid: 7|app: 0|req: 916/1708] 10.0.0.62 () {32 vars in 648 bytes} [Tue Jun 9 10:58:34 2026] GET /v2.0/networks => generated 689 bytes in 44 msecs (HTTP/1.1 200) 4 headers in 157 bytes (1 switches on core 0) [pid: 7|app: 0|req: 917/1709] 10.0.0.5 () {34 vars in 1006 bytes} [Tue Jun 9 10:58:34 2026] GET /v2.0/networks/b0ea263a-f46e-4583-97e2-fafe3b6f39b7?fields=segments => generated 14 bytes in 35 msecs (HTTP/1.1 200) 4 headers in 156 bytes (1 switches on core 0)
2026-06-09 10:58:34.251 7 INFO neutron.db.segments_db [None req-2c8d6216-6044-4e02-a1ff-7ccfa78ac5c2 6e173929aae3484c818d9a4f8b61a73f 601385c27d1a4eab89418c5b4f8b9e17 - - default default] Added segment 86f47e87-f2d4-4403-959c-f9d6cd798518 of type geneve for network ad86dddf-d836-4377-88e5-778ee1b8fa9d
2026-06-09 10:58:34.297 8 WARNING neutron.scheduler.dhcp_agent_scheduler [None req-57e20aff-1bbc-46e0-99ab-f29ec5779531 595171bfc42449fe850f76ac7b1174de 7696921142f04c388918bf4e9c62bf60 - - default default] No more DHCP agents
2026-06-09 10:58:34.298 8 WARNING neutron.api.rpc.agentnotifiers.dhcp_rpc_agent_api [None req-57e20aff-1bbc-46e0-99ab-f29ec5779531 595171bfc42449fe850f76ac7b1174de 7696921142f04c388918bf4e9c62bf60 - - default default] Unable to schedule network af3d16f7-207a-4cc2-800d-b5231d7a1393: no agents available; will retry on subsequent port and subnet creation events.
2026-06-09 10:58:34.357 7 INFO neutron.db.ovn_revision_numbers_db [None req-2c8d6216-6044-4e02-a1ff-7ccfa78ac5c2 6e173929aae3484c818d9a4f8b61a73f 601385c27d1a4eab89418c5b4f8b9e17 - - default default] Successfully bumped revision number for resource ad86dddf-d836-4377-88e5-778ee1b8fa9d (type: networks) to 1
2026-06-09 10:58:34.541 7 WARNING neutron.scheduler.dhcp_agent_scheduler [None req-2c8d6216-6044-4e02-a1ff-7ccfa78ac5c2 6e173929aae3484c818d9a4f8b61a73f 601385c27d1a4eab89418c5b4f8b9e17 - - default default] No more DHCP agents
2026-06-09 10:58:34.546 7 WARNING neutron.api.rpc.agentnotifiers.dhcp_rpc_agent_api [None req-2c8d6216-6044-4e02-a1ff-7ccfa78ac5c2 6e173929aae3484c818d9a4f8b61a73f 601385c27d1a4eab89418c5b4f8b9e17 - - default default] Unable to schedule network ad86dddf-d836-4377-88e5-778ee1b8fa9d: no agents available; will retry on subsequent port and subnet creation events.
2026-06-09 10:58:34.551 8 INFO neutron.db.ovn_revision_numbers_db [None req-57e20aff-1bbc-46e0-99ab-f29ec5779531 595171bfc42449fe850f76ac7b1174de 7696921142f04c388918bf4e9c62bf60 - - default default] Successfully bumped revision number for resource f7f23daa-45ca-456f-9674-6052381bbf56 (type: router_ports) to 3 [pid: 8|app: 0|req: 793/1710] 10.0.0.62 () {34 vars in 782 bytes} [Tue Jun 9 10:58:32 2026] PUT /v2.0/routers/2adb60de-6030-4515-8ee7-abf73aa0f266/add_router_interface => generated 309 bytes in 1827 msecs (HTTP/1.1 200) 4 headers in 157 bytes (1 switches on core 0) /var/lib/openstack/lib/python3.12/site-packages/pycadf/identifier.py:70: UserWarning: Invalid uuid: neutron. To ensure interoperability, identifiers should be a valid uuid. warnings.warn(('Invalid uuid: %s. To ensure interoperability, '
2026-06-09 10:58:34.592 7 INFO neutron.plugins.ml2.drivers.ovn.mech_driver.mech_driver [None req-7c65a5a7-3949-4e1c-b295-79286d63ddf0 - - - - - -] OVN reports status down for port: 05feffce-4478-45d6-9026-2083e6761212 [pid: 8|app: 0|req: 794/1711] 10.0.0.5 () {34 vars in 1106 bytes} [Tue Jun 9 10:58:34 2026] GET /v2.0/networks/b0ea263a-f46e-4583-97e2-fafe3b6f39b7?fields=provider%3Aphysical_network&fields=provider%3Anetwork_type => generated 79 bytes in 61 msecs (HTTP/1.1 200) 4 headers in 156 bytes (1 switches on core 0)
2026-06-09 10:58:34.642 7 INFO neutron.db.ovn_revision_numbers_db [None req-2c8d6216-6044-4e02-a1ff-7ccfa78ac5c2 6e173929aae3484c818d9a4f8b61a73f 601385c27d1a4eab89418c5b4f8b9e17 - - default default] Successfully bumped revision number for resource 05feffce-4478-45d6-9026-2083e6761212 (type: ports) to 1 [pid: 7|app: 0|req: 918/1712] 10.0.0.62 () {34 vars in 669 bytes} [Tue Jun 9 10:58:34 2026] POST /v2.0/networks => generated 673 bytes in 512 msecs (HTTP/1.1 201) 4 headers in 162 bytes (1 switches on core 0) [pid: 8|app: 0|req: 795/1713] 10.0.0.62 () {32 vars in 773 bytes} [Tue Jun 9 10:58:34 2026] GET /v2.0/security-groups?tenant_id=201b3ef6f0cc43a0b816a83fede7b813&name=default => generated 2925 bytes in 107 msecs (HTTP/1.1 200) 4 headers in 158 bytes (1 switches on core 0) [pid: 7|app: 0|req: 919/1714] 10.0.0.62 () {32 vars in 716 bytes} [Tue Jun 9 10:58:34 2026] GET /v2.0/ports/f7f23daa-45ca-456f-9674-6052381bbf56 => generated 1010 bytes in 70 msecs (HTTP/1.1 200) 4 headers in 158 bytes (1 switches on core 0) [pid: 7|app: 0|req: 920/1715] 10.0.0.5 () {34 vars in 988 bytes} [Tue Jun 9 10:58:34 2026] GET /v2.0/ports?device_id=24d36b46-58f4-4d4b-ab64-059a9ec03327 => generated 12 bytes in 15 msecs (HTTP/1.1 200) 4 headers in 156 bytes (1 switches on core 0)
2026-06-09 10:58:34.810 8 INFO neutron.db.segments_db [None req-b72ab8d5-7003-44aa-b57c-560cbc94a762 6e173929aae3484c818d9a4f8b61a73f 601385c27d1a4eab89418c5b4f8b9e17 - - default default] Added segment bdefa783-b275-42a0-ab15-b952b5ea0e77 of type geneve for network 88fc35b3-affa-4379-ac9b-1c467d04739e
2026-06-09 10:58:34.919 8 INFO neutron.db.ovn_revision_numbers_db [None req-b72ab8d5-7003-44aa-b57c-560cbc94a762 6e173929aae3484c818d9a4f8b61a73f 601385c27d1a4eab89418c5b4f8b9e17 - - default default] Successfully bumped revision number for resource 88fc35b3-affa-4379-ac9b-1c467d04739e (type: networks) to 1 [pid: 7|app: 0|req: 921/1716] 10.0.0.62 () {32 vars in 739 bytes} [Tue Jun 9 10:58:34 2026] DELETE /v2.0/security-groups/a9dd77f1-2a15-4b73-bfeb-6b28e9a54b0c => generated 0 bytes in 208 msecs (HTTP/1.1 204) 2 headers in 112 bytes (1 switches on core 0)
2026-06-09 10:58:35.106 8 WARNING neutron.scheduler.dhcp_agent_scheduler [None req-b72ab8d5-7003-44aa-b57c-560cbc94a762 6e173929aae3484c818d9a4f8b61a73f 601385c27d1a4eab89418c5b4f8b9e17 - - default default] No more DHCP agents
2026-06-09 10:58:35.108 8 WARNING neutron.api.rpc.agentnotifiers.dhcp_rpc_agent_api [None req-b72ab8d5-7003-44aa-b57c-560cbc94a762 6e173929aae3484c818d9a4f8b61a73f 601385c27d1a4eab89418c5b4f8b9e17 - - default default] Unable to schedule network 88fc35b3-affa-4379-ac9b-1c467d04739e: no agents available; will retry on subsequent port and subnet creation events.
2026-06-09 10:58:35.184 8 INFO neutron.db.ovn_revision_numbers_db [None req-b72ab8d5-7003-44aa-b57c-560cbc94a762 6e173929aae3484c818d9a4f8b61a73f 601385c27d1a4eab89418c5b4f8b9e17 - - default default] Successfully bumped revision number for resource 87643883-8fb4-4f57-b2d3-a6417a1a7066 (type: ports) to 1
2026-06-09 10:58:35.188 7 INFO neutron.services.segments.plugin [-] Segment 23ae3565-61bc-4b47-bcc9-7779e817319e resource provider aggregate not found
2026-06-09 10:58:35.207 7 INFO neutron_taas.services.taas.taas_plugin [None req-427f03d9-9ba8-4c34-97f2-cfea65386359 595171bfc42449fe850f76ac7b1174de 7696921142f04c388918bf4e9c62bf60 - - default default] TaaS: Handle Delete Port: f7f23daa-45ca-456f-9674-6052381bbf56
2026-06-09 10:58:35.216 7 INFO neutron_taas.services.taas.tap_mirror_plugin [None req-427f03d9-9ba8-4c34-97f2-cfea65386359 595171bfc42449fe850f76ac7b1174de 7696921142f04c388918bf4e9c62bf60 - - default default] Tap Mirror: Handle Delete Port: f7f23daa-45ca-456f-9674-6052381bbf56 [pid: 8|app: 0|req: 796/1717] 10.0.0.62 () {34 vars in 669 bytes} [Tue Jun 9 10:58:34 2026] POST /v2.0/networks => generated 672 bytes in 492 msecs (HTTP/1.1 201) 4 headers in 162 bytes (1 switches on core 0)
2026-06-09 10:58:35.218 7 INFO neutron.services.segments.plugin [-] Segment 23ae3565-61bc-4b47-bcc9-7779e817319e resource provider aggregate not found
2026-06-09 10:58:35.220 7 INFO neutron.services.segments.plugin [-] Segment 23ae3565-61bc-4b47-bcc9-7779e817319e resource provider not found; error: Placement Client Error (4xx): {"errors": [{"status": 404, "title": "Not Found", "detail": "The resource could not be found.\n\n No resource provider with uuid 23ae3565-61bc-4b47-bcc9-7779e817319e found for delete ", "request_id": "req-9b338e83-ad1b-4b18-96ed-4b23753529ba"}]}
2026-06-09 10:58:35.240 7 INFO neutron.services.segments.plugin [-] Segment cf4936a8-0ece-4a65-b828-064f05697d62 resource provider aggregate not found
2026-06-09 10:58:35.242 7 INFO neutron.services.segments.plugin [-] Segment 23ae3565-61bc-4b47-bcc9-7779e817319e resource provider not found; error: Placement Client Error (4xx): {"errors": [{"status": 404, "title": "Not Found", "detail": "The resource could not be found.\n\n No resource provider with uuid 23ae3565-61bc-4b47-bcc9-7779e817319e found for delete ", "request_id": "req-85be506a-ac0c-4cf3-870c-def263130ba2"}]}
2026-06-09 10:58:35.263 7 INFO neutron.services.segments.plugin [-] Segment cf4936a8-0ece-4a65-b828-064f05697d62 resource provider aggregate not found
2026-06-09 10:58:35.268 7 INFO neutron.services.segments.plugin [-] Segment cf4936a8-0ece-4a65-b828-064f05697d62 resource provider not found; error: Placement Client Error (4xx): {"errors": [{"status": 404, "title": "Not Found", "detail": "The resource could not be found.\n\n No resource provider with uuid cf4936a8-0ece-4a65-b828-064f05697d62 found for delete ", "request_id": "req-3f6d9f4b-54c0-456b-b22e-38777f295458"}]}
2026-06-09 10:58:35.288 7 INFO neutron.services.segments.plugin [-] Segment cf4936a8-0ece-4a65-b828-064f05697d62 resource provider not found; error: Placement Client Error (4xx): {"errors": [{"status": 404, "title": "Not Found", "detail": "The resource could not be found.\n\n No resource provider with uuid cf4936a8-0ece-4a65-b828-064f05697d62 found for delete ", "request_id": "req-88e6ab9d-b1c0-4c62-9bbb-bec59a78da85"}]} [pid: 7|app: 0|req: 922/1718] 10.0.0.62 () {34 vars in 788 bytes} [Tue Jun 9 10:58:34 2026] PUT /v2.0/routers/2adb60de-6030-4515-8ee7-abf73aa0f266/remove_router_interface => generated 309 bytes in 673 msecs (HTTP/1.1 200) 4 headers in 157 bytes (1 switches on core 0) /var/lib/openstack/lib/python3.12/site-packages/pycadf/identifier.py:70: UserWarning: Invalid uuid: neutron. To ensure interoperability, identifiers should be a valid uuid. warnings.warn(('Invalid uuid: %s. To ensure interoperability, '
2026-06-09 10:58:35.693 8 WARNING neutron.scheduler.dhcp_agent_scheduler [None req-b589e9de-8fb1-402f-8857-2d322f892ccf 6e173929aae3484c818d9a4f8b61a73f 601385c27d1a4eab89418c5b4f8b9e17 - - default default] No more DHCP agents
2026-06-09 10:58:35.697 8 WARNING neutron.api.rpc.agentnotifiers.dhcp_rpc_agent_api [None req-b589e9de-8fb1-402f-8857-2d322f892ccf 6e173929aae3484c818d9a4f8b61a73f 601385c27d1a4eab89418c5b4f8b9e17 - - default default] Unable to schedule network ad86dddf-d836-4377-88e5-778ee1b8fa9d: no agents available; will retry on subsequent port and subnet creation events.
2026-06-09 10:58:35.727 7 INFO neutron.api.v2.resource [None req-f7b23290-47d5-4518-8fa4-bf59645e68b0 595171bfc42449fe850f76ac7b1174de 7696921142f04c388918bf4e9c62bf60 - - default default] remove_router_interface failed (client error): The resource could not be found. [pid: 7|app: 0|req: 923/1719] 10.0.0.62 () {34 vars in 788 bytes} [Tue Jun 9 10:58:35 2026] PUT /v2.0/routers/2adb60de-6030-4515-8ee7-abf73aa0f266/remove_router_interface => generated 197 bytes in 64 msecs (HTTP/1.1 404) 4 headers in 164 bytes (1 switches on core 0) [pid: 7|app: 0|req: 924/1720] 10.0.0.62 () {32 vars in 735 bytes} [Tue Jun 9 10:58:35 2026] GET /v2.0/ports?device_id=2adb60de-6030-4515-8ee7-abf73aa0f266 => generated 12 bytes in 34 msecs (HTTP/1.1 200) 4 headers in 156 bytes (1 switches on core 0)
2026-06-09 10:58:35.792 8 INFO neutron.db.ovn_revision_numbers_db [None req-b589e9de-8fb1-402f-8857-2d322f892ccf 6e173929aae3484c818d9a4f8b61a73f 601385c27d1a4eab89418c5b4f8b9e17 - - default default] Successfully bumped revision number for resource 6372dd56-329d-4d89-ab49-a5a0129a313d (type: ports) to 1
2026-06-09 10:58:35.848 8 WARNING neutron.scheduler.dhcp_agent_scheduler [None req-b589e9de-8fb1-402f-8857-2d322f892ccf 6e173929aae3484c818d9a4f8b61a73f 601385c27d1a4eab89418c5b4f8b9e17 - - default default] No more DHCP agents
2026-06-09 10:58:35.849 8 WARNING neutron.api.rpc.agentnotifiers.dhcp_rpc_agent_api [None req-b589e9de-8fb1-402f-8857-2d322f892ccf 6e173929aae3484c818d9a4f8b61a73f 601385c27d1a4eab89418c5b4f8b9e17 - - default default] Unable to schedule network 88fc35b3-affa-4379-ac9b-1c467d04739e: no agents available; will retry on subsequent port and subnet creation events.
2026-06-09 10:58:35.933 8 INFO neutron.db.ovn_revision_numbers_db [None req-b589e9de-8fb1-402f-8857-2d322f892ccf 6e173929aae3484c818d9a4f8b61a73f 601385c27d1a4eab89418c5b4f8b9e17 - - default default] Successfully bumped revision number for resource c1bbcf7f-a5a3-4e15-9361-3f37ff22da73 (type: ports) to 1 [pid: 8|app: 0|req: 797/1721] 10.0.0.62 () {34 vars in 664 bytes} [Tue Jun 9 10:58:35 2026] POST /v2.0/ports => generated 1505 bytes in 795 msecs (HTTP/1.1 201) 4 headers in 163 bytes (1 switches on core 0) /var/lib/openstack/lib/python3.12/site-packages/pycadf/identifier.py:70: UserWarning: Invalid uuid: neutron. To ensure interoperability, identifiers should be a valid uuid. warnings.warn(('Invalid uuid: %s. To ensure interoperability, ' [pid: 7|app: 0|req: 925/1722] 10.0.0.62 () {32 vars in 723 bytes} [Tue Jun 9 10:58:35 2026] DELETE /v2.0/routers/2adb60de-6030-4515-8ee7-abf73aa0f266 => generated 0 bytes in 250 msecs (HTTP/1.1 204) 2 headers in 112 bytes (1 switches on core 0) [pid: 8|app: 0|req: 798/1723] 10.0.0.5 () {34 vars in 988 bytes} [Tue Jun 9 10:58:36 2026] GET /v2.0/ports?device_id=24d36b46-58f4-4d4b-ab64-059a9ec03327 => generated 12 bytes in 20 msecs (HTTP/1.1 200) 4 headers in 156 bytes (1 switches on core 0) [pid: 7|app: 0|req: 926/1724] 10.0.0.62 () {32 vars in 642 bytes} [Tue Jun 9 10:58:36 2026] GET /v2.0/ports => generated 3017 bytes in 96 msecs (HTTP/1.1 200) 4 headers in 158 bytes (1 switches on core 0) [pid: 8|app: 0|req: 799/1725] 10.0.0.62 () {32 vars in 723 bytes} [Tue Jun 9 10:58:36 2026] DELETE /v2.0/subnets/629c481f-8ff4-4e8c-90e6-d3af3fb4b467 => generated 0 bytes in 190 msecs (HTTP/1.1 204) 3 headers in 131 bytes (1 switches on core 0)
2026-06-09 10:58:36.233 7 INFO neutron_taas.services.taas.taas_plugin [None req-ba19f683-b803-4039-83c5-f94142ec608d 6e173929aae3484c818d9a4f8b61a73f 601385c27d1a4eab89418c5b4f8b9e17 - - default default] TaaS: Handle Delete Port: 6372dd56-329d-4d89-ab49-a5a0129a313d
2026-06-09 10:58:36.236 7 INFO neutron_taas.services.taas.tap_mirror_plugin [None req-ba19f683-b803-4039-83c5-f94142ec608d 6e173929aae3484c818d9a4f8b61a73f 601385c27d1a4eab89418c5b4f8b9e17 - - default default] Tap Mirror: Handle Delete Port: 6372dd56-329d-4d89-ab49-a5a0129a313d [pid: 7|app: 0|req: 927/1726] 10.0.0.62 () {32 vars in 719 bytes} [Tue Jun 9 10:58:36 2026] DELETE /v2.0/ports/6372dd56-329d-4d89-ab49-a5a0129a313d => generated 0 bytes in 198 msecs (HTTP/1.1 204) 3 headers in 131 bytes (1 switches on core 0)
2026-06-09 10:58:36.368 8 INFO neutron_taas.services.taas.taas_plugin [None req-87d53196-9076-40fd-a1cb-3b0dd36369e9 595171bfc42449fe850f76ac7b1174de 7696921142f04c388918bf4e9c62bf60 - - default default] TaaS: Handle Delete Port: d4148c85-9cb7-43a3-9679-42058b4fd0a9
2026-06-09 10:58:36.371 8 INFO neutron_taas.services.taas.tap_mirror_plugin [None req-87d53196-9076-40fd-a1cb-3b0dd36369e9 595171bfc42449fe850f76ac7b1174de 7696921142f04c388918bf4e9c62bf60 - - default default] Tap Mirror: Handle Delete Port: d4148c85-9cb7-43a3-9679-42058b4fd0a9
2026-06-09 10:58:36.435 7 INFO neutron_taas.services.taas.taas_plugin [None req-a2fef88b-e474-4efc-ae9f-daa01eea506a 6e173929aae3484c818d9a4f8b61a73f 601385c27d1a4eab89418c5b4f8b9e17 - - default default] TaaS: Handle Delete Port: c1bbcf7f-a5a3-4e15-9361-3f37ff22da73
2026-06-09 10:58:36.438 7 INFO neutron_taas.services.taas.tap_mirror_plugin [None req-a2fef88b-e474-4efc-ae9f-daa01eea506a 6e173929aae3484c818d9a4f8b61a73f 601385c27d1a4eab89418c5b4f8b9e17 - - default default] Tap Mirror: Handle Delete Port: c1bbcf7f-a5a3-4e15-9361-3f37ff22da73 [pid: 7|app: 0|req: 928/1727] 10.0.0.62 () {32 vars in 719 bytes} [Tue Jun 9 10:58:36 2026] DELETE /v2.0/ports/c1bbcf7f-a5a3-4e15-9361-3f37ff22da73 => generated 0 bytes in 229 msecs (HTTP/1.1 204) 3 headers in 131 bytes (1 switches on core 0)
2026-06-09 10:58:36.568 8 INFO neutron.services.segments.plugin [-] Segment fd3f5398-01de-4008-91e6-876b32a1da0e resource provider aggregate not found
2026-06-09 10:58:36.569 8 INFO neutron.services.segments.plugin [-] Segment fd3f5398-01de-4008-91e6-876b32a1da0e resource provider aggregate not found
2026-06-09 10:58:36.598 8 INFO neutron.services.segments.plugin [-] Segment fd3f5398-01de-4008-91e6-876b32a1da0e resource provider not found; error: Placement Client Error (4xx): {"errors": [{"status": 404, "title": "Not Found", "detail": "The resource could not be found.\n\n No resource provider with uuid fd3f5398-01de-4008-91e6-876b32a1da0e found for delete ", "request_id": "req-08dda7c1-5d2d-46f9-8480-fc441446a97c"}]}
2026-06-09 10:58:36.605 8 INFO neutron.services.segments.plugin [-] Segment fd3f5398-01de-4008-91e6-876b32a1da0e resource provider not found; error: Placement Client Error (4xx): {"errors": [{"status": 404, "title": "Not Found", "detail": "The resource could not be found.\n\n No resource provider with uuid fd3f5398-01de-4008-91e6-876b32a1da0e found for delete ", "request_id": "req-83588274-c067-415f-80ab-860cee0d349e"}]} [pid: 7|app: 0|req: 929/1728] 10.0.0.62 () {32 vars in 642 bytes} [Tue Jun 9 10:58:36 2026] GET /v2.0/ports => generated 1523 bytes in 51 msecs (HTTP/1.1 200) 4 headers in 158 bytes (1 switches on core 0) [pid: 8|app: 0|req: 800/1729] 10.0.0.62 () {32 vars in 725 bytes} [Tue Jun 9 10:58:36 2026] DELETE /v2.0/networks/af3d16f7-207a-4cc2-800d-b5231d7a1393 => generated 0 bytes in 384 msecs (HTTP/1.1 204) 3 headers in 131 bytes (1 switches on core 0)
2026-06-09 10:58:36.709 7 INFO neutron.db.segments_db [None req-b94a8d2b-b306-4039-bbfc-e3169c7e2f99 6e173929aae3484c818d9a4f8b61a73f 601385c27d1a4eab89418c5b4f8b9e17 - - default default] Added segment 74deee57-ce64-4cec-817f-6bf050f930c8 of type geneve for network c1503ce0-1c26-4605-b654-85eff0d16dab
2026-06-09 10:58:36.721 8 INFO neutron.db.segments_db [None req-4fcb44b9-9618-4b3c-9df1-26e6383f8609 595171bfc42449fe850f76ac7b1174de 7696921142f04c388918bf4e9c62bf60 - - default default] Added segment 67594e56-ec24-4362-9f18-85be272951d4 of type geneve for network 52f0f0eb-3fec-4e78-8230-585fdef402d5
2026-06-09 10:58:36.823 8 INFO neutron.db.ovn_revision_numbers_db [None req-4fcb44b9-9618-4b3c-9df1-26e6383f8609 595171bfc42449fe850f76ac7b1174de 7696921142f04c388918bf4e9c62bf60 - - default default] Successfully bumped revision number for resource 52f0f0eb-3fec-4e78-8230-585fdef402d5 (type: networks) to 1
2026-06-09 10:58:36.825 7 INFO neutron.db.ovn_revision_numbers_db [None req-b94a8d2b-b306-4039-bbfc-e3169c7e2f99 6e173929aae3484c818d9a4f8b61a73f 601385c27d1a4eab89418c5b4f8b9e17 - - default default] Successfully bumped revision number for resource c1503ce0-1c26-4605-b654-85eff0d16dab (type: networks) to 1
2026-06-09 10:58:36.957 8 WARNING neutron.scheduler.dhcp_agent_scheduler [None req-4fcb44b9-9618-4b3c-9df1-26e6383f8609 595171bfc42449fe850f76ac7b1174de 7696921142f04c388918bf4e9c62bf60 - - default default] No more DHCP agents
2026-06-09 10:58:36.958 8 WARNING neutron.api.rpc.agentnotifiers.dhcp_rpc_agent_api [None req-4fcb44b9-9618-4b3c-9df1-26e6383f8609 595171bfc42449fe850f76ac7b1174de 7696921142f04c388918bf4e9c62bf60 - - default default] Unable to schedule network 52f0f0eb-3fec-4e78-8230-585fdef402d5: no agents available; will retry on subsequent port and subnet creation events.
2026-06-09 10:58:36.995 7 INFO neutron.plugins.ml2.drivers.ovn.mech_driver.mech_driver [None req-7c65a5a7-3949-4e1c-b295-79286d63ddf0 - - - - - -] OVN reports status down for port: 4ab3654d-bc7c-46f4-a3b7-cb7b741645da
2026-06-09 10:58:36.998 7 WARNING neutron.scheduler.dhcp_agent_scheduler [None req-b94a8d2b-b306-4039-bbfc-e3169c7e2f99 6e173929aae3484c818d9a4f8b61a73f 601385c27d1a4eab89418c5b4f8b9e17 - - default default] No more DHCP agents
2026-06-09 10:58:37.006 7 WARNING neutron.api.rpc.agentnotifiers.dhcp_rpc_agent_api [None req-b94a8d2b-b306-4039-bbfc-e3169c7e2f99 6e173929aae3484c818d9a4f8b61a73f 601385c27d1a4eab89418c5b4f8b9e17 - - default default] Unable to schedule network c1503ce0-1c26-4605-b654-85eff0d16dab: no agents available; will retry on subsequent port and subnet creation events.
2026-06-09 10:58:37.018 8 INFO neutron.db.ovn_revision_numbers_db [None req-4fcb44b9-9618-4b3c-9df1-26e6383f8609 595171bfc42449fe850f76ac7b1174de 7696921142f04c388918bf4e9c62bf60 - - default default] Successfully bumped revision number for resource 4ab3654d-bc7c-46f4-a3b7-cb7b741645da (type: ports) to 1 [pid: 8|app: 0|req: 801/1730] 10.0.0.62 () {34 vars in 669 bytes} [Tue Jun 9 10:58:36 2026] POST /v2.0/networks => generated 649 bytes in 409 msecs (HTTP/1.1 201) 4 headers in 162 bytes (1 switches on core 0)
