Apr 12 19:34:26.977776 np0000165320 systemd[1]: Starting devstack@n-api-meta.service - Devstack devstack@n-api-meta.service...
Apr 12 19:34:26.987691 np0000165320 devstack@n-api-meta.service[109010]: [uWSGI] getting INI configuration from /etc/nova/nova-metadata-uwsgi.ini
Apr 12 19:34:26.988374 np0000165320 devstack@n-api-meta.service[109010]: open("./http_plugin.so"): No such file or directory [core/utils.c line 3709]
Apr 12 19:34:26.988374 np0000165320 devstack@n-api-meta.service[109010]: !!! UNABLE to load uWSGI plugin: ./http_plugin.so: cannot open shared object file: No such file or directory !!!
Apr 12 19:34:26.988374 np0000165320 devstack@n-api-meta.service[109010]: open("./python3_plugin.so"): No such file or directory [core/utils.c line 3709]
Apr 12 19:34:26.988374 np0000165320 devstack@n-api-meta.service[109010]: !!! UNABLE to load uWSGI plugin: ./python3_plugin.so: cannot open shared object file: No such file or directory !!!
Apr 12 19:34:26.988374 np0000165320 devstack@n-api-meta.service[109010]: *** Starting uWSGI 2.0.31 (64bit) on [Sun Apr 12 19:34:26 2026] ***
Apr 12 19:34:26.988374 np0000165320 devstack@n-api-meta.service[109010]: compiled with version: 13.3.0 on 12 April 2026 19:23:36
Apr 12 19:34:26.988374 np0000165320 devstack@n-api-meta.service[109010]: os: Linux-6.8.0-107-generic #107-Ubuntu SMP PREEMPT_DYNAMIC Fri Mar 13 19:51:50 UTC 2026
Apr 12 19:34:26.988374 np0000165320 devstack@n-api-meta.service[109010]: nodename: np0000165320
Apr 12 19:34:26.988374 np0000165320 devstack@n-api-meta.service[109010]: machine: x86_64
Apr 12 19:34:26.988374 np0000165320 devstack@n-api-meta.service[109010]: clock source: unix
Apr 12 19:34:26.988374 np0000165320 devstack@n-api-meta.service[109010]: pcre jit disabled
Apr 12 19:34:26.988374 np0000165320 devstack@n-api-meta.service[109010]: detected number of CPU cores: 16
Apr 12 19:34:26.988374 np0000165320 devstack@n-api-meta.service[109010]: current working directory: /
Apr 12 19:34:26.988374 np0000165320 devstack@n-api-meta.service[109010]: detected binary path: /opt/stack/data/venv/bin/uwsgi
Apr 12 19:34:26.988374 np0000165320 devstack@n-api-meta.service[109010]: your processes number limit is 256917
Apr 12 19:34:26.988374 np0000165320 devstack@n-api-meta.service[109010]: your memory page size is 4096 bytes
Apr 12 19:34:26.988374 np0000165320 devstack@n-api-meta.service[109010]: detected max file descriptor number: 2048
Apr 12 19:34:26.988374 np0000165320 devstack@n-api-meta.service[109010]: lock engine: pthread robust mutexes
Apr 12 19:34:26.988374 np0000165320 devstack@n-api-meta.service[109010]: thunder lock: enabled
Apr 12 19:34:26.989423 np0000165320 devstack@n-api-meta.service[109010]: uWSGI http bound on 0.0.0.0:8775 fd 5
Apr 12 19:34:26.989423 np0000165320 devstack@n-api-meta.service[109010]: uwsgi socket 0 bound to TCP address 127.0.0.1:40327 (port auto-assigned) fd 4
Apr 12 19:34:26.989423 np0000165320 devstack@n-api-meta.service[109010]: Python version: 3.12.3 (main, Mar 3 2026, 12:15:18) [GCC 13.3.0]
Apr 12 19:34:26.989423 np0000165320 devstack@n-api-meta.service[109010]: PEP 405 virtualenv detected: /opt/stack/data/venv
Apr 12 19:34:26.989423 np0000165320 devstack@n-api-meta.service[109010]: Set PythonHome to /opt/stack/data/venv
Apr 12 19:34:27.025132 np0000165320 devstack@n-api-meta.service[109010]: Python main interpreter initialized at 0x7d2abdca3668
Apr 12 19:34:27.025132 np0000165320 devstack@n-api-meta.service[109010]: python threads support enabled
Apr 12 19:34:27.025132 np0000165320 devstack@n-api-meta.service[109010]: your server socket listen backlog is limited to 100 connections
Apr 12 19:34:27.025132 np0000165320 devstack@n-api-meta.service[109010]: your mercy for graceful operations on workers is 80 seconds
Apr 12 19:34:27.025691 np0000165320 devstack@n-api-meta.service[109010]: mapped 671795 bytes (656 KB) for 4 cores
Apr 12 19:34:27.025831 np0000165320 devstack@n-api-meta.service[109010]: *** Operational MODE: preforking ***
Apr 12 19:34:27.026047 np0000165320 devstack@n-api-meta.service[109010]: *** uWSGI is running in multiple interpreter mode ***
Apr 12 19:34:27.026047 np0000165320 devstack@n-api-meta.service[109010]: spawned uWSGI master process (pid: 109010)
Apr 12 19:34:27.026248 np0000165320 systemd[1]: Started devstack@n-api-meta.service - Devstack devstack@n-api-meta.service.
Apr 12 19:34:27.026760 np0000165320 devstack@n-api-meta.service[109010]: spawned uWSGI worker 1 (pid: 109011, cores: 1)
Apr 12 19:34:27.027265 np0000165320 devstack@n-api-meta.service[109010]: spawned uWSGI worker 2 (pid: 109012, cores: 1)
Apr 12 19:34:27.027763 np0000165320 devstack@n-api-meta.service[109010]: spawned uWSGI worker 3 (pid: 109013, cores: 1)
Apr 12 19:34:27.028282 np0000165320 devstack@n-api-meta.service[109010]: spawned uWSGI worker 4 (pid: 109014, cores: 1)
Apr 12 19:34:27.029019 np0000165320 devstack@n-api-meta.service[109010]: spawned uWSGI http 1 (pid: 109015)
Apr 12 19:34:27.029019 np0000165320 devstack@n-api-meta.service[109010]: running "unix_signal:15 gracefully_kill_them_all" (master-start)...
Apr 12 19:34:27.352307 np0000165320 devstack@n-api-meta.service[109011]: /opt/stack/data/venv/lib/python3.12/site-packages/oslo_concurrency/lockutils.py:41: EventletDeprecationWarning:
Apr 12 19:34:27.352307 np0000165320 devstack@n-api-meta.service[109011]: Eventlet is deprecated. It is currently being maintained in bugfix mode, and
Apr 12 19:34:27.352307 np0000165320 devstack@n-api-meta.service[109011]: we strongly recommend against using it for new projects.
Apr 12 19:34:27.352307 np0000165320 devstack@n-api-meta.service[109011]: If you are already using Eventlet, we recommend migrating to a different
Apr 12 19:34:27.352307 np0000165320 devstack@n-api-meta.service[109011]: framework. For more detail see
Apr 12 19:34:27.352307 np0000165320 devstack@n-api-meta.service[109011]: https://eventlet.readthedocs.io/en/latest/asyncio/migration.html
Apr 12 19:34:27.352307 np0000165320 devstack@n-api-meta.service[109011]: import eventlet
Apr 12 19:34:27.358762 np0000165320 devstack@n-api-meta.service[109012]: /opt/stack/data/venv/lib/python3.12/site-packages/oslo_concurrency/lockutils.py:41: EventletDeprecationWarning:
Apr 12 19:34:27.358762 np0000165320 devstack@n-api-meta.service[109012]: Eventlet is deprecated. It is currently being maintained in bugfix mode, and
Apr 12 19:34:27.358762 np0000165320 devstack@n-api-meta.service[109012]: we strongly recommend against using it for new projects.
Apr 12 19:34:27.358762 np0000165320 devstack@n-api-meta.service[109012]: If you are already using Eventlet, we recommend migrating to a different
Apr 12 19:34:27.358762 np0000165320 devstack@n-api-meta.service[109012]: framework. For more detail see
Apr 12 19:34:27.358762 np0000165320 devstack@n-api-meta.service[109012]: https://eventlet.readthedocs.io/en/latest/asyncio/migration.html
Apr 12 19:34:27.358762 np0000165320 devstack@n-api-meta.service[109012]: import eventlet
Apr 12 19:34:27.359938 np0000165320 devstack@n-api-meta.service[109013]: /opt/stack/data/venv/lib/python3.12/site-packages/oslo_concurrency/lockutils.py:41: EventletDeprecationWarning:
Apr 12 19:34:27.359938 np0000165320 devstack@n-api-meta.service[109013]: Eventlet is deprecated. It is currently being maintained in bugfix mode, and
Apr 12 19:34:27.359938 np0000165320 devstack@n-api-meta.service[109013]: we strongly recommend against using it for new projects.
Apr 12 19:34:27.359938 np0000165320 devstack@n-api-meta.service[109013]: If you are already using Eventlet, we recommend migrating to a different
Apr 12 19:34:27.359938 np0000165320 devstack@n-api-meta.service[109013]: framework. For more detail see
Apr 12 19:34:27.359938 np0000165320 devstack@n-api-meta.service[109013]: https://eventlet.readthedocs.io/en/latest/asyncio/migration.html
Apr 12 19:34:27.359938 np0000165320 devstack@n-api-meta.service[109013]: import eventlet
Apr 12 19:34:27.366011 np0000165320 devstack@n-api-meta.service[109014]: /opt/stack/data/venv/lib/python3.12/site-packages/oslo_concurrency/lockutils.py:41: EventletDeprecationWarning:
Apr 12 19:34:27.366011 np0000165320 devstack@n-api-meta.service[109014]: Eventlet is deprecated. It is currently being maintained in bugfix mode, and
Apr 12 19:34:27.366011 np0000165320 devstack@n-api-meta.service[109014]: we strongly recommend against using it for new projects.
Apr 12 19:34:27.366011 np0000165320 devstack@n-api-meta.service[109014]: If you are already using Eventlet, we recommend migrating to a different
Apr 12 19:34:27.366011 np0000165320 devstack@n-api-meta.service[109014]: framework. For more detail see
Apr 12 19:34:27.366011 np0000165320 devstack@n-api-meta.service[109014]: https://eventlet.readthedocs.io/en/latest/asyncio/migration.html
Apr 12 19:34:27.366011 np0000165320 devstack@n-api-meta.service[109014]: import eventlet
Apr 12 19:34:27.400932 np0000165320 devstack@n-api-meta.service[109011]: Service is starting with native threading. This is currently experimental. Do not use it in production without first testing it in pre-production.
Apr 12 19:34:27.406419 np0000165320 devstack@n-api-meta.service[109012]: Service is starting with native threading. This is currently experimental. Do not use it in production without first testing it in pre-production.
Apr 12 19:34:27.409334 np0000165320 devstack@n-api-meta.service[109013]: Service is starting with native threading. This is currently experimental. Do not use it in production without first testing it in pre-production.
Apr 12 19:34:27.413517 np0000165320 devstack@n-api-meta.service[109014]: Service is starting with native threading. This is currently experimental. Do not use it in production without first testing it in pre-production.
Apr 12 19:34:28.843062 np0000165320 devstack@n-api-meta.service[109012]: INFO dbcounter [None req-54b8559a-b1d3-41c0-8409-bce6cd729ee7 None None] Registered counter for database nova_api
Apr 12 19:34:28.858591 np0000165320 devstack@n-api-meta.service[109012]: DEBUG oslo_db.sqlalchemy.engines [None req-54b8559a-b1d3-41c0-8409-bce6cd729ee7 None None] MySQL server mode set to STRICT_TRANS_TABLES,STRICT_ALL_TABLES,NO_ZERO_IN_DATE,NO_ZERO_DATE,ERROR_FOR_DIVISION_BY_ZERO,TRADITIONAL,NO_ENGINE_SUBSTITUTION {{(pid=109012) _check_effective_sql_mode /opt/stack/data/venv/lib/python3.12/site-packages/oslo_db/sqlalchemy/engines.py:325}}
Apr 12 19:34:28.875155 np0000165320 devstack@n-api-meta.service[109014]: INFO dbcounter [None req-c74e79c3-7a45-4859-bfe6-3d95c87f7808 None None] Registered counter for database nova_api
Apr 12 19:34:28.892226 np0000165320 devstack@n-api-meta.service[109014]: DEBUG oslo_db.sqlalchemy.engines [None req-c74e79c3-7a45-4859-bfe6-3d95c87f7808 None None] MySQL server mode set to STRICT_TRANS_TABLES,STRICT_ALL_TABLES,NO_ZERO_IN_DATE,NO_ZERO_DATE,ERROR_FOR_DIVISION_BY_ZERO,TRADITIONAL,NO_ENGINE_SUBSTITUTION {{(pid=109014) _check_effective_sql_mode /opt/stack/data/venv/lib/python3.12/site-packages/oslo_db/sqlalchemy/engines.py:325}}
Apr 12 19:34:28.892284 np0000165320 devstack@n-api-meta.service[109012]: DEBUG dbcounter [-] [109012] Writer thread running {{(pid=109012) stat_writer /opt/stack/data/venv/lib/python3.12/site-packages/dbcounter.py:102}}
Apr 12 19:34:28.895241 np0000165320 devstack@n-api-meta.service[109012]: DEBUG nova.context [None req-54b8559a-b1d3-41c0-8409-bce6cd729ee7 None None] Found 2 cells: 00000000-0000-0000-0000-000000000000(cell0),a4c0e3f0-744d-447f-8738-475e883ab6ee(cell1) {{(pid=109012) load_cells /opt/stack/nova/nova/context.py:509}}
Apr 12 19:34:28.895515 np0000165320 devstack@n-api-meta.service[109012]: INFO nova.utils [None req-54b8559a-b1d3-41c0-8409-bce6cd729ee7 None None] The cell worker thread pool MainProcess.cell_worker is initialized
Apr 12 19:34:28.897541 np0000165320 devstack@n-api-meta.service[109012]: DEBUG oslo_concurrency.lockutils [None req-54b8559a-b1d3-41c0-8409-bce6cd729ee7 None None] Acquiring lock "00000000-0000-0000-0000-000000000000" by "nova.context.set_target_cell..get_or_set_cached_cell_and_set_connections" {{(pid=109012) inner /opt/stack/data/venv/lib/python3.12/site-packages/oslo_concurrency/lockutils.py:506}}
Apr 12 19:34:28.897771 np0000165320 devstack@n-api-meta.service[109012]: DEBUG oslo_concurrency.lockutils [None req-54b8559a-b1d3-41c0-8409-bce6cd729ee7 None None] Lock "00000000-0000-0000-0000-000000000000" acquired by "nova.context.set_target_cell..get_or_set_cached_cell_and_set_connections" :: waited 0.000s {{(pid=109012) inner /opt/stack/data/venv/lib/python3.12/site-packages/oslo_concurrency/lockutils.py:519}}
Apr 12 19:34:28.898257 np0000165320 devstack@n-api-meta.service[109012]: DEBUG oslo_concurrency.lockutils [None req-54b8559a-b1d3-41c0-8409-bce6cd729ee7 None None] Lock "00000000-0000-0000-0000-000000000000" "released" by "nova.context.set_target_cell..get_or_set_cached_cell_and_set_connections" :: held 0.000s {{(pid=109012) inner /opt/stack/data/venv/lib/python3.12/site-packages/oslo_concurrency/lockutils.py:538}}
Apr 12 19:34:28.899243 np0000165320 devstack@n-api-meta.service[109012]: DEBUG oslo_concurrency.lockutils [None req-54b8559a-b1d3-41c0-8409-bce6cd729ee7 None None] Acquiring lock "a4c0e3f0-744d-447f-8738-475e883ab6ee" by "nova.context.set_target_cell..get_or_set_cached_cell_and_set_connections" {{(pid=109012) inner /opt/stack/data/venv/lib/python3.12/site-packages/oslo_concurrency/lockutils.py:506}}
Apr 12 19:34:28.899436 np0000165320 devstack@n-api-meta.service[109012]: DEBUG oslo_concurrency.lockutils [None req-54b8559a-b1d3-41c0-8409-bce6cd729ee7 None None] Lock "a4c0e3f0-744d-447f-8738-475e883ab6ee" acquired by "nova.context.set_target_cell..get_or_set_cached_cell_and_set_connections" :: waited 0.000s {{(pid=109012) inner /opt/stack/data/venv/lib/python3.12/site-packages/oslo_concurrency/lockutils.py:519}}
Apr 12 19:34:28.900773 np0000165320 devstack@n-api-meta.service[109012]: DEBUG oslo_concurrency.lockutils [None req-54b8559a-b1d3-41c0-8409-bce6cd729ee7 None None] Lock "a4c0e3f0-744d-447f-8738-475e883ab6ee" "released" by "nova.context.set_target_cell..get_or_set_cached_cell_and_set_connections" :: held 0.001s {{(pid=109012) inner /opt/stack/data/venv/lib/python3.12/site-packages/oslo_concurrency/lockutils.py:538}}
Apr 12 19:34:28.904149 np0000165320 devstack@n-api-meta.service[109012]: INFO dbcounter [None req-54b8559a-b1d3-41c0-8409-bce6cd729ee7 None None] Registered counter for database nova_cell0
Apr 12 19:34:28.909084 np0000165320 devstack@n-api-meta.service[109012]: INFO dbcounter [None req-54b8559a-b1d3-41c0-8409-bce6cd729ee7 None None] Registered counter for database nova_cell1
Apr 12 19:34:28.917226 np0000165320 devstack@n-api-meta.service[109012]: DEBUG oslo_db.sqlalchemy.engines [None req-54b8559a-b1d3-41c0-8409-bce6cd729ee7 None None] MySQL server mode set to STRICT_TRANS_TABLES,STRICT_ALL_TABLES,NO_ZERO_IN_DATE,NO_ZERO_DATE,ERROR_FOR_DIVISION_BY_ZERO,TRADITIONAL,NO_ENGINE_SUBSTITUTION {{(pid=109012) _check_effective_sql_mode /opt/stack/data/venv/lib/python3.12/site-packages/oslo_db/sqlalchemy/engines.py:325}}
Apr 12 19:34:28.919083 np0000165320 devstack@n-api-meta.service[109013]: INFO dbcounter [None req-3c1b6534-18aa-4971-a112-1fe425e27c95 None None] Registered counter for database nova_api
Apr 12 19:34:28.919462 np0000165320 devstack@n-api-meta.service[109011]: INFO dbcounter [None req-b296496b-61b6-4d5c-a07a-db16c1f08f71 None None] Registered counter for database nova_api
Apr 12 19:34:28.922462 np0000165320 devstack@n-api-meta.service[109012]: DEBUG oslo_db.sqlalchemy.engines [None req-54b8559a-b1d3-41c0-8409-bce6cd729ee7 None None] MySQL server mode set to STRICT_TRANS_TABLES,STRICT_ALL_TABLES,NO_ZERO_IN_DATE,NO_ZERO_DATE,ERROR_FOR_DIVISION_BY_ZERO,TRADITIONAL,NO_ENGINE_SUBSTITUTION {{(pid=109012) _check_effective_sql_mode /opt/stack/data/venv/lib/python3.12/site-packages/oslo_db/sqlalchemy/engines.py:325}}
Apr 12 19:34:28.925287 np0000165320 devstack@n-api-meta.service[109014]: DEBUG dbcounter [-] [109014] Writer thread running {{(pid=109014) stat_writer /opt/stack/data/venv/lib/python3.12/site-packages/dbcounter.py:102}}
Apr 12 19:34:28.928149 np0000165320 devstack@n-api-meta.service[109014]: DEBUG nova.context [None req-c74e79c3-7a45-4859-bfe6-3d95c87f7808 None None] Found 2 cells: 00000000-0000-0000-0000-000000000000(cell0),a4c0e3f0-744d-447f-8738-475e883ab6ee(cell1) {{(pid=109014) load_cells /opt/stack/nova/nova/context.py:509}}
Apr 12 19:34:28.928362 np0000165320 devstack@n-api-meta.service[109014]: INFO nova.utils [None req-c74e79c3-7a45-4859-bfe6-3d95c87f7808 None None] The cell worker thread pool MainProcess.cell_worker is initialized
Apr 12 19:34:28.930203 np0000165320 devstack@n-api-meta.service[109014]: DEBUG oslo_concurrency.lockutils [None req-c74e79c3-7a45-4859-bfe6-3d95c87f7808 None None] Acquiring lock "00000000-0000-0000-0000-000000000000" by "nova.context.set_target_cell..get_or_set_cached_cell_and_set_connections" {{(pid=109014) inner /opt/stack/data/venv/lib/python3.12/site-packages/oslo_concurrency/lockutils.py:506}}
Apr 12 19:34:28.930357 np0000165320 devstack@n-api-meta.service[109014]: DEBUG oslo_concurrency.lockutils [None req-c74e79c3-7a45-4859-bfe6-3d95c87f7808 None None] Lock "00000000-0000-0000-0000-000000000000" acquired by "nova.context.set_target_cell..get_or_set_cached_cell_and_set_connections" :: waited 0.000s {{(pid=109014) inner /opt/stack/data/venv/lib/python3.12/site-packages/oslo_concurrency/lockutils.py:519}}
Apr 12 19:34:28.930726 np0000165320 devstack@n-api-meta.service[109014]: DEBUG oslo_concurrency.lockutils [None req-c74e79c3-7a45-4859-bfe6-3d95c87f7808 None None] Lock "00000000-0000-0000-0000-000000000000" "released" by "nova.context.set_target_cell..get_or_set_cached_cell_and_set_connections" :: held 0.000s {{(pid=109014) inner /opt/stack/data/venv/lib/python3.12/site-packages/oslo_concurrency/lockutils.py:538}}
Apr 12 19:34:28.931407 np0000165320 devstack@n-api-meta.service[109014]: DEBUG oslo_concurrency.lockutils [None req-c74e79c3-7a45-4859-bfe6-3d95c87f7808 None None] Acquiring lock "a4c0e3f0-744d-447f-8738-475e883ab6ee" by "nova.context.set_target_cell..get_or_set_cached_cell_and_set_connections" {{(pid=109014) inner /opt/stack/data/venv/lib/python3.12/site-packages/oslo_concurrency/lockutils.py:506}}
Apr 12 19:34:28.931593 np0000165320 devstack@n-api-meta.service[109014]: DEBUG oslo_concurrency.lockutils [None req-c74e79c3-7a45-4859-bfe6-3d95c87f7808 None None] Lock "a4c0e3f0-744d-447f-8738-475e883ab6ee" acquired by "nova.context.set_target_cell..get_or_set_cached_cell_and_set_connections" :: waited 0.000s {{(pid=109014) inner /opt/stack/data/venv/lib/python3.12/site-packages/oslo_concurrency/lockutils.py:519}}
Apr 12 19:34:28.932481 np0000165320 devstack@n-api-meta.service[109014]: DEBUG oslo_concurrency.lockutils [None req-c74e79c3-7a45-4859-bfe6-3d95c87f7808 None None] Lock "a4c0e3f0-744d-447f-8738-475e883ab6ee" "released" by "nova.context.set_target_cell..get_or_set_cached_cell_and_set_connections" :: held 0.001s {{(pid=109014) inner /opt/stack/data/venv/lib/python3.12/site-packages/oslo_concurrency/lockutils.py:538}}
Apr 12 19:34:28.934661 np0000165320 devstack@n-api-meta.service[109013]: DEBUG oslo_db.sqlalchemy.engines [None req-3c1b6534-18aa-4971-a112-1fe425e27c95 None None] MySQL server mode set to STRICT_TRANS_TABLES,STRICT_ALL_TABLES,NO_ZERO_IN_DATE,NO_ZERO_DATE,ERROR_FOR_DIVISION_BY_ZERO,TRADITIONAL,NO_ENGINE_SUBSTITUTION {{(pid=109013) _check_effective_sql_mode /opt/stack/data/venv/lib/python3.12/site-packages/oslo_db/sqlalchemy/engines.py:325}}
Apr 12 19:34:28.935826 np0000165320 devstack@n-api-meta.service[109014]: INFO dbcounter [None req-c74e79c3-7a45-4859-bfe6-3d95c87f7808 None None] Registered counter for database nova_cell0
Apr 12 19:34:28.938767 np0000165320 devstack@n-api-meta.service[109011]: DEBUG oslo_db.sqlalchemy.engines [None req-b296496b-61b6-4d5c-a07a-db16c1f08f71 None None] MySQL server mode set to STRICT_TRANS_TABLES,STRICT_ALL_TABLES,NO_ZERO_IN_DATE,NO_ZERO_DATE,ERROR_FOR_DIVISION_BY_ZERO,TRADITIONAL,NO_ENGINE_SUBSTITUTION {{(pid=109011) _check_effective_sql_mode /opt/stack/data/venv/lib/python3.12/site-packages/oslo_db/sqlalchemy/engines.py:325}}
Apr 12 19:34:28.941819 np0000165320 devstack@n-api-meta.service[109014]: INFO dbcounter [None req-c74e79c3-7a45-4859-bfe6-3d95c87f7808 None None] Registered counter for database nova_cell1
Apr 12 19:34:28.951564 np0000165320 devstack@n-api-meta.service[109014]: DEBUG oslo_db.sqlalchemy.engines [None req-c74e79c3-7a45-4859-bfe6-3d95c87f7808 None None] MySQL server mode set to STRICT_TRANS_TABLES,STRICT_ALL_TABLES,NO_ZERO_IN_DATE,NO_ZERO_DATE,ERROR_FOR_DIVISION_BY_ZERO,TRADITIONAL,NO_ENGINE_SUBSTITUTION {{(pid=109014) _check_effective_sql_mode /opt/stack/data/venv/lib/python3.12/site-packages/oslo_db/sqlalchemy/engines.py:325}}
Apr 12 19:34:28.958391 np0000165320 devstack@n-api-meta.service[109014]: DEBUG oslo_db.sqlalchemy.engines [None req-c74e79c3-7a45-4859-bfe6-3d95c87f7808 None None] MySQL server mode set to STRICT_TRANS_TABLES,STRICT_ALL_TABLES,NO_ZERO_IN_DATE,NO_ZERO_DATE,ERROR_FOR_DIVISION_BY_ZERO,TRADITIONAL,NO_ENGINE_SUBSTITUTION {{(pid=109014) _check_effective_sql_mode /opt/stack/data/venv/lib/python3.12/site-packages/oslo_db/sqlalchemy/engines.py:325}}
Apr 12 19:34:28.964465 np0000165320 devstack@n-api-meta.service[109013]: DEBUG dbcounter [-] [109013] Writer thread running {{(pid=109013) stat_writer /opt/stack/data/venv/lib/python3.12/site-packages/dbcounter.py:102}}
Apr 12 19:34:28.967807 np0000165320 devstack@n-api-meta.service[109013]: DEBUG nova.context [None req-3c1b6534-18aa-4971-a112-1fe425e27c95 None None] Found 2 cells: 00000000-0000-0000-0000-000000000000(cell0),a4c0e3f0-744d-447f-8738-475e883ab6ee(cell1) {{(pid=109013) load_cells /opt/stack/nova/nova/context.py:509}}
Apr 12 19:34:28.969533 np0000165320 devstack@n-api-meta.service[109013]: INFO nova.utils [None req-3c1b6534-18aa-4971-a112-1fe425e27c95 None None] The cell worker thread pool MainProcess.cell_worker is initialized
Apr 12 19:34:28.969984 np0000165320 devstack@n-api-meta.service[109013]: DEBUG oslo_concurrency.lockutils [None req-3c1b6534-18aa-4971-a112-1fe425e27c95 None None] Acquiring lock "00000000-0000-0000-0000-000000000000" by "nova.context.set_target_cell..get_or_set_cached_cell_and_set_connections" {{(pid=109013) inner /opt/stack/data/venv/lib/python3.12/site-packages/oslo_concurrency/lockutils.py:506}}
Apr 12 19:34:28.970144 np0000165320 devstack@n-api-meta.service[109013]: DEBUG oslo_concurrency.lockutils [None req-3c1b6534-18aa-4971-a112-1fe425e27c95 None None] Lock "00000000-0000-0000-0000-000000000000" acquired by "nova.context.set_target_cell..get_or_set_cached_cell_and_set_connections" :: waited 0.000s {{(pid=109013) inner /opt/stack/data/venv/lib/python3.12/site-packages/oslo_concurrency/lockutils.py:519}}
Apr 12 19:34:28.970512 np0000165320 devstack@n-api-meta.service[109013]: DEBUG oslo_concurrency.lockutils [None req-3c1b6534-18aa-4971-a112-1fe425e27c95 None None] Lock "00000000-0000-0000-0000-000000000000" "released" by "nova.context.set_target_cell..get_or_set_cached_cell_and_set_connections" :: held 0.000s {{(pid=109013) inner /opt/stack/data/venv/lib/python3.12/site-packages/oslo_concurrency/lockutils.py:538}}
Apr 12 19:34:28.971404 np0000165320 devstack@n-api-meta.service[109013]: DEBUG oslo_concurrency.lockutils [None req-3c1b6534-18aa-4971-a112-1fe425e27c95 None None] Acquiring lock "a4c0e3f0-744d-447f-8738-475e883ab6ee" by "nova.context.set_target_cell..get_or_set_cached_cell_and_set_connections" {{(pid=109013) inner /opt/stack/data/venv/lib/python3.12/site-packages/oslo_concurrency/lockutils.py:506}}
Apr 12 19:34:28.971570 np0000165320 devstack@n-api-meta.service[109013]: DEBUG oslo_concurrency.lockutils [None req-3c1b6534-18aa-4971-a112-1fe425e27c95 None None] Lock "a4c0e3f0-744d-447f-8738-475e883ab6ee" acquired by "nova.context.set_target_cell..get_or_set_cached_cell_and_set_connections" :: waited 0.000s {{(pid=109013) inner /opt/stack/data/venv/lib/python3.12/site-packages/oslo_concurrency/lockutils.py:519}}
Apr 12 19:34:28.972473 np0000165320 devstack@n-api-meta.service[109013]: DEBUG oslo_concurrency.lockutils [None req-3c1b6534-18aa-4971-a112-1fe425e27c95 None None] Lock "a4c0e3f0-744d-447f-8738-475e883ab6ee" "released" by "nova.context.set_target_cell..get_or_set_cached_cell_and_set_connections" :: held 0.001s {{(pid=109013) inner /opt/stack/data/venv/lib/python3.12/site-packages/oslo_concurrency/lockutils.py:538}}
Apr 12 19:34:28.976144 np0000165320 devstack@n-api-meta.service[109013]: INFO dbcounter [None req-3c1b6534-18aa-4971-a112-1fe425e27c95 None None] Registered counter for database nova_cell0
Apr 12 19:34:28.986091 np0000165320 devstack@n-api-meta.service[109011]: DEBUG dbcounter [-] [109011] Writer thread running {{(pid=109011) stat_writer /opt/stack/data/venv/lib/python3.12/site-packages/dbcounter.py:102}}
Apr 12 19:34:28.986188 np0000165320 devstack@n-api-meta.service[109013]: INFO dbcounter [None req-3c1b6534-18aa-4971-a112-1fe425e27c95 None None] Registered counter for database nova_cell1
Apr 12 19:34:28.989925 np0000165320 devstack@n-api-meta.service[109011]: DEBUG nova.context [None req-b296496b-61b6-4d5c-a07a-db16c1f08f71 None None] Found 2 cells: 00000000-0000-0000-0000-000000000000(cell0),a4c0e3f0-744d-447f-8738-475e883ab6ee(cell1) {{(pid=109011) load_cells /opt/stack/nova/nova/context.py:509}}
Apr 12 19:34:28.990291 np0000165320 devstack@n-api-meta.service[109011]: INFO nova.utils [None req-b296496b-61b6-4d5c-a07a-db16c1f08f71 None None] The cell worker thread pool MainProcess.cell_worker is initialized
Apr 12 19:34:28.994080 np0000165320 devstack@n-api-meta.service[109011]: DEBUG oslo_concurrency.lockutils [None req-b296496b-61b6-4d5c-a07a-db16c1f08f71 None None] Acquiring lock "00000000-0000-0000-0000-000000000000" by "nova.context.set_target_cell..get_or_set_cached_cell_and_set_connections" {{(pid=109011) inner /opt/stack/data/venv/lib/python3.12/site-packages/oslo_concurrency/lockutils.py:506}}
Apr 12 19:34:28.994320 np0000165320 devstack@n-api-meta.service[109011]: DEBUG oslo_concurrency.lockutils [None req-b296496b-61b6-4d5c-a07a-db16c1f08f71 None None] Lock "00000000-0000-0000-0000-000000000000" acquired by "nova.context.set_target_cell..get_or_set_cached_cell_and_set_connections" :: waited 0.000s {{(pid=109011) inner /opt/stack/data/venv/lib/python3.12/site-packages/oslo_concurrency/lockutils.py:519}}
Apr 12 19:34:28.994900 np0000165320 devstack@n-api-meta.service[109011]: DEBUG oslo_concurrency.lockutils [None req-b296496b-61b6-4d5c-a07a-db16c1f08f71 None None] Lock "00000000-0000-0000-0000-000000000000" "released" by "nova.context.set_target_cell..get_or_set_cached_cell_and_set_connections" :: held 0.001s {{(pid=109011) inner /opt/stack/data/venv/lib/python3.12/site-packages/oslo_concurrency/lockutils.py:538}}
Apr 12 19:34:28.995905 np0000165320 devstack@n-api-meta.service[109011]: DEBUG oslo_concurrency.lockutils [None req-b296496b-61b6-4d5c-a07a-db16c1f08f71 None None] Acquiring lock "a4c0e3f0-744d-447f-8738-475e883ab6ee" by "nova.context.set_target_cell..get_or_set_cached_cell_and_set_connections" {{(pid=109011) inner /opt/stack/data/venv/lib/python3.12/site-packages/oslo_concurrency/lockutils.py:506}}
Apr 12 19:34:28.996126 np0000165320 devstack@n-api-meta.service[109011]: DEBUG oslo_concurrency.lockutils [None req-b296496b-61b6-4d5c-a07a-db16c1f08f71 None None] Lock "a4c0e3f0-744d-447f-8738-475e883ab6ee" acquired by "nova.context.set_target_cell..get_or_set_cached_cell_and_set_connections" :: waited 0.000s {{(pid=109011) inner /opt/stack/data/venv/lib/python3.12/site-packages/oslo_concurrency/lockutils.py:519}}
Apr 12 19:34:28.997151 np0000165320 devstack@n-api-meta.service[109013]: DEBUG oslo_db.sqlalchemy.engines [None req-3c1b6534-18aa-4971-a112-1fe425e27c95 None None] MySQL server mode set to STRICT_TRANS_TABLES,STRICT_ALL_TABLES,NO_ZERO_IN_DATE,NO_ZERO_DATE,ERROR_FOR_DIVISION_BY_ZERO,TRADITIONAL,NO_ENGINE_SUBSTITUTION {{(pid=109013) _check_effective_sql_mode /opt/stack/data/venv/lib/python3.12/site-packages/oslo_db/sqlalchemy/engines.py:325}}
Apr 12 19:34:28.997457 np0000165320 devstack@n-api-meta.service[109011]: DEBUG oslo_concurrency.lockutils [None req-b296496b-61b6-4d5c-a07a-db16c1f08f71 None None] Lock "a4c0e3f0-744d-447f-8738-475e883ab6ee" "released" by "nova.context.set_target_cell..get_or_set_cached_cell_and_set_connections" :: held 0.001s {{(pid=109011) inner /opt/stack/data/venv/lib/python3.12/site-packages/oslo_concurrency/lockutils.py:538}}
Apr 12 19:34:29.001682 np0000165320 devstack@n-api-meta.service[109011]: INFO dbcounter [None req-b296496b-61b6-4d5c-a07a-db16c1f08f71 None None] Registered counter for database nova_cell0
Apr 12 19:34:29.008923 np0000165320 devstack@n-api-meta.service[109011]: INFO dbcounter [None req-b296496b-61b6-4d5c-a07a-db16c1f08f71 None None] Registered counter for database nova_cell1
Apr 12 19:34:29.010232 np0000165320 devstack@n-api-meta.service[109013]: DEBUG oslo_db.sqlalchemy.engines [None req-3c1b6534-18aa-4971-a112-1fe425e27c95 None None] MySQL server mode set to STRICT_TRANS_TABLES,STRICT_ALL_TABLES,NO_ZERO_IN_DATE,NO_ZERO_DATE,ERROR_FOR_DIVISION_BY_ZERO,TRADITIONAL,NO_ENGINE_SUBSTITUTION {{(pid=109013) _check_effective_sql_mode /opt/stack/data/venv/lib/python3.12/site-packages/oslo_db/sqlalchemy/engines.py:325}}
Apr 12 19:34:29.018897 np0000165320 devstack@n-api-meta.service[109011]: DEBUG oslo_db.sqlalchemy.engines [None req-b296496b-61b6-4d5c-a07a-db16c1f08f71 None None] MySQL server mode set to STRICT_TRANS_TABLES,STRICT_ALL_TABLES,NO_ZERO_IN_DATE,NO_ZERO_DATE,ERROR_FOR_DIVISION_BY_ZERO,TRADITIONAL,NO_ENGINE_SUBSTITUTION {{(pid=109011) _check_effective_sql_mode /opt/stack/data/venv/lib/python3.12/site-packages/oslo_db/sqlalchemy/engines.py:325}}
Apr 12 19:34:29.022931 np0000165320 devstack@n-api-meta.service[109012]: DEBUG dbcounter [-] [109012] Writer thread running {{(pid=109012) stat_writer /opt/stack/data/venv/lib/python3.12/site-packages/dbcounter.py:102}}
Apr 12 19:34:29.031411 np0000165320 devstack@n-api-meta.service[109012]: DEBUG dbcounter [-] [109012] Writer thread running {{(pid=109012) stat_writer /opt/stack/data/venv/lib/python3.12/site-packages/dbcounter.py:102}}
Apr 12 19:34:29.035561 np0000165320 devstack@n-api-meta.service[109012]: INFO dbcounter [None req-54b8559a-b1d3-41c0-8409-bce6cd729ee7 None None] Registered counter for database nova_cell0
Apr 12 19:34:29.035652 np0000165320 devstack@n-api-meta.service[109011]: DEBUG oslo_db.sqlalchemy.engines [None req-b296496b-61b6-4d5c-a07a-db16c1f08f71 None None] MySQL server mode set to STRICT_TRANS_TABLES,STRICT_ALL_TABLES,NO_ZERO_IN_DATE,NO_ZERO_DATE,ERROR_FOR_DIVISION_BY_ZERO,TRADITIONAL,NO_ENGINE_SUBSTITUTION {{(pid=109011) _check_effective_sql_mode /opt/stack/data/venv/lib/python3.12/site-packages/oslo_db/sqlalchemy/engines.py:325}}
Apr 12 19:34:29.044996 np0000165320 devstack@n-api-meta.service[109012]: DEBUG oslo_db.sqlalchemy.engines [None req-54b8559a-b1d3-41c0-8409-bce6cd729ee7 None None] MySQL server mode set to STRICT_TRANS_TABLES,STRICT_ALL_TABLES,NO_ZERO_IN_DATE,NO_ZERO_DATE,ERROR_FOR_DIVISION_BY_ZERO,TRADITIONAL,NO_ENGINE_SUBSTITUTION {{(pid=109012) _check_effective_sql_mode /opt/stack/data/venv/lib/python3.12/site-packages/oslo_db/sqlalchemy/engines.py:325}}
Apr 12 19:34:29.054475 np0000165320 devstack@n-api-meta.service[109012]: DEBUG dbcounter [-] [109012] Writer thread running {{(pid=109012) stat_writer /opt/stack/data/venv/lib/python3.12/site-packages/dbcounter.py:102}}
Apr 12 19:34:29.068714 np0000165320 devstack@n-api-meta.service[109014]: DEBUG dbcounter [-] [109014] Writer thread running {{(pid=109014) stat_writer /opt/stack/data/venv/lib/python3.12/site-packages/dbcounter.py:102}}
Apr 12 19:34:29.069414 np0000165320 devstack@n-api-meta.service[109014]: DEBUG dbcounter [-] [109014] Writer thread running {{(pid=109014) stat_writer /opt/stack/data/venv/lib/python3.12/site-packages/dbcounter.py:102}}
Apr 12 19:34:29.077119 np0000165320 devstack@n-api-meta.service[109014]: INFO dbcounter [None req-c74e79c3-7a45-4859-bfe6-3d95c87f7808 None None] Registered counter for database nova_cell0
Apr 12 19:34:29.093515 np0000165320 devstack@n-api-meta.service[109014]: DEBUG oslo_db.sqlalchemy.engines [None req-c74e79c3-7a45-4859-bfe6-3d95c87f7808 None None] MySQL server mode set to STRICT_TRANS_TABLES,STRICT_ALL_TABLES,NO_ZERO_IN_DATE,NO_ZERO_DATE,ERROR_FOR_DIVISION_BY_ZERO,TRADITIONAL,NO_ENGINE_SUBSTITUTION {{(pid=109014) _check_effective_sql_mode /opt/stack/data/venv/lib/python3.12/site-packages/oslo_db/sqlalchemy/engines.py:325}}
Apr 12 19:34:29.101348 np0000165320 devstack@n-api-meta.service[109012]: WARNING nova.api.metadata.handler [None req-54b8559a-b1d3-41c0-8409-bce6cd729ee7 None None] metadata_proxy_shared_secret is not configured, the metadata information returned by the proxy cannot be trusted
Apr 12 19:34:29.102338 np0000165320 devstack@n-api-meta.service[109014]: DEBUG dbcounter [-] [109014] Writer thread running {{(pid=109014) stat_writer /opt/stack/data/venv/lib/python3.12/site-packages/dbcounter.py:102}}
Apr 12 19:34:29.104068 np0000165320 devstack@n-api-meta.service[109012]: DEBUG nova.api.openstack.wsgi_app [None req-54b8559a-b1d3-41c0-8409-bce6cd729ee7 None None] ******************************************************************************** {{(pid=109012) log_opt_values /opt/stack/data/venv/lib/python3.12/site-packages/oslo_config/cfg.py:2979}}
Apr 12 19:34:29.104279 np0000165320 devstack@n-api-meta.service[109012]: DEBUG nova.api.openstack.wsgi_app [None req-54b8559a-b1d3-41c0-8409-bce6cd729ee7 None None] Configuration options gathered from: {{(pid=109012) log_opt_values /opt/stack/data/venv/lib/python3.12/site-packages/oslo_config/cfg.py:2980}}
Apr 12 19:34:29.104468 np0000165320 devstack@n-api-meta.service[109012]: DEBUG nova.api.openstack.wsgi_app [None req-54b8559a-b1d3-41c0-8409-bce6cd729ee7 None None] command line args: [] {{(pid=109012) log_opt_values /opt/stack/data/venv/lib/python3.12/site-packages/oslo_config/cfg.py:2981}}
Apr 12 19:34:29.104757 np0000165320 devstack@n-api-meta.service[109012]: DEBUG nova.api.openstack.wsgi_app [None req-54b8559a-b1d3-41c0-8409-bce6cd729ee7 None None] config files: ['/etc/nova/api-paste.ini', '/etc/nova/nova.conf'] {{(pid=109012) log_opt_values /opt/stack/data/venv/lib/python3.12/site-packages/oslo_config/cfg.py:2982}}
Apr 12 19:34:29.104951 np0000165320 devstack@n-api-meta.service[109012]: DEBUG nova.api.openstack.wsgi_app [None req-54b8559a-b1d3-41c0-8409-bce6cd729ee7 None None] ================================================================================ {{(pid=109012) log_opt_values /opt/stack/data/venv/lib/python3.12/site-packages/oslo_config/cfg.py:2987}}
Apr 12 19:34:29.105207 np0000165320 devstack@n-api-meta.service[109012]: DEBUG nova.api.openstack.wsgi_app [None req-54b8559a-b1d3-41c0-8409-bce6cd729ee7 None None] allow_resize_to_same_host = True {{(pid=109012) log_opt_values /opt/stack/data/venv/lib/python3.12/site-packages/oslo_config/cfg.py:2995}}
Apr 12 19:34:29.105424 np0000165320 devstack@n-api-meta.service[109012]: DEBUG nova.api.openstack.wsgi_app [None req-54b8559a-b1d3-41c0-8409-bce6cd729ee7 None None] arq_binding_timeout = 300 {{(pid=109012) log_opt_values /opt/stack/data/venv/lib/python3.12/site-packages/oslo_config/cfg.py:2995}}
Apr 12 19:34:29.105649 np0000165320 devstack@n-api-meta.service[109012]: DEBUG nova.api.openstack.wsgi_app [None req-54b8559a-b1d3-41c0-8409-bce6cd729ee7 None None] block_device_allocate_retries = 60 {{(pid=109012) log_opt_values /opt/stack/data/venv/lib/python3.12/site-packages/oslo_config/cfg.py:2995}}
Apr 12 19:34:29.105854 np0000165320 devstack@n-api-meta.service[109012]: DEBUG nova.api.openstack.wsgi_app [None req-54b8559a-b1d3-41c0-8409-bce6cd729ee7 None None] block_device_allocate_retries_interval = 3 {{(pid=109012) log_opt_values /opt/stack/data/venv/lib/python3.12/site-packages/oslo_config/cfg.py:2995}}
Apr 12 19:34:29.106058 np0000165320 devstack@n-api-meta.service[109012]: DEBUG nova.api.openstack.wsgi_app [None req-54b8559a-b1d3-41c0-8409-bce6cd729ee7 None None] cell_worker_thread_pool_size = 5 {{(pid=109012) log_opt_values /opt/stack/data/venv/lib/python3.12/site-packages/oslo_config/cfg.py:2995}}
Apr 12 19:34:29.106288 np0000165320 devstack@n-api-meta.service[109012]: DEBUG nova.api.openstack.wsgi_app [None req-54b8559a-b1d3-41c0-8409-bce6cd729ee7 None None] cert = self.pem {{(pid=109012) log_opt_values /opt/stack/data/venv/lib/python3.12/site-packages/oslo_config/cfg.py:2995}}
Apr 12 19:34:29.106518 np0000165320 devstack@n-api-meta.service[109012]: DEBUG nova.api.openstack.wsgi_app [None req-54b8559a-b1d3-41c0-8409-bce6cd729ee7 None None] compute_driver = libvirt.LibvirtDriver {{(pid=109012) log_opt_values /opt/stack/data/venv/lib/python3.12/site-packages/oslo_config/cfg.py:2995}}
Apr 12 19:34:29.106725 np0000165320 devstack@n-api-meta.service[109012]: DEBUG nova.api.openstack.wsgi_app [None req-54b8559a-b1d3-41c0-8409-bce6cd729ee7 None None] compute_monitors = [] {{(pid=109012) log_opt_values /opt/stack/data/venv/lib/python3.12/site-packages/oslo_config/cfg.py:2995}}
Apr 12 19:34:29.106931 np0000165320 devstack@n-api-meta.service[109012]: DEBUG nova.api.openstack.wsgi_app [None req-54b8559a-b1d3-41c0-8409-bce6cd729ee7 None None] config_dir = [] {{(pid=109012) log_opt_values /opt/stack/data/venv/lib/python3.12/site-packages/oslo_config/cfg.py:2995}}
Apr 12 19:34:29.107139 np0000165320 devstack@n-api-meta.service[109012]: DEBUG nova.api.openstack.wsgi_app [None req-54b8559a-b1d3-41c0-8409-bce6cd729ee7 None None] config_drive_format = iso9660 {{(pid=109012) log_opt_values /opt/stack/data/venv/lib/python3.12/site-packages/oslo_config/cfg.py:2995}}
Apr 12 19:34:29.107325 np0000165320 devstack@n-api-meta.service[109012]: DEBUG nova.api.openstack.wsgi_app [None req-54b8559a-b1d3-41c0-8409-bce6cd729ee7 None None] config_file = ['/etc/nova/api-paste.ini', '/etc/nova/nova.conf'] {{(pid=109012) log_opt_values /opt/stack/data/venv/lib/python3.12/site-packages/oslo_config/cfg.py:2995}}
Apr 12 19:34:29.107546 np0000165320 devstack@n-api-meta.service[109012]: DEBUG nova.api.openstack.wsgi_app [None req-54b8559a-b1d3-41c0-8409-bce6cd729ee7 None None] config_source = [] {{(pid=109012) log_opt_values /opt/stack/data/venv/lib/python3.12/site-packages/oslo_config/cfg.py:2995}}
Apr 12 19:34:29.107767 np0000165320 devstack@n-api-meta.service[109012]: DEBUG nova.api.openstack.wsgi_app [None req-54b8559a-b1d3-41c0-8409-bce6cd729ee7 None None] console_host = np0000165320 {{(pid=109012) log_opt_values /opt/stack/data/venv/lib/python3.12/site-packages/oslo_config/cfg.py:2995}}
Apr 12 19:34:29.107974 np0000165320 devstack@n-api-meta.service[109012]: DEBUG nova.api.openstack.wsgi_app [None req-54b8559a-b1d3-41c0-8409-bce6cd729ee7 None None] control_exchange = nova {{(pid=109012) log_opt_values /opt/stack/data/venv/lib/python3.12/site-packages/oslo_config/cfg.py:2995}}
Apr 12 19:34:29.108174 np0000165320 devstack@n-api-meta.service[109012]: DEBUG nova.api.openstack.wsgi_app [None req-54b8559a-b1d3-41c0-8409-bce6cd729ee7 None None] cpu_allocation_ratio = None {{(pid=109012) log_opt_values /opt/stack/data/venv/lib/python3.12/site-packages/oslo_config/cfg.py:2995}}
Apr 12 19:34:29.108375 np0000165320 devstack@n-api-meta.service[109012]: DEBUG nova.api.openstack.wsgi_app [None req-54b8559a-b1d3-41c0-8409-bce6cd729ee7 None None] daemon = False {{(pid=109012) log_opt_values /opt/stack/data/venv/lib/python3.12/site-packages/oslo_config/cfg.py:2995}}
Apr 12 19:34:29.108617 np0000165320 devstack@n-api-meta.service[109012]: DEBUG nova.api.openstack.wsgi_app [None req-54b8559a-b1d3-41c0-8409-bce6cd729ee7 None None] debug = True {{(pid=109012) log_opt_values /opt/stack/data/venv/lib/python3.12/site-packages/oslo_config/cfg.py:2995}}
Apr 12 19:34:29.108819 np0000165320 devstack@n-api-meta.service[109012]: DEBUG nova.api.openstack.wsgi_app [None req-54b8559a-b1d3-41c0-8409-bce6cd729ee7 None None] default_access_ip_network_name = None {{(pid=109012) log_opt_values /opt/stack/data/venv/lib/python3.12/site-packages/oslo_config/cfg.py:2995}}
Apr 12 19:34:29.109025 np0000165320 devstack@n-api-meta.service[109012]: DEBUG nova.api.openstack.wsgi_app [None req-54b8559a-b1d3-41c0-8409-bce6cd729ee7 None None] default_availability_zone = nova {{(pid=109012) log_opt_values /opt/stack/data/venv/lib/python3.12/site-packages/oslo_config/cfg.py:2995}}
Apr 12 19:34:29.109232 np0000165320 devstack@n-api-meta.service[109012]: DEBUG nova.api.openstack.wsgi_app [None req-54b8559a-b1d3-41c0-8409-bce6cd729ee7 None None] default_ephemeral_format = ext4 {{(pid=109012) log_opt_values /opt/stack/data/venv/lib/python3.12/site-packages/oslo_config/cfg.py:2995}}
Apr 12 19:34:29.109448 np0000165320 devstack@n-api-meta.service[109012]: DEBUG nova.api.openstack.wsgi_app [None req-54b8559a-b1d3-41c0-8409-bce6cd729ee7 None None] default_green_pool_size = 1000 {{(pid=109012) log_opt_values /opt/stack/data/venv/lib/python3.12/site-packages/oslo_config/cfg.py:2995}}
Apr 12 19:34:29.109753 np0000165320 devstack@n-api-meta.service[109012]: DEBUG nova.api.openstack.wsgi_app [None req-54b8559a-b1d3-41c0-8409-bce6cd729ee7 None None] default_log_levels = ['amqp=WARN', 'boto=WARN', 'sqlalchemy=WARN', 'suds=INFO', 'oslo.messaging=INFO', 'oslo_messaging=INFO', 'iso8601=WARN', 'requests.packages.urllib3.connectionpool=WARN', 'urllib3.connectionpool=WARN', 'websocket=WARN', 'requests.packages.urllib3.util.retry=WARN', 'urllib3.util.retry=WARN', 'keystonemiddleware=WARN', 'routes.middleware=WARN', 'stevedore=WARN', 'taskflow=WARN', 'keystoneauth=WARN', 'oslo.cache=INFO', 'oslo_policy=INFO', 'dogpile.core.dogpile=INFO', 'glanceclient=WARN', 'oslo.privsep.daemon=INFO'] {{(pid=109012) log_opt_values /opt/stack/data/venv/lib/python3.12/site-packages/oslo_config/cfg.py:2995}}
Apr 12 19:34:29.110011 np0000165320 devstack@n-api-meta.service[109012]: DEBUG nova.api.openstack.wsgi_app [None req-54b8559a-b1d3-41c0-8409-bce6cd729ee7 None None] default_schedule_zone = None {{(pid=109012) log_opt_values /opt/stack/data/venv/lib/python3.12/site-packages/oslo_config/cfg.py:2995}}
Apr 12 19:34:29.110222 np0000165320 devstack@n-api-meta.service[109012]: DEBUG nova.api.openstack.wsgi_app [None req-54b8559a-b1d3-41c0-8409-bce6cd729ee7 None None] default_thread_pool_size = 10 {{(pid=109012) log_opt_values /opt/stack/data/venv/lib/python3.12/site-packages/oslo_config/cfg.py:2995}}
Apr 12 19:34:29.110424 np0000165320 devstack@n-api-meta.service[109012]: DEBUG nova.api.openstack.wsgi_app [None req-54b8559a-b1d3-41c0-8409-bce6cd729ee7 None None] disk_allocation_ratio = None {{(pid=109012) log_opt_values /opt/stack/data/venv/lib/python3.12/site-packages/oslo_config/cfg.py:2995}}
Apr 12 19:34:29.110654 np0000165320 devstack@n-api-meta.service[109012]: DEBUG nova.api.openstack.wsgi_app [None req-54b8559a-b1d3-41c0-8409-bce6cd729ee7 None None] enable_new_services = True {{(pid=109012) log_opt_values /opt/stack/data/venv/lib/python3.12/site-packages/oslo_config/cfg.py:2995}}
Apr 12 19:34:29.110868 np0000165320 devstack@n-api-meta.service[109012]: DEBUG nova.api.openstack.wsgi_app [None req-54b8559a-b1d3-41c0-8409-bce6cd729ee7 None None] flat_injected = False {{(pid=109012) log_opt_values /opt/stack/data/venv/lib/python3.12/site-packages/oslo_config/cfg.py:2995}}
Apr 12 19:34:29.111080 np0000165320 devstack@n-api-meta.service[109012]: DEBUG nova.api.openstack.wsgi_app [None req-54b8559a-b1d3-41c0-8409-bce6cd729ee7 None None] force_config_drive = False {{(pid=109012) log_opt_values /opt/stack/data/venv/lib/python3.12/site-packages/oslo_config/cfg.py:2995}}
Apr 12 19:34:29.111298 np0000165320 devstack@n-api-meta.service[109012]: DEBUG nova.api.openstack.wsgi_app [None req-54b8559a-b1d3-41c0-8409-bce6cd729ee7 None None] force_raw_images = True {{(pid=109012) log_opt_values /opt/stack/data/venv/lib/python3.12/site-packages/oslo_config/cfg.py:2995}}
Apr 12 19:34:29.111530 np0000165320 devstack@n-api-meta.service[109012]: DEBUG nova.api.openstack.wsgi_app [None req-54b8559a-b1d3-41c0-8409-bce6cd729ee7 None None] graceful_shutdown_timeout = 5 {{(pid=109012) log_opt_values /opt/stack/data/venv/lib/python3.12/site-packages/oslo_config/cfg.py:2995}}
Apr 12 19:34:29.111746 np0000165320 devstack@n-api-meta.service[109012]: DEBUG nova.api.openstack.wsgi_app [None req-54b8559a-b1d3-41c0-8409-bce6cd729ee7 None None] heal_instance_info_cache_interval = -1 {{(pid=109012) log_opt_values /opt/stack/data/venv/lib/python3.12/site-packages/oslo_config/cfg.py:2995}}
Apr 12 19:34:29.111994 np0000165320 devstack@n-api-meta.service[109012]: DEBUG nova.api.openstack.wsgi_app [None req-54b8559a-b1d3-41c0-8409-bce6cd729ee7 None None] host = np0000165320 {{(pid=109012) log_opt_values /opt/stack/data/venv/lib/python3.12/site-packages/oslo_config/cfg.py:2995}}
Apr 12 19:34:29.112208 np0000165320 devstack@n-api-meta.service[109012]: DEBUG nova.api.openstack.wsgi_app [None req-54b8559a-b1d3-41c0-8409-bce6cd729ee7 None None] initial_cpu_allocation_ratio = 4.0 {{(pid=109012) log_opt_values /opt/stack/data/venv/lib/python3.12/site-packages/oslo_config/cfg.py:2995}}
Apr 12 19:34:29.112411 np0000165320 devstack@n-api-meta.service[109012]: DEBUG nova.api.openstack.wsgi_app [None req-54b8559a-b1d3-41c0-8409-bce6cd729ee7 None None] initial_disk_allocation_ratio = 1.0 {{(pid=109012) log_opt_values /opt/stack/data/venv/lib/python3.12/site-packages/oslo_config/cfg.py:2995}}
Apr 12 19:34:29.112703 np0000165320 devstack@n-api-meta.service[109012]: DEBUG nova.api.openstack.wsgi_app [None req-54b8559a-b1d3-41c0-8409-bce6cd729ee7 None None] initial_ram_allocation_ratio = 1.0 {{(pid=109012) log_opt_values /opt/stack/data/venv/lib/python3.12/site-packages/oslo_config/cfg.py:2995}}
Apr 12 19:34:29.112957 np0000165320 devstack@n-api-meta.service[109012]: DEBUG nova.api.openstack.wsgi_app [None req-54b8559a-b1d3-41c0-8409-bce6cd729ee7 None None] injected_network_template = /opt/stack/nova/nova/virt/interfaces.template {{(pid=109012) log_opt_values /opt/stack/data/venv/lib/python3.12/site-packages/oslo_config/cfg.py:2995}}
Apr 12 19:34:29.113014 np0000165320 devstack@n-api-meta.service[109013]: DEBUG dbcounter [-] [109013] Writer thread running {{(pid=109013) stat_writer /opt/stack/data/venv/lib/python3.12/site-packages/dbcounter.py:102}}
Apr 12 19:34:29.113224 np0000165320 devstack@n-api-meta.service[109012]: DEBUG nova.api.openstack.wsgi_app [None req-54b8559a-b1d3-41c0-8409-bce6cd729ee7 None None] instance_build_timeout = 0 {{(pid=109012) log_opt_values /opt/stack/data/venv/lib/python3.12/site-packages/oslo_config/cfg.py:2995}}
Apr 12 19:34:29.113445 np0000165320 devstack@n-api-meta.service[109012]: DEBUG nova.api.openstack.wsgi_app [None req-54b8559a-b1d3-41c0-8409-bce6cd729ee7 None None] instance_delete_interval = 300 {{(pid=109012) log_opt_values /opt/stack/data/venv/lib/python3.12/site-packages/oslo_config/cfg.py:2995}}
Apr 12 19:34:29.114400 np0000165320 devstack@n-api-meta.service[109012]: DEBUG nova.api.openstack.wsgi_app [None req-54b8559a-b1d3-41c0-8409-bce6cd729ee7 None None] instance_format = [instance: %(uuid)s] {{(pid=109012) log_opt_values /opt/stack/data/venv/lib/python3.12/site-packages/oslo_config/cfg.py:2995}}
Apr 12 19:34:29.114634 np0000165320 devstack@n-api-meta.service[109012]: DEBUG nova.api.openstack.wsgi_app [None req-54b8559a-b1d3-41c0-8409-bce6cd729ee7 None None] instance_name_template = instance-%08x {{(pid=109012) log_opt_values /opt/stack/data/venv/lib/python3.12/site-packages/oslo_config/cfg.py:2995}}
Apr 12 19:34:29.114763 np0000165320 devstack@n-api-meta.service[109013]: DEBUG dbcounter [-] [109013] Writer thread running {{(pid=109013) stat_writer /opt/stack/data/venv/lib/python3.12/site-packages/dbcounter.py:102}}
Apr 12 19:34:29.114910 np0000165320 devstack@n-api-meta.service[109012]: DEBUG nova.api.openstack.wsgi_app [None req-54b8559a-b1d3-41c0-8409-bce6cd729ee7 None None] instance_usage_audit = False {{(pid=109012) log_opt_values /opt/stack/data/venv/lib/python3.12/site-packages/oslo_config/cfg.py:2995}}
Apr 12 19:34:29.115130 np0000165320 devstack@n-api-meta.service[109012]: DEBUG nova.api.openstack.wsgi_app [None req-54b8559a-b1d3-41c0-8409-bce6cd729ee7 None None] instance_usage_audit_period = month {{(pid=109012) log_opt_values /opt/stack/data/venv/lib/python3.12/site-packages/oslo_config/cfg.py:2995}}
Apr 12 19:34:29.115338 np0000165320 devstack@n-api-meta.service[109012]: DEBUG nova.api.openstack.wsgi_app [None req-54b8559a-b1d3-41c0-8409-bce6cd729ee7 None None] instance_uuid_format = [instance: %(uuid)s] {{(pid=109012) log_opt_values /opt/stack/data/venv/lib/python3.12/site-packages/oslo_config/cfg.py:2995}}
Apr 12 19:34:29.115594 np0000165320 devstack@n-api-meta.service[109012]: DEBUG nova.api.openstack.wsgi_app [None req-54b8559a-b1d3-41c0-8409-bce6cd729ee7 None None] instances_path = /opt/stack/data/nova/instances {{(pid=109012) log_opt_values /opt/stack/data/venv/lib/python3.12/site-packages/oslo_config/cfg.py:2995}}
Apr 12 19:34:29.115807 np0000165320 devstack@n-api-meta.service[109012]: DEBUG nova.api.openstack.wsgi_app [None req-54b8559a-b1d3-41c0-8409-bce6cd729ee7 None None] internal_service_availability_zone = internal {{(pid=109012) log_opt_values /opt/stack/data/venv/lib/python3.12/site-packages/oslo_config/cfg.py:2995}}
Apr 12 19:34:29.116112 np0000165320 devstack@n-api-meta.service[109012]: DEBUG nova.api.openstack.wsgi_app [None req-54b8559a-b1d3-41c0-8409-bce6cd729ee7 None None] key = None {{(pid=109012) log_opt_values /opt/stack/data/venv/lib/python3.12/site-packages/oslo_config/cfg.py:2995}}
Apr 12 19:34:29.116318 np0000165320 devstack@n-api-meta.service[109012]: DEBUG nova.api.openstack.wsgi_app [None req-54b8559a-b1d3-41c0-8409-bce6cd729ee7 None None] live_migration_retry_count = 30 {{(pid=109012) log_opt_values /opt/stack/data/venv/lib/python3.12/site-packages/oslo_config/cfg.py:2995}}
