Apr 12 19:33:54.179744 np0000165320 devstack@neutron-api.service[103861]: DEBUG neutron.api.extensions [None req-8937b926-d3f6-4fa9-9a9a-6fb7cfe6d160 None None] Loading extension file: l3_ext_ha_mode.py {{(pid=103861) _load_all_extensions_from_path /opt/stack/neutron/neutron/api/extensions.py:449}}
Apr 12 19:33:54.179861 np0000165320 devstack@neutron-api.service[103862]: DEBUG neutron.plugins.ml2.plugin [None req-2f0fe5e8-4784-4025-b733-29a2c0711e89 None None] neutron.plugins.ml2.plugin.Ml2Plugin method _start_rpc_notifiers called with arguments () {} {{(pid=103862) wrapper /opt/stack/data/venv/lib/python3.12/site-packages/oslo_log/helpers.py:77}}
Apr 12 19:33:54.180033 np0000165320 devstack@neutron-api.service[103861]: DEBUG neutron.api.extensions [None req-8937b926-d3f6-4fa9-9a9a-6fb7cfe6d160 None None] Ext name="HA Router extension" alias="l3-ha" description="Adds HA capability to routers." updated="2014-04-26T00:00:00-00:00" {{(pid=103861) _check_extension /opt/stack/neutron/neutron/api/extensions.py:415}}
Apr 12 19:33:54.180205 np0000165320 devstack@neutron-api.service[103861]: INFO neutron.api.extensions [None req-8937b926-d3f6-4fa9-9a9a-6fb7cfe6d160 None None] Loaded extension: l3-ha
Apr 12 19:33:54.180300 np0000165320 devstack@neutron-api.service[103861]: DEBUG neutron.api.extensions [None req-8937b926-d3f6-4fa9-9a9a-6fb7cfe6d160 None None] Loading extension file: l3_ext_ndp_proxy.py {{(pid=103861) _load_all_extensions_from_path /opt/stack/neutron/neutron/api/extensions.py:449}}
Apr 12 19:33:54.180338 np0000165320 devstack@neutron-api.service[103862]: DEBUG neutron_lib.callbacks.manager [None req-2f0fe5e8-4784-4025-b733-29a2c0711e89 None None] Subscribe: > port after_create 55550000, False {{(pid=103862) subscribe /opt/stack/data/venv/lib/python3.12/site-packages/neutron_lib/callbacks/manager.py:52}}
Apr 12 19:33:54.180467 np0000165320 devstack@neutron-api.service[103862]: DEBUG neutron_lib.callbacks.manager [None req-2f0fe5e8-4784-4025-b733-29a2c0711e89 None None] Subscribe: > port after_update 55550000, False {{(pid=103862) subscribe /opt/stack/data/venv/lib/python3.12/site-packages/neutron_lib/callbacks/manager.py:52}}
Apr 12 19:33:54.180559 np0000165320 devstack@neutron-api.service[103861]: DEBUG neutron.api.extensions [None req-8937b926-d3f6-4fa9-9a9a-6fb7cfe6d160 None None] Ext name="Router support to enable NDP proxy" alias="l3-ext-ndp-proxy" description="Router extension to enable ndp proxy" updated="2020-08-25T00:00:00-00:00" {{(pid=103861) _check_extension /opt/stack/neutron/neutron/api/extensions.py:415}}
Apr 12 19:33:54.180643 np0000165320 devstack@neutron-api.service[103862]: DEBUG neutron_lib.callbacks.manager [None req-2f0fe5e8-4784-4025-b733-29a2c0711e89 None None] Subscribe: > port after_delete 55550000, False {{(pid=103862) subscribe /opt/stack/data/venv/lib/python3.12/site-packages/neutron_lib/callbacks/manager.py:52}}
Apr 12 19:33:54.180737 np0000165320 devstack@neutron-api.service[103861]: INFO neutron.api.extensions [None req-8937b926-d3f6-4fa9-9a9a-6fb7cfe6d160 None None] Extension l3-ext-ndp-proxy not supported by any of loaded plugins
Apr 12 19:33:54.180799 np0000165320 devstack@neutron-api.service[103862]: DEBUG neutron_lib.callbacks.manager [None req-2f0fe5e8-4784-4025-b733-29a2c0711e89 None None] Subscribe: > subnet after_create 55550000, False {{(pid=103862) subscribe /opt/stack/data/venv/lib/python3.12/site-packages/neutron_lib/callbacks/manager.py:52}}
Apr 12 19:33:54.180838 np0000165320 devstack@neutron-api.service[103861]: DEBUG neutron.api.extensions [None req-8937b926-d3f6-4fa9-9a9a-6fb7cfe6d160 None None] Loading extension file: l3_extra_gws.py {{(pid=103861) _load_all_extensions_from_path /opt/stack/neutron/neutron/api/extensions.py:449}}
Apr 12 19:33:54.180952 np0000165320 devstack@neutron-api.service[103862]: DEBUG neutron_lib.callbacks.manager [None req-2f0fe5e8-4784-4025-b733-29a2c0711e89 None None] Subscribe: > subnet after_update 55550000, False {{(pid=103862) subscribe /opt/stack/data/venv/lib/python3.12/site-packages/neutron_lib/callbacks/manager.py:52}}
Apr 12 19:33:54.181078 np0000165320 devstack@neutron-api.service[103861]: DEBUG neutron.api.extensions [None req-8937b926-d3f6-4fa9-9a9a-6fb7cfe6d160 None None] Ext name="Neutron L3 External Gateway Multihoming" alias="external-gateway-multihoming" description="Allow multiple external gateway ports per router" updated="2023-01-18T00:00:00-00:00" {{(pid=103861) _check_extension /opt/stack/neutron/neutron/api/extensions.py:415}}
Apr 12 19:33:54.181111 np0000165320 devstack@neutron-api.service[103862]: DEBUG neutron_lib.callbacks.manager [None req-2f0fe5e8-4784-4025-b733-29a2c0711e89 None None] Subscribe: > subnet after_delete 55550000, False {{(pid=103862) subscribe /opt/stack/data/venv/lib/python3.12/site-packages/neutron_lib/callbacks/manager.py:52}}
Apr 12 19:33:54.181240 np0000165320 devstack@neutron-api.service[103861]: INFO neutron.api.extensions [None req-8937b926-d3f6-4fa9-9a9a-6fb7cfe6d160 None None] Loaded extension: external-gateway-multihoming
Apr 12 19:33:54.181280 np0000165320 devstack@neutron-api.service[103862]: DEBUG neutron_lib.callbacks.manager [None req-2f0fe5e8-4784-4025-b733-29a2c0711e89 None None] Subscribe: > network after_create 55550000, False {{(pid=103862) subscribe /opt/stack/data/venv/lib/python3.12/site-packages/neutron_lib/callbacks/manager.py:52}}
Apr 12 19:33:54.181343 np0000165320 devstack@neutron-api.service[103861]: DEBUG neutron.api.extensions [None req-8937b926-d3f6-4fa9-9a9a-6fb7cfe6d160 None None] Loading extension file: l3_flavors.py {{(pid=103861) _load_all_extensions_from_path /opt/stack/neutron/neutron/api/extensions.py:449}}
Apr 12 19:33:54.181376 np0000165320 devstack@neutron-api.service[103862]: DEBUG neutron_lib.callbacks.manager [None req-2f0fe5e8-4784-4025-b733-29a2c0711e89 None None] Subscribe: > network after_update 55550000, False {{(pid=103862) subscribe /opt/stack/data/venv/lib/python3.12/site-packages/neutron_lib/callbacks/manager.py:52}}
Apr 12 19:33:54.181508 np0000165320 devstack@neutron-api.service[103862]: DEBUG neutron_lib.callbacks.manager [None req-2f0fe5e8-4784-4025-b733-29a2c0711e89 None None] Subscribe: > network after_delete 55550000, False {{(pid=103862) subscribe /opt/stack/data/venv/lib/python3.12/site-packages/neutron_lib/callbacks/manager.py:52}}
Apr 12 19:33:54.181553 np0000165320 devstack@neutron-api.service[103861]: DEBUG neutron.api.extensions [None req-8937b926-d3f6-4fa9-9a9a-6fb7cfe6d160 None None] Ext name="Router Flavor Extension" alias="l3-flavors" description="Flavor support for routers." updated="2016-05-17T00:00:00-00:00" {{(pid=103861) _check_extension /opt/stack/neutron/neutron/api/extensions.py:415}}
Apr 12 19:33:54.181663 np0000165320 devstack@neutron-api.service[103862]: DEBUG neutron_lib.callbacks.manager [None req-2f0fe5e8-4784-4025-b733-29a2c0711e89 None None] Subscribe: > security_group after_create 55550000, False {{(pid=103862) subscribe /opt/stack/data/venv/lib/python3.12/site-packages/neutron_lib/callbacks/manager.py:52}}
Apr 12 19:33:54.181739 np0000165320 devstack@neutron-api.service[103861]: INFO neutron.api.extensions [None req-8937b926-d3f6-4fa9-9a9a-6fb7cfe6d160 None None] Loaded extension: l3-flavors
Apr 12 19:33:54.181808 np0000165320 devstack@neutron-api.service[103862]: DEBUG neutron_lib.callbacks.manager [None req-2f0fe5e8-4784-4025-b733-29a2c0711e89 None None] Subscribe: > security_group after_update 55550000, False {{(pid=103862) subscribe /opt/stack/data/venv/lib/python3.12/site-packages/neutron_lib/callbacks/manager.py:52}}
Apr 12 19:33:54.181846 np0000165320 devstack@neutron-api.service[103861]: DEBUG neutron.api.extensions [None req-8937b926-d3f6-4fa9-9a9a-6fb7cfe6d160 None None] Loading extension file: l3_ndp_proxy.py {{(pid=103861) _load_all_extensions_from_path /opt/stack/neutron/neutron/api/extensions.py:449}}
Apr 12 19:33:54.181955 np0000165320 devstack@neutron-api.service[103862]: DEBUG neutron_lib.callbacks.manager [None req-2f0fe5e8-4784-4025-b733-29a2c0711e89 None None] Subscribe: > security_group after_delete 55550000, False {{(pid=103862) subscribe /opt/stack/data/venv/lib/python3.12/site-packages/neutron_lib/callbacks/manager.py:52}}
Apr 12 19:33:54.182060 np0000165320 devstack@neutron-api.service[103862]: DEBUG neutron_lib.callbacks.manager [None req-2f0fe5e8-4784-4025-b733-29a2c0711e89 None None] Subscribe: > security_group_rule after_create 55550000, False {{(pid=103862) subscribe /opt/stack/data/venv/lib/python3.12/site-packages/neutron_lib/callbacks/manager.py:52}}
Apr 12 19:33:54.182134 np0000165320 devstack@neutron-api.service[103861]: DEBUG neutron.api.extensions [None req-8937b926-d3f6-4fa9-9a9a-6fb7cfe6d160 None None] Ext name="name" alias="l3-ndp-proxy" description="description" updated="2021-06-29T10:00:00-00:00" {{(pid=103861) _check_extension /opt/stack/neutron/neutron/api/extensions.py:415}}
Apr 12 19:33:54.182197 np0000165320 devstack@neutron-api.service[103862]: DEBUG neutron_lib.callbacks.manager [None req-2f0fe5e8-4784-4025-b733-29a2c0711e89 None None] Subscribe: > security_group_rule after_update 55550000, False {{(pid=103862) subscribe /opt/stack/data/venv/lib/python3.12/site-packages/neutron_lib/callbacks/manager.py:52}}
Apr 12 19:33:54.182313 np0000165320 devstack@neutron-api.service[103861]: INFO neutron.api.extensions [None req-8937b926-d3f6-4fa9-9a9a-6fb7cfe6d160 None None] Extension l3-ndp-proxy not supported by any of loaded plugins
Apr 12 19:33:54.182377 np0000165320 devstack@neutron-api.service[103862]: DEBUG neutron_lib.callbacks.manager [None req-2f0fe5e8-4784-4025-b733-29a2c0711e89 None None] Subscribe: > security_group_rule after_delete 55550000, False {{(pid=103862) subscribe /opt/stack/data/venv/lib/python3.12/site-packages/neutron_lib/callbacks/manager.py:52}}
Apr 12 19:33:54.182440 np0000165320 devstack@neutron-api.service[103861]: DEBUG neutron.api.extensions [None req-8937b926-d3f6-4fa9-9a9a-6fb7cfe6d160 None None] Loading extension file: l3_port_ip_change_not_allowed.py {{(pid=103861) _load_all_extensions_from_path /opt/stack/neutron/neutron/api/extensions.py:449}}
Apr 12 19:33:54.182477 np0000165320 devstack@neutron-api.service[103862]: DEBUG neutron_lib.callbacks.manager [None req-2f0fe5e8-4784-4025-b733-29a2c0711e89 None None] Subscribe: > address_group after_create 55550000, False {{(pid=103862) subscribe /opt/stack/data/venv/lib/python3.12/site-packages/neutron_lib/callbacks/manager.py:52}}
Apr 12 19:33:54.182738 np0000165320 devstack@neutron-api.service[103862]: DEBUG neutron_lib.callbacks.manager [None req-2f0fe5e8-4784-4025-b733-29a2c0711e89 None None] Subscribe: > address_group after_update 55550000, False {{(pid=103862) subscribe /opt/stack/data/venv/lib/python3.12/site-packages/neutron_lib/callbacks/manager.py:52}}
Apr 12 19:33:54.182864 np0000165320 devstack@neutron-api.service[103861]: DEBUG neutron.api.extensions [None req-8937b926-d3f6-4fa9-9a9a-6fb7cfe6d160 None None] Ext name="Prevent L3 router ports IP address change extension" alias="l3-port-ip-change-not-allowed" description="Prevent change of IP address for some L3 router ports" updated="2018-10-09T10:00:00-00:00" {{(pid=103861) _check_extension /opt/stack/neutron/neutron/api/extensions.py:415}}
Apr 12 19:33:54.182908 np0000165320 devstack@neutron-api.service[103862]: DEBUG neutron_lib.callbacks.manager [None req-2f0fe5e8-4784-4025-b733-29a2c0711e89 None None] Subscribe: > address_group after_delete 55550000, False {{(pid=103862) subscribe /opt/stack/data/venv/lib/python3.12/site-packages/neutron_lib/callbacks/manager.py:52}}
Apr 12 19:33:54.182908 np0000165320 devstack@neutron-api.service[103862]: DEBUG neutron.plugins.ml2.ovo_rpc [None req-2f0fe5e8-4784-4025-b733-29a2c0711e89 None None] ML2 OVO RPC backend initialized. {{(pid=103862) __init__ /opt/stack/neutron/neutron/plugins/ml2/ovo_rpc.py:117}}
Apr 12 19:33:54.183028 np0000165320 devstack@neutron-api.service[103861]: INFO neutron.api.extensions [None req-8937b926-d3f6-4fa9-9a9a-6fb7cfe6d160 None None] Extension l3-port-ip-change-not-allowed not supported by any of loaded plugins
Apr 12 19:33:54.183028 np0000165320 devstack@neutron-api.service[103861]: DEBUG neutron.api.extensions [None req-8937b926-d3f6-4fa9-9a9a-6fb7cfe6d160 None None] Loading extension file: l3agentscheduler.py {{(pid=103861) _load_all_extensions_from_path /opt/stack/neutron/neutron/api/extensions.py:449}}
Apr 12 19:33:54.183607 np0000165320 devstack@neutron-api.service[103861]: DEBUG neutron.api.extensions [None req-8937b926-d3f6-4fa9-9a9a-6fb7cfe6d160 None None] Ext name="L3 Agent Scheduler" alias="l3_agent_scheduler" description="Schedule routers among l3 agents" updated="2013-02-07T10:00:00-00:00" {{(pid=103861) _check_extension /opt/stack/neutron/neutron/api/extensions.py:415}}
Apr 12 19:33:54.183802 np0000165320 devstack@neutron-api.service[103861]: INFO neutron.api.extensions [None req-8937b926-d3f6-4fa9-9a9a-6fb7cfe6d160 None None] Extension l3_agent_scheduler not supported by any of loaded plugins
Apr 12 19:33:54.183894 np0000165320 devstack@neutron-api.service[103861]: DEBUG neutron.api.extensions [None req-8937b926-d3f6-4fa9-9a9a-6fb7cfe6d160 None None] Loading extension file: local_ip.py {{(pid=103861) _load_all_extensions_from_path /opt/stack/neutron/neutron/api/extensions.py:449}}
Apr 12 19:33:54.184198 np0000165320 devstack@neutron-api.service[103862]: INFO neutron.quota [None req-2f0fe5e8-4784-4025-b733-29a2c0711e89 None None] Loaded quota_driver: .
Apr 12 19:33:54.184230 np0000165320 devstack@neutron-api.service[103861]: DEBUG neutron.api.extensions [None req-8937b926-d3f6-4fa9-9a9a-6fb7cfe6d160 None None] Ext name="Local IP" alias="local_ip" description="Support Node Local Virtual IP" updated="2021-07-26T10:00:00-00:00" {{(pid=103861) _check_extension /opt/stack/neutron/neutron/api/extensions.py:415}}
Apr 12 19:33:54.184370 np0000165320 devstack@neutron-api.service[103862]: INFO neutron.plugins.ml2.plugin [None req-2f0fe5e8-4784-4025-b733-29a2c0711e89 None None] Modular L2 Plugin initialization complete
Apr 12 19:33:54.184402 np0000165320 devstack@neutron-api.service[103861]: INFO neutron.api.extensions [None req-8937b926-d3f6-4fa9-9a9a-6fb7cfe6d160 None None] Extension local_ip not supported by any of loaded plugins
Apr 12 19:33:54.184465 np0000165320 devstack@neutron-api.service[103861]: DEBUG neutron.api.extensions [None req-8937b926-d3f6-4fa9-9a9a-6fb7cfe6d160 None None] Loading extension file: logging.py {{(pid=103861) _load_all_extensions_from_path /opt/stack/neutron/neutron/api/extensions.py:449}}
Apr 12 19:33:54.184582 np0000165320 devstack@neutron-api.service[103862]: DEBUG neutron.manager [None req-2f0fe5e8-4784-4025-b733-29a2c0711e89 None None] Loading services supported by the core plugin {{(pid=103862) _load_services_from_core_plugin /opt/stack/neutron/neutron/manager.py:170}}
Apr 12 19:33:54.184896 np0000165320 devstack@neutron-api.service[103862]: INFO neutron.plugins.ml2.managers [None req-2f0fe5e8-4784-4025-b733-29a2c0711e89 None None] Got port-security extension from driver 'port_security'
Apr 12 19:33:54.185019 np0000165320 devstack@neutron-api.service[103861]: DEBUG neutron.api.extensions [None req-8937b926-d3f6-4fa9-9a9a-6fb7cfe6d160 None None] Ext name="Logging API Extension" alias="logging" description="Provides a logging API for resources such as security group and firewall." updated="2017-01-01T10:00:00-00:00" {{(pid=103861) _check_extension /opt/stack/neutron/neutron/api/extensions.py:415}}
Apr 12 19:33:54.185019 np0000165320 devstack@neutron-api.service[103861]: INFO neutron.api.extensions [None req-8937b926-d3f6-4fa9-9a9a-6fb7cfe6d160 None None] Extension logging not supported by any of loaded plugins
Apr 12 19:33:54.185019 np0000165320 devstack@neutron-api.service[103861]: DEBUG neutron.api.extensions [None req-8937b926-d3f6-4fa9-9a9a-6fb7cfe6d160 None None] Loading extension file: metering.py {{(pid=103861) _load_all_extensions_from_path /opt/stack/neutron/neutron/api/extensions.py:449}}
Apr 12 19:33:54.185213 np0000165320 devstack@neutron-api.service[103862]: DEBUG neutron.manager [None req-2f0fe5e8-4784-4025-b733-29a2c0711e89 None None] Loading service plugins: ['ovn-router', 'auto_allocate', 'tag', 'timestamp', 'network_ip_availability', 'flavors', 'revisions'] {{(pid=103862) _load_service_plugins /opt/stack/neutron/neutron/manager.py:195}}
Apr 12 19:33:54.185281 np0000165320 devstack@neutron-api.service[103862]: INFO neutron.manager [None req-2f0fe5e8-4784-4025-b733-29a2c0711e89 None None] Loading Plugin: ovn-router
Apr 12 19:33:54.185461 np0000165320 devstack@neutron-api.service[103861]: DEBUG neutron.api.extensions [None req-8937b926-d3f6-4fa9-9a9a-6fb7cfe6d160 None None] Ext name="Neutron Metering" alias="metering" description="Neutron Metering extension." updated="2013-06-12T10:00:00-00:00" {{(pid=103861) _check_extension /opt/stack/neutron/neutron/api/extensions.py:415}}
Apr 12 19:33:54.185655 np0000165320 devstack@neutron-api.service[103861]: INFO neutron.api.extensions [None req-8937b926-d3f6-4fa9-9a9a-6fb7cfe6d160 None None] Extension metering not supported by any of loaded plugins
Apr 12 19:33:54.185773 np0000165320 devstack@neutron-api.service[103861]: DEBUG neutron.api.extensions [None req-8937b926-d3f6-4fa9-9a9a-6fb7cfe6d160 None None] Loading extension file: metering_source_and_destination_fields.py {{(pid=103861) _load_all_extensions_from_path /opt/stack/neutron/neutron/api/extensions.py:449}}
Apr 12 19:33:54.185986 np0000165320 devstack@neutron-api.service[103861]: DEBUG neutron.api.extensions [None req-8937b926-d3f6-4fa9-9a9a-6fb7cfe6d160 None None] Ext name="Neutron Metering with source and destination filtering" alias="metering_source_and_destination_fields" description="Neutron Metering extension that enables the use of source and destination IP prefixes to create metering label rules." updated="2020-08-21T08:12:00-00:00" {{(pid=103861) _check_extension /opt/stack/neutron/neutron/api/extensions.py:415}}
Apr 12 19:33:54.186156 np0000165320 devstack@neutron-api.service[103861]: INFO neutron.api.extensions [None req-8937b926-d3f6-4fa9-9a9a-6fb7cfe6d160 None None] Extension metering_source_and_destination_fields not supported by any of loaded plugins
Apr 12 19:33:54.186248 np0000165320 devstack@neutron-api.service[103861]: DEBUG neutron.api.extensions [None req-8937b926-d3f6-4fa9-9a9a-6fb7cfe6d160 None None] Loading extension file: multiprovidernet.py {{(pid=103861) _load_all_extensions_from_path /opt/stack/neutron/neutron/api/extensions.py:449}}
Apr 12 19:33:54.186475 np0000165320 devstack@neutron-api.service[103861]: DEBUG neutron.api.extensions [None req-8937b926-d3f6-4fa9-9a9a-6fb7cfe6d160 None None] Ext name="Multi Provider Network" alias="multi-provider" description="Expose mapping of virtual networks to multiple physical networks" updated="2013-06-27T10:00:00-00:00" {{(pid=103861) _check_extension /opt/stack/neutron/neutron/api/extensions.py:415}}
Apr 12 19:33:54.186664 np0000165320 devstack@neutron-api.service[103861]: INFO neutron.api.extensions [None req-8937b926-d3f6-4fa9-9a9a-6fb7cfe6d160 None None] Loaded extension: multi-provider
Apr 12 19:33:54.186756 np0000165320 devstack@neutron-api.service[103861]: DEBUG neutron.api.extensions [None req-8937b926-d3f6-4fa9-9a9a-6fb7cfe6d160 None None] Loading extension file: netmtu.py {{(pid=103861) _load_all_extensions_from_path /opt/stack/neutron/neutron/api/extensions.py:449}}
Apr 12 19:33:54.186985 np0000165320 devstack@neutron-api.service[103861]: DEBUG neutron.api.extensions [None req-8937b926-d3f6-4fa9-9a9a-6fb7cfe6d160 None None] Ext name="Network MTU" alias="net-mtu" description="Provides MTU attribute for a network resource." updated="2015-03-25T10:00:00-00:00" {{(pid=103861) _check_extension /opt/stack/neutron/neutron/api/extensions.py:415}}
Apr 12 19:33:54.187152 np0000165320 devstack@neutron-api.service[103861]: INFO neutron.api.extensions [None req-8937b926-d3f6-4fa9-9a9a-6fb7cfe6d160 None None] Loaded extension: net-mtu
Apr 12 19:33:54.187243 np0000165320 devstack@neutron-api.service[103861]: DEBUG neutron.api.extensions [None req-8937b926-d3f6-4fa9-9a9a-6fb7cfe6d160 None None] Loading extension file: netmtu_writable.py {{(pid=103861) _load_all_extensions_from_path /opt/stack/neutron/neutron/api/extensions.py:449}}
Apr 12 19:33:54.187471 np0000165320 devstack@neutron-api.service[103861]: DEBUG neutron.api.extensions [None req-8937b926-d3f6-4fa9-9a9a-6fb7cfe6d160 None None] Ext name="Network MTU (writable)" alias="net-mtu-writable" description="Provides a writable MTU attribute for a network resource." updated="2017-07-12T00:00:00-00:00" {{(pid=103861) _check_extension /opt/stack/neutron/neutron/api/extensions.py:415}}
Apr 12 19:33:54.187698 np0000165320 devstack@neutron-api.service[103861]: INFO neutron.api.extensions [None req-8937b926-d3f6-4fa9-9a9a-6fb7cfe6d160 None None] Loaded extension: net-mtu-writable
Apr 12 19:33:54.187793 np0000165320 devstack@neutron-api.service[103861]: DEBUG neutron.api.extensions [None req-8937b926-d3f6-4fa9-9a9a-6fb7cfe6d160 None None] Loading extension file: network_availability_zone.py {{(pid=103861) _load_all_extensions_from_path /opt/stack/neutron/neutron/api/extensions.py:449}}
Apr 12 19:33:54.188057 np0000165320 devstack@neutron-api.service[103861]: DEBUG neutron.api.extensions [None req-8937b926-d3f6-4fa9-9a9a-6fb7cfe6d160 None None] Ext name="Network Availability Zone" alias="network_availability_zone" description="Availability zone support for network." updated="2015-01-01T10:00:00-00:00" {{(pid=103861) _check_extension /opt/stack/neutron/neutron/api/extensions.py:415}}
Apr 12 19:33:54.188232 np0000165320 devstack@neutron-api.service[103861]: INFO neutron.api.extensions [None req-8937b926-d3f6-4fa9-9a9a-6fb7cfe6d160 None None] Loaded extension: network_availability_zone
Apr 12 19:33:54.188326 np0000165320 devstack@neutron-api.service[103861]: DEBUG neutron.api.extensions [None req-8937b926-d3f6-4fa9-9a9a-6fb7cfe6d160 None None] Loading extension file: network_ha.py {{(pid=103861) _load_all_extensions_from_path /opt/stack/neutron/neutron/api/extensions.py:449}}
Apr 12 19:33:54.188574 np0000165320 devstack@neutron-api.service[103861]: DEBUG neutron.api.extensions [None req-8937b926-d3f6-4fa9-9a9a-6fb7cfe6d160 None None] Ext name="Network HA creation flag" alias="network_ha" description="Network high availability creation flag." updated="2023-04-27T10:00:00-00:00" {{(pid=103861) _check_extension /opt/stack/neutron/neutron/api/extensions.py:415}}
Apr 12 19:33:54.188742 np0000165320 devstack@neutron-api.service[103861]: INFO neutron.api.extensions [None req-8937b926-d3f6-4fa9-9a9a-6fb7cfe6d160 None None] Extension network_ha not supported by any of loaded plugins
Apr 12 19:33:54.188830 np0000165320 devstack@neutron-api.service[103861]: DEBUG neutron.api.extensions [None req-8937b926-d3f6-4fa9-9a9a-6fb7cfe6d160 None None] Loading extension file: network_ip_availability.py {{(pid=103861) _load_all_extensions_from_path /opt/stack/neutron/neutron/api/extensions.py:449}}
Apr 12 19:33:54.189078 np0000165320 devstack@neutron-api.service[103861]: DEBUG neutron.api.extensions [None req-8937b926-d3f6-4fa9-9a9a-6fb7cfe6d160 None None] Ext name="Network IP Availability" alias="network-ip-availability" description="Provides IP availability data for each network and subnet." updated="2015-09-24T00:00:00-00:00" {{(pid=103861) _check_extension /opt/stack/neutron/neutron/api/extensions.py:415}}
Apr 12 19:33:54.189242 np0000165320 devstack@neutron-api.service[103861]: INFO neutron.api.extensions [None req-8937b926-d3f6-4fa9-9a9a-6fb7cfe6d160 None None] Loaded extension: network-ip-availability
Apr 12 19:33:54.189333 np0000165320 devstack@neutron-api.service[103861]: DEBUG neutron.api.extensions [None req-8937b926-d3f6-4fa9-9a9a-6fb7cfe6d160 None None] Loading extension file: network_ip_availability_details.py {{(pid=103861) _load_all_extensions_from_path /opt/stack/neutron/neutron/api/extensions.py:449}}
Apr 12 19:33:54.189595 np0000165320 devstack@neutron-api.service[103861]: DEBUG neutron.api.extensions [None req-8937b926-d3f6-4fa9-9a9a-6fb7cfe6d160 None None] Ext name="Network IP Availability Details Extension" alias="network-ip-availability-details" description="Add ip_availability_details attribute to network-ip-availabilities resource." updated="2025-10-31T00:00:00-00:00" {{(pid=103861) _check_extension /opt/stack/neutron/neutron/api/extensions.py:415}}
Apr 12 19:33:54.189765 np0000165320 devstack@neutron-api.service[103861]: INFO neutron.api.extensions [None req-8937b926-d3f6-4fa9-9a9a-6fb7cfe6d160 None None] Loaded extension: network-ip-availability-details
Apr 12 19:33:54.189858 np0000165320 devstack@neutron-api.service[103861]: DEBUG neutron.api.extensions [None req-8937b926-d3f6-4fa9-9a9a-6fb7cfe6d160 None None] Loading extension file: network_segment_range.py {{(pid=103861) _load_all_extensions_from_path /opt/stack/neutron/neutron/api/extensions.py:449}}
Apr 12 19:33:54.190169 np0000165320 devstack@neutron-api.service[103861]: DEBUG neutron.api.extensions [None req-8937b926-d3f6-4fa9-9a9a-6fb7cfe6d160 None None] Ext name="Neutron Network Segment Range" alias="network-segment-range" description="Provides support for the network segment range management" updated="2018-11-29T00:00:00-00:00" {{(pid=103861) _check_extension /opt/stack/neutron/neutron/api/extensions.py:415}}
Apr 12 19:33:54.190337 np0000165320 devstack@neutron-api.service[103861]: INFO neutron.api.extensions [None req-8937b926-d3f6-4fa9-9a9a-6fb7cfe6d160 None None] Extension network-segment-range not supported by any of loaded plugins
Apr 12 19:33:54.190429 np0000165320 devstack@neutron-api.service[103861]: DEBUG neutron.api.extensions [None req-8937b926-d3f6-4fa9-9a9a-6fb7cfe6d160 None None] Loading extension file: pagination.py {{(pid=103861) _load_all_extensions_from_path /opt/stack/neutron/neutron/api/extensions.py:449}}
Apr 12 19:33:54.190687 np0000165320 devstack@neutron-api.service[103861]: DEBUG neutron.api.extensions [None req-8937b926-d3f6-4fa9-9a9a-6fb7cfe6d160 None None] Ext name="Pagination support" alias="pagination" description="Extension that indicates that pagination is enabled." updated="2016-06-12T00:00:00-00:00" {{(pid=103861) _check_extension /opt/stack/neutron/neutron/api/extensions.py:415}}
Apr 12 19:33:54.190814 np0000165320 devstack@neutron-api.service[103861]: INFO neutron.api.extensions [None req-8937b926-d3f6-4fa9-9a9a-6fb7cfe6d160 None None] Loaded extension: pagination
Apr 12 19:33:54.190908 np0000165320 devstack@neutron-api.service[103861]: DEBUG neutron.api.extensions [None req-8937b926-d3f6-4fa9-9a9a-6fb7cfe6d160 None None] Loading extension file: port_device_profile.py {{(pid=103861) _load_all_extensions_from_path /opt/stack/neutron/neutron/api/extensions.py:449}}
Apr 12 19:33:54.191136 np0000165320 devstack@neutron-api.service[103861]: DEBUG neutron.api.extensions [None req-8937b926-d3f6-4fa9-9a9a-6fb7cfe6d160 None None] Ext name="Port device profile" alias="port-device-profile" description="Expose the port device profile (Cyborg)" updated="2020-12-17T10:00:00-00:00" {{(pid=103861) _check_extension /opt/stack/neutron/neutron/api/extensions.py:415}}
Apr 12 19:33:54.191308 np0000165320 devstack@neutron-api.service[103861]: INFO neutron.api.extensions [None req-8937b926-d3f6-4fa9-9a9a-6fb7cfe6d160 None None] Loaded extension: port-device-profile
Apr 12 19:33:54.191398 np0000165320 devstack@neutron-api.service[103861]: DEBUG neutron.api.extensions [None req-8937b926-d3f6-4fa9-9a9a-6fb7cfe6d160 None None] Loading extension file: port_hardware_offload_type.py {{(pid=103861) _load_all_extensions_from_path /opt/stack/neutron/neutron/api/extensions.py:449}}
Apr 12 19:33:54.191671 np0000165320 devstack@neutron-api.service[103861]: DEBUG neutron.api.extensions [None req-8937b926-d3f6-4fa9-9a9a-6fb7cfe6d160 None None] Ext name="Port hardware offload" alias="port-hardware-offload-type" description="Expose port hardware offload extension" updated="2023-05-09T10:00:00-00:00" {{(pid=103861) _check_extension /opt/stack/neutron/neutron/api/extensions.py:415}}
Apr 12 19:33:54.191845 np0000165320 devstack@neutron-api.service[103861]: INFO neutron.api.extensions [None req-8937b926-d3f6-4fa9-9a9a-6fb7cfe6d160 None None] Extension port-hardware-offload-type not supported by any of loaded plugins
Apr 12 19:33:54.191957 np0000165320 devstack@neutron-api.service[103861]: DEBUG neutron.api.extensions [None req-8937b926-d3f6-4fa9-9a9a-6fb7cfe6d160 None None] Loading extension file: port_hint_ovs_tx_steering.py {{(pid=103861) _load_all_extensions_from_path /opt/stack/neutron/neutron/api/extensions.py:449}}
Apr 12 19:33:54.192194 np0000165320 devstack@neutron-api.service[103861]: DEBUG neutron.api.extensions [None req-8937b926-d3f6-4fa9-9a9a-6fb7cfe6d160 None None] Ext name="Port hint: Open vSwitch Tx steering" alias="port-hint-ovs-tx-steering" description="Enable Port hint: Open vSwitch Tx steering" updated="2023-01-01T00:00:00-00:00" {{(pid=103861) _check_extension /opt/stack/neutron/neutron/api/extensions.py:415}}
Apr 12 19:33:54.192366 np0000165320 devstack@neutron-api.service[103861]: INFO neutron.api.extensions [None req-8937b926-d3f6-4fa9-9a9a-6fb7cfe6d160 None None] Extension port-hint-ovs-tx-steering not supported by any of loaded plugins
Apr 12 19:33:54.192473 np0000165320 devstack@neutron-api.service[103861]: DEBUG neutron.api.extensions [None req-8937b926-d3f6-4fa9-9a9a-6fb7cfe6d160 None None] Loading extension file: port_hints.py {{(pid=103861) _load_all_extensions_from_path /opt/stack/neutron/neutron/api/extensions.py:449}}
Apr 12 19:33:54.192702 np0000165320 devstack@neutron-api.service[103861]: DEBUG neutron.api.extensions [None req-8937b926-d3f6-4fa9-9a9a-6fb7cfe6d160 None None] Ext name="Port hints" alias="port-hints" description="Backend specific port hints to allow backend specific tuning" updated="2023-01-01T00:00:00-00:00" {{(pid=103861) _check_extension /opt/stack/neutron/neutron/api/extensions.py:415}}
Apr 12 19:33:54.192880 np0000165320 devstack@neutron-api.service[103861]: INFO neutron.api.extensions [None req-8937b926-d3f6-4fa9-9a9a-6fb7cfe6d160 None None] Extension port-hints not supported by any of loaded plugins
Apr 12 19:33:54.192972 np0000165320 devstack@neutron-api.service[103861]: DEBUG neutron.api.extensions [None req-8937b926-d3f6-4fa9-9a9a-6fb7cfe6d160 None None] Loading extension file: port_mac_address_override.py {{(pid=103861) _load_all_extensions_from_path /opt/stack/neutron/neutron/api/extensions.py:449}}
Apr 12 19:33:54.193199 np0000165320 devstack@neutron-api.service[103861]: DEBUG neutron.api.extensions [None req-8937b926-d3f6-4fa9-9a9a-6fb7cfe6d160 None None] Ext name="Neutron Port MAC address override" alias="port-mac-override" description="Allow overriding the MAC address of a direct-physical Port via the active binding profile" updated="2022-03-18T10:00:00-00:00" {{(pid=103861) _check_extension /opt/stack/neutron/neutron/api/extensions.py:415}}
Apr 12 19:33:54.193367 np0000165320 devstack@neutron-api.service[103861]: INFO neutron.api.extensions [None req-8937b926-d3f6-4fa9-9a9a-6fb7cfe6d160 None None] Extension port-mac-override not supported by any of loaded plugins
Apr 12 19:33:54.193458 np0000165320 devstack@neutron-api.service[103861]: DEBUG neutron.api.extensions [None req-8937b926-d3f6-4fa9-9a9a-6fb7cfe6d160 None None] Loading extension file: port_mac_address_regenerate.py {{(pid=103861) _load_all_extensions_from_path /opt/stack/neutron/neutron/api/extensions.py:449}}
Apr 12 19:33:54.193704 np0000165320 devstack@neutron-api.service[103861]: DEBUG neutron.api.extensions [None req-8937b926-d3f6-4fa9-9a9a-6fb7cfe6d160 None None] Ext name="Neutron Port MAC address regenerate" alias="port-mac-address-regenerate" description="Network port MAC address regenerate" updated="2018-05-03T10:00:00-00:00" {{(pid=103861) _check_extension /opt/stack/neutron/neutron/api/extensions.py:415}}
Apr 12 19:33:54.193876 np0000165320 devstack@neutron-api.service[103861]: INFO neutron.api.extensions [None req-8937b926-d3f6-4fa9-9a9a-6fb7cfe6d160 None None] Loaded extension: port-mac-address-regenerate
Apr 12 19:33:54.193967 np0000165320 devstack@neutron-api.service[103861]: DEBUG neutron.api.extensions [None req-8937b926-d3f6-4fa9-9a9a-6fb7cfe6d160 None None] Loading extension file: port_numa_affinity_policy.py {{(pid=103861) _load_all_extensions_from_path /opt/stack/neutron/neutron/api/extensions.py:449}}
Apr 12 19:33:54.194192 np0000165320 devstack@neutron-api.service[103861]: DEBUG neutron.api.extensions [None req-8937b926-d3f6-4fa9-9a9a-6fb7cfe6d160 None None] Ext name="Port NUMA affinity policy" alias="port-numa-affinity-policy" description="Expose the port NUMA affinity policy" updated="2020-07-08T10:00:00-00:00" {{(pid=103861) _check_extension /opt/stack/neutron/neutron/api/extensions.py:415}}
Apr 12 19:33:54.194361 np0000165320 devstack@neutron-api.service[103861]: INFO neutron.api.extensions [None req-8937b926-d3f6-4fa9-9a9a-6fb7cfe6d160 None None] Loaded extension: port-numa-affinity-policy
Apr 12 19:33:54.194453 np0000165320 devstack@neutron-api.service[103861]: DEBUG neutron.api.extensions [None req-8937b926-d3f6-4fa9-9a9a-6fb7cfe6d160 None None] Loading extension file: port_numa_affinity_policy_socket.py {{(pid=103861) _load_all_extensions_from_path /opt/stack/neutron/neutron/api/extensions.py:449}}
Apr 12 19:33:54.194789 np0000165320 devstack@neutron-api.service[103861]: DEBUG neutron.api.extensions [None req-8937b926-d3f6-4fa9-9a9a-6fb7cfe6d160 None None] Ext name="Port NUMA affinity policy "socket"" alias="port-numa-affinity-policy-socket" description="Adds "socket" to the supported port NUMA affinity policies" updated="2024-02-09T10:00:00-00:00" {{(pid=103861) _check_extension /opt/stack/neutron/neutron/api/extensions.py:415}}
Apr 12 19:33:54.194923 np0000165320 devstack@neutron-api.service[103861]: INFO neutron.api.extensions [None req-8937b926-d3f6-4fa9-9a9a-6fb7cfe6d160 None None] Loaded extension: port-numa-affinity-policy-socket
Apr 12 19:33:54.195016 np0000165320 devstack@neutron-api.service[103861]: DEBUG neutron.api.extensions [None req-8937b926-d3f6-4fa9-9a9a-6fb7cfe6d160 None None] Loading extension file: port_resource_request.py {{(pid=103861) _load_all_extensions_from_path /opt/stack/neutron/neutron/api/extensions.py:449}}
Apr 12 19:33:54.195242 np0000165320 devstack@neutron-api.service[103861]: DEBUG neutron.api.extensions [None req-8937b926-d3f6-4fa9-9a9a-6fb7cfe6d160 None None] Ext name="Port Resource Request" alias="port-resource-request" description="Expose resource request to Port" updated="2018-05-08T10:00:00-00:00" {{(pid=103861) _check_extension /opt/stack/neutron/neutron/api/extensions.py:415}}
Apr 12 19:33:54.195319 np0000165320 devstack@neutron-api.service[103862]: DEBUG neutron_lib.callbacks.manager [None req-2f0fe5e8-4784-4025-b733-29a2c0711e89 None None] Subscribe: > router before_delete 55550000, False {{(pid=103862) subscribe /opt/stack/data/venv/lib/python3.12/site-packages/neutron_lib/callbacks/manager.py:52}}
Apr 12 19:33:54.195412 np0000165320 devstack@neutron-api.service[103861]: INFO neutron.api.extensions [None req-8937b926-d3f6-4fa9-9a9a-6fb7cfe6d160 None None] Extension port-resource-request not supported by any of loaded plugins
Apr 12 19:33:54.195470 np0000165320 devstack@neutron-api.service[103862]: DEBUG neutron_lib.callbacks.manager [None req-2f0fe5e8-4784-4025-b733-29a2c0711e89 None None] Subscribe: port after_update 55550000, False {{(pid=103862) subscribe /opt/stack/data/venv/lib/python3.12/site-packages/neutron_lib/callbacks/manager.py:52}}
Apr 12 19:33:54.195526 np0000165320 devstack@neutron-api.service[103861]: DEBUG neutron.api.extensions [None req-8937b926-d3f6-4fa9-9a9a-6fb7cfe6d160 None None] Loading extension file: port_resource_request_groups.py {{(pid=103861) _load_all_extensions_from_path /opt/stack/neutron/neutron/api/extensions.py:449}}
Apr 12 19:33:54.195613 np0000165320 devstack@neutron-api.service[103862]: DEBUG neutron_lib.callbacks.manager [None req-2f0fe5e8-4784-4025-b733-29a2c0711e89 None None] Subscribe: port after_delete 55550000, False {{(pid=103862) subscribe /opt/stack/data/venv/lib/python3.12/site-packages/neutron_lib/callbacks/manager.py:52}}
Apr 12 19:33:54.195720 np0000165320 devstack@neutron-api.service[103862]: DEBUG neutron_lib.callbacks.manager [None req-2f0fe5e8-4784-4025-b733-29a2c0711e89 None None] Subscribe: subnet after_update 55550000, False {{(pid=103862) subscribe /opt/stack/data/venv/lib/python3.12/site-packages/neutron_lib/callbacks/manager.py:52}}
Apr 12 19:33:54.195765 np0000165320 devstack@neutron-api.service[103861]: DEBUG neutron.api.extensions [None req-8937b926-d3f6-4fa9-9a9a-6fb7cfe6d160 None None] Ext name="Port Resource Request Groups" alias="port-resource-request-groups" description="Support requesting multiple groups of resources and traits from the same RP subtree in resource_request" updated="2021-08-02T10:00:00-00:00" {{(pid=103861) _check_extension /opt/stack/neutron/neutron/api/extensions.py:415}}
Apr 12 19:33:54.195839 np0000165320 devstack@neutron-api.service[103862]: DEBUG neutron_lib.callbacks.manager [None req-2f0fe5e8-4784-4025-b733-29a2c0711e89 None None] Subscribe: subnetpool_address_scope after_update 55550000, False {{(pid=103862) subscribe /opt/stack/data/venv/lib/python3.12/site-packages/neutron_lib/callbacks/manager.py:52}}
Apr 12 19:33:54.195930 np0000165320 devstack@neutron-api.service[103861]: INFO neutron.api.extensions [None req-8937b926-d3f6-4fa9-9a9a-6fb7cfe6d160 None None] Extension port-resource-request-groups not supported by any of loaded plugins
Apr 12 19:33:54.195964 np0000165320 devstack@neutron-api.service[103862]: DEBUG neutron_lib.callbacks.manager [None req-2f0fe5e8-4784-4025-b733-29a2c0711e89 None None] Subscribe: port before_update 55550000, False {{(pid=103862) subscribe /opt/stack/data/venv/lib/python3.12/site-packages/neutron_lib/callbacks/manager.py:52}}
Apr 12 19:33:54.196020 np0000165320 devstack@neutron-api.service[103861]: DEBUG neutron.api.extensions [None req-8937b926-d3f6-4fa9-9a9a-6fb7cfe6d160 None None] Loading extension file: port_trusted_vif.py {{(pid=103861) _load_all_extensions_from_path /opt/stack/neutron/neutron/api/extensions.py:449}}
Apr 12 19:33:54.196052 np0000165320 devstack@neutron-api.service[103862]: DEBUG neutron_lib.callbacks.manager [None req-2f0fe5e8-4784-4025-b733-29a2c0711e89 None None] Subscribe: port after_update 55550000, False {{(pid=103862) subscribe /opt/stack/data/venv/lib/python3.12/site-packages/neutron_lib/callbacks/manager.py:52}}
Apr 12 19:33:54.196144 np0000165320 devstack@neutron-api.service[103862]: DEBUG neutron_lib.callbacks.manager [None req-2f0fe5e8-4784-4025-b733-29a2c0711e89 None None] Subscribe: > port precommit_delete 55550000, False {{(pid=103862) subscribe /opt/stack/data/venv/lib/python3.12/site-packages/neutron_lib/callbacks/manager.py:52}}
Apr 12 19:33:54.196254 np0000165320 devstack@neutron-api.service[103862]: DEBUG neutron_lib.callbacks.manager [None req-2f0fe5e8-4784-4025-b733-29a2c0711e89 None None] Subscribe: port before_update 55550000, False {{(pid=103862) subscribe /opt/stack/data/venv/lib/python3.12/site-packages/neutron_lib/callbacks/manager.py:52}}
Apr 12 19:33:54.196292 np0000165320 devstack@neutron-api.service[103861]: DEBUG neutron.api.extensions [None req-8937b926-d3f6-4fa9-9a9a-6fb7cfe6d160 None None] Ext name="Port trusted vif" alias="port-trusted-vif" description="Expose port 'trusted' attribute in the API" updated="2024-07-10T10:00:00-00:00" {{(pid=103861) _check_extension /opt/stack/neutron/neutron/api/extensions.py:415}}
Apr 12 19:33:54.196356 np0000165320 devstack@neutron-api.service[103862]: DEBUG neutron_lib.callbacks.manager [None req-2f0fe5e8-4784-4025-b733-29a2c0711e89 None None] Subscribe: port before_delete 55550000, False {{(pid=103862) subscribe /opt/stack/data/venv/lib/python3.12/site-packages/neutron_lib/callbacks/manager.py:52}}
Apr 12 19:33:54.196424 np0000165320 devstack@neutron-api.service[103861]: INFO neutron.api.extensions [None req-8937b926-d3f6-4fa9-9a9a-6fb7cfe6d160 None None] Extension port-trusted-vif not supported by any of loaded plugins
Apr 12 19:33:54.196455 np0000165320 devstack@neutron-api.service[103862]: DEBUG neutron_lib.callbacks.manager [None req-2f0fe5e8-4784-4025-b733-29a2c0711e89 None None] Subscribe: > router precommit_create 55550000, False {{(pid=103862) subscribe /opt/stack/data/venv/lib/python3.12/site-packages/neutron_lib/callbacks/manager.py:52}}
Apr 12 19:33:54.196533 np0000165320 devstack@neutron-api.service[103861]: DEBUG neutron.api.extensions [None req-8937b926-d3f6-4fa9-9a9a-6fb7cfe6d160 None None] Loading extension file: portbindings.py {{(pid=103861) _load_all_extensions_from_path /opt/stack/neutron/neutron/api/extensions.py:449}}
Apr 12 19:33:54.196578 np0000165320 devstack@neutron-api.service[103862]: DEBUG neutron_lib.callbacks.manager [None req-2f0fe5e8-4784-4025-b733-29a2c0711e89 None None] Subscribe: > router precommit_create 55550000, False {{(pid=103862) subscribe /opt/stack/data/venv/lib/python3.12/site-packages/neutron_lib/callbacks/manager.py:52}}
Apr 12 19:33:54.196685 np0000165320 devstack@neutron-api.service[103862]: DEBUG neutron_lib.callbacks.manager [None req-2f0fe5e8-4784-4025-b733-29a2c0711e89 None None] Subscribe: > router precommit_update 55550000, False {{(pid=103862) subscribe /opt/stack/data/venv/lib/python3.12/site-packages/neutron_lib/callbacks/manager.py:52}}
Apr 12 19:33:54.196761 np0000165320 devstack@neutron-api.service[103861]: DEBUG neutron.api.extensions [None req-8937b926-d3f6-4fa9-9a9a-6fb7cfe6d160 None None] Ext name="Port Binding" alias="binding" description="Expose port bindings of a virtual port to external application" updated="2014-02-03T10:00:00-00:00" {{(pid=103861) _check_extension /opt/stack/neutron/neutron/api/extensions.py:415}}
Apr 12 19:33:54.196796 np0000165320 devstack@neutron-api.service[103862]: DEBUG neutron_lib.callbacks.manager [None req-2f0fe5e8-4784-4025-b733-29a2c0711e89 None None] Subscribe: subnet after_update 55550000, False {{(pid=103862) subscribe /opt/stack/data/venv/lib/python3.12/site-packages/neutron_lib/callbacks/manager.py:52}}
Apr 12 19:33:54.196938 np0000165320 devstack@neutron-api.service[103861]: INFO neutron.api.extensions [None req-8937b926-d3f6-4fa9-9a9a-6fb7cfe6d160 None None] Loaded extension: binding
Apr 12 19:33:54.197024 np0000165320 devstack@neutron-api.service[103861]: DEBUG neutron.api.extensions [None req-8937b926-d3f6-4fa9-9a9a-6fb7cfe6d160 None None] Loading extension file: portbindings_extended.py {{(pid=103861) _load_all_extensions_from_path /opt/stack/neutron/neutron/api/extensions.py:449}}
Apr 12 19:33:54.197287 np0000165320 devstack@neutron-api.service[103861]: DEBUG neutron.api.extensions [None req-8937b926-d3f6-4fa9-9a9a-6fb7cfe6d160 None None] Ext name="Port Bindings Extended" alias="binding-extended" description="Expose port bindings of a virtual port to external application" updated="2017-07-17T10:00:00-00:00" {{(pid=103861) _check_extension /opt/stack/neutron/neutron/api/extensions.py:415}}
Apr 12 19:33:54.197462 np0000165320 devstack@neutron-api.service[103861]: INFO neutron.api.extensions [None req-8937b926-d3f6-4fa9-9a9a-6fb7cfe6d160 None None] Loaded extension: binding-extended
Apr 12 19:33:54.197519 np0000165320 devstack@neutron-api.service[103862]: DEBUG neutron.quota.resource_registry [None req-2f0fe5e8-4784-4025-b733-29a2c0711e89 None None] Tracking information for resource: router configured {{(pid=103862) set_tracked_resource /opt/stack/neutron/neutron/quota/resource_registry.py:203}}
Apr 12 19:33:54.197562 np0000165320 devstack@neutron-api.service[103861]: DEBUG neutron.api.extensions [None req-8937b926-d3f6-4fa9-9a9a-6fb7cfe6d160 None None] Loading extension file: portsecurity.py {{(pid=103861) _load_all_extensions_from_path /opt/stack/neutron/neutron/api/extensions.py:449}}
Apr 12 19:33:54.197616 np0000165320 devstack@neutron-api.service[103862]: DEBUG neutron.quota.resource_registry [None req-2f0fe5e8-4784-4025-b733-29a2c0711e89 None None] Tracking information for resource: floatingip configured {{(pid=103862) set_tracked_resource /opt/stack/neutron/neutron/quota/resource_registry.py:203}}
Apr 12 19:33:54.197715 np0000165320 devstack@neutron-api.service[103862]: INFO neutron.services.ovn_l3.plugin [None req-2f0fe5e8-4784-4025-b733-29a2c0711e89 None None] Starting OVNL3RouterPlugin
Apr 12 19:33:54.197805 np0000165320 devstack@neutron-api.service[103861]: DEBUG neutron.api.extensions [None req-8937b926-d3f6-4fa9-9a9a-6fb7cfe6d160 None None] Ext name="Port Security" alias="port-security" description="Provides port security" updated="2012-07-23T10:00:00-00:00" {{(pid=103861) _check_extension /opt/stack/neutron/neutron/api/extensions.py:415}}
Apr 12 19:33:54.197942 np0000165320 devstack@neutron-api.service[103862]: DEBUG neutron_lib.callbacks.manager [None req-2f0fe5e8-4784-4025-b733-29a2c0711e89 None None] Subscribe: > port_forwarding_plugin after_init 55550000, False {{(pid=103862) subscribe /opt/stack/data/venv/lib/python3.12/site-packages/neutron_lib/callbacks/manager.py:52}}
Apr 12 19:33:54.197980 np0000165320 devstack@neutron-api.service[103861]: INFO neutron.api.extensions [None req-8937b926-d3f6-4fa9-9a9a-6fb7cfe6d160 None None] Loaded extension: port-security
Apr 12 19:33:54.198058 np0000165320 devstack@neutron-api.service[103861]: DEBUG neutron.api.extensions [None req-8937b926-d3f6-4fa9-9a9a-6fb7cfe6d160 None None] Loading extension file: project_id.py {{(pid=103861) _load_all_extensions_from_path /opt/stack/neutron/neutron/api/extensions.py:449}}
Apr 12 19:33:54.198142 np0000165320 devstack@neutron-api.service[103862]: DEBUG neutron_lib.callbacks.manager [None req-2f0fe5e8-4784-4025-b733-29a2c0711e89 None None] Subscribe: > router before_create 55550100, False {{(pid=103862) subscribe /opt/stack/data/venv/lib/python3.12/site-packages/neutron_lib/callbacks/manager.py:52}}
Apr 12 19:33:54.198252 np0000165320 devstack@neutron-api.service[103862]: DEBUG neutron_lib.callbacks.manager [None req-2f0fe5e8-4784-4025-b733-29a2c0711e89 None None] Subscribe: > router precommit_delete 55550100, False {{(pid=103862) subscribe /opt/stack/data/venv/lib/python3.12/site-packages/neutron_lib/callbacks/manager.py:52}}
Apr 12 19:33:54.198288 np0000165320 devstack@neutron-api.service[103861]: DEBUG neutron.api.extensions [None req-8937b926-d3f6-4fa9-9a9a-6fb7cfe6d160 None None] Ext name="project_id field enabled" alias="project-id" description="Extension that indicates that project_id field is enabled." updated="2016-09-09T09:09:09-09:09" {{(pid=103861) _check_extension /opt/stack/neutron/neutron/api/extensions.py:415}}
Apr 12 19:33:54.198359 np0000165320 devstack@neutron-api.service[103862]: DEBUG neutron_lib.callbacks.manager [None req-2f0fe5e8-4784-4025-b733-29a2c0711e89 None None] Subscribe: > router precommit_create 55550100, False {{(pid=103862) subscribe /opt/stack/data/venv/lib/python3.12/site-packages/neutron_lib/callbacks/manager.py:52}}
Apr 12 19:33:54.198394 np0000165320 devstack@neutron-api.service[103861]: INFO neutron.api.extensions [None req-8937b926-d3f6-4fa9-9a9a-6fb7cfe6d160 None None] Loaded extension: project-id
Apr 12 19:33:54.198464 np0000165320 devstack@neutron-api.service[103862]: DEBUG neutron_lib.callbacks.manager [None req-2f0fe5e8-4784-4025-b733-29a2c0711e89 None None] Subscribe: > router precommit_update 55550100, False {{(pid=103862) subscribe /opt/stack/data/venv/lib/python3.12/site-packages/neutron_lib/callbacks/manager.py:52}}
Apr 12 19:33:54.198526 np0000165320 devstack@neutron-api.service[103861]: DEBUG neutron.api.extensions [None req-8937b926-d3f6-4fa9-9a9a-6fb7cfe6d160 None None] Loading extension file: providernet.py {{(pid=103861) _load_all_extensions_from_path /opt/stack/neutron/neutron/api/extensions.py:449}}
Apr 12 19:33:54.198719 np0000165320 devstack@neutron-api.service[103861]: DEBUG neutron.api.extensions [None req-8937b926-d3f6-4fa9-9a9a-6fb7cfe6d160 None None] Ext name="Provider Network" alias="provider" description="Expose mapping of virtual networks to physical networks" updated="2012-09-07T10:00:00-00:00" {{(pid=103861) _check_extension /opt/stack/neutron/neutron/api/extensions.py:415}}
Apr 12 19:33:54.198884 np0000165320 devstack@neutron-api.service[103861]: INFO neutron.api.extensions [None req-8937b926-d3f6-4fa9-9a9a-6fb7cfe6d160 None None] Loaded extension: provider
Apr 12 19:33:54.198975 np0000165320 devstack@neutron-api.service[103861]: DEBUG neutron.api.extensions [None req-8937b926-d3f6-4fa9-9a9a-6fb7cfe6d160 None None] Loading extension file: qinq.py {{(pid=103861) _load_all_extensions_from_path /opt/stack/neutron/neutron/api/extensions.py:449}}
Apr 12 19:33:54.199225 np0000165320 devstack@neutron-api.service[103861]: DEBUG neutron.api.extensions [None req-8937b926-d3f6-4fa9-9a9a-6fb7cfe6d160 None None] Ext name="QinQ networks" alias="qinq" description="Expose network 'qinq' attribute in the API. This allows to configure network to allow vlan in vlan configuration using 0x8a88 ethertype (QinQ)." updated="2024-12-02T10:00:00-00:00" {{(pid=103861) _check_extension /opt/stack/neutron/neutron/api/extensions.py:415}}
Apr 12 19:33:54.199398 np0000165320 devstack@neutron-api.service[103861]: INFO neutron.api.extensions [None req-8937b926-d3f6-4fa9-9a9a-6fb7cfe6d160 None None] Loaded extension: qinq
Apr 12 19:33:54.199521 np0000165320 devstack@neutron-api.service[103861]: DEBUG neutron.api.extensions [None req-8937b926-d3f6-4fa9-9a9a-6fb7cfe6d160 None None] Loading extension file: qos.py {{(pid=103861) _load_all_extensions_from_path /opt/stack/neutron/neutron/api/extensions.py:449}}
