2026-02-27 23:15:08.694 7 WARNING neutron.api.rpc.agentnotifiers.dhcp_rpc_agent_api [None req-f78c6bd2-50bb-4aa3-a4c1-a39c9559e66c ef6d37ecef7a44de94cd289abcbac080 dd74d0158eb7461b84e9cd3c69efb284 - - default default] Unable to schedule network c8bae697-a2bc-4d54-bf59-3676d1d6294b: no agents available; will retry on subsequent port and subnet creation events.
2026-02-27 23:15:08.773 8 INFO neutron.db.ovn_revision_numbers_db [None req-3f918f88-0b34-40fc-8bd9-27b4bbf66658 3af41fe7e40d42c7afafda59e1f6d559 fcb6f4ab236f4c15b63ecfa376e6d250 - - default default] Successfully bumped revision number for resource 9b32cc7a-dc8b-4304-a830-b6200aa84997 (type: router_ports) to 1 [pid: 8|app: 0|req: 1082/2111] 10.0.0.91 () {34 vars in 782 bytes} [Fri Feb 27 23:15:06 2026] PUT /v2.0/routers/45143dca-fdc5-4040-93ad-2609b194e286/add_router_interface => generated 309 bytes in 2054 msecs (HTTP/1.1 200) 4 headers in 157 bytes (1 switches on core 0)
2026-02-27 23:15:08.965 7 INFO neutron.db.ovn_revision_numbers_db [None req-1003caec-1228-4cfc-8c3c-79e270c45b2e - - - - - -] Successfully bumped revision number for resource 36717034-72b8-4a87-bdb4-d45aee536f59 (type: ports) to 5
2026-02-27 23:15:09.092 7 INFO neutron.db.ovn_revision_numbers_db [None req-f78c6bd2-50bb-4aa3-a4c1-a39c9559e66c ef6d37ecef7a44de94cd289abcbac080 dd74d0158eb7461b84e9cd3c69efb284 - - default default] Successfully bumped revision number for resource 70e42ef9-7fa1-40a3-873b-b1d6259777b6 (type: ports) to 1 [pid: 7|app: 0|req: 1030/2112] 10.0.0.91 () {34 vars in 669 bytes} [Fri Feb 27 23:15:07 2026] POST /v2.0/networks => generated 650 bytes in 1750 msecs (HTTP/1.1 201) 4 headers in 162 bytes (1 switches on core 0)
2026-02-27 23:15:09.197 7 INFO neutron.db.segments_db [None req-671ef7fe-fbac-457b-b1f7-30467e97d3fb ef6d37ecef7a44de94cd289abcbac080 dd74d0158eb7461b84e9cd3c69efb284 - - default default] Added segment fe90b9e4-a2d9-4176-9975-6c7766f7c702 of type geneve for network 23121c60-4111-4dc1-8c07-b4bb427bcede
2026-02-27 23:15:09.315 7 INFO neutron.db.ovn_revision_numbers_db [None req-671ef7fe-fbac-457b-b1f7-30467e97d3fb ef6d37ecef7a44de94cd289abcbac080 dd74d0158eb7461b84e9cd3c69efb284 - - default default] Successfully bumped revision number for resource 23121c60-4111-4dc1-8c07-b4bb427bcede (type: networks) to 1
2026-02-27 23:15:09.348 8 WARNING neutron.scheduler.dhcp_agent_scheduler [None req-0c689191-7b48-4600-b013-07b18975c3c6 3af41fe7e40d42c7afafda59e1f6d559 fcb6f4ab236f4c15b63ecfa376e6d250 - - default default] No more DHCP agents
2026-02-27 23:15:09.350 8 WARNING neutron.api.rpc.agentnotifiers.dhcp_rpc_agent_api [None req-0c689191-7b48-4600-b013-07b18975c3c6 3af41fe7e40d42c7afafda59e1f6d559 fcb6f4ab236f4c15b63ecfa376e6d250 - - default default] Unable to schedule network 18d85dae-ae06-4d78-b83d-a24b746b5e71: no agents available; will retry on subsequent port and subnet creation events.
2026-02-27 23:15:09.544 8 INFO neutron.db.ovn_revision_numbers_db [None req-0c689191-7b48-4600-b013-07b18975c3c6 3af41fe7e40d42c7afafda59e1f6d559 fcb6f4ab236f4c15b63ecfa376e6d250 - - default default] Successfully bumped revision number for resource 52ad537f-10e1-426a-bceb-5151939324c9 (type: ports) to 1
2026-02-27 23:15:09.549 7 WARNING neutron.scheduler.dhcp_agent_scheduler [None req-671ef7fe-fbac-457b-b1f7-30467e97d3fb ef6d37ecef7a44de94cd289abcbac080 dd74d0158eb7461b84e9cd3c69efb284 - - default default] No more DHCP agents
2026-02-27 23:15:09.551 7 WARNING neutron.api.rpc.agentnotifiers.dhcp_rpc_agent_api [None req-671ef7fe-fbac-457b-b1f7-30467e97d3fb ef6d37ecef7a44de94cd289abcbac080 dd74d0158eb7461b84e9cd3c69efb284 - - default default] Unable to schedule network 23121c60-4111-4dc1-8c07-b4bb427bcede: no agents available; will retry on subsequent port and subnet creation events.
2026-02-27 23:15:09.726 7 INFO neutron.plugins.ml2.drivers.ovn.mech_driver.mech_driver [None req-bd0d27fc-d9db-4f7a-af84-fb32f3acf503 - - - - - -] OVN reports status down for port: 9b32cc7a-dc8b-4304-a830-b6200aa84997
2026-02-27 23:15:09.732 7 INFO neutron.db.ovn_revision_numbers_db [None req-671ef7fe-fbac-457b-b1f7-30467e97d3fb ef6d37ecef7a44de94cd289abcbac080 dd74d0158eb7461b84e9cd3c69efb284 - - default default] Successfully bumped revision number for resource 2f1f1569-ae6e-46d2-a4b8-ac1238fe8e7c (type: ports) to 1 [pid: 7|app: 0|req: 1031/2113] 10.0.0.91 () {34 vars in 669 bytes} [Fri Feb 27 23:15:09 2026] POST /v2.0/networks => generated 650 bytes in 658 msecs (HTTP/1.1 201) 4 headers in 162 bytes (1 switches on core 0)
2026-02-27 23:15:09.847 7 WARNING neutron.plugins.ml2.drivers.ovn.mech_driver.ovsdb.ovn_client [None req-bd0d27fc-d9db-4f7a-af84-fb32f3acf503 - - - - - -] Logical_Switch_Port %s host information not removed, the port state is up
2026-02-27 23:15:09.847 7 INFO neutron.plugins.ml2.drivers.ovn.mech_driver.mech_driver [None req-bd0d27fc-d9db-4f7a-af84-fb32f3acf503 - - - - - -] OVN reports status up for port: 9b32cc7a-dc8b-4304-a830-b6200aa84997
2026-02-27 23:15:09.859 7 INFO neutron.plugins.ml2.plugin [None req-bd0d27fc-d9db-4f7a-af84-fb32f3acf503 - - - - - -] Attempt 1 to provision port 9b32cc7a-dc8b-4304-a830-b6200aa84997
2026-02-27 23:15:09.902 7 INFO neutron.db.segments_db [None req-3d17876e-47d8-42d1-bc81-7f39fe61dc4e ef6d37ecef7a44de94cd289abcbac080 dd74d0158eb7461b84e9cd3c69efb284 - - default default] Added segment e1ab0d48-910e-4ada-bb7a-348cbf499c17 of type geneve for network 4011d2aa-5fbb-4fbb-b614-9216003d912f
2026-02-27 23:15:10.161 7 INFO neutron.db.ovn_revision_numbers_db [None req-3d17876e-47d8-42d1-bc81-7f39fe61dc4e ef6d37ecef7a44de94cd289abcbac080 dd74d0158eb7461b84e9cd3c69efb284 - - default default] Successfully bumped revision number for resource 4011d2aa-5fbb-4fbb-b614-9216003d912f (type: networks) to 1
2026-02-27 23:15:10.366 8 WARNING neutron.scheduler.dhcp_agent_scheduler [None req-0c689191-7b48-4600-b013-07b18975c3c6 3af41fe7e40d42c7afafda59e1f6d559 fcb6f4ab236f4c15b63ecfa376e6d250 - - default default] No more DHCP agents
2026-02-27 23:15:10.367 8 WARNING neutron.api.rpc.agentnotifiers.dhcp_rpc_agent_api [None req-0c689191-7b48-4600-b013-07b18975c3c6 3af41fe7e40d42c7afafda59e1f6d559 fcb6f4ab236f4c15b63ecfa376e6d250 - - default default] Unable to schedule network 18d85dae-ae06-4d78-b83d-a24b746b5e71: no agents available; will retry on subsequent port and subnet creation events.
2026-02-27 23:15:10.468 7 WARNING neutron.scheduler.dhcp_agent_scheduler [None req-3d17876e-47d8-42d1-bc81-7f39fe61dc4e ef6d37ecef7a44de94cd289abcbac080 dd74d0158eb7461b84e9cd3c69efb284 - - default default] No more DHCP agents
2026-02-27 23:15:10.469 7 WARNING neutron.api.rpc.agentnotifiers.dhcp_rpc_agent_api [None req-3d17876e-47d8-42d1-bc81-7f39fe61dc4e ef6d37ecef7a44de94cd289abcbac080 dd74d0158eb7461b84e9cd3c69efb284 - - default default] Unable to schedule network 4011d2aa-5fbb-4fbb-b614-9216003d912f: no agents available; will retry on subsequent port and subnet creation events.
2026-02-27 23:15:10.602 7 INFO neutron.db.ovn_revision_numbers_db [None req-bd0d27fc-d9db-4f7a-af84-fb32f3acf503 - - - - - -] Successfully bumped revision number for resource 9b32cc7a-dc8b-4304-a830-b6200aa84997 (type: ports) to 2
2026-02-27 23:15:10.699 7 INFO neutron.db.ovn_revision_numbers_db [None req-3d17876e-47d8-42d1-bc81-7f39fe61dc4e ef6d37ecef7a44de94cd289abcbac080 dd74d0158eb7461b84e9cd3c69efb284 - - default default] Successfully bumped revision number for resource 6d95ac9a-42b4-4f96-80b7-858bd01ddcf5 (type: ports) to 1 [pid: 7|app: 0|req: 1032/2114] 10.0.0.91 () {34 vars in 669 bytes} [Fri Feb 27 23:15:09 2026] POST /v2.0/networks => generated 650 bytes in 1003 msecs (HTTP/1.1 201) 4 headers in 162 bytes (1 switches on core 0)
2026-02-27 23:15:10.806 8 INFO neutron.db.ovn_revision_numbers_db [None req-0c689191-7b48-4600-b013-07b18975c3c6 3af41fe7e40d42c7afafda59e1f6d559 fcb6f4ab236f4c15b63ecfa376e6d250 - - default default] Successfully bumped revision number for resource 52ad537f-10e1-426a-bceb-5151939324c9 (type: router_ports) to 1 [pid: 8|app: 0|req: 1083/2115] 10.0.0.91 () {34 vars in 782 bytes} [Fri Feb 27 23:15:08 2026] PUT /v2.0/routers/45143dca-fdc5-4040-93ad-2609b194e286/add_router_interface => generated 309 bytes in 2021 msecs (HTTP/1.1 200) 4 headers in 157 bytes (1 switches on core 0)
2026-02-27 23:15:10.903 8 INFO neutron.db.segments_db [None req-0825c5e4-3b0c-4495-bd60-7e8f1894ff14 ef6d37ecef7a44de94cd289abcbac080 dd74d0158eb7461b84e9cd3c69efb284 - - default default] Added segment 10c409c0-5d12-4f73-a0bd-ccf282baf537 of type geneve for network 1b1fcd5f-80c1-4ade-97f5-17042c9ec534
2026-02-27 23:15:11.014 8 INFO neutron.db.ovn_revision_numbers_db [None req-0825c5e4-3b0c-4495-bd60-7e8f1894ff14 ef6d37ecef7a44de94cd289abcbac080 dd74d0158eb7461b84e9cd3c69efb284 - - default default] Successfully bumped revision number for resource 1b1fcd5f-80c1-4ade-97f5-17042c9ec534 (type: networks) to 1
2026-02-27 23:15:11.172 7 INFO neutron.db.ovn_revision_numbers_db [None req-ef6f1b08-b6a4-44ed-b2fc-4f3b720ac98e b7fbb6f1566f4656a8b53ea704b8b530 a6de47cd5cee4f0087da7a6cf200d36a - - default default] Successfully bumped revision number for resource ce90b79a-8d99-4326-bcbb-0dabf96a0e1c (type: security_groups) to 1
2026-02-27 23:15:11.183 7 INFO neutron.db.ovn_revision_numbers_db [None req-ef6f1b08-b6a4-44ed-b2fc-4f3b720ac98e b7fbb6f1566f4656a8b53ea704b8b530 a6de47cd5cee4f0087da7a6cf200d36a - - default default] Successfully bumped revision number for resource 11ccac0b-f16f-4c08-8ecc-7a2effaf7411 (type: security_group_rules) to 0
2026-02-27 23:15:11.194 7 INFO neutron.db.ovn_revision_numbers_db [None req-ef6f1b08-b6a4-44ed-b2fc-4f3b720ac98e b7fbb6f1566f4656a8b53ea704b8b530 a6de47cd5cee4f0087da7a6cf200d36a - - default default] Successfully bumped revision number for resource a4efbf25-3a02-4697-b0d9-d46a5b7ec8ec (type: security_group_rules) to 0
2026-02-27 23:15:11.196 8 WARNING neutron.scheduler.dhcp_agent_scheduler [None req-0825c5e4-3b0c-4495-bd60-7e8f1894ff14 ef6d37ecef7a44de94cd289abcbac080 dd74d0158eb7461b84e9cd3c69efb284 - - default default] No more DHCP agents
2026-02-27 23:15:11.198 8 WARNING neutron.api.rpc.agentnotifiers.dhcp_rpc_agent_api [None req-0825c5e4-3b0c-4495-bd60-7e8f1894ff14 ef6d37ecef7a44de94cd289abcbac080 dd74d0158eb7461b84e9cd3c69efb284 - - default default] Unable to schedule network 1b1fcd5f-80c1-4ade-97f5-17042c9ec534: no agents available; will retry on subsequent port and subnet creation events.
2026-02-27 23:15:11.210 7 INFO neutron.db.ovn_revision_numbers_db [None req-ef6f1b08-b6a4-44ed-b2fc-4f3b720ac98e b7fbb6f1566f4656a8b53ea704b8b530 a6de47cd5cee4f0087da7a6cf200d36a - - default default] Successfully bumped revision number for resource d216c5db-24e2-413e-b31e-e59ed11a99df (type: security_group_rules) to 0
2026-02-27 23:15:11.223 7 INFO neutron.db.ovn_revision_numbers_db [None req-ef6f1b08-b6a4-44ed-b2fc-4f3b720ac98e b7fbb6f1566f4656a8b53ea704b8b530 a6de47cd5cee4f0087da7a6cf200d36a - - default default] Successfully bumped revision number for resource d53d1811-03db-4c2d-9492-16254eb072b0 (type: security_group_rules) to 0
2026-02-27 23:15:11.313 8 INFO neutron.db.ovn_revision_numbers_db [None req-0825c5e4-3b0c-4495-bd60-7e8f1894ff14 ef6d37ecef7a44de94cd289abcbac080 dd74d0158eb7461b84e9cd3c69efb284 - - default default] Successfully bumped revision number for resource 0f5a2a93-5f2c-40ea-aae8-8b799f2913c7 (type: ports) to 1
2026-02-27 23:15:11.327 7 INFO neutron.db.segments_db [None req-ef6f1b08-b6a4-44ed-b2fc-4f3b720ac98e b7fbb6f1566f4656a8b53ea704b8b530 a6de47cd5cee4f0087da7a6cf200d36a - - default default] Added segment 1de5a62e-76a1-4cdd-9b95-ac736635e301 of type geneve for network a2e6c2d8-ea9d-40b3-9c95-8a5df3dc451a [pid: 8|app: 0|req: 1084/2116] 10.0.0.91 () {34 vars in 669 bytes} [Fri Feb 27 23:15:10 2026] POST /v2.0/networks => generated 650 bytes in 519 msecs (HTTP/1.1 201) 4 headers in 162 bytes (1 switches on core 0)
2026-02-27 23:15:11.444 7 INFO neutron.db.ovn_revision_numbers_db [None req-ef6f1b08-b6a4-44ed-b2fc-4f3b720ac98e b7fbb6f1566f4656a8b53ea704b8b530 a6de47cd5cee4f0087da7a6cf200d36a - - default default] Successfully bumped revision number for resource a2e6c2d8-ea9d-40b3-9c95-8a5df3dc451a (type: networks) to 1
2026-02-27 23:15:11.611 7 WARNING neutron.scheduler.dhcp_agent_scheduler [None req-ef6f1b08-b6a4-44ed-b2fc-4f3b720ac98e b7fbb6f1566f4656a8b53ea704b8b530 a6de47cd5cee4f0087da7a6cf200d36a - - default default] No more DHCP agents
2026-02-27 23:15:11.614 7 WARNING neutron.api.rpc.agentnotifiers.dhcp_rpc_agent_api [None req-ef6f1b08-b6a4-44ed-b2fc-4f3b720ac98e b7fbb6f1566f4656a8b53ea704b8b530 a6de47cd5cee4f0087da7a6cf200d36a - - default default] Unable to schedule network a2e6c2d8-ea9d-40b3-9c95-8a5df3dc451a: no agents available; will retry on subsequent port and subnet creation events.
2026-02-27 23:15:11.749 7 INFO neutron.db.ovn_revision_numbers_db [None req-ef6f1b08-b6a4-44ed-b2fc-4f3b720ac98e b7fbb6f1566f4656a8b53ea704b8b530 a6de47cd5cee4f0087da7a6cf200d36a - - default default] Successfully bumped revision number for resource 95f724e0-cf2c-4511-bfef-a069d929b426 (type: ports) to 1 [pid: 7|app: 0|req: 1033/2117] 10.0.0.91 () {34 vars in 670 bytes} [Fri Feb 27 23:15:10 2026] POST /v2.0/networks => generated 652 bytes in 985 msecs (HTTP/1.1 201) 4 headers in 162 bytes (1 switches on core 0)
2026-02-27 23:15:11.864 7 INFO neutron.db.segments_db [None req-b497d6a2-31a4-4a58-906c-095a74390059 ef6d37ecef7a44de94cd289abcbac080 dd74d0158eb7461b84e9cd3c69efb284 - - default default] Added segment 91a3ad32-6cf0-4d8f-9d2f-fb6b364134df of type geneve for network 15927d66-1a70-4ba8-b7db-490c8400099f
2026-02-27 23:15:11.928 8 WARNING neutron.scheduler.dhcp_agent_scheduler [None req-7f4ff13f-c442-42a7-ace5-9210e310fa13 3af41fe7e40d42c7afafda59e1f6d559 fcb6f4ab236f4c15b63ecfa376e6d250 - - default default] No more DHCP agents
2026-02-27 23:15:11.929 8 WARNING neutron.api.rpc.agentnotifiers.dhcp_rpc_agent_api [None req-7f4ff13f-c442-42a7-ace5-9210e310fa13 3af41fe7e40d42c7afafda59e1f6d559 fcb6f4ab236f4c15b63ecfa376e6d250 - - default default] Unable to schedule network 185171df-74c2-4af8-ab21-550b32c6570e: no agents available; will retry on subsequent port and subnet creation events.
2026-02-27 23:15:11.988 7 INFO neutron.db.ovn_revision_numbers_db [None req-b497d6a2-31a4-4a58-906c-095a74390059 ef6d37ecef7a44de94cd289abcbac080 dd74d0158eb7461b84e9cd3c69efb284 - - default default] Successfully bumped revision number for resource 15927d66-1a70-4ba8-b7db-490c8400099f (type: networks) to 1
2026-02-27 23:15:12.115 8 INFO neutron.db.ovn_revision_numbers_db [None req-7f4ff13f-c442-42a7-ace5-9210e310fa13 3af41fe7e40d42c7afafda59e1f6d559 fcb6f4ab236f4c15b63ecfa376e6d250 - - default default] Successfully bumped revision number for resource b11051aa-025d-4818-b116-04de888b1329 (type: ports) to 1
2026-02-27 23:15:12.174 7 WARNING neutron.scheduler.dhcp_agent_scheduler [None req-b497d6a2-31a4-4a58-906c-095a74390059 ef6d37ecef7a44de94cd289abcbac080 dd74d0158eb7461b84e9cd3c69efb284 - - default default] No more DHCP agents
2026-02-27 23:15:12.176 7 WARNING neutron.api.rpc.agentnotifiers.dhcp_rpc_agent_api [None req-b497d6a2-31a4-4a58-906c-095a74390059 ef6d37ecef7a44de94cd289abcbac080 dd74d0158eb7461b84e9cd3c69efb284 - - default default] Unable to schedule network 15927d66-1a70-4ba8-b7db-490c8400099f: no agents available; will retry on subsequent port and subnet creation events.
2026-02-27 23:15:12.272 7 INFO neutron.db.ovn_revision_numbers_db [None req-b497d6a2-31a4-4a58-906c-095a74390059 ef6d37ecef7a44de94cd289abcbac080 dd74d0158eb7461b84e9cd3c69efb284 - - default default] Successfully bumped revision number for resource 896f9350-ebca-4d9e-b7d0-38b3d84cbde3 (type: ports) to 1 [pid: 7|app: 0|req: 1034/2118] 10.0.0.91 () {34 vars in 669 bytes} [Fri Feb 27 23:15:11 2026] POST /v2.0/networks => generated 650 bytes in 524 msecs (HTTP/1.1 201) 4 headers in 162 bytes (1 switches on core 0)
2026-02-27 23:15:12.691 7 WARNING neutron.scheduler.dhcp_agent_scheduler [None req-a18ac2d1-6cbf-4514-936f-04466d514cce b7fbb6f1566f4656a8b53ea704b8b530 a6de47cd5cee4f0087da7a6cf200d36a - - default default] No more DHCP agents
2026-02-27 23:15:12.694 7 WARNING neutron.api.rpc.agentnotifiers.dhcp_rpc_agent_api [None req-a18ac2d1-6cbf-4514-936f-04466d514cce b7fbb6f1566f4656a8b53ea704b8b530 a6de47cd5cee4f0087da7a6cf200d36a - - default default] Unable to schedule network baf307ee-8f99-4b37-a078-d7ed545034fd: no agents available; will retry on subsequent port and subnet creation events.
2026-02-27 23:15:12.862 7 INFO neutron.db.ovn_revision_numbers_db [None req-a18ac2d1-6cbf-4514-936f-04466d514cce b7fbb6f1566f4656a8b53ea704b8b530 a6de47cd5cee4f0087da7a6cf200d36a - - default default] Successfully bumped revision number for resource 4eb93689-ac8d-44f1-b4e1-b8f0104207f6 (type: ports) to 1
2026-02-27 23:15:12.967 8 WARNING neutron.scheduler.dhcp_agent_scheduler [None req-7f4ff13f-c442-42a7-ace5-9210e310fa13 3af41fe7e40d42c7afafda59e1f6d559 fcb6f4ab236f4c15b63ecfa376e6d250 - - default default] No more DHCP agents
2026-02-27 23:15:12.968 8 WARNING neutron.api.rpc.agentnotifiers.dhcp_rpc_agent_api [None req-7f4ff13f-c442-42a7-ace5-9210e310fa13 3af41fe7e40d42c7afafda59e1f6d559 fcb6f4ab236f4c15b63ecfa376e6d250 - - default default] Unable to schedule network 185171df-74c2-4af8-ab21-550b32c6570e: no agents available; will retry on subsequent port and subnet creation events.
2026-02-27 23:15:13.354 8 INFO neutron.db.ovn_revision_numbers_db [None req-7f4ff13f-c442-42a7-ace5-9210e310fa13 3af41fe7e40d42c7afafda59e1f6d559 fcb6f4ab236f4c15b63ecfa376e6d250 - - default default] Successfully bumped revision number for resource b11051aa-025d-4818-b116-04de888b1329 (type: router_ports) to 1 [pid: 8|app: 0|req: 1085/2119] 10.0.0.91 () {34 vars in 782 bytes} [Fri Feb 27 23:15:11 2026] PUT /v2.0/routers/45143dca-fdc5-4040-93ad-2609b194e286/add_router_interface => generated 309 bytes in 2024 msecs (HTTP/1.1 200) 4 headers in 157 bytes (1 switches on core 0) [pid: 8|app: 0|req: 1086/2120] 10.0.0.91 () {34 vars in 752 bytes} [Fri Feb 27 23:15:13 2026] PUT /v2.0/networks/c8bae697-a2bc-4d54-bf59-3676d1d6294b/tags => generated 17 bytes in 60 msecs (HTTP/1.1 200) 4 headers in 156 bytes (1 switches on core 0)
2026-02-27 23:15:13.561 8 INFO neutron.db.ovn_revision_numbers_db [None req-e186c6f4-0b22-4b1f-9c77-445fe36cdd02 3af41fe7e40d42c7afafda59e1f6d559 fcb6f4ab236f4c15b63ecfa376e6d250 - - default default] Successfully bumped revision number for resource d36174a8-ea59-4eab-8fa4-b47c9a0b59b0 (type: security_groups) to 1
2026-02-27 23:15:13.572 8 INFO neutron.db.ovn_revision_numbers_db [None req-e186c6f4-0b22-4b1f-9c77-445fe36cdd02 3af41fe7e40d42c7afafda59e1f6d559 fcb6f4ab236f4c15b63ecfa376e6d250 - - default default] Successfully bumped revision number for resource 11d741b9-7f4b-41d6-88f9-dea0ef8f9b52 (type: security_group_rules) to 0
2026-02-27 23:15:13.584 8 INFO neutron.db.ovn_revision_numbers_db [None req-e186c6f4-0b22-4b1f-9c77-445fe36cdd02 3af41fe7e40d42c7afafda59e1f6d559 fcb6f4ab236f4c15b63ecfa376e6d250 - - default default] Successfully bumped revision number for resource 44053e5a-81e0-4a29-ba7f-dc69ae03a203 (type: security_group_rules) to 0 [pid: 8|app: 0|req: 1087/2121] 10.0.0.91 () {34 vars in 683 bytes} [Fri Feb 27 23:15:13 2026] POST /v2.0/security-groups => generated 1627 bytes in 201 msecs (HTTP/1.1 201) 4 headers in 163 bytes (1 switches on core 0) [pid: 8|app: 0|req: 1088/2122] 10.0.0.91 () {34 vars in 752 bytes} [Fri Feb 27 23:15:13 2026] PUT /v2.0/networks/23121c60-4111-4dc1-8c07-b4bb427bcede/tags => generated 25 bytes in 53 msecs (HTTP/1.1 200) 4 headers in 156 bytes (1 switches on core 0)
2026-02-27 23:15:13.682 7 INFO neutron.plugins.ml2.drivers.ovn.mech_driver.ovsdb.commands [-] Schedule LRP lrp-4eb93689-ac8d-44f1-b4e1-b8f0104207f6 on gateway fecabbfb-8700-470e-9d33-0fb53b80fd80 with priority 1
2026-02-27 23:15:13.774 7 INFO neutron.plugins.ml2.drivers.ovn.mech_driver.ovsdb.ovsdb_monitor [None req-1003caec-1228-4cfc-8c3c-79e270c45b2e - - - - - -] Router 871529bf-6f71-48de-85df-950f787c3ed5 is bound to host instance
2026-02-27 23:15:13.869 7 INFO neutron.db.ovn_revision_numbers_db [None req-a18ac2d1-6cbf-4514-936f-04466d514cce b7fbb6f1566f4656a8b53ea704b8b530 a6de47cd5cee4f0087da7a6cf200d36a - - default default] Successfully bumped revision number for resource 4eb93689-ac8d-44f1-b4e1-b8f0104207f6 (type: router_ports) to 1
2026-02-27 23:15:13.914 8 INFO neutron.db.ovn_revision_numbers_db [None req-7ad404fc-417f-4d0f-a6cf-6ce54adf2efd 3af41fe7e40d42c7afafda59e1f6d559 fcb6f4ab236f4c15b63ecfa376e6d250 - - default default] Successfully bumped revision number for resource ffcf98a5-6a80-491a-a3a6-67659229ca3d (type: security_group_rules) to 0 [pid: 8|app: 0|req: 1089/2123] 10.0.0.91 () {34 vars in 694 bytes} [Fri Feb 27 23:15:13 2026] POST /v2.0/security-group-rules => generated 597 bytes in 270 msecs (HTTP/1.1 201) 4 headers in 162 bytes (1 switches on core 0) [pid: 8|app: 0|req: 1090/2124] 10.0.0.91 () {34 vars in 752 bytes} [Fri Feb 27 23:15:13 2026] PUT /v2.0/networks/4011d2aa-5fbb-4fbb-b614-9216003d912f/tags => generated 34 bytes in 63 msecs (HTTP/1.1 200) 4 headers in 156 bytes (1 switches on core 0)
2026-02-27 23:15:14.019 7 INFO neutron.db.ovn_revision_numbers_db [None req-a18ac2d1-6cbf-4514-936f-04466d514cce b7fbb6f1566f4656a8b53ea704b8b530 a6de47cd5cee4f0087da7a6cf200d36a - - default default] Successfully bumped revision number for resource 871529bf-6f71-48de-85df-950f787c3ed5 (type: routers) to 2 [pid: 7|app: 0|req: 1035/2125] 10.0.0.91 () {34 vars in 668 bytes} [Fri Feb 27 23:15:12 2026] POST /v2.0/routers => generated 955 bytes in 1754 msecs (HTTP/1.1 201) 4 headers in 162 bytes (1 switches on core 0)
2026-02-27 23:15:14.139 8 INFO neutron.db.ovn_revision_numbers_db [None req-3b49a197-b3bc-4828-8f9c-d7c4a6020335 3af41fe7e40d42c7afafda59e1f6d559 fcb6f4ab236f4c15b63ecfa376e6d250 - - default default] Successfully bumped revision number for resource fac7dc16-e7c1-4a08-8dfb-b9f18fe38282 (type: security_group_rules) to 0 [pid: 8|app: 0|req: 1091/2126] 10.0.0.91 () {34 vars in 694 bytes} [Fri Feb 27 23:15:14 2026] POST /v2.0/security-group-rules => generated 597 bytes in 158 msecs (HTTP/1.1 201) 4 headers in 162 bytes (1 switches on core 0) [pid: 7|app: 0|req: 1036/2127] 10.0.0.91 () {34 vars in 752 bytes} [Fri Feb 27 23:15:14 2026] PUT /v2.0/networks/1b1fcd5f-80c1-4ade-97f5-17042c9ec534/tags => generated 19 bytes in 121 msecs (HTTP/1.1 200) 4 headers in 156 bytes (1 switches on core 0) [pid: 8|app: 0|req: 1092/2128] 10.0.0.91 () {32 vars in 775 bytes} [Fri Feb 27 23:15:14 2026] GET /v2.0/subnets?project_id=a6de47cd5cee4f0087da7a6cf200d36a&cidr=10.100.0.0%2F28 => generated 14 bytes in 58 msecs (HTTP/1.1 200) 4 headers in 156 bytes (1 switches on core 0) [pid: 8|app: 0|req: 1093/2129] 10.0.0.91 () {32 vars in 665 bytes} [Fri Feb 27 23:15:14 2026] GET /v2.0/networks?tags=red => generated 1986 bytes in 50 msecs (HTTP/1.1 200) 4 headers in 158 bytes (1 switches on core 0) [pid: 8|app: 0|req: 1094/2130] 10.0.0.91 () {32 vars in 693 bytes} [Fri Feb 27 23:15:14 2026] GET /v2.0/networks?router%3Aexternal=True => generated 791 bytes in 48 msecs (HTTP/1.1 200) 4 headers in 157 bytes (1 switches on core 0) [pid: 8|app: 0|req: 1095/2131] 10.0.0.91 () {32 vars in 679 bytes} [Fri Feb 27 23:15:14 2026] GET /v2.0/networks?tags=red%2Cblue => generated 1336 bytes in 49 msecs (HTTP/1.1 200) 4 headers in 158 bytes (1 switches on core 0) [pid: 8|app: 0|req: 1096/2132] 10.0.0.91 () {32 vars in 783 bytes} [Fri Feb 27 23:15:14 2026] GET /v2.0/subnets?network_id=baf307ee-8f99-4b37-a078-d7ed545034fd&cidr=10.100.0.0%2F28 => generated 14 bytes in 31 msecs (HTTP/1.1 200) 4 headers in 156 bytes (1 switches on core 0)
2026-02-27 23:15:14.419 7 INFO neutron.db.ovn_revision_numbers_db [None req-7e1ee6b4-19f7-45a0-934c-7435c5f1893c 3af41fe7e40d42c7afafda59e1f6d559 fcb6f4ab236f4c15b63ecfa376e6d250 - - default default] Successfully bumped revision number for resource 7862f45c-a7cd-4768-808b-716ec23f8d2f (type: security_group_rules) to 0 [pid: 8|app: 0|req: 1097/2133] 10.0.0.91 () {32 vars in 675 bytes} [Fri Feb 27 23:15:14 2026] GET /v2.0/networks?tags-any=blue => generated 1336 bytes in 60 msecs (HTTP/1.1 200) 4 headers in 158 bytes (1 switches on core 0) [pid: 7|app: 0|req: 1037/2134] 10.0.0.91 () {34 vars in 694 bytes} [Fri Feb 27 23:15:14 2026] POST /v2.0/security-group-rules => generated 599 bytes in 318 msecs (HTTP/1.1 201) 4 headers in 162 bytes (1 switches on core 0) [pid: 7|app: 0|req: 1038/2135] 10.0.0.91 () {32 vars in 687 bytes} [Fri Feb 27 23:15:14 2026] GET /v2.0/networks?tags-any=red%2Cblue => generated 1986 bytes in 92 msecs (HTTP/1.1 200) 4 headers in 158 bytes (1 switches on core 0)
2026-02-27 23:15:14.659 8 WARNING neutron.scheduler.dhcp_agent_scheduler [None req-d391f89e-3fb3-433a-adfd-86fcb0fa0569 b7fbb6f1566f4656a8b53ea704b8b530 a6de47cd5cee4f0087da7a6cf200d36a - - default default] No more DHCP agents
2026-02-27 23:15:14.660 8 WARNING neutron.api.rpc.agentnotifiers.dhcp_rpc_agent_api [None req-d391f89e-3fb3-433a-adfd-86fcb0fa0569 b7fbb6f1566f4656a8b53ea704b8b530 a6de47cd5cee4f0087da7a6cf200d36a - - default default] Unable to schedule network a2e6c2d8-ea9d-40b3-9c95-8a5df3dc451a: no agents available; will retry on subsequent port and subnet creation events.
2026-02-27 23:15:14.821 7 INFO neutron.db.ovn_revision_numbers_db [None req-629281a2-5c76-4517-ad47-8a37a62702ec 3af41fe7e40d42c7afafda59e1f6d559 fcb6f4ab236f4c15b63ecfa376e6d250 - - default default] Successfully bumped revision number for resource 87282849-5e18-44be-bb66-60f0ac364ddd (type: security_group_rules) to 0 [pid: 7|app: 0|req: 1039/2136] 10.0.0.91 () {34 vars in 694 bytes} [Fri Feb 27 23:15:14 2026] POST /v2.0/security-group-rules => generated 601 bytes in 297 msecs (HTTP/1.1 201) 4 headers in 162 bytes (1 switches on core 0) [pid: 7|app: 0|req: 1040/2137] 10.0.0.91 () {32 vars in 673 bytes} [Fri Feb 27 23:15:14 2026] GET /v2.0/networks?not-tags=red => generated 1986 bytes in 111 msecs (HTTP/1.1 200) 4 headers in 158 bytes (1 switches on core 0)
2026-02-27 23:15:15.085 8 INFO neutron.db.ovn_revision_numbers_db [None req-40187e50-9220-45dc-8be3-c28142ac94d7 - - - - - -] Successfully bumped revision number for resource 95f724e0-cf2c-4511-bfef-a069d929b426 (type: ports) to 2
2026-02-27 23:15:15.118 8 INFO neutron.db.ovn_revision_numbers_db [None req-40187e50-9220-45dc-8be3-c28142ac94d7 - - - - - -] Successfully bumped revision number for resource 32e4f7f6-4954-4af1-aae8-33bb9a4ec39c (type: subnets) to 0 [pid: 8|app: 0|req: 1098/2138] 10.0.0.91 () {34 vars in 668 bytes} [Fri Feb 27 23:15:14 2026] POST /v2.0/subnets => generated 657 bytes in 673 msecs (HTTP/1.1 201) 4 headers in 162 bytes (1 switches on core 0) [pid: 8|app: 0|req: 1099/2139] 10.0.0.91 () {32 vars in 687 bytes} [Fri Feb 27 23:15:15 2026] GET /v2.0/networks?not-tags=red%2Cblue => generated 2636 bytes in 55 msecs (HTTP/1.1 200) 4 headers in 158 bytes (1 switches on core 0)
2026-02-27 23:15:15.259 7 INFO neutron.db.ovn_revision_numbers_db [None req-7e3406a6-4337-4f41-ac42-d6f77efd29fb - - - - - -] Successfully bumped revision number for resource 4eb93689-ac8d-44f1-b4e1-b8f0104207f6 (type: ports) to 4
2026-02-27 23:15:15.288 7 INFO neutron.db.ovn_revision_numbers_db [None req-5456e2ef-1ef6-4409-82d0-55f32abb12a4 3af41fe7e40d42c7afafda59e1f6d559 fcb6f4ab236f4c15b63ecfa376e6d250 - - default default] Successfully bumped revision number for resource 4b6dc075-6edd-46a5-b6b3-186431281b5a (type: security_group_rules) to 0 [pid: 7|app: 0|req: 1041/2140] 10.0.0.91 () {34 vars in 694 bytes} [Fri Feb 27 23:15:14 2026] POST /v2.0/security-group-rules => generated 601 bytes in 363 msecs (HTTP/1.1 201) 4 headers in 162 bytes (1 switches on core 0) [pid: 7|app: 0|req: 1042/2141] 10.0.0.91 () {32 vars in 683 bytes} [Fri Feb 27 23:15:15 2026] GET /v2.0/networks?not-tags-any=blue => generated 2636 bytes in 120 msecs (HTTP/1.1 200) 4 headers in 158 bytes (1 switches on core 0)
2026-02-27 23:15:15.587 7 WARNING neutron.plugins.ml2.drivers.ovn.mech_driver.ovsdb.ovn_client [None req-cea5143a-735b-4141-b344-43435eccc06e - - - - - -] No hosting information found for port 9b32cc7a-dc8b-4304-a830-b6200aa84997: RuntimeError: No hosting information found for port 9b32cc7a-dc8b-4304-a830-b6200aa84997
2026-02-27 23:15:15.751 8 WARNING neutron.scheduler.dhcp_agent_scheduler [None req-874a5fee-fb2e-4683-a3f5-8cb6facaf949 b7fbb6f1566f4656a8b53ea704b8b530 a6de47cd5cee4f0087da7a6cf200d36a - - default default] No more DHCP agents
2026-02-27 23:15:15.752 8 WARNING neutron.api.rpc.agentnotifiers.dhcp_rpc_agent_api [None req-874a5fee-fb2e-4683-a3f5-8cb6facaf949 b7fbb6f1566f4656a8b53ea704b8b530 a6de47cd5cee4f0087da7a6cf200d36a - - default default] Unable to schedule network a2e6c2d8-ea9d-40b3-9c95-8a5df3dc451a: no agents available; will retry on subsequent port and subnet creation events.
2026-02-27 23:15:15.835 7 INFO neutron.db.ovn_revision_numbers_db [None req-cea5143a-735b-4141-b344-43435eccc06e - - - - - -] Successfully bumped revision number for resource 9b32cc7a-dc8b-4304-a830-b6200aa84997 (type: router_ports) to 2
2026-02-27 23:15:15.836 7 INFO neutron.plugins.ml2.drivers.ovn.mech_driver.mech_driver [None req-cea5143a-735b-4141-b344-43435eccc06e - - - - - -] OVN reports status down for port: 70e42ef9-7fa1-40a3-873b-b1d6259777b6
2026-02-27 23:15:15.910 7 INFO neutron.db.ovn_revision_numbers_db [None req-69a25771-70f2-426c-8d08-3864cfa987e6 3af41fe7e40d42c7afafda59e1f6d559 fcb6f4ab236f4c15b63ecfa376e6d250 - - default default] Successfully bumped revision number for resource 2764ff8c-dfac-4b01-bf2f-7ba60f438189 (type: security_group_rules) to 0
2026-02-27 23:15:15.948 8 INFO neutron.db.ovn_revision_numbers_db [None req-874a5fee-fb2e-4683-a3f5-8cb6facaf949 b7fbb6f1566f4656a8b53ea704b8b530 a6de47cd5cee4f0087da7a6cf200d36a - - default default] Successfully bumped revision number for resource a78298cd-efb7-4f98-b065-0b5719700863 (type: ports) to 1 [pid: 7|app: 0|req: 1043/2142] 10.0.0.91 () {34 vars in 694 bytes} [Fri Feb 27 23:15:15 2026] POST /v2.0/security-group-rules => generated 597 bytes in 515 msecs (HTTP/1.1 201) 4 headers in 162 bytes (1 switches on core 0)
2026-02-27 23:15:16.060 7 INFO neutron.plugins.ml2.drivers.ovn.mech_driver.mech_driver [None req-cea5143a-735b-4141-b344-43435eccc06e - - - - - -] OVN reports status down for port: 52ad537f-10e1-426a-bceb-5151939324c9
2026-02-27 23:15:16.122 7 INFO neutron.db.ovn_revision_numbers_db [None req-7e3406a6-4337-4f41-ac42-d6f77efd29fb - - - - - -] Successfully bumped revision number for resource 4eb93689-ac8d-44f1-b4e1-b8f0104207f6 (type: ports) to 5 [pid: 7|app: 0|req: 1044/2143] 10.0.0.91 () {32 vars in 695 bytes} [Fri Feb 27 23:15:15 2026] GET /v2.0/networks?not-tags-any=red%2Cblue => generated 1986 bytes in 139 msecs (HTTP/1.1 200) 4 headers in 158 bytes (1 switches on core 0)
2026-02-27 23:15:16.202 7 WARNING neutron.plugins.ml2.drivers.ovn.mech_driver.ovsdb.ovn_client [None req-cea5143a-735b-4141-b344-43435eccc06e - - - - - -] Logical_Switch_Port %s host information not removed, the port state is up
2026-02-27 23:15:16.203 7 INFO neutron.plugins.ml2.drivers.ovn.mech_driver.mech_driver [None req-cea5143a-735b-4141-b344-43435eccc06e - - - - - -] OVN reports status down for port: 2f1f1569-ae6e-46d2-a4b8-ac1238fe8e7c
2026-02-27 23:15:16.367 7 INFO neutron.plugins.ml2.drivers.ovn.mech_driver.mech_driver [None req-cea5143a-735b-4141-b344-43435eccc06e - - - - - -] OVN reports status up for port: 52ad537f-10e1-426a-bceb-5151939324c9
2026-02-27 23:15:16.399 7 INFO neutron.plugins.ml2.plugin [None req-cea5143a-735b-4141-b344-43435eccc06e - - - - - -] Attempt 1 to provision port 52ad537f-10e1-426a-bceb-5151939324c9
2026-02-27 23:15:16.477 7 INFO neutron.db.ovn_revision_numbers_db [None req-f3c41a5c-9a67-4070-902a-c045d02cf97b 3af41fe7e40d42c7afafda59e1f6d559 fcb6f4ab236f4c15b63ecfa376e6d250 - - default default] Successfully bumped revision number for resource 5f1082fa-c11a-4a99-8c79-450750f88926 (type: security_group_rules) to 0 [pid: 7|app: 0|req: 1045/2144] 10.0.0.91 () {34 vars in 694 bytes} [Fri Feb 27 23:15:16 2026] POST /v2.0/security-group-rules => generated 597 bytes in 392 msecs (HTTP/1.1 201) 4 headers in 162 bytes (1 switches on core 0)
2026-02-27 23:15:16.678 8 WARNING neutron.scheduler.dhcp_agent_scheduler [None req-874a5fee-fb2e-4683-a3f5-8cb6facaf949 b7fbb6f1566f4656a8b53ea704b8b530 a6de47cd5cee4f0087da7a6cf200d36a - - default default] No more DHCP agents
2026-02-27 23:15:16.679 8 WARNING neutron.api.rpc.agentnotifiers.dhcp_rpc_agent_api [None req-874a5fee-fb2e-4683-a3f5-8cb6facaf949 b7fbb6f1566f4656a8b53ea704b8b530 a6de47cd5cee4f0087da7a6cf200d36a - - default default] Unable to schedule network a2e6c2d8-ea9d-40b3-9c95-8a5df3dc451a: no agents available; will retry on subsequent port and subnet creation events.
2026-02-27 23:15:16.742 7 INFO neutron_taas.services.taas.taas_plugin [None req-12df1d22-0f46-4398-b3c4-9a4a728913d1 ef6d37ecef7a44de94cd289abcbac080 dd74d0158eb7461b84e9cd3c69efb284 - - default default] TaaS: Handle Delete Port: 70e42ef9-7fa1-40a3-873b-b1d6259777b6
2026-02-27 23:15:16.746 7 INFO neutron_taas.services.taas.tap_mirror_plugin [None req-12df1d22-0f46-4398-b3c4-9a4a728913d1 ef6d37ecef7a44de94cd289abcbac080 dd74d0158eb7461b84e9cd3c69efb284 - - default default] Tap Mirror: Handle Delete Port: 70e42ef9-7fa1-40a3-873b-b1d6259777b6
2026-02-27 23:15:17.061 8 INFO neutron.db.ovn_revision_numbers_db [None req-874a5fee-fb2e-4683-a3f5-8cb6facaf949 b7fbb6f1566f4656a8b53ea704b8b530 a6de47cd5cee4f0087da7a6cf200d36a - - default default] Successfully bumped revision number for resource a78298cd-efb7-4f98-b065-0b5719700863 (type: router_ports) to 1 [pid: 8|app: 0|req: 1100/2145] 10.0.0.91 () {34 vars in 782 bytes} [Fri Feb 27 23:15:15 2026] PUT /v2.0/routers/871529bf-6f71-48de-85df-950f787c3ed5/add_router_interface => generated 309 bytes in 1870 msecs (HTTP/1.1 200) 4 headers in 157 bytes (1 switches on core 0)
2026-02-27 23:15:17.147 7 INFO neutron.db.ovn_revision_numbers_db [None req-cea5143a-735b-4141-b344-43435eccc06e - - - - - -] Successfully bumped revision number for resource 52ad537f-10e1-426a-bceb-5151939324c9 (type: ports) to 2
2026-02-27 23:15:17.275 8 INFO neutron.db.ovn_revision_numbers_db [None req-5f5fbbeb-54c6-4dee-bf82-3d164aa8eceb 3af41fe7e40d42c7afafda59e1f6d559 fcb6f4ab236f4c15b63ecfa376e6d250 - - default default] Successfully bumped revision number for resource 5ae00025-8c1a-4279-b0af-236480b8ebb1 (type: security_group_rules) to 0
2026-02-27 23:15:17.294 7 INFO neutron.services.segments.plugin [-] Segment 66693e8c-708f-40f2-b468-a0471194fbf6 resource provider aggregate not found
2026-02-27 23:15:17.298 7 INFO neutron.services.segments.plugin [-] Segment 66693e8c-708f-40f2-b468-a0471194fbf6 resource provider aggregate not found [pid: 8|app: 0|req: 1101/2146] 10.0.0.91 () {34 vars in 694 bytes} [Fri Feb 27 23:15:17 2026] POST /v2.0/security-group-rules => generated 597 bytes in 238 msecs (HTTP/1.1 201) 4 headers in 162 bytes (1 switches on core 0)
2026-02-27 23:15:17.316 7 INFO neutron.services.segments.plugin [-] Segment 66693e8c-708f-40f2-b468-a0471194fbf6 resource provider not found; error: Placement Client Error (4xx): {"errors": [{"status": 404, "title": "Not Found", "detail": "The resource could not be found.\n\n No resource provider with uuid 66693e8c-708f-40f2-b468-a0471194fbf6 found for delete ", "request_id": "req-c5a8ab17-e5de-4f0a-bf1d-e32e75644b64"}]}
2026-02-27 23:15:17.318 7 INFO neutron.services.segments.plugin [-] Segment 66693e8c-708f-40f2-b468-a0471194fbf6 resource provider not found; error: Placement Client Error (4xx): {"errors": [{"status": 404, "title": "Not Found", "detail": "The resource could not be found.\n\n No resource provider with uuid 66693e8c-708f-40f2-b468-a0471194fbf6 found for delete ", "request_id": "req-ae3be2a7-db7e-4a9b-be49-351ab55e1f1e"}]} [pid: 7|app: 0|req: 1046/2147] 10.0.0.91 () {32 vars in 725 bytes} [Fri Feb 27 23:15:16 2026] DELETE /v2.0/networks/c8bae697-a2bc-4d54-bf59-3676d1d6294b => generated 0 bytes in 850 msecs (HTTP/1.1 204) 3 headers in 131 bytes (1 switches on core 0) [pid: 8|app: 0|req: 1102/2148] 10.0.0.91 () {32 vars in 648 bytes} [Fri Feb 27 23:15:17 2026] GET /v2.0/networks => generated 9313 bytes in 95 msecs (HTTP/1.1 200) 4 headers in 158 bytes (1 switches on core 0)
2026-02-27 23:15:17.500 8 INFO neutron_taas.services.taas.taas_plugin [None req-21cb2d07-8bc5-4ee3-bc98-67bac2a3f4d5 ef6d37ecef7a44de94cd289abcbac080 dd74d0158eb7461b84e9cd3c69efb284 - - default default] TaaS: Handle Delete Port: 2f1f1569-ae6e-46d2-a4b8-ac1238fe8e7c
2026-02-27 23:15:17.502 8 INFO neutron_taas.services.taas.tap_mirror_plugin [None req-21cb2d07-8bc5-4ee3-bc98-67bac2a3f4d5 ef6d37ecef7a44de94cd289abcbac080 dd74d0158eb7461b84e9cd3c69efb284 - - default default] Tap Mirror: Handle Delete Port: 2f1f1569-ae6e-46d2-a4b8-ac1238fe8e7c
2026-02-27 23:15:17.545 7 INFO neutron.db.ovn_revision_numbers_db [None req-18b0c026-433c-4af7-bb44-c33b21102943 3af41fe7e40d42c7afafda59e1f6d559 fcb6f4ab236f4c15b63ecfa376e6d250 - - default default] Successfully bumped revision number for resource eb3f4fe0-aa99-4368-8cf9-a2a87f4f610c (type: security_group_rules) to 0 [pid: 7|app: 0|req: 1047/2149] 10.0.0.91 () {34 vars in 694 bytes} [Fri Feb 27 23:15:17 2026] POST /v2.0/security-group-rules => generated 599 bytes in 196 msecs (HTTP/1.1 201) 4 headers in 162 bytes (1 switches on core 0) [pid: 7|app: 0|req: 1048/2150] 10.0.0.91 () {32 vars in 646 bytes} [Fri Feb 27 23:15:17 2026] GET /v2.0/subnets => generated 6176 bytes in 78 msecs (HTTP/1.1 200) 4 headers in 158 bytes (1 switches on core 0)
2026-02-27 23:15:17.697 8 INFO neutron.services.segments.plugin [-] Segment fe90b9e4-a2d9-4176-9975-6c7766f7c702 resource provider aggregate not found
2026-02-27 23:15:17.705 8 INFO neutron.services.segments.plugin [-] Segment fe90b9e4-a2d9-4176-9975-6c7766f7c702 resource provider aggregate not found
2026-02-27 23:15:17.713 8 INFO neutron.services.segments.plugin [-] Segment fe90b9e4-a2d9-4176-9975-6c7766f7c702 resource provider not found; error: Placement Client Error (4xx): {"errors": [{"status": 404, "title": "Not Found", "detail": "The resource could not be found.\n\n No resource provider with uuid fe90b9e4-a2d9-4176-9975-6c7766f7c702 found for delete ", "request_id": "req-fb6438de-fee2-479f-9b80-e3ffcc7f65bf"}]}
2026-02-27 23:15:17.724 8 INFO neutron.services.segments.plugin [-] Segment fe90b9e4-a2d9-4176-9975-6c7766f7c702 resource provider not found; error: Placement Client Error (4xx): {"errors": [{"status": 404, "title": "Not Found", "detail": "The resource could not be found.\n\n No resource provider with uuid fe90b9e4-a2d9-4176-9975-6c7766f7c702 found for delete ", "request_id": "req-be15cd00-f891-479d-b07f-09e1674024aa"}]} [pid: 8|app: 0|req: 1103/2151] 10.0.0.91 () {32 vars in 725 bytes} [Fri Feb 27 23:15:17 2026] DELETE /v2.0/networks/23121c60-4111-4dc1-8c07-b4bb427bcede => generated 0 bytes in 356 msecs (HTTP/1.1 204) 3 headers in 131 bytes (1 switches on core 0) [pid: 8|app: 0|req: 1104/2152] 10.0.0.91 () {32 vars in 646 bytes} [Fri Feb 27 23:15:17 2026] GET /v2.0/routers => generated 1928 bytes in 68 msecs (HTTP/1.1 200) 4 headers in 158 bytes (1 switches on core 0)
2026-02-27 23:15:17.869 7 INFO neutron.db.ovn_revision_numbers_db [None req-211daf86-2487-42bf-8b8c-f6fc1a883ce7 3af41fe7e40d42c7afafda59e1f6d559 fcb6f4ab236f4c15b63ecfa376e6d250 - - default default] Successfully bumped revision number for resource 2b637bc4-aaf0-49f9-a36e-4c4277314631 (type: security_group_rules) to 0 [pid: 7|app: 0|req: 1049/2153] 10.0.0.91 () {34 vars in 694 bytes} [Fri Feb 27 23:15:17 2026] POST /v2.0/security-group-rules => generated 601 bytes in 241 msecs (HTTP/1.1 201) 4 headers in 162 bytes (1 switches on core 0)
2026-02-27 23:15:17.950 8 INFO neutron_taas.services.taas.taas_plugin [None req-5436a20e-b38a-43ca-9624-26eedfaf0303 ef6d37ecef7a44de94cd289abcbac080 dd74d0158eb7461b84e9cd3c69efb284 - - default default] TaaS: Handle Delete Port: 6d95ac9a-42b4-4f96-80b7-858bd01ddcf5
2026-02-27 23:15:17.954 8 INFO neutron_taas.services.taas.tap_mirror_plugin [None req-5436a20e-b38a-43ca-9624-26eedfaf0303 ef6d37ecef7a44de94cd289abcbac080 dd74d0158eb7461b84e9cd3c69efb284 - - default default] Tap Mirror: Handle Delete Port: 6d95ac9a-42b4-4f96-80b7-858bd01ddcf5
2026-02-27 23:15:18.008 7 INFO neutron.db.ovn_revision_numbers_db [None req-9c20cfcf-c24d-4b55-bd81-67bf18cff195 b7fbb6f1566f4656a8b53ea704b8b530 a6de47cd5cee4f0087da7a6cf200d36a - - default default] Successfully bumped revision number for resource c8b78f5d-b52d-4822-a87f-9871fb599c18 (type: security_groups) to 1
2026-02-27 23:15:18.019 7 INFO neutron.db.ovn_revision_numbers_db [None req-9c20cfcf-c24d-4b55-bd81-67bf18cff195 b7fbb6f1566f4656a8b53ea704b8b530 a6de47cd5cee4f0087da7a6cf200d36a - - default default] Successfully bumped revision number for resource 0145f548-e512-43ea-b2f6-555c16f035df (type: security_group_rules) to 0
2026-02-27 23:15:18.028 7 INFO neutron.db.ovn_revision_numbers_db [None req-9c20cfcf-c24d-4b55-bd81-67bf18cff195 b7fbb6f1566f4656a8b53ea704b8b530 a6de47cd5cee4f0087da7a6cf200d36a - - default default] Successfully bumped revision number for resource 6bef2686-6b67-40a6-b20a-42b33a1d37ff (type: security_group_rules) to 0 [pid: 7|app: 0|req: 1050/2154] 10.0.0.91 () {34 vars in 684 bytes} [Fri Feb 27 23:15:17 2026] POST /v2.0/security-groups => generated 1673 bytes in 191 msecs (HTTP/1.1 201) 4 headers in 163 bytes (1 switches on core 0) [pid: 8|app: 0|req: 1105/2155] 10.0.0.91 () {32 vars in 725 bytes} [Fri Feb 27 23:15:17 2026] DELETE /v2.0/networks/4011d2aa-5fbb-4fbb-b614-9216003d912f => generated 0 bytes in 367 msecs (HTTP/1.1 204) 3 headers in 131 bytes (1 switches on core 0)
2026-02-27 23:15:18.327 7 INFO neutron.db.ovn_revision_numbers_db [None req-1601b038-0651-40db-953c-c2978796f502 3af41fe7e40d42c7afafda59e1f6d559 fcb6f4ab236f4c15b63ecfa376e6d250 - - default default] Successfully bumped revision number for resource 0d7dcba2-187e-4589-9a77-821fcd06032d (type: security_group_rules) to 0
2026-02-27 23:15:18.351 8 INFO neutron.db.ovn_revision_numbers_db [None req-0282d400-995e-470f-b777-206989c61513 b7fbb6f1566f4656a8b53ea704b8b530 a6de47cd5cee4f0087da7a6cf200d36a - - default default] Successfully bumped revision number for resource 3fd3eb22-36c7-41ac-a638-0304d236c066 (type: security_group_rules) to 0 [pid: 7|app: 0|req: 1051/2156] 10.0.0.91 () {34 vars in 694 bytes} [Fri Feb 27 23:15:18 2026] POST /v2.0/security-group-rules => generated 597 bytes in 295 msecs (HTTP/1.1 201) 4 headers in 162 bytes (1 switches on core 0) [pid: 8|app: 0|req: 1106/2157] 10.0.0.91 () {34 vars in 694 bytes} [Fri Feb 27 23:15:18 2026] POST /v2.0/security-group-rules => generated 597 bytes in 194 msecs (HTTP/1.1 201) 4 headers in 162 bytes (1 switches on core 0)
2026-02-27 23:15:18.493 7 INFO neutron_taas.services.taas.taas_plugin [None req-9b76ec32-e0d1-4928-a8d6-db35f2fea040 ef6d37ecef7a44de94cd289abcbac080 dd74d0158eb7461b84e9cd3c69efb284 - - default default] TaaS: Handle Delete Port: 0f5a2a93-5f2c-40ea-aae8-8b799f2913c7
2026-02-27 23:15:18.496 7 INFO neutron_taas.services.taas.tap_mirror_plugin [None req-9b76ec32-e0d1-4928-a8d6-db35f2fea040 ef6d37ecef7a44de94cd289abcbac080 dd74d0158eb7461b84e9cd3c69efb284 - - default default] Tap Mirror: Handle Delete Port: 0f5a2a93-5f2c-40ea-aae8-8b799f2913c7
2026-02-27 23:15:18.553 8 INFO neutron.db.ovn_revision_numbers_db [None req-a5077822-55f4-4bc1-891b-35f40282344a b7fbb6f1566f4656a8b53ea704b8b530 a6de47cd5cee4f0087da7a6cf200d36a - - default default] Successfully bumped revision number for resource 7a5ddf14-c2e0-4956-a773-c14a36d6a1ae (type: security_group_rules) to 0 [pid: 8|app: 0|req: 1107/2158] 10.0.0.91 () {34 vars in 694 bytes} [Fri Feb 27 23:15:18 2026] POST /v2.0/security-group-rules => generated 596 bytes in 189 msecs (HTTP/1.1 201) 4 headers in 162 bytes (1 switches on core 0)
2026-02-27 23:15:18.769 8 INFO neutron.db.ovn_revision_numbers_db [None req-ad9521d1-9bd0-40aa-9f8e-51512c47723d b7fbb6f1566f4656a8b53ea704b8b530 a6de47cd5cee4f0087da7a6cf200d36a - - default default] Successfully bumped revision number for resource 04072972-e8e2-4802-b585-0c28823aa3fa (type: security_group_rules) to 0 [pid: 7|app: 0|req: 1052/2159] 10.0.0.91 () {32 vars in 725 bytes} [Fri Feb 27 23:15:18 2026] DELETE /v2.0/networks/1b1fcd5f-80c1-4ade-97f5-17042c9ec534 => generated 0 bytes in 413 msecs (HTTP/1.1 204) 3 headers in 131 bytes (1 switches on core 0) [pid: 8|app: 0|req: 1108/2160] 10.0.0.91 () {34 vars in 694 bytes} [Fri Feb 27 23:15:18 2026] POST /v2.0/security-group-rules => generated 602 bytes in 221 msecs (HTTP/1.1 201) 4 headers in 162 bytes (1 switches on core 0) [pid: 7|app: 0|req: 1053/2161] 10.0.0.201 () {34 vars in 1094 bytes} [Fri Feb 27 23:15:18 2026] GET /v2.0/security-groups?name=tempest-lb_member_SG-390658985&fields=id&tenant_id=fcb6f4ab236f4c15b63ecfa376e6d250 => generated 69 bytes in 28 msecs (HTTP/1.1 200) 4 headers in 156 bytes (1 switches on core 0)
2026-02-27 23:15:18.923 8 INFO neutron_taas.services.taas.taas_plugin [None req-306f5b96-b37f-4271-90ff-1977bf96f7b5 ef6d37ecef7a44de94cd289abcbac080 dd74d0158eb7461b84e9cd3c69efb284 - - default default] TaaS: Handle Delete Port: 896f9350-ebca-4d9e-b7d0-38b3d84cbde3
2026-02-27 23:15:18.926 8 INFO neutron_taas.services.taas.tap_mirror_plugin [None req-306f5b96-b37f-4271-90ff-1977bf96f7b5 ef6d37ecef7a44de94cd289abcbac080 dd74d0158eb7461b84e9cd3c69efb284 - - default default] Tap Mirror: Handle Delete Port: 896f9350-ebca-4d9e-b7d0-38b3d84cbde3
2026-02-27 23:15:18.994 7 INFO neutron.db.ovn_revision_numbers_db [None req-6cda81c5-a9cd-47b3-a8b5-1d1aa300408b b7fbb6f1566f4656a8b53ea704b8b530 a6de47cd5cee4f0087da7a6cf200d36a - - default default] Successfully bumped revision number for resource 40165b0c-63e4-4452-9992-0aa0e8f60d3b (type: security_group_rules) to 0 [pid: 7|app: 0|req: 1054/2162] 10.0.0.91 () {34 vars in 694 bytes} [Fri Feb 27 23:15:18 2026] POST /v2.0/security-group-rules => generated 601 bytes in 221 msecs (HTTP/1.1 201) 4 headers in 162 bytes (1 switches on core 0) [pid: 7|app: 0|req: 1055/2163] 10.0.0.201 () {34 vars in 982 bytes} [Fri Feb 27 23:15:19 2026] GET /v2.0/networks?id=18d85dae-ae06-4d78-b83d-a24b746b5e71 => generated 743 bytes in 68 msecs (HTTP/1.1 200) 4 headers in 157 bytes (1 switches on core 0)
2026-02-27 23:15:19.152 7 INFO neutron.db.securitygroups_db [None req-a9084c15-553c-4d2b-bff8-fbe85bf836a6 b7fbb6f1566f4656a8b53ea704b8b530 a6de47cd5cee4f0087da7a6cf200d36a - - default default] Project a6de47cd5cee4f0087da7a6cf200d36a added a security group rule with legacy IPv6 ICMP protocol name icmp, ipv6-icmp should be used instead. It was automatically converted. [pid: 8|app: 0|req: 1109/2164] 10.0.0.91 () {32 vars in 725 bytes} [Fri Feb 27 23:15:18 2026] DELETE /v2.0/networks/15927d66-1a70-4ba8-b7db-490c8400099f => generated 0 bytes in 390 msecs (HTTP/1.1 204) 3 headers in 131 bytes (1 switches on core 0) [pid: 8|app: 0|req: 1110/2165] 10.0.0.201 () {34 vars in 965 bytes} [Fri Feb 27 23:15:19 2026] GET /v2.0/quotas/fcb6f4ab236f4c15b63ecfa376e6d250 => generated 292 bytes in 16 msecs (HTTP/1.1 200) 4 headers in 157 bytes (1 switches on core 0)
2026-02-27 23:15:19.304 7 INFO neutron.db.ovn_revision_numbers_db [None req-a9084c15-553c-4d2b-bff8-fbe85bf836a6 b7fbb6f1566f4656a8b53ea704b8b530 a6de47cd5cee4f0087da7a6cf200d36a - - default default] Successfully bumped revision number for resource fd3794f3-de51-4fc8-a1af-5c999b1fc447 (type: security_group_rules) to 0
2026-02-27 23:15:19.342 7 INFO neutron.services.segments.plugin [-] Segment 10c409c0-5d12-4f73-a0bd-ccf282baf537 resource provider aggregate not found
2026-02-27 23:15:19.346 7 INFO neutron.services.segments.plugin [-] Segment 10c409c0-5d12-4f73-a0bd-ccf282baf537 resource provider aggregate not found [pid: 7|app: 0|req: 1056/2166] 10.0.0.91 () {34 vars in 694 bytes} [Fri Feb 27 23:15:19 2026] POST /v2.0/security-group-rules => generated 607 bytes in 242 msecs (HTTP/1.1 201) 4 headers in 162 bytes (1 switches on core 0)
2026-02-27 23:15:19.359 7 INFO neutron.services.segments.plugin [-] Segment 10c409c0-5d12-4f73-a0bd-ccf282baf537 resource provider not found; error: Placement Client Error (4xx): {"errors": [{"status": 404, "title": "Not Found", "detail": "The resource could not be found.\n\n No resource provider with uuid 10c409c0-5d12-4f73-a0bd-ccf282baf537 found for delete ", "request_id": "req-e810734b-40b4-4510-b533-33265130d10d"}]}
2026-02-27 23:15:19.364 7 INFO neutron.services.segments.plugin [-] Segment 10c409c0-5d12-4f73-a0bd-ccf282baf537 resource provider not found; error: Placement Client Error (4xx): {"errors": [{"status": 404, "title": "Not Found", "detail": "The resource could not be found.\n\n No resource provider with uuid 10c409c0-5d12-4f73-a0bd-ccf282baf537 found for delete ", "request_id": "req-29487d44-157c-4605-8099-921e2d0baf9c"}]}
2026-02-27 23:15:19.394 7 INFO neutron.db.securitygroups_db [None req-24167e7a-1c1f-4349-8a89-02f5c3531cfe b7fbb6f1566f4656a8b53ea704b8b530 a6de47cd5cee4f0087da7a6cf200d36a - - default default] Project a6de47cd5cee4f0087da7a6cf200d36a added a security group rule with legacy IPv6 ICMP protocol name icmp, ipv6-icmp should be used instead. It was automatically converted. [pid: 8|app: 0|req: 1111/2167] 10.0.0.201 () {34 vars in 1002 bytes} [Fri Feb 27 23:15:19 2026] GET /v2.0/ports?tenant_id=fcb6f4ab236f4c15b63ecfa376e6d250&fields=id => generated 287 bytes in 169 msecs (HTTP/1.1 200) 4 headers in 157 bytes (1 switches on core 0) [pid: 8|app: 0|req: 1112/2168] 10.0.0.201 () {34 vars in 1008 bytes} [Fri Feb 27 23:15:19 2026] GET /v2.0/networks/18d85dae-ae06-4d78-b83d-a24b746b5e71?fields=segments => generated 14 bytes in 46 msecs (HTTP/1.1 200) 4 headers in 156 bytes (1 switches on core 0)
