2026-02-27 23:14:55.601 8 WARNING neutron.api.rpc.agentnotifiers.dhcp_rpc_agent_api [None req-2d6cdfdd-43a7-4fd4-bd32-c9d9b793a8a8 e2078ae0d0254b62a6b25548c145ad42 98319805686e4bcc87f0e1080d6376b3 - - default default] Unable to schedule network 300129f4-b4c2-4779-8272-11c26a803972: no agents available; will retry on subsequent port and subnet creation events.
2026-02-27 23:14:55.666 7 INFO neutron.plugins.ml2.drivers.ovn.mech_driver.mech_driver [None req-9d7ec3b9-b704-46f8-9850-d82cc88b11d1 - - - - - -] OVN reports status down for port: d959fb8b-941a-4c54-af80-badc9b621479
2026-02-27 23:14:55.715 8 INFO neutron.db.ovn_revision_numbers_db [None req-2d6cdfdd-43a7-4fd4-bd32-c9d9b793a8a8 e2078ae0d0254b62a6b25548c145ad42 98319805686e4bcc87f0e1080d6376b3 - - default default] Successfully bumped revision number for resource d959fb8b-941a-4c54-af80-badc9b621479 (type: ports) to 1 [pid: 8|app: 0|req: 1056/2063] 10.0.0.91 () {34 vars in 669 bytes} [Fri Feb 27 23:14:55 2026] POST /v2.0/networks => generated 748 bytes in 478 msecs (HTTP/1.1 201) 4 headers in 162 bytes (1 switches on core 0) [pid: 8|app: 0|req: 1057/2064] 10.0.0.201 () {34 vars in 990 bytes} [Fri Feb 27 23:14:55 2026] GET /v2.0/ports?device_id=cc75158f-0112-4dbd-94cd-39db539c64d9 => generated 975 bytes in 41 msecs (HTTP/1.1 200) 4 headers in 157 bytes (1 switches on core 0)
2026-02-27 23:14:55.892 7 WARNING neutron.scheduler.dhcp_agent_scheduler [None req-cc8339a2-0311-4b8f-b281-7db14a7d1f73 e2078ae0d0254b62a6b25548c145ad42 98319805686e4bcc87f0e1080d6376b3 - - default default] No more DHCP agents
2026-02-27 23:14:55.895 7 WARNING neutron.api.rpc.agentnotifiers.dhcp_rpc_agent_api [None req-cc8339a2-0311-4b8f-b281-7db14a7d1f73 e2078ae0d0254b62a6b25548c145ad42 98319805686e4bcc87f0e1080d6376b3 - - default default] Unable to schedule network 300129f4-b4c2-4779-8272-11c26a803972: no agents available; will retry on subsequent port and subnet creation events. [pid: 8|app: 0|req: 1058/2065] 10.0.0.201 () {34 vars in 1040 bytes} [Fri Feb 27 23:14:55 2026] GET /v2.0/security-groups?id=ef892c11-217c-49a6-9fab-7787aca636a3&fields=id&fields=name => generated 88 bytes in 27 msecs (HTTP/1.1 200) 4 headers in 156 bytes (1 switches on core 0)
2026-02-27 23:14:56.362 7 INFO neutron.db.ovn_revision_numbers_db [None req-c49608bc-d528-41d8-87ed-b4b9b6a55721 - - - - - -] Successfully bumped revision number for resource d959fb8b-941a-4c54-af80-badc9b621479 (type: ports) to 2
2026-02-27 23:14:56.406 7 INFO neutron.db.ovn_revision_numbers_db [None req-c49608bc-d528-41d8-87ed-b4b9b6a55721 - - - - - -] Successfully bumped revision number for resource 9c173480-43d4-41d2-b8f7-ab7c6addd8eb (type: subnets) to 0 [pid: 7|app: 0|req: 1008/2066] 10.0.0.91 () {34 vars in 668 bytes} [Fri Feb 27 23:14:55 2026] POST /v2.0/subnets => generated 647 bytes in 674 msecs (HTTP/1.1 201) 4 headers in 162 bytes (1 switches on core 0)
2026-02-27 23:14:56.436 8 WARNING neutron.api.v2.base [None req-4e152ec0-c181-4e5f-a170-0a289122c53b e2078ae0d0254b62a6b25548c145ad42 98319805686e4bcc87f0e1080d6376b3 - - default default] An exception happened while processing the request body. The exception message is [Invalid input for target_tenant. Reason: '1234123412341234123412341234123412341234123412341234123412341234123412341234123412341234123412341234123412341234123412341234123412341234123412341234123412341234123412341234123412341234123412341234123412341234123412341234123412341234123412341234123412341234123412341234123412341234123412341234123412341234123412341234123412341234123412341234123412341234123412341234123412341234123412341234123412341234' exceeds maximum length of 255.].: webob.exc.HTTPBadRequest: Invalid input for target_tenant. Reason: '1234123412341234123412341234123412341234123412341234123412341234123412341234123412341234123412341234123412341234123412341234123412341234123412341234123412341234123412341234123412341234123412341234123412341234123412341234123412341234123412341234123412341234123412341234123412341234123412341234123412341234123412341234123412341234123412341234123412341234123412341234123412341234123412341234123412341234' exceeds maximum length of 255.
2026-02-27 23:14:56.436 8 INFO neutron.api.v2.resource [None req-4e152ec0-c181-4e5f-a170-0a289122c53b e2078ae0d0254b62a6b25548c145ad42 98319805686e4bcc87f0e1080d6376b3 - - default default] create failed (client error): Invalid input for target_tenant. Reason: '1234123412341234123412341234123412341234123412341234123412341234123412341234123412341234123412341234123412341234123412341234123412341234123412341234123412341234123412341234123412341234123412341234123412341234123412341234123412341234123412341234123412341234123412341234123412341234123412341234123412341234123412341234123412341234123412341234123412341234123412341234123412341234123412341234123412341234' exceeds maximum length of 255. [pid: 8|app: 0|req: 1059/2067] 10.0.0.91 () {34 vars in 680 bytes} [Fri Feb 27 23:14:56 2026] POST /v2.0/rbac-policies => generated 547 bytes in 10 msecs (HTTP/1.1 400) 4 headers in 166 bytes (1 switches on core 0)
2026-02-27 23:14:56.579 7 INFO neutron_taas.services.taas.taas_plugin [None req-64f71db1-764b-4324-adc9-e1959c5813f7 e2078ae0d0254b62a6b25548c145ad42 98319805686e4bcc87f0e1080d6376b3 - - default default] TaaS: Handle Delete Port: d959fb8b-941a-4c54-af80-badc9b621479
2026-02-27 23:14:56.582 7 INFO neutron_taas.services.taas.tap_mirror_plugin [None req-64f71db1-764b-4324-adc9-e1959c5813f7 e2078ae0d0254b62a6b25548c145ad42 98319805686e4bcc87f0e1080d6376b3 - - default default] Tap Mirror: Handle Delete Port: d959fb8b-941a-4c54-af80-badc9b621479
2026-02-27 23:14:56.926 7 INFO neutron.plugins.ml2.drivers.ovn.mech_driver.mech_driver [None req-9d7ec3b9-b704-46f8-9850-d82cc88b11d1 - - - - - -] OVN reports status down for port: 936f1ea0-0548-4cef-bb1a-fc0b61140f1c [pid: 8|app: 0|req: 1060/2068] 10.0.0.201 () {34 vars in 990 bytes} [Fri Feb 27 23:14:56 2026] GET /v2.0/ports?device_id=cc75158f-0112-4dbd-94cd-39db539c64d9 => generated 975 bytes in 50 msecs (HTTP/1.1 200) 4 headers in 157 bytes (1 switches on core 0) [pid: 7|app: 0|req: 1009/2069] 10.0.0.91 () {32 vars in 725 bytes} [Fri Feb 27 23:14:56 2026] DELETE /v2.0/networks/300129f4-b4c2-4779-8272-11c26a803972 => generated 0 bytes in 606 msecs (HTTP/1.1 204) 3 headers in 131 bytes (1 switches on core 0) [pid: 7|app: 0|req: 1010/2070] 10.0.0.201 () {34 vars in 1040 bytes} [Fri Feb 27 23:14:57 2026] GET /v2.0/security-groups?id=ef892c11-217c-49a6-9fab-7787aca636a3&fields=id&fields=name => generated 88 bytes in 77 msecs (HTTP/1.1 200) 4 headers in 156 bytes (1 switches on core 0)
2026-02-27 23:14:57.144 7 INFO neutron.notifiers.nova [-] Nova event matching ['req-68bf6e9f-3170-49c2-832c-a12da7fec479'] response: {'server_uuid': 'cc75158f-0112-4dbd-94cd-39db539c64d9', 'name': 'network-vif-unplugged', 'status': 'completed', 'tag': '936f1ea0-0548-4cef-bb1a-fc0b61140f1c', 'code': 200}
2026-02-27 23:14:57.148 8 INFO neutron.db.segments_db [None req-058ab90f-ad24-4d24-b26f-4ae7a783e833 e2078ae0d0254b62a6b25548c145ad42 98319805686e4bcc87f0e1080d6376b3 - - default default] Added segment d73189b1-351f-42ae-b0bd-1fff703c4eca of type geneve for network 418ac54d-737c-4b19-bc05-0fa36e9b4c44
2026-02-27 23:14:57.234 7 INFO neutron.services.segments.plugin [-] Segment 57514738-4376-446a-ad84-805e0155b179 resource provider aggregate not found
2026-02-27 23:14:57.239 7 INFO neutron.services.segments.plugin [-] Segment 57514738-4376-446a-ad84-805e0155b179 resource provider aggregate not found
2026-02-27 23:14:57.251 7 INFO neutron.services.segments.plugin [-] Segment 57514738-4376-446a-ad84-805e0155b179 resource provider not found; error: Placement Client Error (4xx): {"errors": [{"status": 404, "title": "Not Found", "detail": "The resource could not be found.\n\n No resource provider with uuid 57514738-4376-446a-ad84-805e0155b179 found for delete ", "request_id": "req-c860a487-53e2-4930-ae70-495670b1f54a"}]}
2026-02-27 23:14:57.259 7 INFO neutron.services.segments.plugin [-] Segment 57514738-4376-446a-ad84-805e0155b179 resource provider not found; error: Placement Client Error (4xx): {"errors": [{"status": 404, "title": "Not Found", "detail": "The resource could not be found.\n\n No resource provider with uuid 57514738-4376-446a-ad84-805e0155b179 found for delete ", "request_id": "req-7cf80ad4-1a5b-40d6-8ece-92bf73421f31"}]}
2026-02-27 23:14:57.266 7 INFO neutron.db.ovn_revision_numbers_db [None req-9d7ec3b9-b704-46f8-9850-d82cc88b11d1 - - - - - -] Successfully bumped revision number for resource 936f1ea0-0548-4cef-bb1a-fc0b61140f1c (type: ports) to 6
2026-02-27 23:14:57.299 8 INFO neutron.db.ovn_revision_numbers_db [None req-058ab90f-ad24-4d24-b26f-4ae7a783e833 e2078ae0d0254b62a6b25548c145ad42 98319805686e4bcc87f0e1080d6376b3 - - default default] Successfully bumped revision number for resource 418ac54d-737c-4b19-bc05-0fa36e9b4c44 (type: networks) to 1
2026-02-27 23:14:57.487 8 WARNING neutron.scheduler.dhcp_agent_scheduler [None req-058ab90f-ad24-4d24-b26f-4ae7a783e833 e2078ae0d0254b62a6b25548c145ad42 98319805686e4bcc87f0e1080d6376b3 - - default default] No more DHCP agents
2026-02-27 23:14:57.488 8 WARNING neutron.api.rpc.agentnotifiers.dhcp_rpc_agent_api [None req-058ab90f-ad24-4d24-b26f-4ae7a783e833 e2078ae0d0254b62a6b25548c145ad42 98319805686e4bcc87f0e1080d6376b3 - - default default] Unable to schedule network 418ac54d-737c-4b19-bc05-0fa36e9b4c44: no agents available; will retry on subsequent port and subnet creation events.
2026-02-27 23:14:57.557 7 INFO neutron.plugins.ml2.drivers.ovn.mech_driver.mech_driver [None req-bd0d27fc-d9db-4f7a-af84-fb32f3acf503 - - - - - -] OVN reports status down for port: b955570c-12a4-41d7-a901-062f314975c2
2026-02-27 23:14:57.600 8 INFO neutron.db.ovn_revision_numbers_db [None req-058ab90f-ad24-4d24-b26f-4ae7a783e833 e2078ae0d0254b62a6b25548c145ad42 98319805686e4bcc87f0e1080d6376b3 - - default default] Successfully bumped revision number for resource b955570c-12a4-41d7-a901-062f314975c2 (type: ports) to 1 [pid: 8|app: 0|req: 1061/2071] 10.0.0.91 () {34 vars in 669 bytes} [Fri Feb 27 23:14:57 2026] POST /v2.0/networks => generated 748 bytes in 567 msecs (HTTP/1.1 201) 4 headers in 162 bytes (1 switches on core 0) /var/lib/openstack/lib/python3.12/site-packages/pycadf/identifier.py:70: UserWarning: Invalid uuid: neutron. To ensure interoperability, identifiers should be a valid uuid. warnings.warn(('Invalid uuid: %s. To ensure interoperability, '
2026-02-27 23:14:57.740 7 WARNING neutron.scheduler.dhcp_agent_scheduler [None req-32e7d936-3a37-43ca-9301-a3cb8b7016c1 e2078ae0d0254b62a6b25548c145ad42 98319805686e4bcc87f0e1080d6376b3 - - default default] No more DHCP agents
2026-02-27 23:14:57.741 7 WARNING neutron.api.rpc.agentnotifiers.dhcp_rpc_agent_api [None req-32e7d936-3a37-43ca-9301-a3cb8b7016c1 e2078ae0d0254b62a6b25548c145ad42 98319805686e4bcc87f0e1080d6376b3 - - default default] Unable to schedule network 418ac54d-737c-4b19-bc05-0fa36e9b4c44: no agents available; will retry on subsequent port and subnet creation events. [pid: 8|app: 0|req: 1062/2072] 162.253.55.36 () {34 vars in 993 bytes} [Fri Feb 27 23:14:58 2026] GET /v2.0/ports?device_id=cc75158f-0112-4dbd-94cd-39db539c64d9 => generated 973 bytes in 75 msecs (HTTP/1.1 200) 4 headers in 157 bytes (1 switches on core 0)
2026-02-27 23:14:58.172 7 INFO neutron.db.ovn_revision_numbers_db [None req-4bc57858-a2fa-4884-94c3-76088116b68b - - - - - -] Successfully bumped revision number for resource b955570c-12a4-41d7-a901-062f314975c2 (type: ports) to 2
2026-02-27 23:14:58.203 7 INFO neutron.db.ovn_revision_numbers_db [None req-4bc57858-a2fa-4884-94c3-76088116b68b - - - - - -] Successfully bumped revision number for resource 027b1a80-5d71-436d-847f-3cb251e88dad (type: subnets) to 0 [pid: 7|app: 0|req: 1011/2073] 10.0.0.91 () {34 vars in 668 bytes} [Fri Feb 27 23:14:57 2026] POST /v2.0/subnets => generated 647 bytes in 597 msecs (HTTP/1.1 201) 4 headers in 162 bytes (1 switches on core 0) [pid: 7|app: 0|req: 1012/2074] 10.0.0.201 () {34 vars in 990 bytes} [Fri Feb 27 23:14:58 2026] GET /v2.0/ports?device_id=cc75158f-0112-4dbd-94cd-39db539c64d9 => generated 973 bytes in 40 msecs (HTTP/1.1 200) 4 headers in 157 bytes (1 switches on core 0)
2026-02-27 23:14:58.321 8 INFO neutron_taas.services.taas.taas_plugin [req-64dac5c3-a50e-4ece-afd1-b30f19a7466a req-a17f578a-b532-48f4-9ebe-efd0079d1bf2 c13a778fc17c42dea67096678a188d03 1e88cebf180d49b188164415af7e536b - - default default] TaaS: Handle Delete Port: 936f1ea0-0548-4cef-bb1a-fc0b61140f1c
2026-02-27 23:14:58.324 8 INFO neutron_taas.services.taas.tap_mirror_plugin [req-64dac5c3-a50e-4ece-afd1-b30f19a7466a req-a17f578a-b532-48f4-9ebe-efd0079d1bf2 c13a778fc17c42dea67096678a188d03 1e88cebf180d49b188164415af7e536b - - default default] Tap Mirror: Handle Delete Port: 936f1ea0-0548-4cef-bb1a-fc0b61140f1c [pid: 7|app: 0|req: 1013/2075] 10.0.0.91 () {34 vars in 680 bytes} [Fri Feb 27 23:14:58 2026] POST /v2.0/rbac-policies => generated 324 bytes in 243 msecs (HTTP/1.1 201) 4 headers in 162 bytes (1 switches on core 0) [pid: 8|app: 0|req: 1063/2076] 162.253.55.36 () {36 vars in 996 bytes} [Fri Feb 27 23:14:58 2026] DELETE /v2.0/ports/936f1ea0-0548-4cef-bb1a-fc0b61140f1c => generated 0 bytes in 375 msecs (HTTP/1.1 204) 3 headers in 131 bytes (1 switches on core 0) [pid: 7|app: 0|req: 1014/2077] 10.0.0.201 () {34 vars in 1040 bytes} [Fri Feb 27 23:14:58 2026] GET /v2.0/security-groups?id=ef892c11-217c-49a6-9fab-7787aca636a3&fields=id&fields=name => generated 88 bytes in 43 msecs (HTTP/1.1 200) 4 headers in 156 bytes (1 switches on core 0)
2026-02-27 23:14:58.578 8 INFO neutron.notifiers.nova [-] Nova event matching ['req-42416660-3650-478d-9161-60664245c1cc'] response: {'server_uuid': 'cc75158f-0112-4dbd-94cd-39db539c64d9', 'name': 'network-vif-deleted', 'tag': '936f1ea0-0548-4cef-bb1a-fc0b61140f1c', 'status': 'completed', 'code': 200} [pid: 8|app: 0|req: 1064/2078] 10.0.0.91 () {32 vars in 722 bytes} [Fri Feb 27 23:14:58 2026] GET /v2.0/networks/418ac54d-737c-4b19-bc05-0fa36e9b4c44 => generated 692 bytes in 205 msecs (HTTP/1.1 200) 4 headers in 157 bytes (1 switches on core 0)
2026-02-27 23:14:59.199 7 INFO neutron.notifiers.nova [-] Nova event matching ['req-eaf738b7-6f8f-4ca8-bf07-5694b1f64cff'] response: {'server_uuid': 'cc75158f-0112-4dbd-94cd-39db539c64d9', 'name': 'network-vif-unplugged', 'status': 'completed', 'tag': '936f1ea0-0548-4cef-bb1a-fc0b61140f1c', 'code': 200}
2026-02-27 23:14:59.507 7 INFO neutron.pecan_wsgi.hooks.translation [None req-955c7ff3-6213-4ea0-8496-f74f4a63eedd b68bd3c3f14e44099132fcc0e4391fa5 9ccde23fbe344545b97c1ed7eb9eb9fe - - default default] GET failed (client error): The resource could not be found. [pid: 7|app: 0|req: 1015/2079] 10.0.0.91 () {32 vars in 722 bytes} [Fri Feb 27 23:14:59 2026] GET /v2.0/networks/418ac54d-737c-4b19-bc05-0fa36e9b4c44 => generated 138 bytes in 59 msecs (HTTP/1.1 404) 4 headers in 164 bytes (1 switches on core 0)
2026-02-27 23:14:59.662 8 INFO neutron_taas.services.taas.taas_plugin [None req-7cb123ca-d918-40ea-8f4c-dd839d049ac3 e2078ae0d0254b62a6b25548c145ad42 98319805686e4bcc87f0e1080d6376b3 - - default default] TaaS: Handle Delete Port: b955570c-12a4-41d7-a901-062f314975c2
2026-02-27 23:14:59.665 8 INFO neutron_taas.services.taas.tap_mirror_plugin [None req-7cb123ca-d918-40ea-8f4c-dd839d049ac3 e2078ae0d0254b62a6b25548c145ad42 98319805686e4bcc87f0e1080d6376b3 - - default default] Tap Mirror: Handle Delete Port: b955570c-12a4-41d7-a901-062f314975c2
2026-02-27 23:14:59.839 7 INFO neutron.db.ovn_revision_numbers_db [None req-8e67927f-adab-484c-b8b5-b576d165dcfe 3af41fe7e40d42c7afafda59e1f6d559 fcb6f4ab236f4c15b63ecfa376e6d250 - - default default] Successfully bumped revision number for resource 0da8cd4e-2e51-4aaa-86a4-c19101e1bffe (type: security_groups) to 1
2026-02-27 23:14:59.855 7 INFO neutron.db.ovn_revision_numbers_db [None req-8e67927f-adab-484c-b8b5-b576d165dcfe 3af41fe7e40d42c7afafda59e1f6d559 fcb6f4ab236f4c15b63ecfa376e6d250 - - default default] Successfully bumped revision number for resource 01219a75-8b93-4eec-8daa-4f8cfcf6867d (type: security_group_rules) to 0
2026-02-27 23:14:59.867 7 INFO neutron.db.ovn_revision_numbers_db [None req-8e67927f-adab-484c-b8b5-b576d165dcfe 3af41fe7e40d42c7afafda59e1f6d559 fcb6f4ab236f4c15b63ecfa376e6d250 - - default default] Successfully bumped revision number for resource 02aad730-c7ec-4d9d-8a5c-0571ca6901b7 (type: security_group_rules) to 0
2026-02-27 23:14:59.878 7 INFO neutron.db.ovn_revision_numbers_db [None req-8e67927f-adab-484c-b8b5-b576d165dcfe 3af41fe7e40d42c7afafda59e1f6d559 fcb6f4ab236f4c15b63ecfa376e6d250 - - default default] Successfully bumped revision number for resource 26d0b60e-1810-4b01-9d9b-20c929a22492 (type: security_group_rules) to 0
2026-02-27 23:14:59.890 7 INFO neutron.db.ovn_revision_numbers_db [None req-8e67927f-adab-484c-b8b5-b576d165dcfe 3af41fe7e40d42c7afafda59e1f6d559 fcb6f4ab236f4c15b63ecfa376e6d250 - - default default] Successfully bumped revision number for resource fd013d81-a763-4090-8b51-e5d7ac3704e3 (type: security_group_rules) to 0
2026-02-27 23:14:59.971 7 INFO neutron.db.segments_db [None req-8e67927f-adab-484c-b8b5-b576d165dcfe 3af41fe7e40d42c7afafda59e1f6d559 fcb6f4ab236f4c15b63ecfa376e6d250 - - default default] Added segment 52d997b1-4d1e-4eaf-8e7d-62b8585e25a7 of type geneve for network be6777cb-9475-4d78-8aa2-b7ad6da212c6
2026-02-27 23:15:00.024 8 INFO neutron.services.segments.plugin [-] Segment d73189b1-351f-42ae-b0bd-1fff703c4eca resource provider aggregate not found
2026-02-27 23:15:00.029 8 INFO neutron.services.segments.plugin [-] Segment d73189b1-351f-42ae-b0bd-1fff703c4eca resource provider aggregate not found
2026-02-27 23:15:00.046 8 INFO neutron.services.segments.plugin [-] Segment d73189b1-351f-42ae-b0bd-1fff703c4eca resource provider not found; error: Placement Client Error (4xx): {"errors": [{"status": 404, "title": "Not Found", "detail": "The resource could not be found.\n\n No resource provider with uuid d73189b1-351f-42ae-b0bd-1fff703c4eca found for delete ", "request_id": "req-db39fd5a-9b23-47e4-ae10-440568b90a62"}]}
2026-02-27 23:15:00.051 8 INFO neutron.services.segments.plugin [-] Segment d73189b1-351f-42ae-b0bd-1fff703c4eca resource provider not found; error: Placement Client Error (4xx): {"errors": [{"status": 404, "title": "Not Found", "detail": "The resource could not be found.\n\n No resource provider with uuid d73189b1-351f-42ae-b0bd-1fff703c4eca found for delete ", "request_id": "req-3e9ffd79-6d2c-4fd6-9224-1e8c1b1d3765"}]} [pid: 8|app: 0|req: 1065/2080] 10.0.0.91 () {32 vars in 725 bytes} [Fri Feb 27 23:14:59 2026] DELETE /v2.0/networks/418ac54d-737c-4b19-bc05-0fa36e9b4c44 => generated 0 bytes in 591 msecs (HTTP/1.1 204) 3 headers in 131 bytes (1 switches on core 0)
2026-02-27 23:15:00.118 7 INFO neutron.db.ovn_revision_numbers_db [None req-8e67927f-adab-484c-b8b5-b576d165dcfe 3af41fe7e40d42c7afafda59e1f6d559 fcb6f4ab236f4c15b63ecfa376e6d250 - - default default] Successfully bumped revision number for resource be6777cb-9475-4d78-8aa2-b7ad6da212c6 (type: networks) to 1 [pid: 8|app: 0|req: 1066/2081] 10.0.0.201 () {34 vars in 990 bytes} [Fri Feb 27 23:15:00 2026] GET /v2.0/ports?device_id=cc75158f-0112-4dbd-94cd-39db539c64d9 => generated 12 bytes in 25 msecs (HTTP/1.1 200) 4 headers in 156 bytes (1 switches on core 0)
2026-02-27 23:15:00.139 8 INFO neutron.pecan_wsgi.hooks.translation [None req-f8142909-6b74-4dbf-9437-868b3b9b54b0 e2078ae0d0254b62a6b25548c145ad42 98319805686e4bcc87f0e1080d6376b3 - - default default] DELETE failed (client error): The resource could not be found. [pid: 8|app: 0|req: 1067/2082] 10.0.0.91 () {32 vars in 723 bytes} [Fri Feb 27 23:15:00 2026] DELETE /v2.0/subnets/c8a11963-8eb3-4877-a3c0-1ec4412b867d => generated 136 bytes in 10 msecs (HTTP/1.1 404) 4 headers in 164 bytes (1 switches on core 0)
2026-02-27 23:15:00.158 8 INFO neutron.pecan_wsgi.hooks.translation [None req-b84ee2b3-61d5-4087-8813-e1af524d251f e2078ae0d0254b62a6b25548c145ad42 98319805686e4bcc87f0e1080d6376b3 - - default default] DELETE failed (client error): The resource could not be found. [pid: 8|app: 0|req: 1068/2083] 10.0.0.91 () {32 vars in 723 bytes} [Fri Feb 27 23:15:00 2026] DELETE /v2.0/subnets/9c173480-43d4-41d2-b8f7-ab7c6addd8eb => generated 136 bytes in 16 msecs (HTTP/1.1 404) 4 headers in 164 bytes (1 switches on core 0)
2026-02-27 23:15:00.182 8 INFO neutron.pecan_wsgi.hooks.translation [None req-7253b7ef-1638-4a64-aab9-e55f80460ab9 e2078ae0d0254b62a6b25548c145ad42 98319805686e4bcc87f0e1080d6376b3 - - default default] DELETE failed (client error): The resource could not be found. [pid: 8|app: 0|req: 1069/2084] 10.0.0.91 () {32 vars in 723 bytes} [Fri Feb 27 23:15:00 2026] DELETE /v2.0/subnets/027b1a80-5d71-436d-847f-3cb251e88dad => generated 136 bytes in 16 msecs (HTTP/1.1 404) 4 headers in 164 bytes (1 switches on core 0)
2026-02-27 23:15:00.280 7 WARNING neutron.scheduler.dhcp_agent_scheduler [None req-8e67927f-adab-484c-b8b5-b576d165dcfe 3af41fe7e40d42c7afafda59e1f6d559 fcb6f4ab236f4c15b63ecfa376e6d250 - - default default] No more DHCP agents
2026-02-27 23:15:00.282 7 WARNING neutron.api.rpc.agentnotifiers.dhcp_rpc_agent_api [None req-8e67927f-adab-484c-b8b5-b576d165dcfe 3af41fe7e40d42c7afafda59e1f6d559 fcb6f4ab236f4c15b63ecfa376e6d250 - - default default] Unable to schedule network be6777cb-9475-4d78-8aa2-b7ad6da212c6: no agents available; will retry on subsequent port and subnet creation events.
2026-02-27 23:15:00.346 7 INFO neutron.plugins.ml2.drivers.ovn.mech_driver.mech_driver [None req-bd0d27fc-d9db-4f7a-af84-fb32f3acf503 - - - - - -] OVN reports status down for port: 0d13dab8-baf9-4df2-89ff-b94b7fc6e395
2026-02-27 23:15:00.408 7 INFO neutron.db.ovn_revision_numbers_db [None req-8e67927f-adab-484c-b8b5-b576d165dcfe 3af41fe7e40d42c7afafda59e1f6d559 fcb6f4ab236f4c15b63ecfa376e6d250 - - default default] Successfully bumped revision number for resource 0d13dab8-baf9-4df2-89ff-b94b7fc6e395 (type: ports) to 1 [pid: 7|app: 0|req: 1016/2085] 10.0.0.91 () {34 vars in 669 bytes} [Fri Feb 27 23:14:59 2026] POST /v2.0/networks => generated 658 bytes in 879 msecs (HTTP/1.1 201) 4 headers in 162 bytes (1 switches on core 0)
2026-02-27 23:15:00.676 8 WARNING neutron.scheduler.dhcp_agent_scheduler [None req-4e628a1f-079a-481f-8268-dffd4e6e2628 3af41fe7e40d42c7afafda59e1f6d559 fcb6f4ab236f4c15b63ecfa376e6d250 - - default default] No more DHCP agents
2026-02-27 23:15:00.678 8 WARNING neutron.api.rpc.agentnotifiers.dhcp_rpc_agent_api [None req-4e628a1f-079a-481f-8268-dffd4e6e2628 3af41fe7e40d42c7afafda59e1f6d559 fcb6f4ab236f4c15b63ecfa376e6d250 - - default default] Unable to schedule network be6777cb-9475-4d78-8aa2-b7ad6da212c6: no agents available; will retry on subsequent port and subnet creation events.
2026-02-27 23:15:01.104 8 INFO neutron.db.ovn_revision_numbers_db [None req-67537fbd-8d9a-45ad-8946-7200d405802d - - - - - -] Successfully bumped revision number for resource 0d13dab8-baf9-4df2-89ff-b94b7fc6e395 (type: ports) to 2
2026-02-27 23:15:01.143 8 INFO neutron.db.ovn_revision_numbers_db [None req-67537fbd-8d9a-45ad-8946-7200d405802d - - - - - -] Successfully bumped revision number for resource 6dd27ffc-aae7-47cf-9d01-1348a0812969 (type: subnets) to 0 [pid: 8|app: 0|req: 1070/2086] 10.0.0.91 () {34 vars in 668 bytes} [Fri Feb 27 23:15:00 2026] POST /v2.0/subnets => generated 658 bytes in 702 msecs (HTTP/1.1 201) 4 headers in 162 bytes (1 switches on core 0)
2026-02-27 23:15:01.331 7 INFO neutron.db.ovn_revision_numbers_db [None req-bd1cc9a6-65fb-4c26-ac0b-f5569c323dc6 be650ee55d0d46e1a4c4fad445b5bf43 7030838e1baa43488dc435424d1d870b - - default default] Successfully bumped revision number for resource e8812a65-e8b3-4a8b-b0a5-988aa3c28cf1 (type: security_groups) to 1
2026-02-27 23:15:01.347 7 INFO neutron.db.ovn_revision_numbers_db [None req-bd1cc9a6-65fb-4c26-ac0b-f5569c323dc6 be650ee55d0d46e1a4c4fad445b5bf43 7030838e1baa43488dc435424d1d870b - - default default] Successfully bumped revision number for resource 11d71a91-ac36-4254-8b9f-f66eac9e8bf0 (type: security_group_rules) to 0
2026-02-27 23:15:01.364 7 INFO neutron.db.ovn_revision_numbers_db [None req-bd1cc9a6-65fb-4c26-ac0b-f5569c323dc6 be650ee55d0d46e1a4c4fad445b5bf43 7030838e1baa43488dc435424d1d870b - - default default] Successfully bumped revision number for resource 89f1a62f-6eee-4a2c-96ce-90be4a924774 (type: security_group_rules) to 0
2026-02-27 23:15:01.378 7 INFO neutron.db.ovn_revision_numbers_db [None req-bd1cc9a6-65fb-4c26-ac0b-f5569c323dc6 be650ee55d0d46e1a4c4fad445b5bf43 7030838e1baa43488dc435424d1d870b - - default default] Successfully bumped revision number for resource e8dc52ff-baae-4bf1-abf6-974c8ee97661 (type: security_group_rules) to 0
2026-02-27 23:15:01.390 7 INFO neutron.db.ovn_revision_numbers_db [None req-bd1cc9a6-65fb-4c26-ac0b-f5569c323dc6 be650ee55d0d46e1a4c4fad445b5bf43 7030838e1baa43488dc435424d1d870b - - default default] Successfully bumped revision number for resource fa83f18b-7a15-435d-8a13-68ed83c7dd93 (type: security_group_rules) to 0 [pid: 8|app: 0|req: 1071/2087] 10.0.0.91 () {32 vars in 721 bytes} [Fri Feb 27 23:15:01 2026] GET /v2.0/subnetpools?name=shared-default-subnetpool-v6 => generated 19 bytes in 243 msecs (HTTP/1.1 200) 4 headers in 156 bytes (1 switches on core 0) [pid: 7|app: 0|req: 1017/2088] 10.0.0.91 () {32 vars in 773 bytes} [Fri Feb 27 23:15:00 2026] GET /v2.0/security-groups?tenant_id=69b422922c4e4ec3adf51b5c96145bae&name=default => generated 2925 bytes in 445 msecs (HTTP/1.1 200) 4 headers in 158 bytes (1 switches on core 0) [pid: 8|app: 0|req: 1072/2089] 10.0.0.201 () {34 vars in 990 bytes} [Fri Feb 27 23:15:01 2026] GET /v2.0/ports?device_id=cc75158f-0112-4dbd-94cd-39db539c64d9 => generated 12 bytes in 20 msecs (HTTP/1.1 200) 4 headers in 156 bytes (1 switches on core 0)
2026-02-27 23:15:01.703 7 WARNING neutron.scheduler.dhcp_agent_scheduler [None req-faa05225-6a95-4301-86ef-7da660f705bd 3af41fe7e40d42c7afafda59e1f6d559 fcb6f4ab236f4c15b63ecfa376e6d250 - - default default] No more DHCP agents
2026-02-27 23:15:01.705 7 WARNING neutron.api.rpc.agentnotifiers.dhcp_rpc_agent_api [None req-faa05225-6a95-4301-86ef-7da660f705bd 3af41fe7e40d42c7afafda59e1f6d559 fcb6f4ab236f4c15b63ecfa376e6d250 - - default default] Unable to schedule network be6777cb-9475-4d78-8aa2-b7ad6da212c6: no agents available; will retry on subsequent port and subnet creation events. [pid: 8|app: 0|req: 1073/2090] 10.0.0.91 () {32 vars in 739 bytes} [Fri Feb 27 23:15:01 2026] DELETE /v2.0/security-groups/e8812a65-e8b3-4a8b-b0a5-988aa3c28cf1 => generated 0 bytes in 309 msecs (HTTP/1.1 204) 2 headers in 112 bytes (1 switches on core 0)
2026-02-27 23:15:01.752 7 INFO neutron.db.ovn_revision_numbers_db [None req-faa05225-6a95-4301-86ef-7da660f705bd 3af41fe7e40d42c7afafda59e1f6d559 fcb6f4ab236f4c15b63ecfa376e6d250 - - default default] Successfully bumped revision number for resource 5ba4127d-db6d-4394-949f-6504232365e8 (type: subnets) to 0 [pid: 7|app: 0|req: 1018/2091] 10.0.0.91 () {34 vars in 668 bytes} [Fri Feb 27 23:15:01 2026] POST /v2.0/subnets => generated 731 bytes in 335 msecs (HTTP/1.1 201) 4 headers in 162 bytes (1 switches on core 0)
2026-02-27 23:15:01.875 8 INFO neutron.db.segments_db [None req-9510a918-4da5-48bb-9d0f-d204cfc77fcf 3af41fe7e40d42c7afafda59e1f6d559 fcb6f4ab236f4c15b63ecfa376e6d250 - - default default] Added segment a34912aa-5866-438c-9e8e-dce28df2e3fe of type geneve for network 18d85dae-ae06-4d78-b83d-a24b746b5e71 [pid: 7|app: 0|req: 1019/2092] 10.0.0.91 () {32 vars in 773 bytes} [Fri Feb 27 23:15:01 2026] GET /v2.0/security-groups?tenant_id=98319805686e4bcc87f0e1080d6376b3&name=default => generated 2925 bytes in 29 msecs (HTTP/1.1 200) 4 headers in 158 bytes (1 switches on core 0)
2026-02-27 23:15:02.003 8 INFO neutron.db.ovn_revision_numbers_db [None req-9510a918-4da5-48bb-9d0f-d204cfc77fcf 3af41fe7e40d42c7afafda59e1f6d559 fcb6f4ab236f4c15b63ecfa376e6d250 - - default default] Successfully bumped revision number for resource 18d85dae-ae06-4d78-b83d-a24b746b5e71 (type: networks) to 1 [pid: 7|app: 0|req: 1020/2093] 10.0.0.91 () {32 vars in 739 bytes} [Fri Feb 27 23:15:01 2026] DELETE /v2.0/security-groups/be1f7198-8deb-4f60-9f60-8e4af7e9fcdf => generated 0 bytes in 328 msecs (HTTP/1.1 204) 2 headers in 112 bytes (1 switches on core 0)
2026-02-27 23:15:02.233 8 WARNING neutron.scheduler.dhcp_agent_scheduler [None req-9510a918-4da5-48bb-9d0f-d204cfc77fcf 3af41fe7e40d42c7afafda59e1f6d559 fcb6f4ab236f4c15b63ecfa376e6d250 - - default default] No more DHCP agents
2026-02-27 23:15:02.234 8 WARNING neutron.api.rpc.agentnotifiers.dhcp_rpc_agent_api [None req-9510a918-4da5-48bb-9d0f-d204cfc77fcf 3af41fe7e40d42c7afafda59e1f6d559 fcb6f4ab236f4c15b63ecfa376e6d250 - - default default] Unable to schedule network 18d85dae-ae06-4d78-b83d-a24b746b5e71: no agents available; will retry on subsequent port and subnet creation events.
2026-02-27 23:15:02.299 7 INFO neutron.plugins.ml2.drivers.ovn.mech_driver.mech_driver [None req-bd0d27fc-d9db-4f7a-af84-fb32f3acf503 - - - - - -] OVN reports status down for port: 41d22798-d8f6-42c6-ba00-0f4e2773bb15
2026-02-27 23:15:02.347 8 INFO neutron.db.ovn_revision_numbers_db [None req-9510a918-4da5-48bb-9d0f-d204cfc77fcf 3af41fe7e40d42c7afafda59e1f6d559 fcb6f4ab236f4c15b63ecfa376e6d250 - - default default] Successfully bumped revision number for resource 41d22798-d8f6-42c6-ba00-0f4e2773bb15 (type: ports) to 1 [pid: 8|app: 0|req: 1074/2094] 10.0.0.91 () {34 vars in 669 bytes} [Fri Feb 27 23:15:01 2026] POST /v2.0/networks => generated 657 bytes in 611 msecs (HTTP/1.1 201) 4 headers in 162 bytes (1 switches on core 0)
2026-02-27 23:15:02.540 7 INFO neutron.db.ovn_revision_numbers_db [None req-87f7e999-96ff-40c0-ac81-e22b733f78ac be650ee55d0d46e1a4c4fad445b5bf43 7030838e1baa43488dc435424d1d870b - - default default] Successfully bumped revision number for resource 32863a17-3092-4b7c-bf46-d6acbb3a8b89 (type: security_groups) to 1
2026-02-27 23:15:02.553 7 INFO neutron.db.ovn_revision_numbers_db [None req-87f7e999-96ff-40c0-ac81-e22b733f78ac be650ee55d0d46e1a4c4fad445b5bf43 7030838e1baa43488dc435424d1d870b - - default default] Successfully bumped revision number for resource 064ebd04-3031-4dee-9718-ddec3b125c98 (type: security_group_rules) to 0
2026-02-27 23:15:02.565 7 INFO neutron.db.ovn_revision_numbers_db [None req-87f7e999-96ff-40c0-ac81-e22b733f78ac be650ee55d0d46e1a4c4fad445b5bf43 7030838e1baa43488dc435424d1d870b - - default default] Successfully bumped revision number for resource 289a8595-bbf8-44c9-b89d-8c719e034580 (type: security_group_rules) to 0
2026-02-27 23:15:02.578 7 INFO neutron.db.ovn_revision_numbers_db [None req-87f7e999-96ff-40c0-ac81-e22b733f78ac be650ee55d0d46e1a4c4fad445b5bf43 7030838e1baa43488dc435424d1d870b - - default default] Successfully bumped revision number for resource 621cf2f0-6575-4e91-8def-996d073ab0b4 (type: security_group_rules) to 0
2026-02-27 23:15:02.594 7 INFO neutron.db.ovn_revision_numbers_db [None req-87f7e999-96ff-40c0-ac81-e22b733f78ac be650ee55d0d46e1a4c4fad445b5bf43 7030838e1baa43488dc435424d1d870b - - default default] Successfully bumped revision number for resource e04e93f6-8977-4c43-a1cb-7d82319da1b5 (type: security_group_rules) to 0
2026-02-27 23:15:02.617 8 WARNING neutron.scheduler.dhcp_agent_scheduler [None req-2522e1ce-e975-44bd-ac73-96a6fcab5881 3af41fe7e40d42c7afafda59e1f6d559 fcb6f4ab236f4c15b63ecfa376e6d250 - - default default] No more DHCP agents
2026-02-27 23:15:02.618 8 WARNING neutron.api.rpc.agentnotifiers.dhcp_rpc_agent_api [None req-2522e1ce-e975-44bd-ac73-96a6fcab5881 3af41fe7e40d42c7afafda59e1f6d559 fcb6f4ab236f4c15b63ecfa376e6d250 - - default default] Unable to schedule network 18d85dae-ae06-4d78-b83d-a24b746b5e71: no agents available; will retry on subsequent port and subnet creation events. [pid: 7|app: 0|req: 1021/2095] 10.0.0.91 () {32 vars in 773 bytes} [Fri Feb 27 23:15:02 2026] GET /v2.0/security-groups?tenant_id=9ccde23fbe344545b97c1ed7eb9eb9fe&name=default => generated 2925 bytes in 260 msecs (HTTP/1.1 200) 4 headers in 158 bytes (1 switches on core 0) [pid: 7|app: 0|req: 1022/2096] 10.0.0.91 () {32 vars in 739 bytes} [Fri Feb 27 23:15:02 2026] DELETE /v2.0/security-groups/32863a17-3092-4b7c-bf46-d6acbb3a8b89 => generated 0 bytes in 272 msecs (HTTP/1.1 204) 2 headers in 112 bytes (1 switches on core 0)
2026-02-27 23:15:03.099 8 INFO neutron.db.ovn_revision_numbers_db [None req-634dfafd-6d5d-4375-96b1-ac108170554b - - - - - -] Successfully bumped revision number for resource 41d22798-d8f6-42c6-ba00-0f4e2773bb15 (type: ports) to 2
2026-02-27 23:15:03.127 8 INFO neutron.db.ovn_revision_numbers_db [None req-634dfafd-6d5d-4375-96b1-ac108170554b - - - - - -] Successfully bumped revision number for resource 73eb64fd-d982-4f0e-8ec5-5f9d272eee0c (type: subnets) to 0 [pid: 8|app: 0|req: 1075/2097] 10.0.0.91 () {34 vars in 668 bytes} [Fri Feb 27 23:15:02 2026] POST /v2.0/subnets => generated 656 bytes in 750 msecs (HTTP/1.1 201) 4 headers in 162 bytes (1 switches on core 0)
2026-02-27 23:15:03.391 7 WARNING neutron.scheduler.dhcp_agent_scheduler [None req-86e0f24a-9f62-4020-b939-5961186780f2 3af41fe7e40d42c7afafda59e1f6d559 fcb6f4ab236f4c15b63ecfa376e6d250 - - default default] No more DHCP agents
2026-02-27 23:15:03.393 7 WARNING neutron.api.rpc.agentnotifiers.dhcp_rpc_agent_api [None req-86e0f24a-9f62-4020-b939-5961186780f2 3af41fe7e40d42c7afafda59e1f6d559 fcb6f4ab236f4c15b63ecfa376e6d250 - - default default] Unable to schedule network 18d85dae-ae06-4d78-b83d-a24b746b5e71: no agents available; will retry on subsequent port and subnet creation events.
2026-02-27 23:15:03.442 7 INFO neutron.db.ovn_revision_numbers_db [None req-86e0f24a-9f62-4020-b939-5961186780f2 3af41fe7e40d42c7afafda59e1f6d559 fcb6f4ab236f4c15b63ecfa376e6d250 - - default default] Successfully bumped revision number for resource 6cf6dbcd-a1f5-4a19-9bcb-5f177619f99c (type: subnets) to 0 [pid: 7|app: 0|req: 1023/2098] 10.0.0.91 () {34 vars in 668 bytes} [Fri Feb 27 23:15:03 2026] POST /v2.0/subnets => generated 725 bytes in 313 msecs (HTTP/1.1 201) 4 headers in 162 bytes (1 switches on core 0)
2026-02-27 23:15:03.550 8 INFO neutron.db.segments_db [None req-d743b072-8107-4519-b6d5-d75f83145ae1 3af41fe7e40d42c7afafda59e1f6d559 fcb6f4ab236f4c15b63ecfa376e6d250 - - default default] Added segment 90146dab-815b-45b1-b3f9-300d20086a2f of type geneve for network 185171df-74c2-4af8-ab21-550b32c6570e
2026-02-27 23:15:03.718 8 INFO neutron.db.ovn_revision_numbers_db [None req-d743b072-8107-4519-b6d5-d75f83145ae1 3af41fe7e40d42c7afafda59e1f6d559 fcb6f4ab236f4c15b63ecfa376e6d250 - - default default] Successfully bumped revision number for resource 185171df-74c2-4af8-ab21-550b32c6570e (type: networks) to 1
2026-02-27 23:15:03.897 8 WARNING neutron.scheduler.dhcp_agent_scheduler [None req-d743b072-8107-4519-b6d5-d75f83145ae1 3af41fe7e40d42c7afafda59e1f6d559 fcb6f4ab236f4c15b63ecfa376e6d250 - - default default] No more DHCP agents
2026-02-27 23:15:03.899 8 WARNING neutron.api.rpc.agentnotifiers.dhcp_rpc_agent_api [None req-d743b072-8107-4519-b6d5-d75f83145ae1 3af41fe7e40d42c7afafda59e1f6d559 fcb6f4ab236f4c15b63ecfa376e6d250 - - default default] Unable to schedule network 185171df-74c2-4af8-ab21-550b32c6570e: no agents available; will retry on subsequent port and subnet creation events.
2026-02-27 23:15:03.995 7 INFO neutron.plugins.ml2.drivers.ovn.mech_driver.mech_driver [None req-bd0d27fc-d9db-4f7a-af84-fb32f3acf503 - - - - - -] OVN reports status down for port: 1177c369-451f-4175-a87b-c139414437c3
2026-02-27 23:15:04.010 8 INFO neutron.db.ovn_revision_numbers_db [None req-d743b072-8107-4519-b6d5-d75f83145ae1 3af41fe7e40d42c7afafda59e1f6d559 fcb6f4ab236f4c15b63ecfa376e6d250 - - default default] Successfully bumped revision number for resource 1177c369-451f-4175-a87b-c139414437c3 (type: ports) to 1
2026-02-27 23:15:04.013 7 INFO neutron_taas.services.taas.taas_plugin [None req-eb001c34-9808-4fa2-8632-ff5c16d2040a be650ee55d0d46e1a4c4fad445b5bf43 7030838e1baa43488dc435424d1d870b - - default default] TaaS: Handle Delete Port: 18de6bbb-0aec-45c4-a9b5-83795d2905db
2026-02-27 23:15:04.023 7 INFO neutron_taas.services.taas.tap_mirror_plugin [None req-eb001c34-9808-4fa2-8632-ff5c16d2040a be650ee55d0d46e1a4c4fad445b5bf43 7030838e1baa43488dc435424d1d870b - - default default] Tap Mirror: Handle Delete Port: 18de6bbb-0aec-45c4-a9b5-83795d2905db [pid: 8|app: 0|req: 1076/2099] 10.0.0.91 () {34 vars in 669 bytes} [Fri Feb 27 23:15:03 2026] POST /v2.0/networks => generated 657 bytes in 564 msecs (HTTP/1.1 201) 4 headers in 162 bytes (1 switches on core 0)
2026-02-27 23:15:04.224 8 WARNING neutron.scheduler.dhcp_agent_scheduler [None req-8e796271-5a09-422a-b78d-0d545714a461 3af41fe7e40d42c7afafda59e1f6d559 fcb6f4ab236f4c15b63ecfa376e6d250 - - default default] No more DHCP agents
2026-02-27 23:15:04.225 8 WARNING neutron.api.rpc.agentnotifiers.dhcp_rpc_agent_api [None req-8e796271-5a09-422a-b78d-0d545714a461 3af41fe7e40d42c7afafda59e1f6d559 fcb6f4ab236f4c15b63ecfa376e6d250 - - default default] Unable to schedule network 185171df-74c2-4af8-ab21-550b32c6570e: no agents available; will retry on subsequent port and subnet creation events.
2026-02-27 23:15:04.774 8 INFO neutron.db.ovn_revision_numbers_db [None req-d74a9ad5-eb46-404d-824b-58e6f29f8f4c - - - - - -] Successfully bumped revision number for resource 1177c369-451f-4175-a87b-c139414437c3 (type: ports) to 2
2026-02-27 23:15:04.830 8 INFO neutron.db.ovn_revision_numbers_db [None req-d74a9ad5-eb46-404d-824b-58e6f29f8f4c - - - - - -] Successfully bumped revision number for resource 97661b53-b68c-4ffd-bde7-4d2ee3cd42ab (type: subnets) to 0 [pid: 7|app: 0|req: 1024/2100] 10.0.0.91 () {34 vars in 788 bytes} [Fri Feb 27 23:15:03 2026] PUT /v2.0/routers/60fd18bc-5057-4cbb-8ca2-6e45fc05e588/remove_router_interface => generated 309 bytes in 1207 msecs (HTTP/1.1 200) 4 headers in 157 bytes (1 switches on core 0) [pid: 8|app: 0|req: 1077/2101] 10.0.0.91 () {34 vars in 668 bytes} [Fri Feb 27 23:15:04 2026] POST /v2.0/subnets => generated 655 bytes in 820 msecs (HTTP/1.1 201) 4 headers in 162 bytes (1 switches on core 0) /var/lib/openstack/lib/python3.12/site-packages/pycadf/identifier.py:70: UserWarning: Invalid uuid: neutron. To ensure interoperability, identifiers should be a valid uuid. warnings.warn(('Invalid uuid: %s. To ensure interoperability, '
2026-02-27 23:15:05.079 8 WARNING neutron.scheduler.dhcp_agent_scheduler [None req-39f8666a-8bef-476c-a2f3-4f47b55204e4 3af41fe7e40d42c7afafda59e1f6d559 fcb6f4ab236f4c15b63ecfa376e6d250 - - default default] No more DHCP agents
2026-02-27 23:15:05.081 8 WARNING neutron.api.rpc.agentnotifiers.dhcp_rpc_agent_api [None req-39f8666a-8bef-476c-a2f3-4f47b55204e4 3af41fe7e40d42c7afafda59e1f6d559 fcb6f4ab236f4c15b63ecfa376e6d250 - - default default] Unable to schedule network 185171df-74c2-4af8-ab21-550b32c6570e: no agents available; will retry on subsequent port and subnet creation events.
2026-02-27 23:15:05.124 8 INFO neutron.db.ovn_revision_numbers_db [None req-39f8666a-8bef-476c-a2f3-4f47b55204e4 3af41fe7e40d42c7afafda59e1f6d559 fcb6f4ab236f4c15b63ecfa376e6d250 - - default default] Successfully bumped revision number for resource 5effad24-214e-452c-8b8f-a7df71bdbeb4 (type: subnets) to 0 [pid: 8|app: 0|req: 1078/2102] 10.0.0.91 () {34 vars in 668 bytes} [Fri Feb 27 23:15:04 2026] POST /v2.0/subnets => generated 730 bytes in 274 msecs (HTTP/1.1 201) 4 headers in 162 bytes (1 switches on core 0)
2026-02-27 23:15:05.236 7 INFO neutron_taas.services.taas.taas_plugin [None req-42aa7e7a-4e92-4e55-9f8e-ca76f24086c5 be650ee55d0d46e1a4c4fad445b5bf43 7030838e1baa43488dc435424d1d870b - - default default] TaaS: Handle Delete Port: 8660592d-bf72-47df-9af0-d14a3925d147
2026-02-27 23:15:05.239 7 INFO neutron_taas.services.taas.tap_mirror_plugin [None req-42aa7e7a-4e92-4e55-9f8e-ca76f24086c5 be650ee55d0d46e1a4c4fad445b5bf43 7030838e1baa43488dc435424d1d870b - - default default] Tap Mirror: Handle Delete Port: 8660592d-bf72-47df-9af0-d14a3925d147
2026-02-27 23:15:05.557 8 WARNING neutron.scheduler.dhcp_agent_scheduler [None req-d9fb2354-f4b6-48dc-a542-99a849cce4c1 3af41fe7e40d42c7afafda59e1f6d559 fcb6f4ab236f4c15b63ecfa376e6d250 - - default default] No more DHCP agents
2026-02-27 23:15:05.558 8 WARNING neutron.api.rpc.agentnotifiers.dhcp_rpc_agent_api [None req-d9fb2354-f4b6-48dc-a542-99a849cce4c1 3af41fe7e40d42c7afafda59e1f6d559 fcb6f4ab236f4c15b63ecfa376e6d250 - - default default] Unable to schedule network baf307ee-8f99-4b37-a078-d7ed545034fd: no agents available; will retry on subsequent port and subnet creation events.
2026-02-27 23:15:05.762 7 INFO neutron.plugins.ml2.drivers.ovn.mech_driver.mech_driver [None req-bd0d27fc-d9db-4f7a-af84-fb32f3acf503 - - - - - -] OVN reports status down for port: 36717034-72b8-4a87-bdb4-d45aee536f59
2026-02-27 23:15:05.793 8 INFO neutron.db.ovn_revision_numbers_db [None req-d9fb2354-f4b6-48dc-a542-99a849cce4c1 3af41fe7e40d42c7afafda59e1f6d559 fcb6f4ab236f4c15b63ecfa376e6d250 - - default default] Successfully bumped revision number for resource 36717034-72b8-4a87-bdb4-d45aee536f59 (type: ports) to 1 [pid: 7|app: 0|req: 1025/2105] 10.0.0.91 () {32 vars in 723 bytes} [Fri Feb 27 23:15:04 2026] DELETE /v2.0/routers/60fd18bc-5057-4cbb-8ca2-6e45fc05e588 => generated 0 bytes in 944 msecs (HTTP/1.1 204) 2 headers in 112 bytes (1 switches on core 0) [pid: 7|app: 0|req: 1026/2106] 10.0.0.91 () {32 vars in 723 bytes} [Fri Feb 27 23:15:05 2026] DELETE /v2.0/subnets/2003417d-765f-4e08-9955-398df9dbb91b => generated 0 bytes in 222 msecs (HTTP/1.1 204) 3 headers in 131 bytes (1 switches on core 0)
2026-02-27 23:15:06.158 7 INFO neutron_taas.services.taas.taas_plugin [None req-6055a06f-1799-4437-aa4f-2db8bcf84cb8 be650ee55d0d46e1a4c4fad445b5bf43 7030838e1baa43488dc435424d1d870b - - default default] TaaS: Handle Delete Port: 561951b3-8918-487d-8124-29eb16497f14
2026-02-27 23:15:06.162 7 INFO neutron_taas.services.taas.tap_mirror_plugin [None req-6055a06f-1799-4437-aa4f-2db8bcf84cb8 be650ee55d0d46e1a4c4fad445b5bf43 7030838e1baa43488dc435424d1d870b - - default default] Tap Mirror: Handle Delete Port: 561951b3-8918-487d-8124-29eb16497f14
2026-02-27 23:15:06.352 7 INFO neutron.services.segments.plugin [-] Segment 2037d3b1-eb17-4f1c-9573-40752f7f7ac8 resource provider aggregate not found
2026-02-27 23:15:06.358 7 INFO neutron.services.segments.plugin [-] Segment 2037d3b1-eb17-4f1c-9573-40752f7f7ac8 resource provider aggregate not found
2026-02-27 23:15:06.376 7 INFO neutron.services.segments.plugin [-] Segment 2037d3b1-eb17-4f1c-9573-40752f7f7ac8 resource provider not found; error: Placement Client Error (4xx): {"errors": [{"status": 404, "title": "Not Found", "detail": "The resource could not be found.\n\n No resource provider with uuid 2037d3b1-eb17-4f1c-9573-40752f7f7ac8 found for delete ", "request_id": "req-184010ca-7ca5-41f7-9fcb-e0d00bee41bb"}]}
2026-02-27 23:15:06.379 7 INFO neutron.services.segments.plugin [-] Segment 2037d3b1-eb17-4f1c-9573-40752f7f7ac8 resource provider not found; error: Placement Client Error (4xx): {"errors": [{"status": 404, "title": "Not Found", "detail": "The resource could not be found.\n\n No resource provider with uuid 2037d3b1-eb17-4f1c-9573-40752f7f7ac8 found for delete ", "request_id": "req-c8569ffa-8c77-4df8-9f2a-25520212bc2e"}]} [pid: 7|app: 0|req: 1027/2107] 10.0.0.91 () {32 vars in 725 bytes} [Fri Feb 27 23:15:06 2026] DELETE /v2.0/networks/95d4959c-42d7-4a9b-b99f-db1d295c42ca => generated 0 bytes in 364 msecs (HTTP/1.1 204) 3 headers in 131 bytes (1 switches on core 0)
2026-02-27 23:15:06.496 8 INFO neutron.plugins.ml2.drivers.ovn.mech_driver.ovsdb.commands [-] Schedule LRP lrp-36717034-72b8-4a87-bdb4-d45aee536f59 on gateway fecabbfb-8700-470e-9d33-0fb53b80fd80 with priority 1
2026-02-27 23:15:06.643 8 INFO neutron.db.ovn_revision_numbers_db [None req-d9fb2354-f4b6-48dc-a542-99a849cce4c1 3af41fe7e40d42c7afafda59e1f6d559 fcb6f4ab236f4c15b63ecfa376e6d250 - - default default] Successfully bumped revision number for resource 36717034-72b8-4a87-bdb4-d45aee536f59 (type: router_ports) to 1 [pid: 7|app: 0|req: 1028/2108] 10.0.0.91 () {32 vars in 773 bytes} [Fri Feb 27 23:15:06 2026] GET /v2.0/security-groups?tenant_id=1e88cebf180d49b188164415af7e536b&name=default => generated 2925 bytes in 88 msecs (HTTP/1.1 200) 4 headers in 158 bytes (1 switches on core 0)
2026-02-27 23:15:06.657 7 INFO neutron.plugins.ml2.drivers.ovn.mech_driver.ovsdb.ovsdb_monitor [None req-47329cae-963e-44fa-be56-426855aa134d - - - - - -] Router 45143dca-fdc5-4040-93ad-2609b194e286 is bound to host instance
2026-02-27 23:15:06.704 8 INFO neutron.db.ovn_revision_numbers_db [None req-d9fb2354-f4b6-48dc-a542-99a849cce4c1 3af41fe7e40d42c7afafda59e1f6d559 fcb6f4ab236f4c15b63ecfa376e6d250 - - default default] Successfully bumped revision number for resource 45143dca-fdc5-4040-93ad-2609b194e286 (type: routers) to 2
2026-02-27 23:15:06.714 7 INFO neutron.plugins.ml2.drivers.ovn.mech_driver.mech_driver [None req-bd0d27fc-d9db-4f7a-af84-fb32f3acf503 - - - - - -] OVN reports status up for port: 36717034-72b8-4a87-bdb4-d45aee536f59 [pid: 8|app: 0|req: 1081/2109] 10.0.0.91 () {34 vars in 668 bytes} [Fri Feb 27 23:15:05 2026] POST /v2.0/routers => generated 944 bytes in 1577 msecs (HTTP/1.1 201) 4 headers in 162 bytes (1 switches on core 0)
2026-02-27 23:15:06.781 7 INFO neutron.plugins.ml2.plugin [None req-bd0d27fc-d9db-4f7a-af84-fb32f3acf503 - - - - - -] Attempt 1 to provision port 36717034-72b8-4a87-bdb4-d45aee536f59
2026-02-27 23:15:07.242 8 WARNING neutron.scheduler.dhcp_agent_scheduler [None req-3f918f88-0b34-40fc-8bd9-27b4bbf66658 3af41fe7e40d42c7afafda59e1f6d559 fcb6f4ab236f4c15b63ecfa376e6d250 - - default default] No more DHCP agents
2026-02-27 23:15:07.244 8 WARNING neutron.api.rpc.agentnotifiers.dhcp_rpc_agent_api [None req-3f918f88-0b34-40fc-8bd9-27b4bbf66658 3af41fe7e40d42c7afafda59e1f6d559 fcb6f4ab236f4c15b63ecfa376e6d250 - - default default] Unable to schedule network be6777cb-9475-4d78-8aa2-b7ad6da212c6: no agents available; will retry on subsequent port and subnet creation events. [pid: 7|app: 0|req: 1029/2110] 10.0.0.91 () {32 vars in 739 bytes} [Fri Feb 27 23:15:06 2026] DELETE /v2.0/security-groups/ef892c11-217c-49a6-9fab-7787aca636a3 => generated 0 bytes in 701 msecs (HTTP/1.1 204) 2 headers in 112 bytes (1 switches on core 0)
2026-02-27 23:15:07.444 8 INFO neutron.db.ovn_revision_numbers_db [None req-3f918f88-0b34-40fc-8bd9-27b4bbf66658 3af41fe7e40d42c7afafda59e1f6d559 fcb6f4ab236f4c15b63ecfa376e6d250 - - default default] Successfully bumped revision number for resource 9b32cc7a-dc8b-4304-a830-b6200aa84997 (type: ports) to 1
2026-02-27 23:15:07.832 7 INFO neutron.db.ovn_revision_numbers_db [None req-f78c6bd2-50bb-4aa3-a4c1-a39c9559e66c ef6d37ecef7a44de94cd289abcbac080 dd74d0158eb7461b84e9cd3c69efb284 - - default default] Successfully bumped revision number for resource 4127e675-2947-4de3-946c-7492dc1eed87 (type: security_groups) to 1
2026-02-27 23:15:07.849 7 INFO neutron.db.ovn_revision_numbers_db [None req-f78c6bd2-50bb-4aa3-a4c1-a39c9559e66c ef6d37ecef7a44de94cd289abcbac080 dd74d0158eb7461b84e9cd3c69efb284 - - default default] Successfully bumped revision number for resource 1d18e734-16af-4309-b113-1b3731a196ef (type: security_group_rules) to 0
2026-02-27 23:15:07.863 7 INFO neutron.db.ovn_revision_numbers_db [None req-f78c6bd2-50bb-4aa3-a4c1-a39c9559e66c ef6d37ecef7a44de94cd289abcbac080 dd74d0158eb7461b84e9cd3c69efb284 - - default default] Successfully bumped revision number for resource aaca07a5-e171-4852-9547-8ac37bc2c837 (type: security_group_rules) to 0
2026-02-27 23:15:07.886 7 INFO neutron.db.ovn_revision_numbers_db [None req-f78c6bd2-50bb-4aa3-a4c1-a39c9559e66c ef6d37ecef7a44de94cd289abcbac080 dd74d0158eb7461b84e9cd3c69efb284 - - default default] Successfully bumped revision number for resource d0fbfefd-772a-492c-8fee-87e9954e5c2f (type: security_group_rules) to 0
2026-02-27 23:15:07.912 7 INFO neutron.db.ovn_revision_numbers_db [None req-f78c6bd2-50bb-4aa3-a4c1-a39c9559e66c ef6d37ecef7a44de94cd289abcbac080 dd74d0158eb7461b84e9cd3c69efb284 - - default default] Successfully bumped revision number for resource e51d6a17-f544-4fb1-bea9-130a05a80a12 (type: security_group_rules) to 0
2026-02-27 23:15:08.060 7 INFO neutron.db.segments_db [None req-f78c6bd2-50bb-4aa3-a4c1-a39c9559e66c ef6d37ecef7a44de94cd289abcbac080 dd74d0158eb7461b84e9cd3c69efb284 - - default default] Added segment 66693e8c-708f-40f2-b468-a0471194fbf6 of type geneve for network c8bae697-a2bc-4d54-bf59-3676d1d6294b
2026-02-27 23:15:08.111 7 INFO neutron.db.ovn_revision_numbers_db [None req-1003caec-1228-4cfc-8c3c-79e270c45b2e - - - - - -] Successfully bumped revision number for resource 36717034-72b8-4a87-bdb4-d45aee536f59 (type: ports) to 4
2026-02-27 23:15:08.355 8 WARNING neutron.scheduler.dhcp_agent_scheduler [None req-3f918f88-0b34-40fc-8bd9-27b4bbf66658 3af41fe7e40d42c7afafda59e1f6d559 fcb6f4ab236f4c15b63ecfa376e6d250 - - default default] No more DHCP agents
2026-02-27 23:15:08.356 8 WARNING neutron.api.rpc.agentnotifiers.dhcp_rpc_agent_api [None req-3f918f88-0b34-40fc-8bd9-27b4bbf66658 3af41fe7e40d42c7afafda59e1f6d559 fcb6f4ab236f4c15b63ecfa376e6d250 - - default default] Unable to schedule network be6777cb-9475-4d78-8aa2-b7ad6da212c6: no agents available; will retry on subsequent port and subnet creation events.
2026-02-27 23:15:08.394 7 INFO neutron.db.ovn_revision_numbers_db [None req-f78c6bd2-50bb-4aa3-a4c1-a39c9559e66c ef6d37ecef7a44de94cd289abcbac080 dd74d0158eb7461b84e9cd3c69efb284 - - default default] Successfully bumped revision number for resource c8bae697-a2bc-4d54-bf59-3676d1d6294b (type: networks) to 1
2026-02-27 23:15:08.690 7 WARNING neutron.scheduler.dhcp_agent_scheduler [None req-f78c6bd2-50bb-4aa3-a4c1-a39c9559e66c ef6d37ecef7a44de94cd289abcbac080 dd74d0158eb7461b84e9cd3c69efb284 - - default default] No more DHCP agents
