2026-02-27 23:13:30.130 7 INFO neutron.pecan_wsgi.hooks.translation [None req-33efc48c-eee0-45db-a119-1c68bee81796 32a11c73c63f4220995bae823aafec7d 7e67cde3124149bdad0ada83003c510d - - default default] DELETE failed (client error): The resource could not be found. [pid: 7|app: 0|req: 792/1616] 10.0.0.91 () {32 vars in 723 bytes} [Fri Feb 27 23:13:30 2026] DELETE /v2.0/subnets/48bb58d0-15c2-43c8-bf18-977688997478 => generated 136 bytes in 27 msecs (HTTP/1.1 404) 4 headers in 164 bytes (1 switches on core 0) [pid: 7|app: 0|req: 793/1617] 10.0.0.91 () {32 vars in 735 bytes} [Fri Feb 27 23:13:30 2026] GET /v2.0/ports?device_id=b43bdce4-36e9-4198-8038-79c21b59319e => generated 12 bytes in 26 msecs (HTTP/1.1 200) 4 headers in 156 bytes (1 switches on core 0) /var/lib/openstack/lib/python3.12/site-packages/pycadf/identifier.py:70: UserWarning: Invalid uuid: neutron. To ensure interoperability, identifiers should be a valid uuid. warnings.warn(('Invalid uuid: %s. To ensure interoperability, '
2026-02-27 23:13:30.187 7 INFO neutron.api.v2.resource [None req-5eca66f5-827c-4ed6-ace8-821e802a54da 32a11c73c63f4220995bae823aafec7d 7e67cde3124149bdad0ada83003c510d - - default default] delete failed (client error): The resource could not be found. [pid: 7|app: 0|req: 794/1618] 10.0.0.91 () {32 vars in 723 bytes} [Fri Feb 27 23:13:30 2026] DELETE /v2.0/routers/b43bdce4-36e9-4198-8038-79c21b59319e => generated 135 bytes in 19 msecs (HTTP/1.1 404) 4 headers in 164 bytes (1 switches on core 0)
2026-02-27 23:13:30.227 7 INFO neutron.pecan_wsgi.hooks.translation [None req-7d9a4316-fdb8-40ef-902d-493af83c5852 32a11c73c63f4220995bae823aafec7d 7e67cde3124149bdad0ada83003c510d - - default default] DELETE failed (client error): The resource could not be found. [pid: 7|app: 0|req: 795/1619] 10.0.0.91 () {32 vars in 723 bytes} [Fri Feb 27 23:13:30 2026] DELETE /v2.0/subnets/6b387054-b2cb-4a4b-9e6e-55b8d6f0005c => generated 136 bytes in 29 msecs (HTTP/1.1 404) 4 headers in 164 bytes (1 switches on core 0)
2026-02-27 23:13:30.248 7 INFO neutron.plugins.ml2.drivers.ovn.mech_driver.mech_driver [None req-2fbfa712-1eb5-4a6f-9f00-d8134dcaef91 - - - - - -] OVN reports status down for port: b25fec78-28e3-4723-ae6a-f93ada317807
2026-02-27 23:13:30.255 7 INFO neutron.pecan_wsgi.hooks.translation [None req-3e66c887-8f7d-454f-a773-6b65604781d8 32a11c73c63f4220995bae823aafec7d 7e67cde3124149bdad0ada83003c510d - - default default] DELETE failed (client error): The resource could not be found. [pid: 7|app: 0|req: 796/1620] 10.0.0.91 () {32 vars in 723 bytes} [Fri Feb 27 23:13:30 2026] DELETE /v2.0/subnets/c9b54877-7851-4471-b435-64d1dbbb253e => generated 136 bytes in 23 msecs (HTTP/1.1 404) 4 headers in 164 bytes (1 switches on core 0)
2026-02-27 23:13:30.267 7 INFO neutron.plugins.ml2.drivers.ovn.mech_driver.mech_driver [None req-2fbfa712-1eb5-4a6f-9f00-d8134dcaef91 - - - - - -] OVN reports status up for port: b25fec78-28e3-4723-ae6a-f93ada317807
2026-02-27 23:13:30.280 7 INFO neutron.plugins.ml2.drivers.ovn.mech_driver.mech_driver [None req-2fbfa712-1eb5-4a6f-9f00-d8134dcaef91 - - - - - -] OVN reports status down for port: 1dd11f27-0db8-4de1-b72d-815caac177c7
2026-02-27 23:13:30.349 7 INFO neutron.plugins.ml2.drivers.ovn.mech_driver.mech_driver [None req-2fbfa712-1eb5-4a6f-9f00-d8134dcaef91 - - - - - -] OVN reports status down for port: aa2043d7-91fc-4d5e-841d-2bc742b6998b
2026-02-27 23:13:30.380 8 WARNING neutron.scheduler.dhcp_agent_scheduler [None req-b54277bf-0cd0-4476-a020-21c45380c207 502268fb5bee4d468e7cc439ba329dca 8281a55337084f9e965a673785236c71 - - default default] No more DHCP agents
2026-02-27 23:13:30.381 8 WARNING neutron.api.rpc.agentnotifiers.dhcp_rpc_agent_api [None req-b54277bf-0cd0-4476-a020-21c45380c207 502268fb5bee4d468e7cc439ba329dca 8281a55337084f9e965a673785236c71 - - default default] Unable to schedule network bde3c84d-c112-499c-97cd-b009477beac1: no agents available; will retry on subsequent port and subnet creation events.
2026-02-27 23:13:30.516 8 INFO neutron.db.ovn_revision_numbers_db [None req-b54277bf-0cd0-4476-a020-21c45380c207 502268fb5bee4d468e7cc439ba329dca 8281a55337084f9e965a673785236c71 - - default default] Successfully bumped revision number for resource 9d855bb6-582b-4d3e-937a-4f54356bb472 (type: ports) to 1
2026-02-27 23:13:30.523 7 INFO neutron.plugins.ml2.drivers.ovn.mech_driver.mech_driver [None req-2fbfa712-1eb5-4a6f-9f00-d8134dcaef91 - - - - - -] OVN reports status down for port: 341fcc24-104d-43fd-b74f-7ff0560edcd3 [pid: 8|app: 0|req: 825/1621] 10.0.0.91 () {34 vars in 663 bytes} [Fri Feb 27 23:13:30 2026] POST /v2.0/ports => generated 743 bytes in 470 msecs (HTTP/1.1 201) 4 headers in 162 bytes (1 switches on core 0)
2026-02-27 23:13:30.585 7 INFO neutron.plugins.ml2.drivers.ovn.mech_driver.mech_driver [None req-2fbfa712-1eb5-4a6f-9f00-d8134dcaef91 - - - - - -] OVN reports status down for port: 9d855bb6-582b-4d3e-937a-4f54356bb472 [pid: 7|app: 0|req: 797/1622] 10.0.0.91 () {34 vars in 665 bytes} [Fri Feb 27 23:13:30 2026] POST /v2.0/trunks => generated 409 bytes in 216 msecs (HTTP/1.1 201) 4 headers in 162 bytes (1 switches on core 0) /var/lib/openstack/lib/python3.12/site-packages/pycadf/identifier.py:70: UserWarning: Invalid uuid: neutron. To ensure interoperability, identifiers should be a valid uuid. warnings.warn(('Invalid uuid: %s. To ensure interoperability, ' [pid: 8|app: 0|req: 826/1623] 10.0.0.91 () {32 vars in 773 bytes} [Fri Feb 27 23:13:30 2026] GET /v2.0/security-groups?tenant_id=7e67cde3124149bdad0ada83003c510d&name=default => generated 2925 bytes in 231 msecs (HTTP/1.1 200) 4 headers in 158 bytes (1 switches on core 0)
2026-02-27 23:13:31.057 8 INFO neutron.db.segments_db [None req-22e23e61-73e8-4791-9d1e-9a1e99a32419 502268fb5bee4d468e7cc439ba329dca 8281a55337084f9e965a673785236c71 - - default default] Added segment ded1a7fd-336a-42d8-9b79-943894f283d4 of type geneve for network ae4557b2-0dba-41b0-b798-f74bc97a1642
2026-02-27 23:13:31.123 7 INFO neutron.db.ovn_revision_numbers_db [None req-5d7b316b-abd3-4984-8845-22d4c9727415 78b0e1344fd5445f870ef76a7ffc9ae3 db98284c81ff4dbcbd53627af9d07826 - - default default] Successfully bumped revision number for resource 2ed2ff9e-719d-475e-ad92-a3ff27602807 (type: security_groups) to 1
2026-02-27 23:13:31.161 7 INFO neutron.db.ovn_revision_numbers_db [None req-5d7b316b-abd3-4984-8845-22d4c9727415 78b0e1344fd5445f870ef76a7ffc9ae3 db98284c81ff4dbcbd53627af9d07826 - - default default] Successfully bumped revision number for resource 6e0adc56-e67a-4413-ac74-31693a7cb159 (type: security_group_rules) to 0
2026-02-27 23:13:31.199 7 INFO neutron.db.ovn_revision_numbers_db [None req-5d7b316b-abd3-4984-8845-22d4c9727415 78b0e1344fd5445f870ef76a7ffc9ae3 db98284c81ff4dbcbd53627af9d07826 - - default default] Successfully bumped revision number for resource 6e2b540d-d820-456a-800d-207fd7c5ff6b (type: security_group_rules) to 0
2026-02-27 23:13:31.220 7 INFO neutron.db.ovn_revision_numbers_db [None req-5d7b316b-abd3-4984-8845-22d4c9727415 78b0e1344fd5445f870ef76a7ffc9ae3 db98284c81ff4dbcbd53627af9d07826 - - default default] Successfully bumped revision number for resource 83a6fc08-4125-4f98-8e8a-46cc79696bfd (type: security_group_rules) to 0
2026-02-27 23:13:31.240 7 INFO neutron.db.ovn_revision_numbers_db [None req-5d7b316b-abd3-4984-8845-22d4c9727415 78b0e1344fd5445f870ef76a7ffc9ae3 db98284c81ff4dbcbd53627af9d07826 - - default default] Successfully bumped revision number for resource c9456996-5f6f-4206-8d36-e015048b69d8 (type: security_group_rules) to 0
2026-02-27 23:13:31.307 8 INFO neutron.db.ovn_revision_numbers_db [None req-22e23e61-73e8-4791-9d1e-9a1e99a32419 502268fb5bee4d468e7cc439ba329dca 8281a55337084f9e965a673785236c71 - - default default] Successfully bumped revision number for resource ae4557b2-0dba-41b0-b798-f74bc97a1642 (type: networks) to 1
2026-02-27 23:13:31.348 7 INFO neutron.db.segments_db [None req-5d7b316b-abd3-4984-8845-22d4c9727415 78b0e1344fd5445f870ef76a7ffc9ae3 db98284c81ff4dbcbd53627af9d07826 - - default default] Added segment 77270571-18d3-4dd6-b04b-23bfb530a957 of type geneve for network 4bd3fb52-8337-40cb-a88d-fa97139fbc3a
2026-02-27 23:13:31.478 7 INFO neutron.db.ovn_revision_numbers_db [None req-5d7b316b-abd3-4984-8845-22d4c9727415 78b0e1344fd5445f870ef76a7ffc9ae3 db98284c81ff4dbcbd53627af9d07826 - - default default] Successfully bumped revision number for resource 4bd3fb52-8337-40cb-a88d-fa97139fbc3a (type: networks) to 1
2026-02-27 23:13:31.501 8 WARNING neutron.scheduler.dhcp_agent_scheduler [None req-22e23e61-73e8-4791-9d1e-9a1e99a32419 502268fb5bee4d468e7cc439ba329dca 8281a55337084f9e965a673785236c71 - - default default] No more DHCP agents
2026-02-27 23:13:31.502 8 WARNING neutron.api.rpc.agentnotifiers.dhcp_rpc_agent_api [None req-22e23e61-73e8-4791-9d1e-9a1e99a32419 502268fb5bee4d468e7cc439ba329dca 8281a55337084f9e965a673785236c71 - - default default] Unable to schedule network ae4557b2-0dba-41b0-b798-f74bc97a1642: no agents available; will retry on subsequent port and subnet creation events.
2026-02-27 23:13:31.615 7 INFO neutron.plugins.ml2.drivers.ovn.mech_driver.mech_driver [None req-2fbfa712-1eb5-4a6f-9f00-d8134dcaef91 - - - - - -] OVN reports status down for port: a0f2c672-e2dc-4647-96c5-b33bb4dfb7fc
2026-02-27 23:13:31.624 8 INFO neutron.db.ovn_revision_numbers_db [None req-22e23e61-73e8-4791-9d1e-9a1e99a32419 502268fb5bee4d468e7cc439ba329dca 8281a55337084f9e965a673785236c71 - - default default] Successfully bumped revision number for resource a0f2c672-e2dc-4647-96c5-b33bb4dfb7fc (type: ports) to 1 [pid: 8|app: 0|req: 827/1624] 10.0.0.91 () {34 vars in 669 bytes} [Fri Feb 27 23:13:30 2026] POST /v2.0/networks => generated 650 bytes in 675 msecs (HTTP/1.1 201) 4 headers in 162 bytes (1 switches on core 0) [pid: 8|app: 0|req: 828/1625] 10.0.0.201 () {34 vars in 990 bytes} [Fri Feb 27 23:13:31 2026] GET /v2.0/ports?device_id=c792e9f7-9eb9-40aa-a816-c3ab4061edb0 => generated 971 bytes in 33 msecs (HTTP/1.1 200) 4 headers in 157 bytes (1 switches on core 0)
2026-02-27 23:13:31.734 7 INFO neutron.notifiers.nova [-] Nova event matching ['req-7fa6586d-b36f-4e86-bea9-77ee3dfc6010'] response: {'server_uuid': 'c792e9f7-9eb9-40aa-a816-c3ab4061edb0', 'name': 'network-vif-plugged', 'status': 'completed', 'tag': '58a8f50b-aec6-47d5-9fa1-036b5e7e2704', 'code': 200}
2026-02-27 23:13:31.770 7 WARNING neutron.scheduler.dhcp_agent_scheduler [None req-5d7b316b-abd3-4984-8845-22d4c9727415 78b0e1344fd5445f870ef76a7ffc9ae3 db98284c81ff4dbcbd53627af9d07826 - - default default] No more DHCP agents
2026-02-27 23:13:31.772 7 WARNING neutron.api.rpc.agentnotifiers.dhcp_rpc_agent_api [None req-5d7b316b-abd3-4984-8845-22d4c9727415 78b0e1344fd5445f870ef76a7ffc9ae3 db98284c81ff4dbcbd53627af9d07826 - - default default] Unable to schedule network 4bd3fb52-8337-40cb-a88d-fa97139fbc3a: no agents available; will retry on subsequent port and subnet creation events.
2026-02-27 23:13:31.868 7 INFO neutron.plugins.ml2.drivers.ovn.mech_driver.mech_driver [None req-2fbfa712-1eb5-4a6f-9f00-d8134dcaef91 - - - - - -] OVN reports status down for port: 46905f9b-8105-4788-a76e-c3226daf1b06
2026-02-27 23:13:31.952 7 INFO neutron.db.ovn_revision_numbers_db [None req-5d7b316b-abd3-4984-8845-22d4c9727415 78b0e1344fd5445f870ef76a7ffc9ae3 db98284c81ff4dbcbd53627af9d07826 - - default default] Successfully bumped revision number for resource 46905f9b-8105-4788-a76e-c3226daf1b06 (type: ports) to 1 [pid: 8|app: 0|req: 829/1626] 10.0.0.91 () {32 vars in 739 bytes} [Fri Feb 27 23:13:31 2026] DELETE /v2.0/security-groups/dd9116b7-8b41-407f-a797-724c54352e60 => generated 0 bytes in 341 msecs (HTTP/1.1 204) 2 headers in 112 bytes (1 switches on core 0) [pid: 7|app: 0|req: 798/1627] 10.0.0.91 () {34 vars in 669 bytes} [Fri Feb 27 23:13:30 2026] POST /v2.0/networks => generated 669 bytes in 1220 msecs (HTTP/1.1 201) 4 headers in 162 bytes (1 switches on core 0) [pid: 7|app: 0|req: 799/1628] 10.0.0.201 () {34 vars in 1040 bytes} [Fri Feb 27 23:13:32 2026] GET /v2.0/security-groups?id=419f75ad-2b39-4b56-9888-a36e98ab1511&fields=id&fields=name => generated 88 bytes in 60 msecs (HTTP/1.1 200) 4 headers in 156 bytes (1 switches on core 0)
2026-02-27 23:13:32.291 7 WARNING neutron.scheduler.dhcp_agent_scheduler [None req-42f4589f-ffc5-4360-8bc4-7816ec53b544 78b0e1344fd5445f870ef76a7ffc9ae3 db98284c81ff4dbcbd53627af9d07826 - - default default] No more DHCP agents
2026-02-27 23:13:32.292 7 WARNING neutron.api.rpc.agentnotifiers.dhcp_rpc_agent_api [None req-42f4589f-ffc5-4360-8bc4-7816ec53b544 78b0e1344fd5445f870ef76a7ffc9ae3 db98284c81ff4dbcbd53627af9d07826 - - default default] Unable to schedule network 4bd3fb52-8337-40cb-a88d-fa97139fbc3a: no agents available; will retry on subsequent port and subnet creation events.
2026-02-27 23:13:32.304 8 WARNING neutron.scheduler.dhcp_agent_scheduler [None req-bf07d4c2-2d92-47c1-91dc-2f122a075e20 502268fb5bee4d468e7cc439ba329dca 8281a55337084f9e965a673785236c71 - - default default] No more DHCP agents
2026-02-27 23:13:32.306 8 WARNING neutron.api.rpc.agentnotifiers.dhcp_rpc_agent_api [None req-bf07d4c2-2d92-47c1-91dc-2f122a075e20 502268fb5bee4d468e7cc439ba329dca 8281a55337084f9e965a673785236c71 - - default default] Unable to schedule network ae4557b2-0dba-41b0-b798-f74bc97a1642: no agents available; will retry on subsequent port and subnet creation events.
2026-02-27 23:13:32.315 7 INFO neutron.db.ovn_revision_numbers_db [None req-42f4589f-ffc5-4360-8bc4-7816ec53b544 78b0e1344fd5445f870ef76a7ffc9ae3 db98284c81ff4dbcbd53627af9d07826 - - default default] Successfully bumped revision number for resource e92b1912-0262-4d4d-8aaf-db4f299c688c (type: subnets) to 0 [pid: 7|app: 0|req: 800/1629] 10.0.0.91 () {34 vars in 668 bytes} [Fri Feb 27 23:13:32 2026] POST /v2.0/subnets => generated 627 bytes in 251 msecs (HTTP/1.1 201) 4 headers in 162 bytes (1 switches on core 0)
2026-02-27 23:13:32.417 7 INFO neutron.plugins.ml2.drivers.ovn.mech_driver.mech_driver [None req-2fbfa712-1eb5-4a6f-9f00-d8134dcaef91 - - - - - -] OVN reports status down for port: 169bff6c-14fa-471d-8ac1-5d1c8bfbf8ff
2026-02-27 23:13:32.476 8 INFO neutron.db.ovn_revision_numbers_db [None req-bf07d4c2-2d92-47c1-91dc-2f122a075e20 502268fb5bee4d468e7cc439ba329dca 8281a55337084f9e965a673785236c71 - - default default] Successfully bumped revision number for resource 169bff6c-14fa-471d-8ac1-5d1c8bfbf8ff (type: ports) to 1 [pid: 8|app: 0|req: 830/1630] 10.0.0.91 () {34 vars in 663 bytes} [Fri Feb 27 23:13:32 2026] POST /v2.0/ports => generated 743 bytes in 506 msecs (HTTP/1.1 201) 4 headers in 162 bytes (1 switches on core 0) /var/lib/openstack/lib/python3.12/site-packages/pycadf/identifier.py:70: UserWarning: Invalid uuid: neutron. To ensure interoperability, identifiers should be a valid uuid. warnings.warn(('Invalid uuid: %s. To ensure interoperability, ' [pid: 8|app: 0|req: 831/1631] 10.0.0.201 () {34 vars in 990 bytes} [Fri Feb 27 23:13:32 2026] GET /v2.0/ports?device_id=c792e9f7-9eb9-40aa-a816-c3ab4061edb0 => generated 971 bytes in 43 msecs (HTTP/1.1 200) 4 headers in 157 bytes (1 switches on core 0) [pid: 8|app: 0|req: 832/1632] 10.0.0.91 () {34 vars in 665 bytes} [Fri Feb 27 23:13:32 2026] POST /v2.0/trunks => generated 409 bytes in 228 msecs (HTTP/1.1 201) 4 headers in 162 bytes (1 switches on core 0) [pid: 8|app: 0|req: 833/1633] 10.0.0.201 () {34 vars in 1040 bytes} [Fri Feb 27 23:13:32 2026] GET /v2.0/security-groups?id=419f75ad-2b39-4b56-9888-a36e98ab1511&fields=id&fields=name => generated 88 bytes in 28 msecs (HTTP/1.1 200) 4 headers in 156 bytes (1 switches on core 0)
2026-02-27 23:13:32.914 7 WARNING neutron.scheduler.dhcp_agent_scheduler [None req-16a53e94-a000-4f44-8958-1d24f063939f 78b0e1344fd5445f870ef76a7ffc9ae3 db98284c81ff4dbcbd53627af9d07826 - - default default] No more DHCP agents
2026-02-27 23:13:32.916 7 WARNING neutron.api.rpc.agentnotifiers.dhcp_rpc_agent_api [None req-16a53e94-a000-4f44-8958-1d24f063939f 78b0e1344fd5445f870ef76a7ffc9ae3 db98284c81ff4dbcbd53627af9d07826 - - default default] Unable to schedule network baf307ee-8f99-4b37-a078-d7ed545034fd: no agents available; will retry on subsequent port and subnet creation events.
2026-02-27 23:13:32.927 8 INFO neutron.db.segments_db [None req-369f7d33-6bf7-4bea-8142-81a754807013 502268fb5bee4d468e7cc439ba329dca 8281a55337084f9e965a673785236c71 - - default default] Added segment 7a147483-a14c-4759-8bdb-e7507430b7ba of type geneve for network 24e14c62-721c-4db1-9f96-12beca3fa760
2026-02-27 23:13:33.063 8 INFO neutron.db.ovn_revision_numbers_db [None req-369f7d33-6bf7-4bea-8142-81a754807013 502268fb5bee4d468e7cc439ba329dca 8281a55337084f9e965a673785236c71 - - default default] Successfully bumped revision number for resource 24e14c62-721c-4db1-9f96-12beca3fa760 (type: networks) to 1
2026-02-27 23:13:33.110 7 INFO neutron.plugins.ml2.drivers.ovn.mech_driver.mech_driver [None req-2fbfa712-1eb5-4a6f-9f00-d8134dcaef91 - - - - - -] OVN reports status down for port: df050378-2b8c-4df7-b5c5-b0117e8ed256
2026-02-27 23:13:33.168 7 INFO neutron.db.ovn_revision_numbers_db [None req-16a53e94-a000-4f44-8958-1d24f063939f 78b0e1344fd5445f870ef76a7ffc9ae3 db98284c81ff4dbcbd53627af9d07826 - - default default] Successfully bumped revision number for resource df050378-2b8c-4df7-b5c5-b0117e8ed256 (type: ports) to 1
2026-02-27 23:13:33.313 8 WARNING neutron.scheduler.dhcp_agent_scheduler [None req-369f7d33-6bf7-4bea-8142-81a754807013 502268fb5bee4d468e7cc439ba329dca 8281a55337084f9e965a673785236c71 - - default default] No more DHCP agents
2026-02-27 23:13:33.315 8 WARNING neutron.api.rpc.agentnotifiers.dhcp_rpc_agent_api [None req-369f7d33-6bf7-4bea-8142-81a754807013 502268fb5bee4d468e7cc439ba329dca 8281a55337084f9e965a673785236c71 - - default default] Unable to schedule network 24e14c62-721c-4db1-9f96-12beca3fa760: no agents available; will retry on subsequent port and subnet creation events.
2026-02-27 23:13:33.439 8 INFO neutron.db.ovn_revision_numbers_db [None req-369f7d33-6bf7-4bea-8142-81a754807013 502268fb5bee4d468e7cc439ba329dca 8281a55337084f9e965a673785236c71 - - default default] Successfully bumped revision number for resource 18a586ad-163e-4d7b-b443-5d2797d78162 (type: ports) to 1
2026-02-27 23:13:33.445 7 INFO neutron.plugins.ml2.drivers.ovn.mech_driver.mech_driver [None req-2fbfa712-1eb5-4a6f-9f00-d8134dcaef91 - - - - - -] OVN reports status down for port: 18a586ad-163e-4d7b-b443-5d2797d78162 [pid: 8|app: 0|req: 834/1634] 10.0.0.91 () {34 vars in 669 bytes} [Fri Feb 27 23:13:32 2026] POST /v2.0/networks => generated 651 bytes in 650 msecs (HTTP/1.1 201) 4 headers in 162 bytes (1 switches on core 0)
2026-02-27 23:13:33.685 7 INFO neutron.plugins.ml2.drivers.ovn.mech_driver.mech_driver [None req-2fbfa712-1eb5-4a6f-9f00-d8134dcaef91 - - - - - -] OVN reports status down for port: 58a8f50b-aec6-47d5-9fa1-036b5e7e2704
2026-02-27 23:13:33.698 8 WARNING neutron.scheduler.dhcp_agent_scheduler [None req-ec7021ab-26e0-4f7b-8d78-ed404f819cac 502268fb5bee4d468e7cc439ba329dca 8281a55337084f9e965a673785236c71 - - default default] No more DHCP agents
2026-02-27 23:13:33.699 8 WARNING neutron.api.rpc.agentnotifiers.dhcp_rpc_agent_api [None req-ec7021ab-26e0-4f7b-8d78-ed404f819cac 502268fb5bee4d468e7cc439ba329dca 8281a55337084f9e965a673785236c71 - - default default] Unable to schedule network 24e14c62-721c-4db1-9f96-12beca3fa760: no agents available; will retry on subsequent port and subnet creation events.
2026-02-27 23:13:33.837 8 INFO neutron.db.ovn_revision_numbers_db [None req-ec7021ab-26e0-4f7b-8d78-ed404f819cac 502268fb5bee4d468e7cc439ba329dca 8281a55337084f9e965a673785236c71 - - default default] Successfully bumped revision number for resource 4c42e39c-4975-4c1e-aa46-274d9a9f54e1 (type: ports) to 1 [pid: 8|app: 0|req: 835/1635] 10.0.0.91 () {34 vars in 663 bytes} [Fri Feb 27 23:13:33 2026] POST /v2.0/ports => generated 743 bytes in 412 msecs (HTTP/1.1 201) 4 headers in 162 bytes (1 switches on core 0)
2026-02-27 23:13:33.929 7 INFO neutron.notifiers.nova [-] Nova event matching ['req-8193a189-6ad3-43f2-9459-e8c4860b7356'] response: {'server_uuid': 'c792e9f7-9eb9-40aa-a816-c3ab4061edb0', 'name': 'network-vif-unplugged', 'status': 'completed', 'tag': '58a8f50b-aec6-47d5-9fa1-036b5e7e2704', 'code': 200} /var/lib/openstack/lib/python3.12/site-packages/pycadf/identifier.py:70: UserWarning: Invalid uuid: neutron. To ensure interoperability, identifiers should be a valid uuid. warnings.warn(('Invalid uuid: %s. To ensure interoperability, '
2026-02-27 23:13:34.162 7 INFO neutron.db.ovn_revision_numbers_db [None req-2fbfa712-1eb5-4a6f-9f00-d8134dcaef91 - - - - - -] Successfully bumped revision number for resource 58a8f50b-aec6-47d5-9fa1-036b5e7e2704 (type: ports) to 6
2026-02-27 23:13:34.267 8 INFO neutron.db.ovn_revision_numbers_db [None req-8872a547-c619-494a-b69f-f4a165c9801d ca1e8e5110d44ca2b28101445690dda8 083643b7bd654c79b179325395d1a9b4 - - default default] Successfully bumped revision number for resource 3b7da2d4-65df-4432-ae10-90f2dccc92b8 (type: security_groups) to 1
2026-02-27 23:13:34.280 8 INFO neutron.db.ovn_revision_numbers_db [None req-8872a547-c619-494a-b69f-f4a165c9801d ca1e8e5110d44ca2b28101445690dda8 083643b7bd654c79b179325395d1a9b4 - - default default] Successfully bumped revision number for resource 0a560494-f046-41c1-95a7-e45fa66dcf2b (type: security_group_rules) to 0
2026-02-27 23:13:34.293 8 INFO neutron.db.ovn_revision_numbers_db [None req-8872a547-c619-494a-b69f-f4a165c9801d ca1e8e5110d44ca2b28101445690dda8 083643b7bd654c79b179325395d1a9b4 - - default default] Successfully bumped revision number for resource 3e902177-7630-4862-bc33-a8ed340aa909 (type: security_group_rules) to 0
2026-02-27 23:13:34.304 8 INFO neutron.db.ovn_revision_numbers_db [None req-8872a547-c619-494a-b69f-f4a165c9801d ca1e8e5110d44ca2b28101445690dda8 083643b7bd654c79b179325395d1a9b4 - - default default] Successfully bumped revision number for resource 4bf1e2fc-5cf6-473c-883e-91f35b637d99 (type: security_group_rules) to 0
2026-02-27 23:13:34.315 8 INFO neutron.db.ovn_revision_numbers_db [None req-8872a547-c619-494a-b69f-f4a165c9801d ca1e8e5110d44ca2b28101445690dda8 083643b7bd654c79b179325395d1a9b4 - - default default] Successfully bumped revision number for resource cc683de0-df9c-4445-886e-2e623461b464 (type: security_group_rules) to 0
2026-02-27 23:13:34.375 7 INFO neutron.plugins.ml2.drivers.ovn.mech_driver.ovsdb.commands [-] Schedule LRP lrp-df050378-2b8c-4df7-b5c5-b0117e8ed256 on gateway fecabbfb-8700-470e-9d33-0fb53b80fd80 with priority 1
2026-02-27 23:13:34.395 8 INFO neutron.db.segments_db [None req-8872a547-c619-494a-b69f-f4a165c9801d ca1e8e5110d44ca2b28101445690dda8 083643b7bd654c79b179325395d1a9b4 - - default default] Added segment 97b62da4-98fa-4cb6-8742-bedbd6f2d9be of type geneve for network 863c279b-28a4-4ee3-89ce-fb66934cf7b1
2026-02-27 23:13:34.491 7 INFO neutron.plugins.ml2.drivers.ovn.mech_driver.mech_driver [None req-9d58d608-357f-4e23-b6fa-602cc9147494 - - - - - -] OVN reports status down for port: 4c42e39c-4975-4c1e-aa46-274d9a9f54e1
2026-02-27 23:13:34.532 7 INFO neutron.db.ovn_revision_numbers_db [None req-16a53e94-a000-4f44-8958-1d24f063939f 78b0e1344fd5445f870ef76a7ffc9ae3 db98284c81ff4dbcbd53627af9d07826 - - default default] Successfully bumped revision number for resource df050378-2b8c-4df7-b5c5-b0117e8ed256 (type: router_ports) to 1
2026-02-27 23:13:34.575 8 INFO neutron.db.ovn_revision_numbers_db [None req-8872a547-c619-494a-b69f-f4a165c9801d ca1e8e5110d44ca2b28101445690dda8 083643b7bd654c79b179325395d1a9b4 - - default default] Successfully bumped revision number for resource 863c279b-28a4-4ee3-89ce-fb66934cf7b1 (type: networks) to 1
2026-02-27 23:13:34.671 7 INFO neutron.plugins.ml2.drivers.ovn.mech_driver.mech_driver [None req-9d58d608-357f-4e23-b6fa-602cc9147494 - - - - - -] OVN reports status up for port: df050378-2b8c-4df7-b5c5-b0117e8ed256
2026-02-27 23:13:34.681 7 INFO neutron.db.ovn_revision_numbers_db [None req-16a53e94-a000-4f44-8958-1d24f063939f 78b0e1344fd5445f870ef76a7ffc9ae3 db98284c81ff4dbcbd53627af9d07826 - - default default] Successfully bumped revision number for resource e7b4008b-98b8-46d2-a847-2714f9b455b7 (type: routers) to 2
2026-02-27 23:13:34.689 7 INFO neutron.plugins.ml2.plugin [None req-9d58d608-357f-4e23-b6fa-602cc9147494 - - - - - -] Attempt 1 to provision port df050378-2b8c-4df7-b5c5-b0117e8ed256 [pid: 7|app: 0|req: 801/1636] 10.0.0.91 () {34 vars in 668 bytes} [Fri Feb 27 23:13:32 2026] POST /v2.0/routers => generated 955 bytes in 2374 msecs (HTTP/1.1 201) 4 headers in 162 bytes (1 switches on core 0) /var/lib/openstack/lib/python3.12/site-packages/pycadf/identifier.py:70: UserWarning: Invalid uuid: neutron. To ensure interoperability, identifiers should be a valid uuid. warnings.warn(('Invalid uuid: %s. To ensure interoperability, '
2026-02-27 23:13:34.739 8 WARNING neutron.scheduler.dhcp_agent_scheduler [None req-8872a547-c619-494a-b69f-f4a165c9801d ca1e8e5110d44ca2b28101445690dda8 083643b7bd654c79b179325395d1a9b4 - - default default] No more DHCP agents
2026-02-27 23:13:34.742 8 WARNING neutron.api.rpc.agentnotifiers.dhcp_rpc_agent_api [None req-8872a547-c619-494a-b69f-f4a165c9801d ca1e8e5110d44ca2b28101445690dda8 083643b7bd654c79b179325395d1a9b4 - - default default] Unable to schedule network 863c279b-28a4-4ee3-89ce-fb66934cf7b1: no agents available; will retry on subsequent port and subnet creation events.
2026-02-27 23:13:34.852 8 INFO neutron.db.ovn_revision_numbers_db [None req-8872a547-c619-494a-b69f-f4a165c9801d ca1e8e5110d44ca2b28101445690dda8 083643b7bd654c79b179325395d1a9b4 - - default default] Successfully bumped revision number for resource 9d692eef-5aaa-42e4-8f11-a72673b8b1ca (type: ports) to 1 [pid: 8|app: 0|req: 836/1637] 10.0.0.91 () {34 vars in 669 bytes} [Fri Feb 27 23:13:33 2026] POST /v2.0/networks => generated 649 bytes in 981 msecs (HTTP/1.1 201) 4 headers in 162 bytes (1 switches on core 0) [pid: 7|app: 0|req: 802/1638] 10.0.0.201 () {34 vars in 990 bytes} [Fri Feb 27 23:13:34 2026] GET /v2.0/ports?device_id=c792e9f7-9eb9-40aa-a816-c3ab4061edb0 => generated 969 bytes in 201 msecs (HTTP/1.1 200) 4 headers in 157 bytes (1 switches on core 0) [pid: 7|app: 0|req: 803/1639] 162.253.55.36 () {34 vars in 993 bytes} [Fri Feb 27 23:13:34 2026] GET /v2.0/ports?device_id=c792e9f7-9eb9-40aa-a816-c3ab4061edb0 => generated 969 bytes in 30 msecs (HTTP/1.1 200) 4 headers in 157 bytes (1 switches on core 0) [pid: 8|app: 0|req: 837/1640] 10.0.0.91 () {34 vars in 665 bytes} [Fri Feb 27 23:13:34 2026] POST /v2.0/trunks => generated 409 bytes in 174 msecs (HTTP/1.1 201) 4 headers in 162 bytes (1 switches on core 0)
2026-02-27 23:13:35.142 8 INFO neutron.db.segments_db [None req-6d26d151-bf1f-44b6-8edc-5258b570855a ca1e8e5110d44ca2b28101445690dda8 083643b7bd654c79b179325395d1a9b4 - - default default] Added segment c06d9bef-2973-4b36-8240-2f437e260ca0 of type geneve for network 300a7a7b-28e4-49c5-92e6-7e2b17fefc4f
2026-02-27 23:13:35.265 8 INFO neutron.db.ovn_revision_numbers_db [None req-6d26d151-bf1f-44b6-8edc-5258b570855a ca1e8e5110d44ca2b28101445690dda8 083643b7bd654c79b179325395d1a9b4 - - default default] Successfully bumped revision number for resource 300a7a7b-28e4-49c5-92e6-7e2b17fefc4f (type: networks) to 1
2026-02-27 23:13:35.431 8 WARNING neutron.scheduler.dhcp_agent_scheduler [None req-6d26d151-bf1f-44b6-8edc-5258b570855a ca1e8e5110d44ca2b28101445690dda8 083643b7bd654c79b179325395d1a9b4 - - default default] No more DHCP agents
2026-02-27 23:13:35.432 8 WARNING neutron.api.rpc.agentnotifiers.dhcp_rpc_agent_api [None req-6d26d151-bf1f-44b6-8edc-5258b570855a ca1e8e5110d44ca2b28101445690dda8 083643b7bd654c79b179325395d1a9b4 - - default default] Unable to schedule network 300a7a7b-28e4-49c5-92e6-7e2b17fefc4f: no agents available; will retry on subsequent port and subnet creation events.
2026-02-27 23:13:35.484 7 WARNING neutron.scheduler.dhcp_agent_scheduler [None req-72b563c3-f0c9-491c-87bf-b95c1e43c431 78b0e1344fd5445f870ef76a7ffc9ae3 db98284c81ff4dbcbd53627af9d07826 - - default default] No more DHCP agents
2026-02-27 23:13:35.487 7 WARNING neutron.api.rpc.agentnotifiers.dhcp_rpc_agent_api [None req-72b563c3-f0c9-491c-87bf-b95c1e43c431 78b0e1344fd5445f870ef76a7ffc9ae3 db98284c81ff4dbcbd53627af9d07826 - - default default] Unable to schedule network 4bd3fb52-8337-40cb-a88d-fa97139fbc3a: no agents available; will retry on subsequent port and subnet creation events.
2026-02-27 23:13:35.560 8 INFO neutron.db.ovn_revision_numbers_db [None req-6d26d151-bf1f-44b6-8edc-5258b570855a ca1e8e5110d44ca2b28101445690dda8 083643b7bd654c79b179325395d1a9b4 - - default default] Successfully bumped revision number for resource f48e0dd6-b79c-424e-b969-5a6d4f72dc1b (type: ports) to 1 [pid: 8|app: 0|req: 838/1641] 10.0.0.91 () {34 vars in 669 bytes} [Fri Feb 27 23:13:35 2026] POST /v2.0/networks => generated 648 bytes in 527 msecs (HTTP/1.1 201) 4 headers in 162 bytes (1 switches on core 0) [pid: 8|app: 0|req: 839/1642] 10.0.0.201 () {34 vars in 1040 bytes} [Fri Feb 27 23:13:35 2026] GET /v2.0/security-groups?id=419f75ad-2b39-4b56-9888-a36e98ab1511&fields=id&fields=name => generated 88 bytes in 62 msecs (HTTP/1.1 200) 4 headers in 156 bytes (1 switches on core 0)
2026-02-27 23:13:35.683 7 INFO neutron.db.ovn_revision_numbers_db [None req-72b563c3-f0c9-491c-87bf-b95c1e43c431 78b0e1344fd5445f870ef76a7ffc9ae3 db98284c81ff4dbcbd53627af9d07826 - - default default] Successfully bumped revision number for resource 45123790-5548-4ddd-8cc8-ec104d6af5b9 (type: ports) to 1
2026-02-27 23:13:35.815 8 INFO neutron_taas.services.taas.taas_plugin [req-077ee775-0e85-449b-a0d0-ac6d0c236d5c req-5d8f43f9-dc62-4bc7-acd0-3fbf2a7c513a f4837471807e4731a92142945d1fd6fa a6cfa7046c724a7a843f223ab9b15634 - - default default] TaaS: Handle Delete Port: 58a8f50b-aec6-47d5-9fa1-036b5e7e2704
2026-02-27 23:13:35.819 8 INFO neutron_taas.services.taas.tap_mirror_plugin [req-077ee775-0e85-449b-a0d0-ac6d0c236d5c req-5d8f43f9-dc62-4bc7-acd0-3fbf2a7c513a f4837471807e4731a92142945d1fd6fa a6cfa7046c724a7a843f223ab9b15634 - - default default] Tap Mirror: Handle Delete Port: 58a8f50b-aec6-47d5-9fa1-036b5e7e2704
2026-02-27 23:13:35.982 7 INFO neutron.notifiers.nova [-] Nova event matching ['req-966270e3-84fa-49c9-9675-201374ce5233'] response: {'server_uuid': 'c792e9f7-9eb9-40aa-a816-c3ab4061edb0', 'name': 'network-vif-unplugged', 'status': 'completed', 'tag': '58a8f50b-aec6-47d5-9fa1-036b5e7e2704', 'code': 200} [pid: 8|app: 0|req: 840/1643] 162.253.55.36 () {36 vars in 996 bytes} [Fri Feb 27 23:13:35 2026] DELETE /v2.0/ports/58a8f50b-aec6-47d5-9fa1-036b5e7e2704 => generated 0 bytes in 363 msecs (HTTP/1.1 204) 3 headers in 131 bytes (1 switches on core 0)
2026-02-27 23:13:36.045 8 INFO neutron.notifiers.nova [-] Nova event matching ['req-1be28cc0-2986-4fbb-97d7-3bbf01bc0730'] response: {'server_uuid': 'c792e9f7-9eb9-40aa-a816-c3ab4061edb0', 'name': 'network-vif-deleted', 'tag': '58a8f50b-aec6-47d5-9fa1-036b5e7e2704', 'status': 'completed', 'code': 200}
2026-02-27 23:13:36.106 8 INFO neutron.db.segments_db [None req-7f577dda-534f-40df-8e24-420b3e39bf24 502268fb5bee4d468e7cc439ba329dca 8281a55337084f9e965a673785236c71 - - default default] Added segment b8781e9d-2629-43c1-aeb4-23c33a3f5933 of type geneve for network ea9270ab-cba5-4f54-81dc-b8d3c3f82fd6
2026-02-27 23:13:36.231 8 INFO neutron.db.ovn_revision_numbers_db [None req-7f577dda-534f-40df-8e24-420b3e39bf24 502268fb5bee4d468e7cc439ba329dca 8281a55337084f9e965a673785236c71 - - default default] Successfully bumped revision number for resource ea9270ab-cba5-4f54-81dc-b8d3c3f82fd6 (type: networks) to 1
2026-02-27 23:13:36.481 8 WARNING neutron.scheduler.dhcp_agent_scheduler [None req-7f577dda-534f-40df-8e24-420b3e39bf24 502268fb5bee4d468e7cc439ba329dca 8281a55337084f9e965a673785236c71 - - default default] No more DHCP agents
2026-02-27 23:13:36.483 8 WARNING neutron.api.rpc.agentnotifiers.dhcp_rpc_agent_api [None req-7f577dda-534f-40df-8e24-420b3e39bf24 502268fb5bee4d468e7cc439ba329dca 8281a55337084f9e965a673785236c71 - - default default] Unable to schedule network ea9270ab-cba5-4f54-81dc-b8d3c3f82fd6: no agents available; will retry on subsequent port and subnet creation events.
2026-02-27 23:13:36.501 7 WARNING neutron.scheduler.dhcp_agent_scheduler [None req-72b563c3-f0c9-491c-87bf-b95c1e43c431 78b0e1344fd5445f870ef76a7ffc9ae3 db98284c81ff4dbcbd53627af9d07826 - - default default] No more DHCP agents
2026-02-27 23:13:36.502 7 WARNING neutron.api.rpc.agentnotifiers.dhcp_rpc_agent_api [None req-72b563c3-f0c9-491c-87bf-b95c1e43c431 78b0e1344fd5445f870ef76a7ffc9ae3 db98284c81ff4dbcbd53627af9d07826 - - default default] Unable to schedule network 4bd3fb52-8337-40cb-a88d-fa97139fbc3a: no agents available; will retry on subsequent port and subnet creation events.
2026-02-27 23:13:36.621 8 INFO neutron.db.ovn_revision_numbers_db [None req-7f577dda-534f-40df-8e24-420b3e39bf24 502268fb5bee4d468e7cc439ba329dca 8281a55337084f9e965a673785236c71 - - default default] Successfully bumped revision number for resource 73230392-4a4c-49b2-bb81-d068ded987d5 (type: ports) to 1 [pid: 8|app: 0|req: 841/1644] 10.0.0.91 () {34 vars in 669 bytes} [Fri Feb 27 23:13:36 2026] POST /v2.0/networks => generated 650 bytes in 640 msecs (HTTP/1.1 201) 4 headers in 162 bytes (1 switches on core 0)
2026-02-27 23:13:36.833 8 WARNING neutron.scheduler.dhcp_agent_scheduler [None req-44040824-30a1-459d-880b-cb6bafdb735e ca1e8e5110d44ca2b28101445690dda8 083643b7bd654c79b179325395d1a9b4 - - default default] No more DHCP agents
2026-02-27 23:13:36.835 8 WARNING neutron.api.rpc.agentnotifiers.dhcp_rpc_agent_api [None req-44040824-30a1-459d-880b-cb6bafdb735e ca1e8e5110d44ca2b28101445690dda8 083643b7bd654c79b179325395d1a9b4 - - default default] Unable to schedule network 863c279b-28a4-4ee3-89ce-fb66934cf7b1: no agents available; will retry on subsequent port and subnet creation events.
2026-02-27 23:13:37.001 7 INFO neutron.db.ovn_revision_numbers_db [None req-72b563c3-f0c9-491c-87bf-b95c1e43c431 78b0e1344fd5445f870ef76a7ffc9ae3 db98284c81ff4dbcbd53627af9d07826 - - default default] Successfully bumped revision number for resource 45123790-5548-4ddd-8cc8-ec104d6af5b9 (type: router_ports) to 1 [pid: 7|app: 0|req: 804/1647] 10.0.0.91 () {34 vars in 782 bytes} [Fri Feb 27 23:13:34 2026] PUT /v2.0/routers/e7b4008b-98b8-46d2-a847-2714f9b455b7/add_router_interface => generated 309 bytes in 2066 msecs (HTTP/1.1 200) 4 headers in 157 bytes (1 switches on core 0)
2026-02-27 23:13:37.299 7 WARNING neutron.scheduler.dhcp_agent_scheduler [None req-7f94ca2f-5ff0-4987-8571-5de194aac255 502268fb5bee4d468e7cc439ba329dca 8281a55337084f9e965a673785236c71 - - default default] No more DHCP agents
2026-02-27 23:13:37.300 7 WARNING neutron.api.rpc.agentnotifiers.dhcp_rpc_agent_api [None req-7f94ca2f-5ff0-4987-8571-5de194aac255 502268fb5bee4d468e7cc439ba329dca 8281a55337084f9e965a673785236c71 - - default default] Unable to schedule network ea9270ab-cba5-4f54-81dc-b8d3c3f82fd6: no agents available; will retry on subsequent port and subnet creation events.
2026-02-27 23:13:37.437 7 INFO neutron.db.ovn_revision_numbers_db [None req-7f94ca2f-5ff0-4987-8571-5de194aac255 502268fb5bee4d468e7cc439ba329dca 8281a55337084f9e965a673785236c71 - - default default] Successfully bumped revision number for resource 4e8f7383-ca20-49f1-88a7-5412d06f2470 (type: ports) to 1
2026-02-27 23:13:37.495 8 INFO neutron.db.ovn_revision_numbers_db [None req-5cbb7507-8fbb-4581-b8b7-43043890f975 - - - - - -] Successfully bumped revision number for resource 9d692eef-5aaa-42e4-8f11-a72673b8b1ca (type: ports) to 2 [pid: 7|app: 0|req: 805/1648] 10.0.0.91 () {34 vars in 663 bytes} [Fri Feb 27 23:13:37 2026] POST /v2.0/ports => generated 743 bytes in 506 msecs (HTTP/1.1 201) 4 headers in 162 bytes (1 switches on core 0) /var/lib/openstack/lib/python3.12/site-packages/pycadf/identifier.py:70: UserWarning: Invalid uuid: neutron. To ensure interoperability, identifiers should be a valid uuid. warnings.warn(('Invalid uuid: %s. To ensure interoperability, '
2026-02-27 23:13:37.523 8 INFO neutron.db.ovn_revision_numbers_db [None req-5cbb7507-8fbb-4581-b8b7-43043890f975 - - - - - -] Successfully bumped revision number for resource 590f3fc0-f181-4ad7-97e0-1708022b17b0 (type: subnets) to 0 [pid: 8|app: 0|req: 844/1649] 10.0.0.91 () {34 vars in 668 bytes} [Fri Feb 27 23:13:36 2026] POST /v2.0/subnets => generated 626 bytes in 885 msecs (HTTP/1.1 201) 4 headers in 162 bytes (1 switches on core 0) [pid: 7|app: 0|req: 806/1650] 10.0.0.201 () {34 vars in 990 bytes} [Fri Feb 27 23:13:37 2026] GET /v2.0/ports?device_id=c792e9f7-9eb9-40aa-a816-c3ab4061edb0 => generated 12 bytes in 18 msecs (HTTP/1.1 200) 4 headers in 156 bytes (1 switches on core 0) [pid: 7|app: 0|req: 807/1651] 10.0.0.91 () {34 vars in 665 bytes} [Fri Feb 27 23:13:37 2026] POST /v2.0/trunks => generated 409 bytes in 170 msecs (HTTP/1.1 201) 4 headers in 162 bytes (1 switches on core 0)
2026-02-27 23:13:37.804 8 WARNING neutron.scheduler.dhcp_agent_scheduler [None req-9cd9f303-5a67-47c2-b57e-9bd5e6c3f0c2 78b0e1344fd5445f870ef76a7ffc9ae3 db98284c81ff4dbcbd53627af9d07826 - - default default] No more DHCP agents
2026-02-27 23:13:37.806 8 WARNING neutron.api.rpc.agentnotifiers.dhcp_rpc_agent_api [None req-9cd9f303-5a67-47c2-b57e-9bd5e6c3f0c2 78b0e1344fd5445f870ef76a7ffc9ae3 db98284c81ff4dbcbd53627af9d07826 - - default default] Unable to schedule network 4bd3fb52-8337-40cb-a88d-fa97139fbc3a: no agents available; will retry on subsequent port and subnet creation events.
2026-02-27 23:13:37.885 7 WARNING neutron.scheduler.dhcp_agent_scheduler [None req-9eccc446-db2e-48a3-b61b-a653cdce9016 ca1e8e5110d44ca2b28101445690dda8 083643b7bd654c79b179325395d1a9b4 - - default default] No more DHCP agents
2026-02-27 23:13:37.886 7 WARNING neutron.api.rpc.agentnotifiers.dhcp_rpc_agent_api [None req-9eccc446-db2e-48a3-b61b-a653cdce9016 ca1e8e5110d44ca2b28101445690dda8 083643b7bd654c79b179325395d1a9b4 - - default default] Unable to schedule network 300a7a7b-28e4-49c5-92e6-7e2b17fefc4f: no agents available; will retry on subsequent port and subnet creation events.
2026-02-27 23:13:37.979 8 INFO neutron.db.ovn_revision_numbers_db [None req-9cd9f303-5a67-47c2-b57e-9bd5e6c3f0c2 78b0e1344fd5445f870ef76a7ffc9ae3 db98284c81ff4dbcbd53627af9d07826 - - default default] Successfully bumped revision number for resource f67b858b-66ad-4fd9-abd8-b076236dd204 (type: ports) to 1 [pid: 8|app: 0|req: 845/1652] 10.0.0.91 () {34 vars in 664 bytes} [Fri Feb 27 23:13:37 2026] POST /v2.0/ports => generated 958 bytes in 507 msecs (HTTP/1.1 201) 4 headers in 162 bytes (1 switches on core 0) /var/lib/openstack/lib/python3.12/site-packages/pycadf/identifier.py:70: UserWarning: Invalid uuid: neutron. To ensure interoperability, identifiers should be a valid uuid. warnings.warn(('Invalid uuid: %s. To ensure interoperability, ' [pid: 8|app: 0|req: 846/1653] 10.0.0.91 () {34 vars in 748 bytes} [Fri Feb 27 23:13:38 2026] PUT /v2.0/trunks/633f6b8d-2853-44cf-8a06-4cb14df64fac/tags => generated 17 bytes in 33 msecs (HTTP/1.1 200) 4 headers in 156 bytes (1 switches on core 0)
2026-02-27 23:13:38.397 7 INFO neutron.db.ovn_revision_numbers_db [None req-0eeefcfc-777f-4874-9055-9c617171c299 - - - - - -] Successfully bumped revision number for resource f48e0dd6-b79c-424e-b969-5a6d4f72dc1b (type: ports) to 2
2026-02-27 23:13:38.411 8 WARNING neutron.scheduler.dhcp_agent_scheduler [None req-cb48d2fb-e111-4791-9fda-da34229a92d9 78b0e1344fd5445f870ef76a7ffc9ae3 db98284c81ff4dbcbd53627af9d07826 - - default default] No more DHCP agents
2026-02-27 23:13:38.412 8 WARNING neutron.api.rpc.agentnotifiers.dhcp_rpc_agent_api [None req-cb48d2fb-e111-4791-9fda-da34229a92d9 78b0e1344fd5445f870ef76a7ffc9ae3 db98284c81ff4dbcbd53627af9d07826 - - default default] Unable to schedule network 4bd3fb52-8337-40cb-a88d-fa97139fbc3a: no agents available; will retry on subsequent port and subnet creation events.
2026-02-27 23:13:38.424 7 INFO neutron.db.ovn_revision_numbers_db [None req-0eeefcfc-777f-4874-9055-9c617171c299 - - - - - -] Successfully bumped revision number for resource 6bfb20f9-1c2c-4dfc-90ce-031e001f9d3f (type: subnets) to 0 [pid: 7|app: 0|req: 808/1654] 10.0.0.91 () {34 vars in 668 bytes} [Fri Feb 27 23:13:37 2026] POST /v2.0/subnets => generated 626 bytes in 738 msecs (HTTP/1.1 201) 4 headers in 162 bytes (1 switches on core 0) [pid: 7|app: 0|req: 809/1655] 10.0.0.91 () {34 vars in 748 bytes} [Fri Feb 27 23:13:38 2026] PUT /v2.0/trunks/fae83330-bdf6-4de1-8101-6e0f543c493c/tags => generated 25 bytes in 43 msecs (HTTP/1.1 200) 4 headers in 156 bytes (1 switches on core 0)
2026-02-27 23:13:38.582 8 INFO neutron.db.ovn_revision_numbers_db [None req-cb48d2fb-e111-4791-9fda-da34229a92d9 78b0e1344fd5445f870ef76a7ffc9ae3 db98284c81ff4dbcbd53627af9d07826 - - default default] Successfully bumped revision number for resource 659b1ebe-c4c9-4276-970b-43f1161cf262 (type: ports) to 1 [pid: 8|app: 0|req: 847/1656] 10.0.0.91 () {34 vars in 664 bytes} [Fri Feb 27 23:13:38 2026] POST /v2.0/ports => generated 958 bytes in 528 msecs (HTTP/1.1 201) 4 headers in 162 bytes (1 switches on core 0) /var/lib/openstack/lib/python3.12/site-packages/pycadf/identifier.py:70: UserWarning: Invalid uuid: neutron. To ensure interoperability, identifiers should be a valid uuid. warnings.warn(('Invalid uuid: %s. To ensure interoperability, ' [pid: 8|app: 0|req: 848/1657] 10.0.0.91 () {34 vars in 748 bytes} [Fri Feb 27 23:13:38 2026] PUT /v2.0/trunks/ee58a073-d328-4523-9b55-3b6405feb3f6/tags => generated 34 bytes in 42 msecs (HTTP/1.1 200) 4 headers in 156 bytes (1 switches on core 0) [pid: 8|app: 0|req: 849/1658] 10.0.0.201 () {34 vars in 990 bytes} [Fri Feb 27 23:13:38 2026] GET /v2.0/ports?device_id=c792e9f7-9eb9-40aa-a816-c3ab4061edb0 => generated 12 bytes in 15 msecs (HTTP/1.1 200) 4 headers in 156 bytes (1 switches on core 0)
2026-02-27 23:13:38.670 7 INFO neutron.db.ovn_revision_numbers_db [None req-3a3cd06b-4e96-4a41-b846-a0a0bbf9f005 ca1e8e5110d44ca2b28101445690dda8 083643b7bd654c79b179325395d1a9b4 - - default default] Successfully bumped revision number for resource 9fbea2ec-c08d-43f3-aec9-91deb36171b6 (type: routers) to 1 [pid: 7|app: 0|req: 810/1659] 10.0.0.91 () {34 vars in 668 bytes} [Fri Feb 27 23:13:38 2026] POST /v2.0/routers => generated 603 bytes in 195 msecs (HTTP/1.1 201) 4 headers in 162 bytes (1 switches on core 0) [pid: 7|app: 0|req: 811/1660] 10.0.0.91 () {34 vars in 748 bytes} [Fri Feb 27 23:13:38 2026] PUT /v2.0/trunks/4d08aafe-3f07-483e-9794-1c87d9468cf8/tags => generated 19 bytes in 28 msecs (HTTP/1.1 200) 4 headers in 156 bytes (1 switches on core 0)
2026-02-27 23:13:38.879 8 WARNING neutron.scheduler.dhcp_agent_scheduler [None req-8a3248da-0124-46c8-b8fb-1513aa9e13a1 78b0e1344fd5445f870ef76a7ffc9ae3 db98284c81ff4dbcbd53627af9d07826 - - default default] No more DHCP agents
2026-02-27 23:13:38.881 8 WARNING neutron.api.rpc.agentnotifiers.dhcp_rpc_agent_api [None req-8a3248da-0124-46c8-b8fb-1513aa9e13a1 78b0e1344fd5445f870ef76a7ffc9ae3 db98284c81ff4dbcbd53627af9d07826 - - default default] Unable to schedule network baf307ee-8f99-4b37-a078-d7ed545034fd: no agents available; will retry on subsequent port and subnet creation events.
2026-02-27 23:13:39.026 7 WARNING neutron.scheduler.dhcp_agent_scheduler [None req-8e808a7b-9144-4a12-8a2d-5c6b13278783 ca1e8e5110d44ca2b28101445690dda8 083643b7bd654c79b179325395d1a9b4 - - default default] No more DHCP agents
2026-02-27 23:13:39.027 7 WARNING neutron.api.rpc.agentnotifiers.dhcp_rpc_agent_api [None req-8e808a7b-9144-4a12-8a2d-5c6b13278783 ca1e8e5110d44ca2b28101445690dda8 083643b7bd654c79b179325395d1a9b4 - - default default] Unable to schedule network 863c279b-28a4-4ee3-89ce-fb66934cf7b1: no agents available; will retry on subsequent port and subnet creation events.
2026-02-27 23:13:39.201 7 INFO neutron.db.ovn_revision_numbers_db [None req-8e808a7b-9144-4a12-8a2d-5c6b13278783 ca1e8e5110d44ca2b28101445690dda8 083643b7bd654c79b179325395d1a9b4 - - default default] Successfully bumped revision number for resource af5af448-7f70-414f-a039-b289d21c983d (type: ports) to 1
2026-02-27 23:13:39.383 7 WARNING neutron.plugins.ml2.drivers.ovn.mech_driver.ovsdb.ovn_client [None req-9d58d608-357f-4e23-b6fa-602cc9147494 - - - - - -] No hosting information found for port df050378-2b8c-4df7-b5c5-b0117e8ed256: RuntimeError: No hosting information found for port df050378-2b8c-4df7-b5c5-b0117e8ed256
2026-02-27 23:13:39.384 7 INFO neutron.plugins.ml2.drivers.ovn.mech_driver.mech_driver [None req-9d58d608-357f-4e23-b6fa-602cc9147494 - - - - - -] OVN reports status down for port: 9d692eef-5aaa-42e4-8f11-a72673b8b1ca
2026-02-27 23:13:39.531 7 INFO neutron.plugins.ml2.drivers.ovn.mech_driver.mech_driver [None req-9d58d608-357f-4e23-b6fa-602cc9147494 - - - - - -] OVN reports status down for port: f48e0dd6-b79c-424e-b969-5a6d4f72dc1b
2026-02-27 23:13:39.678 8 INFO neutron.db.ovn_revision_numbers_db [None req-8a3248da-0124-46c8-b8fb-1513aa9e13a1 78b0e1344fd5445f870ef76a7ffc9ae3 db98284c81ff4dbcbd53627af9d07826 - - default default] Successfully bumped revision number for resource 07b04e87-39ad-43f1-90cb-89884c0deec3 (type: floatingips) to 1
2026-02-27 23:13:39.678 8 INFO neutron.db.l3_db [None req-8a3248da-0124-46c8-b8fb-1513aa9e13a1 78b0e1344fd5445f870ef76a7ffc9ae3 db98284c81ff4dbcbd53627af9d07826 - - default default] Floating IP 07b04e87-39ad-43f1-90cb-89884c0deec3 associated. External IP: 10.96.250.208, port: 659b1ebe-c4c9-4276-970b-43f1161cf262.
2026-02-27 23:13:39.687 7 INFO neutron.plugins.ml2.drivers.ovn.mech_driver.mech_driver [None req-9d58d608-357f-4e23-b6fa-602cc9147494 - - - - - -] OVN reports status down for port: 45123790-5548-4ddd-8cc8-ec104d6af5b9 [pid: 8|app: 0|req: 850/1661] 10.0.0.91 () {34 vars in 676 bytes} [Fri Feb 27 23:13:38 2026] POST /v2.0/floatingips => generated 842 bytes in 1056 msecs (HTTP/1.1 201) 4 headers in 162 bytes (1 switches on core 0) [pid: 8|app: 0|req: 851/1662] 10.0.0.91 () {32 vars in 661 bytes} [Fri Feb 27 23:13:39 2026] GET /v2.0/trunks?tags=red => generated 1252 bytes in 22 msecs (HTTP/1.1 200) 4 headers in 158 bytes (1 switches on core 0)
2026-02-27 23:13:39.825 7 WARNING neutron.plugins.ml2.drivers.ovn.mech_driver.ovsdb.ovn_client [None req-9d58d608-357f-4e23-b6fa-602cc9147494 - - - - - -] Logical_Switch_Port %s host information not removed, the port state is up
2026-02-27 23:13:39.825 7 INFO neutron.plugins.ml2.drivers.ovn.mech_driver.mech_driver [None req-9d58d608-357f-4e23-b6fa-602cc9147494 - - - - - -] OVN reports status up for port: 45123790-5548-4ddd-8cc8-ec104d6af5b9
2026-02-27 23:13:39.850 7 INFO neutron.plugins.ml2.plugin [None req-9d58d608-357f-4e23-b6fa-602cc9147494 - - - - - -] Attempt 1 to provision port 45123790-5548-4ddd-8cc8-ec104d6af5b9
2026-02-27 23:13:39.981 8 INFO neutron_taas.services.taas.taas_plugin [None req-eacbf1b0-917b-4fca-a625-babab069f04a be650ee55d0d46e1a4c4fad445b5bf43 7030838e1baa43488dc435424d1d870b - - default default] TaaS: Handle Delete Port: dc46e963-12c8-4b90-ab33-cffa58a4d46e
2026-02-27 23:13:39.983 8 INFO neutron_taas.services.taas.tap_mirror_plugin [None req-eacbf1b0-917b-4fca-a625-babab069f04a be650ee55d0d46e1a4c4fad445b5bf43 7030838e1baa43488dc435424d1d870b - - default default] Tap Mirror: Handle Delete Port: dc46e963-12c8-4b90-ab33-cffa58a4d46e
2026-02-27 23:13:40.282 7 WARNING neutron.scheduler.dhcp_agent_scheduler [None req-8e808a7b-9144-4a12-8a2d-5c6b13278783 ca1e8e5110d44ca2b28101445690dda8 083643b7bd654c79b179325395d1a9b4 - - default default] No more DHCP agents
2026-02-27 23:13:40.285 7 WARNING neutron.api.rpc.agentnotifiers.dhcp_rpc_agent_api [None req-8e808a7b-9144-4a12-8a2d-5c6b13278783 ca1e8e5110d44ca2b28101445690dda8 083643b7bd654c79b179325395d1a9b4 - - default default] Unable to schedule network 863c279b-28a4-4ee3-89ce-fb66934cf7b1: no agents available; will retry on subsequent port and subnet creation events.
2026-02-27 23:13:40.578 7 INFO neutron.db.ovn_revision_numbers_db [None req-9d58d608-357f-4e23-b6fa-602cc9147494 - - - - - -] Successfully bumped revision number for resource 45123790-5548-4ddd-8cc8-ec104d6af5b9 (type: ports) to 2 [pid: 8|app: 0|req: 852/1663] 10.0.0.91 () {34 vars in 788 bytes} [Fri Feb 27 23:13:39 2026] PUT /v2.0/routers/ec2fd519-bf4d-441c-9f6e-5d19e76800d9/remove_router_interface => generated 309 bytes in 1012 msecs (HTTP/1.1 200) 4 headers in 157 bytes (1 switches on core 0) /var/lib/openstack/lib/python3.12/site-packages/pycadf/identifier.py:70: UserWarning: Invalid uuid: neutron. To ensure interoperability, identifiers should be a valid uuid. warnings.warn(('Invalid uuid: %s. To ensure interoperability, '
2026-02-27 23:13:40.819 7 INFO neutron.db.ovn_revision_numbers_db [None req-8e808a7b-9144-4a12-8a2d-5c6b13278783 ca1e8e5110d44ca2b28101445690dda8 083643b7bd654c79b179325395d1a9b4 - - default default] Successfully bumped revision number for resource af5af448-7f70-414f-a039-b289d21c983d (type: router_ports) to 1 [pid: 7|app: 0|req: 812/1664] 10.0.0.91 () {34 vars in 782 bytes} [Fri Feb 27 23:13:38 2026] PUT /v2.0/routers/9fbea2ec-c08d-43f3-aec9-91deb36171b6/add_router_interface => generated 309 bytes in 2111 msecs (HTTP/1.1 200) 4 headers in 157 bytes (1 switches on core 0) [pid: 7|app: 0|req: 813/1665] 10.0.0.91 () {32 vars in 675 bytes} [Fri Feb 27 23:13:40 2026] GET /v2.0/trunks?tags=red%2Cblue => generated 847 bytes in 19 msecs (HTTP/1.1 200) 4 headers in 157 bytes (1 switches on core 0)
2026-02-27 23:13:40.944 8 INFO neutron.db.ovn_revision_numbers_db [None req-458bd47f-6ca9-4da7-b857-870a9c533f31 78b0e1344fd5445f870ef76a7ffc9ae3 db98284c81ff4dbcbd53627af9d07826 - - default default] Successfully bumped revision number for resource 07b04e87-39ad-43f1-90cb-89884c0deec3 (type: floatingips) to 2
