2026-02-27 23:16:39.169 7 INFO placement.requestlog [req-2bca3879-15ec-4097-abde-d5f59e8cc903 req-c7c1213a-6c65-4ab4-aefc-e980f756a305 4f1369f473dd4c8dafc2dbfe5e90a50c 2ac16763389840a1937f4fa22bd65195 - - 7e02133650794b2087fb5de754becabc 7e02133650794b2087fb5de754becabc] 162.253.55.36 "GET /resource_providers/a7061c98-4e78-4cef-9867-96d1d1e1aee4/allocations" status: 200 len: 340 microversion: 1.0 [pid: 7|app: 0|req: 587/1166] 162.253.55.36 () {32 vars in 856 bytes} [Fri Feb 27 23:16:39 2026] GET /resource_providers/a7061c98-4e78-4cef-9867-96d1d1e1aee4/allocations => generated 340 bytes in 23 msecs (HTTP/1.1 200) 6 headers in 224 bytes (1 switches on core 0)
2026-02-27 23:16:39.190 8 INFO placement.requestlog [req-2bca3879-15ec-4097-abde-d5f59e8cc903 req-dd67ada4-f85f-49b9-b657-c06388b6bb02 4f1369f473dd4c8dafc2dbfe5e90a50c 2ac16763389840a1937f4fa22bd65195 - - 7e02133650794b2087fb5de754becabc 7e02133650794b2087fb5de754becabc] 162.253.55.36 "GET /allocations/a696d91b-ac0a-4dda-a3e7-7d8c4a35dfd7" status: 200 len: 245 microversion: 1.28 [pid: 8|app: 0|req: 580/1167] 162.253.55.36 () {34 vars in 862 bytes} [Fri Feb 27 23:16:39 2026] GET /allocations/a696d91b-ac0a-4dda-a3e7-7d8c4a35dfd7 => generated 245 bytes in 14 msecs (HTTP/1.1 200) 8 headers in 296 bytes (1 switches on core 0)
2026-02-27 23:16:39.229 7 INFO placement.requestlog [req-2bca3879-15ec-4097-abde-d5f59e8cc903 req-bf32b6a6-b4e3-4513-9d45-db8e0ae4514c 4f1369f473dd4c8dafc2dbfe5e90a50c 2ac16763389840a1937f4fa22bd65195 - - 7e02133650794b2087fb5de754becabc 7e02133650794b2087fb5de754becabc] 162.253.55.36 "GET /allocations/cb151a7c-456f-4c90-9853-d8be1bec4b72" status: 200 len: 258 microversion: 1.28 [pid: 7|app: 0|req: 588/1168] 162.253.55.36 () {34 vars in 862 bytes} [Fri Feb 27 23:16:39 2026] GET /allocations/cb151a7c-456f-4c90-9853-d8be1bec4b72 => generated 258 bytes in 33 msecs (HTTP/1.1 200) 8 headers in 296 bytes (1 switches on core 0)
2026-02-27 23:16:39.282 8 INFO placement.requestlog [req-2bca3879-15ec-4097-abde-d5f59e8cc903 req-4987a021-d032-4d28-a05c-62aec1d63dd5 4f1369f473dd4c8dafc2dbfe5e90a50c 2ac16763389840a1937f4fa22bd65195 - - 7e02133650794b2087fb5de754becabc 7e02133650794b2087fb5de754becabc] 162.253.55.36 "GET /allocations/b3733d02-e2f7-4165-9adc-4489437c2357" status: 200 len: 258 microversion: 1.28 [pid: 8|app: 0|req: 581/1169] 162.253.55.36 () {34 vars in 862 bytes} [Fri Feb 27 23:16:39 2026] GET /allocations/b3733d02-e2f7-4165-9adc-4489437c2357 => generated 258 bytes in 45 msecs (HTTP/1.1 200) 8 headers in 296 bytes (1 switches on core 0)
2026-02-27 23:16:39.741 8 INFO placement.requestlog [None req-42a7e18d-e3be-4dd2-bc12-2afe3682a648 a657717183c447c49de5e921d584552d 2ac16763389840a1937f4fa22bd65195 - - 7e02133650794b2087fb5de754becabc 7e02133650794b2087fb5de754becabc] 10.0.0.78 "GET /resource_providers/1de5a62e-76a1-4cdd-9b95-ac736635e301/aggregates" status: 404 len: 235 microversion: 1.1 [pid: 8|app: 0|req: 582/1170] 10.0.0.78 () {32 vars in 815 bytes} [Fri Feb 27 23:16:39 2026] GET /resource_providers/1de5a62e-76a1-4cdd-9b95-ac736635e301/aggregates => generated 235 bytes in 55 msecs (HTTP/1.1 404) 5 headers in 202 bytes (1 switches on core 0)
2026-02-27 23:16:39.750 7 INFO placement.requestlog [None req-437da60f-7a9e-4043-8e9b-865bfe30ec18 a657717183c447c49de5e921d584552d 2ac16763389840a1937f4fa22bd65195 - - 7e02133650794b2087fb5de754becabc 7e02133650794b2087fb5de754becabc] 10.0.0.78 "GET /resource_providers/1de5a62e-76a1-4cdd-9b95-ac736635e301/aggregates" status: 404 len: 235 microversion: 1.1 [pid: 7|app: 0|req: 589/1171] 10.0.0.78 () {32 vars in 815 bytes} [Fri Feb 27 23:16:39 2026] GET /resource_providers/1de5a62e-76a1-4cdd-9b95-ac736635e301/aggregates => generated 235 bytes in 67 msecs (HTTP/1.1 404) 5 headers in 202 bytes (1 switches on core 0)
2026-02-27 23:16:39.770 7 INFO placement.requestlog [None req-34603606-b907-44d6-8966-933f9b14eca4 a657717183c447c49de5e921d584552d 2ac16763389840a1937f4fa22bd65195 - - 7e02133650794b2087fb5de754becabc 7e02133650794b2087fb5de754becabc] 10.0.0.78 "DELETE /resource_providers/1de5a62e-76a1-4cdd-9b95-ac736635e301" status: 404 len: 246 microversion: 1.1 [pid: 7|app: 0|req: 590/1172] 10.0.0.78 () {34 vars in 815 bytes} [Fri Feb 27 23:16:39 2026] DELETE /resource_providers/1de5a62e-76a1-4cdd-9b95-ac736635e301 => generated 246 bytes in 11 msecs (HTTP/1.1 404) 6 headers in 231 bytes (1 switches on core 0)
2026-02-27 23:16:39.772 8 INFO placement.requestlog [None req-e0cbd785-23b6-45ed-9b02-8e2f6ce50c55 a657717183c447c49de5e921d584552d 2ac16763389840a1937f4fa22bd65195 - - 7e02133650794b2087fb5de754becabc 7e02133650794b2087fb5de754becabc] 10.0.0.78 "DELETE /resource_providers/1de5a62e-76a1-4cdd-9b95-ac736635e301" status: 404 len: 246 microversion: 1.1 [pid: 8|app: 0|req: 583/1173] 10.0.0.78 () {34 vars in 815 bytes} [Fri Feb 27 23:16:39 2026] DELETE /resource_providers/1de5a62e-76a1-4cdd-9b95-ac736635e301 => generated 246 bytes in 13 msecs (HTTP/1.1 404) 6 headers in 231 bytes (1 switches on core 0)
2026-02-27 23:16:40.623 7 INFO placement.requestlog [None req-84907982-5af5-45e4-a85c-35fdf73c9d44 - - - - - -] 10.0.0.92 "GET /" status: 200 len: 136 microversion: 1.0
2026-02-27 23:16:40.623 8 INFO placement.requestlog [None req-0fae10f1-29c3-4e11-a1a0-c719fe098e78 - - - - - -] 10.0.0.92 "GET /" status: 200 len: 136 microversion: 1.0
2026-02-27 23:16:43.361 7 INFO placement.requestlog [None req-b6d5be56-b07b-4b8e-a85f-e0f129fe0fb4 be650ee55d0d46e1a4c4fad445b5bf43 7030838e1baa43488dc435424d1d870b - - default default] 10.0.0.216 "GET /resource_providers" status: 200 len: 406 microversion: 1.0 [pid: 7|app: 0|req: 592/1176] 10.0.0.216 () {28 vars in 593 bytes} [Fri Feb 27 23:16:43 2026] GET /resource_providers => generated 406 bytes in 253 msecs (HTTP/1.1 200) 6 headers in 224 bytes (1 switches on core 0)
2026-02-27 23:16:43.388 8 INFO placement.requestlog [None req-d6eb8744-e923-4f67-8ff9-91545608636e be650ee55d0d46e1a4c4fad445b5bf43 7030838e1baa43488dc435424d1d870b - - default default] 10.0.0.216 "GET /resource_providers/a7061c98-4e78-4cef-9867-96d1d1e1aee4/inventories" status: 200 len: 401 microversion: 1.0 [pid: 8|app: 0|req: 585/1177] 10.0.0.216 () {28 vars in 691 bytes} [Fri Feb 27 23:16:43 2026] GET /resource_providers/a7061c98-4e78-4cef-9867-96d1d1e1aee4/inventories => generated 401 bytes in 20 msecs (HTTP/1.1 200) 6 headers in 224 bytes (1 switches on core 0)
2026-02-27 23:16:43.415 7 INFO placement.requestlog [None req-2cffef67-c8fa-46c6-8206-656d0773cc44 be650ee55d0d46e1a4c4fad445b5bf43 7030838e1baa43488dc435424d1d870b - - default default] 10.0.0.216 "GET /resource_providers/a7061c98-4e78-4cef-9867-96d1d1e1aee4/usages" status: 200 len: 92 microversion: 1.0 [pid: 7|app: 0|req: 593/1178] 10.0.0.216 () {28 vars in 681 bytes} [Fri Feb 27 23:16:43 2026] GET /resource_providers/a7061c98-4e78-4cef-9867-96d1d1e1aee4/usages => generated 92 bytes in 20 msecs (HTTP/1.1 200) 6 headers in 223 bytes (1 switches on core 0)
2026-02-27 23:16:50.623 8 INFO placement.requestlog [None req-c6de7e8e-fe79-47cb-8ce4-89b652be7d18 - - - - - -] 10.0.0.92 "GET /" status: 200 len: 136 microversion: 1.0
2026-02-27 23:16:50.624 7 INFO placement.requestlog [None req-b5d234a2-857e-4927-a526-cbbe83ff454b - - - - - -] 10.0.0.92 "GET /" status: 200 len: 136 microversion: 1.0
2026-02-27 23:17:00.067 7 INFO placement.requestlog [req-c33115d3-f0e0-429a-b743-868d8c93b930 req-6ebe8500-ab96-4818-bd5a-596f53d77e1f 4f1369f473dd4c8dafc2dbfe5e90a50c 2ac16763389840a1937f4fa22bd65195 - - 7e02133650794b2087fb5de754becabc 7e02133650794b2087fb5de754becabc] 10.0.0.180 "GET /allocation_candidates?limit=1000&resources=DISK_GB%3A1%2CMEMORY_MB%3A512%2CVCPU%3A1&root_required=%21COMPUTE_STATUS_DISABLED" status: 200 len: 2784 microversion: 1.36 [pid: 7|app: 0|req: 595/1181] 10.0.0.180 () {34 vars in 1012 bytes} [Fri Feb 27 23:17:00 2026] GET /allocation_candidates?limit=1000&resources=DISK_GB%3A1%2CMEMORY_MB%3A512%2CVCPU%3A1&root_required=%21COMPUTE_STATUS_DISABLED => generated 2784 bytes in 45 msecs (HTTP/1.1 200) 8 headers in 297 bytes (1 switches on core 0)
2026-02-27 23:17:00.094 8 INFO placement.requestlog [req-c33115d3-f0e0-429a-b743-868d8c93b930 req-cda1034f-cc53-4a23-a680-4f1718c6dd17 4f1369f473dd4c8dafc2dbfe5e90a50c 2ac16763389840a1937f4fa22bd65195 - - 7e02133650794b2087fb5de754becabc 7e02133650794b2087fb5de754becabc] 10.0.0.180 "GET /allocations/3d3b0b9c-2eff-4b68-8930-5aede1625b04" status: 200 len: 19 microversion: 1.28 [pid: 8|app: 0|req: 587/1182] 10.0.0.180 () {34 vars in 861 bytes} [Fri Feb 27 23:17:00 2026] GET /allocations/3d3b0b9c-2eff-4b68-8930-5aede1625b04 => generated 19 bytes in 7 msecs (HTTP/1.1 200) 8 headers in 295 bytes (1 switches on core 0)
2026-02-27 23:17:00.163 7 INFO placement.requestlog [req-c33115d3-f0e0-429a-b743-868d8c93b930 req-7765b3de-3395-4068-b2a3-757aebc02f7b 4f1369f473dd4c8dafc2dbfe5e90a50c 2ac16763389840a1937f4fa22bd65195 - - 7e02133650794b2087fb5de754becabc 7e02133650794b2087fb5de754becabc] 10.0.0.180 "PUT /allocations/3d3b0b9c-2eff-4b68-8930-5aede1625b04" status: 204 len: 0 microversion: 1.36 [pid: 7|app: 0|req: 596/1183] 10.0.0.180 () {38 vars in 914 bytes} [Fri Feb 27 23:17:00 2026] PUT /allocations/3d3b0b9c-2eff-4b68-8930-5aede1625b04 => generated 0 bytes in 63 msecs (HTTP/1.1 204) 5 headers in 199 bytes (1 switches on core 0)
2026-02-27 23:17:00.624 7 INFO placement.requestlog [None req-956a0211-3a24-4c6d-abca-69a9fc55a44f - - - - - -] 10.0.0.92 "GET /" status: 200 len: 136 microversion: 1.0
2026-02-27 23:17:00.625 8 INFO placement.requestlog [None req-72b03fb4-d070-41ca-b235-49e232296b03 - - - - - -] 10.0.0.92 "GET /" status: 200 len: 136 microversion: 1.0
2026-02-27 23:17:01.676 7 INFO placement.requestlog [req-c33115d3-f0e0-429a-b743-868d8c93b930 req-9d316c00-5323-4049-86c3-fce9a379ebda 4f1369f473dd4c8dafc2dbfe5e90a50c 2ac16763389840a1937f4fa22bd65195 - - 7e02133650794b2087fb5de754becabc 7e02133650794b2087fb5de754becabc] 162.253.55.36 "GET /allocations/3d3b0b9c-2eff-4b68-8930-5aede1625b04" status: 200 len: 258 microversion: 1.28 [pid: 7|app: 0|req: 598/1186] 162.253.55.36 () {34 vars in 862 bytes} [Fri Feb 27 23:17:01 2026] GET /allocations/3d3b0b9c-2eff-4b68-8930-5aede1625b04 => generated 258 bytes in 11 msecs (HTTP/1.1 200) 8 headers in 296 bytes (1 switches on core 0)
2026-02-27 23:17:02.718 8 INFO placement.requestlog [req-c33115d3-f0e0-429a-b743-868d8c93b930 req-ee72f808-91f1-4ad7-aa49-c1d49bba6db6 4f1369f473dd4c8dafc2dbfe5e90a50c 2ac16763389840a1937f4fa22bd65195 - - 7e02133650794b2087fb5de754becabc 7e02133650794b2087fb5de754becabc] 162.253.55.36 "GET /resource_providers/a7061c98-4e78-4cef-9867-96d1d1e1aee4/allocations" status: 200 len: 440 microversion: 1.0 [pid: 8|app: 0|req: 589/1187] 162.253.55.36 () {32 vars in 856 bytes} [Fri Feb 27 23:17:02 2026] GET /resource_providers/a7061c98-4e78-4cef-9867-96d1d1e1aee4/allocations => generated 440 bytes in 17 msecs (HTTP/1.1 200) 6 headers in 224 bytes (1 switches on core 0)
2026-02-27 23:17:02.739 7 INFO placement.requestlog [req-c33115d3-f0e0-429a-b743-868d8c93b930 req-7e908916-4f9c-482b-9420-2c58f1187f13 4f1369f473dd4c8dafc2dbfe5e90a50c 2ac16763389840a1937f4fa22bd65195 - - 7e02133650794b2087fb5de754becabc 7e02133650794b2087fb5de754becabc] 162.253.55.36 "GET /allocations/a696d91b-ac0a-4dda-a3e7-7d8c4a35dfd7" status: 200 len: 245 microversion: 1.28 [pid: 7|app: 0|req: 599/1188] 162.253.55.36 () {34 vars in 862 bytes} [Fri Feb 27 23:17:02 2026] GET /allocations/a696d91b-ac0a-4dda-a3e7-7d8c4a35dfd7 => generated 245 bytes in 13 msecs (HTTP/1.1 200) 8 headers in 296 bytes (1 switches on core 0)
2026-02-27 23:17:02.758 8 INFO placement.requestlog [req-c33115d3-f0e0-429a-b743-868d8c93b930 req-db451c05-ca64-4823-b6c4-0a1ebfdd078e 4f1369f473dd4c8dafc2dbfe5e90a50c 2ac16763389840a1937f4fa22bd65195 - - 7e02133650794b2087fb5de754becabc 7e02133650794b2087fb5de754becabc] 162.253.55.36 "GET /allocations/cb151a7c-456f-4c90-9853-d8be1bec4b72" status: 200 len: 258 microversion: 1.28 [pid: 8|app: 0|req: 590/1189] 162.253.55.36 () {34 vars in 862 bytes} [Fri Feb 27 23:17:02 2026] GET /allocations/cb151a7c-456f-4c90-9853-d8be1bec4b72 => generated 258 bytes in 11 msecs (HTTP/1.1 200) 8 headers in 296 bytes (1 switches on core 0)
2026-02-27 23:17:02.781 7 INFO placement.requestlog [req-c33115d3-f0e0-429a-b743-868d8c93b930 req-d88d0cdf-3047-4436-a3ec-2421368dee1b 4f1369f473dd4c8dafc2dbfe5e90a50c 2ac16763389840a1937f4fa22bd65195 - - 7e02133650794b2087fb5de754becabc 7e02133650794b2087fb5de754becabc] 162.253.55.36 "GET /allocations/3d3b0b9c-2eff-4b68-8930-5aede1625b04" status: 200 len: 258 microversion: 1.28 [pid: 7|app: 0|req: 600/1190] 162.253.55.36 () {34 vars in 862 bytes} [Fri Feb 27 23:17:02 2026] GET /allocations/3d3b0b9c-2eff-4b68-8930-5aede1625b04 => generated 258 bytes in 16 msecs (HTTP/1.1 200) 8 headers in 296 bytes (1 switches on core 0)
2026-02-27 23:17:02.796 8 INFO placement.requestlog [req-c33115d3-f0e0-429a-b743-868d8c93b930 req-62019b15-3ed5-4727-98c6-7adae37a5367 4f1369f473dd4c8dafc2dbfe5e90a50c 2ac16763389840a1937f4fa22bd65195 - - 7e02133650794b2087fb5de754becabc 7e02133650794b2087fb5de754becabc] 162.253.55.36 "GET /allocations/b3733d02-e2f7-4165-9adc-4489437c2357" status: 200 len: 258 microversion: 1.28 [pid: 8|app: 0|req: 591/1191] 162.253.55.36 () {34 vars in 862 bytes} [Fri Feb 27 23:17:02 2026] GET /allocations/b3733d02-e2f7-4165-9adc-4489437c2357 => generated 258 bytes in 10 msecs (HTTP/1.1 200) 8 headers in 296 bytes (1 switches on core 0)
2026-02-27 23:17:10.623 8 INFO placement.requestlog [None req-d476b53c-70cd-46b8-9674-ba302042f397 - - - - - -] 10.0.0.92 "GET /" status: 200 len: 136 microversion: 1.0
2026-02-27 23:17:10.624 7 INFO placement.requestlog [None req-395001e7-f019-4770-80eb-0cf1a91ab9c2 - - - - - -] 10.0.0.92 "GET /" status: 200 len: 136 microversion: 1.0
2026-02-27 23:17:20.623 8 INFO placement.requestlog [None req-27d767d3-0b63-4887-9b00-8831f9aefbce - - - - - -] 10.0.0.92 "GET /" status: 200 len: 136 microversion: 1.0
2026-02-27 23:17:20.623 7 INFO placement.requestlog [None req-6c2a476e-8792-4c23-bbcc-9d3fbf86c806 - - - - - -] 10.0.0.92 "GET /" status: 200 len: 136 microversion: 1.0
2026-02-27 23:17:30.623 7 INFO placement.requestlog [None req-d2b03a28-8449-4896-9b7f-9bb747b307aa - - - - - -] 10.0.0.92 "GET /" status: 200 len: 136 microversion: 1.0
2026-02-27 23:17:30.623 8 INFO placement.requestlog [None req-dbae1252-ec40-4848-b8a4-22ffc8c74726 - - - - - -] 10.0.0.92 "GET /" status: 200 len: 136 microversion: 1.0
2026-02-27 23:17:37.514 7 INFO placement.requestlog [req-cf4d7db0-fdf3-46ab-a032-ef81c4b6b56f req-d595c0ea-08d2-409c-b4b8-e1f6c9180848 4f1369f473dd4c8dafc2dbfe5e90a50c 2ac16763389840a1937f4fa22bd65195 - - 7e02133650794b2087fb5de754becabc 7e02133650794b2087fb5de754becabc] 162.253.55.36 "GET /resource_providers/a7061c98-4e78-4cef-9867-96d1d1e1aee4/allocations" status: 200 len: 440 microversion: 1.0 [pid: 7|app: 0|req: 604/1198] 162.253.55.36 () {32 vars in 856 bytes} [Fri Feb 27 23:17:37 2026] GET /resource_providers/a7061c98-4e78-4cef-9867-96d1d1e1aee4/allocations => generated 440 bytes in 18 msecs (HTTP/1.1 200) 6 headers in 224 bytes (1 switches on core 0)
2026-02-27 23:17:37.531 8 INFO placement.requestlog [req-cf4d7db0-fdf3-46ab-a032-ef81c4b6b56f req-23a0de0c-ab4e-485b-83c6-55f339ca6fc9 4f1369f473dd4c8dafc2dbfe5e90a50c 2ac16763389840a1937f4fa22bd65195 - - 7e02133650794b2087fb5de754becabc 7e02133650794b2087fb5de754becabc] 162.253.55.36 "GET /allocations/a696d91b-ac0a-4dda-a3e7-7d8c4a35dfd7" status: 200 len: 245 microversion: 1.28 [pid: 8|app: 0|req: 595/1199] 162.253.55.36 () {34 vars in 862 bytes} [Fri Feb 27 23:17:37 2026] GET /allocations/a696d91b-ac0a-4dda-a3e7-7d8c4a35dfd7 => generated 245 bytes in 13 msecs (HTTP/1.1 200) 8 headers in 296 bytes (1 switches on core 0)
2026-02-27 23:17:37.548 7 INFO placement.requestlog [req-cf4d7db0-fdf3-46ab-a032-ef81c4b6b56f req-39ae232a-960c-48d1-b6f8-c3c6740ff9fd 4f1369f473dd4c8dafc2dbfe5e90a50c 2ac16763389840a1937f4fa22bd65195 - - 7e02133650794b2087fb5de754becabc 7e02133650794b2087fb5de754becabc] 162.253.55.36 "GET /allocations/cb151a7c-456f-4c90-9853-d8be1bec4b72" status: 200 len: 258 microversion: 1.28 [pid: 7|app: 0|req: 605/1200] 162.253.55.36 () {34 vars in 862 bytes} [Fri Feb 27 23:17:37 2026] GET /allocations/cb151a7c-456f-4c90-9853-d8be1bec4b72 => generated 258 bytes in 12 msecs (HTTP/1.1 200) 8 headers in 296 bytes (1 switches on core 0)
2026-02-27 23:17:37.567 8 INFO placement.requestlog [req-cf4d7db0-fdf3-46ab-a032-ef81c4b6b56f req-05244a83-d79d-416b-ad2f-8e9d2173cbb4 4f1369f473dd4c8dafc2dbfe5e90a50c 2ac16763389840a1937f4fa22bd65195 - - 7e02133650794b2087fb5de754becabc 7e02133650794b2087fb5de754becabc] 162.253.55.36 "GET /allocations/3d3b0b9c-2eff-4b68-8930-5aede1625b04" status: 200 len: 258 microversion: 1.28 [pid: 8|app: 0|req: 596/1201] 162.253.55.36 () {34 vars in 862 bytes} [Fri Feb 27 23:17:37 2026] GET /allocations/3d3b0b9c-2eff-4b68-8930-5aede1625b04 => generated 258 bytes in 14 msecs (HTTP/1.1 200) 8 headers in 296 bytes (1 switches on core 0)
2026-02-27 23:17:37.584 7 INFO placement.requestlog [req-cf4d7db0-fdf3-46ab-a032-ef81c4b6b56f req-4f4653c4-b497-4bb2-b2d5-af5c77f796aa 4f1369f473dd4c8dafc2dbfe5e90a50c 2ac16763389840a1937f4fa22bd65195 - - 7e02133650794b2087fb5de754becabc 7e02133650794b2087fb5de754becabc] 162.253.55.36 "GET /allocations/b3733d02-e2f7-4165-9adc-4489437c2357" status: 200 len: 258 microversion: 1.28 [pid: 7|app: 0|req: 606/1202] 162.253.55.36 () {34 vars in 862 bytes} [Fri Feb 27 23:17:37 2026] GET /allocations/b3733d02-e2f7-4165-9adc-4489437c2357 => generated 258 bytes in 12 msecs (HTTP/1.1 200) 8 headers in 296 bytes (1 switches on core 0)
2026-02-27 23:17:38.641 8 INFO placement.requestlog [req-cf4d7db0-fdf3-46ab-a032-ef81c4b6b56f req-ef571b93-457e-476b-85d6-9321802a7578 4f1369f473dd4c8dafc2dbfe5e90a50c 2ac16763389840a1937f4fa22bd65195 - - 7e02133650794b2087fb5de754becabc 7e02133650794b2087fb5de754becabc] 162.253.55.36 "DELETE /allocations/3d3b0b9c-2eff-4b68-8930-5aede1625b04" status: 204 len: 0 microversion: 1.0 [pid: 8|app: 0|req: 597/1203] 162.253.55.36 () {34 vars in 840 bytes} [Fri Feb 27 23:17:38 2026] DELETE /allocations/3d3b0b9c-2eff-4b68-8930-5aede1625b04 => generated 0 bytes in 33 msecs (HTTP/1.1 204) 5 headers in 198 bytes (1 switches on core 0)
2026-02-27 23:17:39.646 7 INFO placement.requestlog [req-36636bbb-2d0e-4a8e-a551-aff72cd104a2 req-5607fcea-cbe8-4fd7-9f10-d0bf8e0710fd 4f1369f473dd4c8dafc2dbfe5e90a50c 2ac16763389840a1937f4fa22bd65195 - - 7e02133650794b2087fb5de754becabc 7e02133650794b2087fb5de754becabc] 162.253.55.36 "GET /resource_providers/a7061c98-4e78-4cef-9867-96d1d1e1aee4/allocations" status: 200 len: 340 microversion: 1.0 [pid: 7|app: 0|req: 607/1204] 162.253.55.36 () {32 vars in 856 bytes} [Fri Feb 27 23:17:39 2026] GET /resource_providers/a7061c98-4e78-4cef-9867-96d1d1e1aee4/allocations => generated 340 bytes in 16 msecs (HTTP/1.1 200) 6 headers in 224 bytes (1 switches on core 0)
2026-02-27 23:17:39.671 8 INFO placement.requestlog [req-36636bbb-2d0e-4a8e-a551-aff72cd104a2 req-e0d993d4-0a3e-42f6-b9cf-09c47843b933 4f1369f473dd4c8dafc2dbfe5e90a50c 2ac16763389840a1937f4fa22bd65195 - - 7e02133650794b2087fb5de754becabc 7e02133650794b2087fb5de754becabc] 162.253.55.36 "GET /resource_providers/a7061c98-4e78-4cef-9867-96d1d1e1aee4/allocations" status: 200 len: 340 microversion: 1.0 [pid: 8|app: 0|req: 598/1205] 162.253.55.36 () {32 vars in 856 bytes} [Fri Feb 27 23:17:39 2026] GET /resource_providers/a7061c98-4e78-4cef-9867-96d1d1e1aee4/allocations => generated 340 bytes in 18 msecs (HTTP/1.1 200) 6 headers in 224 bytes (1 switches on core 0)
2026-02-27 23:17:39.688 7 INFO placement.requestlog [req-36636bbb-2d0e-4a8e-a551-aff72cd104a2 req-019cc9f7-4f42-4c27-a9ae-d4c296f1e72b 4f1369f473dd4c8dafc2dbfe5e90a50c 2ac16763389840a1937f4fa22bd65195 - - 7e02133650794b2087fb5de754becabc 7e02133650794b2087fb5de754becabc] 162.253.55.36 "GET /allocations/a696d91b-ac0a-4dda-a3e7-7d8c4a35dfd7" status: 200 len: 245 microversion: 1.28 [pid: 7|app: 0|req: 608/1206] 162.253.55.36 () {34 vars in 862 bytes} [Fri Feb 27 23:17:39 2026] GET /allocations/a696d91b-ac0a-4dda-a3e7-7d8c4a35dfd7 => generated 245 bytes in 11 msecs (HTTP/1.1 200) 8 headers in 296 bytes (1 switches on core 0)
2026-02-27 23:17:39.703 8 INFO placement.requestlog [req-36636bbb-2d0e-4a8e-a551-aff72cd104a2 req-dac0332e-5060-4363-865f-699f0986cccd 4f1369f473dd4c8dafc2dbfe5e90a50c 2ac16763389840a1937f4fa22bd65195 - - 7e02133650794b2087fb5de754becabc 7e02133650794b2087fb5de754becabc] 162.253.55.36 "GET /allocations/cb151a7c-456f-4c90-9853-d8be1bec4b72" status: 200 len: 258 microversion: 1.28 [pid: 8|app: 0|req: 599/1207] 162.253.55.36 () {34 vars in 862 bytes} [Fri Feb 27 23:17:39 2026] GET /allocations/cb151a7c-456f-4c90-9853-d8be1bec4b72 => generated 258 bytes in 10 msecs (HTTP/1.1 200) 8 headers in 296 bytes (1 switches on core 0)
2026-02-27 23:17:39.720 7 INFO placement.requestlog [req-36636bbb-2d0e-4a8e-a551-aff72cd104a2 req-c19fe42a-2580-432b-afeb-e03766da01cc 4f1369f473dd4c8dafc2dbfe5e90a50c 2ac16763389840a1937f4fa22bd65195 - - 7e02133650794b2087fb5de754becabc 7e02133650794b2087fb5de754becabc] 162.253.55.36 "GET /allocations/b3733d02-e2f7-4165-9adc-4489437c2357" status: 200 len: 258 microversion: 1.28 [pid: 7|app: 0|req: 609/1208] 162.253.55.36 () {34 vars in 862 bytes} [Fri Feb 27 23:17:39 2026] GET /allocations/b3733d02-e2f7-4165-9adc-4489437c2357 => generated 258 bytes in 12 msecs (HTTP/1.1 200) 8 headers in 296 bytes (1 switches on core 0)
2026-02-27 23:17:40.622 8 INFO placement.requestlog [None req-f420bcb2-db1a-414f-a7e9-8aa59d789450 - - - - - -] 10.0.0.92 "GET /" status: 200 len: 136 microversion: 1.0
2026-02-27 23:17:40.623 7 INFO placement.requestlog [None req-6abcc5d5-9787-43e4-872d-c49cc4388cbe - - - - - -] 10.0.0.92 "GET /" status: 200 len: 136 microversion: 1.0
2026-02-27 23:17:42.907 8 INFO placement.requestlog [None req-a5bf6d73-7cfb-4f69-bdf0-f8fdc78ad374 be650ee55d0d46e1a4c4fad445b5bf43 7030838e1baa43488dc435424d1d870b - - default default] 10.0.0.216 "GET /resource_providers" status: 200 len: 406 microversion: 1.0 [pid: 8|app: 0|req: 601/1211] 10.0.0.216 () {28 vars in 593 bytes} [Fri Feb 27 23:17:42 2026] GET /resource_providers => generated 406 bytes in 118 msecs (HTTP/1.1 200) 6 headers in 224 bytes (1 switches on core 0)
2026-02-27 23:17:42.922 7 INFO placement.requestlog [None req-7bc2a1cc-9adf-4804-a658-c7180a65e8d6 be650ee55d0d46e1a4c4fad445b5bf43 7030838e1baa43488dc435424d1d870b - - default default] 10.0.0.216 "GET /resource_providers/a7061c98-4e78-4cef-9867-96d1d1e1aee4/inventories" status: 200 len: 401 microversion: 1.0 [pid: 7|app: 0|req: 611/1212] 10.0.0.216 () {28 vars in 691 bytes} [Fri Feb 27 23:17:42 2026] GET /resource_providers/a7061c98-4e78-4cef-9867-96d1d1e1aee4/inventories => generated 401 bytes in 10 msecs (HTTP/1.1 200) 6 headers in 224 bytes (1 switches on core 0)
2026-02-27 23:17:42.939 8 INFO placement.requestlog [None req-956f0bb6-5f1c-4777-8f83-a309819c4ebe be650ee55d0d46e1a4c4fad445b5bf43 7030838e1baa43488dc435424d1d870b - - default default] 10.0.0.216 "GET /resource_providers/a7061c98-4e78-4cef-9867-96d1d1e1aee4/usages" status: 200 len: 92 microversion: 1.0 [pid: 8|app: 0|req: 602/1213] 10.0.0.216 () {28 vars in 681 bytes} [Fri Feb 27 23:17:42 2026] GET /resource_providers/a7061c98-4e78-4cef-9867-96d1d1e1aee4/usages => generated 92 bytes in 12 msecs (HTTP/1.1 200) 6 headers in 223 bytes (1 switches on core 0)
2026-02-27 23:17:43.710 7 INFO placement.requestlog [None req-60440a37-fb1d-40cf-87e0-f2522ef4f5b6 a657717183c447c49de5e921d584552d 2ac16763389840a1937f4fa22bd65195 - - 7e02133650794b2087fb5de754becabc 7e02133650794b2087fb5de754becabc] 10.0.0.78 "GET /resource_providers/4193d1fb-0330-4c9e-aaa6-f61e20cfaf85/aggregates" status: 404 len: 235 microversion: 1.1 [pid: 7|app: 0|req: 612/1214] 10.0.0.78 () {32 vars in 815 bytes} [Fri Feb 27 23:17:43 2026] GET /resource_providers/4193d1fb-0330-4c9e-aaa6-f61e20cfaf85/aggregates => generated 235 bytes in 47 msecs (HTTP/1.1 404) 5 headers in 202 bytes (1 switches on core 0)
2026-02-27 23:17:43.722 8 INFO placement.requestlog [None req-10a80874-7b2d-43e1-b124-0f66226c65f8 a657717183c447c49de5e921d584552d 2ac16763389840a1937f4fa22bd65195 - - 7e02133650794b2087fb5de754becabc 7e02133650794b2087fb5de754becabc] 10.0.0.78 "GET /resource_providers/4193d1fb-0330-4c9e-aaa6-f61e20cfaf85/aggregates" status: 404 len: 235 microversion: 1.1 [pid: 8|app: 0|req: 603/1215] 10.0.0.78 () {32 vars in 815 bytes} [Fri Feb 27 23:17:43 2026] GET /resource_providers/4193d1fb-0330-4c9e-aaa6-f61e20cfaf85/aggregates => generated 235 bytes in 58 msecs (HTTP/1.1 404) 5 headers in 202 bytes (1 switches on core 0)
2026-02-27 23:17:43.734 7 INFO placement.requestlog [None req-cf39fe91-67a5-4c57-ba15-2253571f19ac a657717183c447c49de5e921d584552d 2ac16763389840a1937f4fa22bd65195 - - 7e02133650794b2087fb5de754becabc 7e02133650794b2087fb5de754becabc] 10.0.0.78 "DELETE /resource_providers/4193d1fb-0330-4c9e-aaa6-f61e20cfaf85" status: 404 len: 246 microversion: 1.1 [pid: 7|app: 0|req: 613/1216] 10.0.0.78 () {34 vars in 815 bytes} [Fri Feb 27 23:17:43 2026] DELETE /resource_providers/4193d1fb-0330-4c9e-aaa6-f61e20cfaf85 => generated 246 bytes in 17 msecs (HTTP/1.1 404) 6 headers in 231 bytes (1 switches on core 0)
2026-02-27 23:17:43.741 8 INFO placement.requestlog [None req-1e8cf486-9bf5-4744-aba4-ba5886cc9116 a657717183c447c49de5e921d584552d 2ac16763389840a1937f4fa22bd65195 - - 7e02133650794b2087fb5de754becabc 7e02133650794b2087fb5de754becabc] 10.0.0.78 "DELETE /resource_providers/4193d1fb-0330-4c9e-aaa6-f61e20cfaf85" status: 404 len: 246 microversion: 1.1 [pid: 8|app: 0|req: 604/1217] 10.0.0.78 () {34 vars in 815 bytes} [Fri Feb 27 23:17:43 2026] DELETE /resource_providers/4193d1fb-0330-4c9e-aaa6-f61e20cfaf85 => generated 246 bytes in 11 msecs (HTTP/1.1 404) 6 headers in 231 bytes (1 switches on core 0)
2026-02-27 23:17:45.988 7 INFO placement.requestlog [None req-f738c140-56a9-49f8-9cc8-1332c2ffa1fe a657717183c447c49de5e921d584552d 2ac16763389840a1937f4fa22bd65195 - - 7e02133650794b2087fb5de754becabc 7e02133650794b2087fb5de754becabc] 10.0.0.78 "GET /resource_providers/7b0be00a-e908-4e7f-b2b3-17a2d69a78e5/aggregates" status: 404 len: 235 microversion: 1.1 [pid: 7|app: 0|req: 614/1218] 10.0.0.78 () {32 vars in 815 bytes} [Fri Feb 27 23:17:45 2026] GET /resource_providers/7b0be00a-e908-4e7f-b2b3-17a2d69a78e5/aggregates => generated 235 bytes in 10 msecs (HTTP/1.1 404) 5 headers in 202 bytes (1 switches on core 0)
2026-02-27 23:17:45.989 8 INFO placement.requestlog [None req-2e78d0e5-7bdc-4fe8-9d7f-cf2c9cef1665 a657717183c447c49de5e921d584552d 2ac16763389840a1937f4fa22bd65195 - - 7e02133650794b2087fb5de754becabc 7e02133650794b2087fb5de754becabc] 10.0.0.78 "GET /resource_providers/7b0be00a-e908-4e7f-b2b3-17a2d69a78e5/aggregates" status: 404 len: 235 microversion: 1.1 [pid: 8|app: 0|req: 605/1219] 10.0.0.78 () {32 vars in 815 bytes} [Fri Feb 27 23:17:45 2026] GET /resource_providers/7b0be00a-e908-4e7f-b2b3-17a2d69a78e5/aggregates => generated 235 bytes in 11 msecs (HTTP/1.1 404) 5 headers in 202 bytes (1 switches on core 0)
2026-02-27 23:17:46.007 7 INFO placement.requestlog [None req-21705f31-6f80-45d2-bcbd-4899fc820f91 a657717183c447c49de5e921d584552d 2ac16763389840a1937f4fa22bd65195 - - 7e02133650794b2087fb5de754becabc 7e02133650794b2087fb5de754becabc] 10.0.0.78 "DELETE /resource_providers/7b0be00a-e908-4e7f-b2b3-17a2d69a78e5" status: 404 len: 246 microversion: 1.1 [pid: 7|app: 0|req: 615/1220] 10.0.0.78 () {34 vars in 815 bytes} [Fri Feb 27 23:17:45 2026] DELETE /resource_providers/7b0be00a-e908-4e7f-b2b3-17a2d69a78e5 => generated 246 bytes in 9 msecs (HTTP/1.1 404) 6 headers in 231 bytes (1 switches on core 0)
2026-02-27 23:17:46.008 8 INFO placement.requestlog [None req-c30ed01c-0bc7-4411-b2f4-dfa0ab35a07e a657717183c447c49de5e921d584552d 2ac16763389840a1937f4fa22bd65195 - - 7e02133650794b2087fb5de754becabc 7e02133650794b2087fb5de754becabc] 10.0.0.78 "DELETE /resource_providers/7b0be00a-e908-4e7f-b2b3-17a2d69a78e5" status: 404 len: 246 microversion: 1.1 [pid: 8|app: 0|req: 606/1221] 10.0.0.78 () {34 vars in 815 bytes} [Fri Feb 27 23:17:46 2026] DELETE /resource_providers/7b0be00a-e908-4e7f-b2b3-17a2d69a78e5 => generated 246 bytes in 8 msecs (HTTP/1.1 404) 6 headers in 231 bytes (1 switches on core 0)
2026-02-27 23:17:50.623 7 INFO placement.requestlog [None req-b36cd7e5-2d1f-4c3d-84dd-237ebf634feb - - - - - -] 10.0.0.92 "GET /" status: 200 len: 136 microversion: 1.0
2026-02-27 23:17:50.623 8 INFO placement.requestlog [None req-ba3fdd0b-41a4-494c-aec5-17fe99f5b49c - - - - - -] 10.0.0.92 "GET /" status: 200 len: 136 microversion: 1.0
2026-02-27 23:18:00.251 8 INFO placement.requestlog [None req-87c006e7-850f-4b58-ae17-20060d5d6c51 a657717183c447c49de5e921d584552d 2ac16763389840a1937f4fa22bd65195 - - 7e02133650794b2087fb5de754becabc 7e02133650794b2087fb5de754becabc] 10.0.0.78 "GET /resource_providers/e776bdee-bcbf-44c3-b8ef-c43708b68015/aggregates" status: 404 len: 235 microversion: 1.1 [pid: 8|app: 0|req: 608/1224] 10.0.0.78 () {32 vars in 815 bytes} [Fri Feb 27 23:18:00 2026] GET /resource_providers/e776bdee-bcbf-44c3-b8ef-c43708b68015/aggregates => generated 235 bytes in 10 msecs (HTTP/1.1 404) 5 headers in 202 bytes (1 switches on core 0)
2026-02-27 23:18:00.252 7 INFO placement.requestlog [None req-29b9a0a5-3d16-4e39-9a3d-dab2d06c2ef8 a657717183c447c49de5e921d584552d 2ac16763389840a1937f4fa22bd65195 - - 7e02133650794b2087fb5de754becabc 7e02133650794b2087fb5de754becabc] 10.0.0.78 "GET /resource_providers/e776bdee-bcbf-44c3-b8ef-c43708b68015/aggregates" status: 404 len: 235 microversion: 1.1 [pid: 7|app: 0|req: 617/1225] 10.0.0.78 () {32 vars in 815 bytes} [Fri Feb 27 23:18:00 2026] GET /resource_providers/e776bdee-bcbf-44c3-b8ef-c43708b68015/aggregates => generated 235 bytes in 11 msecs (HTTP/1.1 404) 5 headers in 202 bytes (1 switches on core 0)
2026-02-27 23:18:00.274 8 INFO placement.requestlog [None req-617e052b-3db8-495c-ba1a-cbeeab3d2d58 a657717183c447c49de5e921d584552d 2ac16763389840a1937f4fa22bd65195 - - 7e02133650794b2087fb5de754becabc 7e02133650794b2087fb5de754becabc] 10.0.0.78 "DELETE /resource_providers/e776bdee-bcbf-44c3-b8ef-c43708b68015" status: 404 len: 246 microversion: 1.1 [pid: 8|app: 0|req: 609/1226] 10.0.0.78 () {34 vars in 815 bytes} [Fri Feb 27 23:18:00 2026] DELETE /resource_providers/e776bdee-bcbf-44c3-b8ef-c43708b68015 => generated 246 bytes in 10 msecs (HTTP/1.1 404) 6 headers in 231 bytes (1 switches on core 0)
2026-02-27 23:18:00.275 7 INFO placement.requestlog [None req-191b8961-39f7-4a28-9cc7-7b8760bf9d29 a657717183c447c49de5e921d584552d 2ac16763389840a1937f4fa22bd65195 - - 7e02133650794b2087fb5de754becabc 7e02133650794b2087fb5de754becabc] 10.0.0.78 "DELETE /resource_providers/e776bdee-bcbf-44c3-b8ef-c43708b68015" status: 404 len: 246 microversion: 1.1 [pid: 7|app: 0|req: 618/1227] 10.0.0.78 () {34 vars in 815 bytes} [Fri Feb 27 23:18:00 2026] DELETE /resource_providers/e776bdee-bcbf-44c3-b8ef-c43708b68015 => generated 246 bytes in 11 msecs (HTTP/1.1 404) 6 headers in 231 bytes (1 switches on core 0)
2026-02-27 23:18:00.623 8 INFO placement.requestlog [None req-78652d0a-9f81-409a-b9c4-7fef8050a573 - - - - - -] 10.0.0.92 "GET /" status: 200 len: 136 microversion: 1.0
2026-02-27 23:18:00.624 7 INFO placement.requestlog [None req-86aa63c6-c408-4dc3-93ee-2de370410783 - - - - - -] 10.0.0.92 "GET /" status: 200 len: 136 microversion: 1.0
2026-02-27 23:18:00.658 7 INFO placement.requestlog [None req-f3b6fe6a-4d04-4249-ba7b-1ed7203d9110 a657717183c447c49de5e921d584552d 2ac16763389840a1937f4fa22bd65195 - - 7e02133650794b2087fb5de754becabc 7e02133650794b2087fb5de754becabc] 10.0.0.78 "GET /resource_providers/1f07c752-91d7-4f61-a10f-636f61f69d8f/aggregates" status: 404 len: 235 microversion: 1.1
2026-02-27 23:18:00.658 8 INFO placement.requestlog [None req-7492f1ac-bf23-4c80-8624-212b769c6264 a657717183c447c49de5e921d584552d 2ac16763389840a1937f4fa22bd65195 - - 7e02133650794b2087fb5de754becabc 7e02133650794b2087fb5de754becabc] 10.0.0.78 "GET /resource_providers/1f07c752-91d7-4f61-a10f-636f61f69d8f/aggregates" status: 404 len: 235 microversion: 1.1 [pid: 8|app: 0|req: 611/1230] 10.0.0.78 () {32 vars in 815 bytes} [Fri Feb 27 23:18:00 2026] GET /resource_providers/1f07c752-91d7-4f61-a10f-636f61f69d8f/aggregates => generated 235 bytes in 11 msecs (HTTP/1.1 404) 5 headers in 202 bytes (1 switches on core 0) [pid: 7|app: 0|req: 620/1231] 10.0.0.78 () {32 vars in 815 bytes} [Fri Feb 27 23:18:00 2026] GET /resource_providers/1f07c752-91d7-4f61-a10f-636f61f69d8f/aggregates => generated 235 bytes in 11 msecs (HTTP/1.1 404) 5 headers in 202 bytes (1 switches on core 0)
2026-02-27 23:18:00.683 8 INFO placement.requestlog [None req-1117aff9-32a3-49fe-9fd2-c1962f60cbb0 a657717183c447c49de5e921d584552d 2ac16763389840a1937f4fa22bd65195 - - 7e02133650794b2087fb5de754becabc 7e02133650794b2087fb5de754becabc] 10.0.0.78 "DELETE /resource_providers/1f07c752-91d7-4f61-a10f-636f61f69d8f" status: 404 len: 246 microversion: 1.1 [pid: 8|app: 0|req: 612/1232] 10.0.0.78 () {34 vars in 815 bytes} [Fri Feb 27 23:18:00 2026] DELETE /resource_providers/1f07c752-91d7-4f61-a10f-636f61f69d8f => generated 246 bytes in 10 msecs (HTTP/1.1 404) 6 headers in 231 bytes (1 switches on core 0)
2026-02-27 23:18:00.693 7 INFO placement.requestlog [None req-162c5f8e-7a8d-451c-a8d4-7fa5f68af922 a657717183c447c49de5e921d584552d 2ac16763389840a1937f4fa22bd65195 - - 7e02133650794b2087fb5de754becabc 7e02133650794b2087fb5de754becabc] 10.0.0.78 "DELETE /resource_providers/1f07c752-91d7-4f61-a10f-636f61f69d8f" status: 404 len: 246 microversion: 1.1 [pid: 7|app: 0|req: 621/1233] 10.0.0.78 () {34 vars in 815 bytes} [Fri Feb 27 23:18:00 2026] DELETE /resource_providers/1f07c752-91d7-4f61-a10f-636f61f69d8f => generated 246 bytes in 18 msecs (HTTP/1.1 404) 6 headers in 231 bytes (1 switches on core 0)
2026-02-27 23:18:02.308 8 INFO placement.requestlog [None req-209e0e88-a268-4694-888a-140e2b3ff20f a657717183c447c49de5e921d584552d 2ac16763389840a1937f4fa22bd65195 - - 7e02133650794b2087fb5de754becabc 7e02133650794b2087fb5de754becabc] 10.0.0.78 "GET /resource_providers/802f22f3-bcbc-40f3-879f-c80c6191e42d/aggregates" status: 404 len: 235 microversion: 1.1 [pid: 8|app: 0|req: 613/1234] 10.0.0.78 () {32 vars in 815 bytes} [Fri Feb 27 23:18:02 2026] GET /resource_providers/802f22f3-bcbc-40f3-879f-c80c6191e42d/aggregates => generated 235 bytes in 14 msecs (HTTP/1.1 404) 5 headers in 202 bytes (1 switches on core 0)
2026-02-27 23:18:02.309 7 INFO placement.requestlog [None req-cd511f4a-0fa0-45b2-b888-931ec532215a a657717183c447c49de5e921d584552d 2ac16763389840a1937f4fa22bd65195 - - 7e02133650794b2087fb5de754becabc 7e02133650794b2087fb5de754becabc] 10.0.0.78 "GET /resource_providers/802f22f3-bcbc-40f3-879f-c80c6191e42d/aggregates" status: 404 len: 235 microversion: 1.1 [pid: 7|app: 0|req: 622/1235] 10.0.0.78 () {32 vars in 815 bytes} [Fri Feb 27 23:18:02 2026] GET /resource_providers/802f22f3-bcbc-40f3-879f-c80c6191e42d/aggregates => generated 235 bytes in 14 msecs (HTTP/1.1 404) 5 headers in 202 bytes (1 switches on core 0)
2026-02-27 23:18:02.333 8 INFO placement.requestlog [None req-1a05dedb-2b9e-4296-a456-e3fc9782468c a657717183c447c49de5e921d584552d 2ac16763389840a1937f4fa22bd65195 - - 7e02133650794b2087fb5de754becabc 7e02133650794b2087fb5de754becabc] 10.0.0.78 "DELETE /resource_providers/802f22f3-bcbc-40f3-879f-c80c6191e42d" status: 404 len: 246 microversion: 1.1 [pid: 8|app: 0|req: 614/1236] 10.0.0.78 () {34 vars in 815 bytes} [Fri Feb 27 23:18:02 2026] DELETE /resource_providers/802f22f3-bcbc-40f3-879f-c80c6191e42d => generated 246 bytes in 16 msecs (HTTP/1.1 404) 6 headers in 231 bytes (1 switches on core 0)
2026-02-27 23:18:02.335 7 INFO placement.requestlog [None req-9710ceb2-70a1-4501-a7d6-89b0c571a074 a657717183c447c49de5e921d584552d 2ac16763389840a1937f4fa22bd65195 - - 7e02133650794b2087fb5de754becabc 7e02133650794b2087fb5de754becabc] 10.0.0.78 "DELETE /resource_providers/802f22f3-bcbc-40f3-879f-c80c6191e42d" status: 404 len: 246 microversion: 1.1 [pid: 7|app: 0|req: 623/1237] 10.0.0.78 () {34 vars in 815 bytes} [Fri Feb 27 23:18:02 2026] DELETE /resource_providers/802f22f3-bcbc-40f3-879f-c80c6191e42d => generated 246 bytes in 11 msecs (HTTP/1.1 404) 6 headers in 231 bytes (1 switches on core 0)
2026-02-27 23:18:02.352 8 INFO placement.requestlog [None req-e7b4f60e-3e2e-4f51-b999-7782d97322e6 a657717183c447c49de5e921d584552d 2ac16763389840a1937f4fa22bd65195 - - 7e02133650794b2087fb5de754becabc 7e02133650794b2087fb5de754becabc] 10.0.0.78 "GET /resource_providers/9da501a5-34ab-4006-a5c2-cee68f8ce929/aggregates" status: 404 len: 235 microversion: 1.1 [pid: 8|app: 0|req: 615/1238] 10.0.0.78 () {32 vars in 815 bytes} [Fri Feb 27 23:18:02 2026] GET /resource_providers/9da501a5-34ab-4006-a5c2-cee68f8ce929/aggregates => generated 235 bytes in 8 msecs (HTTP/1.1 404) 5 headers in 202 bytes (1 switches on core 0)
2026-02-27 23:18:02.359 7 INFO placement.requestlog [None req-4fc73f7a-174c-4f3b-8d8b-5a3e876e68b9 a657717183c447c49de5e921d584552d 2ac16763389840a1937f4fa22bd65195 - - 7e02133650794b2087fb5de754becabc 7e02133650794b2087fb5de754becabc] 10.0.0.78 "GET /resource_providers/9da501a5-34ab-4006-a5c2-cee68f8ce929/aggregates" status: 404 len: 235 microversion: 1.1 [pid: 7|app: 0|req: 624/1239] 10.0.0.78 () {32 vars in 815 bytes} [Fri Feb 27 23:18:02 2026] GET /resource_providers/9da501a5-34ab-4006-a5c2-cee68f8ce929/aggregates => generated 235 bytes in 12 msecs (HTTP/1.1 404) 5 headers in 202 bytes (1 switches on core 0)
2026-02-27 23:18:02.370 8 INFO placement.requestlog [None req-650bef4a-6705-45fb-a7bc-c0162b1d66c9 a657717183c447c49de5e921d584552d 2ac16763389840a1937f4fa22bd65195 - - 7e02133650794b2087fb5de754becabc 7e02133650794b2087fb5de754becabc] 10.0.0.78 "DELETE /resource_providers/9da501a5-34ab-4006-a5c2-cee68f8ce929" status: 404 len: 246 microversion: 1.1 [pid: 8|app: 0|req: 616/1240] 10.0.0.78 () {34 vars in 815 bytes} [Fri Feb 27 23:18:02 2026] DELETE /resource_providers/9da501a5-34ab-4006-a5c2-cee68f8ce929 => generated 246 bytes in 10 msecs (HTTP/1.1 404) 6 headers in 231 bytes (1 switches on core 0)
2026-02-27 23:18:02.376 7 INFO placement.requestlog [None req-46da70f6-63a0-429a-b18e-3597c80af95b a657717183c447c49de5e921d584552d 2ac16763389840a1937f4fa22bd65195 - - 7e02133650794b2087fb5de754becabc 7e02133650794b2087fb5de754becabc] 10.0.0.78 "DELETE /resource_providers/9da501a5-34ab-4006-a5c2-cee68f8ce929" status: 404 len: 246 microversion: 1.1 [pid: 7|app: 0|req: 625/1241] 10.0.0.78 () {34 vars in 815 bytes} [Fri Feb 27 23:18:02 2026] DELETE /resource_providers/9da501a5-34ab-4006-a5c2-cee68f8ce929 => generated 246 bytes in 10 msecs (HTTP/1.1 404) 6 headers in 231 bytes (1 switches on core 0)
2026-02-27 23:18:02.712 8 INFO placement.requestlog [None req-97963648-abf6-44f5-b40b-f7549c77b690 a657717183c447c49de5e921d584552d 2ac16763389840a1937f4fa22bd65195 - - 7e02133650794b2087fb5de754becabc 7e02133650794b2087fb5de754becabc] 10.0.0.78 "GET /resource_providers/c678c448-61df-4014-9203-c07e8933dce2/aggregates" status: 404 len: 235 microversion: 1.1 [pid: 8|app: 0|req: 617/1242] 10.0.0.78 () {32 vars in 815 bytes} [Fri Feb 27 23:18:02 2026] GET /resource_providers/c678c448-61df-4014-9203-c07e8933dce2/aggregates => generated 235 bytes in 11 msecs (HTTP/1.1 404) 5 headers in 202 bytes (1 switches on core 0)
2026-02-27 23:18:02.723 7 INFO placement.requestlog [None req-da573e90-05d2-41e7-861b-f77ea0a9296c a657717183c447c49de5e921d584552d 2ac16763389840a1937f4fa22bd65195 - - 7e02133650794b2087fb5de754becabc 7e02133650794b2087fb5de754becabc] 10.0.0.78 "GET /resource_providers/c678c448-61df-4014-9203-c07e8933dce2/aggregates" status: 404 len: 235 microversion: 1.1 [pid: 7|app: 0|req: 626/1243] 10.0.0.78 () {32 vars in 815 bytes} [Fri Feb 27 23:18:02 2026] GET /resource_providers/c678c448-61df-4014-9203-c07e8933dce2/aggregates => generated 235 bytes in 20 msecs (HTTP/1.1 404) 5 headers in 202 bytes (1 switches on core 0)
2026-02-27 23:18:02.726 8 INFO placement.requestlog [None req-70cbe10b-177a-44af-b6da-38a243e49139 a657717183c447c49de5e921d584552d 2ac16763389840a1937f4fa22bd65195 - - 7e02133650794b2087fb5de754becabc 7e02133650794b2087fb5de754becabc] 10.0.0.78 "DELETE /resource_providers/c678c448-61df-4014-9203-c07e8933dce2" status: 404 len: 246 microversion: 1.1 [pid: 8|app: 0|req: 618/1244] 10.0.0.78 () {34 vars in 815 bytes} [Fri Feb 27 23:18:02 2026] DELETE /resource_providers/c678c448-61df-4014-9203-c07e8933dce2 => generated 246 bytes in 9 msecs (HTTP/1.1 404) 6 headers in 231 bytes (1 switches on core 0)
2026-02-27 23:18:02.740 7 INFO placement.requestlog [None req-6f261631-90e4-4c15-8f99-ce2850e35fbf a657717183c447c49de5e921d584552d 2ac16763389840a1937f4fa22bd65195 - - 7e02133650794b2087fb5de754becabc 7e02133650794b2087fb5de754becabc] 10.0.0.78 "DELETE /resource_providers/c678c448-61df-4014-9203-c07e8933dce2" status: 404 len: 246 microversion: 1.1 [pid: 7|app: 0|req: 627/1245] 10.0.0.78 () {34 vars in 815 bytes} [Fri Feb 27 23:18:02 2026] DELETE /resource_providers/c678c448-61df-4014-9203-c07e8933dce2 => generated 246 bytes in 10 msecs (HTTP/1.1 404) 6 headers in 231 bytes (1 switches on core 0)
2026-02-27 23:18:10.626 8 INFO placement.requestlog [None req-e87f7cc5-4ab2-4dab-aaed-689334b79b76 - - - - - -] 10.0.0.92 "GET /" status: 200 len: 136 microversion: 1.0
2026-02-27 23:18:10.626 7 INFO placement.requestlog [None req-66b9ee35-86b3-48d5-b33a-49c2818708e9 - - - - - -] 10.0.0.92 "GET /" status: 200 len: 136 microversion: 1.0
2026-02-27 23:18:20.623 7 INFO placement.requestlog [None req-0699dbe4-9114-4e10-a031-9e613df60260 - - - - - -] 10.0.0.92 "GET /" status: 200 len: 136 microversion: 1.0
2026-02-27 23:18:20.623 8 INFO placement.requestlog [None req-aa22295b-5123-4785-8796-21e6dcef5783 - - - - - -] 10.0.0.92 "GET /" status: 200 len: 136 microversion: 1.0
2026-02-27 23:18:26.631 7 INFO placement.requestlog [None req-fabda4ac-165c-4038-9c52-95b33129611c a657717183c447c49de5e921d584552d 2ac16763389840a1937f4fa22bd65195 - - 7e02133650794b2087fb5de754becabc 7e02133650794b2087fb5de754becabc] 10.0.0.78 "GET /resource_providers/34d6eefc-ac80-4ee3-a4ce-1fe640e8a51a/aggregates" status: 404 len: 235 microversion: 1.1 [pid: 7|app: 0|req: 630/1250] 10.0.0.78 () {32 vars in 815 bytes} [Fri Feb 27 23:18:26 2026] GET /resource_providers/34d6eefc-ac80-4ee3-a4ce-1fe640e8a51a/aggregates => generated 235 bytes in 13 msecs (HTTP/1.1 404) 5 headers in 202 bytes (1 switches on core 0)
2026-02-27 23:18:26.634 8 INFO placement.requestlog [None req-bcdaa100-bbe7-42ea-bea0-c40c048ece50 a657717183c447c49de5e921d584552d 2ac16763389840a1937f4fa22bd65195 - - 7e02133650794b2087fb5de754becabc 7e02133650794b2087fb5de754becabc] 10.0.0.78 "GET /resource_providers/34d6eefc-ac80-4ee3-a4ce-1fe640e8a51a/aggregates" status: 404 len: 235 microversion: 1.1 [pid: 8|app: 0|req: 621/1251] 10.0.0.78 () {32 vars in 815 bytes} [Fri Feb 27 23:18:26 2026] GET /resource_providers/34d6eefc-ac80-4ee3-a4ce-1fe640e8a51a/aggregates => generated 235 bytes in 12 msecs (HTTP/1.1 404) 5 headers in 202 bytes (1 switches on core 0)
2026-02-27 23:18:26.652 7 INFO placement.requestlog [None req-16aa6c62-e869-49b7-ae8c-b0582b25fefa a657717183c447c49de5e921d584552d 2ac16763389840a1937f4fa22bd65195 - - 7e02133650794b2087fb5de754becabc 7e02133650794b2087fb5de754becabc] 10.0.0.78 "DELETE /resource_providers/34d6eefc-ac80-4ee3-a4ce-1fe640e8a51a" status: 404 len: 246 microversion: 1.1 [pid: 7|app: 0|req: 631/1252] 10.0.0.78 () {34 vars in 815 bytes} [Fri Feb 27 23:18:26 2026] DELETE /resource_providers/34d6eefc-ac80-4ee3-a4ce-1fe640e8a51a => generated 246 bytes in 11 msecs (HTTP/1.1 404) 6 headers in 231 bytes (1 switches on core 0)
2026-02-27 23:18:26.658 8 INFO placement.requestlog [None req-34b09794-3069-4c89-b9b2-2c7c3c6de1ae a657717183c447c49de5e921d584552d 2ac16763389840a1937f4fa22bd65195 - - 7e02133650794b2087fb5de754becabc 7e02133650794b2087fb5de754becabc] 10.0.0.78 "DELETE /resource_providers/34d6eefc-ac80-4ee3-a4ce-1fe640e8a51a" status: 404 len: 246 microversion: 1.1 [pid: 8|app: 0|req: 622/1253] 10.0.0.78 () {34 vars in 815 bytes} [Fri Feb 27 23:18:26 2026] DELETE /resource_providers/34d6eefc-ac80-4ee3-a4ce-1fe640e8a51a => generated 246 bytes in 14 msecs (HTTP/1.1 404) 6 headers in 231 bytes (1 switches on core 0)
2026-02-27 23:18:28.187 7 INFO placement.requestlog [None req-9dffc0b5-cb0e-4e74-94d2-8e9f2bfcf238 a657717183c447c49de5e921d584552d 2ac16763389840a1937f4fa22bd65195 - - 7e02133650794b2087fb5de754becabc 7e02133650794b2087fb5de754becabc] 10.0.0.78 "GET /resource_providers/c87c2e4b-2ce4-4181-aa5a-ee6695cce7a0/aggregates" status: 404 len: 235 microversion: 1.1 [pid: 7|app: 0|req: 632/1254] 10.0.0.78 () {32 vars in 815 bytes} [Fri Feb 27 23:18:28 2026] GET /resource_providers/c87c2e4b-2ce4-4181-aa5a-ee6695cce7a0/aggregates => generated 235 bytes in 9 msecs (HTTP/1.1 404) 5 headers in 202 bytes (1 switches on core 0)
2026-02-27 23:18:28.191 8 INFO placement.requestlog [None req-6e6c84a8-0721-4f12-873e-ddba4f20103c a657717183c447c49de5e921d584552d 2ac16763389840a1937f4fa22bd65195 - - 7e02133650794b2087fb5de754becabc 7e02133650794b2087fb5de754becabc] 10.0.0.78 "GET /resource_providers/c87c2e4b-2ce4-4181-aa5a-ee6695cce7a0/aggregates" status: 404 len: 235 microversion: 1.1 [pid: 8|app: 0|req: 623/1255] 10.0.0.78 () {32 vars in 815 bytes} [Fri Feb 27 23:18:28 2026] GET /resource_providers/c87c2e4b-2ce4-4181-aa5a-ee6695cce7a0/aggregates => generated 235 bytes in 11 msecs (HTTP/1.1 404) 5 headers in 202 bytes (1 switches on core 0)
2026-02-27 23:18:28.210 7 INFO placement.requestlog [None req-bf5a03f6-468a-4cdf-b3e4-844c1bf3d522 a657717183c447c49de5e921d584552d 2ac16763389840a1937f4fa22bd65195 - - 7e02133650794b2087fb5de754becabc 7e02133650794b2087fb5de754becabc] 10.0.0.78 "DELETE /resource_providers/c87c2e4b-2ce4-4181-aa5a-ee6695cce7a0" status: 404 len: 246 microversion: 1.1 [pid: 7|app: 0|req: 633/1256] 10.0.0.78 () {34 vars in 815 bytes} [Fri Feb 27 23:18:28 2026] DELETE /resource_providers/c87c2e4b-2ce4-4181-aa5a-ee6695cce7a0 => generated 246 bytes in 13 msecs (HTTP/1.1 404) 6 headers in 231 bytes (1 switches on core 0)
2026-02-27 23:18:28.215 8 INFO placement.requestlog [None req-5a89f3e5-2f72-4563-901d-70b1e2b5a84d a657717183c447c49de5e921d584552d 2ac16763389840a1937f4fa22bd65195 - - 7e02133650794b2087fb5de754becabc 7e02133650794b2087fb5de754becabc] 10.0.0.78 "DELETE /resource_providers/c87c2e4b-2ce4-4181-aa5a-ee6695cce7a0" status: 404 len: 246 microversion: 1.1 [pid: 8|app: 0|req: 624/1257] 10.0.0.78 () {34 vars in 815 bytes} [Fri Feb 27 23:18:28 2026] DELETE /resource_providers/c87c2e4b-2ce4-4181-aa5a-ee6695cce7a0 => generated 246 bytes in 10 msecs (HTTP/1.1 404) 6 headers in 231 bytes (1 switches on core 0)
2026-02-27 23:18:28.693 7 INFO placement.requestlog [None req-227a5bda-580d-4d3f-9f2b-1b7ddee039a3 a657717183c447c49de5e921d584552d 2ac16763389840a1937f4fa22bd65195 - - 7e02133650794b2087fb5de754becabc 7e02133650794b2087fb5de754becabc] 10.0.0.78 "GET /resource_providers/2999bacb-4b3a-44e4-840e-e81bdec50362/aggregates" status: 404 len: 235 microversion: 1.1
2026-02-27 23:18:28.694 8 INFO placement.requestlog [None req-b078e264-ae85-428d-84d6-1b015b332e84 a657717183c447c49de5e921d584552d 2ac16763389840a1937f4fa22bd65195 - - 7e02133650794b2087fb5de754becabc 7e02133650794b2087fb5de754becabc] 10.0.0.78 "GET /resource_providers/2999bacb-4b3a-44e4-840e-e81bdec50362/aggregates" status: 404 len: 235 microversion: 1.1 [pid: 8|app: 0|req: 625/1259] 10.0.0.78 () {32 vars in 815 bytes} [Fri Feb 27 23:18:28 2026] GET /resource_providers/2999bacb-4b3a-44e4-840e-e81bdec50362/aggregates => generated 235 bytes in 25 msecs (HTTP/1.1 404) 5 headers in 202 bytes (1 switches on core 0) [pid: 7|app: 0|req: 634/1259] 10.0.0.78 () {32 vars in 815 bytes} [Fri Feb 27 23:18:28 2026] GET /resource_providers/2999bacb-4b3a-44e4-840e-e81bdec50362/aggregates => generated 235 bytes in 27 msecs (HTTP/1.1 404) 5 headers in 202 bytes (1 switches on core 0)
2026-02-27 23:18:28.709 8 INFO placement.requestlog [None req-68dd807f-2db6-4338-900c-c72c2c2754d2 a657717183c447c49de5e921d584552d 2ac16763389840a1937f4fa22bd65195 - - 7e02133650794b2087fb5de754becabc 7e02133650794b2087fb5de754becabc] 10.0.0.78 "DELETE /resource_providers/2999bacb-4b3a-44e4-840e-e81bdec50362" status: 404 len: 246 microversion: 1.1 [pid: 8|app: 0|req: 626/1260] 10.0.0.78 () {34 vars in 815 bytes} [Fri Feb 27 23:18:28 2026] DELETE /resource_providers/2999bacb-4b3a-44e4-840e-e81bdec50362 => generated 246 bytes in 9 msecs (HTTP/1.1 404) 6 headers in 231 bytes (1 switches on core 0)
2026-02-27 23:18:28.710 7 INFO placement.requestlog [None req-7ab00562-b1bd-406b-a551-7ba9838116c4 a657717183c447c49de5e921d584552d 2ac16763389840a1937f4fa22bd65195 - - 7e02133650794b2087fb5de754becabc 7e02133650794b2087fb5de754becabc] 10.0.0.78 "DELETE /resource_providers/2999bacb-4b3a-44e4-840e-e81bdec50362" status: 404 len: 246 microversion: 1.1 [pid: 7|app: 0|req: 635/1261] 10.0.0.78 () {34 vars in 815 bytes} [Fri Feb 27 23:18:28 2026] DELETE /resource_providers/2999bacb-4b3a-44e4-840e-e81bdec50362 => generated 246 bytes in 9 msecs (HTTP/1.1 404) 6 headers in 231 bytes (1 switches on core 0)
2026-02-27 23:18:28.741 8 INFO placement.requestlog [None req-2d069f1b-46d1-4f7f-977b-37e297f2d9d1 a657717183c447c49de5e921d584552d 2ac16763389840a1937f4fa22bd65195 - - 7e02133650794b2087fb5de754becabc 7e02133650794b2087fb5de754becabc] 10.0.0.78 "GET /resource_providers/c40c56c5-d0e9-4fd0-a1a9-e541287a5653/aggregates" status: 404 len: 235 microversion: 1.1 [pid: 8|app: 0|req: 627/1262] 10.0.0.78 () {32 vars in 815 bytes} [Fri Feb 27 23:18:28 2026] GET /resource_providers/c40c56c5-d0e9-4fd0-a1a9-e541287a5653/aggregates => generated 235 bytes in 12 msecs (HTTP/1.1 404) 5 headers in 202 bytes (1 switches on core 0)
