2026-02-27 23:11:28.491 8 INFO placement.requestlog [req-7fd80687-40c7-422e-9536-2254b59d5c54 req-88b8588a-a38f-4bd0-913b-60adf4ec6fcb 4f1369f473dd4c8dafc2dbfe5e90a50c 2ac16763389840a1937f4fa22bd65195 - - 7e02133650794b2087fb5de754becabc 7e02133650794b2087fb5de754becabc] 10.0.0.180 "GET /allocation_candidates?limit=1000&resources=DISK_GB%3A1%2CMEMORY_MB%3A512%2CVCPU%3A1&root_required=%21COMPUTE_STATUS_DISABLED" status: 200 len: 2783 microversion: 1.36 [pid: 8|app: 0|req: 358/721] 10.0.0.180 () {34 vars in 1012 bytes} [Fri Feb 27 23:11:28 2026] GET /allocation_candidates?limit=1000&resources=DISK_GB%3A1%2CMEMORY_MB%3A512%2CVCPU%3A1&root_required=%21COMPUTE_STATUS_DISABLED => generated 2783 bytes in 47 msecs (HTTP/1.1 200) 8 headers in 297 bytes (1 switches on core 0)
2026-02-27 23:11:28.532 7 INFO placement.requestlog [req-7fd80687-40c7-422e-9536-2254b59d5c54 req-d0ab0948-fc65-42d4-b5c0-bf8d27619f8a 4f1369f473dd4c8dafc2dbfe5e90a50c 2ac16763389840a1937f4fa22bd65195 - - 7e02133650794b2087fb5de754becabc 7e02133650794b2087fb5de754becabc] 10.0.0.180 "GET /allocations/18b56055-340e-4626-b70b-0c4e1ae0121b" status: 200 len: 19 microversion: 1.28 [pid: 7|app: 0|req: 364/722] 10.0.0.180 () {34 vars in 861 bytes} [Fri Feb 27 23:11:28 2026] GET /allocations/18b56055-340e-4626-b70b-0c4e1ae0121b => generated 19 bytes in 12 msecs (HTTP/1.1 200) 8 headers in 295 bytes (1 switches on core 0)
2026-02-27 23:11:28.622 8 INFO placement.requestlog [req-7fd80687-40c7-422e-9536-2254b59d5c54 req-ac71a329-5028-491b-ad6d-a9cfb8bd461b 4f1369f473dd4c8dafc2dbfe5e90a50c 2ac16763389840a1937f4fa22bd65195 - - 7e02133650794b2087fb5de754becabc 7e02133650794b2087fb5de754becabc] 10.0.0.180 "PUT /allocations/18b56055-340e-4626-b70b-0c4e1ae0121b" status: 204 len: 0 microversion: 1.36 [pid: 8|app: 0|req: 359/723] 10.0.0.180 () {38 vars in 914 bytes} [Fri Feb 27 23:11:28 2026] PUT /allocations/18b56055-340e-4626-b70b-0c4e1ae0121b => generated 0 bytes in 84 msecs (HTTP/1.1 204) 5 headers in 199 bytes (1 switches on core 0)
2026-02-27 23:11:29.467 7 INFO placement.requestlog [req-d20790f7-0be9-4520-8a7c-39be69fc9674 req-27a68148-a728-4c6a-bd63-2e0fc20f83b6 4f1369f473dd4c8dafc2dbfe5e90a50c 2ac16763389840a1937f4fa22bd65195 - - 7e02133650794b2087fb5de754becabc 7e02133650794b2087fb5de754becabc] 162.253.55.36 "GET /allocations/26fcfd47-baf4-4d08-a9b3-f3a8ec1f00ae" status: 200 len: 257 microversion: 1.28 [pid: 7|app: 0|req: 365/724] 162.253.55.36 () {34 vars in 862 bytes} [Fri Feb 27 23:11:29 2026] GET /allocations/26fcfd47-baf4-4d08-a9b3-f3a8ec1f00ae => generated 257 bytes in 11 msecs (HTTP/1.1 200) 8 headers in 296 bytes (1 switches on core 0)
2026-02-27 23:11:30.237 8 INFO placement.requestlog [req-7fd80687-40c7-422e-9536-2254b59d5c54 req-87532e33-d292-4e1c-8d68-de92ae15b8fd 4f1369f473dd4c8dafc2dbfe5e90a50c 2ac16763389840a1937f4fa22bd65195 - - 7e02133650794b2087fb5de754becabc 7e02133650794b2087fb5de754becabc] 162.253.55.36 "GET /allocations/18b56055-340e-4626-b70b-0c4e1ae0121b" status: 200 len: 257 microversion: 1.28 [pid: 8|app: 0|req: 360/725] 162.253.55.36 () {34 vars in 862 bytes} [Fri Feb 27 23:11:30 2026] GET /allocations/18b56055-340e-4626-b70b-0c4e1ae0121b => generated 257 bytes in 14 msecs (HTTP/1.1 200) 8 headers in 296 bytes (1 switches on core 0)
2026-02-27 23:11:30.506 7 INFO placement.requestlog [req-d20790f7-0be9-4520-8a7c-39be69fc9674 req-83e700e9-3f20-42b5-908a-80c052a741fd 4f1369f473dd4c8dafc2dbfe5e90a50c 2ac16763389840a1937f4fa22bd65195 - - 7e02133650794b2087fb5de754becabc 7e02133650794b2087fb5de754becabc] 162.253.55.36 "GET /resource_providers/a7061c98-4e78-4cef-9867-96d1d1e1aee4/allocations" status: 200 len: 252 microversion: 1.0 [pid: 7|app: 0|req: 366/726] 162.253.55.36 () {32 vars in 856 bytes} [Fri Feb 27 23:11:30 2026] GET /resource_providers/a7061c98-4e78-4cef-9867-96d1d1e1aee4/allocations => generated 252 bytes in 16 msecs (HTTP/1.1 200) 6 headers in 224 bytes (1 switches on core 0)
2026-02-27 23:11:30.533 8 INFO placement.requestlog [req-d20790f7-0be9-4520-8a7c-39be69fc9674 req-ee4717ac-ed4c-4db5-93c3-6241ed33b7b8 4f1369f473dd4c8dafc2dbfe5e90a50c 2ac16763389840a1937f4fa22bd65195 - - 7e02133650794b2087fb5de754becabc 7e02133650794b2087fb5de754becabc] 162.253.55.36 "GET /allocations/18b56055-340e-4626-b70b-0c4e1ae0121b" status: 200 len: 257 microversion: 1.28 [pid: 8|app: 0|req: 361/727] 162.253.55.36 () {34 vars in 862 bytes} [Fri Feb 27 23:11:30 2026] GET /allocations/18b56055-340e-4626-b70b-0c4e1ae0121b => generated 257 bytes in 18 msecs (HTTP/1.1 200) 8 headers in 296 bytes (1 switches on core 0)
2026-02-27 23:11:30.548 7 INFO placement.requestlog [req-d20790f7-0be9-4520-8a7c-39be69fc9674 req-40ef3899-cb6b-40e8-ac56-a4767456965c 4f1369f473dd4c8dafc2dbfe5e90a50c 2ac16763389840a1937f4fa22bd65195 - - 7e02133650794b2087fb5de754becabc 7e02133650794b2087fb5de754becabc] 162.253.55.36 "GET /allocations/26fcfd47-baf4-4d08-a9b3-f3a8ec1f00ae" status: 200 len: 257 microversion: 1.28 [pid: 7|app: 0|req: 367/728] 162.253.55.36 () {34 vars in 862 bytes} [Fri Feb 27 23:11:30 2026] GET /allocations/26fcfd47-baf4-4d08-a9b3-f3a8ec1f00ae => generated 257 bytes in 11 msecs (HTTP/1.1 200) 8 headers in 296 bytes (1 switches on core 0)
2026-02-27 23:11:30.623 8 INFO placement.requestlog [None req-2c47a50b-0b26-4f42-833e-8f15efe1e562 - - - - - -] 10.0.0.92 "GET /" status: 200 len: 136 microversion: 1.0
2026-02-27 23:11:30.623 7 INFO placement.requestlog [None req-9d30e5e4-aee2-4423-a2e4-7f961739d3e9 - - - - - -] 10.0.0.92 "GET /" status: 200 len: 136 microversion: 1.0
2026-02-27 23:11:31.117 7 INFO placement.requestlog [None req-7d2770fe-592d-4bdb-8bc5-73a2351f6f83 a657717183c447c49de5e921d584552d 2ac16763389840a1937f4fa22bd65195 - - 7e02133650794b2087fb5de754becabc 7e02133650794b2087fb5de754becabc] 10.0.0.78 "GET /resource_providers/3541d864-c6af-4b44-b22b-13c994cd7928/aggregates" status: 404 len: 235 microversion: 1.1 [pid: 7|app: 0|req: 369/731] 10.0.0.78 () {32 vars in 815 bytes} [Fri Feb 27 23:11:30 2026] GET /resource_providers/3541d864-c6af-4b44-b22b-13c994cd7928/aggregates => generated 235 bytes in 125 msecs (HTTP/1.1 404) 5 headers in 202 bytes (1 switches on core 0)
2026-02-27 23:11:31.141 7 INFO placement.requestlog [None req-0dd8dd22-0bd3-4f12-aaea-d6190377d8b6 a657717183c447c49de5e921d584552d 2ac16763389840a1937f4fa22bd65195 - - 7e02133650794b2087fb5de754becabc 7e02133650794b2087fb5de754becabc] 10.0.0.78 "DELETE /resource_providers/3541d864-c6af-4b44-b22b-13c994cd7928" status: 404 len: 246 microversion: 1.1 [pid: 7|app: 0|req: 370/732] 10.0.0.78 () {34 vars in 815 bytes} [Fri Feb 27 23:11:31 2026] DELETE /resource_providers/3541d864-c6af-4b44-b22b-13c994cd7928 => generated 246 bytes in 10 msecs (HTTP/1.1 404) 6 headers in 231 bytes (1 switches on core 0)
2026-02-27 23:11:31.149 8 INFO placement.requestlog [None req-94e82aca-5296-41e4-809c-536be20cf5a3 a657717183c447c49de5e921d584552d 2ac16763389840a1937f4fa22bd65195 - - 7e02133650794b2087fb5de754becabc 7e02133650794b2087fb5de754becabc] 10.0.0.78 "GET /resource_providers/3541d864-c6af-4b44-b22b-13c994cd7928/aggregates" status: 404 len: 235 microversion: 1.1 [pid: 8|app: 0|req: 363/733] 10.0.0.78 () {32 vars in 815 bytes} [Fri Feb 27 23:11:31 2026] GET /resource_providers/3541d864-c6af-4b44-b22b-13c994cd7928/aggregates => generated 235 bytes in 124 msecs (HTTP/1.1 404) 5 headers in 202 bytes (1 switches on core 0)
2026-02-27 23:11:31.173 7 INFO placement.requestlog [None req-b8b1073e-8e11-44ca-9b97-0d4fb30bcb3f a657717183c447c49de5e921d584552d 2ac16763389840a1937f4fa22bd65195 - - 7e02133650794b2087fb5de754becabc 7e02133650794b2087fb5de754becabc] 10.0.0.78 "DELETE /resource_providers/3541d864-c6af-4b44-b22b-13c994cd7928" status: 404 len: 246 microversion: 1.1 [pid: 7|app: 0|req: 371/734] 10.0.0.78 () {34 vars in 815 bytes} [Fri Feb 27 23:11:31 2026] DELETE /resource_providers/3541d864-c6af-4b44-b22b-13c994cd7928 => generated 246 bytes in 10 msecs (HTTP/1.1 404) 6 headers in 231 bytes (1 switches on core 0)
2026-02-27 23:11:32.211 8 INFO placement.requestlog [None req-61de0648-652b-4b73-91d0-9003155bc4c4 a657717183c447c49de5e921d584552d 2ac16763389840a1937f4fa22bd65195 - - 7e02133650794b2087fb5de754becabc 7e02133650794b2087fb5de754becabc] 10.0.0.78 "GET /resource_providers/37d13420-a807-42f9-8f6b-28a8319c47b4/aggregates" status: 404 len: 235 microversion: 1.1 [pid: 8|app: 0|req: 364/735] 10.0.0.78 () {32 vars in 815 bytes} [Fri Feb 27 23:11:31 2026] GET /resource_providers/37d13420-a807-42f9-8f6b-28a8319c47b4/aggregates => generated 235 bytes in 272 msecs (HTTP/1.1 404) 5 headers in 202 bytes (1 switches on core 0)
2026-02-27 23:11:32.223 7 INFO placement.requestlog [None req-430ec1b7-6636-4ea0-9c55-b1e3959a657a a657717183c447c49de5e921d584552d 2ac16763389840a1937f4fa22bd65195 - - 7e02133650794b2087fb5de754becabc 7e02133650794b2087fb5de754becabc] 10.0.0.78 "GET /resource_providers/37d13420-a807-42f9-8f6b-28a8319c47b4/aggregates" status: 404 len: 235 microversion: 1.1 [pid: 7|app: 0|req: 372/736] 10.0.0.78 () {32 vars in 815 bytes} [Fri Feb 27 23:11:31 2026] GET /resource_providers/37d13420-a807-42f9-8f6b-28a8319c47b4/aggregates => generated 235 bytes in 280 msecs (HTTP/1.1 404) 5 headers in 202 bytes (1 switches on core 0)
2026-02-27 23:11:32.235 8 INFO placement.requestlog [None req-6435b000-8e23-41eb-9fad-a413470ce0ed a657717183c447c49de5e921d584552d 2ac16763389840a1937f4fa22bd65195 - - 7e02133650794b2087fb5de754becabc 7e02133650794b2087fb5de754becabc] 10.0.0.78 "DELETE /resource_providers/37d13420-a807-42f9-8f6b-28a8319c47b4" status: 404 len: 246 microversion: 1.1 [pid: 8|app: 0|req: 365/737] 10.0.0.78 () {34 vars in 815 bytes} [Fri Feb 27 23:11:32 2026] DELETE /resource_providers/37d13420-a807-42f9-8f6b-28a8319c47b4 => generated 246 bytes in 15 msecs (HTTP/1.1 404) 6 headers in 231 bytes (1 switches on core 0)
2026-02-27 23:11:32.269 7 INFO placement.requestlog [None req-d4cd9ada-5e11-47e2-8a55-3e1ae02c8617 a657717183c447c49de5e921d584552d 2ac16763389840a1937f4fa22bd65195 - - 7e02133650794b2087fb5de754becabc 7e02133650794b2087fb5de754becabc] 10.0.0.78 "DELETE /resource_providers/37d13420-a807-42f9-8f6b-28a8319c47b4" status: 404 len: 246 microversion: 1.1 [pid: 7|app: 0|req: 373/738] 10.0.0.78 () {34 vars in 815 bytes} [Fri Feb 27 23:11:32 2026] DELETE /resource_providers/37d13420-a807-42f9-8f6b-28a8319c47b4 => generated 246 bytes in 11 msecs (HTTP/1.1 404) 6 headers in 231 bytes (1 switches on core 0)
2026-02-27 23:11:32.612 8 INFO placement.requestlog [req-b11ec15a-c017-4ccf-8f53-02bacc4d82b7 req-7af4c3b4-f705-4814-9a20-411ee6b1013f 4f1369f473dd4c8dafc2dbfe5e90a50c 2ac16763389840a1937f4fa22bd65195 - - 7e02133650794b2087fb5de754becabc 7e02133650794b2087fb5de754becabc] 162.253.55.36 "GET /resource_providers/a7061c98-4e78-4cef-9867-96d1d1e1aee4/allocations" status: 200 len: 252 microversion: 1.0 [pid: 8|app: 0|req: 366/739] 162.253.55.36 () {32 vars in 856 bytes} [Fri Feb 27 23:11:32 2026] GET /resource_providers/a7061c98-4e78-4cef-9867-96d1d1e1aee4/allocations => generated 252 bytes in 14 msecs (HTTP/1.1 200) 6 headers in 224 bytes (1 switches on core 0)
2026-02-27 23:11:33.142 7 INFO placement.requestlog [req-b11ec15a-c017-4ccf-8f53-02bacc4d82b7 req-e6369841-82bc-41b7-a025-cdc0898ce8cf 4f1369f473dd4c8dafc2dbfe5e90a50c 2ac16763389840a1937f4fa22bd65195 - - 7e02133650794b2087fb5de754becabc 7e02133650794b2087fb5de754becabc] 162.253.55.36 "GET /resource_providers/a7061c98-4e78-4cef-9867-96d1d1e1aee4/allocations" status: 200 len: 252 microversion: 1.0 [pid: 7|app: 0|req: 374/740] 162.253.55.36 () {32 vars in 856 bytes} [Fri Feb 27 23:11:33 2026] GET /resource_providers/a7061c98-4e78-4cef-9867-96d1d1e1aee4/allocations => generated 252 bytes in 18 msecs (HTTP/1.1 200) 6 headers in 224 bytes (1 switches on core 0)
2026-02-27 23:11:33.163 8 INFO placement.requestlog [req-b11ec15a-c017-4ccf-8f53-02bacc4d82b7 req-e92546ed-fddc-400c-99b3-a9e18648aa97 4f1369f473dd4c8dafc2dbfe5e90a50c 2ac16763389840a1937f4fa22bd65195 - - 7e02133650794b2087fb5de754becabc 7e02133650794b2087fb5de754becabc] 162.253.55.36 "GET /allocations/18b56055-340e-4626-b70b-0c4e1ae0121b" status: 200 len: 257 microversion: 1.28 [pid: 8|app: 0|req: 367/741] 162.253.55.36 () {34 vars in 862 bytes} [Fri Feb 27 23:11:33 2026] GET /allocations/18b56055-340e-4626-b70b-0c4e1ae0121b => generated 257 bytes in 16 msecs (HTTP/1.1 200) 8 headers in 296 bytes (1 switches on core 0)
2026-02-27 23:11:33.187 7 INFO placement.requestlog [req-b11ec15a-c017-4ccf-8f53-02bacc4d82b7 req-dd65b315-5b3b-4058-9e9e-bde1c4704ab5 4f1369f473dd4c8dafc2dbfe5e90a50c 2ac16763389840a1937f4fa22bd65195 - - 7e02133650794b2087fb5de754becabc 7e02133650794b2087fb5de754becabc] 162.253.55.36 "GET /allocations/26fcfd47-baf4-4d08-a9b3-f3a8ec1f00ae" status: 200 len: 257 microversion: 1.28 [pid: 7|app: 0|req: 375/742] 162.253.55.36 () {34 vars in 862 bytes} [Fri Feb 27 23:11:33 2026] GET /allocations/26fcfd47-baf4-4d08-a9b3-f3a8ec1f00ae => generated 257 bytes in 17 msecs (HTTP/1.1 200) 8 headers in 296 bytes (1 switches on core 0)
2026-02-27 23:11:35.242 8 INFO placement.requestlog [req-7fd80687-40c7-422e-9536-2254b59d5c54 req-a799c679-cf49-4c78-a6a7-365baeb2482a 4f1369f473dd4c8dafc2dbfe5e90a50c 2ac16763389840a1937f4fa22bd65195 - - 7e02133650794b2087fb5de754becabc 7e02133650794b2087fb5de754becabc] 162.253.55.36 "GET /resource_providers/a7061c98-4e78-4cef-9867-96d1d1e1aee4/allocations" status: 200 len: 252 microversion: 1.0 [pid: 8|app: 0|req: 368/743] 162.253.55.36 () {32 vars in 856 bytes} [Fri Feb 27 23:11:35 2026] GET /resource_providers/a7061c98-4e78-4cef-9867-96d1d1e1aee4/allocations => generated 252 bytes in 12 msecs (HTTP/1.1 200) 6 headers in 224 bytes (1 switches on core 0)
2026-02-27 23:11:35.266 7 INFO placement.requestlog [req-7fd80687-40c7-422e-9536-2254b59d5c54 req-e905e758-a98e-4da2-91d6-527e5e8d0bad 4f1369f473dd4c8dafc2dbfe5e90a50c 2ac16763389840a1937f4fa22bd65195 - - 7e02133650794b2087fb5de754becabc 7e02133650794b2087fb5de754becabc] 162.253.55.36 "GET /allocations/18b56055-340e-4626-b70b-0c4e1ae0121b" status: 200 len: 257 microversion: 1.28 [pid: 7|app: 0|req: 376/744] 162.253.55.36 () {34 vars in 862 bytes} [Fri Feb 27 23:11:35 2026] GET /allocations/18b56055-340e-4626-b70b-0c4e1ae0121b => generated 257 bytes in 20 msecs (HTTP/1.1 200) 8 headers in 296 bytes (1 switches on core 0)
2026-02-27 23:11:35.284 8 INFO placement.requestlog [req-7fd80687-40c7-422e-9536-2254b59d5c54 req-b7e36ea4-148f-4474-8dad-e8ead735873d 4f1369f473dd4c8dafc2dbfe5e90a50c 2ac16763389840a1937f4fa22bd65195 - - 7e02133650794b2087fb5de754becabc 7e02133650794b2087fb5de754becabc] 162.253.55.36 "GET /allocations/26fcfd47-baf4-4d08-a9b3-f3a8ec1f00ae" status: 200 len: 257 microversion: 1.28 [pid: 8|app: 0|req: 369/745] 162.253.55.36 () {34 vars in 862 bytes} [Fri Feb 27 23:11:35 2026] GET /allocations/26fcfd47-baf4-4d08-a9b3-f3a8ec1f00ae => generated 257 bytes in 11 msecs (HTTP/1.1 200) 8 headers in 296 bytes (1 switches on core 0)
2026-02-27 23:11:40.622 7 INFO placement.requestlog [None req-e4df1d1d-c3d6-475d-940d-5841cd1f117f - - - - - -] 10.0.0.92 "GET /" status: 200 len: 136 microversion: 1.0
2026-02-27 23:11:40.622 8 INFO placement.requestlog [None req-7f8b93b3-00f3-4f8d-ac39-6c459042b6b4 - - - - - -] 10.0.0.92 "GET /" status: 200 len: 136 microversion: 1.0
2026-02-27 23:11:43.497 8 INFO placement.requestlog [None req-806aef54-a790-4077-8193-3c77575ba2c4 be650ee55d0d46e1a4c4fad445b5bf43 7030838e1baa43488dc435424d1d870b - - default default] 10.0.0.216 "GET /resource_providers" status: 200 len: 405 microversion: 1.0 [pid: 8|app: 0|req: 371/748] 10.0.0.216 () {28 vars in 593 bytes} [Fri Feb 27 23:11:43 2026] GET /resource_providers => generated 405 bytes in 334 msecs (HTTP/1.1 200) 6 headers in 224 bytes (1 switches on core 0)
2026-02-27 23:11:43.525 7 INFO placement.requestlog [None req-603ddc8e-80a3-437e-925e-cbeaf725abaf be650ee55d0d46e1a4c4fad445b5bf43 7030838e1baa43488dc435424d1d870b - - default default] 10.0.0.216 "GET /resource_providers/a7061c98-4e78-4cef-9867-96d1d1e1aee4/inventories" status: 200 len: 400 microversion: 1.0 [pid: 7|app: 0|req: 378/749] 10.0.0.216 () {28 vars in 691 bytes} [Fri Feb 27 23:11:43 2026] GET /resource_providers/a7061c98-4e78-4cef-9867-96d1d1e1aee4/inventories => generated 400 bytes in 18 msecs (HTTP/1.1 200) 6 headers in 224 bytes (1 switches on core 0)
2026-02-27 23:11:43.553 8 INFO placement.requestlog [None req-70deaa0e-770a-4b62-aebb-c565aff40814 be650ee55d0d46e1a4c4fad445b5bf43 7030838e1baa43488dc435424d1d870b - - default default] 10.0.0.216 "GET /resource_providers/a7061c98-4e78-4cef-9867-96d1d1e1aee4/usages" status: 200 len: 91 microversion: 1.0 [pid: 8|app: 0|req: 372/750] 10.0.0.216 () {28 vars in 681 bytes} [Fri Feb 27 23:11:43 2026] GET /resource_providers/a7061c98-4e78-4cef-9867-96d1d1e1aee4/usages => generated 91 bytes in 23 msecs (HTTP/1.1 200) 6 headers in 223 bytes (1 switches on core 0)
2026-02-27 23:11:49.096 7 INFO placement.requestlog [req-cd0e628e-d75d-4eb0-9e8c-7e211cbd70c2 req-6bdad32b-ac5a-4254-b0b9-c19882402409 4f1369f473dd4c8dafc2dbfe5e90a50c 2ac16763389840a1937f4fa22bd65195 - - 7e02133650794b2087fb5de754becabc 7e02133650794b2087fb5de754becabc] 10.0.0.180 "GET /allocation_candidates?limit=1000&resources=MEMORY_MB%3A512%2CVCPU%3A1&root_required=%21COMPUTE_STATUS_DISABLED" status: 200 len: 2770 microversion: 1.36 [pid: 7|app: 0|req: 379/751] 10.0.0.180 () {34 vars in 984 bytes} [Fri Feb 27 23:11:49 2026] GET /allocation_candidates?limit=1000&resources=MEMORY_MB%3A512%2CVCPU%3A1&root_required=%21COMPUTE_STATUS_DISABLED => generated 2770 bytes in 37 msecs (HTTP/1.1 200) 8 headers in 297 bytes (1 switches on core 0)
2026-02-27 23:11:49.128 8 INFO placement.requestlog [req-cd0e628e-d75d-4eb0-9e8c-7e211cbd70c2 req-96b96da3-b8b3-479f-9955-998e995183e2 4f1369f473dd4c8dafc2dbfe5e90a50c 2ac16763389840a1937f4fa22bd65195 - - 7e02133650794b2087fb5de754becabc 7e02133650794b2087fb5de754becabc] 10.0.0.180 "GET /allocations/66b53648-46b9-4200-8dfb-3de19d83d263" status: 200 len: 19 microversion: 1.28 [pid: 8|app: 0|req: 373/752] 10.0.0.180 () {34 vars in 861 bytes} [Fri Feb 27 23:11:49 2026] GET /allocations/66b53648-46b9-4200-8dfb-3de19d83d263 => generated 19 bytes in 10 msecs (HTTP/1.1 200) 8 headers in 295 bytes (1 switches on core 0)
2026-02-27 23:11:49.197 7 INFO placement.requestlog [req-cd0e628e-d75d-4eb0-9e8c-7e211cbd70c2 req-3244f437-9a63-40d4-a6c9-98c2c1b3b939 4f1369f473dd4c8dafc2dbfe5e90a50c 2ac16763389840a1937f4fa22bd65195 - - 7e02133650794b2087fb5de754becabc 7e02133650794b2087fb5de754becabc] 10.0.0.180 "PUT /allocations/66b53648-46b9-4200-8dfb-3de19d83d263" status: 204 len: 0 microversion: 1.36 [pid: 7|app: 0|req: 380/753] 10.0.0.180 () {38 vars in 914 bytes} [Fri Feb 27 23:11:49 2026] PUT /allocations/66b53648-46b9-4200-8dfb-3de19d83d263 => generated 0 bytes in 63 msecs (HTTP/1.1 204) 5 headers in 199 bytes (1 switches on core 0)
2026-02-27 23:11:50.623 7 INFO placement.requestlog [None req-3fdf5caf-a658-4b6d-afa8-81fa9d5f10d2 - - - - - -] 10.0.0.92 "GET /" status: 200 len: 136 microversion: 1.0
2026-02-27 23:11:50.623 8 INFO placement.requestlog [None req-88070102-b075-4a9e-8fd1-a64abfe2164f - - - - - -] 10.0.0.92 "GET /" status: 200 len: 136 microversion: 1.0
2026-02-27 23:11:50.727 7 INFO placement.requestlog [req-cd0e628e-d75d-4eb0-9e8c-7e211cbd70c2 req-4041f46b-e66b-4679-b66d-7b4e88d97d8d 4f1369f473dd4c8dafc2dbfe5e90a50c 2ac16763389840a1937f4fa22bd65195 - - 7e02133650794b2087fb5de754becabc 7e02133650794b2087fb5de754becabc] 162.253.55.36 "GET /allocations/66b53648-46b9-4200-8dfb-3de19d83d263" status: 200 len: 243 microversion: 1.28 [pid: 7|app: 0|req: 382/756] 162.253.55.36 () {34 vars in 862 bytes} [Fri Feb 27 23:11:50 2026] GET /allocations/66b53648-46b9-4200-8dfb-3de19d83d263 => generated 243 bytes in 12 msecs (HTTP/1.1 200) 8 headers in 296 bytes (1 switches on core 0)
2026-02-27 23:11:51.767 8 INFO placement.requestlog [req-cd0e628e-d75d-4eb0-9e8c-7e211cbd70c2 req-72191e9e-ab01-4f9b-9bbd-95e8d6c454c9 4f1369f473dd4c8dafc2dbfe5e90a50c 2ac16763389840a1937f4fa22bd65195 - - 7e02133650794b2087fb5de754becabc 7e02133650794b2087fb5de754becabc] 162.253.55.36 "GET /resource_providers/a7061c98-4e78-4cef-9867-96d1d1e1aee4/allocations" status: 200 len: 338 microversion: 1.0 [pid: 8|app: 0|req: 375/757] 162.253.55.36 () {32 vars in 856 bytes} [Fri Feb 27 23:11:51 2026] GET /resource_providers/a7061c98-4e78-4cef-9867-96d1d1e1aee4/allocations => generated 338 bytes in 16 msecs (HTTP/1.1 200) 6 headers in 224 bytes (1 switches on core 0)
2026-02-27 23:11:51.787 7 INFO placement.requestlog [req-cd0e628e-d75d-4eb0-9e8c-7e211cbd70c2 req-c79ba12b-4713-4c1b-bded-c0335a998183 4f1369f473dd4c8dafc2dbfe5e90a50c 2ac16763389840a1937f4fa22bd65195 - - 7e02133650794b2087fb5de754becabc 7e02133650794b2087fb5de754becabc] 162.253.55.36 "GET /allocations/18b56055-340e-4626-b70b-0c4e1ae0121b" status: 200 len: 257 microversion: 1.28 [pid: 7|app: 0|req: 383/758] 162.253.55.36 () {34 vars in 862 bytes} [Fri Feb 27 23:11:51 2026] GET /allocations/18b56055-340e-4626-b70b-0c4e1ae0121b => generated 257 bytes in 11 msecs (HTTP/1.1 200) 8 headers in 296 bytes (1 switches on core 0)
2026-02-27 23:11:51.810 8 INFO placement.requestlog [req-cd0e628e-d75d-4eb0-9e8c-7e211cbd70c2 req-c2ae6e7b-bd67-48ae-86ac-a6735420f341 4f1369f473dd4c8dafc2dbfe5e90a50c 2ac16763389840a1937f4fa22bd65195 - - 7e02133650794b2087fb5de754becabc 7e02133650794b2087fb5de754becabc] 162.253.55.36 "GET /allocations/26fcfd47-baf4-4d08-a9b3-f3a8ec1f00ae" status: 200 len: 257 microversion: 1.28 [pid: 8|app: 0|req: 376/759] 162.253.55.36 () {34 vars in 862 bytes} [Fri Feb 27 23:11:51 2026] GET /allocations/26fcfd47-baf4-4d08-a9b3-f3a8ec1f00ae => generated 257 bytes in 17 msecs (HTTP/1.1 200) 8 headers in 296 bytes (1 switches on core 0)
2026-02-27 23:11:51.844 7 INFO placement.requestlog [req-cd0e628e-d75d-4eb0-9e8c-7e211cbd70c2 req-4fe012e8-bd43-4b02-9dc5-13815716d859 4f1369f473dd4c8dafc2dbfe5e90a50c 2ac16763389840a1937f4fa22bd65195 - - 7e02133650794b2087fb5de754becabc 7e02133650794b2087fb5de754becabc] 162.253.55.36 "GET /allocations/66b53648-46b9-4200-8dfb-3de19d83d263" status: 200 len: 243 microversion: 1.28 [pid: 7|app: 0|req: 384/760] 162.253.55.36 () {34 vars in 862 bytes} [Fri Feb 27 23:11:51 2026] GET /allocations/66b53648-46b9-4200-8dfb-3de19d83d263 => generated 243 bytes in 29 msecs (HTTP/1.1 200) 8 headers in 296 bytes (1 switches on core 0)
2026-02-27 23:11:58.725 8 INFO placement.requestlog [req-7ea293b0-b7b2-47df-8234-a44972680463 req-cefed0ea-051f-45fc-9547-b783eeac865e 4f1369f473dd4c8dafc2dbfe5e90a50c 2ac16763389840a1937f4fa22bd65195 - - 7e02133650794b2087fb5de754becabc 7e02133650794b2087fb5de754becabc] 162.253.55.36 "GET /resource_providers/a7061c98-4e78-4cef-9867-96d1d1e1aee4/allocations" status: 200 len: 338 microversion: 1.0 [pid: 8|app: 0|req: 377/761] 162.253.55.36 () {32 vars in 856 bytes} [Fri Feb 27 23:11:58 2026] GET /resource_providers/a7061c98-4e78-4cef-9867-96d1d1e1aee4/allocations => generated 338 bytes in 27 msecs (HTTP/1.1 200) 6 headers in 224 bytes (1 switches on core 0)
2026-02-27 23:11:58.742 7 INFO placement.requestlog [req-7ea293b0-b7b2-47df-8234-a44972680463 req-0073d6c7-706f-431a-8068-560782dc8e5b 4f1369f473dd4c8dafc2dbfe5e90a50c 2ac16763389840a1937f4fa22bd65195 - - 7e02133650794b2087fb5de754becabc 7e02133650794b2087fb5de754becabc] 162.253.55.36 "GET /allocations/18b56055-340e-4626-b70b-0c4e1ae0121b" status: 200 len: 257 microversion: 1.28 [pid: 7|app: 0|req: 385/762] 162.253.55.36 () {34 vars in 862 bytes} [Fri Feb 27 23:11:58 2026] GET /allocations/18b56055-340e-4626-b70b-0c4e1ae0121b => generated 257 bytes in 13 msecs (HTTP/1.1 200) 8 headers in 296 bytes (1 switches on core 0)
2026-02-27 23:11:58.760 8 INFO placement.requestlog [req-7ea293b0-b7b2-47df-8234-a44972680463 req-b2bc1e8d-769b-45e6-9fd2-b22e23f98a8c 4f1369f473dd4c8dafc2dbfe5e90a50c 2ac16763389840a1937f4fa22bd65195 - - 7e02133650794b2087fb5de754becabc 7e02133650794b2087fb5de754becabc] 162.253.55.36 "GET /allocations/26fcfd47-baf4-4d08-a9b3-f3a8ec1f00ae" status: 200 len: 257 microversion: 1.28 [pid: 8|app: 0|req: 378/763] 162.253.55.36 () {34 vars in 862 bytes} [Fri Feb 27 23:11:58 2026] GET /allocations/26fcfd47-baf4-4d08-a9b3-f3a8ec1f00ae => generated 257 bytes in 14 msecs (HTTP/1.1 200) 8 headers in 296 bytes (1 switches on core 0)
2026-02-27 23:11:58.776 7 INFO placement.requestlog [req-7ea293b0-b7b2-47df-8234-a44972680463 req-a2dbe4aa-3a4c-4852-91db-17bd22897009 4f1369f473dd4c8dafc2dbfe5e90a50c 2ac16763389840a1937f4fa22bd65195 - - 7e02133650794b2087fb5de754becabc 7e02133650794b2087fb5de754becabc] 162.253.55.36 "GET /allocations/66b53648-46b9-4200-8dfb-3de19d83d263" status: 200 len: 243 microversion: 1.28 [pid: 7|app: 0|req: 386/764] 162.253.55.36 () {34 vars in 862 bytes} [Fri Feb 27 23:11:58 2026] GET /allocations/66b53648-46b9-4200-8dfb-3de19d83d263 => generated 243 bytes in 12 msecs (HTTP/1.1 200) 8 headers in 296 bytes (1 switches on core 0)
2026-02-27 23:11:59.827 8 INFO placement.requestlog [req-7ea293b0-b7b2-47df-8234-a44972680463 req-825fa42e-8a5a-4390-840b-2cfc09cf40e5 4f1369f473dd4c8dafc2dbfe5e90a50c 2ac16763389840a1937f4fa22bd65195 - - 7e02133650794b2087fb5de754becabc 7e02133650794b2087fb5de754becabc] 162.253.55.36 "DELETE /allocations/26fcfd47-baf4-4d08-a9b3-f3a8ec1f00ae" status: 204 len: 0 microversion: 1.0 [pid: 8|app: 0|req: 379/765] 162.253.55.36 () {34 vars in 840 bytes} [Fri Feb 27 23:11:59 2026] DELETE /allocations/26fcfd47-baf4-4d08-a9b3-f3a8ec1f00ae => generated 0 bytes in 25 msecs (HTTP/1.1 204) 5 headers in 198 bytes (1 switches on core 0)
2026-02-27 23:12:00.623 7 INFO placement.requestlog [None req-e31a9bca-5327-4ea6-8f90-8b447dd2b99b - - - - - -] 10.0.0.92 "GET /" status: 200 len: 136 microversion: 1.0
2026-02-27 23:12:00.623 8 INFO placement.requestlog [None req-b4aa59b4-78b0-4e71-bed1-dfa533bd56af - - - - - -] 10.0.0.92 "GET /" status: 200 len: 136 microversion: 1.0
2026-02-27 23:12:03.685 7 INFO placement.requestlog [None req-d6e8bb3d-5aec-4d58-8988-7a1d5c95ac1c a657717183c447c49de5e921d584552d 2ac16763389840a1937f4fa22bd65195 - - 7e02133650794b2087fb5de754becabc 7e02133650794b2087fb5de754becabc] 10.0.0.78 "GET /resource_providers/4641e26b-08b7-4673-aea1-3e486325bfc9/aggregates" status: 404 len: 235 microversion: 1.1 [pid: 7|app: 0|req: 388/768] 10.0.0.78 () {32 vars in 815 bytes} [Fri Feb 27 23:12:03 2026] GET /resource_providers/4641e26b-08b7-4673-aea1-3e486325bfc9/aggregates => generated 235 bytes in 10 msecs (HTTP/1.1 404) 5 headers in 202 bytes (1 switches on core 0)
2026-02-27 23:12:03.688 8 INFO placement.requestlog [None req-139dcfcd-6ec5-4b4b-9f98-e553aab0cae5 a657717183c447c49de5e921d584552d 2ac16763389840a1937f4fa22bd65195 - - 7e02133650794b2087fb5de754becabc 7e02133650794b2087fb5de754becabc] 10.0.0.78 "GET /resource_providers/4641e26b-08b7-4673-aea1-3e486325bfc9/aggregates" status: 404 len: 235 microversion: 1.1 [pid: 8|app: 0|req: 381/769] 10.0.0.78 () {32 vars in 815 bytes} [Fri Feb 27 23:12:03 2026] GET /resource_providers/4641e26b-08b7-4673-aea1-3e486325bfc9/aggregates => generated 235 bytes in 10 msecs (HTTP/1.1 404) 5 headers in 202 bytes (1 switches on core 0)
2026-02-27 23:12:03.705 8 INFO placement.requestlog [None req-cc99365e-422e-4e51-b405-132e4c037594 a657717183c447c49de5e921d584552d 2ac16763389840a1937f4fa22bd65195 - - 7e02133650794b2087fb5de754becabc 7e02133650794b2087fb5de754becabc] 10.0.0.78 "DELETE /resource_providers/4641e26b-08b7-4673-aea1-3e486325bfc9" status: 404 len: 246 microversion: 1.1 [pid: 8|app: 0|req: 382/770] 10.0.0.78 () {34 vars in 815 bytes} [Fri Feb 27 23:12:03 2026] DELETE /resource_providers/4641e26b-08b7-4673-aea1-3e486325bfc9 => generated 246 bytes in 6 msecs (HTTP/1.1 404) 6 headers in 231 bytes (1 switches on core 0)
2026-02-27 23:12:03.707 7 INFO placement.requestlog [None req-d0c62330-7620-4ad2-9fc6-d5fe3aeb4565 a657717183c447c49de5e921d584552d 2ac16763389840a1937f4fa22bd65195 - - 7e02133650794b2087fb5de754becabc 7e02133650794b2087fb5de754becabc] 10.0.0.78 "DELETE /resource_providers/4641e26b-08b7-4673-aea1-3e486325bfc9" status: 404 len: 246 microversion: 1.1 [pid: 7|app: 0|req: 389/771] 10.0.0.78 () {34 vars in 815 bytes} [Fri Feb 27 23:12:03 2026] DELETE /resource_providers/4641e26b-08b7-4673-aea1-3e486325bfc9 => generated 246 bytes in 9 msecs (HTTP/1.1 404) 6 headers in 231 bytes (1 switches on core 0)
2026-02-27 23:12:10.622 8 INFO placement.requestlog [None req-15b371bf-b96c-49cb-acd3-586a5b37354e - - - - - -] 10.0.0.92 "GET /" status: 200 len: 136 microversion: 1.0
2026-02-27 23:12:10.622 7 INFO placement.requestlog [None req-264849a8-8914-4d6f-aafd-75a41d5d5fd9 - - - - - -] 10.0.0.92 "GET /" status: 200 len: 136 microversion: 1.0
2026-02-27 23:12:11.584 8 INFO placement.requestlog [req-e28131e3-fcf5-42ee-b093-b6acd85ac164 req-0a9ca5ad-e4da-4e1b-a556-600784499e53 4f1369f473dd4c8dafc2dbfe5e90a50c 2ac16763389840a1937f4fa22bd65195 - - 7e02133650794b2087fb5de754becabc 7e02133650794b2087fb5de754becabc] 162.253.55.36 "GET /resource_providers/a7061c98-4e78-4cef-9867-96d1d1e1aee4/allocations" status: 200 len: 238 microversion: 1.0 [pid: 8|app: 0|req: 384/774] 162.253.55.36 () {32 vars in 856 bytes} [Fri Feb 27 23:12:11 2026] GET /resource_providers/a7061c98-4e78-4cef-9867-96d1d1e1aee4/allocations => generated 238 bytes in 28 msecs (HTTP/1.1 200) 6 headers in 224 bytes (1 switches on core 0)
2026-02-27 23:12:11.617 7 INFO placement.requestlog [req-e28131e3-fcf5-42ee-b093-b6acd85ac164 req-188c98ee-3c4e-46b4-9515-e1b5c7f470fd 4f1369f473dd4c8dafc2dbfe5e90a50c 2ac16763389840a1937f4fa22bd65195 - - 7e02133650794b2087fb5de754becabc 7e02133650794b2087fb5de754becabc] 162.253.55.36 "GET /allocations/18b56055-340e-4626-b70b-0c4e1ae0121b" status: 200 len: 257 microversion: 1.28 [pid: 7|app: 0|req: 391/775] 162.253.55.36 () {34 vars in 862 bytes} [Fri Feb 27 23:12:11 2026] GET /allocations/18b56055-340e-4626-b70b-0c4e1ae0121b => generated 257 bytes in 25 msecs (HTTP/1.1 200) 8 headers in 296 bytes (1 switches on core 0)
2026-02-27 23:12:11.637 8 INFO placement.requestlog [req-e28131e3-fcf5-42ee-b093-b6acd85ac164 req-94777043-2e7a-43bf-91ec-0095b332f174 4f1369f473dd4c8dafc2dbfe5e90a50c 2ac16763389840a1937f4fa22bd65195 - - 7e02133650794b2087fb5de754becabc 7e02133650794b2087fb5de754becabc] 162.253.55.36 "GET /allocations/66b53648-46b9-4200-8dfb-3de19d83d263" status: 200 len: 243 microversion: 1.28 [pid: 8|app: 0|req: 385/776] 162.253.55.36 () {34 vars in 862 bytes} [Fri Feb 27 23:12:11 2026] GET /allocations/66b53648-46b9-4200-8dfb-3de19d83d263 => generated 243 bytes in 16 msecs (HTTP/1.1 200) 8 headers in 296 bytes (1 switches on core 0)
2026-02-27 23:12:12.685 7 INFO placement.requestlog [req-e28131e3-fcf5-42ee-b093-b6acd85ac164 req-bb08d5c6-9423-440e-baa2-0f3bcdf25e16 4f1369f473dd4c8dafc2dbfe5e90a50c 2ac16763389840a1937f4fa22bd65195 - - 7e02133650794b2087fb5de754becabc 7e02133650794b2087fb5de754becabc] 162.253.55.36 "DELETE /allocations/66b53648-46b9-4200-8dfb-3de19d83d263" status: 204 len: 0 microversion: 1.0 [pid: 7|app: 0|req: 392/777] 162.253.55.36 () {34 vars in 840 bytes} [Fri Feb 27 23:12:12 2026] DELETE /allocations/66b53648-46b9-4200-8dfb-3de19d83d263 => generated 0 bytes in 21 msecs (HTTP/1.1 204) 5 headers in 198 bytes (1 switches on core 0)
2026-02-27 23:12:15.586 8 INFO placement.requestlog [req-988d240f-ca07-4c38-a392-1269efcf30b8 req-673c2b93-b9d0-4a8f-95d0-4e723c2b2c5a 4f1369f473dd4c8dafc2dbfe5e90a50c 2ac16763389840a1937f4fa22bd65195 - - 7e02133650794b2087fb5de754becabc 7e02133650794b2087fb5de754becabc] 10.0.0.180 "GET /allocation_candidates?limit=1000&resources=DISK_GB%3A1%2CMEMORY_MB%3A512%2CVCPU%3A1&root_required=%21COMPUTE_STATUS_DISABLED" status: 200 len: 2783 microversion: 1.36 [pid: 8|app: 0|req: 386/778] 10.0.0.180 () {34 vars in 1012 bytes} [Fri Feb 27 23:12:15 2026] GET /allocation_candidates?limit=1000&resources=DISK_GB%3A1%2CMEMORY_MB%3A512%2CVCPU%3A1&root_required=%21COMPUTE_STATUS_DISABLED => generated 2783 bytes in 45 msecs (HTTP/1.1 200) 8 headers in 297 bytes (1 switches on core 0)
2026-02-27 23:12:15.610 7 INFO placement.requestlog [req-988d240f-ca07-4c38-a392-1269efcf30b8 req-002f7c2a-4821-47a4-9ac1-497ddb29db2a 4f1369f473dd4c8dafc2dbfe5e90a50c 2ac16763389840a1937f4fa22bd65195 - - 7e02133650794b2087fb5de754becabc 7e02133650794b2087fb5de754becabc] 10.0.0.180 "GET /allocations/3c7eac4a-0f8b-4604-b0b8-dfd86a37af3b" status: 200 len: 19 microversion: 1.28 [pid: 7|app: 0|req: 393/779] 10.0.0.180 () {34 vars in 861 bytes} [Fri Feb 27 23:12:15 2026] GET /allocations/3c7eac4a-0f8b-4604-b0b8-dfd86a37af3b => generated 19 bytes in 11 msecs (HTTP/1.1 200) 8 headers in 295 bytes (1 switches on core 0)
2026-02-27 23:12:15.683 8 INFO placement.requestlog [req-988d240f-ca07-4c38-a392-1269efcf30b8 req-08381eae-b475-469a-ae57-1ce5ef5153e4 4f1369f473dd4c8dafc2dbfe5e90a50c 2ac16763389840a1937f4fa22bd65195 - - 7e02133650794b2087fb5de754becabc 7e02133650794b2087fb5de754becabc] 10.0.0.180 "PUT /allocations/3c7eac4a-0f8b-4604-b0b8-dfd86a37af3b" status: 204 len: 0 microversion: 1.36 [pid: 8|app: 0|req: 387/780] 10.0.0.180 () {38 vars in 914 bytes} [Fri Feb 27 23:12:15 2026] PUT /allocations/3c7eac4a-0f8b-4604-b0b8-dfd86a37af3b => generated 0 bytes in 66 msecs (HTTP/1.1 204) 5 headers in 199 bytes (1 switches on core 0)
2026-02-27 23:12:16.945 7 INFO placement.requestlog [None req-20bddb62-87c1-4f5c-b3ed-5567690e973b a657717183c447c49de5e921d584552d 2ac16763389840a1937f4fa22bd65195 - - 7e02133650794b2087fb5de754becabc 7e02133650794b2087fb5de754becabc] 10.0.0.78 "GET /resource_providers/d9214ed5-1a83-46b4-9b15-afea3d651533/aggregates" status: 404 len: 235 microversion: 1.1 [pid: 7|app: 0|req: 394/781] 10.0.0.78 () {32 vars in 815 bytes} [Fri Feb 27 23:12:16 2026] GET /resource_providers/d9214ed5-1a83-46b4-9b15-afea3d651533/aggregates => generated 235 bytes in 11 msecs (HTTP/1.1 404) 5 headers in 202 bytes (1 switches on core 0)
2026-02-27 23:12:16.948 8 INFO placement.requestlog [None req-900ab274-c316-4357-a7f7-6d11b9d762dc a657717183c447c49de5e921d584552d 2ac16763389840a1937f4fa22bd65195 - - 7e02133650794b2087fb5de754becabc 7e02133650794b2087fb5de754becabc] 10.0.0.78 "GET /resource_providers/d9214ed5-1a83-46b4-9b15-afea3d651533/aggregates" status: 404 len: 235 microversion: 1.1 [pid: 8|app: 0|req: 388/782] 10.0.0.78 () {32 vars in 815 bytes} [Fri Feb 27 23:12:16 2026] GET /resource_providers/d9214ed5-1a83-46b4-9b15-afea3d651533/aggregates => generated 235 bytes in 13 msecs (HTTP/1.1 404) 5 headers in 202 bytes (1 switches on core 0)
2026-02-27 23:12:16.970 7 INFO placement.requestlog [None req-2918e397-d5ee-4533-acc8-e18aa2074457 a657717183c447c49de5e921d584552d 2ac16763389840a1937f4fa22bd65195 - - 7e02133650794b2087fb5de754becabc 7e02133650794b2087fb5de754becabc] 10.0.0.78 "DELETE /resource_providers/d9214ed5-1a83-46b4-9b15-afea3d651533" status: 404 len: 246 microversion: 1.1 [pid: 7|app: 0|req: 395/783] 10.0.0.78 () {34 vars in 815 bytes} [Fri Feb 27 23:12:16 2026] DELETE /resource_providers/d9214ed5-1a83-46b4-9b15-afea3d651533 => generated 246 bytes in 9 msecs (HTTP/1.1 404) 6 headers in 231 bytes (1 switches on core 0)
2026-02-27 23:12:16.976 8 INFO placement.requestlog [None req-5ccdb0b7-d94f-4191-92af-43a9607541d1 a657717183c447c49de5e921d584552d 2ac16763389840a1937f4fa22bd65195 - - 7e02133650794b2087fb5de754becabc 7e02133650794b2087fb5de754becabc] 10.0.0.78 "DELETE /resource_providers/d9214ed5-1a83-46b4-9b15-afea3d651533" status: 404 len: 246 microversion: 1.1 [pid: 8|app: 0|req: 389/784] 10.0.0.78 () {34 vars in 815 bytes} [Fri Feb 27 23:12:16 2026] DELETE /resource_providers/d9214ed5-1a83-46b4-9b15-afea3d651533 => generated 246 bytes in 10 msecs (HTTP/1.1 404) 6 headers in 231 bytes (1 switches on core 0)
2026-02-27 23:12:17.194 7 INFO placement.requestlog [req-988d240f-ca07-4c38-a392-1269efcf30b8 req-19e62bdd-8cf4-450c-802d-2694480e2a5c 4f1369f473dd4c8dafc2dbfe5e90a50c 2ac16763389840a1937f4fa22bd65195 - - 7e02133650794b2087fb5de754becabc 7e02133650794b2087fb5de754becabc] 162.253.55.36 "GET /allocations/3c7eac4a-0f8b-4604-b0b8-dfd86a37af3b" status: 200 len: 257 microversion: 1.28 [pid: 7|app: 0|req: 396/785] 162.253.55.36 () {34 vars in 862 bytes} [Fri Feb 27 23:12:17 2026] GET /allocations/3c7eac4a-0f8b-4604-b0b8-dfd86a37af3b => generated 257 bytes in 19 msecs (HTTP/1.1 200) 8 headers in 296 bytes (1 switches on core 0)
2026-02-27 23:12:18.242 8 INFO placement.requestlog [req-988d240f-ca07-4c38-a392-1269efcf30b8 req-febed54c-93be-4e03-837e-0b74768af0b3 4f1369f473dd4c8dafc2dbfe5e90a50c 2ac16763389840a1937f4fa22bd65195 - - 7e02133650794b2087fb5de754becabc 7e02133650794b2087fb5de754becabc] 162.253.55.36 "GET /resource_providers/a7061c98-4e78-4cef-9867-96d1d1e1aee4/allocations" status: 200 len: 252 microversion: 1.0 [pid: 8|app: 0|req: 390/786] 162.253.55.36 () {32 vars in 856 bytes} [Fri Feb 27 23:12:18 2026] GET /resource_providers/a7061c98-4e78-4cef-9867-96d1d1e1aee4/allocations => generated 252 bytes in 20 msecs (HTTP/1.1 200) 6 headers in 224 bytes (1 switches on core 0)
2026-02-27 23:12:18.259 7 INFO placement.requestlog [req-988d240f-ca07-4c38-a392-1269efcf30b8 req-f208d260-d436-415e-9cdb-cba289d971d9 4f1369f473dd4c8dafc2dbfe5e90a50c 2ac16763389840a1937f4fa22bd65195 - - 7e02133650794b2087fb5de754becabc 7e02133650794b2087fb5de754becabc] 162.253.55.36 "GET /allocations/18b56055-340e-4626-b70b-0c4e1ae0121b" status: 200 len: 257 microversion: 1.28 [pid: 7|app: 0|req: 397/787] 162.253.55.36 () {34 vars in 862 bytes} [Fri Feb 27 23:12:18 2026] GET /allocations/18b56055-340e-4626-b70b-0c4e1ae0121b => generated 257 bytes in 10 msecs (HTTP/1.1 200) 8 headers in 296 bytes (1 switches on core 0)
2026-02-27 23:12:18.276 8 INFO placement.requestlog [req-988d240f-ca07-4c38-a392-1269efcf30b8 req-bae5d1f2-1bc8-4671-b61f-a330f049f77f 4f1369f473dd4c8dafc2dbfe5e90a50c 2ac16763389840a1937f4fa22bd65195 - - 7e02133650794b2087fb5de754becabc 7e02133650794b2087fb5de754becabc] 162.253.55.36 "GET /allocations/3c7eac4a-0f8b-4604-b0b8-dfd86a37af3b" status: 200 len: 257 microversion: 1.28 [pid: 8|app: 0|req: 391/788] 162.253.55.36 () {34 vars in 862 bytes} [Fri Feb 27 23:12:18 2026] GET /allocations/3c7eac4a-0f8b-4604-b0b8-dfd86a37af3b => generated 257 bytes in 11 msecs (HTTP/1.1 200) 8 headers in 296 bytes (1 switches on core 0)
2026-02-27 23:12:20.623 7 INFO placement.requestlog [None req-11f52fe7-94e7-4e46-999a-0c593a5796db - - - - - -] 10.0.0.92 "GET /" status: 200 len: 136 microversion: 1.0
2026-02-27 23:12:20.623 8 INFO placement.requestlog [None req-aaa714d1-6759-495a-b6b6-d2513ec16f12 - - - - - -] 10.0.0.92 "GET /" status: 200 len: 136 microversion: 1.0
2026-02-27 23:12:23.431 7 INFO placement.requestlog [req-ff83f5cc-bcbb-452d-b649-d8e4facb7a70 req-b0e199eb-885e-41d7-8588-654f3fd45e2a 4f1369f473dd4c8dafc2dbfe5e90a50c 2ac16763389840a1937f4fa22bd65195 - - 7e02133650794b2087fb5de754becabc 7e02133650794b2087fb5de754becabc] 162.253.55.36 "GET /resource_providers/a7061c98-4e78-4cef-9867-96d1d1e1aee4/allocations" status: 200 len: 252 microversion: 1.0 [pid: 7|app: 0|req: 399/791] 162.253.55.36 () {32 vars in 856 bytes} [Fri Feb 27 23:12:23 2026] GET /resource_providers/a7061c98-4e78-4cef-9867-96d1d1e1aee4/allocations => generated 252 bytes in 16 msecs (HTTP/1.1 200) 6 headers in 224 bytes (1 switches on core 0)
2026-02-27 23:12:23.450 8 INFO placement.requestlog [req-ff83f5cc-bcbb-452d-b649-d8e4facb7a70 req-07f332b5-6c26-484b-88f4-1a9062d275bd 4f1369f473dd4c8dafc2dbfe5e90a50c 2ac16763389840a1937f4fa22bd65195 - - 7e02133650794b2087fb5de754becabc 7e02133650794b2087fb5de754becabc] 162.253.55.36 "GET /allocations/18b56055-340e-4626-b70b-0c4e1ae0121b" status: 200 len: 257 microversion: 1.28 [pid: 8|app: 0|req: 393/792] 162.253.55.36 () {34 vars in 862 bytes} [Fri Feb 27 23:12:23 2026] GET /allocations/18b56055-340e-4626-b70b-0c4e1ae0121b => generated 257 bytes in 13 msecs (HTTP/1.1 200) 8 headers in 296 bytes (1 switches on core 0)
2026-02-27 23:12:23.470 7 INFO placement.requestlog [req-ff83f5cc-bcbb-452d-b649-d8e4facb7a70 req-3c91441e-2405-4e92-9eda-b73d407e60a6 4f1369f473dd4c8dafc2dbfe5e90a50c 2ac16763389840a1937f4fa22bd65195 - - 7e02133650794b2087fb5de754becabc 7e02133650794b2087fb5de754becabc] 162.253.55.36 "GET /allocations/3c7eac4a-0f8b-4604-b0b8-dfd86a37af3b" status: 200 len: 257 microversion: 1.28 [pid: 7|app: 0|req: 400/793] 162.253.55.36 () {34 vars in 862 bytes} [Fri Feb 27 23:12:23 2026] GET /allocations/3c7eac4a-0f8b-4604-b0b8-dfd86a37af3b => generated 257 bytes in 14 msecs (HTTP/1.1 200) 8 headers in 296 bytes (1 switches on core 0)
2026-02-27 23:12:24.535 8 INFO placement.requestlog [req-ff83f5cc-bcbb-452d-b649-d8e4facb7a70 req-c8c436c6-fb28-43fa-9d5f-caab1dde7e46 4f1369f473dd4c8dafc2dbfe5e90a50c 2ac16763389840a1937f4fa22bd65195 - - 7e02133650794b2087fb5de754becabc 7e02133650794b2087fb5de754becabc] 162.253.55.36 "DELETE /allocations/18b56055-340e-4626-b70b-0c4e1ae0121b" status: 204 len: 0 microversion: 1.0 [pid: 8|app: 0|req: 394/794] 162.253.55.36 () {34 vars in 840 bytes} [Fri Feb 27 23:12:24 2026] DELETE /allocations/18b56055-340e-4626-b70b-0c4e1ae0121b => generated 0 bytes in 42 msecs (HTTP/1.1 204) 5 headers in 198 bytes (1 switches on core 0)
2026-02-27 23:12:29.780 7 INFO placement.requestlog [None req-25e09dd8-b2b0-4195-8a35-01af5f432bd3 a657717183c447c49de5e921d584552d 2ac16763389840a1937f4fa22bd65195 - - 7e02133650794b2087fb5de754becabc 7e02133650794b2087fb5de754becabc] 10.0.0.78 "GET /resource_providers/4ed11776-4429-48a8-9be3-8c890c1723de/aggregates" status: 404 len: 235 microversion: 1.1 [pid: 7|app: 0|req: 401/795] 10.0.0.78 () {32 vars in 815 bytes} [Fri Feb 27 23:12:29 2026] GET /resource_providers/4ed11776-4429-48a8-9be3-8c890c1723de/aggregates => generated 235 bytes in 9 msecs (HTTP/1.1 404) 5 headers in 202 bytes (1 switches on core 0)
2026-02-27 23:12:29.784 8 INFO placement.requestlog [None req-e7678e21-9013-4194-b38e-955bf1a75d1a a657717183c447c49de5e921d584552d 2ac16763389840a1937f4fa22bd65195 - - 7e02133650794b2087fb5de754becabc 7e02133650794b2087fb5de754becabc] 10.0.0.78 "GET /resource_providers/4ed11776-4429-48a8-9be3-8c890c1723de/aggregates" status: 404 len: 235 microversion: 1.1 [pid: 8|app: 0|req: 395/796] 10.0.0.78 () {32 vars in 815 bytes} [Fri Feb 27 23:12:29 2026] GET /resource_providers/4ed11776-4429-48a8-9be3-8c890c1723de/aggregates => generated 235 bytes in 11 msecs (HTTP/1.1 404) 5 headers in 202 bytes (1 switches on core 0)
2026-02-27 23:12:29.818 7 INFO placement.requestlog [None req-c6dc494e-e36c-4369-8f80-cf74b8c9658f a657717183c447c49de5e921d584552d 2ac16763389840a1937f4fa22bd65195 - - 7e02133650794b2087fb5de754becabc 7e02133650794b2087fb5de754becabc] 10.0.0.78 "DELETE /resource_providers/4ed11776-4429-48a8-9be3-8c890c1723de" status: 404 len: 246 microversion: 1.1
2026-02-27 23:12:29.818 8 INFO placement.requestlog [None req-3de9701e-0c9a-46a1-a031-1ea499446f6a a657717183c447c49de5e921d584552d 2ac16763389840a1937f4fa22bd65195 - - 7e02133650794b2087fb5de754becabc 7e02133650794b2087fb5de754becabc] 10.0.0.78 "DELETE /resource_providers/4ed11776-4429-48a8-9be3-8c890c1723de" status: 404 len: 246 microversion: 1.1 [pid: 7|app: 0|req: 402/797] 10.0.0.78 () {34 vars in 815 bytes} [Fri Feb 27 23:12:29 2026] DELETE /resource_providers/4ed11776-4429-48a8-9be3-8c890c1723de => generated 246 bytes in 18 msecs (HTTP/1.1 404) 6 headers in 231 bytes (1 switches on core 0) [pid: 8|app: 0|req: 396/798] 10.0.0.78 () {34 vars in 815 bytes} [Fri Feb 27 23:12:29 2026] DELETE /resource_providers/4ed11776-4429-48a8-9be3-8c890c1723de => generated 246 bytes in 11 msecs (HTTP/1.1 404) 6 headers in 231 bytes (1 switches on core 0)
2026-02-27 23:12:30.622 8 INFO placement.requestlog [None req-f1c1e8ba-5ca2-4b0f-943b-3b1b8bb55332 - - - - - -] 10.0.0.92 "GET /" status: 200 len: 136 microversion: 1.0
2026-02-27 23:12:30.622 7 INFO placement.requestlog [None req-637570a2-4e78-4e29-aead-fdee07f68764 - - - - - -] 10.0.0.92 "GET /" status: 200 len: 136 microversion: 1.0
2026-02-27 23:12:32.360 8 INFO placement.requestlog [None req-ad9e6aca-dec1-4d03-a8d2-18dd95bbf694 a657717183c447c49de5e921d584552d 2ac16763389840a1937f4fa22bd65195 - - 7e02133650794b2087fb5de754becabc 7e02133650794b2087fb5de754becabc] 10.0.0.78 "GET /resource_providers/263252fa-7334-49da-b2d0-e843bccb3052/aggregates" status: 404 len: 235 microversion: 1.1 [pid: 8|app: 0|req: 398/801] 10.0.0.78 () {32 vars in 815 bytes} [Fri Feb 27 23:12:32 2026] GET /resource_providers/263252fa-7334-49da-b2d0-e843bccb3052/aggregates => generated 235 bytes in 19 msecs (HTTP/1.1 404) 5 headers in 202 bytes (1 switches on core 0)
2026-02-27 23:12:32.363 7 INFO placement.requestlog [None req-da682c53-87f9-4c6f-a68c-a763117d92a7 a657717183c447c49de5e921d584552d 2ac16763389840a1937f4fa22bd65195 - - 7e02133650794b2087fb5de754becabc 7e02133650794b2087fb5de754becabc] 10.0.0.78 "GET /resource_providers/263252fa-7334-49da-b2d0-e843bccb3052/aggregates" status: 404 len: 235 microversion: 1.1 [pid: 7|app: 0|req: 404/802] 10.0.0.78 () {32 vars in 815 bytes} [Fri Feb 27 23:12:32 2026] GET /resource_providers/263252fa-7334-49da-b2d0-e843bccb3052/aggregates => generated 235 bytes in 19 msecs (HTTP/1.1 404) 5 headers in 202 bytes (1 switches on core 0)
2026-02-27 23:12:32.387 8 INFO placement.requestlog [None req-d7e3643b-e3ce-45e6-807e-c12dc9a47b83 a657717183c447c49de5e921d584552d 2ac16763389840a1937f4fa22bd65195 - - 7e02133650794b2087fb5de754becabc 7e02133650794b2087fb5de754becabc] 10.0.0.78 "DELETE /resource_providers/263252fa-7334-49da-b2d0-e843bccb3052" status: 404 len: 246 microversion: 1.1 [pid: 8|app: 0|req: 399/803] 10.0.0.78 () {34 vars in 815 bytes} [Fri Feb 27 23:12:32 2026] DELETE /resource_providers/263252fa-7334-49da-b2d0-e843bccb3052 => generated 246 bytes in 17 msecs (HTTP/1.1 404) 6 headers in 231 bytes (1 switches on core 0)
2026-02-27 23:12:32.396 7 INFO placement.requestlog [None req-2253b53e-289b-4122-816f-e4e41c0142b8 a657717183c447c49de5e921d584552d 2ac16763389840a1937f4fa22bd65195 - - 7e02133650794b2087fb5de754becabc 7e02133650794b2087fb5de754becabc] 10.0.0.78 "DELETE /resource_providers/263252fa-7334-49da-b2d0-e843bccb3052" status: 404 len: 246 microversion: 1.1 [pid: 7|app: 0|req: 405/804] 10.0.0.78 () {34 vars in 815 bytes} [Fri Feb 27 23:12:32 2026] DELETE /resource_providers/263252fa-7334-49da-b2d0-e843bccb3052 => generated 246 bytes in 9 msecs (HTTP/1.1 404) 6 headers in 231 bytes (1 switches on core 0)
2026-02-27 23:12:32.461 8 INFO placement.requestlog [req-91e1c731-425f-4bc6-9f08-d2118f664c09 req-33cecc62-545a-4d1e-a78f-5916b62d8998 4f1369f473dd4c8dafc2dbfe5e90a50c 2ac16763389840a1937f4fa22bd65195 - - 7e02133650794b2087fb5de754becabc 7e02133650794b2087fb5de754becabc] 10.0.0.180 "GET /allocation_candidates?limit=1000&resources=DISK_GB%3A1%2CMEMORY_MB%3A512%2CVCPU%3A1&root_required=%21COMPUTE_STATUS_DISABLED" status: 200 len: 2783 microversion: 1.36 [pid: 8|app: 0|req: 400/805] 10.0.0.180 () {34 vars in 1012 bytes} [Fri Feb 27 23:12:32 2026] GET /allocation_candidates?limit=1000&resources=DISK_GB%3A1%2CMEMORY_MB%3A512%2CVCPU%3A1&root_required=%21COMPUTE_STATUS_DISABLED => generated 2783 bytes in 46 msecs (HTTP/1.1 200) 8 headers in 297 bytes (1 switches on core 0)
2026-02-27 23:12:32.496 7 INFO placement.requestlog [req-91e1c731-425f-4bc6-9f08-d2118f664c09 req-b3440814-89e6-4394-b36d-9913a7d0bccd 4f1369f473dd4c8dafc2dbfe5e90a50c 2ac16763389840a1937f4fa22bd65195 - - 7e02133650794b2087fb5de754becabc 7e02133650794b2087fb5de754becabc] 10.0.0.180 "GET /allocations/9f464ecb-2366-4981-83ef-d30c90eb640e" status: 200 len: 19 microversion: 1.28 [pid: 7|app: 0|req: 406/806] 10.0.0.180 () {34 vars in 861 bytes} [Fri Feb 27 23:12:32 2026] GET /allocations/9f464ecb-2366-4981-83ef-d30c90eb640e => generated 19 bytes in 12 msecs (HTTP/1.1 200) 8 headers in 295 bytes (1 switches on core 0)
2026-02-27 23:12:32.570 8 INFO placement.requestlog [req-91e1c731-425f-4bc6-9f08-d2118f664c09 req-51d730d2-6642-4b41-a256-800c7f00bd4e 4f1369f473dd4c8dafc2dbfe5e90a50c 2ac16763389840a1937f4fa22bd65195 - - 7e02133650794b2087fb5de754becabc 7e02133650794b2087fb5de754becabc] 10.0.0.180 "PUT /allocations/9f464ecb-2366-4981-83ef-d30c90eb640e" status: 204 len: 0 microversion: 1.36 [pid: 8|app: 0|req: 401/807] 10.0.0.180 () {38 vars in 914 bytes} [Fri Feb 27 23:12:32 2026] PUT /allocations/9f464ecb-2366-4981-83ef-d30c90eb640e => generated 0 bytes in 67 msecs (HTTP/1.1 204) 5 headers in 199 bytes (1 switches on core 0)
2026-02-27 23:12:33.200 7 INFO placement.requestlog [req-18a8c443-83af-4fc4-a45e-82ab50e0f44c req-d68aa03f-fded-4291-af20-a2aa715aec92 4f1369f473dd4c8dafc2dbfe5e90a50c 2ac16763389840a1937f4fa22bd65195 - - 7e02133650794b2087fb5de754becabc 7e02133650794b2087fb5de754becabc] 162.253.55.36 "GET /resource_providers/a7061c98-4e78-4cef-9867-96d1d1e1aee4/allocations" status: 200 len: 252 microversion: 1.0 [pid: 7|app: 0|req: 407/808] 162.253.55.36 () {32 vars in 856 bytes} [Fri Feb 27 23:12:33 2026] GET /resource_providers/a7061c98-4e78-4cef-9867-96d1d1e1aee4/allocations => generated 252 bytes in 18 msecs (HTTP/1.1 200) 6 headers in 224 bytes (1 switches on core 0)
2026-02-27 23:12:33.780 8 INFO placement.requestlog [req-18a8c443-83af-4fc4-a45e-82ab50e0f44c req-8a259202-adf6-4379-bcd1-c4d13e78c607 4f1369f473dd4c8dafc2dbfe5e90a50c 2ac16763389840a1937f4fa22bd65195 - - 7e02133650794b2087fb5de754becabc 7e02133650794b2087fb5de754becabc] 162.253.55.36 "GET /resource_providers/a7061c98-4e78-4cef-9867-96d1d1e1aee4/allocations" status: 200 len: 252 microversion: 1.0 [pid: 8|app: 0|req: 402/809] 162.253.55.36 () {32 vars in 856 bytes} [Fri Feb 27 23:12:33 2026] GET /resource_providers/a7061c98-4e78-4cef-9867-96d1d1e1aee4/allocations => generated 252 bytes in 65 msecs (HTTP/1.1 200) 6 headers in 224 bytes (1 switches on core 0)
