+ COMMAND=start + start + for KEYSTONE_WSGI_SCRIPT in keystone-wsgi-public ++ type -p keystone-wsgi-public + cp -a /var/lib/openstack/bin/keystone-wsgi-public /var/www/cgi-bin/keystone/ + '[' -f /etc/apache2/envvars ']' + source /etc/apache2/envvars ++ unset HOME ++ '[' '' '!=' '' ']' ++ SUFFIX= ++ export APACHE_RUN_USER=www-data ++ APACHE_RUN_USER=www-data ++ export APACHE_RUN_GROUP=www-data ++ APACHE_RUN_GROUP=www-data ++ export APACHE_PID_FILE=/var/run/apache2/apache2.pid ++ APACHE_PID_FILE=/var/run/apache2/apache2.pid ++ export APACHE_RUN_DIR=/var/run/apache2 ++ APACHE_RUN_DIR=/var/run/apache2 ++ export APACHE_LOCK_DIR=/var/lock/apache2 ++ APACHE_LOCK_DIR=/var/lock/apache2 ++ export APACHE_LOG_DIR=/var/log/apache2 ++ APACHE_LOG_DIR=/var/log/apache2 ++ export LANG=C ++ LANG=C ++ export LANG + '[' -f /var/run/apache2/apache2.pid ']' + exec apache2 -DFOREGROUND AH00558: apache2: Could not reliably determine the server's fully qualified domain name, using 10.0.0.162. Set the 'ServerName' directive globally to suppress this message AH00558: apache2: Could not reliably determine the server's fully qualified domain name, using 10.0.0.162. Set the 'ServerName' directive globally to suppress this message
[Tue Jul 14 23:06:22.063682 2026] [mpm_event:notice] [pid 1:tid 140615495853952] AH00489: Apache/2.4.58 (Ubuntu) mod_wsgi/5.0.0 Python/3.12 configured -- resuming normal operations
[Tue Jul 14 23:06:22.063858 2026] [core:notice] [pid 1:tid 140615495853952] AH00094: Command line: 'apache2 -D FOREGROUND'
[Tue Jul 14 23:07:23.725286 2026] [wsgi:error] [pid 12:tid 140614858032832] /var/lib/openstack/lib/python3.12/site-packages/oslo_utils/importutils.py:77: EventletDeprecationWarning:
[Tue Jul 14 23:07:23.725394 2026] [wsgi:error] [pid 12:tid 140614858032832] Eventlet is deprecated. It is currently being maintained in bugfix mode, and
[Tue Jul 14 23:07:23.725408 2026] [wsgi:error] [pid 12:tid 140614858032832] we strongly recommend against using it for new projects.
[Tue Jul 14 23:07:23.725419 2026] [wsgi:error] [pid 12:tid 140614858032832]
[Tue Jul 14 23:07:23.725430 2026] [wsgi:error] [pid 12:tid 140614858032832] If you are already using Eventlet, we recommend migrating to a different
[Tue Jul 14 23:07:23.725441 2026] [wsgi:error] [pid 12:tid 140614858032832] framework. For more detail see
[Tue Jul 14 23:07:23.725452 2026] [wsgi:error] [pid 12:tid 140614858032832] https://eventlet.readthedocs.io/en/latest/asyncio/migration.html
[Tue Jul 14 23:07:23.725463 2026] [wsgi:error] [pid 12:tid 140614858032832]
[Tue Jul 14 23:07:23.725473 2026] [wsgi:error] [pid 12:tid 140614858032832] __import__(import_str)
[Tue Jul 14 23:07:23.746896 2026] [wsgi:error] [pid 11:tid 140614858032832] /var/lib/openstack/lib/python3.12/site-packages/oslo_utils/importutils.py:77: EventletDeprecationWarning:
[Tue Jul 14 23:07:23.746937 2026] [wsgi:error] [pid 11:tid 140614858032832] Eventlet is deprecated. It is currently being maintained in bugfix mode, and
[Tue Jul 14 23:07:23.746939 2026] [wsgi:error] [pid 11:tid 140614858032832] we strongly recommend against using it for new projects.
[Tue Jul 14 23:07:23.746940 2026] [wsgi:error] [pid 11:tid 140614858032832]
[Tue Jul 14 23:07:23.746941 2026] [wsgi:error] [pid 11:tid 140614858032832] If you are already using Eventlet, we recommend migrating to a different
[Tue Jul 14 23:07:23.746942 2026] [wsgi:error] [pid 11:tid 140614858032832] framework. For more detail see
[Tue Jul 14 23:07:23.746943 2026] [wsgi:error] [pid 11:tid 140614858032832] https://eventlet.readthedocs.io/en/latest/asyncio/migration.html
[Tue Jul 14 23:07:23.746945 2026] [wsgi:error] [pid 11:tid 140614858032832]
[Tue Jul 14 23:07:23.746946 2026] [wsgi:error] [pid 11:tid 140614858032832] __import__(import_str) 10.0.0.246 - - [14/Jul/2026:23:07:22 +0000] "GET /v3/ HTTP/1.1" 200 250 10.0.0.246 - - [14/Jul/2026:23:07:22 +0000] "GET /v3/ HTTP/1.1" 200 250
[Tue Jul 14 23:07:36.022739 2026] [wsgi:error] [pid 9:tid 140614858032832] /var/lib/openstack/lib/python3.12/site-packages/oslo_utils/importutils.py:77: EventletDeprecationWarning:
[Tue Jul 14 23:07:36.022781 2026] [wsgi:error] [pid 9:tid 140614858032832] Eventlet is deprecated. It is currently being maintained in bugfix mode, and
[Tue Jul 14 23:07:36.022783 2026] [wsgi:error] [pid 9:tid 140614858032832] we strongly recommend against using it for new projects.
[Tue Jul 14 23:07:36.022784 2026] [wsgi:error] [pid 9:tid 140614858032832]
[Tue Jul 14 23:07:36.022786 2026] [wsgi:error] [pid 9:tid 140614858032832] If you are already using Eventlet, we recommend migrating to a different
[Tue Jul 14 23:07:36.022787 2026] [wsgi:error] [pid 9:tid 140614858032832] framework. For more detail see
[Tue Jul 14 23:07:36.022788 2026] [wsgi:error] [pid 9:tid 140614858032832] https://eventlet.readthedocs.io/en/latest/asyncio/migration.html
[Tue Jul 14 23:07:36.022789 2026] [wsgi:error] [pid 9:tid 140614858032832]
[Tue Jul 14 23:07:36.022790 2026] [wsgi:error] [pid 9:tid 140614858032832] __import__(import_str) 10.0.0.98 - - [14/Jul/2026:23:07:35 +0000] "GET / HTTP/1.1" 300 295
[Tue Jul 14 23:07:41.398162 2026] [wsgi:error] [pid 10:tid 140614858032832] /var/lib/openstack/lib/python3.12/site-packages/oslo_utils/importutils.py:77: EventletDeprecationWarning:
[Tue Jul 14 23:07:41.398205 2026] [wsgi:error] [pid 10:tid 140614858032832] Eventlet is deprecated. It is currently being maintained in bugfix mode, and
[Tue Jul 14 23:07:41.398207 2026] [wsgi:error] [pid 10:tid 140614858032832] we strongly recommend against using it for new projects.
[Tue Jul 14 23:07:41.398208 2026] [wsgi:error] [pid 10:tid 140614858032832]
[Tue Jul 14 23:07:41.398209 2026] [wsgi:error] [pid 10:tid 140614858032832] If you are already using Eventlet, we recommend migrating to a different
[Tue Jul 14 23:07:41.398211 2026] [wsgi:error] [pid 10:tid 140614858032832] framework. For more detail see
[Tue Jul 14 23:07:41.398212 2026] [wsgi:error] [pid 10:tid 140614858032832] https://eventlet.readthedocs.io/en/latest/asyncio/migration.html
[Tue Jul 14 23:07:41.398213 2026] [wsgi:error] [pid 10:tid 140614858032832]
[Tue Jul 14 23:07:41.398214 2026] [wsgi:error] [pid 10:tid 140614858032832] __import__(import_str)
[Tue Jul 14 23:07:46.132691 2026] [wsgi:error] [pid 10:tid 140614858032832] [remote 10.0.0.98:53800] 2026-07-14 23:07:46.129 10 WARNING keystone.identity.core [None req-aa8f1606-84b2-4a02-a537-021361894216 - - - - - -] Invalid domain name (atmosphere) found in config file name: keystone.exception.DomainNotFound: Could not find domain: atmosphere.
[Tue Jul 14 23:07:46.192594 2026] [wsgi:error] [pid 10:tid 140614858032832] [remote 10.0.0.98:53800] 2026-07-14 23:07:46.192 10 WARNING keystone.common.password_hashing [None req-aa8f1606-84b2-4a02-a537-021361894216 - - - - - -] Truncating password to algorithm specific maximum length 72 characters.
[Tue Jul 14 23:07:46.480770 2026] [wsgi:error] [pid 10:tid 140614858032832] [remote 10.0.0.98:53800] 2026-07-14 23:07:46.480 10 WARNING keystone.common.fernet_utils [None req-aa8f1606-84b2-4a02-a537-021361894216 - - - - - -] key_repository is world readable: /etc/keystone/fernet-keys/ 10.0.0.98 - - [14/Jul/2026:23:07:40 +0000] "POST /v3/auth/tokens HTTP/1.1" 201 1359
[Tue Jul 14 23:07:46.876783 2026] [wsgi:error] [pid 11:tid 140614858032832] [remote 10.0.0.98:53800] 2026-07-14 23:07:46.873 11 WARNING keystone.identity.core [None req-76d066a6-174e-44e5-a2ed-4b5e6d58bf6e - - - - - -] Invalid domain name (atmosphere) found in config file name: keystone.exception.DomainNotFound: Could not find domain: atmosphere. 10.0.0.98 - - [14/Jul/2026:23:07:46 +0000] "POST /v3/domains HTTP/1.1" 201 261 10.0.0.28 - - [14/Jul/2026:23:07:59 +0000] "GET / HTTP/1.1" 300 295
[Tue Jul 14 23:08:00.072630 2026] [wsgi:error] [pid 9:tid 140614858032832] [remote 10.0.0.28:60868] 2026-07-14 23:08:00.071 9 WARNING keystone.common.password_hashing [None req-1621dcc8-af6a-4f32-b215-6c357d783d8c - - - - - -] Truncating password to algorithm specific maximum length 72 characters.
[Tue Jul 14 23:08:00.353825 2026] [wsgi:error] [pid 9:tid 140614858032832] [remote 10.0.0.28:60868] 2026-07-14 23:08:00.353 9 WARNING keystone.common.fernet_utils [None req-1621dcc8-af6a-4f32-b215-6c357d783d8c - - - - - -] key_repository is world readable: /etc/keystone/fernet-keys/ 10.0.0.28 - - [14/Jul/2026:23:07:59 +0000] "POST /v3/auth/tokens HTTP/1.1" 201 1359 10.0.0.28 - - [14/Jul/2026:23:08:00 +0000] "GET /v3/roles/admin HTTP/1.1" 404 83
[Tue Jul 14 23:08:00.612470 2026] [wsgi:error] [pid 11:tid 140614858032832] [remote 10.0.0.28:60868] 2026-07-14 23:08:00.612 11 WARNING keystone.common.rbac_enforcer.enforcer [None req-f9ba0d8b-6f67-4d9f-8ecf-51f06397363a 6e93a315f2e247a29bb83a1c66045533 3e67ba8899f84116b7d96b88ce00c539 - - default default] Deprecated policy rules found. Use oslopolicy-policy-generator and oslopolicy-policy-upgrade to detect and resolve deprecated policies in your configuration. 10.0.0.28 - - [14/Jul/2026:23:08:00 +0000] "GET /v3/roles?name=admin HTTP/1.1" 200 389
[Tue Jul 14 23:08:01.113101 2026] [wsgi:error] [pid 12:tid 140614858032832] [remote 10.0.0.28:60868] 2026-07-14 23:08:01.112 12 WARNING keystone.common.rbac_enforcer.enforcer [None req-518b3090-ae85-41b7-9c7a-0740352d068d 6e93a315f2e247a29bb83a1c66045533 3e67ba8899f84116b7d96b88ce00c539 - - default default] Deprecated policy rules found. Use oslopolicy-policy-generator and oslopolicy-policy-upgrade to detect and resolve deprecated policies in your configuration. 10.0.0.28 - - [14/Jul/2026:23:08:00 +0000] "GET /v3/users/admin-RegionOne HTTP/1.1" 404 93
[Tue Jul 14 23:08:01.260426 2026] [wsgi:error] [pid 9:tid 140614858032832] [remote 10.0.0.28:60868] 2026-07-14 23:08:01.260 9 WARNING keystone.common.rbac_enforcer.enforcer [None req-fb6c506e-37ae-40eb-b40e-58fe51ac2baf 6e93a315f2e247a29bb83a1c66045533 3e67ba8899f84116b7d96b88ce00c539 - - default default] Deprecated policy rules found. Use oslopolicy-policy-generator and oslopolicy-policy-upgrade to detect and resolve deprecated policies in your configuration. 10.0.0.28 - - [14/Jul/2026:23:08:01 +0000] "GET /v3/users?name=admin-RegionOne HTTP/1.1" 200 422
[Tue Jul 14 23:08:01.432186 2026] [wsgi:error] [pid 10:tid 140614858032832] [remote 10.0.0.28:60868] 2026-07-14 23:08:01.431 10 WARNING keystone.common.rbac_enforcer.enforcer [None req-1a6f02a1-8e98-4de1-8f59-ef295424d163 6e93a315f2e247a29bb83a1c66045533 3e67ba8899f84116b7d96b88ce00c539 - - default default] Deprecated policy rules found. Use oslopolicy-policy-generator and oslopolicy-policy-upgrade to detect and resolve deprecated policies in your configuration. 10.0.0.28 - - [14/Jul/2026:23:08:01 +0000] "GET /v3/domains/default HTTP/1.1" 200 224 10.0.0.28 - - [14/Jul/2026:23:08:01 +0000] "PUT /v3/domains/default/users/6e93a315f2e247a29bb83a1c66045533/roles/7d8a22488be9471bafa4f1748a6e5213 HTTP/1.1" 204 - 10.0.0.246 - - [14/Jul/2026:23:08:10 +0000] "GET / HTTP/1.1" 300 280 10.0.0.246 - - [14/Jul/2026:23:08:11 +0000] "GET /v3 HTTP/1.1" 200 265
[Tue Jul 14 23:08:11.805501 2026] [wsgi:error] [pid 10:tid 140614858032832] [remote 10.0.0.246:36796] 2026-07-14 23:08:11.805 10 WARNING keystone.common.password_hashing [None req-17ff12af-feaa-4e96-b5ef-df6fdd4665c4 - - - - - -] Truncating password to algorithm specific maximum length 72 characters.
[Tue Jul 14 23:08:12.080601 2026] [wsgi:error] [pid 10:tid 140614858032832] [remote 10.0.0.246:36796] 2026-07-14 23:08:12.080 10 WARNING keystone.common.fernet_utils [None req-17ff12af-feaa-4e96-b5ef-df6fdd4665c4 - - - - - -] key_repository is world readable: /etc/keystone/fernet-keys/ 10.0.0.246 - - [14/Jul/2026:23:08:11 +0000] "POST /v3/auth/tokens HTTP/1.1" 201 1359 10.0.0.246 - - [14/Jul/2026:23:08:12 +0000] "GET / HTTP/1.1" 300 280 10.0.0.246 - - [14/Jul/2026:23:08:12 +0000] "GET /v3/domains/atmosphere HTTP/1.1" 404 90 10.0.0.246 - - [14/Jul/2026:23:08:12 +0000] "GET /v3/domains?name=atmosphere HTTP/1.1" 200 368 10.0.0.246 - - [14/Jul/2026:23:08:12 +0000] "GET /v3/domains/bdf2138f474240c190e8e7c939fe8215 HTTP/1.1" 200 246 10.0.0.246 - - [14/Jul/2026:23:08:13 +0000] "GET /v3 HTTP/1.1" 200 265
[Tue Jul 14 23:08:13.174971 2026] [wsgi:error] [pid 12:tid 140614858032832] [remote 10.0.0.246:36810] 2026-07-14 23:08:13.174 12 WARNING keystone.common.password_hashing [None req-71262961-f8f1-4326-aab3-3d6ee84256d5 - - - - - -] Truncating password to algorithm specific maximum length 72 characters.
[Tue Jul 14 23:08:13.447930 2026] [wsgi:error] [pid 12:tid 140614858032832] [remote 10.0.0.246:36810] 2026-07-14 23:08:13.447 12 WARNING keystone.common.fernet_utils [None req-71262961-f8f1-4326-aab3-3d6ee84256d5 - - - - - -] key_repository is world readable: /etc/keystone/fernet-keys/ 10.0.0.246 - - [14/Jul/2026:23:08:13 +0000] "POST /v3/auth/tokens HTTP/1.1" 201 1359 10.0.0.246 - - [14/Jul/2026:23:08:13 +0000] "GET / HTTP/1.1" 300 280 10.0.0.246 - - [14/Jul/2026:23:08:13 +0000] "GET /v3/OS-FEDERATION/identity_providers/atmosphere HTTP/1.1" 404 101 10.0.0.246 - - [14/Jul/2026:23:08:13 +0000] "GET /v3/OS-FEDERATION/identity_providers HTTP/1.1" 200 155 10.0.0.246 - - [14/Jul/2026:23:08:13 +0000] "PUT /v3/OS-FEDERATION/identity_providers/atmosphere HTTP/1.1" 201 340 10.0.0.246 - - [14/Jul/2026:23:08:14 +0000] "GET /v3 HTTP/1.1" 200 265
[Tue Jul 14 23:08:14.259741 2026] [wsgi:error] [pid 10:tid 140614858032832] [remote 10.0.0.246:36810] 2026-07-14 23:08:14.259 10 WARNING keystone.common.password_hashing [None req-c1d5ea62-e8a7-4e60-9744-80bd7f19fc4c - - - - - -] Truncating password to algorithm specific maximum length 72 characters.
[Tue Jul 14 23:08:14.543346 2026] [wsgi:error] [pid 10:tid 140614858032832] [remote 10.0.0.246:36810] 2026-07-14 23:08:14.543 10 WARNING keystone.common.fernet_utils [None req-c1d5ea62-e8a7-4e60-9744-80bd7f19fc4c - - - - - -] key_repository is world readable: /etc/keystone/fernet-keys/ 10.0.0.246 - - [14/Jul/2026:23:08:14 +0000] "POST /v3/auth/tokens HTTP/1.1" 201 1359 10.0.0.246 - - [14/Jul/2026:23:08:14 +0000] "GET / HTTP/1.1" 300 280 10.0.0.246 - - [14/Jul/2026:23:08:14 +0000] "GET /v3/OS-FEDERATION/mappings/atmosphere-openid HTTP/1.1" 404 98 10.0.0.246 - - [14/Jul/2026:23:08:14 +0000] "GET /v3/OS-FEDERATION/mappings HTTP/1.1" 200 135 10.0.0.246 - - [14/Jul/2026:23:08:14 +0000] "PUT /v3/OS-FEDERATION/mappings/atmosphere-openid HTTP/1.1" 201 356 10.0.0.246 - - [14/Jul/2026:23:08:15 +0000] "GET /v3 HTTP/1.1" 200 265
[Tue Jul 14 23:08:15.294811 2026] [wsgi:error] [pid 12:tid 140614858032832] [remote 10.0.0.246:36810] 2026-07-14 23:08:15.294 12 WARNING keystone.common.password_hashing [None req-d8468a5c-f983-4a19-9591-0e360fec50c1 - - - - - -] Truncating password to algorithm specific maximum length 72 characters.
[Tue Jul 14 23:08:15.578626 2026] [wsgi:error] [pid 12:tid 140614858032832] [remote 10.0.0.246:36810] 2026-07-14 23:08:15.578 12 WARNING keystone.common.fernet_utils [None req-d8468a5c-f983-4a19-9591-0e360fec50c1 - - - - - -] key_repository is world readable: /etc/keystone/fernet-keys/ 10.0.0.246 - - [14/Jul/2026:23:08:15 +0000] "POST /v3/auth/tokens HTTP/1.1" 201 1359 10.0.0.246 - - [14/Jul/2026:23:08:15 +0000] "GET / HTTP/1.1" 300 280 10.0.0.246 - - [14/Jul/2026:23:08:15 +0000] "GET /v3/OS-FEDERATION/identity_providers/atmosphere/protocols/openid?idp_id=atmosphere HTTP/1.1" 404 131 10.0.0.246 - - [14/Jul/2026:23:08:15 +0000] "GET /v3/OS-FEDERATION/identity_providers/atmosphere/protocols HTTP/1.1" 200 167 10.0.0.246 - - [14/Jul/2026:23:08:15 +0000] "PUT /v3/OS-FEDERATION/identity_providers/atmosphere/protocols/openid HTTP/1.1" 201 222 10.0.0.246 - - [14/Jul/2026:23:08:22 +0000] "GET /v3/ HTTP/1.1" 200 250 10.0.0.246 - - [14/Jul/2026:23:08:22 +0000] "GET /v3/ HTTP/1.1" 200 250 10.0.0.246 - - [14/Jul/2026:23:09:22 +0000] "GET /v3/ HTTP/1.1" 200 250 10.0.0.246 - - [14/Jul/2026:23:09:22 +0000] "GET /v3/ HTTP/1.1" 200 250 10.0.0.53 - - [14/Jul/2026:23:09:39 +0000] "GET / HTTP/1.1" 300 295
[Tue Jul 14 23:09:39.378068 2026] [wsgi:error] [pid 10:tid 140614858032832] [remote 10.0.0.53:37056] 2026-07-14 23:09:39.377 10 WARNING keystone.common.password_hashing [None req-c1c7395c-60cc-426a-ab3f-fda461749b09 - - - - - -] Truncating password to algorithm specific maximum length 72 characters.
[Tue Jul 14 23:09:39.667382 2026] [wsgi:error] [pid 10:tid 140614858032832] [remote 10.0.0.53:37056] 2026-07-14 23:09:39.667 10 WARNING keystone.common.fernet_utils [None req-c1c7395c-60cc-426a-ab3f-fda461749b09 - - - - - -] key_repository is world readable: /etc/keystone/fernet-keys/ 10.0.0.53 - - [14/Jul/2026:23:09:39 +0000] "POST /v3/auth/tokens HTTP/1.1" 201 1359 10.0.0.53 - - [14/Jul/2026:23:09:39 +0000] "GET /v3/services HTTP/1.1" 200 355 10.0.0.53 - - [14/Jul/2026:23:09:43 +0000] "GET / HTTP/1.1" 300 295
[Tue Jul 14 23:09:43.407436 2026] [wsgi:error] [pid 9:tid 140614858032832] [remote 10.0.0.53:37070] 2026-07-14 23:09:43.407 9 WARNING keystone.common.password_hashing [None req-b5e63cbf-2ce0-4650-ae4e-21ab36e7cb71 - - - - - -] Truncating password to algorithm specific maximum length 72 characters.
[Tue Jul 14 23:09:43.679043 2026] [wsgi:error] [pid 9:tid 140614858032832] [remote 10.0.0.53:37070] 2026-07-14 23:09:43.678 9 WARNING keystone.common.fernet_utils [None req-b5e63cbf-2ce0-4650-ae4e-21ab36e7cb71 - - - - - -] key_repository is world readable: /etc/keystone/fernet-keys/ 10.0.0.53 - - [14/Jul/2026:23:09:43 +0000] "POST /v3/auth/tokens HTTP/1.1" 201 1359 10.0.0.53 - - [14/Jul/2026:23:09:43 +0000] "GET /v3/services HTTP/1.1" 200 355 10.0.0.53 - - [14/Jul/2026:23:09:47 +0000] "GET / HTTP/1.1" 300 295
[Tue Jul 14 23:09:47.301044 2026] [wsgi:error] [pid 11:tid 140614858032832] [remote 10.0.0.53:46256] 2026-07-14 23:09:47.300 11 WARNING keystone.common.password_hashing [None req-2fa3daa7-f953-4d69-bdf5-4f1133e65243 - - - - - -] Truncating password to algorithm specific maximum length 72 characters.
[Tue Jul 14 23:09:47.574637 2026] [wsgi:error] [pid 11:tid 140614858032832] [remote 10.0.0.53:46256] 2026-07-14 23:09:47.574 11 WARNING keystone.common.fernet_utils [None req-2fa3daa7-f953-4d69-bdf5-4f1133e65243 - - - - - -] key_repository is world readable: /etc/keystone/fernet-keys/ 10.0.0.53 - - [14/Jul/2026:23:09:47 +0000] "POST /v3/auth/tokens HTTP/1.1" 201 1359 10.0.0.53 - - [14/Jul/2026:23:09:47 +0000] "GET /v3/services HTTP/1.1" 200 355 10.0.0.53 - - [14/Jul/2026:23:09:51 +0000] "GET / HTTP/1.1" 300 295
[Tue Jul 14 23:09:51.225843 2026] [wsgi:error] [pid 12:tid 140614858032832] [remote 10.0.0.53:46260] 2026-07-14 23:09:51.225 12 WARNING keystone.common.password_hashing [None req-75513d04-c659-4afc-89e6-714bb50b20d8 - - - - - -] Truncating password to algorithm specific maximum length 72 characters.
[Tue Jul 14 23:09:51.514187 2026] [wsgi:error] [pid 12:tid 140614858032832] [remote 10.0.0.53:46260] 2026-07-14 23:09:51.513 12 WARNING keystone.common.fernet_utils [None req-75513d04-c659-4afc-89e6-714bb50b20d8 - - - - - -] key_repository is world readable: /etc/keystone/fernet-keys/ 10.0.0.53 - - [14/Jul/2026:23:09:51 +0000] "POST /v3/auth/tokens HTTP/1.1" 201 1359 10.0.0.53 - - [14/Jul/2026:23:09:51 +0000] "POST /v3/services HTTP/1.1" 201 296 10.0.0.62 - - [14/Jul/2026:23:10:01 +0000] "GET / HTTP/1.1" 300 295
[Tue Jul 14 23:10:01.622139 2026] [wsgi:error] [pid 10:tid 140614858032832] [remote 10.0.0.62:44280] 2026-07-14 23:10:01.621 10 WARNING keystone.common.password_hashing [None req-d179549c-8ffd-413f-8c54-b6b284f0e305 - - - - - -] Truncating password to algorithm specific maximum length 72 characters. 10.0.0.62 - - [14/Jul/2026:23:10:01 +0000] "GET / HTTP/1.1" 300 295
[Tue Jul 14 23:10:01.747543 2026] [wsgi:error] [pid 11:tid 140614858032832] [remote 10.0.0.62:44290] 2026-07-14 23:10:01.747 11 WARNING keystone.common.password_hashing [None req-3b1ac345-dc66-4964-835c-e9236e99f3b7 - - - - - -] Truncating password to algorithm specific maximum length 72 characters. 10.0.0.62 - - [14/Jul/2026:23:10:01 +0000] "GET / HTTP/1.1" 300 295
[Tue Jul 14 23:10:01.822231 2026] [wsgi:error] [pid 12:tid 140614858032832] [remote 10.0.0.62:44298] 2026-07-14 23:10:01.822 12 WARNING keystone.common.password_hashing [None req-8c101811-8ee2-443b-8602-45fea4d00fb1 - - - - - -] Truncating password to algorithm specific maximum length 72 characters.
[Tue Jul 14 23:10:01.914158 2026] [wsgi:error] [pid 10:tid 140614858032832] [remote 10.0.0.62:44280] 2026-07-14 23:10:01.914 10 WARNING keystone.common.fernet_utils [None req-d179549c-8ffd-413f-8c54-b6b284f0e305 - - - - - -] key_repository is world readable: /etc/keystone/fernet-keys/ 10.0.0.62 - - [14/Jul/2026:23:10:01 +0000] "POST /v3/auth/tokens HTTP/1.1" 201 1463
[Tue Jul 14 23:10:02.038207 2026] [wsgi:error] [pid 11:tid 140614858032832] [remote 10.0.0.62:44290] 2026-07-14 23:10:02.037 11 WARNING keystone.common.fernet_utils [None req-3b1ac345-dc66-4964-835c-e9236e99f3b7 - - - - - -] key_repository is world readable: /etc/keystone/fernet-keys/ 10.0.0.62 - - [14/Jul/2026:23:10:01 +0000] "POST /v3/auth/tokens HTTP/1.1" 201 1463 10.0.0.62 - - [14/Jul/2026:23:10:02 +0000] "GET /v3/services HTTP/1.1" 200 639
[Tue Jul 14 23:10:02.122271 2026] [wsgi:error] [pid 12:tid 140614858032832] [remote 10.0.0.62:44298] 2026-07-14 23:10:02.122 12 WARNING keystone.common.fernet_utils [None req-8c101811-8ee2-443b-8602-45fea4d00fb1 - - - - - -] key_repository is world readable: /etc/keystone/fernet-keys/ 10.0.0.62 - - [14/Jul/2026:23:10:01 +0000] "POST /v3/auth/tokens HTTP/1.1" 201 1463 10.0.0.62 - - [14/Jul/2026:23:10:02 +0000] "GET /v3/services HTTP/1.1" 200 639 10.0.0.62 - - [14/Jul/2026:23:10:02 +0000] "GET /v3/services HTTP/1.1" 200 639 10.0.0.62 - - [14/Jul/2026:23:10:03 +0000] "GET / HTTP/1.1" 300 295
[Tue Jul 14 23:10:03.545917 2026] [wsgi:error] [pid 12:tid 140614858032832] [remote 10.0.0.62:44304] 2026-07-14 23:10:03.545 12 WARNING keystone.common.password_hashing [None req-be5e719d-cc13-4c3c-beb3-c49621ad34ce - - - - - -] Truncating password to algorithm specific maximum length 72 characters. 10.0.0.62 - - [14/Jul/2026:23:10:03 +0000] "GET / HTTP/1.1" 300 295
[Tue Jul 14 23:10:03.759788 2026] [wsgi:error] [pid 11:tid 140614858032832] [remote 10.0.0.62:44312] 2026-07-14 23:10:03.759 11 WARNING keystone.common.password_hashing [None req-b97f9760-306d-47ed-9c12-55439090ad2e - - - - - -] Truncating password to algorithm specific maximum length 72 characters. 10.0.0.62 - - [14/Jul/2026:23:10:03 +0000] "GET / HTTP/1.1" 300 295
[Tue Jul 14 23:10:03.815370 2026] [wsgi:error] [pid 12:tid 140614858032832] [remote 10.0.0.62:44304] 2026-07-14 23:10:03.815 12 WARNING keystone.common.fernet_utils [None req-be5e719d-cc13-4c3c-beb3-c49621ad34ce - - - - - -] key_repository is world readable: /etc/keystone/fernet-keys/ 10.0.0.62 - - [14/Jul/2026:23:10:03 +0000] "POST /v3/auth/tokens HTTP/1.1" 201 1463
[Tue Jul 14 23:10:03.827637 2026] [wsgi:error] [pid 10:tid 140614858032832] [remote 10.0.0.62:44324] 2026-07-14 23:10:03.827 10 WARNING keystone.common.password_hashing [None req-14b2be02-db38-4570-bd89-14eef14ed64e - - - - - -] Truncating password to algorithm specific maximum length 72 characters. 10.0.0.62 - - [14/Jul/2026:23:10:03 +0000] "GET /v3/endpoints HTTP/1.1" 200 1226 10.0.0.62 - - [14/Jul/2026:23:10:03 +0000] "GET /v3/services/80a3c50a43d64a2d9a2c38dfda9e68a3 HTTP/1.1" 200 233 10.0.0.62 - - [14/Jul/2026:23:10:03 +0000] "GET /v3/services/80a3c50a43d64a2d9a2c38dfda9e68a3 HTTP/1.1" 200 233 10.0.0.62 - - [14/Jul/2026:23:10:03 +0000] "GET /v3/services/80a3c50a43d64a2d9a2c38dfda9e68a3 HTTP/1.1" 200 233
[Tue Jul 14 23:10:04.032323 2026] [wsgi:error] [pid 11:tid 140614858032832] [remote 10.0.0.62:44312] 2026-07-14 23:10:04.032 11 WARNING keystone.common.fernet_utils [None req-b97f9760-306d-47ed-9c12-55439090ad2e - - - - - -] key_repository is world readable: /etc/keystone/fernet-keys/ 10.0.0.62 - - [14/Jul/2026:23:10:03 +0000] "POST /v3/auth/tokens HTTP/1.1" 201 1463
[Tue Jul 14 23:10:04.111685 2026] [wsgi:error] [pid 10:tid 140614858032832] [remote 10.0.0.62:44324] 2026-07-14 23:10:04.111 10 WARNING keystone.common.fernet_utils [None req-14b2be02-db38-4570-bd89-14eef14ed64e - - - - - -] key_repository is world readable: /etc/keystone/fernet-keys/ 10.0.0.62 - - [14/Jul/2026:23:10:03 +0000] "POST /v3/auth/tokens HTTP/1.1" 201 1463 10.0.0.62 - - [14/Jul/2026:23:10:04 +0000] "GET /v3/endpoints HTTP/1.1" 200 1226 10.0.0.62 - - [14/Jul/2026:23:10:04 +0000] "GET /v3/services/80a3c50a43d64a2d9a2c38dfda9e68a3 HTTP/1.1" 200 233 10.0.0.62 - - [14/Jul/2026:23:10:04 +0000] "GET /v3/services/80a3c50a43d64a2d9a2c38dfda9e68a3 HTTP/1.1" 200 233 10.0.0.62 - - [14/Jul/2026:23:10:04 +0000] "GET /v3/services/80a3c50a43d64a2d9a2c38dfda9e68a3 HTTP/1.1" 200 233 10.0.0.62 - - [14/Jul/2026:23:10:04 +0000] "GET /v3/endpoints HTTP/1.1" 200 1226 10.0.0.62 - - [14/Jul/2026:23:10:04 +0000] "GET /v3/services/80a3c50a43d64a2d9a2c38dfda9e68a3 HTTP/1.1" 200 233 10.0.0.62 - - [14/Jul/2026:23:10:04 +0000] "GET /v3/services/80a3c50a43d64a2d9a2c38dfda9e68a3 HTTP/1.1" 200 233 10.0.0.62 - - [14/Jul/2026:23:10:04 +0000] "GET /v3/services/80a3c50a43d64a2d9a2c38dfda9e68a3 HTTP/1.1" 200 233 10.0.0.62 - - [14/Jul/2026:23:10:05 +0000] "GET / HTTP/1.1" 300 295
[Tue Jul 14 23:10:05.503313 2026] [wsgi:error] [pid 12:tid 140614858032832] [remote 10.0.0.62:44332] 2026-07-14 23:10:05.503 12 WARNING keystone.common.password_hashing [None req-0cf8167f-d00c-481a-884a-eefae77b8cbc - - - - - -] Truncating password to algorithm specific maximum length 72 characters. 10.0.0.62 - - [14/Jul/2026:23:10:05 +0000] "GET / HTTP/1.1" 300 295
[Tue Jul 14 23:10:05.718966 2026] [wsgi:error] [pid 10:tid 140614858032832] [remote 10.0.0.62:44348] 2026-07-14 23:10:05.718 10 WARNING keystone.common.password_hashing [None req-d8125817-7c42-4daf-94a0-d2df4945a32c - - - - - -] Truncating password to algorithm specific maximum length 72 characters.
[Tue Jul 14 23:10:05.789752 2026] [wsgi:error] [pid 12:tid 140614858032832] [remote 10.0.0.62:44332] 2026-07-14 23:10:05.789 12 WARNING keystone.common.fernet_utils [None req-0cf8167f-d00c-481a-884a-eefae77b8cbc - - - - - -] key_repository is world readable: /etc/keystone/fernet-keys/ 10.0.0.62 - - [14/Jul/2026:23:10:05 +0000] "POST /v3/auth/tokens HTTP/1.1" 201 1463 10.0.0.62 - - [14/Jul/2026:23:10:05 +0000] "GET / HTTP/1.1" 300 295
[Tue Jul 14 23:10:05.831076 2026] [wsgi:error] [pid 11:tid 140614858032832] [remote 10.0.0.62:44358] 2026-07-14 23:10:05.830 11 WARNING keystone.common.password_hashing [None req-1a93a1c7-01ca-48bf-ad38-75b418a1d6bf - - - - - -] Truncating password to algorithm specific maximum length 72 characters. 10.0.0.62 - - [14/Jul/2026:23:10:05 +0000] "GET /v3/services/cc153fb1393744388a2539218f75c8a9 HTTP/1.1" 200 296 10.0.0.62 - - [14/Jul/2026:23:10:05 +0000] "GET /v3/regions/RegionOne HTTP/1.1" 200 173
[Tue Jul 14 23:10:05.996840 2026] [wsgi:error] [pid 10:tid 140614858032832] [remote 10.0.0.62:44348] 2026-07-14 23:10:05.996 10 WARNING keystone.common.fernet_utils [None req-d8125817-7c42-4daf-94a0-d2df4945a32c - - - - - -] key_repository is world readable: /etc/keystone/fernet-keys/ 10.0.0.62 - - [14/Jul/2026:23:10:05 +0000] "POST /v3/auth/tokens HTTP/1.1" 201 1463 10.0.0.62 - - [14/Jul/2026:23:10:05 +0000] "POST /v3/endpoints HTTP/1.1" 201 380 10.0.0.62 - - [14/Jul/2026:23:10:06 +0000] "GET /v3/services/cc153fb1393744388a2539218f75c8a9 HTTP/1.1" 200 296
[Tue Jul 14 23:10:06.139612 2026] [wsgi:error] [pid 11:tid 140614858032832] [remote 10.0.0.62:44358] 2026-07-14 23:10:06.139 11 WARNING keystone.common.fernet_utils [None req-1a93a1c7-01ca-48bf-ad38-75b418a1d6bf - - - - - -] key_repository is world readable: /etc/keystone/fernet-keys/ 10.0.0.62 - - [14/Jul/2026:23:10:05 +0000] "POST /v3/auth/tokens HTTP/1.1" 201 1640 10.0.0.62 - - [14/Jul/2026:23:10:06 +0000] "GET /v3/regions/RegionOne HTTP/1.1" 200 173 10.0.0.62 - - [14/Jul/2026:23:10:06 +0000] "POST /v3/endpoints HTTP/1.1" 201 369 10.0.0.62 - - [14/Jul/2026:23:10:06 +0000] "GET /v3/services/cc153fb1393744388a2539218f75c8a9 HTTP/1.1" 200 296 10.0.0.62 - - [14/Jul/2026:23:10:06 +0000] "GET /v3/regions/RegionOne HTTP/1.1" 200 173 10.0.0.62 - - [14/Jul/2026:23:10:06 +0000] "POST /v3/endpoints HTTP/1.1" 201 383 10.0.0.62 - - [14/Jul/2026:23:10:07 +0000] "GET / HTTP/1.1" 300 295 10.0.0.62 - - [14/Jul/2026:23:10:07 +0000] "GET / HTTP/1.1" 300 295
[Tue Jul 14 23:10:07.677852 2026] [wsgi:error] [pid 11:tid 140614858032832] [remote 10.0.0.62:51014] 2026-07-14 23:10:07.677 11 WARNING keystone.common.password_hashing [None req-11bb4bd2-e59c-4142-b235-53e00fb352c3 - - - - - -] Truncating password to algorithm specific maximum length 72 characters.
[Tue Jul 14 23:10:07.682683 2026] [wsgi:error] [pid 10:tid 140614858032832] [remote 10.0.0.62:51026] 2026-07-14 23:10:07.682 10 WARNING keystone.common.password_hashing [None req-18691810-ba13-4ca2-8364-17e71dae468c - - - - - -] Truncating password to algorithm specific maximum length 72 characters.
[Tue Jul 14 23:10:07.972488 2026] [wsgi:error] [pid 11:tid 140614858032832] [remote 10.0.0.62:51014] 2026-07-14 23:10:07.972 11 WARNING keystone.common.fernet_utils [None req-11bb4bd2-e59c-4142-b235-53e00fb352c3 - - - - - -] key_repository is world readable: /etc/keystone/fernet-keys/
[Tue Jul 14 23:10:07.975358 2026] [wsgi:error] [pid 10:tid 140614858032832] [remote 10.0.0.62:51026] 2026-07-14 23:10:07.975 10 WARNING keystone.common.fernet_utils [None req-18691810-ba13-4ca2-8364-17e71dae468c - - - - - -] key_repository is world readable: /etc/keystone/fernet-keys/ 10.0.0.62 - - [14/Jul/2026:23:10:07 +0000] "POST /v3/auth/tokens HTTP/1.1" 201 1990 10.0.0.62 - - [14/Jul/2026:23:10:07 +0000] "POST /v3/auth/tokens HTTP/1.1" 201 1990 10.0.0.62 - - [14/Jul/2026:23:10:08 +0000] "GET / HTTP/1.1" 300 295
[Tue Jul 14 23:10:08.019821 2026] [wsgi:error] [pid 9:tid 140614858032832] [remote 10.0.0.62:51028] 2026-07-14 23:10:08.019 9 WARNING keystone.common.password_hashing [None req-2b63bd19-8144-4917-b5a4-7a0752dcc0df - - - - - -] Truncating password to algorithm specific maximum length 72 characters. 10.0.0.62 - - [14/Jul/2026:23:10:08 +0000] "GET /v3/endpoints/5dfe670ed96f49a099dd0c758a926df6 HTTP/1.1" 200 369 10.0.0.62 - - [14/Jul/2026:23:10:08 +0000] "GET /v3/endpoints/ac0dc4411b824e7a93521d08c6bdde2d HTTP/1.1" 200 380 10.0.0.62 - - [14/Jul/2026:23:10:08 +0000] "GET /v3/services/cc153fb1393744388a2539218f75c8a9 HTTP/1.1" 200 296 10.0.0.62 - - [14/Jul/2026:23:10:08 +0000] "GET /v3/services/cc153fb1393744388a2539218f75c8a9 HTTP/1.1" 200 296
[Tue Jul 14 23:10:08.301594 2026] [wsgi:error] [pid 9:tid 140614858032832] [remote 10.0.0.62:51028] 2026-07-14 23:10:08.301 9 WARNING keystone.common.fernet_utils [None req-2b63bd19-8144-4917-b5a4-7a0752dcc0df - - - - - -] key_repository is world readable: /etc/keystone/fernet-keys/ 10.0.0.62 - - [14/Jul/2026:23:10:08 +0000] "POST /v3/auth/tokens HTTP/1.1" 201 1990 10.0.0.62 - - [14/Jul/2026:23:10:08 +0000] "GET /v3/endpoints/cb0fbaa1fc0845e0ae13f79eae336d56 HTTP/1.1" 200 383 10.0.0.62 - - [14/Jul/2026:23:10:08 +0000] "GET /v3/services/cc153fb1393744388a2539218f75c8a9 HTTP/1.1" 200 296 10.0.0.22 - - [14/Jul/2026:23:10:18 +0000] "GET / HTTP/1.1" 300 295
[Tue Jul 14 23:10:18.575468 2026] [wsgi:error] [pid 9:tid 140614858032832] [remote 10.0.0.22:44674] 2026-07-14 23:10:18.575 9 WARNING keystone.common.password_hashing [None req-224d19c8-3f8b-47ff-8d5c-7f5dbdc1640c - - - - - -] Truncating password to algorithm specific maximum length 72 characters.
[Tue Jul 14 23:10:18.854104 2026] [wsgi:error] [pid 9:tid 140614858032832] [remote 10.0.0.22:44674] 2026-07-14 23:10:18.853 9 WARNING keystone.common.fernet_utils [None req-224d19c8-3f8b-47ff-8d5c-7f5dbdc1640c - - - - - -] key_repository is world readable: /etc/keystone/fernet-keys/ 10.0.0.22 - - [14/Jul/2026:23:10:18 +0000] "POST /v3/auth/tokens HTTP/1.1" 201 1990 10.0.0.22 - - [14/Jul/2026:23:10:18 +0000] "POST /v3/domains HTTP/1.1" 201 284 10.0.0.22 - - [14/Jul/2026:23:10:20 +0000] "GET / HTTP/1.1" 300 295
[Tue Jul 14 23:10:20.573729 2026] [wsgi:error] [pid 10:tid 140614858032832] [remote 10.0.0.22:44684] 2026-07-14 23:10:20.573 10 WARNING keystone.common.password_hashing [None req-15762fdb-6ba6-42a1-a4e4-56920adfbdb6 - - - - - -] Truncating password to algorithm specific maximum length 72 characters.
[Tue Jul 14 23:10:20.850388 2026] [wsgi:error] [pid 10:tid 140614858032832] [remote 10.0.0.22:44684] 2026-07-14 23:10:20.850 10 WARNING keystone.common.fernet_utils [None req-15762fdb-6ba6-42a1-a4e4-56920adfbdb6 - - - - - -] key_repository is world readable: /etc/keystone/fernet-keys/ 10.0.0.22 - - [14/Jul/2026:23:10:20 +0000] "POST /v3/auth/tokens HTTP/1.1" 201 1990
[Tue Jul 14 23:10:21.027816 2026] [wsgi:error] [pid 9:tid 140614858032832] [remote 10.0.0.22:44684] 2026-07-14 23:10:21.014 9 ERROR keystone.server.flask.application [None req-b632efb0-d175-455f-ae37-1a571ffa9709 6e93a315f2e247a29bb83a1c66045533 3e67ba8899f84116b7d96b88ce00c539 - - default default] Conflict occurred attempting to store project - it is not permitted to have two projects acting as domains with the same name: service.: keystone.exception.Conflict: Conflict occurred attempting to store project - it is not permitted to have two projects acting as domains with the same name: service.
[Tue Jul 14 23:10:21.027837 2026] [wsgi:error] [pid 9:tid 140614858032832] [remote 10.0.0.22:44684] 2026-07-14 23:10:21.014 9 ERROR keystone.server.flask.application
Traceback (most recent call last):
[Tue Jul 14 23:10:21.027839 2026] [wsgi:error] [pid 9:tid 140614858032832] [remote 10.0.0.22:44684] 2026-07-14 23:10:21.014 9 ERROR keystone.server.flask.application
File "/var/lib/openstack/lib/python3.12/site-packages/sqlalchemy/engine/base.py", line 1969, in _exec_single_context
[Tue Jul 14 23:10:21.027841 2026] [wsgi:error] [pid 9:tid 140614858032832] [remote 10.0.0.22:44684] 2026-07-14 23:10:21.014 9 ERROR keystone.server.flask.application self.dialect.do_execute(
[Tue Jul 14 23:10:21.027842 2026] [wsgi:error] [pid 9:tid 140614858032832] [remote 10.0.0.22:44684] 2026-07-14 23:10:21.014 9 ERROR keystone.server.flask.application
File "/var/lib/openstack/lib/python3.12/site-packages/sqlalchemy/engine/default.py", line 952, in do_execute
[Tue Jul 14 23:10:21.027844 2026] [wsgi:error] [pid 9:tid 140614858032832] [remote 10.0.0.22:44684] 2026-07-14 23:10:21.014 9 ERROR keystone.server.flask.application cursor.execute(statement, parameters)
[Tue Jul 14 23:10:21.027845 2026] [wsgi:error] [pid 9:tid 140614858032832] [remote 10.0.0.22:44684] 2026-07-14 23:10:21.014 9 ERROR keystone.server.flask.application
File "/var/lib/openstack/lib/python3.12/site-packages/pymysql/cursors.py", line 159, in execute
[Tue Jul 14 23:10:21.027847 2026] [wsgi:error] [pid 9:tid 140614858032832] [remote 10.0.0.22:44684] 2026-07-14 23:10:21.014 9 ERROR keystone.server.flask.application result = self._query(query)
[Tue Jul 14 23:10:21.027848 2026] [wsgi:error] [pid 9:tid 140614858032832] [remote 10.0.0.22:44684] 2026-07-14 23:10:21.014 9 ERROR keystone.server.flask.application ^^^^^^^^^^^^^^^^^^
[Tue Jul 14 23:10:21.027849 2026] [wsgi:error] [pid 9:tid 140614858032832] [remote 10.0.0.22:44684] 2026-07-14 23:10:21.014 9 ERROR keystone.server.flask.application
File "/var/lib/openstack/lib/python3.12/site-packages/pymysql/cursors.py", line 330, in _query
[Tue Jul 14 23:10:21.027851 2026] [wsgi:error] [pid 9:tid 140614858032832] [remote 10.0.0.22:44684] 2026-07-14 23:10:21.014 9 ERROR keystone.server.flask.application conn.query(q)
[Tue Jul 14 23:10:21.027853 2026] [wsgi:error] [pid 9:tid 140614858032832] [remote 10.0.0.22:44684] 2026-07-14 23:10:21.014 9 ERROR keystone.server.flask.application
File "/var/lib/openstack/lib/python3.12/site-packages/pymysql/connections.py", line 582, in query
[Tue Jul 14 23:10:21.027854 2026] [wsgi:error] [pid 9:tid 140614858032832] [remote 10.0.0.22:44684] 2026-07-14 23:10:21.014 9 ERROR keystone.server.flask.application self._affected_rows = self._read_query_result(unbuffered=unbuffered)
[Tue Jul 14 23:10:21.027855 2026] [wsgi:error] [pid 9:tid 140614858032832] [remote 10.0.0.22:44684] 2026-07-14 23:10:21.014 9 ERROR keystone.server.flask.application ^^^^^^^^^^^^^^^^^^^^^^^^^^^^^^^^^^^^^^^^^^^^^^
[Tue Jul 14 23:10:21.027857 2026] [wsgi:error] [pid 9:tid 140614858032832] [remote 10.0.0.22:44684] 2026-07-14 23:10:21.014 9 ERROR keystone.server.flask.application
File "/var/lib/openstack/lib/python3.12/site-packages/pymysql/connections.py", line 847, in _read_query_result
[Tue Jul 14 23:10:21.027858 2026] [wsgi:error] [pid 9:tid 140614858032832] [remote 10.0.0.22:44684] 2026-07-14 23:10:21.014 9 ERROR keystone.server.flask.application result.read()
[Tue Jul 14 23:10:21.027860 2026] [wsgi:error] [pid 9:tid 140614858032832] [remote 10.0.0.22:44684] 2026-07-14 23:10:21.014 9 ERROR keystone.server.flask.application
File "/var/lib/openstack/lib/python3.12/site-packages/pymysql/connections.py", line 1245, in read
[Tue Jul 14 23:10:21.027863 2026] [wsgi:error] [pid 9:tid 140614858032832] [remote 10.0.0.22:44684] 2026-07-14 23:10:21.014 9 ERROR keystone.server.flask.application first_packet = self.connection._read_packet()
[Tue Jul 14 23:10:21.027865 2026] [wsgi:error] [pid 9:tid 140614858032832] [remote 10.0.0.22:44684] 2026-07-14 23:10:21.014 9 ERROR keystone.server.flask.application ^^^^^^^^^^^^^^^^^^^^^^^^^^^^^^
[Tue Jul 14 23:10:21.027866 2026] [wsgi:error] [pid 9:tid 140614858032832] [remote 10.0.0.22:44684] 2026-07-14 23:10:21.014 9 ERROR keystone.server.flask.application
File "/var/lib/openstack/lib/python3.12/site-packages/pymysql/connections.py", line 803, in _read_packet
[Tue Jul 14 23:10:21.027867 2026] [wsgi:error] [pid 9:tid 140614858032832] [remote 10.0.0.22:44684] 2026-07-14 23:10:21.014 9 ERROR keystone.server.flask.application packet.raise_for_error()
[Tue Jul 14 23:10:21.027869 2026] [wsgi:error] [pid 9:tid 140614858032832] [remote 10.0.0.22:44684] 2026-07-14 23:10:21.014 9 ERROR keystone.server.flask.application
File "/var/lib/openstack/lib/python3.12/site-packages/pymysql/protocol.py", line 219, in raise_for_error
[Tue Jul 14 23:10:21.027870 2026] [wsgi:error] [pid 9:tid 140614858032832] [remote 10.0.0.22:44684] 2026-07-14 23:10:21.014 9 ERROR keystone.server.flask.application err.raise_mysql_exception(self._data)
[Tue Jul 14 23:10:21.027871 2026] [wsgi:error] [pid 9:tid 140614858032832] [remote 10.0.0.22:44684] 2026-07-14 23:10:21.014 9 ERROR keystone.server.flask.application
File "/var/lib/openstack/lib/python3.12/site-packages/pymysql/err.py", line 154, in raise_mysql_exception
[Tue Jul 14 23:10:21.027873 2026] [wsgi:error] [pid 9:tid 140614858032832] [remote 10.0.0.22:44684] 2026-07-14 23:10:21.014 9 ERROR keystone.server.flask.application raise errorclass(errno, errval, sqlstate=sqlstate)
[Tue Jul 14 23:10:21.027874 2026] [wsgi:error] [pid 9:tid 140614858032832] [remote 10.0.0.22:44684] 2026-07-14 23:10:21.014 9 ERROR keystone.server.flask.application pymysql.err.IntegrityError: (1062, "Duplicate entry '<>-service' for key 'project.ixu_project_name_domain_id'")
[Tue Jul 14 23:10:21.027876 2026] [wsgi:error] [pid 9:tid 140614858032832] [remote 10.0.0.22:44684] 2026-07-14 23:10:21.014 9 ERROR keystone.server.flask.application
[Tue Jul 14 23:10:21.027877 2026] [wsgi:error] [pid 9:tid 140614858032832] [remote 10.0.0.22:44684] 2026-07-14 23:10:21.014 9 ERROR keystone.server.flask.application The above exception was the direct cause of the following exception:
[Tue Jul 14 23:10:21.027878 2026] [wsgi:error] [pid 9:tid 140614858032832] [remote 10.0.0.22:44684] 2026-07-14 23:10:21.014 9 ERROR keystone.server.flask.application
[Tue Jul 14 23:10:21.027879 2026] [wsgi:error] [pid 9:tid 140614858032832] [remote 10.0.0.22:44684] 2026-07-14 23:10:21.014 9 ERROR keystone.server.flask.application
Traceback (most recent call last):
[Tue Jul 14 23:10:21.027881 2026] [wsgi:error] [pid 9:tid 140614858032832] [remote 10.0.0.22:44684] 2026-07-14 23:10:21.014 9 ERROR keystone.server.flask.application
File "/var/lib/openstack/lib/python3.12/site-packages/keystone/common/sql/core.py", line 575, in wrapper
[Tue Jul 14 23:10:21.027882 2026] [wsgi:error] [pid 9:tid 140614858032832] [remote 10.0.0.22:44684] 2026-07-14 23:10:21.014 9 ERROR keystone.server.flask.application return method(*args, **kwargs)
[Tue Jul 14 23:10:21.027883 2026] [wsgi:error] [pid 9:tid 140614858032832] [remote 10.0.0.22:44684] 2026-07-14 23:10:21.014 9 ERROR keystone.server.flask.application ^^^^^^^^^^^^^^^^^^^^^^^
[Tue Jul 14 23:10:21.027885 2026] [wsgi:error] [pid 9:tid 140614858032832] [remote 10.0.0.22:44684] 2026-07-14 23:10:21.014 9 ERROR keystone.server.flask.application
File "/var/lib/openstack/lib/python3.12/site-packages/keystone/resource/backends/sql.py", line 278, in create_project
[Tue Jul 14 23:10:21.027887 2026] [wsgi:error] [pid 9:tid 140614858032832] [remote 10.0.0.22:44684] 2026-07-14 23:10:21.014 9 ERROR keystone.server.flask.application with sql.session_for_write() as session:
[Tue Jul 14 23:10:21.027898 2026] [wsgi:error] [pid 9:tid 140614858032832] [remote 10.0.0.22:44684] 2026-07-14 23:10:21.014 9 ERROR keystone.server.flask.application
File "/usr/lib/python3.12/contextlib.py", line 144, in __exit__
[Tue Jul 14 23:10:21.027899 2026] [wsgi:error] [pid 9:tid 140614858032832] [remote 10.0.0.22:44684] 2026-07-14 23:10:21.014 9 ERROR keystone.server.flask.application next(self.gen)
[Tue Jul 14 23:10:21.027901 2026] [wsgi:error] [pid 9:tid 140614858032832] [remote 10.0.0.22:44684] 2026-07-14 23:10:21.014 9 ERROR keystone.server.flask.application
File "/var/lib/openstack/lib/python3.12/site-packages/oslo_db/sqlalchemy/enginefacade.py", line 1175, in _transaction_scope
[Tue Jul 14 23:10:21.027902 2026] [wsgi:error] [pid 9:tid 140614858032832] [remote 10.0.0.22:44684] 2026-07-14 23:10:21.014 9 ERROR keystone.server.flask.application with current._produce_block(
[Tue Jul 14 23:10:21.027904 2026] [wsgi:error] [pid 9:tid 140614858032832] [remote 10.0.0.22:44684] 2026-07-14 23:10:21.014 9 ERROR keystone.server.flask.application
File "/usr/lib/python3.12/contextlib.py", line 144, in __exit__
[Tue Jul 14 23:10:21.027905 2026] [wsgi:error] [pid 9:tid 140614858032832] [remote 10.0.0.22:44684] 2026-07-14 23:10:21.014 9 ERROR keystone.server.flask.application next(self.gen)
[Tue Jul 14 23:10:21.027907 2026] [wsgi:error] [pid 9:tid 140614858032832] [remote 10.0.0.22:44684] 2026-07-14 23:10:21.014 9 ERROR keystone.server.flask.application
File "/var/lib/openstack/lib/python3.12/site-packages/oslo_db/sqlalchemy/enginefacade.py", line 837, in _session
[Tue Jul 14 23:10:21.027908 2026] [wsgi:error] [pid 9:tid 140614858032832] [remote 10.0.0.22:44684] 2026-07-14 23:10:21.014 9 ERROR keystone.server.flask.application with excutils.save_and_reraise_exception():
[Tue Jul 14 23:10:21.027910 2026] [wsgi:error] [pid 9:tid 140614858032832] [remote 10.0.0.22:44684] 2026-07-14 23:10:21.014 9 ERROR keystone.server.flask.application
File "/var/lib/openstack/lib/python3.12/site-packages/oslo_utils/excutils.py", line 266, in __exit__
[Tue Jul 14 23:10:21.027911 2026] [wsgi:error] [pid 9:tid 140614858032832] [remote 10.0.0.22:44684] 2026-07-14 23:10:21.014 9 ERROR keystone.server.flask.application self.force_reraise()
[Tue Jul 14 23:10:21.027913 2026] [wsgi:error] [pid 9:tid 140614858032832] [remote 10.0.0.22:44684] 2026-07-14 23:10:21.014 9 ERROR keystone.server.flask.application
File "/var/lib/openstack/lib/python3.12/site-packages/oslo_utils/excutils.py", line 232, in force_reraise
[Tue Jul 14 23:10:21.027914 2026] [wsgi:error] [pid 9:tid 140614858032832] [remote 10.0.0.22:44684] 2026-07-14 23:10:21.014 9 ERROR keystone.server.flask.application raise self.value
[Tue Jul 14 23:10:21.027916 2026] [wsgi:error] [pid 9:tid 140614858032832] [remote 10.0.0.22:44684] 2026-07-14 23:10:21.014 9 ERROR keystone.server.flask.application
File "/var/lib/openstack/lib/python3.12/site-packages/oslo_db/sqlalchemy/enginefacade.py", line 835, in _session
[Tue Jul 14 23:10:21.027917 2026] [wsgi:error] [pid 9:tid 140614858032832] [remote 10.0.0.22:44684] 2026-07-14 23:10:21.014 9 ERROR keystone.server.flask.application self._end_session_transaction(self.session)
[Tue Jul 14 23:10:21.027919 2026] [wsgi:error] [pid 9:tid 140614858032832] [remote 10.0.0.22:44684] 2026-07-14 23:10:21.014 9 ERROR keystone.server.flask.application
File "/var/lib/openstack/lib/python3.12/site-packages/oslo_db/sqlalchemy/enginefacade.py", line 748, in _end_session_transaction
[Tue Jul 14 23:10:21.027921 2026] [wsgi:error] [pid 9:tid 140614858032832] [remote 10.0.0.22:44684] 2026-07-14 23:10:21.014 9 ERROR keystone.server.flask.application session.commit()
[Tue Jul 14 23:10:21.027922 2026] [wsgi:error] [pid 9:tid 140614858032832] [remote 10.0.0.22:44684] 2026-07-14 23:10:21.014 9 ERROR keystone.server.flask.application
File "/var/lib/openstack/lib/python3.12/site-packages/sqlalchemy/orm/session.py", line 2034, in commit
[Tue Jul 14 23:10:21.027924 2026] [wsgi:error] [pid 9:tid 140614858032832] [remote 10.0.0.22:44684] 2026-07-14 23:10:21.014 9 ERROR keystone.server.flask.application trans.commit(_to_root=True)
[Tue Jul 14 23:10:21.027929 2026] [wsgi:error] [pid 9:tid 140614858032832] [remote 10.0.0.22:44684] 2026-07-14 23:10:21.014 9 ERROR keystone.server.flask.application File "", line 2, in commit
[Tue Jul 14 23:10:21.027930 2026] [wsgi:error] [pid 9:tid 140614858032832] [remote 10.0.0.22:44684] 2026-07-14 23:10:21.014 9 ERROR keystone.server.flask.application
File "/var/lib/openstack/lib/python3.12/site-packages/sqlalchemy/orm/state_changes.py", line 137, in _go
[Tue Jul 14 23:10:21.027932 2026] [wsgi:error] [pid 9:tid 140614858032832] [remote 10.0.0.22:44684] 2026-07-14 23:10:21.014 9 ERROR keystone.server.flask.application ret_value = fn(self, *arg, **kw)
[Tue Jul 14 23:10:21.027934 2026] [wsgi:error] [pid 9:tid 140614858032832] [remote 10.0.0.22:44684] 2026-07-14 23:10:21.014 9 ERROR keystone.server.flask.application ^^^^^^^^^^^^^^^^^^^^ 10.0.0.22 - - [14/Jul/2026:23:10:20 +0000] "POST /v3/domains HTTP/1.1" 409 190
[Tue Jul 14 23:10:21.027935 2026] [wsgi:error] [pid 9:tid 140614858032832] [remote 10.0.0.22:44684] 2026-07-14 23:10:21.014 9 ERROR keystone.server.flask.application
File "/var/lib/openstack/lib/python3.12/site-packages/sqlalchemy/orm/session.py", line 1315, in commit
[Tue Jul 14 23:10:21.027937 2026] [wsgi:error] [pid 9:tid 140614858032832] [remote 10.0.0.22:44684] 2026-07-14 23:10:21.014 9 ERROR keystone.server.flask.application self._prepare_impl()
[Tue Jul 14 23:10:21.027939 2026] [wsgi:error] [pid 9:tid 140614858032832] [remote 10.0.0.22:44684] 2026-07-14 23:10:21.014 9 ERROR keystone.server.flask.application File "", line 2, in _prepare_impl
[Tue Jul 14 23:10:21.027941 2026] [wsgi:error] [pid 9:tid 140614858032832] [remote 10.0.0.22:44684] 2026-07-14 23:10:21.014 9 ERROR keystone.server.flask.application
File "/var/lib/openstack/lib/python3.12/site-packages/sqlalchemy/orm/state_changes.py", line 137, in _go
[Tue Jul 14 23:10:21.027943 2026] [wsgi:error] [pid 9:tid 140614858032832] [remote 10.0.0.22:44684] 2026-07-14 23:10:21.014 9 ERROR keystone.server.flask.application ret_value = fn(self, *arg, **kw)
[Tue Jul 14 23:10:21.027945 2026] [wsgi:error] [pid 9:tid 140614858032832] [remote 10.0.0.22:44684] 2026-07-14 23:10:21.014 9 ERROR keystone.server.flask.application ^^^^^^^^^^^^^^^^^^^^
[Tue Jul 14 23:10:21.027947 2026] [wsgi:error] [pid 9:tid 140614858032832] [remote 10.0.0.22:44684] 2026-07-14 23:10:21.014 9 ERROR keystone.server.flask.application
File "/var/lib/openstack/lib/python3.12/site-packages/sqlalchemy/orm/session.py", line 1290, in _prepare_impl
[Tue Jul 14 23:10:21.027949 2026] [wsgi:error] [pid 9:tid 140614858032832] [remote 10.0.0.22:44684] 2026-07-14 23:10:21.014 9 ERROR keystone.server.flask.application self.session.flush()
[Tue Jul 14 23:10:21.027951 2026] [wsgi:error] [pid 9:tid 140614858032832] [remote 10.0.0.22:44684] 2026-07-14 23:10:21.014 9 ERROR keystone.server.flask.application
File "/var/lib/openstack/lib/python3.12/site-packages/sqlalchemy/orm/session.py", line 4352, in flush
[Tue Jul 14 23:10:21.027953 2026] [wsgi:error] [pid 9:tid 140614858032832] [remote 10.0.0.22:44684] 2026-07-14 23:10:21.014 9 ERROR keystone.server.flask.application self._flush(objects)
[Tue Jul 14 23:10:21.027955 2026] [wsgi:error] [pid 9:tid 140614858032832] [remote 10.0.0.22:44684] 2026-07-14 23:10:21.014 9 ERROR keystone.server.flask.application
File "/var/lib/openstack/lib/python3.12/site-packages/sqlalchemy/orm/session.py", line 4487, in _flush
[Tue Jul 14 23:10:21.027958 2026] [wsgi:error] [pid 9:tid 140614858032832] [remote 10.0.0.22:44684] 2026-07-14 23:10:21.014 9 ERROR keystone.server.flask.application with util.safe_reraise():
[Tue Jul 14 23:10:21.027959 2026] [wsgi:error] [pid 9:tid 140614858032832] [remote 10.0.0.22:44684] 2026-07-14 23:10:21.014 9 ERROR keystone.server.flask.application
File "/var/lib/openstack/lib/python3.12/site-packages/sqlalchemy/util/langhelpers.py", line 122, in __exit__
[Tue Jul 14 23:10:21.027961 2026] [wsgi:error] [pid 9:tid 140614858032832] [remote 10.0.0.22:44684] 2026-07-14 23:10:21.014 9 ERROR keystone.server.flask.application raise exc_value.with_traceback(exc_tb)
[Tue Jul 14 23:10:21.027963 2026] [wsgi:error] [pid 9:tid 140614858032832] [remote 10.0.0.22:44684] 2026-07-14 23:10:21.014 9 ERROR keystone.server.flask.application
File "/var/lib/openstack/lib/python3.12/site-packages/sqlalchemy/orm/session.py", line 4448, in _flush
[Tue Jul 14 23:10:21.027965 2026] [wsgi:error] [pid 9:tid 140614858032832] [remote 10.0.0.22:44684] 2026-07-14 23:10:21.014 9 ERROR keystone.server.flask.application flush_context.execute()
[Tue Jul 14 23:10:21.027967 2026] [wsgi:error] [pid 9:tid 140614858032832] [remote 10.0.0.22:44684] 2026-07-14 23:10:21.014 9 ERROR keystone.server.flask.application
File "/var/lib/openstack/lib/python3.12/site-packages/sqlalchemy/orm/unitofwork.py", line 465, in execute
[Tue Jul 14 23:10:21.027969 2026] [wsgi:error] [pid 9:tid 140614858032832] [remote 10.0.0.22:44684] 2026-07-14 23:10:21.014 9 ERROR keystone.server.flask.application rec.execute(self)
