2026-06-09 16:27:16.376 8 INFO neutron.db.l3_db [None req-a2aa3396-1b8f-4cf6-92c2-cbdc09828221 3eebe67c7cbd45bf875cd83313806b75 d89455d359f2494d8bbc27fef71893ed - - default default] Floating IP 4135d64a-30c6-47de-91ff-034c1c7723ac disassociated (deleted). External IP: 10.96.250.212, port: 72c394a4-f354-48e6-a3b1-c32be3a0e9be. [pid: 8|app: 0|req: 1778/3488] 10.0.0.101 () {32 vars in 732 bytes} [Tue Jun 9 16:27:16 2026] DELETE /v2.0/floatingips/4135d64a-30c6-47de-91ff-034c1c7723ac => generated 0 bytes in 381 msecs (HTTP/1.1 204) 2 headers in 112 bytes (1 switches on core 0) /var/lib/openstack/lib/python3.12/site-packages/pycadf/identifier.py:70: UserWarning: Invalid uuid: neutron. To ensure interoperability, identifiers should be a valid uuid. warnings.warn(('Invalid uuid: %s. To ensure interoperability, '
2026-06-09 16:27:16.453 7 INFO neutron.api.v2.resource [None req-466f71ee-8d1e-4d2f-8f42-4bd94566fc70 3eebe67c7cbd45bf875cd83313806b75 d89455d359f2494d8bbc27fef71893ed - - default default] show failed (client error): The resource could not be found. [pid: 7|app: 0|req: 1711/3489] 10.0.0.101 () {32 vars in 729 bytes} [Tue Jun 9 16:27:16 2026] GET /v2.0/floatingips/4135d64a-30c6-47de-91ff-034c1c7723ac => generated 144 bytes in 28 msecs (HTTP/1.1 404) 4 headers in 164 bytes (1 switches on core 0)
2026-06-09 16:27:16.458 8 INFO neutron.notifiers.nova [-] Nova event matching ['req-42adfc6d-9ec5-46e3-99aa-0462ba5d3a3e'] response: {'name': 'network-changed', 'server_uuid': 'e60d7a3c-08cb-49e1-8379-1ff7baa2852a', 'tag': '72c394a4-f354-48e6-a3b1-c32be3a0e9be', 'status': 'completed', 'code': 200} [pid: 8|app: 0|req: 1779/3490] 10.0.0.87 () {34 vars in 989 bytes} [Tue Jun 9 16:27:16 2026] GET /v2.0/ports?device_id=e60d7a3c-08cb-49e1-8379-1ff7baa2852a => generated 1204 bytes in 84 msecs (HTTP/1.1 200) 4 headers in 158 bytes (1 switches on core 0) [pid: 7|app: 0|req: 1712/3491] 10.0.0.87 () {34 vars in 1039 bytes} [Tue Jun 9 16:27:16 2026] GET /v2.0/security-groups?id=69d21a50-fbab-4c44-8deb-2376bb9c1b80&fields=id&fields=name => generated 111 bytes in 39 msecs (HTTP/1.1 200) 4 headers in 157 bytes (1 switches on core 0) [pid: 8|app: 0|req: 1780/3492] 199.204.45.70 () {34 vars in 1079 bytes} [Tue Jun 9 16:27:16 2026] GET /v2.0/ports?tenant_id=d89455d359f2494d8bbc27fef71893ed&device_id=e60d7a3c-08cb-49e1-8379-1ff7baa2852a => generated 1442 bytes in 43 msecs (HTTP/1.1 200) 4 headers in 158 bytes (1 switches on core 0) [pid: 7|app: 0|req: 1713/3493] 199.204.45.70 () {34 vars in 985 bytes} [Tue Jun 9 16:27:17 2026] GET /v2.0/networks?id=ebb9c5ae-e223-414b-b531-b9092ab30fc0 => generated 841 bytes in 41 msecs (HTTP/1.1 200) 4 headers in 157 bytes (1 switches on core 0) [pid: 8|app: 0|req: 1781/3494] 199.204.45.70 () {34 vars in 1057 bytes} [Tue Jun 9 16:27:17 2026] GET /v2.0/floatingips?fixed_ip_address=10.2.2.128&port_id=72c394a4-f354-48e6-a3b1-c32be3a0e9be => generated 19 bytes in 23 msecs (HTTP/1.1 200) 4 headers in 156 bytes (1 switches on core 0) [pid: 7|app: 0|req: 1714/3495] 199.204.45.70 () {34 vars in 1105 bytes} [Tue Jun 9 16:27:17 2026] GET /v2.0/floatingips?fixed_ip_address=fd77%3A1457%3A4cf0%3A26a8%3A%3A1ee&port_id=72c394a4-f354-48e6-a3b1-c32be3a0e9be => generated 19 bytes in 26 msecs (HTTP/1.1 200) 4 headers in 156 bytes (1 switches on core 0) [pid: 8|app: 0|req: 1782/3496] 199.204.45.70 () {34 vars in 1063 bytes} [Tue Jun 9 16:27:17 2026] GET /v2.0/subnets?id=176dbf53-d7c1-40fd-b384-53564abb8571&id=c4493512-f839-446a-ab25-016c44b4dbd6 => generated 1414 bytes in 33 msecs (HTTP/1.1 200) 4 headers in 158 bytes (1 switches on core 0) [pid: 7|app: 0|req: 1715/3497] 199.204.45.70 () {34 vars in 1051 bytes} [Tue Jun 9 16:27:17 2026] GET /v2.0/ports?network_id=ebb9c5ae-e223-414b-b531-b9092ab30fc0&device_owner=network%3Adhcp => generated 12 bytes in 22 msecs (HTTP/1.1 200) 4 headers in 156 bytes (1 switches on core 0) [pid: 8|app: 0|req: 1783/3498] 199.204.45.70 () {34 vars in 1051 bytes} [Tue Jun 9 16:27:17 2026] GET /v2.0/ports?network_id=ebb9c5ae-e223-414b-b531-b9092ab30fc0&device_owner=network%3Adhcp => generated 12 bytes in 18 msecs (HTTP/1.1 200) 4 headers in 156 bytes (1 switches on core 0) [pid: 7|app: 0|req: 1716/3499] 199.204.45.70 () {34 vars in 1011 bytes} [Tue Jun 9 16:27:17 2026] GET /v2.0/networks/ebb9c5ae-e223-414b-b531-b9092ab30fc0?fields=segments => generated 14 bytes in 44 msecs (HTTP/1.1 200) 4 headers in 156 bytes (1 switches on core 0) [pid: 8|app: 0|req: 1784/3500] 199.204.45.70 () {34 vars in 1111 bytes} [Tue Jun 9 16:27:17 2026] GET /v2.0/networks/ebb9c5ae-e223-414b-b531-b9092ab30fc0?fields=provider%3Aphysical_network&fields=provider%3Anetwork_type => generated 79 bytes in 55 msecs (HTTP/1.1 200) 4 headers in 156 bytes (1 switches on core 0)
2026-06-09 16:27:17.659 8 INFO neutron.plugins.ml2.drivers.ovn.mech_driver.mech_driver [None req-b8b7b2df-293b-414b-9b5e-3b4758f3a64b - - - - - -] OVN reports status down for port: 72c394a4-f354-48e6-a3b1-c32be3a0e9be
2026-06-09 16:27:17.911 8 INFO neutron.db.ovn_revision_numbers_db [None req-b8b7b2df-293b-414b-9b5e-3b4758f3a64b - - - - - -] Successfully bumped revision number for resource 72c394a4-f354-48e6-a3b1-c32be3a0e9be (type: ports) to 6
2026-06-09 16:27:18.491 8 INFO neutron.notifiers.nova [-] Nova event matching ['req-2d2a6a48-81d8-4acc-8889-3d4efd059f16'] response: {'server_uuid': 'e60d7a3c-08cb-49e1-8379-1ff7baa2852a', 'name': 'network-vif-unplugged', 'status': 'completed', 'tag': '72c394a4-f354-48e6-a3b1-c32be3a0e9be', 'code': 200}
2026-06-09 16:27:18.491 8 INFO neutron.notifiers.nova [-] Nova event matching ['req-2d2a6a48-81d8-4acc-8889-3d4efd059f16'] response: {'server_uuid': 'e60d7a3c-08cb-49e1-8379-1ff7baa2852a', 'name': 'network-vif-unplugged', 'status': 'completed', 'tag': '72c394a4-f354-48e6-a3b1-c32be3a0e9be', 'code': 200} [pid: 7|app: 0|req: 1717/3501] 199.204.45.70 () {34 vars in 993 bytes} [Tue Jun 9 16:27:18 2026] GET /v2.0/ports?device_id=e60d7a3c-08cb-49e1-8379-1ff7baa2852a => generated 1202 bytes in 89 msecs (HTTP/1.1 200) 4 headers in 158 bytes (1 switches on core 0) /var/lib/openstack/lib/python3.12/site-packages/pycadf/identifier.py:70: UserWarning: Invalid uuid: neutron. To ensure interoperability, identifiers should be a valid uuid. warnings.warn(('Invalid uuid: %s. To ensure interoperability, '
2026-06-09 16:27:19.058 8 INFO neutron_taas.services.taas.taas_plugin [req-5ff71f31-9692-4e81-a81e-a11e630f33bf req-02c3da53-32bb-4a29-9d05-b6386e74c0e1 3eebe67c7cbd45bf875cd83313806b75 d89455d359f2494d8bbc27fef71893ed - - default default] TaaS: Handle Delete Port: 72c394a4-f354-48e6-a3b1-c32be3a0e9be
2026-06-09 16:27:19.061 8 INFO neutron_taas.services.taas.tap_mirror_plugin [req-5ff71f31-9692-4e81-a81e-a11e630f33bf req-02c3da53-32bb-4a29-9d05-b6386e74c0e1 3eebe67c7cbd45bf875cd83313806b75 d89455d359f2494d8bbc27fef71893ed - - default default] Tap Mirror: Handle Delete Port: 72c394a4-f354-48e6-a3b1-c32be3a0e9be [pid: 8|app: 0|req: 1785/3502] 199.204.45.70 () {36 vars in 996 bytes} [Tue Jun 9 16:27:18 2026] DELETE /v2.0/ports/72c394a4-f354-48e6-a3b1-c32be3a0e9be => generated 0 bytes in 272 msecs (HTTP/1.1 204) 3 headers in 131 bytes (1 switches on core 0)
2026-06-09 16:27:20.528 8 INFO neutron.notifiers.nova [-] Nova event matching ['req-6ce69d1f-3bd0-4d35-ac51-5a992c3e657e'] response: {'server_uuid': 'e60d7a3c-08cb-49e1-8379-1ff7baa2852a', 'name': 'network-vif-deleted', 'tag': '72c394a4-f354-48e6-a3b1-c32be3a0e9be', 'status': 'completed', 'code': 200} [pid: 7|app: 0|req: 1718/3503] 10.0.0.87 () {34 vars in 989 bytes} [Tue Jun 9 16:27:21 2026] GET /v2.0/ports?device_id=e60d7a3c-08cb-49e1-8379-1ff7baa2852a => generated 12 bytes in 23 msecs (HTTP/1.1 200) 4 headers in 156 bytes (1 switches on core 0)
2026-06-09 16:27:27.033 7 INFO neutron_taas.services.taas.taas_plugin [None req-6f267a6c-78ba-422f-b76e-1ed941f3440c 3eebe67c7cbd45bf875cd83313806b75 d89455d359f2494d8bbc27fef71893ed - - default default] TaaS: Handle Delete Port: 546cdac2-e764-44b5-a3ab-49c46f31b0fe
2026-06-09 16:27:27.037 7 INFO neutron_taas.services.taas.tap_mirror_plugin [None req-6f267a6c-78ba-422f-b76e-1ed941f3440c 3eebe67c7cbd45bf875cd83313806b75 d89455d359f2494d8bbc27fef71893ed - - default default] Tap Mirror: Handle Delete Port: 546cdac2-e764-44b5-a3ab-49c46f31b0fe
2026-06-09 16:27:27.233 7 INFO neutron.db.l3_db [None req-6f267a6c-78ba-422f-b76e-1ed941f3440c 3eebe67c7cbd45bf875cd83313806b75 d89455d359f2494d8bbc27fef71893ed - - default default] Floating IP d250bd21-44ac-465c-84d5-ac3466c3362a disassociated (deleted). External IP: 10.96.250.206, port: a1e968b6-25d0-4568-a2ef-a8261078056c. [pid: 7|app: 0|req: 1720/3506] 10.0.0.101 () {32 vars in 732 bytes} [Tue Jun 9 16:27:26 2026] DELETE /v2.0/floatingips/d250bd21-44ac-465c-84d5-ac3466c3362a => generated 0 bytes in 387 msecs (HTTP/1.1 204) 2 headers in 112 bytes (1 switches on core 0) /var/lib/openstack/lib/python3.12/site-packages/pycadf/identifier.py:70: UserWarning: Invalid uuid: neutron. To ensure interoperability, identifiers should be a valid uuid. warnings.warn(('Invalid uuid: %s. To ensure interoperability, '
2026-06-09 16:27:27.288 8 INFO neutron.api.v2.resource [None req-57da4fe4-8b99-49c8-baf2-930e5232fc05 3eebe67c7cbd45bf875cd83313806b75 d89455d359f2494d8bbc27fef71893ed - - default default] show failed (client error): The resource could not be found. [pid: 8|app: 0|req: 1787/3507] 10.0.0.101 () {32 vars in 729 bytes} [Tue Jun 9 16:27:27 2026] GET /v2.0/floatingips/d250bd21-44ac-465c-84d5-ac3466c3362a => generated 144 bytes in 26 msecs (HTTP/1.1 404) 4 headers in 164 bytes (1 switches on core 0)
2026-06-09 16:27:27.296 7 INFO neutron.notifiers.nova [-] Nova event matching ['req-f1555f1c-ffac-455a-a7d7-43f8e78942a6'] response: {'name': 'network-changed', 'server_uuid': 'a8392d01-d173-466a-bfa4-5540332abeba', 'tag': 'a1e968b6-25d0-4568-a2ef-a8261078056c', 'status': 'completed', 'code': 200} [pid: 7|app: 0|req: 1721/3508] 10.0.0.87 () {34 vars in 989 bytes} [Tue Jun 9 16:27:27 2026] GET /v2.0/ports?device_id=a8392d01-d173-466a-bfa4-5540332abeba => generated 1200 bytes in 78 msecs (HTTP/1.1 200) 4 headers in 158 bytes (1 switches on core 0) [pid: 8|app: 0|req: 1788/3509] 10.0.0.87 () {34 vars in 1039 bytes} [Tue Jun 9 16:27:27 2026] GET /v2.0/security-groups?id=69d21a50-fbab-4c44-8deb-2376bb9c1b80&fields=id&fields=name => generated 111 bytes in 43 msecs (HTTP/1.1 200) 4 headers in 157 bytes (1 switches on core 0) [pid: 7|app: 0|req: 1722/3510] 199.204.45.70 () {34 vars in 1079 bytes} [Tue Jun 9 16:27:27 2026] GET /v2.0/ports?tenant_id=d89455d359f2494d8bbc27fef71893ed&device_id=a8392d01-d173-466a-bfa4-5540332abeba => generated 1438 bytes in 41 msecs (HTTP/1.1 200) 4 headers in 158 bytes (1 switches on core 0) [pid: 8|app: 0|req: 1789/3511] 199.204.45.70 () {34 vars in 985 bytes} [Tue Jun 9 16:27:27 2026] GET /v2.0/networks?id=0c4d200c-d699-4a2f-9d60-cad868a829c5 => generated 842 bytes in 73 msecs (HTTP/1.1 200) 4 headers in 157 bytes (1 switches on core 0) [pid: 7|app: 0|req: 1723/3512] 199.204.45.70 () {34 vars in 1057 bytes} [Tue Jun 9 16:27:27 2026] GET /v2.0/floatingips?fixed_ip_address=10.2.1.225&port_id=a1e968b6-25d0-4568-a2ef-a8261078056c => generated 19 bytes in 97 msecs (HTTP/1.1 200) 4 headers in 156 bytes (1 switches on core 0) [pid: 8|app: 0|req: 1790/3513] 199.204.45.70 () {34 vars in 1103 bytes} [Tue Jun 9 16:27:28 2026] GET /v2.0/floatingips?fixed_ip_address=fd7b%3Af9f7%3Afff%3A4eca%3A%3A36f&port_id=a1e968b6-25d0-4568-a2ef-a8261078056c => generated 19 bytes in 17 msecs (HTTP/1.1 200) 4 headers in 156 bytes (1 switches on core 0) [pid: 7|app: 0|req: 1724/3514] 199.204.45.70 () {34 vars in 1063 bytes} [Tue Jun 9 16:27:28 2026] GET /v2.0/subnets?id=339a8b74-4c8d-4a39-8a22-94fdaaff10a1&id=2ef5ffa4-59f5-4f68-9188-33070cd4be48 => generated 1409 bytes in 42 msecs (HTTP/1.1 200) 4 headers in 158 bytes (1 switches on core 0) [pid: 8|app: 0|req: 1791/3515] 199.204.45.70 () {34 vars in 1051 bytes} [Tue Jun 9 16:27:28 2026] GET /v2.0/ports?network_id=0c4d200c-d699-4a2f-9d60-cad868a829c5&device_owner=network%3Adhcp => generated 12 bytes in 16 msecs (HTTP/1.1 200) 4 headers in 156 bytes (1 switches on core 0) [pid: 7|app: 0|req: 1725/3516] 199.204.45.70 () {34 vars in 1051 bytes} [Tue Jun 9 16:27:28 2026] GET /v2.0/ports?network_id=0c4d200c-d699-4a2f-9d60-cad868a829c5&device_owner=network%3Adhcp => generated 12 bytes in 21 msecs (HTTP/1.1 200) 4 headers in 156 bytes (1 switches on core 0) [pid: 8|app: 0|req: 1792/3517] 199.204.45.70 () {34 vars in 1011 bytes} [Tue Jun 9 16:27:28 2026] GET /v2.0/networks/0c4d200c-d699-4a2f-9d60-cad868a829c5?fields=segments => generated 14 bytes in 44 msecs (HTTP/1.1 200) 4 headers in 156 bytes (1 switches on core 0) [pid: 7|app: 0|req: 1726/3518] 199.204.45.70 () {34 vars in 1111 bytes} [Tue Jun 9 16:27:28 2026] GET /v2.0/networks/0c4d200c-d699-4a2f-9d60-cad868a829c5?fields=provider%3Aphysical_network&fields=provider%3Anetwork_type => generated 79 bytes in 59 msecs (HTTP/1.1 200) 4 headers in 156 bytes (1 switches on core 0)
2026-06-09 16:27:28.557 8 INFO neutron.plugins.ml2.drivers.ovn.mech_driver.mech_driver [None req-35078c36-5262-4ee0-a336-3bd173dad851 - - - - - -] OVN reports status down for port: a1e968b6-25d0-4568-a2ef-a8261078056c
2026-06-09 16:27:28.678 8 INFO neutron.notifiers.nova [-] Nova event matching ['req-991e43ea-77a0-4c84-b154-2bf47cc7843b'] response: {'server_uuid': 'a8392d01-d173-466a-bfa4-5540332abeba', 'name': 'network-vif-unplugged', 'status': 'completed', 'tag': 'a1e968b6-25d0-4568-a2ef-a8261078056c', 'code': 200}
2026-06-09 16:27:28.815 8 INFO neutron.db.ovn_revision_numbers_db [None req-35078c36-5262-4ee0-a336-3bd173dad851 - - - - - -] Successfully bumped revision number for resource a1e968b6-25d0-4568-a2ef-a8261078056c (type: ports) to 6 /var/lib/openstack/lib/python3.12/site-packages/pycadf/identifier.py:70: UserWarning: Invalid uuid: neutron. To ensure interoperability, identifiers should be a valid uuid. warnings.warn(('Invalid uuid: %s. To ensure interoperability, ' [pid: 8|app: 0|req: 1793/3519] 199.204.45.70 () {34 vars in 993 bytes} [Tue Jun 9 16:27:29 2026] GET /v2.0/ports?device_id=a8392d01-d173-466a-bfa4-5540332abeba => generated 1198 bytes in 78 msecs (HTTP/1.1 200) 4 headers in 158 bytes (1 switches on core 0)
2026-06-09 16:27:29.931 7 INFO neutron_taas.services.taas.taas_plugin [req-f89f37d7-2890-4f87-909f-32bce9f70661 req-236b5a05-f122-481b-8a1f-d0c7c271a06f 3eebe67c7cbd45bf875cd83313806b75 d89455d359f2494d8bbc27fef71893ed - - default default] TaaS: Handle Delete Port: a1e968b6-25d0-4568-a2ef-a8261078056c
2026-06-09 16:27:29.933 7 INFO neutron_taas.services.taas.tap_mirror_plugin [req-f89f37d7-2890-4f87-909f-32bce9f70661 req-236b5a05-f122-481b-8a1f-d0c7c271a06f 3eebe67c7cbd45bf875cd83313806b75 d89455d359f2494d8bbc27fef71893ed - - default default] Tap Mirror: Handle Delete Port: a1e968b6-25d0-4568-a2ef-a8261078056c [pid: 7|app: 0|req: 1727/3520] 199.204.45.70 () {36 vars in 996 bytes} [Tue Jun 9 16:27:29 2026] DELETE /v2.0/ports/a1e968b6-25d0-4568-a2ef-a8261078056c => generated 0 bytes in 307 msecs (HTTP/1.1 204) 3 headers in 131 bytes (1 switches on core 0)
2026-06-09 16:27:30.104 7 INFO neutron.notifiers.nova [-] Nova event matching ['req-f942d2ac-6f1f-47ff-8b48-9b88d30a1f0b'] response: {'server_uuid': 'a8392d01-d173-466a-bfa4-5540332abeba', 'name': 'network-vif-deleted', 'tag': 'a1e968b6-25d0-4568-a2ef-a8261078056c', 'status': 'completed', 'code': 200}
2026-06-09 16:27:30.717 8 INFO neutron.notifiers.nova [-] Nova event matching ['req-0d7e2eca-2a39-40d2-bac2-dbe4b4697986'] response: {'server_uuid': 'a8392d01-d173-466a-bfa4-5540332abeba', 'name': 'network-vif-unplugged', 'status': 'completed', 'tag': 'a1e968b6-25d0-4568-a2ef-a8261078056c', 'code': 200} [pid: 8|app: 0|req: 1794/3521] 10.0.0.87 () {34 vars in 989 bytes} [Tue Jun 9 16:27:32 2026] GET /v2.0/ports?device_id=a8392d01-d173-466a-bfa4-5540332abeba => generated 12 bytes in 68 msecs (HTTP/1.1 200) 4 headers in 156 bytes (1 switches on core 0) [pid: 7|app: 0|req: 1728/3522] 10.0.0.101 () {32 vars in 750 bytes} [Tue Jun 9 16:27:37 2026] DELETE /v2.0/security-group-rules/e08e8f9d-cf87-4810-8de6-c71d99e8adde => generated 0 bytes in 226 msecs (HTTP/1.1 204) 2 headers in 112 bytes (1 switches on core 0)
2026-06-09 16:27:38.017 8 INFO neutron.api.v2.resource [None req-de79a72c-d61e-4410-adcb-3be151dd5057 3eebe67c7cbd45bf875cd83313806b75 d89455d359f2494d8bbc27fef71893ed - - default default] show failed (client error): The resource could not be found. [pid: 8|app: 0|req: 1795/3523] 10.0.0.101 () {32 vars in 747 bytes} [Tue Jun 9 16:27:38 2026] GET /v2.0/security-group-rules/e08e8f9d-cf87-4810-8de6-c71d99e8adde => generated 155 bytes in 13 msecs (HTTP/1.1 404) 4 headers in 164 bytes (1 switches on core 0) [pid: 7|app: 0|req: 1729/3524] 10.0.0.101 () {32 vars in 750 bytes} [Tue Jun 9 16:27:38 2026] DELETE /v2.0/security-group-rules/527ec084-8859-4044-b782-2af97f206cff => generated 0 bytes in 133 msecs (HTTP/1.1 204) 2 headers in 112 bytes (1 switches on core 0)
2026-06-09 16:27:38.172 8 INFO neutron.api.v2.resource [None req-ee5d881d-cfe2-4157-b52a-2e67bf7bfe13 3eebe67c7cbd45bf875cd83313806b75 d89455d359f2494d8bbc27fef71893ed - - default default] show failed (client error): The resource could not be found. [pid: 8|app: 0|req: 1796/3525] 10.0.0.101 () {32 vars in 747 bytes} [Tue Jun 9 16:27:38 2026] GET /v2.0/security-group-rules/527ec084-8859-4044-b782-2af97f206cff => generated 155 bytes in 12 msecs (HTTP/1.1 404) 4 headers in 164 bytes (1 switches on core 0) [pid: 7|app: 0|req: 1730/3526] 10.0.0.101 () {32 vars in 750 bytes} [Tue Jun 9 16:27:38 2026] DELETE /v2.0/security-group-rules/13ba1941-bd0a-4f81-9938-7c126126004d => generated 0 bytes in 129 msecs (HTTP/1.1 204) 2 headers in 112 bytes (1 switches on core 0)
2026-06-09 16:27:38.326 8 INFO neutron.api.v2.resource [None req-3ee92612-9bec-47d6-ad2b-8ed7a80a3acc 3eebe67c7cbd45bf875cd83313806b75 d89455d359f2494d8bbc27fef71893ed - - default default] show failed (client error): The resource could not be found. [pid: 8|app: 0|req: 1797/3527] 10.0.0.101 () {32 vars in 747 bytes} [Tue Jun 9 16:27:38 2026] GET /v2.0/security-group-rules/13ba1941-bd0a-4f81-9938-7c126126004d => generated 155 bytes in 17 msecs (HTTP/1.1 404) 4 headers in 164 bytes (1 switches on core 0) [pid: 7|app: 0|req: 1731/3528] 10.0.0.101 () {32 vars in 750 bytes} [Tue Jun 9 16:27:38 2026] DELETE /v2.0/security-group-rules/0664e4c0-cd6e-42f1-9ef2-1ac0d2392ff5 => generated 0 bytes in 141 msecs (HTTP/1.1 204) 2 headers in 112 bytes (1 switches on core 0)
2026-06-09 16:27:38.489 8 INFO neutron.api.v2.resource [None req-10a992e9-4662-4aef-b503-b3d0f8a17aef 3eebe67c7cbd45bf875cd83313806b75 d89455d359f2494d8bbc27fef71893ed - - default default] show failed (client error): The resource could not be found. [pid: 8|app: 0|req: 1798/3529] 10.0.0.101 () {32 vars in 747 bytes} [Tue Jun 9 16:27:38 2026] GET /v2.0/security-group-rules/0664e4c0-cd6e-42f1-9ef2-1ac0d2392ff5 => generated 155 bytes in 12 msecs (HTTP/1.1 404) 4 headers in 164 bytes (1 switches on core 0) [pid: 7|app: 0|req: 1732/3530] 10.0.0.101 () {32 vars in 750 bytes} [Tue Jun 9 16:27:38 2026] DELETE /v2.0/security-group-rules/758db2a9-1dcf-4a90-b96d-519ea0204d21 => generated 0 bytes in 103 msecs (HTTP/1.1 204) 2 headers in 112 bytes (1 switches on core 0)
2026-06-09 16:27:38.618 8 INFO neutron.api.v2.resource [None req-14cf1e0e-2901-4e7c-a164-2228f4d6bfdb 3eebe67c7cbd45bf875cd83313806b75 d89455d359f2494d8bbc27fef71893ed - - default default] show failed (client error): The resource could not be found. [pid: 8|app: 0|req: 1799/3531] 10.0.0.101 () {32 vars in 747 bytes} [Tue Jun 9 16:27:38 2026] GET /v2.0/security-group-rules/758db2a9-1dcf-4a90-b96d-519ea0204d21 => generated 155 bytes in 14 msecs (HTTP/1.1 404) 4 headers in 164 bytes (1 switches on core 0) [pid: 7|app: 0|req: 1733/3532] 10.0.0.101 () {32 vars in 750 bytes} [Tue Jun 9 16:27:38 2026] DELETE /v2.0/security-group-rules/9e6c0bf1-b1cb-4f60-aa29-d7241cf65bb5 => generated 0 bytes in 117 msecs (HTTP/1.1 204) 2 headers in 112 bytes (1 switches on core 0)
2026-06-09 16:27:38.758 8 INFO neutron.api.v2.resource [None req-51340d89-9065-471b-9592-15478267cdc4 3eebe67c7cbd45bf875cd83313806b75 d89455d359f2494d8bbc27fef71893ed - - default default] show failed (client error): The resource could not be found. [pid: 8|app: 0|req: 1800/3533] 10.0.0.101 () {32 vars in 747 bytes} [Tue Jun 9 16:27:38 2026] GET /v2.0/security-group-rules/9e6c0bf1-b1cb-4f60-aa29-d7241cf65bb5 => generated 155 bytes in 14 msecs (HTTP/1.1 404) 4 headers in 164 bytes (1 switches on core 0) [pid: 7|app: 0|req: 1734/3534] 10.0.0.101 () {32 vars in 750 bytes} [Tue Jun 9 16:27:38 2026] DELETE /v2.0/security-group-rules/110b32fa-e2a5-4bce-ba5a-1832b73c502e => generated 0 bytes in 134 msecs (HTTP/1.1 204) 2 headers in 112 bytes (1 switches on core 0)
2026-06-09 16:27:38.916 8 INFO neutron.api.v2.resource [None req-dbdf5a37-57fb-491b-9208-a6e44ca929ee 3eebe67c7cbd45bf875cd83313806b75 d89455d359f2494d8bbc27fef71893ed - - default default] show failed (client error): The resource could not be found. [pid: 8|app: 0|req: 1801/3535] 10.0.0.101 () {32 vars in 747 bytes} [Tue Jun 9 16:27:38 2026] GET /v2.0/security-group-rules/110b32fa-e2a5-4bce-ba5a-1832b73c502e => generated 155 bytes in 13 msecs (HTTP/1.1 404) 4 headers in 164 bytes (1 switches on core 0) [pid: 7|app: 0|req: 1735/3536] 10.0.0.101 () {32 vars in 750 bytes} [Tue Jun 9 16:27:38 2026] DELETE /v2.0/security-group-rules/85f8db6e-671c-475f-9918-f41c27c94d3b => generated 0 bytes in 144 msecs (HTTP/1.1 204) 2 headers in 112 bytes (1 switches on core 0)
2026-06-09 16:27:39.078 8 INFO neutron.api.v2.resource [None req-0b737de1-742f-406f-a263-48f36ae0b9f4 3eebe67c7cbd45bf875cd83313806b75 d89455d359f2494d8bbc27fef71893ed - - default default] show failed (client error): The resource could not be found. [pid: 8|app: 0|req: 1802/3537] 10.0.0.101 () {32 vars in 747 bytes} [Tue Jun 9 16:27:39 2026] GET /v2.0/security-group-rules/85f8db6e-671c-475f-9918-f41c27c94d3b => generated 155 bytes in 10 msecs (HTTP/1.1 404) 4 headers in 164 bytes (1 switches on core 0) [pid: 7|app: 0|req: 1736/3538] 10.0.0.101 () {32 vars in 750 bytes} [Tue Jun 9 16:27:39 2026] DELETE /v2.0/security-group-rules/76ca3042-9d1d-4243-927a-b37f5b9bbce7 => generated 0 bytes in 144 msecs (HTTP/1.1 204) 2 headers in 112 bytes (1 switches on core 0)
2026-06-09 16:27:39.258 8 INFO neutron.api.v2.resource [None req-c8d30bf3-5d2c-42ae-a19e-41f15371d4b8 3eebe67c7cbd45bf875cd83313806b75 d89455d359f2494d8bbc27fef71893ed - - default default] show failed (client error): The resource could not be found. [pid: 8|app: 0|req: 1803/3539] 10.0.0.101 () {32 vars in 747 bytes} [Tue Jun 9 16:27:39 2026] GET /v2.0/security-group-rules/76ca3042-9d1d-4243-927a-b37f5b9bbce7 => generated 155 bytes in 27 msecs (HTTP/1.1 404) 4 headers in 164 bytes (1 switches on core 0) [pid: 7|app: 0|req: 1737/3540] 10.0.0.101 () {32 vars in 750 bytes} [Tue Jun 9 16:27:39 2026] DELETE /v2.0/security-group-rules/cb89e19b-698e-492b-b7b2-b0717e52420f => generated 0 bytes in 168 msecs (HTTP/1.1 204) 2 headers in 112 bytes (1 switches on core 0)
2026-06-09 16:27:39.451 8 INFO neutron.api.v2.resource [None req-de1d667b-3721-40e3-9fb9-08333232e232 3eebe67c7cbd45bf875cd83313806b75 d89455d359f2494d8bbc27fef71893ed - - default default] show failed (client error): The resource could not be found. [pid: 8|app: 0|req: 1804/3541] 10.0.0.101 () {32 vars in 747 bytes} [Tue Jun 9 16:27:39 2026] GET /v2.0/security-group-rules/cb89e19b-698e-492b-b7b2-b0717e52420f => generated 155 bytes in 13 msecs (HTTP/1.1 404) 4 headers in 164 bytes (1 switches on core 0) [pid: 7|app: 0|req: 1738/3542] 10.0.0.101 () {32 vars in 750 bytes} [Tue Jun 9 16:27:39 2026] DELETE /v2.0/security-group-rules/2ce6ab3c-9603-4c82-b69a-29821a77a90b => generated 0 bytes in 129 msecs (HTTP/1.1 204) 2 headers in 112 bytes (1 switches on core 0)
2026-06-09 16:27:39.604 8 INFO neutron.api.v2.resource [None req-fec5787e-47ae-484f-a205-c10e11deced7 3eebe67c7cbd45bf875cd83313806b75 d89455d359f2494d8bbc27fef71893ed - - default default] show failed (client error): The resource could not be found. [pid: 8|app: 0|req: 1805/3543] 10.0.0.101 () {32 vars in 747 bytes} [Tue Jun 9 16:27:39 2026] GET /v2.0/security-group-rules/2ce6ab3c-9603-4c82-b69a-29821a77a90b => generated 155 bytes in 13 msecs (HTTP/1.1 404) 4 headers in 164 bytes (1 switches on core 0) [pid: 7|app: 0|req: 1739/3544] 10.0.0.101 () {32 vars in 740 bytes} [Tue Jun 9 16:27:39 2026] DELETE /v2.0/security-groups/69d21a50-fbab-4c44-8deb-2376bb9c1b80 => generated 0 bytes in 121 msecs (HTTP/1.1 204) 2 headers in 112 bytes (1 switches on core 0)
2026-06-09 16:27:39.761 8 INFO neutron.api.v2.resource [None req-c5830ce3-c46e-44fc-9e08-52add8aa8661 3eebe67c7cbd45bf875cd83313806b75 d89455d359f2494d8bbc27fef71893ed - - default default] show failed (client error): The resource could not be found. [pid: 8|app: 0|req: 1806/3545] 10.0.0.101 () {32 vars in 737 bytes} [Tue Jun 9 16:27:39 2026] GET /v2.0/security-groups/69d21a50-fbab-4c44-8deb-2376bb9c1b80 => generated 146 bytes in 17 msecs (HTTP/1.1 404) 4 headers in 164 bytes (1 switches on core 0)
2026-06-09 16:27:40.055 7 INFO neutron_taas.services.taas.taas_plugin [None req-f8186bd5-cf01-477d-8c08-e9201b89f277 3eebe67c7cbd45bf875cd83313806b75 d89455d359f2494d8bbc27fef71893ed - - default default] TaaS: Handle Delete Port: 67da0ce4-679d-4622-ae3e-c28d3290aade
2026-06-09 16:27:40.057 7 INFO neutron_taas.services.taas.tap_mirror_plugin [None req-f8186bd5-cf01-477d-8c08-e9201b89f277 3eebe67c7cbd45bf875cd83313806b75 d89455d359f2494d8bbc27fef71893ed - - default default] Tap Mirror: Handle Delete Port: 67da0ce4-679d-4622-ae3e-c28d3290aade [pid: 7|app: 0|req: 1740/3546] 10.0.0.101 () {34 vars in 789 bytes} [Tue Jun 9 16:27:39 2026] PUT /v2.0/routers/5f4444d6-67ea-4656-b094-41c5f1b953ea/remove_router_interface => generated 309 bytes in 852 msecs (HTTP/1.1 200) 4 headers in 157 bytes (1 switches on core 0)
2026-06-09 16:27:40.778 8 INFO neutron.api.v2.resource [None req-a4f20452-e300-41f2-9f73-993ed28aaf1c 3eebe67c7cbd45bf875cd83313806b75 d89455d359f2494d8bbc27fef71893ed - - default default] remove_router_interface failed (client error): The resource could not be found. [pid: 8|app: 0|req: 1807/3547] 10.0.0.101 () {34 vars in 789 bytes} [Tue Jun 9 16:27:40 2026] PUT /v2.0/routers/5f4444d6-67ea-4656-b094-41c5f1b953ea/remove_router_interface => generated 198 bytes in 114 msecs (HTTP/1.1 404) 4 headers in 164 bytes (1 switches on core 0) /var/lib/openstack/lib/python3.12/site-packages/pycadf/identifier.py:70: UserWarning: Invalid uuid: neutron. To ensure interoperability, identifiers should be a valid uuid. warnings.warn(('Invalid uuid: %s. To ensure interoperability, '
2026-06-09 16:27:41.092 7 INFO neutron_taas.services.taas.taas_plugin [None req-66fc55ea-79da-4ff0-8c8c-77e7b954ab34 3eebe67c7cbd45bf875cd83313806b75 d89455d359f2494d8bbc27fef71893ed - - default default] TaaS: Handle Delete Port: 2ca40f50-7f6a-4724-a72b-001a7397f60a
2026-06-09 16:27:41.097 7 INFO neutron_taas.services.taas.tap_mirror_plugin [None req-66fc55ea-79da-4ff0-8c8c-77e7b954ab34 3eebe67c7cbd45bf875cd83313806b75 d89455d359f2494d8bbc27fef71893ed - - default default] Tap Mirror: Handle Delete Port: 2ca40f50-7f6a-4724-a72b-001a7397f60a [pid: 7|app: 0|req: 1741/3548] 10.0.0.101 () {34 vars in 789 bytes} [Tue Jun 9 16:27:40 2026] PUT /v2.0/routers/5f4444d6-67ea-4656-b094-41c5f1b953ea/remove_router_interface => generated 309 bytes in 864 msecs (HTTP/1.1 200) 4 headers in 157 bytes (1 switches on core 0)
2026-06-09 16:27:41.764 8 INFO neutron.api.v2.resource [None req-d6c0e64c-dcff-4dbe-9d40-072d1ac68383 3eebe67c7cbd45bf875cd83313806b75 d89455d359f2494d8bbc27fef71893ed - - default default] remove_router_interface failed (client error): The resource could not be found. [pid: 8|app: 0|req: 1808/3551] 10.0.0.101 () {34 vars in 789 bytes} [Tue Jun 9 16:27:41 2026] PUT /v2.0/routers/5f4444d6-67ea-4656-b094-41c5f1b953ea/remove_router_interface => generated 198 bytes in 113 msecs (HTTP/1.1 404) 4 headers in 164 bytes (1 switches on core 0) /var/lib/openstack/lib/python3.12/site-packages/pycadf/identifier.py:70: UserWarning: Invalid uuid: neutron. To ensure interoperability, identifiers should be a valid uuid. warnings.warn(('Invalid uuid: %s. To ensure interoperability, '
2026-06-09 16:27:42.052 7 INFO neutron_taas.services.taas.taas_plugin [None req-4f31706a-2207-4dec-a2fe-102c5d36409b 3eebe67c7cbd45bf875cd83313806b75 d89455d359f2494d8bbc27fef71893ed - - default default] TaaS: Handle Delete Port: e2776b75-94ed-402e-8a2d-84237da078b8
2026-06-09 16:27:42.056 7 INFO neutron_taas.services.taas.tap_mirror_plugin [None req-4f31706a-2207-4dec-a2fe-102c5d36409b 3eebe67c7cbd45bf875cd83313806b75 d89455d359f2494d8bbc27fef71893ed - - default default] Tap Mirror: Handle Delete Port: e2776b75-94ed-402e-8a2d-84237da078b8 [pid: 7|app: 0|req: 1744/3552] 10.0.0.101 () {34 vars in 789 bytes} [Tue Jun 9 16:27:41 2026] PUT /v2.0/routers/5f4444d6-67ea-4656-b094-41c5f1b953ea/remove_router_interface => generated 309 bytes in 908 msecs (HTTP/1.1 200) 4 headers in 157 bytes (1 switches on core 0)
2026-06-09 16:27:42.789 8 INFO neutron.api.v2.resource [None req-b3f50822-1212-4380-859a-d503fd89bd56 3eebe67c7cbd45bf875cd83313806b75 d89455d359f2494d8bbc27fef71893ed - - default default] remove_router_interface failed (client error): The resource could not be found. [pid: 8|app: 0|req: 1809/3553] 10.0.0.101 () {34 vars in 789 bytes} [Tue Jun 9 16:27:42 2026] PUT /v2.0/routers/5f4444d6-67ea-4656-b094-41c5f1b953ea/remove_router_interface => generated 198 bytes in 106 msecs (HTTP/1.1 404) 4 headers in 164 bytes (1 switches on core 0) /var/lib/openstack/lib/python3.12/site-packages/pycadf/identifier.py:70: UserWarning: Invalid uuid: neutron. To ensure interoperability, identifiers should be a valid uuid. warnings.warn(('Invalid uuid: %s. To ensure interoperability, '
2026-06-09 16:27:43.159 7 INFO neutron_taas.services.taas.taas_plugin [None req-f9b3f6bb-dbe8-4afc-8a7e-49ddc76be58d 3eebe67c7cbd45bf875cd83313806b75 d89455d359f2494d8bbc27fef71893ed - - default default] TaaS: Handle Delete Port: ff7dfc8d-e973-48c4-af63-768c93aad95d
2026-06-09 16:27:43.163 7 INFO neutron_taas.services.taas.tap_mirror_plugin [None req-f9b3f6bb-dbe8-4afc-8a7e-49ddc76be58d 3eebe67c7cbd45bf875cd83313806b75 d89455d359f2494d8bbc27fef71893ed - - default default] Tap Mirror: Handle Delete Port: ff7dfc8d-e973-48c4-af63-768c93aad95d [pid: 7|app: 0|req: 1745/3554] 10.0.0.101 () {32 vars in 724 bytes} [Tue Jun 9 16:27:42 2026] DELETE /v2.0/routers/5f4444d6-67ea-4656-b094-41c5f1b953ea => generated 0 bytes in 809 msecs (HTTP/1.1 204) 2 headers in 112 bytes (1 switches on core 0)
2026-06-09 16:27:43.633 8 INFO neutron.api.v2.resource [None req-1323af5c-f013-4e7f-b7b3-6df43b9c1be5 3eebe67c7cbd45bf875cd83313806b75 d89455d359f2494d8bbc27fef71893ed - - default default] show failed (client error): The resource could not be found. [pid: 8|app: 0|req: 1810/3555] 10.0.0.101 () {32 vars in 721 bytes} [Tue Jun 9 16:27:43 2026] GET /v2.0/routers/5f4444d6-67ea-4656-b094-41c5f1b953ea => generated 135 bytes in 24 msecs (HTTP/1.1 404) 4 headers in 164 bytes (1 switches on core 0) [pid: 7|app: 0|req: 1746/3556] 10.0.0.101 () {32 vars in 724 bytes} [Tue Jun 9 16:27:43 2026] DELETE /v2.0/subnets/176dbf53-d7c1-40fd-b384-53564abb8571 => generated 0 bytes in 327 msecs (HTTP/1.1 204) 3 headers in 131 bytes (1 switches on core 0)
2026-06-09 16:27:43.982 8 INFO neutron.pecan_wsgi.hooks.translation [None req-17b411c0-5eb0-41a1-9dc4-f4aac0780428 3eebe67c7cbd45bf875cd83313806b75 d89455d359f2494d8bbc27fef71893ed - - default default] GET failed (client error): The resource could not be found. [pid: 8|app: 0|req: 1811/3557] 10.0.0.101 () {32 vars in 721 bytes} [Tue Jun 9 16:27:43 2026] GET /v2.0/subnets/176dbf53-d7c1-40fd-b384-53564abb8571 => generated 136 bytes in 14 msecs (HTTP/1.1 404) 4 headers in 164 bytes (1 switches on core 0) [pid: 7|app: 0|req: 1747/3558] 10.0.0.101 () {32 vars in 724 bytes} [Tue Jun 9 16:27:43 2026] DELETE /v2.0/subnets/c4493512-f839-446a-ab25-016c44b4dbd6 => generated 0 bytes in 162 msecs (HTTP/1.1 204) 3 headers in 131 bytes (1 switches on core 0)
2026-06-09 16:27:44.166 8 INFO neutron.pecan_wsgi.hooks.translation [None req-e7215a8c-c260-41a2-8418-0da21c1e814c 3eebe67c7cbd45bf875cd83313806b75 d89455d359f2494d8bbc27fef71893ed - - default default] GET failed (client error): The resource could not be found. [pid: 8|app: 0|req: 1812/3559] 10.0.0.101 () {32 vars in 721 bytes} [Tue Jun 9 16:27:44 2026] GET /v2.0/subnets/c4493512-f839-446a-ab25-016c44b4dbd6 => generated 136 bytes in 14 msecs (HTTP/1.1 404) 4 headers in 164 bytes (1 switches on core 0)
2026-06-09 16:27:44.284 7 INFO neutron_taas.services.taas.taas_plugin [None req-bcca068a-1673-466c-b76e-59d19d1efc46 3eebe67c7cbd45bf875cd83313806b75 d89455d359f2494d8bbc27fef71893ed - - default default] TaaS: Handle Delete Port: dfdaaba8-6c8f-49de-a313-1aaf37e6a990
2026-06-09 16:27:44.287 7 INFO neutron_taas.services.taas.tap_mirror_plugin [None req-bcca068a-1673-466c-b76e-59d19d1efc46 3eebe67c7cbd45bf875cd83313806b75 d89455d359f2494d8bbc27fef71893ed - - default default] Tap Mirror: Handle Delete Port: dfdaaba8-6c8f-49de-a313-1aaf37e6a990
2026-06-09 16:27:44.530 7 INFO neutron.services.segments.plugin [-] Segment af4f47cf-6864-4cb6-a126-89173108aa08 resource provider aggregate not found
2026-06-09 16:27:44.531 7 INFO neutron.services.segments.plugin [-] Segment af4f47cf-6864-4cb6-a126-89173108aa08 resource provider aggregate not found
2026-06-09 16:27:44.555 7 INFO neutron.services.segments.plugin [-] Segment af4f47cf-6864-4cb6-a126-89173108aa08 resource provider not found; error: Placement Client Error (4xx): {"errors": [{"status": 404, "title": "Not Found", "detail": "The resource could not be found.\n\n No resource provider with uuid af4f47cf-6864-4cb6-a126-89173108aa08 found for delete ", "request_id": "req-3706bca1-d765-4117-8cc4-656f6c448489"}]}
2026-06-09 16:27:44.558 7 INFO neutron.services.segments.plugin [-] Segment af4f47cf-6864-4cb6-a126-89173108aa08 resource provider not found; error: Placement Client Error (4xx): {"errors": [{"status": 404, "title": "Not Found", "detail": "The resource could not be found.\n\n No resource provider with uuid af4f47cf-6864-4cb6-a126-89173108aa08 found for delete ", "request_id": "req-e53eb48b-ebf2-4535-9618-71e29a92745e"}]} [pid: 7|app: 0|req: 1748/3560] 10.0.0.101 () {32 vars in 726 bytes} [Tue Jun 9 16:27:44 2026] DELETE /v2.0/networks/ebb9c5ae-e223-414b-b531-b9092ab30fc0 => generated 0 bytes in 403 msecs (HTTP/1.1 204) 3 headers in 131 bytes (1 switches on core 0)
2026-06-09 16:27:44.595 8 INFO neutron.pecan_wsgi.hooks.translation [None req-bc3ea56b-63ed-482a-a322-90b40c238c6b 3eebe67c7cbd45bf875cd83313806b75 d89455d359f2494d8bbc27fef71893ed - - default default] GET failed (client error): The resource could not be found. [pid: 8|app: 0|req: 1813/3561] 10.0.0.101 () {32 vars in 723 bytes} [Tue Jun 9 16:27:44 2026] GET /v2.0/networks/ebb9c5ae-e223-414b-b531-b9092ab30fc0 => generated 138 bytes in 16 msecs (HTTP/1.1 404) 4 headers in 164 bytes (1 switches on core 0) [pid: 7|app: 0|req: 1749/3562] 10.0.0.101 () {32 vars in 724 bytes} [Tue Jun 9 16:27:44 2026] DELETE /v2.0/subnets/2ef5ffa4-59f5-4f68-9188-33070cd4be48 => generated 0 bytes in 143 msecs (HTTP/1.1 204) 3 headers in 131 bytes (1 switches on core 0)
2026-06-09 16:27:44.765 8 INFO neutron.pecan_wsgi.hooks.translation [None req-62d1e28e-cf26-4979-8aae-75ae46ff724f 3eebe67c7cbd45bf875cd83313806b75 d89455d359f2494d8bbc27fef71893ed - - default default] GET failed (client error): The resource could not be found. [pid: 8|app: 0|req: 1814/3563] 10.0.0.101 () {32 vars in 721 bytes} [Tue Jun 9 16:27:44 2026] GET /v2.0/subnets/2ef5ffa4-59f5-4f68-9188-33070cd4be48 => generated 136 bytes in 16 msecs (HTTP/1.1 404) 4 headers in 164 bytes (1 switches on core 0) [pid: 7|app: 0|req: 1750/3564] 10.0.0.101 () {32 vars in 724 bytes} [Tue Jun 9 16:27:44 2026] DELETE /v2.0/subnets/339a8b74-4c8d-4a39-8a22-94fdaaff10a1 => generated 0 bytes in 166 msecs (HTTP/1.1 204) 3 headers in 131 bytes (1 switches on core 0)
2026-06-09 16:27:44.958 8 INFO neutron.pecan_wsgi.hooks.translation [None req-6916de2e-c313-42d6-b63b-f615eaa07829 3eebe67c7cbd45bf875cd83313806b75 d89455d359f2494d8bbc27fef71893ed - - default default] GET failed (client error): The resource could not be found. [pid: 8|app: 0|req: 1815/3565] 10.0.0.101 () {32 vars in 721 bytes} [Tue Jun 9 16:27:44 2026] GET /v2.0/subnets/339a8b74-4c8d-4a39-8a22-94fdaaff10a1 => generated 136 bytes in 20 msecs (HTTP/1.1 404) 4 headers in 164 bytes (1 switches on core 0)
2026-06-09 16:27:45.077 7 INFO neutron_taas.services.taas.taas_plugin [None req-6dd6fc3d-c880-4f8f-ab4e-a69418347ec3 3eebe67c7cbd45bf875cd83313806b75 d89455d359f2494d8bbc27fef71893ed - - default default] TaaS: Handle Delete Port: 26582fbf-0fd1-4f32-aa91-9c1cfd6bc44a
2026-06-09 16:27:45.081 7 INFO neutron_taas.services.taas.tap_mirror_plugin [None req-6dd6fc3d-c880-4f8f-ab4e-a69418347ec3 3eebe67c7cbd45bf875cd83313806b75 d89455d359f2494d8bbc27fef71893ed - - default default] Tap Mirror: Handle Delete Port: 26582fbf-0fd1-4f32-aa91-9c1cfd6bc44a [pid: 7|app: 0|req: 1751/3566] 10.0.0.101 () {32 vars in 726 bytes} [Tue Jun 9 16:27:44 2026] DELETE /v2.0/networks/0c4d200c-d699-4a2f-9d60-cad868a829c5 => generated 0 bytes in 302 msecs (HTTP/1.1 204) 3 headers in 131 bytes (1 switches on core 0)
2026-06-09 16:27:45.285 8 INFO neutron.pecan_wsgi.hooks.translation [None req-9ff7a542-d468-4a71-be46-cd1093781ba0 3eebe67c7cbd45bf875cd83313806b75 d89455d359f2494d8bbc27fef71893ed - - default default] GET failed (client error): The resource could not be found. [pid: 8|app: 0|req: 1816/3567] 10.0.0.101 () {32 vars in 723 bytes} [Tue Jun 9 16:27:45 2026] GET /v2.0/networks/0c4d200c-d699-4a2f-9d60-cad868a829c5 => generated 138 bytes in 14 msecs (HTTP/1.1 404) 4 headers in 164 bytes (1 switches on core 0) [pid: 7|app: 0|req: 1752/3568] 10.0.0.101 () {32 vars in 724 bytes} [Tue Jun 9 16:27:45 2026] DELETE /v2.0/subnets/8930bfa0-3419-4216-bd55-30d0b8e4e712 => generated 0 bytes in 162 msecs (HTTP/1.1 204) 3 headers in 131 bytes (1 switches on core 0)
2026-06-09 16:27:45.472 8 INFO neutron.pecan_wsgi.hooks.translation [None req-6c92fa38-30e9-4cbd-aa6a-c1f6ae7284b4 3eebe67c7cbd45bf875cd83313806b75 d89455d359f2494d8bbc27fef71893ed - - default default] GET failed (client error): The resource could not be found. [pid: 8|app: 0|req: 1817/3569] 10.0.0.101 () {32 vars in 721 bytes} [Tue Jun 9 16:27:45 2026] GET /v2.0/subnets/8930bfa0-3419-4216-bd55-30d0b8e4e712 => generated 136 bytes in 14 msecs (HTTP/1.1 404) 4 headers in 164 bytes (1 switches on core 0) [pid: 7|app: 0|req: 1753/3570] 10.0.0.101 () {32 vars in 724 bytes} [Tue Jun 9 16:27:45 2026] DELETE /v2.0/subnets/76bfe3e5-a92a-497a-b603-52aa0b720f2a => generated 0 bytes in 189 msecs (HTTP/1.1 204) 3 headers in 131 bytes (1 switches on core 0)
2026-06-09 16:27:45.688 8 INFO neutron.pecan_wsgi.hooks.translation [None req-f70be3cd-c2b5-4d62-be1c-1b295bff7257 3eebe67c7cbd45bf875cd83313806b75 d89455d359f2494d8bbc27fef71893ed - - default default] GET failed (client error): The resource could not be found. [pid: 8|app: 0|req: 1818/3571] 10.0.0.101 () {32 vars in 721 bytes} [Tue Jun 9 16:27:45 2026] GET /v2.0/subnets/76bfe3e5-a92a-497a-b603-52aa0b720f2a => generated 136 bytes in 18 msecs (HTTP/1.1 404) 4 headers in 164 bytes (1 switches on core 0)
2026-06-09 16:27:45.813 7 INFO neutron_taas.services.taas.taas_plugin [None req-7ec072d8-dc57-469a-9232-a1db70bc1922 3eebe67c7cbd45bf875cd83313806b75 d89455d359f2494d8bbc27fef71893ed - - default default] TaaS: Handle Delete Port: bcea9b30-274d-4b09-8c1b-ab33ec441aed
2026-06-09 16:27:45.815 7 INFO neutron_taas.services.taas.tap_mirror_plugin [None req-7ec072d8-dc57-469a-9232-a1db70bc1922 3eebe67c7cbd45bf875cd83313806b75 d89455d359f2494d8bbc27fef71893ed - - default default] Tap Mirror: Handle Delete Port: bcea9b30-274d-4b09-8c1b-ab33ec441aed [pid: 7|app: 0|req: 1754/3572] 10.0.0.101 () {32 vars in 726 bytes} [Tue Jun 9 16:27:45 2026] DELETE /v2.0/networks/275e7db5-3f65-4dd4-98d9-348285e20929 => generated 0 bytes in 339 msecs (HTTP/1.1 204) 3 headers in 131 bytes (1 switches on core 0)
2026-06-09 16:27:46.054 8 INFO neutron.pecan_wsgi.hooks.translation [None req-0f5cea8d-5834-4510-934a-6ecca2b44001 3eebe67c7cbd45bf875cd83313806b75 d89455d359f2494d8bbc27fef71893ed - - default default] GET failed (client error): The resource could not be found. [pid: 8|app: 0|req: 1819/3573] 10.0.0.101 () {32 vars in 723 bytes} [Tue Jun 9 16:27:46 2026] GET /v2.0/networks/275e7db5-3f65-4dd4-98d9-348285e20929 => generated 138 bytes in 18 msecs (HTTP/1.1 404) 4 headers in 164 bytes (1 switches on core 0)
2026-06-09 16:27:46.576 7 INFO neutron.services.segments.plugin [-] Segment d2c58daf-c4d3-410a-8769-36822d86301b resource provider aggregate not found
2026-06-09 16:27:46.581 7 INFO neutron.services.segments.plugin [-] Segment d2c58daf-c4d3-410a-8769-36822d86301b resource provider aggregate not found
2026-06-09 16:27:46.593 7 INFO neutron.services.segments.plugin [-] Segment d2c58daf-c4d3-410a-8769-36822d86301b resource provider not found; error: Placement Client Error (4xx): {"errors": [{"status": 404, "title": "Not Found", "detail": "The resource could not be found.\n\n No resource provider with uuid d2c58daf-c4d3-410a-8769-36822d86301b found for delete ", "request_id": "req-7d2dbe1e-1ca3-4093-b573-6660bc3ee49a"}]}
2026-06-09 16:27:46.597 7 INFO neutron.services.segments.plugin [-] Segment d2c58daf-c4d3-410a-8769-36822d86301b resource provider not found; error: Placement Client Error (4xx): {"errors": [{"status": 404, "title": "Not Found", "detail": "The resource could not be found.\n\n No resource provider with uuid d2c58daf-c4d3-410a-8769-36822d86301b found for delete ", "request_id": "req-77ffbbad-7a0a-44b7-ac45-d6c5c1f2c694"}]}
2026-06-09 16:27:46.613 7 INFO neutron.services.segments.plugin [-] Segment 055a586c-6e68-4129-a223-e99667866554 resource provider aggregate not found
2026-06-09 16:27:46.617 7 INFO neutron.services.segments.plugin [-] Segment 055a586c-6e68-4129-a223-e99667866554 resource provider aggregate not found
2026-06-09 16:27:46.632 7 INFO neutron.services.segments.plugin [-] Segment 055a586c-6e68-4129-a223-e99667866554 resource provider not found; error: Placement Client Error (4xx): {"errors": [{"status": 404, "title": "Not Found", "detail": "The resource could not be found.\n\n No resource provider with uuid 055a586c-6e68-4129-a223-e99667866554 found for delete ", "request_id": "req-b9758000-8b5a-4b2e-9996-5477368757d9"}]}
2026-06-09 16:27:46.633 7 INFO neutron.services.segments.plugin [-] Segment 055a586c-6e68-4129-a223-e99667866554 resource provider not found; error: Placement Client Error (4xx): {"errors": [{"status": 404, "title": "Not Found", "detail": "The resource could not be found.\n\n No resource provider with uuid 055a586c-6e68-4129-a223-e99667866554 found for delete ", "request_id": "req-f771e03e-e544-4d9f-bdd9-0915ac0035bc"}]}
2026-06-09 16:27:48.193 7 INFO neutron.db.ovn_revision_numbers_db [None req-dd91b33f-9840-4262-8319-e5203e788b3b 547a138cd12844c48d381fd5993b368b 4859efcf832943909d26bca6bf8a05ed - - default default] Successfully bumped revision number for resource 398f2471-b3f4-431f-8136-9becfd72aeee (type: security_groups) to 1
2026-06-09 16:27:48.206 7 INFO neutron.db.ovn_revision_numbers_db [None req-dd91b33f-9840-4262-8319-e5203e788b3b 547a138cd12844c48d381fd5993b368b 4859efcf832943909d26bca6bf8a05ed - - default default] Successfully bumped revision number for resource 2135a050-2cba-421f-83b4-425975b65ec4 (type: security_group_rules) to 0
2026-06-09 16:27:48.220 7 INFO neutron.db.ovn_revision_numbers_db [None req-dd91b33f-9840-4262-8319-e5203e788b3b 547a138cd12844c48d381fd5993b368b 4859efcf832943909d26bca6bf8a05ed - - default default] Successfully bumped revision number for resource 4f544185-43d5-4e9f-89cd-711c5429c853 (type: security_group_rules) to 0
2026-06-09 16:27:48.233 7 INFO neutron.db.ovn_revision_numbers_db [None req-dd91b33f-9840-4262-8319-e5203e788b3b 547a138cd12844c48d381fd5993b368b 4859efcf832943909d26bca6bf8a05ed - - default default] Successfully bumped revision number for resource dc5552b9-26f1-4f7b-8d8e-1518c371eba3 (type: security_group_rules) to 0
2026-06-09 16:27:48.244 7 INFO neutron.db.ovn_revision_numbers_db [None req-dd91b33f-9840-4262-8319-e5203e788b3b 547a138cd12844c48d381fd5993b368b 4859efcf832943909d26bca6bf8a05ed - - default default] Successfully bumped revision number for resource ec0b13a1-c6d7-4c67-8136-d366b0f015e6 (type: security_group_rules) to 0 [pid: 7|app: 0|req: 1755/3574] 10.0.0.101 () {32 vars in 774 bytes} [Tue Jun 9 16:27:47 2026] GET /v2.0/security-groups?tenant_id=b97ccff6dea34715a6981035b205b851&name=default => generated 2929 bytes in 353 msecs (HTTP/1.1 200) 4 headers in 158 bytes (1 switches on core 0) [pid: 8|app: 0|req: 1820/3575] 10.0.0.101 () {32 vars in 740 bytes} [Tue Jun 9 16:27:48 2026] DELETE /v2.0/security-groups/398f2471-b3f4-431f-8136-9becfd72aeee => generated 0 bytes in 266 msecs (HTTP/1.1 204) 2 headers in 112 bytes (1 switches on core 0)
2026-06-09 16:27:48.766 7 INFO neutron.db.ovn_revision_numbers_db [None req-40254a15-07b5-4125-9825-94a10a83f66a 547a138cd12844c48d381fd5993b368b 4859efcf832943909d26bca6bf8a05ed - - default default] Successfully bumped revision number for resource a6818ea9-f3eb-4d4a-8389-4d27b16b3d79 (type: security_groups) to 1
2026-06-09 16:27:48.781 7 INFO neutron.db.ovn_revision_numbers_db [None req-40254a15-07b5-4125-9825-94a10a83f66a 547a138cd12844c48d381fd5993b368b 4859efcf832943909d26bca6bf8a05ed - - default default] Successfully bumped revision number for resource 1f55ffd8-a25c-4007-97b0-de25e5610461 (type: security_group_rules) to 0
2026-06-09 16:27:48.798 7 INFO neutron.db.ovn_revision_numbers_db [None req-40254a15-07b5-4125-9825-94a10a83f66a 547a138cd12844c48d381fd5993b368b 4859efcf832943909d26bca6bf8a05ed - - default default] Successfully bumped revision number for resource 78481829-c05f-4eda-87c4-f7934b3ffaa5 (type: security_group_rules) to 0
2026-06-09 16:27:48.810 7 INFO neutron.db.ovn_revision_numbers_db [None req-40254a15-07b5-4125-9825-94a10a83f66a 547a138cd12844c48d381fd5993b368b 4859efcf832943909d26bca6bf8a05ed - - default default] Successfully bumped revision number for resource bf42ae89-0576-4f9c-97bc-1b9d2ae5781a (type: security_group_rules) to 0
2026-06-09 16:27:48.824 7 INFO neutron.db.ovn_revision_numbers_db [None req-40254a15-07b5-4125-9825-94a10a83f66a 547a138cd12844c48d381fd5993b368b 4859efcf832943909d26bca6bf8a05ed - - default default] Successfully bumped revision number for resource eb70626c-d4e0-48fd-9a59-0231969fa01d (type: security_group_rules) to 0 [pid: 7|app: 0|req: 1756/3576] 10.0.0.101 () {32 vars in 774 bytes} [Tue Jun 9 16:27:48 2026] GET /v2.0/security-groups?tenant_id=5a8abddf89124381b97b6794f86b171e&name=default => generated 2929 bytes in 232 msecs (HTTP/1.1 200) 4 headers in 158 bytes (1 switches on core 0) [pid: 8|app: 0|req: 1821/3577] 10.0.0.101 () {32 vars in 740 bytes} [Tue Jun 9 16:27:48 2026] DELETE /v2.0/security-groups/a6818ea9-f3eb-4d4a-8389-4d27b16b3d79 => generated 0 bytes in 234 msecs (HTTP/1.1 204) 2 headers in 112 bytes (1 switches on core 0)
2026-06-09 16:27:49.403 7 INFO neutron.db.ovn_revision_numbers_db [None req-1a0a10c0-2c2c-4c39-89e4-445339e05a30 547a138cd12844c48d381fd5993b368b 4859efcf832943909d26bca6bf8a05ed - - default default] Successfully bumped revision number for resource 201482ad-d40b-403d-9bca-28d7e97a4c9b (type: security_groups) to 1
2026-06-09 16:27:49.422 7 INFO neutron.db.ovn_revision_numbers_db [None req-1a0a10c0-2c2c-4c39-89e4-445339e05a30 547a138cd12844c48d381fd5993b368b 4859efcf832943909d26bca6bf8a05ed - - default default] Successfully bumped revision number for resource 1b91841b-7355-4531-b3cf-eb989336fbcb (type: security_group_rules) to 0
2026-06-09 16:27:49.439 7 INFO neutron.db.ovn_revision_numbers_db [None req-1a0a10c0-2c2c-4c39-89e4-445339e05a30 547a138cd12844c48d381fd5993b368b 4859efcf832943909d26bca6bf8a05ed - - default default] Successfully bumped revision number for resource 6909e7e0-4b6b-4b49-916b-69d2069eb0b3 (type: security_group_rules) to 0
2026-06-09 16:27:49.451 7 INFO neutron.db.ovn_revision_numbers_db [None req-1a0a10c0-2c2c-4c39-89e4-445339e05a30 547a138cd12844c48d381fd5993b368b 4859efcf832943909d26bca6bf8a05ed - - default default] Successfully bumped revision number for resource f0593a20-f190-4c26-af93-e773eaebd0f6 (type: security_group_rules) to 0
2026-06-09 16:27:49.462 7 INFO neutron.db.ovn_revision_numbers_db [None req-1a0a10c0-2c2c-4c39-89e4-445339e05a30 547a138cd12844c48d381fd5993b368b 4859efcf832943909d26bca6bf8a05ed - - default default] Successfully bumped revision number for resource f357759a-edd1-4884-a437-957c011438fc (type: security_group_rules) to 0 [pid: 7|app: 0|req: 1757/3578] 10.0.0.101 () {32 vars in 774 bytes} [Tue Jun 9 16:27:49 2026] GET /v2.0/security-groups?tenant_id=8faaf3417f3a4398a21f7984ba495e08&name=default => generated 2929 bytes in 262 msecs (HTTP/1.1 200) 4 headers in 158 bytes (1 switches on core 0) [pid: 8|app: 0|req: 1822/3579] 10.0.0.101 () {32 vars in 740 bytes} [Tue Jun 9 16:27:49 2026] DELETE /v2.0/security-groups/201482ad-d40b-403d-9bca-28d7e97a4c9b => generated 0 bytes in 249 msecs (HTTP/1.1 204) 2 headers in 112 bytes (1 switches on core 0)
2026-06-09 16:27:50.034 7 INFO neutron.db.ovn_revision_numbers_db [None req-82e2c38f-292b-4a8e-ad53-62ee80a28989 547a138cd12844c48d381fd5993b368b 4859efcf832943909d26bca6bf8a05ed - - default default] Successfully bumped revision number for resource 96cae299-a40f-4473-a001-a8065364ce71 (type: security_groups) to 1
