2026-06-09 16:19:24.847 8 INFO neutron.db.ovn_revision_numbers_db [None req-a8140955-2495-447c-9a04-c2bc8b83d2d6 db824d2e89ec4cb293072dee315bc344 85621b472d584026969e9b52114bec91 - - default default] Successfully bumped revision number for resource 83de36f9-a74c-467d-ac87-34cf03e5993c (type: ports) to 1 [pid: 7|app: 0|req: 721/1411] 10.0.0.87 () {34 vars in 989 bytes} [Tue Jun 9 16:19:24 2026] GET /v2.0/ports?device_id=408ee8cd-78c9-4966-98d3-12fc3f1fdeb9 => generated 975 bytes in 37 msecs (HTTP/1.1 200) 4 headers in 157 bytes (1 switches on core 0) [pid: 7|app: 0|req: 722/1412] 10.0.0.87 () {34 vars in 1039 bytes} [Tue Jun 9 16:19:25 2026] GET /v2.0/security-groups?id=35a25e4f-9fdf-40e5-b0e6-92a1454ee0e3&fields=id&fields=name => generated 114 bytes in 33 msecs (HTTP/1.1 200) 4 headers in 157 bytes (1 switches on core 0) [pid: 7|app: 0|req: 723/1413] 10.0.0.87 () {34 vars in 989 bytes} [Tue Jun 9 16:19:25 2026] GET /v2.0/ports?device_id=584b7914-0790-4d16-9262-1dec7ea324ea => generated 969 bytes in 48 msecs (HTTP/1.1 200) 4 headers in 157 bytes (1 switches on core 0) [pid: 7|app: 0|req: 724/1414] 10.0.0.87 () {34 vars in 1039 bytes} [Tue Jun 9 16:19:25 2026] GET /v2.0/security-groups?id=ab6769eb-1e79-4115-8b4f-014eb92e53c1&fields=id&fields=name => generated 88 bytes in 31 msecs (HTTP/1.1 200) 4 headers in 156 bytes (1 switches on core 0)
2026-06-09 16:19:25.472 8 INFO neutron.plugins.ml2.drivers.ovn.mech_driver.ovsdb.commands [None req-469bb326-9534-4ba8-b71f-2fb3b5231093 - - - - - -] Schedule LRP lrp-83de36f9-a74c-467d-ac87-34cf03e5993c on gateway 9ac20c54-8474-4c7a-b0e3-d21f2d1b57a0 with priority 1
2026-06-09 16:19:25.514 8 INFO neutron.plugins.ml2.drivers.ovn.mech_driver.mech_driver [None req-940b6f67-6bf0-4ed8-8649-fd7a6e6be06e - - - - - -] OVN reports status up for port: 83de36f9-a74c-467d-ac87-34cf03e5993c
2026-06-09 16:19:25.541 8 INFO neutron.plugins.ml2.plugin [None req-940b6f67-6bf0-4ed8-8649-fd7a6e6be06e - - - - - -] Attempt 1 to provision port 83de36f9-a74c-467d-ac87-34cf03e5993c
2026-06-09 16:19:25.565 8 INFO neutron.db.ovn_revision_numbers_db [None req-a8140955-2495-447c-9a04-c2bc8b83d2d6 db824d2e89ec4cb293072dee315bc344 85621b472d584026969e9b52114bec91 - - default default] Successfully bumped revision number for resource 83de36f9-a74c-467d-ac87-34cf03e5993c (type: router_ports) to 1
2026-06-09 16:19:25.696 8 INFO neutron.db.ovn_revision_numbers_db [None req-a8140955-2495-447c-9a04-c2bc8b83d2d6 db824d2e89ec4cb293072dee315bc344 85621b472d584026969e9b52114bec91 - - default default] Successfully bumped revision number for resource fffcb095-82c4-4e97-a2d0-e914d1ba762d (type: routers) to 2 [pid: 8|app: 0|req: 691/1415] 10.0.0.101 () {34 vars in 669 bytes} [Tue Jun 9 16:19:24 2026] POST /v2.0/routers => generated 954 bytes in 1513 msecs (HTTP/1.1 201) 4 headers in 162 bytes (1 switches on core 0)
2026-06-09 16:19:26.206 7 INFO neutron.plugins.ml2.drivers.ovn.mech_driver.mech_driver [None req-0d8df79f-a731-42be-a352-09b984386c42 - - - - - -] OVN reports status up for port: c365d5e2-bb14-40b3-8bc9-7f3e3b500303
2026-06-09 16:19:26.229 7 INFO neutron.plugins.ml2.plugin [None req-0d8df79f-a731-42be-a352-09b984386c42 - - - - - -] Attempt 1 to provision port c365d5e2-bb14-40b3-8bc9-7f3e3b500303 [pid: 8|app: 0|req: 692/1416] 10.0.0.87 () {34 vars in 989 bytes} [Tue Jun 9 16:19:26 2026] GET /v2.0/ports?device_id=408ee8cd-78c9-4966-98d3-12fc3f1fdeb9 => generated 975 bytes in 109 msecs (HTTP/1.1 200) 4 headers in 157 bytes (1 switches on core 0)
2026-06-09 16:19:26.309 7 WARNING neutron.scheduler.dhcp_agent_scheduler [None req-2d4874a1-bbda-4476-95d2-0fc519b6f947 db824d2e89ec4cb293072dee315bc344 85621b472d584026969e9b52114bec91 - - default default] No more DHCP agents
2026-06-09 16:19:26.314 7 WARNING neutron.api.rpc.agentnotifiers.dhcp_rpc_agent_api [None req-2d4874a1-bbda-4476-95d2-0fc519b6f947 db824d2e89ec4cb293072dee315bc344 85621b472d584026969e9b52114bec91 - - default default] Unable to schedule network 47d790ce-f9fa-4447-a1fe-5f758f7e46a9: no agents available; will retry on subsequent port and subnet creation events. [pid: 8|app: 0|req: 693/1417] 10.0.0.87 () {34 vars in 1039 bytes} [Tue Jun 9 16:19:26 2026] GET /v2.0/security-groups?id=35a25e4f-9fdf-40e5-b0e6-92a1454ee0e3&fields=id&fields=name => generated 114 bytes in 38 msecs (HTTP/1.1 200) 4 headers in 157 bytes (1 switches on core 0) [pid: 8|app: 0|req: 694/1418] 10.0.0.87 () {34 vars in 989 bytes} [Tue Jun 9 16:19:26 2026] GET /v2.0/ports?device_id=584b7914-0790-4d16-9262-1dec7ea324ea => generated 969 bytes in 48 msecs (HTTP/1.1 200) 4 headers in 157 bytes (1 switches on core 0)
2026-06-09 16:19:26.473 7 INFO neutron.notifiers.nova [-] Nova event matching ['req-0de52e18-9043-4406-8545-36bd9e7100d4'] response: {'server_uuid': '584b7914-0790-4d16-9262-1dec7ea324ea', 'name': 'network-vif-plugged', 'status': 'completed', 'tag': 'c365d5e2-bb14-40b3-8bc9-7f3e3b500303', 'code': 200} [pid: 8|app: 0|req: 695/1419] 10.0.0.87 () {34 vars in 1039 bytes} [Tue Jun 9 16:19:26 2026] GET /v2.0/security-groups?id=ab6769eb-1e79-4115-8b4f-014eb92e53c1&fields=id&fields=name => generated 88 bytes in 32 msecs (HTTP/1.1 200) 4 headers in 156 bytes (1 switches on core 0) [pid: 8|app: 0|req: 696/1420] 199.204.45.70 () {34 vars in 1079 bytes} [Tue Jun 9 16:19:26 2026] GET /v2.0/ports?tenant_id=15bed1ebdba34046a16c0fd2f6377c9d&device_id=408ee8cd-78c9-4966-98d3-12fc3f1fdeb9 => generated 1213 bytes in 62 msecs (HTTP/1.1 200) 4 headers in 158 bytes (1 switches on core 0)
2026-06-09 16:19:26.600 7 INFO neutron.db.ovn_revision_numbers_db [None req-2d4874a1-bbda-4476-95d2-0fc519b6f947 db824d2e89ec4cb293072dee315bc344 85621b472d584026969e9b52114bec91 - - default default] Successfully bumped revision number for resource 06ae14ba-92fe-4abd-89c3-29a5bb4672a2 (type: ports) to 1 [pid: 8|app: 0|req: 697/1421] 199.204.45.70 () {34 vars in 985 bytes} [Tue Jun 9 16:19:26 2026] GET /v2.0/networks?id=945d06ed-d6a8-434d-831e-86bcd6339415 => generated 812 bytes in 39 msecs (HTTP/1.1 200) 4 headers in 157 bytes (1 switches on core 0) [pid: 8|app: 0|req: 698/1422] 199.204.45.70 () {34 vars in 1059 bytes} [Tue Jun 9 16:19:26 2026] GET /v2.0/floatingips?fixed_ip_address=10.100.0.13&port_id=d89b2bc1-f05a-4d0e-8281-85d055b73d1b => generated 861 bytes in 43 msecs (HTTP/1.1 200) 4 headers in 157 bytes (1 switches on core 0) [pid: 8|app: 0|req: 699/1423] 199.204.45.70 () {34 vars in 983 bytes} [Tue Jun 9 16:19:26 2026] GET /v2.0/subnets?id=5f386d7b-bbdc-4506-934e-78ccb2445188 => generated 693 bytes in 31 msecs (HTTP/1.1 200) 4 headers in 157 bytes (1 switches on core 0) [pid: 8|app: 0|req: 702/1426] 199.204.45.70 () {34 vars in 1051 bytes} [Tue Jun 9 16:19:26 2026] GET /v2.0/ports?network_id=945d06ed-d6a8-434d-831e-86bcd6339415&device_owner=network%3Adhcp => generated 12 bytes in 17 msecs (HTTP/1.1 200) 4 headers in 156 bytes (1 switches on core 0)
2026-06-09 16:19:26.735 7 INFO neutron.db.ovn_revision_numbers_db [None req-0d8df79f-a731-42be-a352-09b984386c42 - - - - - -] Successfully bumped revision number for resource c365d5e2-bb14-40b3-8bc9-7f3e3b500303 (type: ports) to 5 [pid: 8|app: 0|req: 703/1427] 199.204.45.70 () {34 vars in 1011 bytes} [Tue Jun 9 16:19:26 2026] GET /v2.0/networks/945d06ed-d6a8-434d-831e-86bcd6339415?fields=segments => generated 14 bytes in 35 msecs (HTTP/1.1 200) 4 headers in 156 bytes (1 switches on core 0) [pid: 8|app: 0|req: 704/1428] 199.204.45.70 () {34 vars in 1111 bytes} [Tue Jun 9 16:19:26 2026] GET /v2.0/networks/945d06ed-d6a8-434d-831e-86bcd6339415?fields=provider%3Aphysical_network&fields=provider%3Anetwork_type => generated 79 bytes in 44 msecs (HTTP/1.1 200) 4 headers in 156 bytes (1 switches on core 0)
2026-06-09 16:19:27.159 8 INFO neutron.db.ovn_revision_numbers_db [None req-62ad4b3f-a09d-43b2-8f11-19a03f7d0a24 547a138cd12844c48d381fd5993b368b 4859efcf832943909d26bca6bf8a05ed - - default default] Successfully bumped revision number for resource ac68ea28-a5d1-485b-8825-7ee41df9e0ee (type: security_groups) to 1
2026-06-09 16:19:27.174 8 INFO neutron.db.ovn_revision_numbers_db [None req-62ad4b3f-a09d-43b2-8f11-19a03f7d0a24 547a138cd12844c48d381fd5993b368b 4859efcf832943909d26bca6bf8a05ed - - default default] Successfully bumped revision number for resource 365e9cdf-bec8-497f-a151-fa004d1baa8e (type: security_group_rules) to 0
2026-06-09 16:19:27.186 8 INFO neutron.db.ovn_revision_numbers_db [None req-62ad4b3f-a09d-43b2-8f11-19a03f7d0a24 547a138cd12844c48d381fd5993b368b 4859efcf832943909d26bca6bf8a05ed - - default default] Successfully bumped revision number for resource 37a595aa-29d7-470b-80ba-08c17e612754 (type: security_group_rules) to 0
2026-06-09 16:19:27.206 8 INFO neutron.db.ovn_revision_numbers_db [None req-62ad4b3f-a09d-43b2-8f11-19a03f7d0a24 547a138cd12844c48d381fd5993b368b 4859efcf832943909d26bca6bf8a05ed - - default default] Successfully bumped revision number for resource 7a54a6e1-524c-489f-874d-06f327eeb2c0 (type: security_group_rules) to 0
2026-06-09 16:19:27.217 8 INFO neutron.db.ovn_revision_numbers_db [None req-62ad4b3f-a09d-43b2-8f11-19a03f7d0a24 547a138cd12844c48d381fd5993b368b 4859efcf832943909d26bca6bf8a05ed - - default default] Successfully bumped revision number for resource c839dd4a-56ab-41ae-b5a8-15cf62fb0de8 (type: security_group_rules) to 0 [pid: 8|app: 0|req: 705/1429] 10.0.0.101 () {32 vars in 774 bytes} [Tue Jun 9 16:19:26 2026] GET /v2.0/security-groups?tenant_id=112be869dc4a4a94bd0cc6228fbd0752&name=default => generated 2925 bytes in 388 msecs (HTTP/1.1 200) 4 headers in 158 bytes (1 switches on core 0)
2026-06-09 16:19:27.518 7 WARNING neutron.scheduler.dhcp_agent_scheduler [None req-2d4874a1-bbda-4476-95d2-0fc519b6f947 db824d2e89ec4cb293072dee315bc344 85621b472d584026969e9b52114bec91 - - default default] No more DHCP agents
2026-06-09 16:19:27.521 7 WARNING neutron.api.rpc.agentnotifiers.dhcp_rpc_agent_api [None req-2d4874a1-bbda-4476-95d2-0fc519b6f947 db824d2e89ec4cb293072dee315bc344 85621b472d584026969e9b52114bec91 - - default default] Unable to schedule network 47d790ce-f9fa-4447-a1fe-5f758f7e46a9: no agents available; will retry on subsequent port and subnet creation events. [pid: 8|app: 0|req: 706/1430] 10.0.0.101 () {32 vars in 740 bytes} [Tue Jun 9 16:19:27 2026] DELETE /v2.0/security-groups/ac68ea28-a5d1-485b-8825-7ee41df9e0ee => generated 0 bytes in 280 msecs (HTTP/1.1 204) 2 headers in 112 bytes (1 switches on core 0) [pid: 8|app: 0|req: 707/1431] 10.0.0.87 () {34 vars in 989 bytes} [Tue Jun 9 16:19:27 2026] GET /v2.0/ports?device_id=408ee8cd-78c9-4966-98d3-12fc3f1fdeb9 => generated 975 bytes in 34 msecs (HTTP/1.1 200) 4 headers in 157 bytes (1 switches on core 0) [pid: 8|app: 0|req: 708/1432] 10.0.0.87 () {34 vars in 989 bytes} [Tue Jun 9 16:19:27 2026] GET /v2.0/ports?device_id=584b7914-0790-4d16-9262-1dec7ea324ea => generated 971 bytes in 87 msecs (HTTP/1.1 200) 4 headers in 157 bytes (1 switches on core 0) [pid: 8|app: 0|req: 709/1433] 10.0.0.87 () {34 vars in 1039 bytes} [Tue Jun 9 16:19:27 2026] GET /v2.0/security-groups?id=35a25e4f-9fdf-40e5-b0e6-92a1454ee0e3&fields=id&fields=name => generated 114 bytes in 25 msecs (HTTP/1.1 200) 4 headers in 157 bytes (1 switches on core 0) [pid: 8|app: 0|req: 710/1434] 10.0.0.87 () {34 vars in 1039 bytes} [Tue Jun 9 16:19:27 2026] GET /v2.0/security-groups?id=ab6769eb-1e79-4115-8b4f-014eb92e53c1&fields=id&fields=name => generated 88 bytes in 34 msecs (HTTP/1.1 200) 4 headers in 156 bytes (1 switches on core 0)
2026-06-09 16:19:27.927 7 INFO neutron.db.ovn_revision_numbers_db [None req-2d4874a1-bbda-4476-95d2-0fc519b6f947 db824d2e89ec4cb293072dee315bc344 85621b472d584026969e9b52114bec91 - - default default] Successfully bumped revision number for resource 06ae14ba-92fe-4abd-89c3-29a5bb4672a2 (type: router_ports) to 1 [pid: 7|app: 0|req: 725/1435] 10.0.0.101 () {34 vars in 783 bytes} [Tue Jun 9 16:19:25 2026] PUT /v2.0/routers/fffcb095-82c4-4e97-a2d0-e914d1ba762d/add_router_interface => generated 309 bytes in 2213 msecs (HTTP/1.1 200) 4 headers in 157 bytes (1 switches on core 0)
2026-06-09 16:19:28.241 8 WARNING neutron.scheduler.dhcp_agent_scheduler [None req-6bd09092-fb71-4f0d-b3fd-892f19375065 db824d2e89ec4cb293072dee315bc344 85621b472d584026969e9b52114bec91 - - default default] No more DHCP agents
2026-06-09 16:19:28.242 8 WARNING neutron.api.rpc.agentnotifiers.dhcp_rpc_agent_api [None req-6bd09092-fb71-4f0d-b3fd-892f19375065 db824d2e89ec4cb293072dee315bc344 85621b472d584026969e9b52114bec91 - - default default] Unable to schedule network 47d790ce-f9fa-4447-a1fe-5f758f7e46a9: no agents available; will retry on subsequent port and subnet creation events.
2026-06-09 16:19:28.438 8 INFO neutron.db.ovn_revision_numbers_db [None req-6bd09092-fb71-4f0d-b3fd-892f19375065 db824d2e89ec4cb293072dee315bc344 85621b472d584026969e9b52114bec91 - - default default] Successfully bumped revision number for resource 0a2b2ac9-1ea2-4c2e-ba6c-a118ab881d36 (type: ports) to 1 [pid: 8|app: 0|req: 711/1436] 10.0.0.101 () {34 vars in 665 bytes} [Tue Jun 9 16:19:27 2026] POST /v2.0/ports => generated 955 bytes in 510 msecs (HTTP/1.1 201) 4 headers in 162 bytes (1 switches on core 0) /var/lib/openstack/lib/python3.12/site-packages/pycadf/identifier.py:70: UserWarning: Invalid uuid: neutron. To ensure interoperability, identifiers should be a valid uuid. warnings.warn(('Invalid uuid: %s. To ensure interoperability, '
2026-06-09 16:19:28.516 7 INFO neutron.notifiers.nova [-] Nova event matching ['req-35c81a9e-6d2d-451e-8682-3f3354f9e8ac'] response: {'server_uuid': '584b7914-0790-4d16-9262-1dec7ea324ea', 'name': 'network-vif-plugged', 'status': 'completed', 'tag': 'c365d5e2-bb14-40b3-8bc9-7f3e3b500303', 'code': 200} /var/lib/openstack/lib/python3.12/site-packages/pycadf/identifier.py:70: UserWarning: Invalid uuid: neutron. To ensure interoperability, identifiers should be a valid uuid. warnings.warn(('Invalid uuid: %s. To ensure interoperability, '
2026-06-09 16:19:28.774 7 WARNING neutron.scheduler.dhcp_agent_scheduler [None req-afe9db4a-b773-4f94-be06-969db5e795eb db824d2e89ec4cb293072dee315bc344 85621b472d584026969e9b52114bec91 - - default default] No more DHCP agents
2026-06-09 16:19:28.776 7 WARNING neutron.api.rpc.agentnotifiers.dhcp_rpc_agent_api [None req-afe9db4a-b773-4f94-be06-969db5e795eb db824d2e89ec4cb293072dee315bc344 85621b472d584026969e9b52114bec91 - - default default] Unable to schedule network 47d790ce-f9fa-4447-a1fe-5f758f7e46a9: no agents available; will retry on subsequent port and subnet creation events. [pid: 8|app: 0|req: 712/1437] 10.0.0.87 () {34 vars in 989 bytes} [Tue Jun 9 16:19:28 2026] GET /v2.0/ports?device_id=408ee8cd-78c9-4966-98d3-12fc3f1fdeb9 => generated 975 bytes in 46 msecs (HTTP/1.1 200) 4 headers in 157 bytes (1 switches on core 0) [pid: 8|app: 0|req: 713/1438] 10.0.0.87 () {34 vars in 989 bytes} [Tue Jun 9 16:19:28 2026] GET /v2.0/ports?device_id=584b7914-0790-4d16-9262-1dec7ea324ea => generated 971 bytes in 40 msecs (HTTP/1.1 200) 4 headers in 157 bytes (1 switches on core 0) [pid: 8|app: 0|req: 714/1439] 10.0.0.87 () {34 vars in 1039 bytes} [Tue Jun 9 16:19:28 2026] GET /v2.0/security-groups?id=35a25e4f-9fdf-40e5-b0e6-92a1454ee0e3&fields=id&fields=name => generated 114 bytes in 35 msecs (HTTP/1.1 200) 4 headers in 157 bytes (1 switches on core 0) [pid: 8|app: 0|req: 715/1440] 10.0.0.87 () {34 vars in 1039 bytes} [Tue Jun 9 16:19:28 2026] GET /v2.0/security-groups?id=ab6769eb-1e79-4115-8b4f-014eb92e53c1&fields=id&fields=name => generated 88 bytes in 40 msecs (HTTP/1.1 200) 4 headers in 156 bytes (1 switches on core 0)
2026-06-09 16:19:29.012 7 INFO neutron.db.ovn_revision_numbers_db [None req-afe9db4a-b773-4f94-be06-969db5e795eb db824d2e89ec4cb293072dee315bc344 85621b472d584026969e9b52114bec91 - - default default] Successfully bumped revision number for resource effd680f-ab89-44d6-94ed-c5dc88e0c49e (type: ports) to 1
2026-06-09 16:19:29.032 7 INFO neutron.plugins.ml2.drivers.ovn.mech_driver.mech_driver [None req-0125cded-ee7b-49e6-b83c-12c20f61fc1b - - - - - -] OVN reports status down for port: d89b2bc1-f05a-4d0e-8281-85d055b73d1b [pid: 7|app: 0|req: 726/1441] 10.0.0.101 () {34 vars in 665 bytes} [Tue Jun 9 16:19:28 2026] POST /v2.0/ports => generated 958 bytes in 711 msecs (HTTP/1.1 201) 4 headers in 162 bytes (1 switches on core 0)
2026-06-09 16:19:29.393 7 INFO neutron.db.ovn_revision_numbers_db [None req-0125cded-ee7b-49e6-b83c-12c20f61fc1b - - - - - -] Successfully bumped revision number for resource d89b2bc1-f05a-4d0e-8281-85d055b73d1b (type: ports) to 6
2026-06-09 16:19:29.448 8 WARNING neutron.scheduler.dhcp_agent_scheduler [None req-77bfea34-d7a8-4b6b-9201-88c23c16521b db824d2e89ec4cb293072dee315bc344 85621b472d584026969e9b52114bec91 - - default default] No more DHCP agents
2026-06-09 16:19:29.450 8 WARNING neutron.api.rpc.agentnotifiers.dhcp_rpc_agent_api [None req-77bfea34-d7a8-4b6b-9201-88c23c16521b db824d2e89ec4cb293072dee315bc344 85621b472d584026969e9b52114bec91 - - default default] Unable to schedule network 15c2ac31-4e88-497e-8eaf-74f3027e8365: no agents available; will retry on subsequent port and subnet creation events. /var/lib/openstack/lib/python3.12/site-packages/pycadf/identifier.py:70: UserWarning: Invalid uuid: neutron. To ensure interoperability, identifiers should be a valid uuid. warnings.warn(('Invalid uuid: %s. To ensure interoperability, '
2026-06-09 16:19:29.757 7 INFO neutron.db.ovn_revision_numbers_db [None req-6f468dea-869a-42bc-92d9-de13a583970e a7bcfeccab2f48edb087b5647384d9c3 bb32fd6a11d84500b678e0e2e0d9d7d3 - - default default] Successfully bumped revision number for resource 4dffe2ee-7a05-49e8-994a-538c66cbf506 (type: security_groups) to 1
2026-06-09 16:19:29.769 7 INFO neutron.db.ovn_revision_numbers_db [None req-6f468dea-869a-42bc-92d9-de13a583970e a7bcfeccab2f48edb087b5647384d9c3 bb32fd6a11d84500b678e0e2e0d9d7d3 - - default default] Successfully bumped revision number for resource 284a9b63-ff61-4f2e-8ec0-e8050982acb9 (type: security_group_rules) to 0
2026-06-09 16:19:29.810 7 INFO neutron.db.ovn_revision_numbers_db [None req-6f468dea-869a-42bc-92d9-de13a583970e a7bcfeccab2f48edb087b5647384d9c3 bb32fd6a11d84500b678e0e2e0d9d7d3 - - default default] Successfully bumped revision number for resource 4b9b07e8-6072-4a14-924b-dc5798716337 (type: security_group_rules) to 0
2026-06-09 16:19:29.825 7 INFO neutron.db.ovn_revision_numbers_db [None req-6f468dea-869a-42bc-92d9-de13a583970e a7bcfeccab2f48edb087b5647384d9c3 bb32fd6a11d84500b678e0e2e0d9d7d3 - - default default] Successfully bumped revision number for resource adbc0f5e-b272-4af2-bbf5-add19041d323 (type: security_group_rules) to 0
2026-06-09 16:19:29.852 7 INFO neutron.db.ovn_revision_numbers_db [None req-6f468dea-869a-42bc-92d9-de13a583970e a7bcfeccab2f48edb087b5647384d9c3 bb32fd6a11d84500b678e0e2e0d9d7d3 - - default default] Successfully bumped revision number for resource f012beaa-7075-4cf9-ae6d-24c29e9f2f89 (type: security_group_rules) to 0
2026-06-09 16:19:29.961 7 INFO neutron.db.segments_db [None req-6f468dea-869a-42bc-92d9-de13a583970e a7bcfeccab2f48edb087b5647384d9c3 bb32fd6a11d84500b678e0e2e0d9d7d3 - - default default] Added segment 48c95ff7-2de3-412e-92eb-0ad818786007 of type geneve for network dbabde06-1611-4ca6-8d70-b5d28bf459e6
2026-06-09 16:19:30.040 7 INFO neutron.db.segments_db [None req-6f468dea-869a-42bc-92d9-de13a583970e a7bcfeccab2f48edb087b5647384d9c3 bb32fd6a11d84500b678e0e2e0d9d7d3 - - default default] Added segment 8431ae4b-2eef-4921-87eb-0d899a29c8ab of type geneve for network 1a322c19-b8e3-4cca-adab-9dc356c9f3d2
2026-06-09 16:19:30.161 7 INFO neutron.db.ovn_revision_numbers_db [None req-6f468dea-869a-42bc-92d9-de13a583970e a7bcfeccab2f48edb087b5647384d9c3 bb32fd6a11d84500b678e0e2e0d9d7d3 - - default default] Successfully bumped revision number for resource dbabde06-1611-4ca6-8d70-b5d28bf459e6 (type: networks) to 1
2026-06-09 16:19:30.387 7 WARNING neutron.scheduler.dhcp_agent_scheduler [None req-6f468dea-869a-42bc-92d9-de13a583970e a7bcfeccab2f48edb087b5647384d9c3 bb32fd6a11d84500b678e0e2e0d9d7d3 - - default default] No more DHCP agents
2026-06-09 16:19:30.392 7 WARNING neutron.api.rpc.agentnotifiers.dhcp_rpc_agent_api [None req-6f468dea-869a-42bc-92d9-de13a583970e a7bcfeccab2f48edb087b5647384d9c3 bb32fd6a11d84500b678e0e2e0d9d7d3 - - default default] Unable to schedule network dbabde06-1611-4ca6-8d70-b5d28bf459e6: no agents available; will retry on subsequent port and subnet creation events.
2026-06-09 16:19:30.481 7 INFO neutron.db.ovn_revision_numbers_db [None req-6f468dea-869a-42bc-92d9-de13a583970e a7bcfeccab2f48edb087b5647384d9c3 bb32fd6a11d84500b678e0e2e0d9d7d3 - - default default] Successfully bumped revision number for resource a3a6a650-6fa4-458e-ae65-7331d1d029f5 (type: ports) to 1
2026-06-09 16:19:30.565 8 INFO neutron.db.ovn_revision_numbers_db [None req-77bfea34-d7a8-4b6b-9201-88c23c16521b db824d2e89ec4cb293072dee315bc344 85621b472d584026969e9b52114bec91 - - default default] Successfully bumped revision number for resource 10a8ba0a-80a2-4e0c-be5f-e90f65ed066a (type: floatingips) to 1
2026-06-09 16:19:30.565 8 INFO neutron.db.l3_db [None req-77bfea34-d7a8-4b6b-9201-88c23c16521b db824d2e89ec4cb293072dee315bc344 85621b472d584026969e9b52114bec91 - - default default] Floating IP 10a8ba0a-80a2-4e0c-be5f-e90f65ed066a associated. External IP: 10.96.250.211, port: effd680f-ab89-44d6-94ed-c5dc88e0c49e.
2026-06-09 16:19:30.566 7 INFO neutron.db.ovn_revision_numbers_db [None req-6f468dea-869a-42bc-92d9-de13a583970e a7bcfeccab2f48edb087b5647384d9c3 bb32fd6a11d84500b678e0e2e0d9d7d3 - - default default] Successfully bumped revision number for resource 1a322c19-b8e3-4cca-adab-9dc356c9f3d2 (type: networks) to 1 [pid: 8|app: 0|req: 716/1442] 10.0.0.101 () {34 vars in 677 bytes} [Tue Jun 9 16:19:29 2026] POST /v2.0/floatingips => generated 842 bytes in 1426 msecs (HTTP/1.1 201) 4 headers in 162 bytes (1 switches on core 0) [pid: 8|app: 0|req: 717/1443] 10.0.0.87 () {34 vars in 989 bytes} [Tue Jun 9 16:19:30 2026] GET /v2.0/ports?device_id=408ee8cd-78c9-4966-98d3-12fc3f1fdeb9 => generated 973 bytes in 40 msecs (HTTP/1.1 200) 4 headers in 157 bytes (1 switches on core 0) [pid: 8|app: 0|req: 718/1444] 10.0.0.87 () {34 vars in 989 bytes} [Tue Jun 9 16:19:30 2026] GET /v2.0/ports?device_id=584b7914-0790-4d16-9262-1dec7ea324ea => generated 971 bytes in 36 msecs (HTTP/1.1 200) 4 headers in 157 bytes (1 switches on core 0)
2026-06-09 16:19:30.746 7 WARNING neutron.scheduler.dhcp_agent_scheduler [None req-6f468dea-869a-42bc-92d9-de13a583970e a7bcfeccab2f48edb087b5647384d9c3 bb32fd6a11d84500b678e0e2e0d9d7d3 - - default default] No more DHCP agents
2026-06-09 16:19:30.748 7 WARNING neutron.api.rpc.agentnotifiers.dhcp_rpc_agent_api [None req-6f468dea-869a-42bc-92d9-de13a583970e a7bcfeccab2f48edb087b5647384d9c3 bb32fd6a11d84500b678e0e2e0d9d7d3 - - default default] Unable to schedule network 1a322c19-b8e3-4cca-adab-9dc356c9f3d2: no agents available; will retry on subsequent port and subnet creation events.
2026-06-09 16:19:30.843 7 INFO neutron.db.ovn_revision_numbers_db [None req-6f468dea-869a-42bc-92d9-de13a583970e a7bcfeccab2f48edb087b5647384d9c3 bb32fd6a11d84500b678e0e2e0d9d7d3 - - default default] Successfully bumped revision number for resource 023d89a6-1492-4a61-ab83-598b72d01188 (type: ports) to 1
2026-06-09 16:19:30.850 8 WARNING neutron.plugins.ml2.drivers.ovn.mech_driver.ovsdb.ovn_client [None req-940b6f67-6bf0-4ed8-8649-fd7a6e6be06e - - - - - -] No hosting information found for port 83de36f9-a74c-467d-ac87-34cf03e5993c: RuntimeError: No hosting information found for port 83de36f9-a74c-467d-ac87-34cf03e5993c
2026-06-09 16:19:30.851 8 INFO neutron.plugins.ml2.drivers.ovn.mech_driver.mech_driver [None req-940b6f67-6bf0-4ed8-8649-fd7a6e6be06e - - - - - -] OVN reports status down for port: 06ae14ba-92fe-4abd-89c3-29a5bb4672a2 [pid: 7|app: 0|req: 727/1445] 10.0.0.101 () {34 vars in 670 bytes} [Tue Jun 9 16:19:29 2026] POST /v2.0/networks => generated 1320 bytes in 1509 msecs (HTTP/1.1 201) 4 headers in 163 bytes (1 switches on core 0) [pid: 7|app: 0|req: 728/1446] 10.0.0.87 () {34 vars in 1039 bytes} [Tue Jun 9 16:19:30 2026] GET /v2.0/security-groups?id=35a25e4f-9fdf-40e5-b0e6-92a1454ee0e3&fields=id&fields=name => generated 114 bytes in 32 msecs (HTTP/1.1 200) 4 headers in 157 bytes (1 switches on core 0)
2026-06-09 16:19:30.936 8 INFO neutron.db.ovn_revision_numbers_db [None req-d2824c60-78b3-4aea-b417-7982059271b6 db824d2e89ec4cb293072dee315bc344 85621b472d584026969e9b52114bec91 - - default default] Successfully bumped revision number for resource 10a8ba0a-80a2-4e0c-be5f-e90f65ed066a (type: floatingips) to 2
2026-06-09 16:19:30.965 7 INFO neutron.notifiers.nova [-] Nova event matching ['req-7714d620-034c-49bb-a21a-0bcc437cdf01'] response: {'server_uuid': '408ee8cd-78c9-4966-98d3-12fc3f1fdeb9', 'name': 'network-vif-unplugged', 'status': 'completed', 'tag': 'd89b2bc1-f05a-4d0e-8281-85d055b73d1b', 'code': 200}
2026-06-09 16:19:30.967 7 INFO neutron.notifiers.nova [-] Nova event matching ['req-7714d620-034c-49bb-a21a-0bcc437cdf01'] response: {'server_uuid': '408ee8cd-78c9-4966-98d3-12fc3f1fdeb9', 'name': 'network-vif-unplugged', 'status': 'completed', 'tag': 'd89b2bc1-f05a-4d0e-8281-85d055b73d1b', 'code': 200} [pid: 7|app: 0|req: 729/1447] 10.0.0.87 () {34 vars in 1039 bytes} [Tue Jun 9 16:19:30 2026] GET /v2.0/security-groups?id=ab6769eb-1e79-4115-8b4f-014eb92e53c1&fields=id&fields=name => generated 88 bytes in 46 msecs (HTTP/1.1 200) 4 headers in 156 bytes (1 switches on core 0)
2026-06-09 16:19:30.991 8 WARNING neutron.plugins.ml2.drivers.ovn.mech_driver.ovsdb.ovn_client [None req-940b6f67-6bf0-4ed8-8649-fd7a6e6be06e - - - - - -] Logical_Switch_Port 06ae14ba-92fe-4abd-89c3-29a5bb4672a2 host information not removed, the port state is up
2026-06-09 16:19:30.992 8 INFO neutron.plugins.ml2.drivers.ovn.mech_driver.mech_driver [None req-940b6f67-6bf0-4ed8-8649-fd7a6e6be06e - - - - - -] OVN reports status up for port: 06ae14ba-92fe-4abd-89c3-29a5bb4672a2
2026-06-09 16:19:31.005 8 INFO neutron.plugins.ml2.plugin [None req-940b6f67-6bf0-4ed8-8649-fd7a6e6be06e - - - - - -] Attempt 1 to provision port 06ae14ba-92fe-4abd-89c3-29a5bb4672a2
2026-06-09 16:19:31.020 8 INFO neutron.db.l3_db [None req-d2824c60-78b3-4aea-b417-7982059271b6 db824d2e89ec4cb293072dee315bc344 85621b472d584026969e9b52114bec91 - - default default] Floating IP 10a8ba0a-80a2-4e0c-be5f-e90f65ed066a disassociated. External IP: 10.96.250.211, port: effd680f-ab89-44d6-94ed-c5dc88e0c49e. [pid: 7|app: 0|req: 730/1448] 10.0.0.101 () {32 vars in 649 bytes} [Tue Jun 9 16:19:30 2026] GET /v2.0/networks => generated 1969 bytes in 81 msecs (HTTP/1.1 200) 4 headers in 158 bytes (1 switches on core 0) [pid: 8|app: 0|req: 719/1449] 10.0.0.101 () {34 vars in 749 bytes} [Tue Jun 9 16:19:30 2026] PUT /v2.0/floatingips/10a8ba0a-80a2-4e0c-be5f-e90f65ed066a => generated 554 bytes in 381 msecs (HTTP/1.1 200) 4 headers in 157 bytes (1 switches on core 0)
2026-06-09 16:19:31.159 7 INFO neutron_taas.services.taas.taas_plugin [None req-2275d491-6138-4226-b117-3339ae6ceae2 a7bcfeccab2f48edb087b5647384d9c3 bb32fd6a11d84500b678e0e2e0d9d7d3 - - default default] TaaS: Handle Delete Port: a3a6a650-6fa4-458e-ae65-7331d1d029f5
2026-06-09 16:19:31.162 7 INFO neutron_taas.services.taas.tap_mirror_plugin [None req-2275d491-6138-4226-b117-3339ae6ceae2 a7bcfeccab2f48edb087b5647384d9c3 bb32fd6a11d84500b678e0e2e0d9d7d3 - - default default] Tap Mirror: Handle Delete Port: a3a6a650-6fa4-458e-ae65-7331d1d029f5
2026-06-09 16:19:31.329 8 INFO neutron_taas.services.taas.taas_plugin [None req-2dca329d-e6eb-432b-a30a-445f4cbf9f2e db824d2e89ec4cb293072dee315bc344 85621b472d584026969e9b52114bec91 - - default default] TaaS: Handle Delete Port: 52e9427f-f29d-4e81-81dc-be09603ae4cd
2026-06-09 16:19:31.343 8 INFO neutron_taas.services.taas.tap_mirror_plugin [None req-2dca329d-e6eb-432b-a30a-445f4cbf9f2e db824d2e89ec4cb293072dee315bc344 85621b472d584026969e9b52114bec91 - - default default] Tap Mirror: Handle Delete Port: 52e9427f-f29d-4e81-81dc-be09603ae4cd
2026-06-09 16:19:31.366 7 INFO neutron.services.segments.plugin [-] Segment 48c95ff7-2de3-412e-92eb-0ad818786007 resource provider aggregate not found
2026-06-09 16:19:31.371 7 INFO neutron.services.segments.plugin [-] Segment 48c95ff7-2de3-412e-92eb-0ad818786007 resource provider aggregate not found
2026-06-09 16:19:31.395 7 INFO neutron.services.segments.plugin [-] Segment 48c95ff7-2de3-412e-92eb-0ad818786007 resource provider not found; error: Placement Client Error (4xx): {"errors": [{"status": 404, "title": "Not Found", "detail": "The resource could not be found.\n\n No resource provider with uuid 48c95ff7-2de3-412e-92eb-0ad818786007 found for delete ", "request_id": "req-41182b11-d880-485d-8aaa-24c8054d6abd"}]}
2026-06-09 16:19:31.397 7 INFO neutron.services.segments.plugin [-] Segment 48c95ff7-2de3-412e-92eb-0ad818786007 resource provider not found; error: Placement Client Error (4xx): {"errors": [{"status": 404, "title": "Not Found", "detail": "The resource could not be found.\n\n No resource provider with uuid 48c95ff7-2de3-412e-92eb-0ad818786007 found for delete ", "request_id": "req-52237c72-2c28-4dbf-9795-c8c2968ce955"}]} [pid: 7|app: 0|req: 731/1450] 10.0.0.101 () {32 vars in 726 bytes} [Tue Jun 9 16:19:31 2026] DELETE /v2.0/networks/dbabde06-1611-4ca6-8d70-b5d28bf459e6 => generated 0 bytes in 378 msecs (HTTP/1.1 204) 3 headers in 131 bytes (1 switches on core 0)
2026-06-09 16:19:31.479 7 INFO neutron.plugins.ml2.drivers.ovn.mech_driver.mech_driver [None req-a07dc662-b954-45b7-ba1e-b8a38e9ddeeb - - - - - -] OVN reports status down for port: c365d5e2-bb14-40b3-8bc9-7f3e3b500303
2026-06-09 16:19:31.708 7 INFO neutron_taas.services.taas.taas_plugin [None req-91a5bd08-735f-40c3-8f68-1fb9aec22494 a7bcfeccab2f48edb087b5647384d9c3 bb32fd6a11d84500b678e0e2e0d9d7d3 - - default default] TaaS: Handle Delete Port: 023d89a6-1492-4a61-ab83-598b72d01188
2026-06-09 16:19:31.713 7 INFO neutron_taas.services.taas.tap_mirror_plugin [None req-91a5bd08-735f-40c3-8f68-1fb9aec22494 a7bcfeccab2f48edb087b5647384d9c3 bb32fd6a11d84500b678e0e2e0d9d7d3 - - default default] Tap Mirror: Handle Delete Port: 023d89a6-1492-4a61-ab83-598b72d01188 [pid: 8|app: 0|req: 720/1451] 10.0.0.101 () {32 vars in 732 bytes} [Tue Jun 9 16:19:31 2026] DELETE /v2.0/floatingips/10a8ba0a-80a2-4e0c-be5f-e90f65ed066a => generated 0 bytes in 705 msecs (HTTP/1.1 204) 2 headers in 112 bytes (1 switches on core 0)
2026-06-09 16:19:31.788 8 INFO neutron.db.ovn_revision_numbers_db [None req-940b6f67-6bf0-4ed8-8649-fd7a6e6be06e - - - - - -] Successfully bumped revision number for resource 06ae14ba-92fe-4abd-89c3-29a5bb4672a2 (type: ports) to 2
2026-06-09 16:19:31.917 7 INFO neutron.db.ovn_revision_numbers_db [None req-a07dc662-b954-45b7-ba1e-b8a38e9ddeeb - - - - - -] Successfully bumped revision number for resource c365d5e2-bb14-40b3-8bc9-7f3e3b500303 (type: ports) to 6 [pid: 7|app: 0|req: 732/1452] 10.0.0.101 () {32 vars in 726 bytes} [Tue Jun 9 16:19:31 2026] DELETE /v2.0/networks/1a322c19-b8e3-4cca-adab-9dc356c9f3d2 => generated 0 bytes in 624 msecs (HTTP/1.1 204) 3 headers in 131 bytes (1 switches on core 0) /var/lib/openstack/lib/python3.12/site-packages/pycadf/identifier.py:70: UserWarning: Invalid uuid: neutron. To ensure interoperability, identifiers should be a valid uuid. warnings.warn(('Invalid uuid: %s. To ensure interoperability, '
2026-06-09 16:19:32.110 7 INFO neutron.plugins.ml2.drivers.ovn.mech_driver.mech_driver [None req-786c3757-854d-4bd1-a507-d1fe8f4803b4 - - - - - -] OVN reports status up for port: d89b2bc1-f05a-4d0e-8281-85d055b73d1b
2026-06-09 16:19:32.132 7 INFO neutron.plugins.ml2.plugin [None req-786c3757-854d-4bd1-a507-d1fe8f4803b4 - - - - - -] Attempt 1 to provision port d89b2bc1-f05a-4d0e-8281-85d055b73d1b
2026-06-09 16:19:32.152 8 WARNING neutron.scheduler.dhcp_agent_scheduler [None req-2324015e-1e27-441c-a6f4-7b1b87116e4b db824d2e89ec4cb293072dee315bc344 85621b472d584026969e9b52114bec91 - - default default] No more DHCP agents
2026-06-09 16:19:32.154 8 WARNING neutron.api.rpc.agentnotifiers.dhcp_rpc_agent_api [None req-2324015e-1e27-441c-a6f4-7b1b87116e4b db824d2e89ec4cb293072dee315bc344 85621b472d584026969e9b52114bec91 - - default default] Unable to schedule network 15c2ac31-4e88-497e-8eaf-74f3027e8365: no agents available; will retry on subsequent port and subnet creation events. [pid: 7|app: 0|req: 733/1453] 10.0.0.87 () {34 vars in 989 bytes} [Tue Jun 9 16:19:32 2026] GET /v2.0/ports?device_id=408ee8cd-78c9-4966-98d3-12fc3f1fdeb9 => generated 973 bytes in 120 msecs (HTTP/1.1 200) 4 headers in 157 bytes (1 switches on core 0) [pid: 7|app: 0|req: 734/1454] 10.0.0.87 () {34 vars in 989 bytes} [Tue Jun 9 16:19:32 2026] GET /v2.0/ports?device_id=584b7914-0790-4d16-9262-1dec7ea324ea => generated 969 bytes in 137 msecs (HTTP/1.1 200) 4 headers in 157 bytes (1 switches on core 0) [pid: 7|app: 0|req: 735/1455] 10.0.0.101 () {32 vars in 649 bytes} [Tue Jun 9 16:19:32 2026] GET /v2.0/networks => generated 689 bytes in 105 msecs (HTTP/1.1 200) 4 headers in 157 bytes (1 switches on core 0) [pid: 7|app: 0|req: 736/1456] 10.0.0.87 () {34 vars in 1039 bytes} [Tue Jun 9 16:19:32 2026] GET /v2.0/security-groups?id=35a25e4f-9fdf-40e5-b0e6-92a1454ee0e3&fields=id&fields=name => generated 114 bytes in 54 msecs (HTTP/1.1 200) 4 headers in 157 bytes (1 switches on core 0) [pid: 7|app: 0|req: 737/1457] 10.0.0.87 () {34 vars in 1039 bytes} [Tue Jun 9 16:19:32 2026] GET /v2.0/security-groups?id=ab6769eb-1e79-4115-8b4f-014eb92e53c1&fields=id&fields=name => generated 88 bytes in 51 msecs (HTTP/1.1 200) 4 headers in 156 bytes (1 switches on core 0)
2026-06-09 16:19:32.616 7 INFO neutron.db.ovn_revision_numbers_db [None req-786c3757-854d-4bd1-a507-d1fe8f4803b4 - - - - - -] Successfully bumped revision number for resource d89b2bc1-f05a-4d0e-8281-85d055b73d1b (type: ports) to 7
2026-06-09 16:19:32.695 7 INFO neutron.db.segments_db [None req-b9d5524f-5c95-42a3-95db-2fe0c9b02000 a7bcfeccab2f48edb087b5647384d9c3 bb32fd6a11d84500b678e0e2e0d9d7d3 - - default default] Added segment 8e36638a-5cdd-466b-8faa-2bc39205889e of type geneve for network a087b176-7df6-44c9-adaf-64721f831cd5
2026-06-09 16:19:32.836 7 INFO neutron.db.ovn_revision_numbers_db [None req-b9d5524f-5c95-42a3-95db-2fe0c9b02000 a7bcfeccab2f48edb087b5647384d9c3 bb32fd6a11d84500b678e0e2e0d9d7d3 - - default default] Successfully bumped revision number for resource a087b176-7df6-44c9-adaf-64721f831cd5 (type: networks) to 1
2026-06-09 16:19:32.958 8 INFO neutron.db.ovn_revision_numbers_db [None req-2324015e-1e27-441c-a6f4-7b1b87116e4b db824d2e89ec4cb293072dee315bc344 85621b472d584026969e9b52114bec91 - - default default] Successfully bumped revision number for resource 121a57e1-47a1-403c-b3cb-821332e403f3 (type: floatingips) to 1
2026-06-09 16:19:32.958 8 INFO neutron.db.l3_db [None req-2324015e-1e27-441c-a6f4-7b1b87116e4b db824d2e89ec4cb293072dee315bc344 85621b472d584026969e9b52114bec91 - - default default] Floating IP 121a57e1-47a1-403c-b3cb-821332e403f3 associated. External IP: 10.96.250.214, port: 0a2b2ac9-1ea2-4c2e-ba6c-a118ab881d36. [pid: 8|app: 0|req: 721/1458] 10.0.0.101 () {34 vars in 677 bytes} [Tue Jun 9 16:19:31 2026] POST /v2.0/floatingips => generated 842 bytes in 1214 msecs (HTTP/1.1 201) 4 headers in 162 bytes (1 switches on core 0)
2026-06-09 16:19:33.014 7 INFO neutron.notifiers.nova [-] Nova event matching ['req-e879d856-c985-4584-a483-394bed22cf6e'] response: {'server_uuid': '584b7914-0790-4d16-9262-1dec7ea324ea', 'name': 'network-vif-unplugged', 'status': 'completed', 'tag': 'c365d5e2-bb14-40b3-8bc9-7f3e3b500303', 'code': 200}
2026-06-09 16:19:33.014 7 INFO neutron.notifiers.nova [-] Nova event matching ['req-e879d856-c985-4584-a483-394bed22cf6e'] response: {'server_uuid': '584b7914-0790-4d16-9262-1dec7ea324ea', 'name': 'network-vif-unplugged', 'status': 'completed', 'tag': 'c365d5e2-bb14-40b3-8bc9-7f3e3b500303', 'code': 200}
2026-06-09 16:19:33.014 7 INFO neutron.notifiers.nova [-] Nova event matching ['req-e879d856-c985-4584-a483-394bed22cf6e'] response: {'server_uuid': '408ee8cd-78c9-4966-98d3-12fc3f1fdeb9', 'name': 'network-vif-plugged', 'status': 'completed', 'tag': 'd89b2bc1-f05a-4d0e-8281-85d055b73d1b', 'code': 200}
2026-06-09 16:19:33.014 7 INFO neutron.notifiers.nova [-] Nova event matching ['req-e879d856-c985-4584-a483-394bed22cf6e'] response: {'server_uuid': '408ee8cd-78c9-4966-98d3-12fc3f1fdeb9', 'name': 'network-vif-plugged', 'status': 'completed', 'tag': 'd89b2bc1-f05a-4d0e-8281-85d055b73d1b', 'code': 200}
2026-06-09 16:19:33.035 7 WARNING neutron.scheduler.dhcp_agent_scheduler [None req-b9d5524f-5c95-42a3-95db-2fe0c9b02000 a7bcfeccab2f48edb087b5647384d9c3 bb32fd6a11d84500b678e0e2e0d9d7d3 - - default default] No more DHCP agents
2026-06-09 16:19:33.036 7 WARNING neutron.api.rpc.agentnotifiers.dhcp_rpc_agent_api [None req-b9d5524f-5c95-42a3-95db-2fe0c9b02000 a7bcfeccab2f48edb087b5647384d9c3 bb32fd6a11d84500b678e0e2e0d9d7d3 - - default default] Unable to schedule network a087b176-7df6-44c9-adaf-64721f831cd5: no agents available; will retry on subsequent port and subnet creation events. [pid: 8|app: 0|req: 722/1459] 199.204.45.70 () {34 vars in 993 bytes} [Tue Jun 9 16:19:33 2026] GET /v2.0/ports?device_id=584b7914-0790-4d16-9262-1dec7ea324ea => generated 969 bytes in 125 msecs (HTTP/1.1 200) 4 headers in 157 bytes (1 switches on core 0)
2026-06-09 16:19:33.140 7 INFO neutron.db.ovn_revision_numbers_db [None req-b9d5524f-5c95-42a3-95db-2fe0c9b02000 a7bcfeccab2f48edb087b5647384d9c3 bb32fd6a11d84500b678e0e2e0d9d7d3 - - default default] Successfully bumped revision number for resource 234be132-9372-4b20-8771-12a09bc36cf5 (type: ports) to 1 [pid: 8|app: 0|req: 723/1460] 10.0.0.101 () {32 vars in 729 bytes} [Tue Jun 9 16:19:33 2026] GET /v2.0/floatingips/121a57e1-47a1-403c-b3cb-821332e403f3 => generated 844 bytes in 36 msecs (HTTP/1.1 200) 4 headers in 157 bytes (1 switches on core 0) [pid: 7|app: 0|req: 738/1461] 10.0.0.101 () {34 vars in 670 bytes} [Tue Jun 9 16:19:32 2026] POST /v2.0/networks => generated 692 bytes in 624 msecs (HTTP/1.1 201) 4 headers in 162 bytes (1 switches on core 0) /var/lib/openstack/lib/python3.12/site-packages/pycadf/identifier.py:70: UserWarning: Invalid uuid: neutron. To ensure interoperability, identifiers should be a valid uuid. warnings.warn(('Invalid uuid: %s. To ensure interoperability, '
2026-06-09 16:19:33.253 7 INFO neutron.db.segments_db [None req-246fb970-b9ef-4773-bb00-4d3ccdf6e8cf a7bcfeccab2f48edb087b5647384d9c3 bb32fd6a11d84500b678e0e2e0d9d7d3 - - default default] Added segment bc024949-65ab-4088-a54f-7df2234a495a of type geneve for network a08d6f70-23d3-4d7c-b5d2-52d648daee0a
2026-06-09 16:19:33.301 8 INFO neutron_taas.services.taas.taas_plugin [req-c0ec207e-92ad-413a-89e9-de5070fba729 req-160e0695-3d62-45cb-bf3e-fba2a5e1b934 e230b7b9d15f461e809ea1c08ad56040 d25eb8e6b5734483970bf8ee9448770a - - default default] TaaS: Handle Delete Port: c365d5e2-bb14-40b3-8bc9-7f3e3b500303
2026-06-09 16:19:33.305 8 INFO neutron_taas.services.taas.tap_mirror_plugin [req-c0ec207e-92ad-413a-89e9-de5070fba729 req-160e0695-3d62-45cb-bf3e-fba2a5e1b934 e230b7b9d15f461e809ea1c08ad56040 d25eb8e6b5734483970bf8ee9448770a - - default default] Tap Mirror: Handle Delete Port: c365d5e2-bb14-40b3-8bc9-7f3e3b500303
2026-06-09 16:19:33.385 7 INFO neutron.db.ovn_revision_numbers_db [None req-246fb970-b9ef-4773-bb00-4d3ccdf6e8cf a7bcfeccab2f48edb087b5647384d9c3 bb32fd6a11d84500b678e0e2e0d9d7d3 - - default default] Successfully bumped revision number for resource a08d6f70-23d3-4d7c-b5d2-52d648daee0a (type: networks) to 1
2026-06-09 16:19:33.422 7 INFO neutron.services.segments.plugin [-] Segment 8431ae4b-2eef-4921-87eb-0d899a29c8ab resource provider aggregate not found
2026-06-09 16:19:33.429 7 INFO neutron.services.segments.plugin [-] Segment 8431ae4b-2eef-4921-87eb-0d899a29c8ab resource provider aggregate not found
2026-06-09 16:19:33.461 7 INFO neutron.services.segments.plugin [-] Segment 8431ae4b-2eef-4921-87eb-0d899a29c8ab resource provider not found; error: Placement Client Error (4xx): {"errors": [{"status": 404, "title": "Not Found", "detail": "The resource could not be found.\n\n No resource provider with uuid 8431ae4b-2eef-4921-87eb-0d899a29c8ab found for delete ", "request_id": "req-0f1a63f3-b781-4555-b62b-9b1c228bab6f"}]}
2026-06-09 16:19:33.462 7 INFO neutron.services.segments.plugin [-] Segment 8431ae4b-2eef-4921-87eb-0d899a29c8ab resource provider not found; error: Placement Client Error (4xx): {"errors": [{"status": 404, "title": "Not Found", "detail": "The resource could not be found.\n\n No resource provider with uuid 8431ae4b-2eef-4921-87eb-0d899a29c8ab found for delete ", "request_id": "req-c462ae94-61b2-4c63-828b-7795695e5803"}]} [pid: 8|app: 0|req: 724/1462] 199.204.45.70 () {36 vars in 996 bytes} [Tue Jun 9 16:19:33 2026] DELETE /v2.0/ports/c365d5e2-bb14-40b3-8bc9-7f3e3b500303 => generated 0 bytes in 329 msecs (HTTP/1.1 204) 3 headers in 131 bytes (1 switches on core 0)
2026-06-09 16:19:33.537 8 INFO neutron.notifiers.nova [-] Nova event matching ['req-fd176e9b-6313-428a-8508-cea67fb10678'] response: {'server_uuid': '584b7914-0790-4d16-9262-1dec7ea324ea', 'name': 'network-vif-deleted', 'tag': 'c365d5e2-bb14-40b3-8bc9-7f3e3b500303', 'status': 'completed', 'code': 200} [pid: 8|app: 0|req: 725/1463] 10.0.0.101 () {32 vars in 655 bytes} [Tue Jun 9 16:19:33 2026] GET /v2.0/floatingips => generated 847 bytes in 66 msecs (HTTP/1.1 200) 4 headers in 157 bytes (1 switches on core 0) [pid: 8|app: 0|req: 726/1464] 10.0.0.87 () {34 vars in 989 bytes} [Tue Jun 9 16:19:33 2026] GET /v2.0/ports?device_id=408ee8cd-78c9-4966-98d3-12fc3f1fdeb9 => generated 975 bytes in 68 msecs (HTTP/1.1 200) 4 headers in 157 bytes (1 switches on core 0)
2026-06-09 16:19:33.629 7 WARNING neutron.scheduler.dhcp_agent_scheduler [None req-246fb970-b9ef-4773-bb00-4d3ccdf6e8cf a7bcfeccab2f48edb087b5647384d9c3 bb32fd6a11d84500b678e0e2e0d9d7d3 - - default default] No more DHCP agents
2026-06-09 16:19:33.631 7 WARNING neutron.api.rpc.agentnotifiers.dhcp_rpc_agent_api [None req-246fb970-b9ef-4773-bb00-4d3ccdf6e8cf a7bcfeccab2f48edb087b5647384d9c3 bb32fd6a11d84500b678e0e2e0d9d7d3 - - default default] Unable to schedule network a08d6f70-23d3-4d7c-b5d2-52d648daee0a: no agents available; will retry on subsequent port and subnet creation events.
2026-06-09 16:19:33.723 7 INFO neutron.db.ovn_revision_numbers_db [None req-246fb970-b9ef-4773-bb00-4d3ccdf6e8cf a7bcfeccab2f48edb087b5647384d9c3 bb32fd6a11d84500b678e0e2e0d9d7d3 - - default default] Successfully bumped revision number for resource 89f6029f-2c8e-4e5b-9fa8-8e7d5ad635e3 (type: ports) to 1 [pid: 7|app: 0|req: 739/1465] 10.0.0.101 () {34 vars in 670 bytes} [Tue Jun 9 16:19:33 2026] POST /v2.0/networks => generated 691 bytes in 575 msecs (HTTP/1.1 201) 4 headers in 162 bytes (1 switches on core 0) [pid: 7|app: 0|req: 740/1466] 10.0.0.87 () {34 vars in 989 bytes} [Tue Jun 9 16:19:33 2026] GET /v2.0/ports?device_id=584b7914-0790-4d16-9262-1dec7ea324ea => generated 12 bytes in 17 msecs (HTTP/1.1 200) 4 headers in 156 bytes (1 switches on core 0) [pid: 7|app: 0|req: 741/1467] 10.0.0.87 () {34 vars in 1039 bytes} [Tue Jun 9 16:19:33 2026] GET /v2.0/security-groups?id=35a25e4f-9fdf-40e5-b0e6-92a1454ee0e3&fields=id&fields=name => generated 114 bytes in 31 msecs (HTTP/1.1 200) 4 headers in 157 bytes (1 switches on core 0)
2026-06-09 16:19:34.137 8 INFO neutron.db.ovn_revision_numbers_db [None req-57753862-8f3a-48e3-b5bd-777196181238 db824d2e89ec4cb293072dee315bc344 85621b472d584026969e9b52114bec91 - - default default] Successfully bumped revision number for resource 121a57e1-47a1-403c-b3cb-821332e403f3 (type: floatingips) to 2
2026-06-09 16:19:34.199 7 WARNING neutron.scheduler.dhcp_agent_scheduler [None req-4dc6d338-ebe7-41e6-910a-ffe802b96008 a7bcfeccab2f48edb087b5647384d9c3 bb32fd6a11d84500b678e0e2e0d9d7d3 - - default default] No more DHCP agents
2026-06-09 16:19:34.200 7 WARNING neutron.api.rpc.agentnotifiers.dhcp_rpc_agent_api [None req-4dc6d338-ebe7-41e6-910a-ffe802b96008 a7bcfeccab2f48edb087b5647384d9c3 bb32fd6a11d84500b678e0e2e0d9d7d3 - - default default] Unable to schedule network a087b176-7df6-44c9-adaf-64721f831cd5: no agents available; will retry on subsequent port and subnet creation events.
2026-06-09 16:19:34.314 7 INFO neutron.db.ovn_revision_numbers_db [None req-4dc6d338-ebe7-41e6-910a-ffe802b96008 a7bcfeccab2f48edb087b5647384d9c3 bb32fd6a11d84500b678e0e2e0d9d7d3 - - default default] Successfully bumped revision number for resource 5fad11d7-bf94-4e41-ab93-67c1c47eaaf5 (type: ports) to 1
2026-06-09 16:19:34.356 8 INFO neutron.db.l3_db [None req-57753862-8f3a-48e3-b5bd-777196181238 db824d2e89ec4cb293072dee315bc344 85621b472d584026969e9b52114bec91 - - default default] Floating IP 121a57e1-47a1-403c-b3cb-821332e403f3 associated. External IP: 10.96.250.214, port: 0a2b2ac9-1ea2-4c2e-ba6c-a118ab881d36.
2026-06-09 16:19:34.381 7 WARNING neutron.scheduler.dhcp_agent_scheduler [None req-4dc6d338-ebe7-41e6-910a-ffe802b96008 a7bcfeccab2f48edb087b5647384d9c3 bb32fd6a11d84500b678e0e2e0d9d7d3 - - default default] No more DHCP agents
2026-06-09 16:19:34.385 7 WARNING neutron.api.rpc.agentnotifiers.dhcp_rpc_agent_api [None req-4dc6d338-ebe7-41e6-910a-ffe802b96008 a7bcfeccab2f48edb087b5647384d9c3 bb32fd6a11d84500b678e0e2e0d9d7d3 - - default default] Unable to schedule network a08d6f70-23d3-4d7c-b5d2-52d648daee0a: no agents available; will retry on subsequent port and subnet creation events. [pid: 8|app: 0|req: 727/1468] 10.0.0.101 () {34 vars in 749 bytes} [Tue Jun 9 16:19:33 2026] PUT /v2.0/floatingips/121a57e1-47a1-403c-b3cb-821332e403f3 => generated 844 bytes in 776 msecs (HTTP/1.1 200) 4 headers in 157 bytes (1 switches on core 0)
2026-06-09 16:19:34.484 7 INFO neutron.db.ovn_revision_numbers_db [None req-4dc6d338-ebe7-41e6-910a-ffe802b96008 a7bcfeccab2f48edb087b5647384d9c3 bb32fd6a11d84500b678e0e2e0d9d7d3 - - default default] Successfully bumped revision number for resource 13a828f3-f84a-4ed9-a37e-b766377b7b6f (type: ports) to 1 [pid: 7|app: 0|req: 742/1469] 10.0.0.101 () {34 vars in 665 bytes} [Tue Jun 9 16:19:33 2026] POST /v2.0/ports => generated 1505 bytes in 790 msecs (HTTP/1.1 201) 4 headers in 163 bytes (1 switches on core 0) /var/lib/openstack/lib/python3.12/site-packages/pycadf/identifier.py:70: UserWarning: Invalid uuid: neutron. To ensure interoperability, identifiers should be a valid uuid. warnings.warn(('Invalid uuid: %s. To ensure interoperability, '
2026-06-09 16:19:34.687 8 INFO neutron.db.ovn_revision_numbers_db [None req-11193555-c6dd-4e83-9709-dc1ab2119c71 db824d2e89ec4cb293072dee315bc344 85621b472d584026969e9b52114bec91 - - default default] Successfully bumped revision number for resource 121a57e1-47a1-403c-b3cb-821332e403f3 (type: floatingips) to 3 [pid: 7|app: 0|req: 743/1470] 10.0.0.101 () {32 vars in 643 bytes} [Tue Jun 9 16:19:34 2026] GET /v2.0/ports => generated 3017 bytes in 144 msecs (HTTP/1.1 200) 4 headers in 158 bytes (1 switches on core 0)
2026-06-09 16:19:34.734 8 INFO neutron.db.l3_db [None req-11193555-c6dd-4e83-9709-dc1ab2119c71 db824d2e89ec4cb293072dee315bc344 85621b472d584026969e9b52114bec91 - - default default] Floating IP 121a57e1-47a1-403c-b3cb-821332e403f3 disassociated. External IP: 10.96.250.214, port: effd680f-ab89-44d6-94ed-c5dc88e0c49e. [pid: 8|app: 0|req: 728/1471] 10.0.0.101 () {34 vars in 749 bytes} [Tue Jun 9 16:19:34 2026] PUT /v2.0/floatingips/121a57e1-47a1-403c-b3cb-821332e403f3 => generated 554 bytes in 348 msecs (HTTP/1.1 200) 4 headers in 157 bytes (1 switches on core 0)
2026-06-09 16:19:34.863 7 INFO neutron_taas.services.taas.taas_plugin [None req-75140123-f351-4fa2-937e-8f52a816d3e4 a7bcfeccab2f48edb087b5647384d9c3 bb32fd6a11d84500b678e0e2e0d9d7d3 - - default default] TaaS: Handle Delete Port: 5fad11d7-bf94-4e41-ab93-67c1c47eaaf5
2026-06-09 16:19:34.866 7 INFO neutron_taas.services.taas.tap_mirror_plugin [None req-75140123-f351-4fa2-937e-8f52a816d3e4 a7bcfeccab2f48edb087b5647384d9c3 bb32fd6a11d84500b678e0e2e0d9d7d3 - - default default] Tap Mirror: Handle Delete Port: 5fad11d7-bf94-4e41-ab93-67c1c47eaaf5
2026-06-09 16:19:34.879 8 INFO neutron_taas.services.taas.taas_plugin [None req-c3acc147-abcf-4c15-bf6b-112a865ee7b3 db824d2e89ec4cb293072dee315bc344 85621b472d584026969e9b52114bec91 - - default default] TaaS: Handle Delete Port: 236375e4-0c7b-4c45-9478-3547458e72d4
2026-06-09 16:19:34.882 8 INFO neutron_taas.services.taas.tap_mirror_plugin [None req-c3acc147-abcf-4c15-bf6b-112a865ee7b3 db824d2e89ec4cb293072dee315bc344 85621b472d584026969e9b52114bec91 - - default default] Tap Mirror: Handle Delete Port: 236375e4-0c7b-4c45-9478-3547458e72d4
