2026-06-09 16:21:50.828 7 INFO neutron.db.ovn_revision_numbers_db [None req-7d3a487b-2c07-4fb4-98f6-942266297990 - - - - - -] Successfully bumped revision number for resource 339a8b74-4c8d-4a39-8a22-94fdaaff10a1 (type: subnets) to 0 [pid: 8|app: 0|req: 1130/2250] 10.0.0.101 () {34 vars in 753 bytes} [Tue Jun 9 16:21:50 2026] PUT /v2.0/networks/c53630a8-5dfa-49c7-a0b9-85ee883f1c1a/tags => generated 12 bytes in 50 msecs (HTTP/1.1 200) 4 headers in 156 bytes (1 switches on core 0) [pid: 7|app: 0|req: 1121/2251] 10.0.0.101 () {34 vars in 669 bytes} [Tue Jun 9 16:21:50 2026] POST /v2.0/subnets => generated 655 bytes in 712 msecs (HTTP/1.1 201) 4 headers in 162 bytes (1 switches on core 0) [pid: 8|app: 0|req: 1131/2252] 10.0.0.101 () {32 vars in 733 bytes} [Tue Jun 9 16:21:50 2026] GET /v2.0/networks/c53630a8-5dfa-49c7-a0b9-85ee883f1c1a/tags => generated 12 bytes in 43 msecs (HTTP/1.1 200) 4 headers in 156 bytes (1 switches on core 0) [pid: 8|app: 0|req: 1132/2253] 10.0.0.101 () {32 vars in 733 bytes} [Tue Jun 9 16:21:50 2026] GET /v2.0/networks/5dc08794-7a5b-46cf-b2e2-0e3249bfe980/tags => generated 25 bytes in 45 msecs (HTTP/1.1 200) 4 headers in 156 bytes (1 switches on core 0)
2026-06-09 16:21:51.036 7 WARNING neutron.scheduler.dhcp_agent_scheduler [None req-ab968799-d285-4339-b708-520f17b8a99e 3eebe67c7cbd45bf875cd83313806b75 d89455d359f2494d8bbc27fef71893ed - - default default] No more DHCP agents
2026-06-09 16:21:51.037 7 WARNING neutron.api.rpc.agentnotifiers.dhcp_rpc_agent_api [None req-ab968799-d285-4339-b708-520f17b8a99e 3eebe67c7cbd45bf875cd83313806b75 d89455d359f2494d8bbc27fef71893ed - - default default] Unable to schedule network 0c4d200c-d699-4a2f-9d60-cad868a829c5: no agents available; will retry on subsequent port and subnet creation events.
2026-06-09 16:21:51.060 7 INFO neutron.db.ovn_revision_numbers_db [None req-ab968799-d285-4339-b708-520f17b8a99e 3eebe67c7cbd45bf875cd83313806b75 d89455d359f2494d8bbc27fef71893ed - - default default] Successfully bumped revision number for resource 2ef5ffa4-59f5-4f68-9188-33070cd4be48 (type: subnets) to 0 [pid: 7|app: 0|req: 1122/2254] 10.0.0.101 () {34 vars in 669 bytes} [Tue Jun 9 16:21:50 2026] POST /v2.0/subnets => generated 725 bytes in 214 msecs (HTTP/1.1 201) 4 headers in 162 bytes (1 switches on core 0)
2026-06-09 16:21:51.094 8 INFO neutron_taas.services.taas.taas_plugin [None req-8cf33b6a-dfae-41e3-a066-e1d20bd768dd 96cc89a0808f4a6ea0063f8c4bd92427 e7d56be9a14b48ffb2feaff321b44abc - - default default] TaaS: Handle Delete Port: 06ab0895-ea5a-4263-9012-b56796a9c48d
2026-06-09 16:21:51.096 8 INFO neutron_taas.services.taas.tap_mirror_plugin [None req-8cf33b6a-dfae-41e3-a066-e1d20bd768dd 96cc89a0808f4a6ea0063f8c4bd92427 e7d56be9a14b48ffb2feaff321b44abc - - default default] Tap Mirror: Handle Delete Port: 06ab0895-ea5a-4263-9012-b56796a9c48d
2026-06-09 16:21:51.169 7 INFO neutron.db.segments_db [None req-97a0473a-4941-429c-8504-a11523749a5a 3eebe67c7cbd45bf875cd83313806b75 d89455d359f2494d8bbc27fef71893ed - - default default] Added segment af4f47cf-6864-4cb6-a126-89173108aa08 of type geneve for network ebb9c5ae-e223-414b-b531-b9092ab30fc0
2026-06-09 16:21:51.265 7 INFO neutron.db.ovn_revision_numbers_db [None req-97a0473a-4941-429c-8504-a11523749a5a 3eebe67c7cbd45bf875cd83313806b75 d89455d359f2494d8bbc27fef71893ed - - default default] Successfully bumped revision number for resource ebb9c5ae-e223-414b-b531-b9092ab30fc0 (type: networks) to 1
2026-06-09 16:21:51.306 8 INFO neutron.services.segments.plugin [-] Segment 720d5116-7fcd-4b0f-8a9b-8bf16bbb1ebf resource provider aggregate not found
2026-06-09 16:21:51.310 8 INFO neutron.services.segments.plugin [-] Segment 720d5116-7fcd-4b0f-8a9b-8bf16bbb1ebf resource provider aggregate not found
2026-06-09 16:21:51.326 8 INFO neutron.services.segments.plugin [-] Segment 720d5116-7fcd-4b0f-8a9b-8bf16bbb1ebf resource provider not found; error: Placement Client Error (4xx): {"errors": [{"status": 404, "title": "Not Found", "detail": "The resource could not be found.\n\n No resource provider with uuid 720d5116-7fcd-4b0f-8a9b-8bf16bbb1ebf found for delete ", "request_id": "req-b3263722-4cb7-4a9c-b061-5d578ce68d5c"}]}
2026-06-09 16:21:51.337 8 INFO neutron.services.segments.plugin [-] Segment 720d5116-7fcd-4b0f-8a9b-8bf16bbb1ebf resource provider not found; error: Placement Client Error (4xx): {"errors": [{"status": 404, "title": "Not Found", "detail": "The resource could not be found.\n\n No resource provider with uuid 720d5116-7fcd-4b0f-8a9b-8bf16bbb1ebf found for delete ", "request_id": "req-225c60a3-1d2f-4938-8c0b-f8213ec875f9"}]} [pid: 8|app: 0|req: 1133/2255] 10.0.0.101 () {32 vars in 726 bytes} [Tue Jun 9 16:21:50 2026] DELETE /v2.0/networks/5dc08794-7a5b-46cf-b2e2-0e3249bfe980 => generated 0 bytes in 411 msecs (HTTP/1.1 204) 3 headers in 131 bytes (1 switches on core 0)
2026-06-09 16:21:51.465 7 WARNING neutron.scheduler.dhcp_agent_scheduler [None req-97a0473a-4941-429c-8504-a11523749a5a 3eebe67c7cbd45bf875cd83313806b75 d89455d359f2494d8bbc27fef71893ed - - default default] No more DHCP agents
2026-06-09 16:21:51.467 7 WARNING neutron.api.rpc.agentnotifiers.dhcp_rpc_agent_api [None req-97a0473a-4941-429c-8504-a11523749a5a 3eebe67c7cbd45bf875cd83313806b75 d89455d359f2494d8bbc27fef71893ed - - default default] Unable to schedule network ebb9c5ae-e223-414b-b531-b9092ab30fc0: no agents available; will retry on subsequent port and subnet creation events.
2026-06-09 16:21:51.513 8 INFO neutron_taas.services.taas.taas_plugin [None req-c7dff9e8-912d-40ad-a97b-33a05824d332 96cc89a0808f4a6ea0063f8c4bd92427 e7d56be9a14b48ffb2feaff321b44abc - - default default] TaaS: Handle Delete Port: 7cc8fba9-9f2c-4543-ad9f-6399e5816124
2026-06-09 16:21:51.519 8 INFO neutron_taas.services.taas.tap_mirror_plugin [None req-c7dff9e8-912d-40ad-a97b-33a05824d332 96cc89a0808f4a6ea0063f8c4bd92427 e7d56be9a14b48ffb2feaff321b44abc - - default default] Tap Mirror: Handle Delete Port: 7cc8fba9-9f2c-4543-ad9f-6399e5816124
2026-06-09 16:21:51.522 7 INFO neutron.plugins.ml2.drivers.ovn.mech_driver.mech_driver [None req-0f236a68-5ea6-4d4a-9e41-0de17e4b82cf - - - - - -] OVN reports status down for port: dfdaaba8-6c8f-49de-a313-1aaf37e6a990
2026-06-09 16:21:51.577 7 INFO neutron.db.ovn_revision_numbers_db [None req-97a0473a-4941-429c-8504-a11523749a5a 3eebe67c7cbd45bf875cd83313806b75 d89455d359f2494d8bbc27fef71893ed - - default default] Successfully bumped revision number for resource dfdaaba8-6c8f-49de-a313-1aaf37e6a990 (type: ports) to 1 [pid: 7|app: 0|req: 1123/2256] 10.0.0.101 () {34 vars in 670 bytes} [Tue Jun 9 16:21:51 2026] POST /v2.0/networks => generated 675 bytes in 562 msecs (HTTP/1.1 201) 4 headers in 162 bytes (1 switches on core 0) [pid: 8|app: 0|req: 1134/2257] 10.0.0.101 () {32 vars in 726 bytes} [Tue Jun 9 16:21:51 2026] DELETE /v2.0/networks/c53630a8-5dfa-49c7-a0b9-85ee883f1c1a => generated 0 bytes in 337 msecs (HTTP/1.1 204) 3 headers in 131 bytes (1 switches on core 0)
2026-06-09 16:21:51.882 8 WARNING neutron.scheduler.dhcp_agent_scheduler [None req-075a04c1-63c9-4c31-b0bb-1644a219d7fb 3eebe67c7cbd45bf875cd83313806b75 d89455d359f2494d8bbc27fef71893ed - - default default] No more DHCP agents
2026-06-09 16:21:51.884 8 WARNING neutron.api.rpc.agentnotifiers.dhcp_rpc_agent_api [None req-075a04c1-63c9-4c31-b0bb-1644a219d7fb 3eebe67c7cbd45bf875cd83313806b75 d89455d359f2494d8bbc27fef71893ed - - default default] Unable to schedule network ebb9c5ae-e223-414b-b531-b9092ab30fc0: no agents available; will retry on subsequent port and subnet creation events.
2026-06-09 16:21:51.935 7 INFO neutron.db.ovn_revision_numbers_db [None req-cfbd274a-f8d8-4190-8b37-3033a8a8ddd3 1716d574fdf5460dbcb2ead778b6b204 1e649c8701fd4a2f8cca99483a245262 - - default default] Successfully bumped revision number for resource e7030114-d486-465e-ae10-66a1e55b324a (type: security_groups) to 1
2026-06-09 16:21:51.946 7 INFO neutron.db.ovn_revision_numbers_db [None req-cfbd274a-f8d8-4190-8b37-3033a8a8ddd3 1716d574fdf5460dbcb2ead778b6b204 1e649c8701fd4a2f8cca99483a245262 - - default default] Successfully bumped revision number for resource 0de7bf0b-9321-479c-aae2-cbfee13a2f3b (type: security_group_rules) to 0
2026-06-09 16:21:51.957 7 INFO neutron.db.ovn_revision_numbers_db [None req-cfbd274a-f8d8-4190-8b37-3033a8a8ddd3 1716d574fdf5460dbcb2ead778b6b204 1e649c8701fd4a2f8cca99483a245262 - - default default] Successfully bumped revision number for resource 8e065a62-43e6-466d-b113-9287e3cf4246 (type: security_group_rules) to 0
2026-06-09 16:21:51.968 7 INFO neutron.db.ovn_revision_numbers_db [None req-cfbd274a-f8d8-4190-8b37-3033a8a8ddd3 1716d574fdf5460dbcb2ead778b6b204 1e649c8701fd4a2f8cca99483a245262 - - default default] Successfully bumped revision number for resource 9522c898-d4af-4821-9ec2-559f5c583560 (type: security_group_rules) to 0
2026-06-09 16:21:51.980 7 INFO neutron.db.ovn_revision_numbers_db [None req-cfbd274a-f8d8-4190-8b37-3033a8a8ddd3 1716d574fdf5460dbcb2ead778b6b204 1e649c8701fd4a2f8cca99483a245262 - - default default] Successfully bumped revision number for resource fd673a18-b54c-4151-9b00-7e1540eea515 (type: security_group_rules) to 0
2026-06-09 16:21:52.054 7 INFO neutron.db.segments_db [None req-cfbd274a-f8d8-4190-8b37-3033a8a8ddd3 1716d574fdf5460dbcb2ead778b6b204 1e649c8701fd4a2f8cca99483a245262 - - default default] Added segment db9f0af6-7700-4c34-a317-1e380fdea28c of type geneve for network 7d43e003-35cc-43a3-a251-db09f9f01f93
2026-06-09 16:21:52.189 7 INFO neutron.db.ovn_revision_numbers_db [None req-cfbd274a-f8d8-4190-8b37-3033a8a8ddd3 1716d574fdf5460dbcb2ead778b6b204 1e649c8701fd4a2f8cca99483a245262 - - default default] Successfully bumped revision number for resource 7d43e003-35cc-43a3-a251-db09f9f01f93 (type: networks) to 1
2026-06-09 16:21:52.328 8 INFO neutron.db.ovn_revision_numbers_db [None req-15f3c5b5-ef53-42df-a828-f5008e4ba6e6 - - - - - -] Successfully bumped revision number for resource dfdaaba8-6c8f-49de-a313-1aaf37e6a990 (type: ports) to 2
2026-06-09 16:21:52.365 8 INFO neutron.db.ovn_revision_numbers_db [None req-15f3c5b5-ef53-42df-a828-f5008e4ba6e6 - - - - - -] Successfully bumped revision number for resource c4493512-f839-446a-ab25-016c44b4dbd6 (type: subnets) to 0
2026-06-09 16:21:52.377 7 WARNING neutron.scheduler.dhcp_agent_scheduler [None req-cfbd274a-f8d8-4190-8b37-3033a8a8ddd3 1716d574fdf5460dbcb2ead778b6b204 1e649c8701fd4a2f8cca99483a245262 - - default default] No more DHCP agents
2026-06-09 16:21:52.378 7 WARNING neutron.api.rpc.agentnotifiers.dhcp_rpc_agent_api [None req-cfbd274a-f8d8-4190-8b37-3033a8a8ddd3 1716d574fdf5460dbcb2ead778b6b204 1e649c8701fd4a2f8cca99483a245262 - - default default] Unable to schedule network 7d43e003-35cc-43a3-a251-db09f9f01f93: no agents available; will retry on subsequent port and subnet creation events. [pid: 8|app: 0|req: 1135/2258] 10.0.0.101 () {34 vars in 669 bytes} [Tue Jun 9 16:21:51 2026] POST /v2.0/subnets => generated 655 bytes in 668 msecs (HTTP/1.1 201) 4 headers in 162 bytes (1 switches on core 0) [pid: 8|app: 0|req: 1136/2259] 10.0.0.87 () {34 vars in 989 bytes} [Tue Jun 9 16:21:52 2026] GET /v2.0/ports?device_id=4a1d1dd8-1e81-4a57-9956-c25155ea2fe3 => generated 12 bytes in 19 msecs (HTTP/1.1 200) 4 headers in 156 bytes (1 switches on core 0)
2026-06-09 16:21:52.441 7 INFO neutron.plugins.ml2.drivers.ovn.mech_driver.mech_driver [None req-0f236a68-5ea6-4d4a-9e41-0de17e4b82cf - - - - - -] OVN reports status down for port: 9a10940a-f087-470d-aeeb-c23ea30c6f27
2026-06-09 16:21:52.514 7 INFO neutron.db.ovn_revision_numbers_db [None req-cfbd274a-f8d8-4190-8b37-3033a8a8ddd3 1716d574fdf5460dbcb2ead778b6b204 1e649c8701fd4a2f8cca99483a245262 - - default default] Successfully bumped revision number for resource 9a10940a-f087-470d-aeeb-c23ea30c6f27 (type: ports) to 1 [pid: 8|app: 0|req: 1137/2260] 10.0.0.101 () {32 vars in 774 bytes} [Tue Jun 9 16:21:52 2026] GET /v2.0/security-groups?tenant_id=e7d56be9a14b48ffb2feaff321b44abc&name=default => generated 2925 bytes in 125 msecs (HTTP/1.1 200) 4 headers in 158 bytes (1 switches on core 0) [pid: 7|app: 0|req: 1124/2261] 10.0.0.101 () {34 vars in 670 bytes} [Tue Jun 9 16:21:51 2026] POST /v2.0/networks => generated 669 bytes in 932 msecs (HTTP/1.1 201) 4 headers in 162 bytes (1 switches on core 0)
2026-06-09 16:21:52.757 8 WARNING neutron.scheduler.dhcp_agent_scheduler [None req-dc5ba9c4-9658-4cd7-a51e-eb49428b7bad 3eebe67c7cbd45bf875cd83313806b75 d89455d359f2494d8bbc27fef71893ed - - default default] No more DHCP agents
2026-06-09 16:21:52.761 8 WARNING neutron.api.rpc.agentnotifiers.dhcp_rpc_agent_api [None req-dc5ba9c4-9658-4cd7-a51e-eb49428b7bad 3eebe67c7cbd45bf875cd83313806b75 d89455d359f2494d8bbc27fef71893ed - - default default] Unable to schedule network ebb9c5ae-e223-414b-b531-b9092ab30fc0: no agents available; will retry on subsequent port and subnet creation events.
2026-06-09 16:21:52.808 8 INFO neutron.db.ovn_revision_numbers_db [None req-dc5ba9c4-9658-4cd7-a51e-eb49428b7bad 3eebe67c7cbd45bf875cd83313806b75 d89455d359f2494d8bbc27fef71893ed - - default default] Successfully bumped revision number for resource 176dbf53-d7c1-40fd-b384-53564abb8571 (type: subnets) to 0 [pid: 8|app: 0|req: 1138/2262] 10.0.0.101 () {34 vars in 669 bytes} [Tue Jun 9 16:21:52 2026] POST /v2.0/subnets => generated 730 bytes in 319 msecs (HTTP/1.1 201) 4 headers in 162 bytes (1 switches on core 0) [pid: 7|app: 0|req: 1125/2263] 10.0.0.101 () {32 vars in 740 bytes} [Tue Jun 9 16:21:52 2026] DELETE /v2.0/security-groups/710b0546-cc47-4f0d-806a-5251fcef0688 => generated 0 bytes in 293 msecs (HTTP/1.1 204) 2 headers in 112 bytes (1 switches on core 0)
2026-06-09 16:21:52.940 8 INFO neutron.db.segments_db [None req-295fe7a4-983b-4ea3-979e-80a62389fd97 1716d574fdf5460dbcb2ead778b6b204 1e649c8701fd4a2f8cca99483a245262 - - default default] Added segment f7bffb52-688d-4f3b-b010-e8243231db44 of type geneve for network 24a48acf-be28-45d6-a7cf-e1e637691a1f
2026-06-09 16:21:53.047 8 INFO neutron.db.ovn_revision_numbers_db [None req-295fe7a4-983b-4ea3-979e-80a62389fd97 1716d574fdf5460dbcb2ead778b6b204 1e649c8701fd4a2f8cca99483a245262 - - default default] Successfully bumped revision number for resource 24a48acf-be28-45d6-a7cf-e1e637691a1f (type: networks) to 1
2026-06-09 16:21:53.210 8 WARNING neutron.scheduler.dhcp_agent_scheduler [None req-295fe7a4-983b-4ea3-979e-80a62389fd97 1716d574fdf5460dbcb2ead778b6b204 1e649c8701fd4a2f8cca99483a245262 - - default default] No more DHCP agents
2026-06-09 16:21:53.211 8 WARNING neutron.api.rpc.agentnotifiers.dhcp_rpc_agent_api [None req-295fe7a4-983b-4ea3-979e-80a62389fd97 1716d574fdf5460dbcb2ead778b6b204 1e649c8701fd4a2f8cca99483a245262 - - default default] Unable to schedule network 24a48acf-be28-45d6-a7cf-e1e637691a1f: no agents available; will retry on subsequent port and subnet creation events.
2026-06-09 16:21:53.285 7 INFO neutron.plugins.ml2.drivers.ovn.mech_driver.mech_driver [None req-0f236a68-5ea6-4d4a-9e41-0de17e4b82cf - - - - - -] OVN reports status down for port: 5d5c5533-eda0-46f9-aed7-34b628b05345
2026-06-09 16:21:53.288 8 INFO neutron.db.ovn_revision_numbers_db [None req-295fe7a4-983b-4ea3-979e-80a62389fd97 1716d574fdf5460dbcb2ead778b6b204 1e649c8701fd4a2f8cca99483a245262 - - default default] Successfully bumped revision number for resource 5d5c5533-eda0-46f9-aed7-34b628b05345 (type: ports) to 1 [pid: 8|app: 0|req: 1139/2264] 10.0.0.101 () {34 vars in 670 bytes} [Tue Jun 9 16:21:52 2026] POST /v2.0/networks => generated 670 bytes in 463 msecs (HTTP/1.1 201) 4 headers in 162 bytes (1 switches on core 0)
2026-06-09 16:21:53.330 7 WARNING neutron.scheduler.dhcp_agent_scheduler [None req-78028edb-6833-4a18-9dcb-6e7642679b0a 3eebe67c7cbd45bf875cd83313806b75 d89455d359f2494d8bbc27fef71893ed - - default default] No more DHCP agents
2026-06-09 16:21:53.334 7 WARNING neutron.api.rpc.agentnotifiers.dhcp_rpc_agent_api [None req-78028edb-6833-4a18-9dcb-6e7642679b0a 3eebe67c7cbd45bf875cd83313806b75 d89455d359f2494d8bbc27fef71893ed - - default default] Unable to schedule network 15c2ac31-4e88-497e-8eaf-74f3027e8365: no agents available; will retry on subsequent port and subnet creation events.
2026-06-09 16:21:53.345 8 INFO neutron.services.segments.plugin [-] Segment abafb657-3856-46a3-80bc-b1d03c004fc6 resource provider aggregate not found
2026-06-09 16:21:53.365 8 INFO neutron.services.segments.plugin [-] Segment abafb657-3856-46a3-80bc-b1d03c004fc6 resource provider not found; error: Placement Client Error (4xx): {"errors": [{"status": 404, "title": "Not Found", "detail": "The resource could not be found.\n\n No resource provider with uuid abafb657-3856-46a3-80bc-b1d03c004fc6 found for delete ", "request_id": "req-7ea56e44-0ab8-4533-8142-991a7bdaec73"}]}
2026-06-09 16:21:53.370 8 INFO neutron.services.segments.plugin [-] Segment abafb657-3856-46a3-80bc-b1d03c004fc6 resource provider aggregate not found
2026-06-09 16:21:53.391 8 INFO neutron.services.segments.plugin [-] Segment abafb657-3856-46a3-80bc-b1d03c004fc6 resource provider not found; error: Placement Client Error (4xx): {"errors": [{"status": 404, "title": "Not Found", "detail": "The resource could not be found.\n\n No resource provider with uuid abafb657-3856-46a3-80bc-b1d03c004fc6 found for delete ", "request_id": "req-6d7440a7-90aa-4573-aec4-0ddce88628ca"}]}
2026-06-09 16:21:53.489 8 INFO neutron.plugins.ml2.drivers.ovn.mech_driver.mech_driver [None req-0ee5a21d-67a0-43fe-923e-61898eb783bd - - - - - -] OVN reports status down for port: ff7dfc8d-e973-48c4-af63-768c93aad95d
2026-06-09 16:21:53.539 7 INFO neutron.db.ovn_revision_numbers_db [None req-78028edb-6833-4a18-9dcb-6e7642679b0a 3eebe67c7cbd45bf875cd83313806b75 d89455d359f2494d8bbc27fef71893ed - - default default] Successfully bumped revision number for resource ff7dfc8d-e973-48c4-af63-768c93aad95d (type: ports) to 1
2026-06-09 16:21:53.546 8 INFO neutron.db.ovn_revision_numbers_db [None req-5a9ab73c-141e-4fce-9b1c-c7476fb73505 547a138cd12844c48d381fd5993b368b 4859efcf832943909d26bca6bf8a05ed - - default default] Successfully bumped revision number for resource 347f4c93-4293-458e-8be8-6cc57490a65b (type: security_groups) to 1
2026-06-09 16:21:53.563 8 INFO neutron.db.ovn_revision_numbers_db [None req-5a9ab73c-141e-4fce-9b1c-c7476fb73505 547a138cd12844c48d381fd5993b368b 4859efcf832943909d26bca6bf8a05ed - - default default] Successfully bumped revision number for resource 533240e3-ff41-48d3-8105-f816cbb48dd7 (type: security_group_rules) to 0
2026-06-09 16:21:53.583 8 INFO neutron.db.ovn_revision_numbers_db [None req-5a9ab73c-141e-4fce-9b1c-c7476fb73505 547a138cd12844c48d381fd5993b368b 4859efcf832943909d26bca6bf8a05ed - - default default] Successfully bumped revision number for resource 80c96038-dbb6-4fac-983a-0049ca0d336f (type: security_group_rules) to 0
2026-06-09 16:21:53.608 8 INFO neutron.db.ovn_revision_numbers_db [None req-5a9ab73c-141e-4fce-9b1c-c7476fb73505 547a138cd12844c48d381fd5993b368b 4859efcf832943909d26bca6bf8a05ed - - default default] Successfully bumped revision number for resource 8ae024be-48e1-404a-be45-3d2f059e87ea (type: security_group_rules) to 0
2026-06-09 16:21:53.620 8 INFO neutron.db.ovn_revision_numbers_db [None req-5a9ab73c-141e-4fce-9b1c-c7476fb73505 547a138cd12844c48d381fd5993b368b 4859efcf832943909d26bca6bf8a05ed - - default default] Successfully bumped revision number for resource e0ce341e-e0a9-4558-8b90-cce816817864 (type: security_group_rules) to 0 [pid: 8|app: 0|req: 1140/2265] 10.0.0.101 () {32 vars in 774 bytes} [Tue Jun 9 16:21:53 2026] GET /v2.0/security-groups?tenant_id=7afdb5aa7f1c4442aec2407c3a3aac53&name=default => generated 2925 bytes in 340 msecs (HTTP/1.1 200) 4 headers in 158 bytes (1 switches on core 0)
2026-06-09 16:21:53.748 8 INFO neutron.db.segments_db [None req-9267008b-dc4b-4c69-8e63-a970569fe0f7 1716d574fdf5460dbcb2ead778b6b204 1e649c8701fd4a2f8cca99483a245262 - - default default] Added segment a2afc20e-278f-441c-9c4e-f153245938a8 of type geneve for network fbc5c0b0-6b5f-4c50-a40d-0c1067636b48
2026-06-09 16:21:53.843 8 INFO neutron.db.ovn_revision_numbers_db [None req-9267008b-dc4b-4c69-8e63-a970569fe0f7 1716d574fdf5460dbcb2ead778b6b204 1e649c8701fd4a2f8cca99483a245262 - - default default] Successfully bumped revision number for resource fbc5c0b0-6b5f-4c50-a40d-0c1067636b48 (type: networks) to 1
2026-06-09 16:21:53.993 8 WARNING neutron.scheduler.dhcp_agent_scheduler [None req-9267008b-dc4b-4c69-8e63-a970569fe0f7 1716d574fdf5460dbcb2ead778b6b204 1e649c8701fd4a2f8cca99483a245262 - - default default] No more DHCP agents
2026-06-09 16:21:53.994 8 WARNING neutron.api.rpc.agentnotifiers.dhcp_rpc_agent_api [None req-9267008b-dc4b-4c69-8e63-a970569fe0f7 1716d574fdf5460dbcb2ead778b6b204 1e649c8701fd4a2f8cca99483a245262 - - default default] Unable to schedule network fbc5c0b0-6b5f-4c50-a40d-0c1067636b48: no agents available; will retry on subsequent port and subnet creation events.
2026-06-09 16:21:54.049 8 INFO neutron.plugins.ml2.drivers.ovn.mech_driver.mech_driver [None req-0ee5a21d-67a0-43fe-923e-61898eb783bd - - - - - -] OVN reports status down for port: 7349b6b7-b231-4e81-8074-4fcd94db2e8e
2026-06-09 16:21:54.080 7 INFO neutron.plugins.ml2.drivers.ovn.mech_driver.ovsdb.commands [None req-844a012a-3821-4154-864d-6bb3b538a0ac - - - - - -] Schedule LRP lrp-ff7dfc8d-e973-48c4-af63-768c93aad95d on gateway 9ac20c54-8474-4c7a-b0e3-d21f2d1b57a0 with priority 1
2026-06-09 16:21:54.129 8 INFO neutron.db.ovn_revision_numbers_db [None req-9267008b-dc4b-4c69-8e63-a970569fe0f7 1716d574fdf5460dbcb2ead778b6b204 1e649c8701fd4a2f8cca99483a245262 - - default default] Successfully bumped revision number for resource 7349b6b7-b231-4e81-8074-4fcd94db2e8e (type: ports) to 1
2026-06-09 16:21:54.141 7 INFO neutron.plugins.ml2.drivers.ovn.mech_driver.ovsdb.ovsdb_monitor [None req-c05c9c75-4efa-4cef-b154-f80c25878124 - - - - - -] Router 5f4444d6-67ea-4656-b094-41c5f1b953ea is bound to host instance
2026-06-09 16:21:54.177 7 INFO neutron.db.ovn_revision_numbers_db [None req-78028edb-6833-4a18-9dcb-6e7642679b0a 3eebe67c7cbd45bf875cd83313806b75 d89455d359f2494d8bbc27fef71893ed - - default default] Successfully bumped revision number for resource ff7dfc8d-e973-48c4-af63-768c93aad95d (type: router_ports) to 1 [pid: 8|app: 0|req: 1141/2266] 10.0.0.101 () {34 vars in 670 bytes} [Tue Jun 9 16:21:53 2026] POST /v2.0/networks => generated 670 bytes in 568 msecs (HTTP/1.1 201) 4 headers in 162 bytes (1 switches on core 0)
2026-06-09 16:21:54.234 8 INFO neutron.plugins.ml2.drivers.ovn.mech_driver.mech_driver [None req-0ee5a21d-67a0-43fe-923e-61898eb783bd - - - - - -] OVN reports status up for port: ff7dfc8d-e973-48c4-af63-768c93aad95d [pid: 8|app: 0|req: 1142/2267] 10.0.0.87 () {34 vars in 989 bytes} [Tue Jun 9 16:21:54 2026] GET /v2.0/ports?device_id=4a1d1dd8-1e81-4a57-9956-c25155ea2fe3 => generated 12 bytes in 30 msecs (HTTP/1.1 200) 4 headers in 156 bytes (1 switches on core 0)
2026-06-09 16:21:54.260 8 INFO neutron.plugins.ml2.plugin [None req-0ee5a21d-67a0-43fe-923e-61898eb783bd - - - - - -] Attempt 1 to provision port ff7dfc8d-e973-48c4-af63-768c93aad95d
2026-06-09 16:21:54.309 7 INFO neutron.db.ovn_revision_numbers_db [None req-78028edb-6833-4a18-9dcb-6e7642679b0a 3eebe67c7cbd45bf875cd83313806b75 d89455d359f2494d8bbc27fef71893ed - - default default] Successfully bumped revision number for resource 5f4444d6-67ea-4656-b094-41c5f1b953ea (type: routers) to 2 [pid: 7|app: 0|req: 1126/2268] 10.0.0.101 () {34 vars in 669 bytes} [Tue Jun 9 16:21:52 2026] POST /v2.0/routers => generated 945 bytes in 1486 msecs (HTTP/1.1 201) 4 headers in 162 bytes (1 switches on core 0)
2026-06-09 16:21:54.530 7 INFO neutron.db.segments_db [None req-ecdd3fdd-c487-487d-b4fb-82ba71445018 1716d574fdf5460dbcb2ead778b6b204 1e649c8701fd4a2f8cca99483a245262 - - default default] Added segment 14544b33-be7b-4332-98a7-d8b950357a6d of type geneve for network cafba044-7eb4-48b7-a1cc-5ac9a19f894c [pid: 8|app: 0|req: 1143/2269] 10.0.0.101 () {32 vars in 740 bytes} [Tue Jun 9 16:21:54 2026] DELETE /v2.0/security-groups/347f4c93-4293-458e-8be8-6cc57490a65b => generated 0 bytes in 350 msecs (HTTP/1.1 204) 2 headers in 112 bytes (1 switches on core 0)
2026-06-09 16:21:54.753 7 INFO neutron.db.ovn_revision_numbers_db [None req-ecdd3fdd-c487-487d-b4fb-82ba71445018 1716d574fdf5460dbcb2ead778b6b204 1e649c8701fd4a2f8cca99483a245262 - - default default] Successfully bumped revision number for resource cafba044-7eb4-48b7-a1cc-5ac9a19f894c (type: networks) to 1
2026-06-09 16:21:55.096 7 WARNING neutron.scheduler.dhcp_agent_scheduler [None req-ecdd3fdd-c487-487d-b4fb-82ba71445018 1716d574fdf5460dbcb2ead778b6b204 1e649c8701fd4a2f8cca99483a245262 - - default default] No more DHCP agents
2026-06-09 16:21:55.100 7 WARNING neutron.api.rpc.agentnotifiers.dhcp_rpc_agent_api [None req-ecdd3fdd-c487-487d-b4fb-82ba71445018 1716d574fdf5460dbcb2ead778b6b204 1e649c8701fd4a2f8cca99483a245262 - - default default] Unable to schedule network cafba044-7eb4-48b7-a1cc-5ac9a19f894c: no agents available; will retry on subsequent port and subnet creation events.
2026-06-09 16:21:55.227 8 WARNING neutron.scheduler.dhcp_agent_scheduler [None req-29a48cec-a67b-4762-af20-cfbd4563f0af 3eebe67c7cbd45bf875cd83313806b75 d89455d359f2494d8bbc27fef71893ed - - default default] No more DHCP agents
2026-06-09 16:21:55.228 8 WARNING neutron.api.rpc.agentnotifiers.dhcp_rpc_agent_api [None req-29a48cec-a67b-4762-af20-cfbd4563f0af 3eebe67c7cbd45bf875cd83313806b75 d89455d359f2494d8bbc27fef71893ed - - default default] Unable to schedule network 275e7db5-3f65-4dd4-98d9-348285e20929: no agents available; will retry on subsequent port and subnet creation events.
2026-06-09 16:21:55.258 7 INFO neutron.db.ovn_revision_numbers_db [None req-ecdd3fdd-c487-487d-b4fb-82ba71445018 1716d574fdf5460dbcb2ead778b6b204 1e649c8701fd4a2f8cca99483a245262 - - default default] Successfully bumped revision number for resource b4be6ecc-43a1-4014-9f96-256dec554c6c (type: ports) to 1 [pid: 7|app: 0|req: 1127/2270] 10.0.0.101 () {34 vars in 670 bytes} [Tue Jun 9 16:21:54 2026] POST /v2.0/networks => generated 670 bytes in 950 msecs (HTTP/1.1 201) 4 headers in 162 bytes (1 switches on core 0)
2026-06-09 16:21:55.406 8 INFO neutron.db.ovn_revision_numbers_db [None req-29a48cec-a67b-4762-af20-cfbd4563f0af 3eebe67c7cbd45bf875cd83313806b75 d89455d359f2494d8bbc27fef71893ed - - default default] Successfully bumped revision number for resource e2776b75-94ed-402e-8a2d-84237da078b8 (type: ports) to 1 [pid: 7|app: 0|req: 1128/2271] 10.0.0.101 () {32 vars in 740 bytes} [Tue Jun 9 16:21:55 2026] DELETE /v2.0/security-groups/366d152c-6a4d-4c86-a574-d9f6b2a1ad45 => generated 0 bytes in 332 msecs (HTTP/1.1 204) 2 headers in 112 bytes (1 switches on core 0)
2026-06-09 16:21:55.741 7 INFO neutron.db.ovn_revision_numbers_db [None req-0316b946-9c0a-44f7-842f-7061e839c4db - - - - - -] Successfully bumped revision number for resource ff7dfc8d-e973-48c4-af63-768c93aad95d (type: ports) to 4
2026-06-09 16:21:55.790 7 INFO neutron.db.segments_db [None req-f880fd6b-2a09-493d-af4b-c3dea00365b1 1716d574fdf5460dbcb2ead778b6b204 1e649c8701fd4a2f8cca99483a245262 - - default default] Added segment 15ab473a-c619-4c3e-a71c-2e3b3d6a489a of type geneve for network 9e2a9804-ebe9-490f-9698-28f6afe104ea
2026-06-09 16:21:56.011 7 INFO neutron.db.ovn_revision_numbers_db [None req-f880fd6b-2a09-493d-af4b-c3dea00365b1 1716d574fdf5460dbcb2ead778b6b204 1e649c8701fd4a2f8cca99483a245262 - - default default] Successfully bumped revision number for resource 9e2a9804-ebe9-490f-9698-28f6afe104ea (type: networks) to 1
2026-06-09 16:21:56.173 8 WARNING neutron.scheduler.dhcp_agent_scheduler [None req-29a48cec-a67b-4762-af20-cfbd4563f0af 3eebe67c7cbd45bf875cd83313806b75 d89455d359f2494d8bbc27fef71893ed - - default default] No more DHCP agents
2026-06-09 16:21:56.176 8 WARNING neutron.api.rpc.agentnotifiers.dhcp_rpc_agent_api [None req-29a48cec-a67b-4762-af20-cfbd4563f0af 3eebe67c7cbd45bf875cd83313806b75 d89455d359f2494d8bbc27fef71893ed - - default default] Unable to schedule network 275e7db5-3f65-4dd4-98d9-348285e20929: no agents available; will retry on subsequent port and subnet creation events.
2026-06-09 16:21:56.630 8 INFO neutron.db.ovn_revision_numbers_db [None req-29a48cec-a67b-4762-af20-cfbd4563f0af 3eebe67c7cbd45bf875cd83313806b75 d89455d359f2494d8bbc27fef71893ed - - default default] Successfully bumped revision number for resource e2776b75-94ed-402e-8a2d-84237da078b8 (type: router_ports) to 1 [pid: 8|app: 0|req: 1144/2272] 10.0.0.101 () {34 vars in 783 bytes} [Tue Jun 9 16:21:54 2026] PUT /v2.0/routers/5f4444d6-67ea-4656-b094-41c5f1b953ea/add_router_interface => generated 309 bytes in 2033 msecs (HTTP/1.1 200) 4 headers in 157 bytes (1 switches on core 0) [pid: 8|app: 0|req: 1145/2273] 10.0.0.145 () {28 vars in 583 bytes} [Tue Jun 9 16:21:56 2026] GET /v2.0/subnets => generated 6174 bytes in 151 msecs (HTTP/1.1 200) 4 headers in 158 bytes (1 switches on core 0)
2026-06-09 16:21:57.029 7 WARNING neutron.scheduler.dhcp_agent_scheduler [None req-f880fd6b-2a09-493d-af4b-c3dea00365b1 1716d574fdf5460dbcb2ead778b6b204 1e649c8701fd4a2f8cca99483a245262 - - default default] No more DHCP agents
2026-06-09 16:21:57.030 7 INFO neutron.db.ovn_revision_numbers_db [None req-0316b946-9c0a-44f7-842f-7061e839c4db - - - - - -] Successfully bumped revision number for resource ff7dfc8d-e973-48c4-af63-768c93aad95d (type: ports) to 5
2026-06-09 16:21:57.031 7 WARNING neutron.api.rpc.agentnotifiers.dhcp_rpc_agent_api [None req-f880fd6b-2a09-493d-af4b-c3dea00365b1 1716d574fdf5460dbcb2ead778b6b204 1e649c8701fd4a2f8cca99483a245262 - - default default] Unable to schedule network 9e2a9804-ebe9-490f-9698-28f6afe104ea: no agents available; will retry on subsequent port and subnet creation events.
2026-06-09 16:21:57.077 8 INFO neutron.plugins.ml2.drivers.ovn.mech_driver.mech_driver [None req-0ee5a21d-67a0-43fe-923e-61898eb783bd - - - - - -] OVN reports status down for port: b4be6ecc-43a1-4014-9f96-256dec554c6c
2026-06-09 16:21:57.171 7 INFO neutron.db.ovn_revision_numbers_db [None req-f880fd6b-2a09-493d-af4b-c3dea00365b1 1716d574fdf5460dbcb2ead778b6b204 1e649c8701fd4a2f8cca99483a245262 - - default default] Successfully bumped revision number for resource 55035d45-48d8-44ec-8588-4fed90850bdd (type: ports) to 1
2026-06-09 16:21:57.174 8 INFO neutron_taas.services.taas.taas_plugin [None req-ebcca2df-529a-4a8e-9172-c4eb1de7d81a b0dcabc72e2e42ad89eea8e76ba613ae ca1a396672ae44d4a90e0ab2c9480861 - - default default] TaaS: Handle Delete Port: 5071df33-aa7f-4410-af1e-e90549438813
2026-06-09 16:21:57.186 8 INFO neutron_taas.services.taas.tap_mirror_plugin [None req-ebcca2df-529a-4a8e-9172-c4eb1de7d81a b0dcabc72e2e42ad89eea8e76ba613ae ca1a396672ae44d4a90e0ab2c9480861 - - default default] Tap Mirror: Handle Delete Port: 5071df33-aa7f-4410-af1e-e90549438813 [pid: 7|app: 0|req: 1129/2274] 10.0.0.101 () {34 vars in 670 bytes} [Tue Jun 9 16:21:55 2026] POST /v2.0/networks => generated 669 bytes in 1564 msecs (HTTP/1.1 201) 4 headers in 162 bytes (1 switches on core 0)
2026-06-09 16:21:57.214 8 INFO neutron.plugins.ml2.drivers.ovn.mech_driver.mech_driver [None req-0ee5a21d-67a0-43fe-923e-61898eb783bd - - - - - -] OVN reports status down for port: e2776b75-94ed-402e-8a2d-84237da078b8
2026-06-09 16:21:57.369 8 WARNING neutron.plugins.ml2.drivers.ovn.mech_driver.ovsdb.ovn_client [None req-0ee5a21d-67a0-43fe-923e-61898eb783bd - - - - - -] Logical_Switch_Port e2776b75-94ed-402e-8a2d-84237da078b8 host information not removed, the port state is up
2026-06-09 16:21:57.370 8 INFO neutron.plugins.ml2.drivers.ovn.mech_driver.mech_driver [None req-0ee5a21d-67a0-43fe-923e-61898eb783bd - - - - - -] OVN reports status up for port: e2776b75-94ed-402e-8a2d-84237da078b8
2026-06-09 16:21:57.393 8 INFO neutron.plugins.ml2.plugin [None req-0ee5a21d-67a0-43fe-923e-61898eb783bd - - - - - -] Attempt 1 to provision port e2776b75-94ed-402e-8a2d-84237da078b8
2026-06-09 16:21:57.739 7 WARNING neutron.scheduler.dhcp_agent_scheduler [None req-7e6a5716-de8f-4134-b4c7-ea6c49a3b89e 3eebe67c7cbd45bf875cd83313806b75 d89455d359f2494d8bbc27fef71893ed - - default default] No more DHCP agents
2026-06-09 16:21:57.741 7 WARNING neutron.api.rpc.agentnotifiers.dhcp_rpc_agent_api [None req-7e6a5716-de8f-4134-b4c7-ea6c49a3b89e 3eebe67c7cbd45bf875cd83313806b75 d89455d359f2494d8bbc27fef71893ed - - default default] Unable to schedule network 0c4d200c-d699-4a2f-9d60-cad868a829c5: no agents available; will retry on subsequent port and subnet creation events.
2026-06-09 16:21:57.877 7 INFO neutron.db.ovn_revision_numbers_db [None req-7e6a5716-de8f-4134-b4c7-ea6c49a3b89e 3eebe67c7cbd45bf875cd83313806b75 d89455d359f2494d8bbc27fef71893ed - - default default] Successfully bumped revision number for resource 2ca40f50-7f6a-4724-a72b-001a7397f60a (type: ports) to 1
2026-06-09 16:21:58.215 8 INFO neutron.db.ovn_revision_numbers_db [None req-0ee5a21d-67a0-43fe-923e-61898eb783bd - - - - - -] Successfully bumped revision number for resource e2776b75-94ed-402e-8a2d-84237da078b8 (type: ports) to 2 [pid: 8|app: 0|req: 1146/2275] 10.0.0.101 () {34 vars in 789 bytes} [Tue Jun 9 16:21:56 2026] PUT /v2.0/routers/ee947e34-046b-4f16-9df0-e7694c4f3123/remove_router_interface => generated 309 bytes in 1489 msecs (HTTP/1.1 200) 4 headers in 157 bytes (1 switches on core 0) /var/lib/openstack/lib/python3.12/site-packages/pycadf/identifier.py:70: UserWarning: Invalid uuid: neutron. To ensure interoperability, identifiers should be a valid uuid. warnings.warn(('Invalid uuid: %s. To ensure interoperability, ' [pid: 8|app: 0|req: 1149/2278] 10.0.0.145 () {28 vars in 579 bytes} [Tue Jun 9 16:21:58 2026] GET /v2.0/ports => generated 18065 bytes in 178 msecs (HTTP/1.1 200) 4 headers in 159 bytes (1 switches on core 0) [pid: 8|app: 0|req: 1150/2279] 10.0.0.101 () {34 vars in 753 bytes} [Tue Jun 9 16:21:58 2026] PUT /v2.0/networks/7d43e003-35cc-43a3-a251-db09f9f01f93/tags => generated 17 bytes in 57 msecs (HTTP/1.1 200) 4 headers in 156 bytes (1 switches on core 0)
2026-06-09 16:21:58.628 7 WARNING neutron.scheduler.dhcp_agent_scheduler [None req-7e6a5716-de8f-4134-b4c7-ea6c49a3b89e 3eebe67c7cbd45bf875cd83313806b75 d89455d359f2494d8bbc27fef71893ed - - default default] No more DHCP agents
2026-06-09 16:21:58.630 7 WARNING neutron.api.rpc.agentnotifiers.dhcp_rpc_agent_api [None req-7e6a5716-de8f-4134-b4c7-ea6c49a3b89e 3eebe67c7cbd45bf875cd83313806b75 d89455d359f2494d8bbc27fef71893ed - - default default] Unable to schedule network 0c4d200c-d699-4a2f-9d60-cad868a829c5: no agents available; will retry on subsequent port and subnet creation events. [pid: 8|app: 0|req: 1151/2280] 10.0.0.101 () {32 vars in 724 bytes} [Tue Jun 9 16:21:58 2026] DELETE /v2.0/subnets/40e6a60f-2335-4e2b-a6cb-27286fea64ae => generated 0 bytes in 162 msecs (HTTP/1.1 204) 3 headers in 131 bytes (1 switches on core 0) [pid: 8|app: 0|req: 1152/2281] 10.0.0.145 () {28 vars in 599 bytes} [Tue Jun 9 16:21:58 2026] GET /v2.0/security-groups => generated 26113 bytes in 34 msecs (HTTP/1.1 200) 4 headers in 159 bytes (1 switches on core 0) [pid: 8|app: 0|req: 1153/2282] 10.0.0.101 () {34 vars in 753 bytes} [Tue Jun 9 16:21:58 2026] PUT /v2.0/networks/24a48acf-be28-45d6-a7cf-e1e637691a1f/tags => generated 25 bytes in 50 msecs (HTTP/1.1 200) 4 headers in 156 bytes (1 switches on core 0)
2026-06-09 16:21:58.953 7 INFO neutron.db.ovn_revision_numbers_db [None req-7e6a5716-de8f-4134-b4c7-ea6c49a3b89e 3eebe67c7cbd45bf875cd83313806b75 d89455d359f2494d8bbc27fef71893ed - - default default] Successfully bumped revision number for resource 2ca40f50-7f6a-4724-a72b-001a7397f60a (type: router_ports) to 1 [pid: 7|app: 0|req: 1130/2283] 10.0.0.101 () {34 vars in 783 bytes} [Tue Jun 9 16:21:57 2026] PUT /v2.0/routers/5f4444d6-67ea-4656-b094-41c5f1b953ea/add_router_interface => generated 309 bytes in 1752 msecs (HTTP/1.1 200) 4 headers in 157 bytes (1 switches on core 0) [pid: 7|app: 0|req: 1131/2284] 10.0.0.145 () {28 vars in 581 bytes} [Tue Jun 9 16:21:58 2026] GET /v2.0/agents => generated 1214 bytes in 28 msecs (HTTP/1.1 200) 4 headers in 158 bytes (1 switches on core 0) [pid: 7|app: 0|req: 1132/2285] 10.0.0.101 () {34 vars in 753 bytes} [Tue Jun 9 16:21:58 2026] PUT /v2.0/networks/fbc5c0b0-6b5f-4c50-a40d-0c1067636b48/tags => generated 34 bytes in 63 msecs (HTTP/1.1 200) 4 headers in 156 bytes (1 switches on core 0)
2026-06-09 16:21:59.141 8 INFO neutron_taas.services.taas.taas_plugin [None req-55f3ef1f-2546-4e31-8ceb-6f8106f811c4 b0dcabc72e2e42ad89eea8e76ba613ae ca1a396672ae44d4a90e0ab2c9480861 - - default default] TaaS: Handle Delete Port: 0d90a502-74a6-4653-a2e3-bbf1c9308669
2026-06-09 16:21:59.144 8 INFO neutron_taas.services.taas.tap_mirror_plugin [None req-55f3ef1f-2546-4e31-8ceb-6f8106f811c4 b0dcabc72e2e42ad89eea8e76ba613ae ca1a396672ae44d4a90e0ab2c9480861 - - default default] Tap Mirror: Handle Delete Port: 0d90a502-74a6-4653-a2e3-bbf1c9308669 [pid: 8|app: 0|req: 1154/2286] 10.0.0.101 () {32 vars in 724 bytes} [Tue Jun 9 16:21:58 2026] DELETE /v2.0/routers/ee947e34-046b-4f16-9df0-e7694c4f3123 => generated 0 bytes in 762 msecs (HTTP/1.1 204) 2 headers in 112 bytes (1 switches on core 0)
2026-06-09 16:21:59.585 7 WARNING neutron.scheduler.dhcp_agent_scheduler [None req-916b6bb1-11d2-4287-83aa-464aac1db81b 3eebe67c7cbd45bf875cd83313806b75 d89455d359f2494d8bbc27fef71893ed - - default default] No more DHCP agents
2026-06-09 16:21:59.586 7 WARNING neutron.api.rpc.agentnotifiers.dhcp_rpc_agent_api [None req-916b6bb1-11d2-4287-83aa-464aac1db81b 3eebe67c7cbd45bf875cd83313806b75 d89455d359f2494d8bbc27fef71893ed - - default default] Unable to schedule network ebb9c5ae-e223-414b-b531-b9092ab30fc0: no agents available; will retry on subsequent port and subnet creation events. [pid: 8|app: 0|req: 1155/2287] 10.0.0.145 () {28 vars in 585 bytes} [Tue Jun 9 16:21:59 2026] GET /v2.0/networks => generated 9277 bytes in 78 msecs (HTTP/1.1 200) 4 headers in 158 bytes (1 switches on core 0) [pid: 8|app: 0|req: 1156/2288] 10.0.0.101 () {34 vars in 753 bytes} [Tue Jun 9 16:21:59 2026] PUT /v2.0/networks/cafba044-7eb4-48b7-a1cc-5ac9a19f894c/tags => generated 19 bytes in 61 msecs (HTTP/1.1 200) 4 headers in 156 bytes (1 switches on core 0)
2026-06-09 16:21:59.729 7 INFO neutron.db.ovn_revision_numbers_db [None req-916b6bb1-11d2-4287-83aa-464aac1db81b 3eebe67c7cbd45bf875cd83313806b75 d89455d359f2494d8bbc27fef71893ed - - default default] Successfully bumped revision number for resource 67da0ce4-679d-4622-ae3e-c28d3290aade (type: ports) to 1
2026-06-09 16:21:59.879 8 INFO neutron_taas.services.taas.taas_plugin [None req-be6d989c-6510-49b5-8d22-91c2ee33ccf7 b0dcabc72e2e42ad89eea8e76ba613ae ca1a396672ae44d4a90e0ab2c9480861 - - default default] TaaS: Handle Delete Port: dd0876a4-4ee0-4a88-b713-e93fa6c67b24
2026-06-09 16:21:59.885 8 INFO neutron_taas.services.taas.tap_mirror_plugin [None req-be6d989c-6510-49b5-8d22-91c2ee33ccf7 b0dcabc72e2e42ad89eea8e76ba613ae ca1a396672ae44d4a90e0ab2c9480861 - - default default] Tap Mirror: Handle Delete Port: dd0876a4-4ee0-4a88-b713-e93fa6c67b24
2026-06-09 16:22:00.090 8 INFO neutron.services.segments.plugin [-] Segment d88c429b-13d5-4fab-9c59-cfe15061f072 resource provider aggregate not found
2026-06-09 16:22:00.095 8 INFO neutron.services.segments.plugin [-] Segment d88c429b-13d5-4fab-9c59-cfe15061f072 resource provider aggregate not found
2026-06-09 16:22:00.115 8 INFO neutron.services.segments.plugin [-] Segment d88c429b-13d5-4fab-9c59-cfe15061f072 resource provider not found; error: Placement Client Error (4xx): {"errors": [{"status": 404, "title": "Not Found", "detail": "The resource could not be found.\n\n No resource provider with uuid d88c429b-13d5-4fab-9c59-cfe15061f072 found for delete ", "request_id": "req-1d574611-378e-43bc-b8d6-a3f08cd5f8e4"}]}
2026-06-09 16:22:00.116 8 INFO neutron.services.segments.plugin [-] Segment d88c429b-13d5-4fab-9c59-cfe15061f072 resource provider not found; error: Placement Client Error (4xx): {"errors": [{"status": 404, "title": "Not Found", "detail": "The resource could not be found.\n\n No resource provider with uuid d88c429b-13d5-4fab-9c59-cfe15061f072 found for delete ", "request_id": "req-924c42b8-f987-4264-b37e-12d92709b5fc"}]} [pid: 8|app: 0|req: 1157/2289] 10.0.0.101 () {32 vars in 726 bytes} [Tue Jun 9 16:21:59 2026] DELETE /v2.0/networks/89a93004-592c-4e44-a239-937444d88c0b => generated 0 bytes in 461 msecs (HTTP/1.1 204) 3 headers in 131 bytes (1 switches on core 0) [pid: 8|app: 0|req: 1158/2290] 10.0.0.145 () {28 vars in 583 bytes} [Tue Jun 9 16:22:00 2026] GET /v2.0/routers => generated 966 bytes in 70 msecs (HTTP/1.1 200) 4 headers in 157 bytes (1 switches on core 0) [pid: 8|app: 0|req: 1159/2291] 10.0.0.101 () {32 vars in 666 bytes} [Tue Jun 9 16:22:00 2026] GET /v2.0/networks?tags=red => generated 1988 bytes in 49 msecs (HTTP/1.1 200) 4 headers in 158 bytes (1 switches on core 0) [pid: 8|app: 0|req: 1160/2292] 10.0.0.145 () {28 vars in 624 bytes} [Tue Jun 9 16:22:00 2026] GET /v2.0/agents?binary=ovn-controller => generated 416 bytes in 10 msecs (HTTP/1.1 200) 4 headers in 157 bytes (1 switches on core 0) [pid: 8|app: 0|req: 1161/2293] 10.0.0.101 () {32 vars in 680 bytes} [Tue Jun 9 16:22:00 2026] GET /v2.0/networks?tags=red%2Cblue => generated 1338 bytes in 48 msecs (HTTP/1.1 200) 4 headers in 158 bytes (1 switches on core 0) [pid: 8|app: 0|req: 1162/2294] 10.0.0.145 () {28 vars in 619 bytes} [Tue Jun 9 16:22:00 2026] GET /v2.0/network-ip-availabilities => generated 4524 bytes in 19 msecs (HTTP/1.1 200) 4 headers in 158 bytes (1 switches on core 0) [pid: 8|app: 0|req: 1163/2295] 10.0.0.101 () {32 vars in 676 bytes} [Tue Jun 9 16:22:00 2026] GET /v2.0/networks?tags-any=blue => generated 1338 bytes in 49 msecs (HTTP/1.1 200) 4 headers in 158 bytes (1 switches on core 0) [pid: 8|app: 0|req: 1164/2296] 10.0.0.145 () {28 vars in 583 bytes} [Tue Jun 9 16:22:00 2026] GET /v2.0/subnets => generated 5510 bytes in 50 msecs (HTTP/1.1 200) 4 headers in 158 bytes (1 switches on core 0) [pid: 8|app: 0|req: 1165/2297] 10.0.0.101 () {32 vars in 688 bytes} [Tue Jun 9 16:22:00 2026] GET /v2.0/networks?tags-any=red%2Cblue => generated 1988 bytes in 46 msecs (HTTP/1.1 200) 4 headers in 158 bytes (1 switches on core 0) [pid: 8|app: 0|req: 1166/2298] 10.0.0.145 () {28 vars in 591 bytes} [Tue Jun 9 16:22:00 2026] GET /v2.0/subnetpools => generated 19 bytes in 24 msecs (HTTP/1.1 200) 4 headers in 156 bytes (1 switches on core 0)
2026-06-09 16:22:00.567 7 WARNING neutron.scheduler.dhcp_agent_scheduler [None req-916b6bb1-11d2-4287-83aa-464aac1db81b 3eebe67c7cbd45bf875cd83313806b75 d89455d359f2494d8bbc27fef71893ed - - default default] No more DHCP agents [pid: 8|app: 0|req: 1167/2299] 10.0.0.101 () {32 vars in 674 bytes} [Tue Jun 9 16:22:00 2026] GET /v2.0/networks?not-tags=red => generated 1987 bytes in 61 msecs (HTTP/1.1 200) 4 headers in 158 bytes (1 switches on core 0)
2026-06-09 16:22:00.570 7 WARNING neutron.api.rpc.agentnotifiers.dhcp_rpc_agent_api [None req-916b6bb1-11d2-4287-83aa-464aac1db81b 3eebe67c7cbd45bf875cd83313806b75 d89455d359f2494d8bbc27fef71893ed - - default default] Unable to schedule network ebb9c5ae-e223-414b-b531-b9092ab30fc0: no agents available; will retry on subsequent port and subnet creation events. [pid: 8|app: 0|req: 1168/2300] 10.0.0.145 () {28 vars in 591 bytes} [Tue Jun 9 16:22:00 2026] GET /v2.0/floatingips => generated 19 bytes in 14 msecs (HTTP/1.1 200) 4 headers in 156 bytes (1 switches on core 0) [pid: 8|app: 0|req: 1169/2301] 10.0.0.101 () {32 vars in 688 bytes} [Tue Jun 9 16:22:00 2026] GET /v2.0/networks?not-tags=red%2Cblue => generated 2637 bytes in 79 msecs (HTTP/1.1 200) 4 headers in 158 bytes (1 switches on core 0) [pid: 8|app: 0|req: 1170/2302] 10.0.0.101 () {32 vars in 684 bytes} [Tue Jun 9 16:22:00 2026] GET /v2.0/networks?not-tags-any=blue => generated 2637 bytes in 68 msecs (HTTP/1.1 200) 4 headers in 158 bytes (1 switches on core 0) [pid: 8|app: 0|req: 1171/2303] 10.0.0.101 () {32 vars in 696 bytes} [Tue Jun 9 16:22:00 2026] GET /v2.0/networks?not-tags-any=red%2Cblue => generated 1987 bytes in 43 msecs (HTTP/1.1 200) 4 headers in 158 bytes (1 switches on core 0)
2026-06-09 16:22:00.902 7 INFO neutron.db.ovn_revision_numbers_db [None req-916b6bb1-11d2-4287-83aa-464aac1db81b 3eebe67c7cbd45bf875cd83313806b75 d89455d359f2494d8bbc27fef71893ed - - default default] Successfully bumped revision number for resource 67da0ce4-679d-4622-ae3e-c28d3290aade (type: router_ports) to 1 [pid: 7|app: 0|req: 1133/2304] 10.0.0.101 () {34 vars in 783 bytes} [Tue Jun 9 16:21:59 2026] PUT /v2.0/routers/5f4444d6-67ea-4656-b094-41c5f1b953ea/add_router_interface => generated 309 bytes in 1857 msecs (HTTP/1.1 200) 4 headers in 157 bytes (1 switches on core 0) [pid: 8|app: 0|req: 1172/2305] 10.0.0.101 () {32 vars in 774 bytes} [Tue Jun 9 16:22:00 2026] GET /v2.0/security-groups?tenant_id=ca1a396672ae44d4a90e0ab2c9480861&name=default => generated 2925 bytes in 154 msecs (HTTP/1.1 200) 4 headers in 158 bytes (1 switches on core 0)
2026-06-09 16:22:01.029 7 INFO neutron_taas.services.taas.taas_plugin [None req-dcc557b0-2d64-4b5d-a50d-2f9ee6271d66 1716d574fdf5460dbcb2ead778b6b204 1e649c8701fd4a2f8cca99483a245262 - - default default] TaaS: Handle Delete Port: 9a10940a-f087-470d-aeeb-c23ea30c6f27
2026-06-09 16:22:01.033 7 INFO neutron_taas.services.taas.tap_mirror_plugin [None req-dcc557b0-2d64-4b5d-a50d-2f9ee6271d66 1716d574fdf5460dbcb2ead778b6b204 1e649c8701fd4a2f8cca99483a245262 - - default default] Tap Mirror: Handle Delete Port: 9a10940a-f087-470d-aeeb-c23ea30c6f27 [pid: 8|app: 0|req: 1173/2306] 10.0.0.101 () {32 vars in 740 bytes} [Tue Jun 9 16:22:00 2026] DELETE /v2.0/security-groups/c653d903-8575-43bb-875c-2073e80e3a08 => generated 0 bytes in 244 msecs (HTTP/1.1 204) 2 headers in 112 bytes (1 switches on core 0)
2026-06-09 16:22:01.217 7 INFO neutron.services.segments.plugin [-] Segment db9f0af6-7700-4c34-a317-1e380fdea28c resource provider aggregate not found
2026-06-09 16:22:01.225 7 INFO neutron.services.segments.plugin [-] Segment db9f0af6-7700-4c34-a317-1e380fdea28c resource provider aggregate not found
2026-06-09 16:22:01.244 7 INFO neutron.services.segments.plugin [-] Segment db9f0af6-7700-4c34-a317-1e380fdea28c resource provider not found; error: Placement Client Error (4xx): {"errors": [{"status": 404, "title": "Not Found", "detail": "The resource could not be found.\n\n No resource provider with uuid db9f0af6-7700-4c34-a317-1e380fdea28c found for delete ", "request_id": "req-d6056c65-8ccb-42aa-850e-1405d58cc3b6"}]}
2026-06-09 16:22:01.248 7 INFO neutron.services.segments.plugin [-] Segment db9f0af6-7700-4c34-a317-1e380fdea28c resource provider not found; error: Placement Client Error (4xx): {"errors": [{"status": 404, "title": "Not Found", "detail": "The resource could not be found.\n\n No resource provider with uuid db9f0af6-7700-4c34-a317-1e380fdea28c found for delete ", "request_id": "req-e9792741-5bb3-46ae-a931-48ccfb9a584a"}]} [pid: 7|app: 0|req: 1134/2307] 10.0.0.101 () {32 vars in 726 bytes} [Tue Jun 9 16:22:00 2026] DELETE /v2.0/networks/7d43e003-35cc-43a3-a251-db09f9f01f93 => generated 0 bytes in 354 msecs (HTTP/1.1 204) 3 headers in 131 bytes (1 switches on core 0)
2026-06-09 16:22:01.310 8 INFO neutron.db.ovn_revision_numbers_db [None req-be3865fd-f98a-4c2b-afc3-a029a7e479b2 3eebe67c7cbd45bf875cd83313806b75 d89455d359f2494d8bbc27fef71893ed - - default default] Successfully bumped revision number for resource 69d21a50-fbab-4c44-8deb-2376bb9c1b80 (type: security_groups) to 1
2026-06-09 16:22:01.327 8 INFO neutron.db.ovn_revision_numbers_db [None req-be3865fd-f98a-4c2b-afc3-a029a7e479b2 3eebe67c7cbd45bf875cd83313806b75 d89455d359f2494d8bbc27fef71893ed - - default default] Successfully bumped revision number for resource 0df70168-09e9-4180-a5c6-8b1b45098cf8 (type: security_group_rules) to 0
2026-06-09 16:22:01.340 8 INFO neutron.db.ovn_revision_numbers_db [None req-be3865fd-f98a-4c2b-afc3-a029a7e479b2 3eebe67c7cbd45bf875cd83313806b75 d89455d359f2494d8bbc27fef71893ed - - default default] Successfully bumped revision number for resource f7353f1b-990d-4b15-b1e5-77fb61006406 (type: security_group_rules) to 0 [pid: 8|app: 0|req: 1174/2308] 10.0.0.101 () {34 vars in 684 bytes} [Tue Jun 9 16:22:01 2026] POST /v2.0/security-groups => generated 1627 bytes in 199 msecs (HTTP/1.1 201) 4 headers in 163 bytes (1 switches on core 0)
2026-06-09 16:22:01.413 7 INFO neutron_taas.services.taas.taas_plugin [None req-64fa64f1-302c-47d6-b554-9c03b4f1303c 1716d574fdf5460dbcb2ead778b6b204 1e649c8701fd4a2f8cca99483a245262 - - default default] TaaS: Handle Delete Port: 5d5c5533-eda0-46f9-aed7-34b628b05345
2026-06-09 16:22:01.416 7 INFO neutron_taas.services.taas.tap_mirror_plugin [None req-64fa64f1-302c-47d6-b554-9c03b4f1303c 1716d574fdf5460dbcb2ead778b6b204 1e649c8701fd4a2f8cca99483a245262 - - default default] Tap Mirror: Handle Delete Port: 5d5c5533-eda0-46f9-aed7-34b628b05345
2026-06-09 16:22:01.501 8 INFO neutron.db.ovn_revision_numbers_db [None req-2acc6de4-dc1d-4b46-9c9d-7c309b143c46 547a138cd12844c48d381fd5993b368b 4859efcf832943909d26bca6bf8a05ed - - default default] Successfully bumped revision number for resource 42e8c22d-72ec-467f-a5f9-091e929f5436 (type: security_groups) to 1
2026-06-09 16:22:01.517 8 INFO neutron.db.ovn_revision_numbers_db [None req-2acc6de4-dc1d-4b46-9c9d-7c309b143c46 547a138cd12844c48d381fd5993b368b 4859efcf832943909d26bca6bf8a05ed - - default default] Successfully bumped revision number for resource 00913506-96bb-4761-bbae-db52b03aa4e5 (type: security_group_rules) to 0
2026-06-09 16:22:01.529 8 INFO neutron.db.ovn_revision_numbers_db [None req-2acc6de4-dc1d-4b46-9c9d-7c309b143c46 547a138cd12844c48d381fd5993b368b 4859efcf832943909d26bca6bf8a05ed - - default default] Successfully bumped revision number for resource 5d036a91-0f2b-4703-b997-ee0177f72cc8 (type: security_group_rules) to 0
