2026-08-13 02:24:29.233 8 INFO neutron.plugins.ml2.plugin [None req-318ad6c7-d885-476b-bdfc-120f20f41f2d - - - - - -] Attempt 1 to provision port aba58243-534e-48ed-a4da-79fd045f868d
2026-08-13 02:24:29.311 7 INFO neutron.db.ovn_revision_numbers_db [None req-97b1ee75-3290-4354-825c-08ec32289e68 cdd141688c7a450cbedc35d9f52eed53 a08785c5e28d4bfcbb6feb25a8b373a7 - - default default] Successfully bumped revision number for resource ff416492-ef63-40bf-b443-935f1958f4eb (type: routers) to 2 [pid: 7|app: 0|req: 972/2012] 10.0.0.129 () {34 vars in 669 bytes} [Thu Aug 13 02:24:27 2026] POST /v2.0/routers => generated 948 bytes in 1475 msecs (HTTP/1.1 201) 4 headers in 162 bytes (1 switches on core 0)
2026-08-13 02:24:29.460 7 INFO neutron.db.ovn_revision_numbers_db [None req-e8c2ecfb-b329-41c2-8340-b35022827d6d 44f6204a70d34da1af5808c0019d76c5 ddcd319c4dd9482fb7576dc85629dec1 - - default default] Successfully bumped revision number for resource 16dfce03-09aa-4057-9d4f-6c906f46764d (type: security_groups) to 1
2026-08-13 02:24:29.472 7 INFO neutron.db.ovn_revision_numbers_db [None req-e8c2ecfb-b329-41c2-8340-b35022827d6d 44f6204a70d34da1af5808c0019d76c5 ddcd319c4dd9482fb7576dc85629dec1 - - default default] Successfully bumped revision number for resource 064d10ac-4a93-4bfb-9d77-e19e58c201ea (type: security_group_rules) to 0
2026-08-13 02:24:29.486 7 INFO neutron.db.ovn_revision_numbers_db [None req-e8c2ecfb-b329-41c2-8340-b35022827d6d 44f6204a70d34da1af5808c0019d76c5 ddcd319c4dd9482fb7576dc85629dec1 - - default default] Successfully bumped revision number for resource 608e0be3-75ce-4760-bf73-ddd494a9931d (type: security_group_rules) to 0
2026-08-13 02:24:29.500 7 INFO neutron.db.ovn_revision_numbers_db [None req-e8c2ecfb-b329-41c2-8340-b35022827d6d 44f6204a70d34da1af5808c0019d76c5 ddcd319c4dd9482fb7576dc85629dec1 - - default default] Successfully bumped revision number for resource aa23670b-a9c8-40c1-99a6-84f87dcb4c7c (type: security_group_rules) to 0
2026-08-13 02:24:29.513 7 INFO neutron.db.ovn_revision_numbers_db [None req-e8c2ecfb-b329-41c2-8340-b35022827d6d 44f6204a70d34da1af5808c0019d76c5 ddcd319c4dd9482fb7576dc85629dec1 - - default default] Successfully bumped revision number for resource aafffdc8-84aa-44ad-a8f2-88bdb4d3962d (type: security_group_rules) to 0 [pid: 7|app: 0|req: 973/2013] 10.0.0.129 () {32 vars in 774 bytes} [Thu Aug 13 02:24:29 2026] GET /v2.0/security-groups?tenant_id=5f6a0e86f6e64828bdef34a5bfcb3233&name=default => generated 2925 bytes in 214 msecs (HTTP/1.1 200) 4 headers in 158 bytes (1 switches on core 0) [pid: 7|app: 0|req: 974/2014] 10.0.0.129 () {32 vars in 721 bytes} [Thu Aug 13 02:24:29 2026] GET /v2.0/routers/ff416492-ef63-40bf-b443-935f1958f4eb => generated 954 bytes in 55 msecs (HTTP/1.1 200) 4 headers in 157 bytes (1 switches on core 0)
2026-08-13 02:24:29.717 8 INFO neutron.db.ovn_revision_numbers_db [None req-3dc0c8e5-15cd-4530-a876-2441a05ab40f - - - - - -] Successfully bumped revision number for resource 65214703-47e1-426b-8063-0986d9687920 (type: ports) to 2
2026-08-13 02:24:29.750 8 INFO neutron.db.ovn_revision_numbers_db [None req-3dc0c8e5-15cd-4530-a876-2441a05ab40f - - - - - -] Successfully bumped revision number for resource a3ce5472-6ca3-4854-997c-1985d9516b7f (type: subnets) to 0 [pid: 8|app: 0|req: 1041/2015] 10.0.0.129 () {34 vars in 669 bytes} [Thu Aug 13 02:24:28 2026] POST /v2.0/subnets => generated 629 bytes in 782 msecs (HTTP/1.1 201) 4 headers in 162 bytes (1 switches on core 0) [pid: 7|app: 0|req: 975/2016] 10.0.0.129 () {32 vars in 740 bytes} [Thu Aug 13 02:24:29 2026] DELETE /v2.0/security-groups/16dfce03-09aa-4057-9d4f-6c906f46764d => generated 0 bytes in 216 msecs (HTTP/1.1 204) 2 headers in 112 bytes (1 switches on core 0) [pid: 8|app: 0|req: 1042/2017] 10.0.0.129 () {32 vars in 647 bytes} [Thu Aug 13 02:24:29 2026] GET /v2.0/routers => generated 957 bytes in 67 msecs (HTTP/1.1 200) 4 headers in 157 bytes (1 switches on core 0) [pid: 7|app: 0|req: 976/2018] 10.0.0.129 () {34 vars in 751 bytes} [Thu Aug 13 02:24:29 2026] PUT /v2.0/subnets/bdcedba7-ffc7-4882-bae5-e9b078a72b24/tags => generated 17 bytes in 52 msecs (HTTP/1.1 200) 4 headers in 156 bytes (1 switches on core 0) [pid: 7|app: 0|req: 977/2019] 10.0.0.129 () {34 vars in 751 bytes} [Thu Aug 13 02:24:29 2026] PUT /v2.0/subnets/3482f5ed-562b-4f5e-a59c-4b7867e33c39/tags => generated 25 bytes in 43 msecs (HTTP/1.1 200) 4 headers in 156 bytes (1 switches on core 0) [pid: 7|app: 0|req: 978/2020] 10.0.0.129 () {34 vars in 751 bytes} [Thu Aug 13 02:24:29 2026] PUT /v2.0/subnets/eb059297-b7e4-4707-9f4d-b16a72951ed5/tags => generated 34 bytes in 42 msecs (HTTP/1.1 200) 4 headers in 156 bytes (1 switches on core 0) [pid: 7|app: 0|req: 979/2021] 10.0.0.129 () {34 vars in 751 bytes} [Thu Aug 13 02:24:29 2026] PUT /v2.0/subnets/3e2b00a9-ea32-47c3-bd2f-a104a3353620/tags => generated 19 bytes in 54 msecs (HTTP/1.1 200) 4 headers in 156 bytes (1 switches on core 0) [pid: 7|app: 0|req: 980/2022] 10.0.0.129 () {32 vars in 664 bytes} [Thu Aug 13 02:24:30 2026] GET /v2.0/subnets?tags=red => generated 1904 bytes in 45 msecs (HTTP/1.1 200) 4 headers in 158 bytes (1 switches on core 0) [pid: 7|app: 0|req: 981/2023] 10.0.0.129 () {32 vars in 678 bytes} [Thu Aug 13 02:24:30 2026] GET /v2.0/subnets?tags=red%2Cblue => generated 1283 bytes in 33 msecs (HTTP/1.1 200) 4 headers in 158 bytes (1 switches on core 0) [pid: 7|app: 0|req: 982/2024] 10.0.0.129 () {32 vars in 674 bytes} [Thu Aug 13 02:24:30 2026] GET /v2.0/subnets?tags-any=blue => generated 1283 bytes in 41 msecs (HTTP/1.1 200) 4 headers in 158 bytes (1 switches on core 0) [pid: 7|app: 0|req: 983/2025] 10.0.0.129 () {32 vars in 686 bytes} [Thu Aug 13 02:24:30 2026] GET /v2.0/subnets?tags-any=red%2Cblue => generated 1904 bytes in 43 msecs (HTTP/1.1 200) 4 headers in 158 bytes (1 switches on core 0)
2026-08-13 02:24:30.242 8 INFO neutron.db.ovn_revision_numbers_db [None req-641fb1b9-9ca3-43dc-82f2-5a40a331be1b cdd141688c7a450cbedc35d9f52eed53 a08785c5e28d4bfcbb6feb25a8b373a7 - - default default] Successfully bumped revision number for resource ff416492-ef63-40bf-b443-935f1958f4eb (type: routers) to 3 [pid: 8|app: 0|req: 1043/2026] 10.0.0.129 () {34 vars in 741 bytes} [Thu Aug 13 02:24:29 2026] PUT /v2.0/routers/ff416492-ef63-40bf-b443-935f1958f4eb => generated 961 bytes in 410 msecs (HTTP/1.1 200) 4 headers in 157 bytes (1 switches on core 0) [pid: 7|app: 0|req: 984/2027] 10.0.0.129 () {32 vars in 672 bytes} [Thu Aug 13 02:24:30 2026] GET /v2.0/subnets?not-tags=red => generated 1894 bytes in 50 msecs (HTTP/1.1 200) 4 headers in 158 bytes (1 switches on core 0) [pid: 8|app: 0|req: 1044/2028] 10.0.0.129 () {32 vars in 721 bytes} [Thu Aug 13 02:24:30 2026] GET /v2.0/routers/ff416492-ef63-40bf-b443-935f1958f4eb => generated 961 bytes in 85 msecs (HTTP/1.1 200) 4 headers in 157 bytes (1 switches on core 0) [pid: 7|app: 0|req: 985/2029] 10.0.0.129 () {32 vars in 686 bytes} [Thu Aug 13 02:24:30 2026] GET /v2.0/subnets?not-tags=red%2Cblue => generated 2515 bytes in 68 msecs (HTTP/1.1 200) 4 headers in 158 bytes (1 switches on core 0) [pid: 8|app: 0|req: 1045/2030] 10.0.0.129 () {32 vars in 736 bytes} [Thu Aug 13 02:24:30 2026] GET /v2.0/ports?device_id=ff416492-ef63-40bf-b443-935f1958f4eb => generated 12 bytes in 22 msecs (HTTP/1.1 200) 4 headers in 156 bytes (1 switches on core 0) [pid: 7|app: 0|req: 986/2031] 10.0.0.129 () {32 vars in 682 bytes} [Thu Aug 13 02:24:30 2026] GET /v2.0/subnets?not-tags-any=blue => generated 2515 bytes in 47 msecs (HTTP/1.1 200) 4 headers in 158 bytes (1 switches on core 0) [pid: 7|app: 0|req: 987/2032] 10.0.0.129 () {32 vars in 694 bytes} [Thu Aug 13 02:24:30 2026] GET /v2.0/subnets?not-tags-any=red%2Cblue => generated 1894 bytes in 31 msecs (HTTP/1.1 200) 4 headers in 158 bytes (1 switches on core 0) [pid: 7|app: 0|req: 988/2033] 10.0.0.129 () {32 vars in 724 bytes} [Thu Aug 13 02:24:30 2026] DELETE /v2.0/subnets/bdcedba7-ffc7-4882-bae5-e9b078a72b24 => generated 0 bytes in 151 msecs (HTTP/1.1 204) 3 headers in 131 bytes (1 switches on core 0) [pid: 7|app: 0|req: 989/2034] 10.0.0.129 () {32 vars in 724 bytes} [Thu Aug 13 02:24:30 2026] DELETE /v2.0/subnets/3482f5ed-562b-4f5e-a59c-4b7867e33c39 => generated 0 bytes in 149 msecs (HTTP/1.1 204) 3 headers in 131 bytes (1 switches on core 0)
2026-08-13 02:24:30.743 8 INFO neutron_taas.services.taas.taas_plugin [None req-be4b3b51-411c-454e-9ebf-a3d24fc1807d cdd141688c7a450cbedc35d9f52eed53 a08785c5e28d4bfcbb6feb25a8b373a7 - - default default] TaaS: Handle Delete Port: aba58243-534e-48ed-a4da-79fd045f868d
2026-08-13 02:24:30.746 8 INFO neutron_taas.services.taas.tap_mirror_plugin [None req-be4b3b51-411c-454e-9ebf-a3d24fc1807d cdd141688c7a450cbedc35d9f52eed53 a08785c5e28d4bfcbb6feb25a8b373a7 - - default default] Tap Mirror: Handle Delete Port: aba58243-534e-48ed-a4da-79fd045f868d [pid: 7|app: 0|req: 990/2035] 10.0.0.129 () {32 vars in 724 bytes} [Thu Aug 13 02:24:30 2026] DELETE /v2.0/subnets/eb059297-b7e4-4707-9f4d-b16a72951ed5 => generated 0 bytes in 176 msecs (HTTP/1.1 204) 3 headers in 131 bytes (1 switches on core 0) [pid: 7|app: 0|req: 991/2036] 10.0.0.129 () {32 vars in 724 bytes} [Thu Aug 13 02:24:30 2026] DELETE /v2.0/subnets/3e2b00a9-ea32-47c3-bd2f-a104a3353620 => generated 0 bytes in 167 msecs (HTTP/1.1 204) 3 headers in 131 bytes (1 switches on core 0) [pid: 7|app: 0|req: 992/2037] 10.0.0.129 () {32 vars in 724 bytes} [Thu Aug 13 02:24:31 2026] DELETE /v2.0/subnets/a3ce5472-6ca3-4854-997c-1985d9516b7f => generated 0 bytes in 177 msecs (HTTP/1.1 204) 3 headers in 131 bytes (1 switches on core 0)
2026-08-13 02:24:31.429 7 INFO neutron_taas.services.taas.taas_plugin [None req-2f864909-699b-4e8d-a069-6b1cac3dec9e b3390bb5614d411f9abc1e4f51674f29 21340f064aaa447d9b6170995502ec03 - - default default] TaaS: Handle Delete Port: 7e9d6b16-9cf4-4797-8a36-93c444762f8e
2026-08-13 02:24:31.432 7 INFO neutron_taas.services.taas.tap_mirror_plugin [None req-2f864909-699b-4e8d-a069-6b1cac3dec9e b3390bb5614d411f9abc1e4f51674f29 21340f064aaa447d9b6170995502ec03 - - default default] Tap Mirror: Handle Delete Port: 7e9d6b16-9cf4-4797-8a36-93c444762f8e
2026-08-13 02:24:31.664 7 INFO neutron.services.segments.plugin [-] Segment f3d89e43-5e19-422c-afd7-4995237d0b80 resource provider aggregate not found [pid: 8|app: 0|req: 1046/2038] 10.0.0.129 () {32 vars in 724 bytes} [Thu Aug 13 02:24:30 2026] DELETE /v2.0/routers/ff416492-ef63-40bf-b443-935f1958f4eb => generated 0 bytes in 1294 msecs (HTTP/1.1 204) 2 headers in 112 bytes (1 switches on core 0)
2026-08-13 02:24:31.665 7 INFO neutron.services.segments.plugin [-] Segment f3d89e43-5e19-422c-afd7-4995237d0b80 resource provider aggregate not found
2026-08-13 02:24:31.686 7 INFO neutron.services.segments.plugin [-] Client error retrieving segment f3d89e43-5e19-422c-afd7-4995237d0b80 resource provider; error: Placement Client Error (4xx): {"errors": [{"status": 404, "title": "Not Found", "detail": "The resource could not be found.\n\n No resource provider with uuid f3d89e43-5e19-422c-afd7-4995237d0b80 found for delete ", "request_id": "req-67992e43-10c8-49be-9d95-9f62f5506c6a"}]}
2026-08-13 02:24:31.696 7 INFO neutron.services.segments.plugin [-] Client error retrieving segment f3d89e43-5e19-422c-afd7-4995237d0b80 resource provider; error: Placement Client Error (4xx): {"errors": [{"status": 404, "title": "Not Found", "detail": "The resource could not be found.\n\n No resource provider with uuid f3d89e43-5e19-422c-afd7-4995237d0b80 found for delete ", "request_id": "req-949162e6-5400-4ea7-81af-d9c51dbe210d"}]} [pid: 8|app: 0|req: 1047/2039] 10.0.0.129 () {32 vars in 736 bytes} [Thu Aug 13 02:24:31 2026] GET /v2.0/ports?device_id=ff416492-ef63-40bf-b443-935f1958f4eb => generated 12 bytes in 22 msecs (HTTP/1.1 200) 4 headers in 156 bytes (1 switches on core 0)
2026-08-13 02:24:31.735 8 INFO neutron.api.v2.resource [None req-7db057d9-b334-4ee5-ab84-bbc2fc1c24d4 cdd141688c7a450cbedc35d9f52eed53 a08785c5e28d4bfcbb6feb25a8b373a7 - - default default] delete failed (client error): The resource could not be found. [pid: 7|app: 0|req: 993/2040] 10.0.0.129 () {32 vars in 726 bytes} [Thu Aug 13 02:24:31 2026] DELETE /v2.0/networks/3bed40b2-9976-452c-a140-5b9bc3ff72f9 => generated 0 bytes in 460 msecs (HTTP/1.1 204) 3 headers in 131 bytes (1 switches on core 0) [pid: 8|app: 0|req: 1048/2041] 10.0.0.129 () {32 vars in 724 bytes} [Thu Aug 13 02:24:31 2026] DELETE /v2.0/routers/ff416492-ef63-40bf-b443-935f1958f4eb => generated 135 bytes in 32 msecs (HTTP/1.1 404) 4 headers in 164 bytes (1 switches on core 0) [pid: 8|app: 0|req: 1049/2042] 10.0.0.129 () {32 vars in 736 bytes} [Thu Aug 13 02:24:31 2026] GET /v2.0/ports?device_id=09bee8ba-1452-4cd1-b078-a79bbf5415c9 => generated 12 bytes in 23 msecs (HTTP/1.1 200) 4 headers in 156 bytes (1 switches on core 0)
2026-08-13 02:24:31.795 8 INFO neutron.api.v2.resource [None req-b4a903f6-d27c-439c-8162-128bb1608440 cdd141688c7a450cbedc35d9f52eed53 a08785c5e28d4bfcbb6feb25a8b373a7 - - default default] delete failed (client error): The resource could not be found. [pid: 8|app: 0|req: 1050/2043] 10.0.0.129 () {32 vars in 724 bytes} [Thu Aug 13 02:24:31 2026] DELETE /v2.0/routers/09bee8ba-1452-4cd1-b078-a79bbf5415c9 => generated 135 bytes in 23 msecs (HTTP/1.1 404) 4 headers in 164 bytes (1 switches on core 0)
2026-08-13 02:24:31.816 8 INFO neutron.pecan_wsgi.hooks.translation [None req-305d2c11-2867-4d43-a870-242e5db4ffb2 cdd141688c7a450cbedc35d9f52eed53 a08785c5e28d4bfcbb6feb25a8b373a7 - - default default] DELETE failed (client error): The resource could not be found. [pid: 8|app: 0|req: 1051/2044] 10.0.0.129 () {32 vars in 724 bytes} [Thu Aug 13 02:24:31 2026] DELETE /v2.0/subnets/3219750e-7080-466e-b396-813c11edad95 => generated 136 bytes in 17 msecs (HTTP/1.1 404) 4 headers in 164 bytes (1 switches on core 0) [pid: 8|app: 0|req: 1052/2045] 10.0.0.129 () {32 vars in 736 bytes} [Thu Aug 13 02:24:31 2026] GET /v2.0/ports?device_id=f3f0eebe-c239-4d98-b5c2-7064b909e3bb => generated 12 bytes in 20 msecs (HTTP/1.1 200) 4 headers in 156 bytes (1 switches on core 0)
2026-08-13 02:24:31.850 7 INFO neutron_taas.services.taas.taas_plugin [None req-99ccdb2d-fc47-4cfd-bbba-189c27aac287 b3390bb5614d411f9abc1e4f51674f29 21340f064aaa447d9b6170995502ec03 - - default default] TaaS: Handle Delete Port: 9de8006b-9f57-41f4-81bd-d436e8d730a3
2026-08-13 02:24:31.853 7 INFO neutron_taas.services.taas.tap_mirror_plugin [None req-99ccdb2d-fc47-4cfd-bbba-189c27aac287 b3390bb5614d411f9abc1e4f51674f29 21340f064aaa447d9b6170995502ec03 - - default default] Tap Mirror: Handle Delete Port: 9de8006b-9f57-41f4-81bd-d436e8d730a3
2026-08-13 02:24:31.865 8 INFO neutron.api.v2.resource [None req-b6fd18c1-9801-40d0-a4a7-6c2b441464d7 cdd141688c7a450cbedc35d9f52eed53 a08785c5e28d4bfcbb6feb25a8b373a7 - - default default] delete failed (client error): The resource could not be found. [pid: 8|app: 0|req: 1053/2046] 10.0.0.129 () {32 vars in 724 bytes} [Thu Aug 13 02:24:31 2026] DELETE /v2.0/routers/f3f0eebe-c239-4d98-b5c2-7064b909e3bb => generated 135 bytes in 19 msecs (HTTP/1.1 404) 4 headers in 164 bytes (1 switches on core 0)
2026-08-13 02:24:31.883 8 INFO neutron.pecan_wsgi.hooks.translation [None req-c0afe785-f417-4ec5-a21f-b1d0ef5d47a1 cdd141688c7a450cbedc35d9f52eed53 a08785c5e28d4bfcbb6feb25a8b373a7 - - default default] DELETE failed (client error): The resource could not be found. [pid: 8|app: 0|req: 1054/2047] 10.0.0.129 () {32 vars in 724 bytes} [Thu Aug 13 02:24:31 2026] DELETE /v2.0/subnets/e509de00-52f4-4c00-8951-8012594ef58a => generated 136 bytes in 15 msecs (HTTP/1.1 404) 4 headers in 164 bytes (1 switches on core 0) [pid: 8|app: 0|req: 1055/2048] 10.0.0.129 () {32 vars in 736 bytes} [Thu Aug 13 02:24:31 2026] GET /v2.0/ports?device_id=23e50ca1-2699-448e-b27b-e026d33854e4 => generated 12 bytes in 16 msecs (HTTP/1.1 200) 4 headers in 156 bytes (1 switches on core 0)
2026-08-13 02:24:31.926 8 INFO neutron.api.v2.resource [None req-4167d70a-e8fc-4a4c-b729-67b4886969e2 cdd141688c7a450cbedc35d9f52eed53 a08785c5e28d4bfcbb6feb25a8b373a7 - - default default] delete failed (client error): The resource could not be found. [pid: 8|app: 0|req: 1056/2049] 10.0.0.129 () {32 vars in 724 bytes} [Thu Aug 13 02:24:31 2026] DELETE /v2.0/routers/23e50ca1-2699-448e-b27b-e026d33854e4 => generated 135 bytes in 16 msecs (HTTP/1.1 404) 4 headers in 164 bytes (1 switches on core 0)
2026-08-13 02:24:31.947 8 INFO neutron.pecan_wsgi.hooks.translation [None req-fea641b1-9c30-4fdd-a7c0-6f202f3802ae cdd141688c7a450cbedc35d9f52eed53 a08785c5e28d4bfcbb6feb25a8b373a7 - - default default] DELETE failed (client error): The resource could not be found. [pid: 8|app: 0|req: 1057/2050] 10.0.0.129 () {32 vars in 724 bytes} [Thu Aug 13 02:24:31 2026] DELETE /v2.0/subnets/9e56b759-b9ea-41f8-bcb3-847136a7e8d2 => generated 136 bytes in 19 msecs (HTTP/1.1 404) 4 headers in 164 bytes (1 switches on core 0)
2026-08-13 02:24:31.967 8 INFO neutron.pecan_wsgi.hooks.translation [None req-18a5dd20-1bb2-4a5c-9fe1-712959ebe62e cdd141688c7a450cbedc35d9f52eed53 a08785c5e28d4bfcbb6feb25a8b373a7 - - default default] DELETE failed (client error): The resource could not be found. [pid: 8|app: 0|req: 1058/2051] 10.0.0.129 () {32 vars in 724 bytes} [Thu Aug 13 02:24:31 2026] DELETE /v2.0/subnets/23350b07-038e-4280-b996-53a858e126fe => generated 136 bytes in 15 msecs (HTTP/1.1 404) 4 headers in 164 bytes (1 switches on core 0) [pid: 7|app: 0|req: 994/2052] 10.0.0.129 () {32 vars in 726 bytes} [Thu Aug 13 02:24:31 2026] DELETE /v2.0/networks/61d4eaac-4c44-41cd-b61b-9721f903bd34 => generated 0 bytes in 329 msecs (HTTP/1.1 204) 3 headers in 131 bytes (1 switches on core 0)
2026-08-13 02:24:32.199 8 INFO neutron_taas.services.taas.taas_plugin [None req-e3ed69e2-97cf-4ec3-b96a-b30a85def18e b3390bb5614d411f9abc1e4f51674f29 21340f064aaa447d9b6170995502ec03 - - default default] TaaS: Handle Delete Port: f48fe43f-66c2-4fc1-a536-639374f3b089
2026-08-13 02:24:32.203 8 INFO neutron_taas.services.taas.tap_mirror_plugin [None req-e3ed69e2-97cf-4ec3-b96a-b30a85def18e b3390bb5614d411f9abc1e4f51674f29 21340f064aaa447d9b6170995502ec03 - - default default] Tap Mirror: Handle Delete Port: f48fe43f-66c2-4fc1-a536-639374f3b089
2026-08-13 02:24:32.429 8 INFO neutron.services.segments.plugin [-] Segment cb0b0eb8-3b98-42a5-8184-acc8ebf0e816 resource provider aggregate not found
2026-08-13 02:24:32.435 8 INFO neutron.services.segments.plugin [-] Segment cb0b0eb8-3b98-42a5-8184-acc8ebf0e816 resource provider aggregate not found
2026-08-13 02:24:32.440 8 INFO neutron.services.segments.plugin [-] Client error retrieving segment cb0b0eb8-3b98-42a5-8184-acc8ebf0e816 resource provider; error: Placement Client Error (4xx): {"errors": [{"status": 404, "title": "Not Found", "detail": "The resource could not be found.\n\n No resource provider with uuid cb0b0eb8-3b98-42a5-8184-acc8ebf0e816 found for delete ", "request_id": "req-e7cba266-b252-4496-ba09-1b315db06cf1"}]}
2026-08-13 02:24:32.449 8 INFO neutron.services.segments.plugin [-] Client error retrieving segment cb0b0eb8-3b98-42a5-8184-acc8ebf0e816 resource provider; error: Placement Client Error (4xx): {"errors": [{"status": 404, "title": "Not Found", "detail": "The resource could not be found.\n\n No resource provider with uuid cb0b0eb8-3b98-42a5-8184-acc8ebf0e816 found for delete ", "request_id": "req-be13c41d-38a2-4cae-8d37-94085b48aea2"}]}
2026-08-13 02:24:32.483 7 INFO neutron.db.ovn_revision_numbers_db [None req-1e0d647d-718b-4f2c-a741-8a05b86b1205 44f6204a70d34da1af5808c0019d76c5 ddcd319c4dd9482fb7576dc85629dec1 - - default default] Successfully bumped revision number for resource 16f5abc4-47e4-47d4-8179-52bbb80b4951 (type: security_groups) to 1
2026-08-13 02:24:32.494 7 INFO neutron.db.ovn_revision_numbers_db [None req-1e0d647d-718b-4f2c-a741-8a05b86b1205 44f6204a70d34da1af5808c0019d76c5 ddcd319c4dd9482fb7576dc85629dec1 - - default default] Successfully bumped revision number for resource 09f2e47c-11e0-4c72-8305-6015582ac4de (type: security_group_rules) to 0
2026-08-13 02:24:32.505 7 INFO neutron.db.ovn_revision_numbers_db [None req-1e0d647d-718b-4f2c-a741-8a05b86b1205 44f6204a70d34da1af5808c0019d76c5 ddcd319c4dd9482fb7576dc85629dec1 - - default default] Successfully bumped revision number for resource 4781fc35-3721-4833-822c-e6dff33c3188 (type: security_group_rules) to 0 [pid: 8|app: 0|req: 1059/2053] 10.0.0.129 () {32 vars in 726 bytes} [Thu Aug 13 02:24:32 2026] DELETE /v2.0/networks/6fe9e9e0-5fb8-4829-80cc-89187923cf69 => generated 0 bytes in 430 msecs (HTTP/1.1 204) 3 headers in 131 bytes (1 switches on core 0)
2026-08-13 02:24:32.518 7 INFO neutron.db.ovn_revision_numbers_db [None req-1e0d647d-718b-4f2c-a741-8a05b86b1205 44f6204a70d34da1af5808c0019d76c5 ddcd319c4dd9482fb7576dc85629dec1 - - default default] Successfully bumped revision number for resource c8c85847-febc-49c2-83b0-738405ded59f (type: security_group_rules) to 0
2026-08-13 02:24:32.529 7 INFO neutron.db.ovn_revision_numbers_db [None req-1e0d647d-718b-4f2c-a741-8a05b86b1205 44f6204a70d34da1af5808c0019d76c5 ddcd319c4dd9482fb7576dc85629dec1 - - default default] Successfully bumped revision number for resource cb040777-3b21-40e4-9b94-240a95d499d6 (type: security_group_rules) to 0 [pid: 7|app: 0|req: 995/2054] 10.0.0.129 () {32 vars in 774 bytes} [Thu Aug 13 02:24:32 2026] GET /v2.0/security-groups?tenant_id=b6e31a5355134cdaa4fca1b51c9dc9f1&name=default => generated 2925 bytes in 385 msecs (HTTP/1.1 200) 4 headers in 158 bytes (1 switches on core 0) [pid: 8|app: 0|req: 1060/2055] 10.0.0.129 () {32 vars in 774 bytes} [Thu Aug 13 02:24:32 2026] GET /v2.0/security-groups?tenant_id=a08785c5e28d4bfcbb6feb25a8b373a7&name=default => generated 2925 bytes in 58 msecs (HTTP/1.1 200) 4 headers in 158 bytes (1 switches on core 0)
2026-08-13 02:24:32.674 7 INFO neutron_taas.services.taas.taas_plugin [None req-d00e40a1-50f9-439c-b812-99a98eacca01 b3390bb5614d411f9abc1e4f51674f29 21340f064aaa447d9b6170995502ec03 - - default default] TaaS: Handle Delete Port: 3bb95786-3cd3-45be-835b-d04910b6c875
2026-08-13 02:24:32.680 7 INFO neutron_taas.services.taas.tap_mirror_plugin [None req-d00e40a1-50f9-439c-b812-99a98eacca01 b3390bb5614d411f9abc1e4f51674f29 21340f064aaa447d9b6170995502ec03 - - default default] Tap Mirror: Handle Delete Port: 3bb95786-3cd3-45be-835b-d04910b6c875 [pid: 8|app: 0|req: 1061/2056] 10.0.0.129 () {32 vars in 740 bytes} [Thu Aug 13 02:24:32 2026] DELETE /v2.0/security-groups/16f5abc4-47e4-47d4-8179-52bbb80b4951 => generated 0 bytes in 231 msecs (HTTP/1.1 204) 2 headers in 112 bytes (1 switches on core 0) [pid: 7|app: 0|req: 996/2057] 10.0.0.129 () {32 vars in 726 bytes} [Thu Aug 13 02:24:32 2026] DELETE /v2.0/networks/7e704d68-0d56-419c-a4de-740412109f04 => generated 0 bytes in 326 msecs (HTTP/1.1 204) 3 headers in 131 bytes (1 switches on core 0) [pid: 8|app: 0|req: 1062/2058] 10.0.0.129 () {32 vars in 740 bytes} [Thu Aug 13 02:24:32 2026] DELETE /v2.0/security-groups/c1652a51-9cf3-4358-9275-41a1ba1f3a55 => generated 0 bytes in 216 msecs (HTTP/1.1 204) 2 headers in 112 bytes (1 switches on core 0)
2026-08-13 02:24:33.122 8 INFO neutron_taas.services.taas.taas_plugin [None req-15818e37-243c-4be8-9d67-6c02e4c6d20d b3390bb5614d411f9abc1e4f51674f29 21340f064aaa447d9b6170995502ec03 - - default default] TaaS: Handle Delete Port: 65214703-47e1-426b-8063-0986d9687920
2026-08-13 02:24:33.126 8 INFO neutron_taas.services.taas.tap_mirror_plugin [None req-15818e37-243c-4be8-9d67-6c02e4c6d20d b3390bb5614d411f9abc1e4f51674f29 21340f064aaa447d9b6170995502ec03 - - default default] Tap Mirror: Handle Delete Port: 65214703-47e1-426b-8063-0986d9687920
2026-08-13 02:24:33.168 7 INFO neutron.db.ovn_revision_numbers_db [None req-2f95e649-2520-4dea-a526-6a69083ff3a1 4729c74642ac4d50bb8bff937595b8f3 2d354f17764e4a68a5f5d6557f7531c8 - - default default] Successfully bumped revision number for resource b3af255c-21cb-40c1-9b90-73745ac1cc1e (type: security_groups) to 1
2026-08-13 02:24:33.179 7 INFO neutron.db.ovn_revision_numbers_db [None req-2f95e649-2520-4dea-a526-6a69083ff3a1 4729c74642ac4d50bb8bff937595b8f3 2d354f17764e4a68a5f5d6557f7531c8 - - default default] Successfully bumped revision number for resource 3cac7290-87c8-467d-ba39-f821a9227be5 (type: security_group_rules) to 0
2026-08-13 02:24:33.196 7 INFO neutron.db.ovn_revision_numbers_db [None req-2f95e649-2520-4dea-a526-6a69083ff3a1 4729c74642ac4d50bb8bff937595b8f3 2d354f17764e4a68a5f5d6557f7531c8 - - default default] Successfully bumped revision number for resource 5d0ec83d-7691-4a78-9cb6-06d074c9d421 (type: security_group_rules) to 0
2026-08-13 02:24:33.211 7 INFO neutron.db.ovn_revision_numbers_db [None req-2f95e649-2520-4dea-a526-6a69083ff3a1 4729c74642ac4d50bb8bff937595b8f3 2d354f17764e4a68a5f5d6557f7531c8 - - default default] Successfully bumped revision number for resource 9cba677c-3112-4b0c-8e6f-73942b54dd1c (type: security_group_rules) to 0
2026-08-13 02:24:33.223 7 INFO neutron.db.ovn_revision_numbers_db [None req-2f95e649-2520-4dea-a526-6a69083ff3a1 4729c74642ac4d50bb8bff937595b8f3 2d354f17764e4a68a5f5d6557f7531c8 - - default default] Successfully bumped revision number for resource f743e00a-07ef-4ffb-b161-8b03151e719f (type: security_group_rules) to 0
2026-08-13 02:24:33.346 7 INFO neutron.db.segments_db [None req-2f95e649-2520-4dea-a526-6a69083ff3a1 4729c74642ac4d50bb8bff937595b8f3 2d354f17764e4a68a5f5d6557f7531c8 - - default default] Added segment d85cbb57-62db-45bf-90f8-631785f6b017 of type geneve for network 02cd2c9b-ab2c-4c5a-a0be-b6156a165e27 [pid: 8|app: 0|req: 1063/2059] 10.0.0.129 () {32 vars in 726 bytes} [Thu Aug 13 02:24:33 2026] DELETE /v2.0/networks/29175613-beb5-4201-a96d-dc31a23c9d0c => generated 0 bytes in 358 msecs (HTTP/1.1 204) 3 headers in 131 bytes (1 switches on core 0)
2026-08-13 02:24:33.466 7 INFO neutron.db.ovn_revision_numbers_db [None req-2f95e649-2520-4dea-a526-6a69083ff3a1 4729c74642ac4d50bb8bff937595b8f3 2d354f17764e4a68a5f5d6557f7531c8 - - default default] Successfully bumped revision number for resource 02cd2c9b-ab2c-4c5a-a0be-b6156a165e27 (type: networks) to 1
2026-08-13 02:24:33.667 7 WARNING neutron.scheduler.dhcp_agent_scheduler [None req-2f95e649-2520-4dea-a526-6a69083ff3a1 4729c74642ac4d50bb8bff937595b8f3 2d354f17764e4a68a5f5d6557f7531c8 - - default default] No more DHCP agents
2026-08-13 02:24:33.668 7 WARNING neutron.api.rpc.agentnotifiers.dhcp_rpc_agent_api [None req-2f95e649-2520-4dea-a526-6a69083ff3a1 4729c74642ac4d50bb8bff937595b8f3 2d354f17764e4a68a5f5d6557f7531c8 - - default default] Unable to schedule network 02cd2c9b-ab2c-4c5a-a0be-b6156a165e27: no agents available; will retry on subsequent port and subnet creation events.
2026-08-13 02:24:33.718 7 INFO neutron.services.segments.plugin [-] Segment d9091382-d571-4ceb-b3c8-247b24e8a3e5 resource provider aggregate not found
2026-08-13 02:24:33.736 7 INFO neutron.services.segments.plugin [-] Segment d9091382-d571-4ceb-b3c8-247b24e8a3e5 resource provider aggregate not found
2026-08-13 02:24:33.745 7 INFO neutron.services.segments.plugin [-] Client error retrieving segment d9091382-d571-4ceb-b3c8-247b24e8a3e5 resource provider; error: Placement Client Error (4xx): {"errors": [{"status": 404, "title": "Not Found", "detail": "The resource could not be found.\n\n No resource provider with uuid d9091382-d571-4ceb-b3c8-247b24e8a3e5 found for delete ", "request_id": "req-02f7aadd-3db9-4a65-b77b-b0614bb53fc7"}]}
2026-08-13 02:24:33.751 7 INFO neutron.plugins.ml2.drivers.ovn.mech_driver.mech_driver [None req-bc4303c7-1f61-4c06-be51-d2f4edaee764 - - - - - -] OVN reports status down for port: 4d9059c8-07db-4647-931e-aeeb98c929b8
2026-08-13 02:24:33.765 7 INFO neutron.services.segments.plugin [-] Client error retrieving segment d9091382-d571-4ceb-b3c8-247b24e8a3e5 resource provider; error: Placement Client Error (4xx): {"errors": [{"status": 404, "title": "Not Found", "detail": "The resource could not be found.\n\n No resource provider with uuid d9091382-d571-4ceb-b3c8-247b24e8a3e5 found for delete ", "request_id": "req-4a68b831-8679-4538-a9a4-690b09fdf0c7"}]}
2026-08-13 02:24:33.770 8 WARNING neutron.plugins.ml2.drivers.ovn.mech_driver.ovsdb.ovn_client [None req-318ad6c7-d885-476b-bdfc-120f20f41f2d - - - - - -] No port found with ID aba58243-534e-48ed-a4da-79fd045f868d: RuntimeError: No port found with ID aba58243-534e-48ed-a4da-79fd045f868d
2026-08-13 02:24:33.772 7 INFO neutron.services.segments.plugin [-] Segment 4bdf7c29-0720-4b0b-adf5-3883fbf9273f resource provider aggregate not found
2026-08-13 02:24:33.788 7 INFO neutron.services.segments.plugin [-] Segment 4bdf7c29-0720-4b0b-adf5-3883fbf9273f resource provider aggregate not found
2026-08-13 02:24:33.796 7 INFO neutron.services.segments.plugin [-] Client error retrieving segment 4bdf7c29-0720-4b0b-adf5-3883fbf9273f resource provider; error: Placement Client Error (4xx): {"errors": [{"status": 404, "title": "Not Found", "detail": "The resource could not be found.\n\n No resource provider with uuid 4bdf7c29-0720-4b0b-adf5-3883fbf9273f found for delete ", "request_id": "req-b56fc3a3-e365-4309-9505-2e15b51138f5"}]}
2026-08-13 02:24:33.821 7 INFO neutron.services.segments.plugin [-] Client error retrieving segment 4bdf7c29-0720-4b0b-adf5-3883fbf9273f resource provider; error: Placement Client Error (4xx): {"errors": [{"status": 404, "title": "Not Found", "detail": "The resource could not be found.\n\n No resource provider with uuid 4bdf7c29-0720-4b0b-adf5-3883fbf9273f found for delete ", "request_id": "req-36976fb0-8931-4e09-8111-f8718d960f17"}]}
2026-08-13 02:24:33.838 7 INFO neutron.db.ovn_revision_numbers_db [None req-2f95e649-2520-4dea-a526-6a69083ff3a1 4729c74642ac4d50bb8bff937595b8f3 2d354f17764e4a68a5f5d6557f7531c8 - - default default] Successfully bumped revision number for resource 4d9059c8-07db-4647-931e-aeeb98c929b8 (type: ports) to 1 [pid: 7|app: 0|req: 997/2060] 10.0.0.129 () {34 vars in 670 bytes} [Thu Aug 13 02:24:32 2026] POST /v2.0/networks => generated 677 bytes in 999 msecs (HTTP/1.1 201) 4 headers in 162 bytes (1 switches on core 0)
2026-08-13 02:24:34.082 8 WARNING neutron.scheduler.dhcp_agent_scheduler [None req-9f2895cc-16ec-4047-9140-922f035bb156 4729c74642ac4d50bb8bff937595b8f3 2d354f17764e4a68a5f5d6557f7531c8 - - default default] No more DHCP agents
2026-08-13 02:24:34.084 8 WARNING neutron.api.rpc.agentnotifiers.dhcp_rpc_agent_api [None req-9f2895cc-16ec-4047-9140-922f035bb156 4729c74642ac4d50bb8bff937595b8f3 2d354f17764e4a68a5f5d6557f7531c8 - - default default] Unable to schedule network 02cd2c9b-ab2c-4c5a-a0be-b6156a165e27: no agents available; will retry on subsequent port and subnet creation events.
2026-08-13 02:24:34.469 8 INFO neutron.services.segments.plugin [-] Segment 5dbb93ed-f920-4f35-a7e9-f2f1921ea69d resource provider aggregate not found
2026-08-13 02:24:34.481 8 INFO neutron.services.segments.plugin [-] Segment 5dbb93ed-f920-4f35-a7e9-f2f1921ea69d resource provider aggregate not found
2026-08-13 02:24:34.485 8 INFO neutron.services.segments.plugin [-] Client error retrieving segment 5dbb93ed-f920-4f35-a7e9-f2f1921ea69d resource provider; error: Placement Client Error (4xx): {"errors": [{"status": 404, "title": "Not Found", "detail": "The resource could not be found.\n\n No resource provider with uuid 5dbb93ed-f920-4f35-a7e9-f2f1921ea69d found for delete ", "request_id": "req-d19ea2a2-cf8f-4fbf-89c0-ff777571cadf"}]}
2026-08-13 02:24:34.505 8 INFO neutron.services.segments.plugin [-] Client error retrieving segment 5dbb93ed-f920-4f35-a7e9-f2f1921ea69d resource provider; error: Placement Client Error (4xx): {"errors": [{"status": 404, "title": "Not Found", "detail": "The resource could not be found.\n\n No resource provider with uuid 5dbb93ed-f920-4f35-a7e9-f2f1921ea69d found for delete ", "request_id": "req-60de884f-98fb-42c9-8aba-384d15786b73"}]}
2026-08-13 02:24:34.530 7 INFO neutron.db.ovn_revision_numbers_db [None req-3cb7cf28-3a9b-4339-9f89-6e0d6f988f88 44f6204a70d34da1af5808c0019d76c5 ddcd319c4dd9482fb7576dc85629dec1 - - default default] Successfully bumped revision number for resource 1c6f8a99-0ea3-4a84-923b-29f95bd96c37 (type: security_groups) to 1
2026-08-13 02:24:34.542 7 INFO neutron.db.ovn_revision_numbers_db [None req-3cb7cf28-3a9b-4339-9f89-6e0d6f988f88 44f6204a70d34da1af5808c0019d76c5 ddcd319c4dd9482fb7576dc85629dec1 - - default default] Successfully bumped revision number for resource 127a2431-0436-48ee-8f67-374f3ae21217 (type: security_group_rules) to 0
2026-08-13 02:24:34.556 7 INFO neutron.db.ovn_revision_numbers_db [None req-3cb7cf28-3a9b-4339-9f89-6e0d6f988f88 44f6204a70d34da1af5808c0019d76c5 ddcd319c4dd9482fb7576dc85629dec1 - - default default] Successfully bumped revision number for resource 1e6e4402-b89a-44ca-9912-fdf6d76227f1 (type: security_group_rules) to 0
2026-08-13 02:24:34.584 7 INFO neutron.db.ovn_revision_numbers_db [None req-3cb7cf28-3a9b-4339-9f89-6e0d6f988f88 44f6204a70d34da1af5808c0019d76c5 ddcd319c4dd9482fb7576dc85629dec1 - - default default] Successfully bumped revision number for resource 60faf411-3f8e-441e-8291-3a117f2532c3 (type: security_group_rules) to 0
2026-08-13 02:24:34.594 8 INFO neutron.db.ovn_revision_numbers_db [None req-1ec7abc2-5532-41ed-98f0-422d6f494cbe - - - - - -] Successfully bumped revision number for resource 4d9059c8-07db-4647-931e-aeeb98c929b8 (type: ports) to 2
2026-08-13 02:24:34.597 7 INFO neutron.db.ovn_revision_numbers_db [None req-3cb7cf28-3a9b-4339-9f89-6e0d6f988f88 44f6204a70d34da1af5808c0019d76c5 ddcd319c4dd9482fb7576dc85629dec1 - - default default] Successfully bumped revision number for resource d442877b-5925-43f5-9891-8d6de6bb5d90 (type: security_group_rules) to 0 [pid: 7|app: 0|req: 998/2061] 10.0.0.129 () {32 vars in 774 bytes} [Thu Aug 13 02:24:34 2026] GET /v2.0/security-groups?tenant_id=69ce372447644d40b0b0926060bb29a5&name=default => generated 2925 bytes in 493 msecs (HTTP/1.1 200) 4 headers in 158 bytes (1 switches on core 0)
2026-08-13 02:24:34.642 8 INFO neutron.db.ovn_revision_numbers_db [None req-1ec7abc2-5532-41ed-98f0-422d6f494cbe - - - - - -] Successfully bumped revision number for resource 9ec562bb-74a7-479f-b202-26cccf0cc8ae (type: subnets) to 0 [pid: 8|app: 0|req: 1064/2062] 10.0.0.129 () {34 vars in 669 bytes} [Thu Aug 13 02:24:33 2026] POST /v2.0/subnets => generated 658 bytes in 774 msecs (HTTP/1.1 201) 4 headers in 162 bytes (1 switches on core 0) [pid: 8|app: 0|req: 1065/2063] 10.0.0.129 () {32 vars in 722 bytes} [Thu Aug 13 02:24:34 2026] GET /v2.0/subnetpools?name=shared-default-subnetpool-v6 => generated 19 bytes in 174 msecs (HTTP/1.1 200) 4 headers in 156 bytes (1 switches on core 0) [pid: 7|app: 0|req: 999/2064] 10.0.0.129 () {32 vars in 740 bytes} [Thu Aug 13 02:24:34 2026] DELETE /v2.0/security-groups/1c6f8a99-0ea3-4a84-923b-29f95bd96c37 => generated 0 bytes in 233 msecs (HTTP/1.1 204) 2 headers in 112 bytes (1 switches on core 0)
2026-08-13 02:24:35.057 7 INFO neutron.db.ovn_revision_numbers_db [None req-f27ac6a3-2f4c-40bb-998f-d472a0a415d0 44f6204a70d34da1af5808c0019d76c5 ddcd319c4dd9482fb7576dc85629dec1 - - default default] Successfully bumped revision number for resource ac61ae2c-96e7-456f-8153-89caa1db0643 (type: security_groups) to 1
2026-08-13 02:24:35.063 8 WARNING neutron.scheduler.dhcp_agent_scheduler [None req-1f4cf9ee-694d-4349-9d2e-dcd6758fb9d6 4729c74642ac4d50bb8bff937595b8f3 2d354f17764e4a68a5f5d6557f7531c8 - - default default] No more DHCP agents
2026-08-13 02:24:35.065 8 WARNING neutron.api.rpc.agentnotifiers.dhcp_rpc_agent_api [None req-1f4cf9ee-694d-4349-9d2e-dcd6758fb9d6 4729c74642ac4d50bb8bff937595b8f3 2d354f17764e4a68a5f5d6557f7531c8 - - default default] Unable to schedule network 02cd2c9b-ab2c-4c5a-a0be-b6156a165e27: no agents available; will retry on subsequent port and subnet creation events.
2026-08-13 02:24:35.071 7 INFO neutron.db.ovn_revision_numbers_db [None req-f27ac6a3-2f4c-40bb-998f-d472a0a415d0 44f6204a70d34da1af5808c0019d76c5 ddcd319c4dd9482fb7576dc85629dec1 - - default default] Successfully bumped revision number for resource 6054387a-79a3-4727-a230-d6b1bf8be5c1 (type: security_group_rules) to 0
2026-08-13 02:24:35.082 7 INFO neutron.db.ovn_revision_numbers_db [None req-f27ac6a3-2f4c-40bb-998f-d472a0a415d0 44f6204a70d34da1af5808c0019d76c5 ddcd319c4dd9482fb7576dc85629dec1 - - default default] Successfully bumped revision number for resource a52ca235-f45e-415f-a0c1-f52caff53b77 (type: security_group_rules) to 0
2026-08-13 02:24:35.093 8 INFO neutron.db.ovn_revision_numbers_db [None req-1f4cf9ee-694d-4349-9d2e-dcd6758fb9d6 4729c74642ac4d50bb8bff937595b8f3 2d354f17764e4a68a5f5d6557f7531c8 - - default default] Successfully bumped revision number for resource 74850791-a8c2-4df7-b623-7652657aa817 (type: subnets) to 0
2026-08-13 02:24:35.093 7 INFO neutron.db.ovn_revision_numbers_db [None req-f27ac6a3-2f4c-40bb-998f-d472a0a415d0 44f6204a70d34da1af5808c0019d76c5 ddcd319c4dd9482fb7576dc85629dec1 - - default default] Successfully bumped revision number for resource ca140d61-d987-4ad6-8a9e-7e1a1157c28f (type: security_group_rules) to 0
2026-08-13 02:24:35.106 7 INFO neutron.db.ovn_revision_numbers_db [None req-f27ac6a3-2f4c-40bb-998f-d472a0a415d0 44f6204a70d34da1af5808c0019d76c5 ddcd319c4dd9482fb7576dc85629dec1 - - default default] Successfully bumped revision number for resource eae2a230-a147-4388-96fd-8bd8adc0dfcc (type: security_group_rules) to 0 [pid: 8|app: 0|req: 1066/2065] 10.0.0.129 () {34 vars in 669 bytes} [Thu Aug 13 02:24:34 2026] POST /v2.0/subnets => generated 732 bytes in 261 msecs (HTTP/1.1 201) 4 headers in 162 bytes (1 switches on core 0) [pid: 7|app: 0|req: 1000/2066] 10.0.0.129 () {32 vars in 774 bytes} [Thu Aug 13 02:24:34 2026] GET /v2.0/security-groups?tenant_id=ec97473083864856a22636b7522ed534&name=default => generated 2925 bytes in 205 msecs (HTTP/1.1 200) 4 headers in 158 bytes (1 switches on core 0)
2026-08-13 02:24:35.200 8 INFO neutron.db.segments_db [None req-85a0202b-90f6-4e19-8072-6da774586651 4729c74642ac4d50bb8bff937595b8f3 2d354f17764e4a68a5f5d6557f7531c8 - - default default] Added segment 37ae5839-e7a2-4bf9-868d-f6b2554f37fc of type geneve for network 5d9f3bd4-d91f-471d-b2e9-88a39f577b84
2026-08-13 02:24:35.337 8 INFO neutron.db.ovn_revision_numbers_db [None req-85a0202b-90f6-4e19-8072-6da774586651 4729c74642ac4d50bb8bff937595b8f3 2d354f17764e4a68a5f5d6557f7531c8 - - default default] Successfully bumped revision number for resource 5d9f3bd4-d91f-471d-b2e9-88a39f577b84 (type: networks) to 1
2026-08-13 02:24:35.444 7 INFO neutron.db.ovn_revision_numbers_db [None req-f95c6fb2-99d2-4799-8e17-25369e92c1e2 44f6204a70d34da1af5808c0019d76c5 ddcd319c4dd9482fb7576dc85629dec1 - - default default] Successfully bumped revision number for resource 48d9ed8e-4908-4d17-9d0a-de88b25e323c (type: security_groups) to 1
2026-08-13 02:24:35.455 7 INFO neutron.db.ovn_revision_numbers_db [None req-f95c6fb2-99d2-4799-8e17-25369e92c1e2 44f6204a70d34da1af5808c0019d76c5 ddcd319c4dd9482fb7576dc85629dec1 - - default default] Successfully bumped revision number for resource 150a8aed-7817-4065-a76f-67c42ebbdce5 (type: security_group_rules) to 0
2026-08-13 02:24:35.468 7 INFO neutron.db.ovn_revision_numbers_db [None req-f95c6fb2-99d2-4799-8e17-25369e92c1e2 44f6204a70d34da1af5808c0019d76c5 ddcd319c4dd9482fb7576dc85629dec1 - - default default] Successfully bumped revision number for resource 2b47ac95-75b7-4d6d-a993-381aa9e0d141 (type: security_group_rules) to 0
2026-08-13 02:24:35.480 7 INFO neutron.db.ovn_revision_numbers_db [None req-f95c6fb2-99d2-4799-8e17-25369e92c1e2 44f6204a70d34da1af5808c0019d76c5 ddcd319c4dd9482fb7576dc85629dec1 - - default default] Successfully bumped revision number for resource 96871b5f-5492-442d-9218-59c821e39d8a (type: security_group_rules) to 0
2026-08-13 02:24:35.491 7 INFO neutron.db.ovn_revision_numbers_db [None req-f95c6fb2-99d2-4799-8e17-25369e92c1e2 44f6204a70d34da1af5808c0019d76c5 ddcd319c4dd9482fb7576dc85629dec1 - - default default] Successfully bumped revision number for resource feb36862-7050-4627-b1c7-aeef92dd69b4 (type: security_group_rules) to 0
2026-08-13 02:24:35.501 8 WARNING neutron.scheduler.dhcp_agent_scheduler [None req-85a0202b-90f6-4e19-8072-6da774586651 4729c74642ac4d50bb8bff937595b8f3 2d354f17764e4a68a5f5d6557f7531c8 - - default default] No more DHCP agents
2026-08-13 02:24:35.503 8 WARNING neutron.api.rpc.agentnotifiers.dhcp_rpc_agent_api [None req-85a0202b-90f6-4e19-8072-6da774586651 4729c74642ac4d50bb8bff937595b8f3 2d354f17764e4a68a5f5d6557f7531c8 - - default default] Unable to schedule network 5d9f3bd4-d91f-471d-b2e9-88a39f577b84: no agents available; will retry on subsequent port and subnet creation events. [pid: 7|app: 0|req: 1001/2067] 10.0.0.129 () {32 vars in 774 bytes} [Thu Aug 13 02:24:35 2026] GET /v2.0/security-groups?tenant_id=94ec3f15e02d493d9865eacf9f5ea18f&name=default => generated 2925 bytes in 383 msecs (HTTP/1.1 200) 4 headers in 158 bytes (1 switches on core 0)
2026-08-13 02:24:35.558 8 INFO neutron.plugins.ml2.drivers.ovn.mech_driver.mech_driver [None req-318ad6c7-d885-476b-bdfc-120f20f41f2d - - - - - -] OVN reports status down for port: dd1fd79e-9065-41db-9dc9-8e1b85c57151
2026-08-13 02:24:35.608 8 INFO neutron.db.ovn_revision_numbers_db [None req-85a0202b-90f6-4e19-8072-6da774586651 4729c74642ac4d50bb8bff937595b8f3 2d354f17764e4a68a5f5d6557f7531c8 - - default default] Successfully bumped revision number for resource dd1fd79e-9065-41db-9dc9-8e1b85c57151 (type: ports) to 1 [pid: 8|app: 0|req: 1067/2068] 10.0.0.129 () {34 vars in 670 bytes} [Thu Aug 13 02:24:35 2026] POST /v2.0/networks => generated 676 bytes in 564 msecs (HTTP/1.1 201) 4 headers in 162 bytes (1 switches on core 0) [pid: 7|app: 0|req: 1002/2069] 10.0.0.129 () {32 vars in 740 bytes} [Thu Aug 13 02:24:35 2026] DELETE /v2.0/security-groups/ac61ae2c-96e7-456f-8153-89caa1db0643 => generated 0 bytes in 246 msecs (HTTP/1.1 204) 2 headers in 112 bytes (1 switches on core 0) [pid: 8|app: 0|req: 1068/2070] 10.0.0.129 () {32 vars in 740 bytes} [Thu Aug 13 02:24:35 2026] DELETE /v2.0/security-groups/48d9ed8e-4908-4d17-9d0a-de88b25e323c => generated 0 bytes in 295 msecs (HTTP/1.1 204) 2 headers in 112 bytes (1 switches on core 0) [pid: 8|app: 0|req: 1069/2071] 10.0.0.129 () {32 vars in 774 bytes} [Thu Aug 13 02:24:35 2026] GET /v2.0/security-groups?tenant_id=21340f064aaa447d9b6170995502ec03&name=default => generated 2925 bytes in 26 msecs (HTTP/1.1 200) 4 headers in 158 bytes (1 switches on core 0)
2026-08-13 02:24:36.030 7 WARNING neutron.scheduler.dhcp_agent_scheduler [None req-b9e0e5df-1211-49d6-a015-8f491b45cdd1 4729c74642ac4d50bb8bff937595b8f3 2d354f17764e4a68a5f5d6557f7531c8 - - default default] No more DHCP agents
2026-08-13 02:24:36.031 7 WARNING neutron.api.rpc.agentnotifiers.dhcp_rpc_agent_api [None req-b9e0e5df-1211-49d6-a015-8f491b45cdd1 4729c74642ac4d50bb8bff937595b8f3 2d354f17764e4a68a5f5d6557f7531c8 - - default default] Unable to schedule network 5d9f3bd4-d91f-471d-b2e9-88a39f577b84: no agents available; will retry on subsequent port and subnet creation events. [pid: 8|app: 0|req: 1070/2072] 10.0.0.129 () {32 vars in 740 bytes} [Thu Aug 13 02:24:36 2026] DELETE /v2.0/security-groups/07f6a28b-4c52-4216-8a09-c7dcab70ac5d => generated 0 bytes in 292 msecs (HTTP/1.1 204) 2 headers in 112 bytes (1 switches on core 0)
2026-08-13 02:24:36.565 7 INFO neutron.db.ovn_revision_numbers_db [None req-a83c8e6f-152a-418b-9421-4e8537103c51 - - - - - -] Successfully bumped revision number for resource dd1fd79e-9065-41db-9dc9-8e1b85c57151 (type: ports) to 2
2026-08-13 02:24:36.599 7 INFO neutron.db.ovn_revision_numbers_db [None req-a83c8e6f-152a-418b-9421-4e8537103c51 - - - - - -] Successfully bumped revision number for resource 56160bce-922f-4a83-852e-ba2c2c5cdc8f (type: subnets) to 0 [pid: 7|app: 0|req: 1003/2075] 10.0.0.129 () {34 vars in 669 bytes} [Thu Aug 13 02:24:35 2026] POST /v2.0/subnets => generated 655 bytes in 841 msecs (HTTP/1.1 201) 4 headers in 162 bytes (1 switches on core 0)
2026-08-13 02:24:36.858 8 WARNING neutron.scheduler.dhcp_agent_scheduler [None req-e0cd91ec-1157-4b03-a7b5-d1449358c691 4729c74642ac4d50bb8bff937595b8f3 2d354f17764e4a68a5f5d6557f7531c8 - - default default] No more DHCP agents
2026-08-13 02:24:36.859 8 WARNING neutron.api.rpc.agentnotifiers.dhcp_rpc_agent_api [None req-e0cd91ec-1157-4b03-a7b5-d1449358c691 4729c74642ac4d50bb8bff937595b8f3 2d354f17764e4a68a5f5d6557f7531c8 - - default default] Unable to schedule network 5d9f3bd4-d91f-471d-b2e9-88a39f577b84: no agents available; will retry on subsequent port and subnet creation events.
2026-08-13 02:24:36.896 8 INFO neutron.db.ovn_revision_numbers_db [None req-e0cd91ec-1157-4b03-a7b5-d1449358c691 4729c74642ac4d50bb8bff937595b8f3 2d354f17764e4a68a5f5d6557f7531c8 - - default default] Successfully bumped revision number for resource e7d700dc-82eb-46a0-b01b-838179e8f653 (type: subnets) to 0 [pid: 8|app: 0|req: 1073/2076] 10.0.0.129 () {34 vars in 669 bytes} [Thu Aug 13 02:24:36 2026] POST /v2.0/subnets => generated 726 bytes in 288 msecs (HTTP/1.1 201) 4 headers in 162 bytes (1 switches on core 0)
2026-08-13 02:24:37.008 7 INFO neutron.db.segments_db [None req-46632e5d-0e45-4908-ad03-62ea049e2ef0 4729c74642ac4d50bb8bff937595b8f3 2d354f17764e4a68a5f5d6557f7531c8 - - default default] Added segment 76bc2fae-c779-4ac7-9db3-8b9486fbea38 of type geneve for network 047ee76c-c4b9-4480-a80f-495ac1366679
2026-08-13 02:24:37.135 7 INFO neutron.db.ovn_revision_numbers_db [None req-46632e5d-0e45-4908-ad03-62ea049e2ef0 4729c74642ac4d50bb8bff937595b8f3 2d354f17764e4a68a5f5d6557f7531c8 - - default default] Successfully bumped revision number for resource 047ee76c-c4b9-4480-a80f-495ac1366679 (type: networks) to 1
2026-08-13 02:24:37.323 7 WARNING neutron.scheduler.dhcp_agent_scheduler [None req-46632e5d-0e45-4908-ad03-62ea049e2ef0 4729c74642ac4d50bb8bff937595b8f3 2d354f17764e4a68a5f5d6557f7531c8 - - default default] No more DHCP agents
2026-08-13 02:24:37.325 7 WARNING neutron.api.rpc.agentnotifiers.dhcp_rpc_agent_api [None req-46632e5d-0e45-4908-ad03-62ea049e2ef0 4729c74642ac4d50bb8bff937595b8f3 2d354f17764e4a68a5f5d6557f7531c8 - - default default] Unable to schedule network 047ee76c-c4b9-4480-a80f-495ac1366679: no agents available; will retry on subsequent port and subnet creation events.
2026-08-13 02:24:37.394 8 INFO neutron.plugins.ml2.drivers.ovn.mech_driver.mech_driver [None req-318ad6c7-d885-476b-bdfc-120f20f41f2d - - - - - -] OVN reports status down for port: 2798760b-0ff8-4610-ac13-2d32ac05c85f
2026-08-13 02:24:37.417 7 INFO neutron.db.ovn_revision_numbers_db [None req-46632e5d-0e45-4908-ad03-62ea049e2ef0 4729c74642ac4d50bb8bff937595b8f3 2d354f17764e4a68a5f5d6557f7531c8 - - default default] Successfully bumped revision number for resource 2798760b-0ff8-4610-ac13-2d32ac05c85f (type: ports) to 1 [pid: 7|app: 0|req: 1004/2077] 10.0.0.129 () {34 vars in 670 bytes} [Thu Aug 13 02:24:36 2026] POST /v2.0/networks => generated 675 bytes in 544 msecs (HTTP/1.1 201) 4 headers in 162 bytes (1 switches on core 0)
2026-08-13 02:24:37.797 8 WARNING neutron.scheduler.dhcp_agent_scheduler [None req-2bf8494a-ffa8-4cd6-8403-43bcfa649467 4729c74642ac4d50bb8bff937595b8f3 2d354f17764e4a68a5f5d6557f7531c8 - - default default] No more DHCP agents
2026-08-13 02:24:37.799 8 WARNING neutron.api.rpc.agentnotifiers.dhcp_rpc_agent_api [None req-2bf8494a-ffa8-4cd6-8403-43bcfa649467 4729c74642ac4d50bb8bff937595b8f3 2d354f17764e4a68a5f5d6557f7531c8 - - default default] Unable to schedule network 047ee76c-c4b9-4480-a80f-495ac1366679: no agents available; will retry on subsequent port and subnet creation events.
2026-08-13 02:24:38.210 8 INFO neutron.db.ovn_revision_numbers_db [None req-93bda65c-3699-4d3d-b7b8-ac77146a1a65 - - - - - -] Successfully bumped revision number for resource 2798760b-0ff8-4610-ac13-2d32ac05c85f (type: ports) to 2
2026-08-13 02:24:38.258 8 INFO neutron.db.ovn_revision_numbers_db [None req-93bda65c-3699-4d3d-b7b8-ac77146a1a65 - - - - - -] Successfully bumped revision number for resource f709e75b-57ea-45aa-bb39-e19090757621 (type: subnets) to 0 [pid: 8|app: 0|req: 1074/2078] 10.0.0.129 () {34 vars in 669 bytes} [Thu Aug 13 02:24:37 2026] POST /v2.0/subnets => generated 655 bytes in 811 msecs (HTTP/1.1 201) 4 headers in 162 bytes (1 switches on core 0)
2026-08-13 02:24:38.552 7 WARNING neutron.scheduler.dhcp_agent_scheduler [None req-ae513ec1-0469-4b3f-a769-1b41b8f573df 4729c74642ac4d50bb8bff937595b8f3 2d354f17764e4a68a5f5d6557f7531c8 - - default default] No more DHCP agents
2026-08-13 02:24:38.553 7 WARNING neutron.api.rpc.agentnotifiers.dhcp_rpc_agent_api [None req-ae513ec1-0469-4b3f-a769-1b41b8f573df 4729c74642ac4d50bb8bff937595b8f3 2d354f17764e4a68a5f5d6557f7531c8 - - default default] Unable to schedule network 047ee76c-c4b9-4480-a80f-495ac1366679: no agents available; will retry on subsequent port and subnet creation events.
2026-08-13 02:24:38.585 7 INFO neutron.db.ovn_revision_numbers_db [None req-ae513ec1-0469-4b3f-a769-1b41b8f573df 4729c74642ac4d50bb8bff937595b8f3 2d354f17764e4a68a5f5d6557f7531c8 - - default default] Successfully bumped revision number for resource 5c5c7f2e-5956-4947-bb19-bc60cbb2364b (type: subnets) to 0 [pid: 7|app: 0|req: 1005/2079] 10.0.0.129 () {34 vars in 669 bytes} [Thu Aug 13 02:24:38 2026] POST /v2.0/subnets => generated 730 bytes in 319 msecs (HTTP/1.1 201) 4 headers in 162 bytes (1 switches on core 0)
2026-08-13 02:24:38.724 8 INFO neutron.db.ovn_revision_numbers_db [None req-76c52e5e-bba1-40af-8958-9a001c3c2dd0 44f6204a70d34da1af5808c0019d76c5 ddcd319c4dd9482fb7576dc85629dec1 - - default default] Successfully bumped revision number for resource 688092e0-62ea-4008-8c0e-c5bb5b1bd5df (type: security_groups) to 1
