2026-04-17 09:53:58.533 8 INFO cinder.api.openstack.wsgi [req-2e46a47a-94a4-41d3-8860-b5d6ad134369 req-21633182-b331-46a4-a8b1-8492684a6666 695bf3d49ec44760bad60fff707cc5bc 8d398c2f7756494a970546f5424bfcd7 - - default default] http://cinder-api.openstack.svc.cluster.local:8776/v3/8d398c2f7756494a970546f5424bfcd7/attachments returned with HTTP 200 [pid: 8|app: 0|req: 186/375] 10.0.0.113 () {40 vars in 1057 bytes} [Fri Apr 17 09:53:58 2026] POST /v3/8d398c2f7756494a970546f5424bfcd7/attachments => generated 273 bytes in 69 msecs (HTTP/1.1 200) 7 headers in 286 bytes (1 switches on core 0) /var/lib/openstack/lib/python3.12/site-packages/pycadf/identifier.py:70: UserWarning: Invalid uuid: cinderv3. To ensure interoperability, identifiers should be a valid uuid. warnings.warn(('Invalid uuid: %s. To ensure interoperability, '
2026-04-17 09:53:59.854 7 INFO cinder.api.openstack.wsgi [None req-9af97095-97f0-48ff-90c2-a49d001f7681 e97c278fca024c56b58a812cdbc197fa 9d8bcd4a33c34eb1ae5fb634e157d3fb - - default default] GET http://cinder-api.openstack.svc.cluster.local:8776/v3/9d8bcd4a33c34eb1ae5fb634e157d3fb/os-services
2026-04-17 09:53:59.859 7 INFO cinder.api.openstack.wsgi [None req-9af97095-97f0-48ff-90c2-a49d001f7681 e97c278fca024c56b58a812cdbc197fa 9d8bcd4a33c34eb1ae5fb634e157d3fb - - default default] http://cinder-api.openstack.svc.cluster.local:8776/v3/9d8bcd4a33c34eb1ae5fb634e157d3fb/os-services returned with HTTP 200 [pid: 7|app: 0|req: 190/376] 10.0.0.34 () {28 vars in 644 bytes} [Fri Apr 17 09:53:59 2026] GET /v3/9d8bcd4a33c34eb1ae5fb634e157d3fb/os-services => generated 646 bytes in 49 msecs (HTTP/1.1 200) 7 headers in 285 bytes (1 switches on core 0) /var/lib/openstack/lib/python3.12/site-packages/pycadf/identifier.py:70: UserWarning: Invalid uuid: cinderv3. To ensure interoperability, identifiers should be a valid uuid. warnings.warn(('Invalid uuid: %s. To ensure interoperability, '
2026-04-17 09:53:59.870 8 INFO cinder.api.openstack.wsgi [None req-39b51c41-33cf-447c-8961-84217a7d9440 e97c278fca024c56b58a812cdbc197fa 9d8bcd4a33c34eb1ae5fb634e157d3fb - - default default] GET http://cinder-api.openstack.svc.cluster.local:8776/v3/9d8bcd4a33c34eb1ae5fb634e157d3fb/volumes/detail?all_tenants=true /var/lib/openstack/lib/python3.12/site-packages/oslo_context/context.py:101: DeprecationWarning: Policy enforcement is depending on the value of is_admin. This key is deprecated. Please update your policy file to use the standard policy values. warnings.warn(
2026-04-17 09:53:59.887 8 INFO cinder.volume.api [None req-39b51c41-33cf-447c-8961-84217a7d9440 e97c278fca024c56b58a812cdbc197fa 9d8bcd4a33c34eb1ae5fb634e157d3fb - - default default] Get all volumes completed successfully. /var/lib/openstack/lib/python3.12/site-packages/oslo_context/context.py:101: DeprecationWarning: Policy enforcement is depending on the value of is_admin. This key is deprecated. Please update your policy file to use the standard policy values. warnings.warn(
2026-04-17 09:53:59.894 8 INFO cinder.api.openstack.wsgi [None req-39b51c41-33cf-447c-8961-84217a7d9440 e97c278fca024c56b58a812cdbc197fa 9d8bcd4a33c34eb1ae5fb634e157d3fb - - default default] http://cinder-api.openstack.svc.cluster.local:8776/v3/9d8bcd4a33c34eb1ae5fb634e157d3fb/volumes/detail?all_tenants=true returned with HTTP 200 [pid: 8|app: 0|req: 187/377] 10.0.0.34 () {28 vars in 683 bytes} [Fri Apr 17 09:53:59 2026] GET /v3/9d8bcd4a33c34eb1ae5fb634e157d3fb/volumes/detail?all_tenants=true => generated 1508 bytes in 31 msecs (HTTP/1.1 200) 7 headers in 286 bytes (1 switches on core 0)
2026-04-17 09:53:59.906 7 INFO cinder.api.openstack.wsgi [None req-f9425be8-3f12-4e5d-8ed0-6645e3b334c0 e97c278fca024c56b58a812cdbc197fa 9d8bcd4a33c34eb1ae5fb634e157d3fb - - default default] GET http://cinder-api.openstack.svc.cluster.local:8776/v3/9d8bcd4a33c34eb1ae5fb634e157d3fb/volumes/detail?all_tenants=true
2026-04-17 09:53:59.925 7 INFO cinder.volume.api [None req-f9425be8-3f12-4e5d-8ed0-6645e3b334c0 e97c278fca024c56b58a812cdbc197fa 9d8bcd4a33c34eb1ae5fb634e157d3fb - - default default] Get all volumes completed successfully. /var/lib/openstack/lib/python3.12/site-packages/oslo_context/context.py:101: DeprecationWarning: Policy enforcement is depending on the value of is_admin. This key is deprecated. Please update your policy file to use the standard policy values. warnings.warn(
2026-04-17 09:53:59.931 7 INFO cinder.api.openstack.wsgi [None req-f9425be8-3f12-4e5d-8ed0-6645e3b334c0 e97c278fca024c56b58a812cdbc197fa 9d8bcd4a33c34eb1ae5fb634e157d3fb - - default default] http://cinder-api.openstack.svc.cluster.local:8776/v3/9d8bcd4a33c34eb1ae5fb634e157d3fb/volumes/detail?all_tenants=true returned with HTTP 200 [pid: 7|app: 0|req: 191/378] 10.0.0.34 () {28 vars in 683 bytes} [Fri Apr 17 09:53:59 2026] GET /v3/9d8bcd4a33c34eb1ae5fb634e157d3fb/volumes/detail?all_tenants=true => generated 1508 bytes in 30 msecs (HTTP/1.1 200) 7 headers in 286 bytes (1 switches on core 0) /var/lib/openstack/lib/python3.12/site-packages/pycadf/identifier.py:70: UserWarning: Invalid uuid: cinderv3. To ensure interoperability, identifiers should be a valid uuid. warnings.warn(('Invalid uuid: %s. To ensure interoperability, '
2026-04-17 09:53:59.942 8 INFO cinder.api.openstack.wsgi [None req-9f124e49-861d-4baa-8fae-bcd778004dac e97c278fca024c56b58a812cdbc197fa 9d8bcd4a33c34eb1ae5fb634e157d3fb - - default default] GET http://cinder-api.openstack.svc.cluster.local:8776/v3/9d8bcd4a33c34eb1ae5fb634e157d3fb/scheduler-stats/get_pools?detail=true
2026-04-17 09:54:00.445 8 INFO cinder.api.openstack.wsgi [None req-9f124e49-861d-4baa-8fae-bcd778004dac e97c278fca024c56b58a812cdbc197fa 9d8bcd4a33c34eb1ae5fb634e157d3fb - - default default] http://cinder-api.openstack.svc.cluster.local:8776/v3/9d8bcd4a33c34eb1ae5fb634e157d3fb/scheduler-stats/get_pools?detail=true returned with HTTP 200 [pid: 8|app: 0|req: 188/379] 10.0.0.34 () {28 vars in 695 bytes} [Fri Apr 17 09:53:59 2026] GET /v3/9d8bcd4a33c34eb1ae5fb634e157d3fb/scheduler-stats/get_pools?detail=true => generated 670 bytes in 510 msecs (HTTP/1.1 200) 7 headers in 285 bytes (1 switches on core 0) /var/lib/openstack/lib/python3.12/site-packages/pycadf/identifier.py:70: UserWarning: Invalid uuid: cinderv3. To ensure interoperability, identifiers should be a valid uuid. warnings.warn(('Invalid uuid: %s. To ensure interoperability, '
2026-04-17 09:54:00.549 7 INFO cinder.api.openstack.wsgi [None req-274e39b8-b1d5-4067-86fd-fbdf399a89a8 e97c278fca024c56b58a812cdbc197fa 9d8bcd4a33c34eb1ae5fb634e157d3fb - - default default] GET http://cinder-api.openstack.svc.cluster.local:8776/v3/9d8bcd4a33c34eb1ae5fb634e157d3fb/os-quota-sets/18400984808149bfadf5fbd3fd48a6ac?usage=true
2026-04-17 09:54:00.590 7 INFO cinder.api.openstack.wsgi [None req-274e39b8-b1d5-4067-86fd-fbdf399a89a8 e97c278fca024c56b58a812cdbc197fa 9d8bcd4a33c34eb1ae5fb634e157d3fb - - default default] http://cinder-api.openstack.svc.cluster.local:8776/v3/9d8bcd4a33c34eb1ae5fb634e157d3fb/os-quota-sets/18400984808149bfadf5fbd3fd48a6ac?usage=true returned with HTTP 200 [pid: 7|app: 0|req: 192/380] 10.0.0.34 () {28 vars in 735 bytes} [Fri Apr 17 09:54:00 2026] GET /v3/9d8bcd4a33c34eb1ae5fb634e157d3fb/os-quota-sets/18400984808149bfadf5fbd3fd48a6ac?usage=true => generated 847 bytes in 49 msecs (HTTP/1.1 200) 7 headers in 285 bytes (1 switches on core 0)
2026-04-17 09:54:00.601 8 INFO cinder.api.openstack.wsgi [None req-85363e5a-1afc-42a9-8506-3e733c1d3f04 e97c278fca024c56b58a812cdbc197fa 9d8bcd4a33c34eb1ae5fb634e157d3fb - - default default] GET http://cinder-api.openstack.svc.cluster.local:8776/v3/9d8bcd4a33c34eb1ae5fb634e157d3fb/os-quota-sets/2417b2f2f04f40dbb668f0ef976c0340?usage=true
2026-04-17 09:54:00.632 8 INFO cinder.api.openstack.wsgi [None req-85363e5a-1afc-42a9-8506-3e733c1d3f04 e97c278fca024c56b58a812cdbc197fa 9d8bcd4a33c34eb1ae5fb634e157d3fb - - default default] http://cinder-api.openstack.svc.cluster.local:8776/v3/9d8bcd4a33c34eb1ae5fb634e157d3fb/os-quota-sets/2417b2f2f04f40dbb668f0ef976c0340?usage=true returned with HTTP 200 [pid: 8|app: 0|req: 189/381] 10.0.0.34 () {28 vars in 735 bytes} [Fri Apr 17 09:54:00 2026] GET /v3/9d8bcd4a33c34eb1ae5fb634e157d3fb/os-quota-sets/2417b2f2f04f40dbb668f0ef976c0340?usage=true => generated 847 bytes in 38 msecs (HTTP/1.1 200) 7 headers in 285 bytes (1 switches on core 0)
2026-04-17 09:54:00.648 7 INFO cinder.api.openstack.wsgi [None req-02071e41-40b6-4c25-a755-71747a821509 e97c278fca024c56b58a812cdbc197fa 9d8bcd4a33c34eb1ae5fb634e157d3fb - - default default] GET http://cinder-api.openstack.svc.cluster.local:8776/v3/9d8bcd4a33c34eb1ae5fb634e157d3fb/os-quota-sets/8d398c2f7756494a970546f5424bfcd7?usage=true
2026-04-17 09:54:00.671 7 INFO cinder.api.openstack.wsgi [None req-02071e41-40b6-4c25-a755-71747a821509 e97c278fca024c56b58a812cdbc197fa 9d8bcd4a33c34eb1ae5fb634e157d3fb - - default default] http://cinder-api.openstack.svc.cluster.local:8776/v3/9d8bcd4a33c34eb1ae5fb634e157d3fb/os-quota-sets/8d398c2f7756494a970546f5424bfcd7?usage=true returned with HTTP 200 [pid: 7|app: 0|req: 193/382] 10.0.0.34 () {28 vars in 735 bytes} [Fri Apr 17 09:54:00 2026] GET /v3/9d8bcd4a33c34eb1ae5fb634e157d3fb/os-quota-sets/8d398c2f7756494a970546f5424bfcd7?usage=true => generated 847 bytes in 34 msecs (HTTP/1.1 200) 7 headers in 285 bytes (1 switches on core 0)
2026-04-17 09:54:00.684 8 INFO cinder.api.openstack.wsgi [None req-a46ce934-5af8-431c-93b8-3efc79c3c942 e97c278fca024c56b58a812cdbc197fa 9d8bcd4a33c34eb1ae5fb634e157d3fb - - default default] GET http://cinder-api.openstack.svc.cluster.local:8776/v3/9d8bcd4a33c34eb1ae5fb634e157d3fb/os-quota-sets/9d8bcd4a33c34eb1ae5fb634e157d3fb?usage=true
2026-04-17 09:54:00.720 8 INFO cinder.api.openstack.wsgi [None req-a46ce934-5af8-431c-93b8-3efc79c3c942 e97c278fca024c56b58a812cdbc197fa 9d8bcd4a33c34eb1ae5fb634e157d3fb - - default default] http://cinder-api.openstack.svc.cluster.local:8776/v3/9d8bcd4a33c34eb1ae5fb634e157d3fb/os-quota-sets/9d8bcd4a33c34eb1ae5fb634e157d3fb?usage=true returned with HTTP 200 [pid: 8|app: 0|req: 190/383] 10.0.0.34 () {28 vars in 735 bytes} [Fri Apr 17 09:54:00 2026] GET /v3/9d8bcd4a33c34eb1ae5fb634e157d3fb/os-quota-sets/9d8bcd4a33c34eb1ae5fb634e157d3fb?usage=true => generated 845 bytes in 45 msecs (HTTP/1.1 200) 7 headers in 285 bytes (1 switches on core 0)
2026-04-17 09:54:00.733 7 INFO cinder.api.openstack.wsgi [None req-7cf69680-bfda-4dab-a1ac-c8946ee2cb42 e97c278fca024c56b58a812cdbc197fa 9d8bcd4a33c34eb1ae5fb634e157d3fb - - default default] GET http://cinder-api.openstack.svc.cluster.local:8776/v3/9d8bcd4a33c34eb1ae5fb634e157d3fb/os-quota-sets/a55bfff8b2b74d8fa41dc2bd9d113c1b?usage=true
2026-04-17 09:54:00.758 7 INFO cinder.api.openstack.wsgi [None req-7cf69680-bfda-4dab-a1ac-c8946ee2cb42 e97c278fca024c56b58a812cdbc197fa 9d8bcd4a33c34eb1ae5fb634e157d3fb - - default default] http://cinder-api.openstack.svc.cluster.local:8776/v3/9d8bcd4a33c34eb1ae5fb634e157d3fb/os-quota-sets/a55bfff8b2b74d8fa41dc2bd9d113c1b?usage=true returned with HTTP 200 [pid: 7|app: 0|req: 194/384] 10.0.0.34 () {28 vars in 735 bytes} [Fri Apr 17 09:54:00 2026] GET /v3/9d8bcd4a33c34eb1ae5fb634e157d3fb/os-quota-sets/a55bfff8b2b74d8fa41dc2bd9d113c1b?usage=true => generated 847 bytes in 34 msecs (HTTP/1.1 200) 7 headers in 285 bytes (1 switches on core 0)
2026-04-17 09:54:00.779 8 INFO cinder.api.openstack.wsgi [None req-c0eb42f5-df4a-4428-aae3-234072c3f871 e97c278fca024c56b58a812cdbc197fa 9d8bcd4a33c34eb1ae5fb634e157d3fb - - default default] GET http://cinder-api.openstack.svc.cluster.local:8776/v3/9d8bcd4a33c34eb1ae5fb634e157d3fb/os-quota-sets/b5be00b081b54f24a10d5fd6afdbef2b?usage=true
2026-04-17 09:54:00.813 8 INFO cinder.api.openstack.wsgi [None req-c0eb42f5-df4a-4428-aae3-234072c3f871 e97c278fca024c56b58a812cdbc197fa 9d8bcd4a33c34eb1ae5fb634e157d3fb - - default default] http://cinder-api.openstack.svc.cluster.local:8776/v3/9d8bcd4a33c34eb1ae5fb634e157d3fb/os-quota-sets/b5be00b081b54f24a10d5fd6afdbef2b?usage=true returned with HTTP 200 [pid: 8|app: 0|req: 191/385] 10.0.0.34 () {28 vars in 735 bytes} [Fri Apr 17 09:54:00 2026] GET /v3/9d8bcd4a33c34eb1ae5fb634e157d3fb/os-quota-sets/b5be00b081b54f24a10d5fd6afdbef2b?usage=true => generated 847 bytes in 50 msecs (HTTP/1.1 200) 7 headers in 285 bytes (1 switches on core 0)
2026-04-17 09:54:00.827 7 INFO cinder.api.openstack.wsgi [None req-1552632c-530d-4f3f-b4a4-7b42b073a037 e97c278fca024c56b58a812cdbc197fa 9d8bcd4a33c34eb1ae5fb634e157d3fb - - default default] GET http://cinder-api.openstack.svc.cluster.local:8776/v3/9d8bcd4a33c34eb1ae5fb634e157d3fb/os-quota-sets/e76aaef918804ebb833ca33301c59643?usage=true
2026-04-17 09:54:00.856 7 INFO cinder.api.openstack.wsgi [None req-1552632c-530d-4f3f-b4a4-7b42b073a037 e97c278fca024c56b58a812cdbc197fa 9d8bcd4a33c34eb1ae5fb634e157d3fb - - default default] http://cinder-api.openstack.svc.cluster.local:8776/v3/9d8bcd4a33c34eb1ae5fb634e157d3fb/os-quota-sets/e76aaef918804ebb833ca33301c59643?usage=true returned with HTTP 200 [pid: 7|app: 0|req: 195/386] 10.0.0.34 () {28 vars in 735 bytes} [Fri Apr 17 09:54:00 2026] GET /v3/9d8bcd4a33c34eb1ae5fb634e157d3fb/os-quota-sets/e76aaef918804ebb833ca33301c59643?usage=true => generated 845 bytes in 38 msecs (HTTP/1.1 200) 7 headers in 285 bytes (1 switches on core 0)
2026-04-17 09:54:00.868 8 INFO cinder.api.openstack.wsgi [None req-c9bbd0cc-3dd3-4f2c-8caa-4c7d7797c114 e97c278fca024c56b58a812cdbc197fa 9d8bcd4a33c34eb1ae5fb634e157d3fb - - default default] GET http://cinder-api.openstack.svc.cluster.local:8776/v3/9d8bcd4a33c34eb1ae5fb634e157d3fb/snapshots?all_tenants=true
2026-04-17 09:54:00.874 8 INFO cinder.volume.api [None req-c9bbd0cc-3dd3-4f2c-8caa-4c7d7797c114 e97c278fca024c56b58a812cdbc197fa 9d8bcd4a33c34eb1ae5fb634e157d3fb - - default default] Get all snapshots completed successfully.
2026-04-17 09:54:00.875 8 INFO cinder.api.openstack.wsgi [None req-c9bbd0cc-3dd3-4f2c-8caa-4c7d7797c114 e97c278fca024c56b58a812cdbc197fa 9d8bcd4a33c34eb1ae5fb634e157d3fb - - default default] http://cinder-api.openstack.svc.cluster.local:8776/v3/9d8bcd4a33c34eb1ae5fb634e157d3fb/snapshots?all_tenants=true returned with HTTP 200 [pid: 8|app: 0|req: 192/387] 10.0.0.34 () {28 vars in 673 bytes} [Fri Apr 17 09:54:00 2026] GET /v3/9d8bcd4a33c34eb1ae5fb634e157d3fb/snapshots?all_tenants=true => generated 17 bytes in 15 msecs (HTTP/1.1 200) 7 headers in 284 bytes (1 switches on core 0)
2026-04-17 09:54:03.894 7 INFO cinder.api.openstack.wsgi [None req-1552632c-530d-4f3f-b4a4-7b42b073a037 e97c278fca024c56b58a812cdbc197fa 9d8bcd4a33c34eb1ae5fb634e157d3fb - - default default] GET http://10.0.0.226:8776/
2026-04-17 09:54:03.896 7 INFO cinder.api.openstack.wsgi [None req-1552632c-530d-4f3f-b4a4-7b42b073a037 e97c278fca024c56b58a812cdbc197fa 9d8bcd4a33c34eb1ae5fb634e157d3fb - - default default] http://10.0.0.226:8776/ returned with HTTP 300
2026-04-17 09:54:03.897 8 INFO cinder.api.openstack.wsgi [None req-c9bbd0cc-3dd3-4f2c-8caa-4c7d7797c114 e97c278fca024c56b58a812cdbc197fa 9d8bcd4a33c34eb1ae5fb634e157d3fb - - default default] GET http://10.0.0.226:8776/
2026-04-17 09:54:03.898 8 INFO cinder.api.openstack.wsgi [None req-c9bbd0cc-3dd3-4f2c-8caa-4c7d7797c114 e97c278fca024c56b58a812cdbc197fa 9d8bcd4a33c34eb1ae5fb634e157d3fb - - default default] http://10.0.0.226:8776/ returned with HTTP 300
2026-04-17 09:54:05.279 7 INFO cinder.api.openstack.wsgi [None req-1552632c-530d-4f3f-b4a4-7b42b073a037 e97c278fca024c56b58a812cdbc197fa 9d8bcd4a33c34eb1ae5fb634e157d3fb - - default default] GET http://cinder-api.openstack.svc.cluster.local:8776/
2026-04-17 09:54:05.279 7 INFO cinder.api.openstack.wsgi [None req-1552632c-530d-4f3f-b4a4-7b42b073a037 e97c278fca024c56b58a812cdbc197fa 9d8bcd4a33c34eb1ae5fb634e157d3fb - - default default] http://cinder-api.openstack.svc.cluster.local:8776/ returned with HTTP 300 [pid: 7|app: 0|req: 197/390] 199.204.45.229 () {32 vars in 840 bytes} [Fri Apr 17 09:54:05 2026] GET / => generated 411 bytes in 1 msecs (HTTP/1.1 300) 5 headers in 169 bytes (1 switches on core 0)
2026-04-17 09:54:05.334 8 INFO cinder.api.openstack.wsgi [req-2e46a47a-94a4-41d3-8860-b5d6ad134369 req-6cca7419-8827-44ce-8112-bba697f35c8d 695bf3d49ec44760bad60fff707cc5bc 8d398c2f7756494a970546f5424bfcd7 - - default default] GET http://cinder-api.openstack.svc.cluster.local:8776/v3/8d398c2f7756494a970546f5424bfcd7/volumes/fec26cca-316d-4eec-baa9-914179080fe7 /var/lib/openstack/lib/python3.12/site-packages/oslo_context/context.py:101: DeprecationWarning: Policy enforcement is depending on the value of is_admin. This key is deprecated. Please update your policy file to use the standard policy values. warnings.warn(
2026-04-17 09:54:05.358 8 INFO cinder.volume.api [req-2e46a47a-94a4-41d3-8860-b5d6ad134369 req-6cca7419-8827-44ce-8112-bba697f35c8d 695bf3d49ec44760bad60fff707cc5bc 8d398c2f7756494a970546f5424bfcd7 - - default default] Volume info retrieved successfully.
2026-04-17 09:54:05.368 8 INFO cinder.api.openstack.wsgi [req-2e46a47a-94a4-41d3-8860-b5d6ad134369 req-6cca7419-8827-44ce-8112-bba697f35c8d 695bf3d49ec44760bad60fff707cc5bc 8d398c2f7756494a970546f5424bfcd7 - - default default] http://cinder-api.openstack.svc.cluster.local:8776/v3/8d398c2f7756494a970546f5424bfcd7/volumes/fec26cca-316d-4eec-baa9-914179080fe7 returned with HTTP 200 [pid: 8|app: 0|req: 194/391] 199.204.45.229 () {36 vars in 1073 bytes} [Fri Apr 17 09:54:05 2026] GET /v3/8d398c2f7756494a970546f5424bfcd7/volumes/fec26cca-316d-4eec-baa9-914179080fe7 => generated 1521 bytes in 42 msecs (HTTP/1.1 200) 7 headers in 287 bytes (1 switches on core 0)
2026-04-17 09:54:07.559 7 INFO cinder.api.openstack.wsgi [req-2e46a47a-94a4-41d3-8860-b5d6ad134369 req-badd24da-5517-4d27-8e4d-168c2e9e4b47 695bf3d49ec44760bad60fff707cc5bc 8d398c2f7756494a970546f5424bfcd7 - - default default] PUT http://cinder-api.openstack.svc.cluster.local:8776/v3/8d398c2f7756494a970546f5424bfcd7/attachments/377eb2af-95de-49c4-8c3a-f4fcee4f0b20 /var/lib/openstack/lib/python3.12/site-packages/oslo_context/context.py:101: DeprecationWarning: Policy enforcement is depending on the value of is_admin. This key is deprecated. Please update your policy file to use the standard policy values. warnings.warn(
2026-04-17 09:54:08.609 7 INFO cinder.api.openstack.wsgi [req-2e46a47a-94a4-41d3-8860-b5d6ad134369 req-badd24da-5517-4d27-8e4d-168c2e9e4b47 695bf3d49ec44760bad60fff707cc5bc 8d398c2f7756494a970546f5424bfcd7 - - default default] http://cinder-api.openstack.svc.cluster.local:8776/v3/8d398c2f7756494a970546f5424bfcd7/attachments/377eb2af-95de-49c4-8c3a-f4fcee4f0b20 returned with HTTP 200 [pid: 7|app: 0|req: 198/392] 199.204.45.229 () {40 vars in 1135 bytes} [Fri Apr 17 09:54:07 2026] PUT /v3/8d398c2f7756494a970546f5424bfcd7/attachments/377eb2af-95de-49c4-8c3a-f4fcee4f0b20 => generated 802 bytes in 1060 msecs (HTTP/1.1 200) 7 headers in 286 bytes (1 switches on core 0) /var/lib/openstack/lib/python3.12/site-packages/pycadf/identifier.py:70: UserWarning: Invalid uuid: cinderv3. To ensure interoperability, identifiers should be a valid uuid. warnings.warn(('Invalid uuid: %s. To ensure interoperability, '
2026-04-17 09:54:09.131 8 INFO cinder.api.openstack.wsgi [req-2e46a47a-94a4-41d3-8860-b5d6ad134369 req-bc2f51ac-5287-4ab8-b9aa-1d13d1299e0f 695bf3d49ec44760bad60fff707cc5bc 8d398c2f7756494a970546f5424bfcd7 - - default default] POST http://cinder-api.openstack.svc.cluster.local:8776/v3/8d398c2f7756494a970546f5424bfcd7/attachments/377eb2af-95de-49c4-8c3a-f4fcee4f0b20/action /var/lib/openstack/lib/python3.12/site-packages/oslo_context/context.py:101: DeprecationWarning: Policy enforcement is depending on the value of is_admin. This key is deprecated. Please update your policy file to use the standard policy values. warnings.warn(
2026-04-17 09:54:09.175 8 INFO cinder.api.openstack.wsgi [req-2e46a47a-94a4-41d3-8860-b5d6ad134369 req-bc2f51ac-5287-4ab8-b9aa-1d13d1299e0f 695bf3d49ec44760bad60fff707cc5bc 8d398c2f7756494a970546f5424bfcd7 - - default default] http://cinder-api.openstack.svc.cluster.local:8776/v3/8d398c2f7756494a970546f5424bfcd7/attachments/377eb2af-95de-49c4-8c3a-f4fcee4f0b20/action returned with HTTP 204 [pid: 8|app: 0|req: 195/393] 199.204.45.229 () {40 vars in 1148 bytes} [Fri Apr 17 09:54:09 2026] POST /v3/8d398c2f7756494a970546f5424bfcd7/attachments/377eb2af-95de-49c4-8c3a-f4fcee4f0b20/action => generated 0 bytes in 53 msecs (HTTP/1.1 204) 7 headers in 292 bytes (1 switches on core 0)
2026-04-17 09:54:13.894 7 INFO cinder.api.openstack.wsgi [req-2e46a47a-94a4-41d3-8860-b5d6ad134369 req-badd24da-5517-4d27-8e4d-168c2e9e4b47 695bf3d49ec44760bad60fff707cc5bc 8d398c2f7756494a970546f5424bfcd7 - - default default] GET http://10.0.0.226:8776/
2026-04-17 09:54:13.894 8 INFO cinder.api.openstack.wsgi [req-2e46a47a-94a4-41d3-8860-b5d6ad134369 req-bc2f51ac-5287-4ab8-b9aa-1d13d1299e0f 695bf3d49ec44760bad60fff707cc5bc 8d398c2f7756494a970546f5424bfcd7 - - default default] GET http://10.0.0.226:8776/
2026-04-17 09:54:13.895 8 INFO cinder.api.openstack.wsgi [req-2e46a47a-94a4-41d3-8860-b5d6ad134369 req-bc2f51ac-5287-4ab8-b9aa-1d13d1299e0f 695bf3d49ec44760bad60fff707cc5bc 8d398c2f7756494a970546f5424bfcd7 - - default default] http://10.0.0.226:8776/ returned with HTTP 300
2026-04-17 09:54:13.895 7 INFO cinder.api.openstack.wsgi [req-2e46a47a-94a4-41d3-8860-b5d6ad134369 req-badd24da-5517-4d27-8e4d-168c2e9e4b47 695bf3d49ec44760bad60fff707cc5bc 8d398c2f7756494a970546f5424bfcd7 - - default default] http://10.0.0.226:8776/ returned with HTTP 300
2026-04-17 09:54:23.893 8 INFO cinder.api.openstack.wsgi [req-2e46a47a-94a4-41d3-8860-b5d6ad134369 req-bc2f51ac-5287-4ab8-b9aa-1d13d1299e0f 695bf3d49ec44760bad60fff707cc5bc 8d398c2f7756494a970546f5424bfcd7 - - default default] GET http://10.0.0.226:8776/
2026-04-17 09:54:23.893 7 INFO cinder.api.openstack.wsgi [req-2e46a47a-94a4-41d3-8860-b5d6ad134369 req-badd24da-5517-4d27-8e4d-168c2e9e4b47 695bf3d49ec44760bad60fff707cc5bc 8d398c2f7756494a970546f5424bfcd7 - - default default] GET http://10.0.0.226:8776/
2026-04-17 09:54:23.894 8 INFO cinder.api.openstack.wsgi [req-2e46a47a-94a4-41d3-8860-b5d6ad134369 req-bc2f51ac-5287-4ab8-b9aa-1d13d1299e0f 695bf3d49ec44760bad60fff707cc5bc 8d398c2f7756494a970546f5424bfcd7 - - default default] http://10.0.0.226:8776/ returned with HTTP 300
2026-04-17 09:54:23.894 7 INFO cinder.api.openstack.wsgi [req-2e46a47a-94a4-41d3-8860-b5d6ad134369 req-badd24da-5517-4d27-8e4d-168c2e9e4b47 695bf3d49ec44760bad60fff707cc5bc 8d398c2f7756494a970546f5424bfcd7 - - default default] http://10.0.0.226:8776/ returned with HTTP 300 /var/lib/openstack/lib/python3.12/site-packages/pycadf/identifier.py:70: UserWarning: Invalid uuid: cinderv3. To ensure interoperability, identifiers should be a valid uuid. warnings.warn(('Invalid uuid: %s. To ensure interoperability, '
2026-04-17 09:54:24.878 8 INFO cinder.api.openstack.wsgi [req-6d99cccc-0ea7-4e27-8dd0-536ed44c7e5a req-1a1c3d79-1461-48d2-a04f-d4c5621fac67 695bf3d49ec44760bad60fff707cc5bc 8d398c2f7756494a970546f5424bfcd7 - - default default] DELETE http://cinder-api.openstack.svc.cluster.local:8776/v3/8d398c2f7756494a970546f5424bfcd7/attachments/377eb2af-95de-49c4-8c3a-f4fcee4f0b20 /var/lib/openstack/lib/python3.12/site-packages/oslo_context/context.py:101: DeprecationWarning: Policy enforcement is depending on the value of is_admin. This key is deprecated. Please update your policy file to use the standard policy values. warnings.warn(
2026-04-17 09:54:25.467 8 INFO cinder.api.openstack.wsgi [req-6d99cccc-0ea7-4e27-8dd0-536ed44c7e5a req-1a1c3d79-1461-48d2-a04f-d4c5621fac67 695bf3d49ec44760bad60fff707cc5bc 8d398c2f7756494a970546f5424bfcd7 - - default default] http://cinder-api.openstack.svc.cluster.local:8776/v3/8d398c2f7756494a970546f5424bfcd7/attachments/377eb2af-95de-49c4-8c3a-f4fcee4f0b20 returned with HTTP 200 [pid: 8|app: 0|req: 198/398] 199.204.45.229 () {38 vars in 1103 bytes} [Fri Apr 17 09:54:24 2026] DELETE /v3/8d398c2f7756494a970546f5424bfcd7/attachments/377eb2af-95de-49c4-8c3a-f4fcee4f0b20 => generated 19 bytes in 602 msecs (HTTP/1.1 200) 7 headers in 285 bytes (1 switches on core 0) /var/lib/openstack/lib/python3.12/site-packages/pycadf/identifier.py:70: UserWarning: Invalid uuid: cinderv3. To ensure interoperability, identifiers should be a valid uuid. warnings.warn(('Invalid uuid: %s. To ensure interoperability, '
2026-04-17 09:54:25.487 7 INFO cinder.api.openstack.wsgi [req-6d99cccc-0ea7-4e27-8dd0-536ed44c7e5a req-efcfb385-e8f5-42f4-a023-53ba2d4cd5e8 695bf3d49ec44760bad60fff707cc5bc 8d398c2f7756494a970546f5424bfcd7 - - default default] DELETE http://cinder-api.openstack.svc.cluster.local:8776/v3/8d398c2f7756494a970546f5424bfcd7/volumes/fec26cca-316d-4eec-baa9-914179080fe7
2026-04-17 09:54:25.487 7 INFO cinder.api.v3.volumes [req-6d99cccc-0ea7-4e27-8dd0-536ed44c7e5a req-efcfb385-e8f5-42f4-a023-53ba2d4cd5e8 695bf3d49ec44760bad60fff707cc5bc 8d398c2f7756494a970546f5424bfcd7 - - default default] Delete volume with id: fec26cca-316d-4eec-baa9-914179080fe7 /var/lib/openstack/lib/python3.12/site-packages/oslo_context/context.py:101: DeprecationWarning: Policy enforcement is depending on the value of is_admin. This key is deprecated. Please update your policy file to use the standard policy values. warnings.warn(
2026-04-17 09:54:25.500 7 INFO cinder.volume.api [req-6d99cccc-0ea7-4e27-8dd0-536ed44c7e5a req-efcfb385-e8f5-42f4-a023-53ba2d4cd5e8 695bf3d49ec44760bad60fff707cc5bc 8d398c2f7756494a970546f5424bfcd7 - - default default] Volume info retrieved successfully.
2026-04-17 09:54:25.531 7 INFO cinder.volume.api [req-6d99cccc-0ea7-4e27-8dd0-536ed44c7e5a req-efcfb385-e8f5-42f4-a023-53ba2d4cd5e8 695bf3d49ec44760bad60fff707cc5bc 8d398c2f7756494a970546f5424bfcd7 - - default default] Delete volume request issued successfully.
2026-04-17 09:54:25.532 7 INFO cinder.api.openstack.wsgi [req-6d99cccc-0ea7-4e27-8dd0-536ed44c7e5a req-efcfb385-e8f5-42f4-a023-53ba2d4cd5e8 695bf3d49ec44760bad60fff707cc5bc 8d398c2f7756494a970546f5424bfcd7 - - default default] http://cinder-api.openstack.svc.cluster.local:8776/v3/8d398c2f7756494a970546f5424bfcd7/volumes/fec26cca-316d-4eec-baa9-914179080fe7 returned with HTTP 202 [pid: 7|app: 0|req: 201/399] 199.204.45.229 () {36 vars in 1054 bytes} [Fri Apr 17 09:54:25 2026] DELETE /v3/8d398c2f7756494a970546f5424bfcd7/volumes/fec26cca-316d-4eec-baa9-914179080fe7 => generated 0 bytes in 55 msecs (HTTP/1.1 202) 6 headers in 233 bytes (1 switches on core 0)
2026-04-17 09:54:33.893 7 INFO cinder.api.openstack.wsgi [req-6d99cccc-0ea7-4e27-8dd0-536ed44c7e5a req-efcfb385-e8f5-42f4-a023-53ba2d4cd5e8 695bf3d49ec44760bad60fff707cc5bc 8d398c2f7756494a970546f5424bfcd7 - - default default] GET http://10.0.0.226:8776/
2026-04-17 09:54:33.893 8 INFO cinder.api.openstack.wsgi [req-6d99cccc-0ea7-4e27-8dd0-536ed44c7e5a req-1a1c3d79-1461-48d2-a04f-d4c5621fac67 695bf3d49ec44760bad60fff707cc5bc 8d398c2f7756494a970546f5424bfcd7 - - default default] GET http://10.0.0.226:8776/
2026-04-17 09:54:33.894 7 INFO cinder.api.openstack.wsgi [req-6d99cccc-0ea7-4e27-8dd0-536ed44c7e5a req-efcfb385-e8f5-42f4-a023-53ba2d4cd5e8 695bf3d49ec44760bad60fff707cc5bc 8d398c2f7756494a970546f5424bfcd7 - - default default] http://10.0.0.226:8776/ returned with HTTP 300
2026-04-17 09:54:33.894 8 INFO cinder.api.openstack.wsgi [req-6d99cccc-0ea7-4e27-8dd0-536ed44c7e5a req-1a1c3d79-1461-48d2-a04f-d4c5621fac67 695bf3d49ec44760bad60fff707cc5bc 8d398c2f7756494a970546f5424bfcd7 - - default default] http://10.0.0.226:8776/ returned with HTTP 300
2026-04-17 09:54:43.893 8 INFO cinder.api.openstack.wsgi [req-6d99cccc-0ea7-4e27-8dd0-536ed44c7e5a req-1a1c3d79-1461-48d2-a04f-d4c5621fac67 695bf3d49ec44760bad60fff707cc5bc 8d398c2f7756494a970546f5424bfcd7 - - default default] GET http://10.0.0.226:8776/
2026-04-17 09:54:43.893 7 INFO cinder.api.openstack.wsgi [req-6d99cccc-0ea7-4e27-8dd0-536ed44c7e5a req-efcfb385-e8f5-42f4-a023-53ba2d4cd5e8 695bf3d49ec44760bad60fff707cc5bc 8d398c2f7756494a970546f5424bfcd7 - - default default] GET http://10.0.0.226:8776/
2026-04-17 09:54:43.894 8 INFO cinder.api.openstack.wsgi [req-6d99cccc-0ea7-4e27-8dd0-536ed44c7e5a req-1a1c3d79-1461-48d2-a04f-d4c5621fac67 695bf3d49ec44760bad60fff707cc5bc 8d398c2f7756494a970546f5424bfcd7 - - default default] http://10.0.0.226:8776/ returned with HTTP 300
2026-04-17 09:54:43.894 7 INFO cinder.api.openstack.wsgi [req-6d99cccc-0ea7-4e27-8dd0-536ed44c7e5a req-efcfb385-e8f5-42f4-a023-53ba2d4cd5e8 695bf3d49ec44760bad60fff707cc5bc 8d398c2f7756494a970546f5424bfcd7 - - default default] http://10.0.0.226:8776/ returned with HTTP 300
2026-04-17 09:54:53.894 8 INFO cinder.api.openstack.wsgi [req-6d99cccc-0ea7-4e27-8dd0-536ed44c7e5a req-1a1c3d79-1461-48d2-a04f-d4c5621fac67 695bf3d49ec44760bad60fff707cc5bc 8d398c2f7756494a970546f5424bfcd7 - - default default] GET http://10.0.0.226:8776/
2026-04-17 09:54:53.895 8 INFO cinder.api.openstack.wsgi [req-6d99cccc-0ea7-4e27-8dd0-536ed44c7e5a req-1a1c3d79-1461-48d2-a04f-d4c5621fac67 695bf3d49ec44760bad60fff707cc5bc 8d398c2f7756494a970546f5424bfcd7 - - default default] http://10.0.0.226:8776/ returned with HTTP 300
2026-04-17 09:54:53.896 7 INFO cinder.api.openstack.wsgi [req-6d99cccc-0ea7-4e27-8dd0-536ed44c7e5a req-efcfb385-e8f5-42f4-a023-53ba2d4cd5e8 695bf3d49ec44760bad60fff707cc5bc 8d398c2f7756494a970546f5424bfcd7 - - default default] GET http://10.0.0.226:8776/
2026-04-17 09:54:53.898 7 INFO cinder.api.openstack.wsgi [req-6d99cccc-0ea7-4e27-8dd0-536ed44c7e5a req-efcfb385-e8f5-42f4-a023-53ba2d4cd5e8 695bf3d49ec44760bad60fff707cc5bc 8d398c2f7756494a970546f5424bfcd7 - - default default] http://10.0.0.226:8776/ returned with HTTP 300 /var/lib/openstack/lib/python3.12/site-packages/pycadf/identifier.py:70: UserWarning: Invalid uuid: cinderv3. To ensure interoperability, identifiers should be a valid uuid. warnings.warn(('Invalid uuid: %s. To ensure interoperability, '
2026-04-17 09:55:00.174 8 INFO cinder.api.openstack.wsgi [None req-b1cd29fc-093e-44a0-acbe-1724486691e9 e97c278fca024c56b58a812cdbc197fa 9d8bcd4a33c34eb1ae5fb634e157d3fb - - default default] GET http://cinder-api.openstack.svc.cluster.local:8776/v3/9d8bcd4a33c34eb1ae5fb634e157d3fb/snapshots?all_tenants=true /var/lib/openstack/lib/python3.12/site-packages/oslo_context/context.py:101: DeprecationWarning: Policy enforcement is depending on the value of is_admin. This key is deprecated. Please update your policy file to use the standard policy values. warnings.warn(
2026-04-17 09:55:00.197 8 INFO cinder.volume.api [None req-b1cd29fc-093e-44a0-acbe-1724486691e9 e97c278fca024c56b58a812cdbc197fa 9d8bcd4a33c34eb1ae5fb634e157d3fb - - default default] Get all snapshots completed successfully.
2026-04-17 09:55:00.198 8 INFO cinder.api.openstack.wsgi [None req-b1cd29fc-093e-44a0-acbe-1724486691e9 e97c278fca024c56b58a812cdbc197fa 9d8bcd4a33c34eb1ae5fb634e157d3fb - - default default] http://cinder-api.openstack.svc.cluster.local:8776/v3/9d8bcd4a33c34eb1ae5fb634e157d3fb/snapshots?all_tenants=true returned with HTTP 200 [pid: 8|app: 0|req: 202/406] 10.0.0.34 () {28 vars in 673 bytes} [Fri Apr 17 09:54:59 2026] GET /v3/9d8bcd4a33c34eb1ae5fb634e157d3fb/snapshots?all_tenants=true => generated 17 bytes in 244 msecs (HTTP/1.1 200) 7 headers in 284 bytes (1 switches on core 0) /var/lib/openstack/lib/python3.12/site-packages/pycadf/identifier.py:70: UserWarning: Invalid uuid: cinderv3. To ensure interoperability, identifiers should be a valid uuid. warnings.warn(('Invalid uuid: %s. To ensure interoperability, '
2026-04-17 09:55:00.217 7 INFO cinder.api.openstack.wsgi [None req-a842e93c-2c16-414c-b085-d3973e24021e e97c278fca024c56b58a812cdbc197fa 9d8bcd4a33c34eb1ae5fb634e157d3fb - - default default] GET http://cinder-api.openstack.svc.cluster.local:8776/v3/9d8bcd4a33c34eb1ae5fb634e157d3fb/volumes/detail?all_tenants=true
2026-04-17 09:55:00.236 7 INFO cinder.volume.api [None req-a842e93c-2c16-414c-b085-d3973e24021e e97c278fca024c56b58a812cdbc197fa 9d8bcd4a33c34eb1ae5fb634e157d3fb - - default default] Get all volumes completed successfully.
2026-04-17 09:55:00.241 7 INFO cinder.api.openstack.wsgi [None req-a842e93c-2c16-414c-b085-d3973e24021e e97c278fca024c56b58a812cdbc197fa 9d8bcd4a33c34eb1ae5fb634e157d3fb - - default default] http://cinder-api.openstack.svc.cluster.local:8776/v3/9d8bcd4a33c34eb1ae5fb634e157d3fb/volumes/detail?all_tenants=true returned with HTTP 200 [pid: 7|app: 0|req: 205/407] 10.0.0.34 () {28 vars in 683 bytes} [Fri Apr 17 09:55:00 2026] GET /v3/9d8bcd4a33c34eb1ae5fb634e157d3fb/volumes/detail?all_tenants=true => generated 15 bytes in 33 msecs (HTTP/1.1 200) 7 headers in 284 bytes (1 switches on core 0)
2026-04-17 09:55:00.254 8 INFO cinder.api.openstack.wsgi [None req-4425a531-c1c7-4342-8582-10aff44825a5 e97c278fca024c56b58a812cdbc197fa 9d8bcd4a33c34eb1ae5fb634e157d3fb - - default default] GET http://cinder-api.openstack.svc.cluster.local:8776/v3/9d8bcd4a33c34eb1ae5fb634e157d3fb/volumes/detail?all_tenants=true
2026-04-17 09:55:00.272 8 INFO cinder.volume.api [None req-4425a531-c1c7-4342-8582-10aff44825a5 e97c278fca024c56b58a812cdbc197fa 9d8bcd4a33c34eb1ae5fb634e157d3fb - - default default] Get all volumes completed successfully.
2026-04-17 09:55:00.275 8 INFO cinder.api.openstack.wsgi [None req-4425a531-c1c7-4342-8582-10aff44825a5 e97c278fca024c56b58a812cdbc197fa 9d8bcd4a33c34eb1ae5fb634e157d3fb - - default default] http://cinder-api.openstack.svc.cluster.local:8776/v3/9d8bcd4a33c34eb1ae5fb634e157d3fb/volumes/detail?all_tenants=true returned with HTTP 200 [pid: 8|app: 0|req: 203/408] 10.0.0.34 () {28 vars in 683 bytes} [Fri Apr 17 09:55:00 2026] GET /v3/9d8bcd4a33c34eb1ae5fb634e157d3fb/volumes/detail?all_tenants=true => generated 15 bytes in 31 msecs (HTTP/1.1 200) 7 headers in 284 bytes (1 switches on core 0)
2026-04-17 09:55:00.287 7 INFO cinder.api.openstack.wsgi [None req-cafa6aa5-daa1-441f-ae54-bd8c43144b02 e97c278fca024c56b58a812cdbc197fa 9d8bcd4a33c34eb1ae5fb634e157d3fb - - default default] GET http://cinder-api.openstack.svc.cluster.local:8776/v3/9d8bcd4a33c34eb1ae5fb634e157d3fb/scheduler-stats/get_pools?detail=true
2026-04-17 09:55:00.791 7 INFO cinder.api.openstack.wsgi [None req-cafa6aa5-daa1-441f-ae54-bd8c43144b02 e97c278fca024c56b58a812cdbc197fa 9d8bcd4a33c34eb1ae5fb634e157d3fb - - default default] http://cinder-api.openstack.svc.cluster.local:8776/v3/9d8bcd4a33c34eb1ae5fb634e157d3fb/scheduler-stats/get_pools?detail=true returned with HTTP 200 [pid: 7|app: 0|req: 206/409] 10.0.0.34 () {28 vars in 695 bytes} [Fri Apr 17 09:55:00 2026] GET /v3/9d8bcd4a33c34eb1ae5fb634e157d3fb/scheduler-stats/get_pools?detail=true => generated 670 bytes in 511 msecs (HTTP/1.1 200) 7 headers in 285 bytes (1 switches on core 0)
2026-04-17 09:55:00.866 8 INFO cinder.api.openstack.wsgi [None req-0a3581ad-f728-4b78-80a8-20a9dd5bc8fe e97c278fca024c56b58a812cdbc197fa 9d8bcd4a33c34eb1ae5fb634e157d3fb - - default default] GET http://cinder-api.openstack.svc.cluster.local:8776/v3/9d8bcd4a33c34eb1ae5fb634e157d3fb/os-quota-sets/54192b8283ee4e7baac6398112dfee52?usage=true
2026-04-17 09:55:00.896 8 INFO cinder.api.openstack.wsgi [None req-0a3581ad-f728-4b78-80a8-20a9dd5bc8fe e97c278fca024c56b58a812cdbc197fa 9d8bcd4a33c34eb1ae5fb634e157d3fb - - default default] http://cinder-api.openstack.svc.cluster.local:8776/v3/9d8bcd4a33c34eb1ae5fb634e157d3fb/os-quota-sets/54192b8283ee4e7baac6398112dfee52?usage=true returned with HTTP 200 [pid: 8|app: 0|req: 204/410] 10.0.0.34 () {28 vars in 735 bytes} [Fri Apr 17 09:55:00 2026] GET /v3/9d8bcd4a33c34eb1ae5fb634e157d3fb/os-quota-sets/54192b8283ee4e7baac6398112dfee52?usage=true => generated 847 bytes in 39 msecs (HTTP/1.1 200) 7 headers in 285 bytes (1 switches on core 0)
2026-04-17 09:55:00.913 7 INFO cinder.api.openstack.wsgi [None req-54751976-212d-4932-9ccd-fb79981afddf e97c278fca024c56b58a812cdbc197fa 9d8bcd4a33c34eb1ae5fb634e157d3fb - - default default] GET http://cinder-api.openstack.svc.cluster.local:8776/v3/9d8bcd4a33c34eb1ae5fb634e157d3fb/os-quota-sets/894f50c3763a45fcae0ed3b1ad419a77?usage=true
2026-04-17 09:55:00.965 7 INFO cinder.api.openstack.wsgi [None req-54751976-212d-4932-9ccd-fb79981afddf e97c278fca024c56b58a812cdbc197fa 9d8bcd4a33c34eb1ae5fb634e157d3fb - - default default] http://cinder-api.openstack.svc.cluster.local:8776/v3/9d8bcd4a33c34eb1ae5fb634e157d3fb/os-quota-sets/894f50c3763a45fcae0ed3b1ad419a77?usage=true returned with HTTP 200 [pid: 7|app: 0|req: 207/411] 10.0.0.34 () {28 vars in 735 bytes} [Fri Apr 17 09:55:00 2026] GET /v3/9d8bcd4a33c34eb1ae5fb634e157d3fb/os-quota-sets/894f50c3763a45fcae0ed3b1ad419a77?usage=true => generated 847 bytes in 62 msecs (HTTP/1.1 200) 7 headers in 285 bytes (1 switches on core 0)
2026-04-17 09:55:00.988 8 INFO cinder.api.openstack.wsgi [None req-dc0a0e59-362b-482f-a6eb-423ea6819340 e97c278fca024c56b58a812cdbc197fa 9d8bcd4a33c34eb1ae5fb634e157d3fb - - default default] GET http://cinder-api.openstack.svc.cluster.local:8776/v3/9d8bcd4a33c34eb1ae5fb634e157d3fb/os-quota-sets/9d8bcd4a33c34eb1ae5fb634e157d3fb?usage=true
2026-04-17 09:55:01.025 8 INFO cinder.api.openstack.wsgi [None req-dc0a0e59-362b-482f-a6eb-423ea6819340 e97c278fca024c56b58a812cdbc197fa 9d8bcd4a33c34eb1ae5fb634e157d3fb - - default default] http://cinder-api.openstack.svc.cluster.local:8776/v3/9d8bcd4a33c34eb1ae5fb634e157d3fb/os-quota-sets/9d8bcd4a33c34eb1ae5fb634e157d3fb?usage=true returned with HTTP 200 [pid: 8|app: 0|req: 205/412] 10.0.0.34 () {28 vars in 735 bytes} [Fri Apr 17 09:55:00 2026] GET /v3/9d8bcd4a33c34eb1ae5fb634e157d3fb/os-quota-sets/9d8bcd4a33c34eb1ae5fb634e157d3fb?usage=true => generated 845 bytes in 45 msecs (HTTP/1.1 200) 7 headers in 285 bytes (1 switches on core 0)
2026-04-17 09:55:01.042 7 INFO cinder.api.openstack.wsgi [None req-72aca42c-17ce-4e2d-80f8-c165c6e2990d e97c278fca024c56b58a812cdbc197fa 9d8bcd4a33c34eb1ae5fb634e157d3fb - - default default] GET http://cinder-api.openstack.svc.cluster.local:8776/v3/9d8bcd4a33c34eb1ae5fb634e157d3fb/os-quota-sets/a55bfff8b2b74d8fa41dc2bd9d113c1b?usage=true
2026-04-17 09:55:01.079 7 INFO cinder.api.openstack.wsgi [None req-72aca42c-17ce-4e2d-80f8-c165c6e2990d e97c278fca024c56b58a812cdbc197fa 9d8bcd4a33c34eb1ae5fb634e157d3fb - - default default] http://cinder-api.openstack.svc.cluster.local:8776/v3/9d8bcd4a33c34eb1ae5fb634e157d3fb/os-quota-sets/a55bfff8b2b74d8fa41dc2bd9d113c1b?usage=true returned with HTTP 200 [pid: 7|app: 0|req: 208/413] 10.0.0.34 () {28 vars in 735 bytes} [Fri Apr 17 09:55:01 2026] GET /v3/9d8bcd4a33c34eb1ae5fb634e157d3fb/os-quota-sets/a55bfff8b2b74d8fa41dc2bd9d113c1b?usage=true => generated 847 bytes in 48 msecs (HTTP/1.1 200) 7 headers in 285 bytes (1 switches on core 0)
2026-04-17 09:55:01.097 8 INFO cinder.api.openstack.wsgi [None req-a579eb05-aa2e-42e6-a34e-163c3ba27f3a e97c278fca024c56b58a812cdbc197fa 9d8bcd4a33c34eb1ae5fb634e157d3fb - - default default] GET http://cinder-api.openstack.svc.cluster.local:8776/v3/9d8bcd4a33c34eb1ae5fb634e157d3fb/os-quota-sets/bd35889e719c4c5e80c2c30af197e906?usage=true
2026-04-17 09:55:01.136 8 INFO cinder.api.openstack.wsgi [None req-a579eb05-aa2e-42e6-a34e-163c3ba27f3a e97c278fca024c56b58a812cdbc197fa 9d8bcd4a33c34eb1ae5fb634e157d3fb - - default default] http://cinder-api.openstack.svc.cluster.local:8776/v3/9d8bcd4a33c34eb1ae5fb634e157d3fb/os-quota-sets/bd35889e719c4c5e80c2c30af197e906?usage=true returned with HTTP 200 [pid: 8|app: 0|req: 206/414] 10.0.0.34 () {28 vars in 735 bytes} [Fri Apr 17 09:55:01 2026] GET /v3/9d8bcd4a33c34eb1ae5fb634e157d3fb/os-quota-sets/bd35889e719c4c5e80c2c30af197e906?usage=true => generated 847 bytes in 54 msecs (HTTP/1.1 200) 7 headers in 285 bytes (1 switches on core 0)
2026-04-17 09:55:01.174 7 INFO cinder.api.openstack.wsgi [None req-c9c31cb7-caca-4d41-a0a1-4a239bc15d5c e97c278fca024c56b58a812cdbc197fa 9d8bcd4a33c34eb1ae5fb634e157d3fb - - default default] GET http://cinder-api.openstack.svc.cluster.local:8776/v3/9d8bcd4a33c34eb1ae5fb634e157d3fb/os-quota-sets/d3fbbe5379d245e8af9eece8e8cc32c7?usage=true
2026-04-17 09:55:01.232 7 INFO cinder.api.openstack.wsgi [None req-c9c31cb7-caca-4d41-a0a1-4a239bc15d5c e97c278fca024c56b58a812cdbc197fa 9d8bcd4a33c34eb1ae5fb634e157d3fb - - default default] http://cinder-api.openstack.svc.cluster.local:8776/v3/9d8bcd4a33c34eb1ae5fb634e157d3fb/os-quota-sets/d3fbbe5379d245e8af9eece8e8cc32c7?usage=true returned with HTTP 200 [pid: 7|app: 0|req: 209/415] 10.0.0.34 () {28 vars in 735 bytes} [Fri Apr 17 09:55:01 2026] GET /v3/9d8bcd4a33c34eb1ae5fb634e157d3fb/os-quota-sets/d3fbbe5379d245e8af9eece8e8cc32c7?usage=true => generated 847 bytes in 88 msecs (HTTP/1.1 200) 7 headers in 285 bytes (1 switches on core 0)
2026-04-17 09:55:01.252 8 INFO cinder.api.openstack.wsgi [None req-fd829b40-e9c0-4a7e-b993-a3673b8a682b e97c278fca024c56b58a812cdbc197fa 9d8bcd4a33c34eb1ae5fb634e157d3fb - - default default] GET http://cinder-api.openstack.svc.cluster.local:8776/v3/9d8bcd4a33c34eb1ae5fb634e157d3fb/os-quota-sets/e76aaef918804ebb833ca33301c59643?usage=true
2026-04-17 09:55:01.302 8 INFO cinder.api.openstack.wsgi [None req-fd829b40-e9c0-4a7e-b993-a3673b8a682b e97c278fca024c56b58a812cdbc197fa 9d8bcd4a33c34eb1ae5fb634e157d3fb - - default default] http://cinder-api.openstack.svc.cluster.local:8776/v3/9d8bcd4a33c34eb1ae5fb634e157d3fb/os-quota-sets/e76aaef918804ebb833ca33301c59643?usage=true returned with HTTP 200 [pid: 8|app: 0|req: 207/416] 10.0.0.34 () {28 vars in 735 bytes} [Fri Apr 17 09:55:01 2026] GET /v3/9d8bcd4a33c34eb1ae5fb634e157d3fb/os-quota-sets/e76aaef918804ebb833ca33301c59643?usage=true => generated 845 bytes in 63 msecs (HTTP/1.1 200) 7 headers in 285 bytes (1 switches on core 0)
2026-04-17 09:55:01.316 7 INFO cinder.api.openstack.wsgi [None req-91574739-0c3d-4c9b-9aa0-2a2915cba438 e97c278fca024c56b58a812cdbc197fa 9d8bcd4a33c34eb1ae5fb634e157d3fb - - default default] GET http://cinder-api.openstack.svc.cluster.local:8776/v3/9d8bcd4a33c34eb1ae5fb634e157d3fb/os-services
2026-04-17 09:55:01.331 7 INFO cinder.api.openstack.wsgi [None req-91574739-0c3d-4c9b-9aa0-2a2915cba438 e97c278fca024c56b58a812cdbc197fa 9d8bcd4a33c34eb1ae5fb634e157d3fb - - default default] http://cinder-api.openstack.svc.cluster.local:8776/v3/9d8bcd4a33c34eb1ae5fb634e157d3fb/os-services returned with HTTP 200 [pid: 7|app: 0|req: 210/417] 10.0.0.34 () {28 vars in 644 bytes} [Fri Apr 17 09:55:01 2026] GET /v3/9d8bcd4a33c34eb1ae5fb634e157d3fb/os-services => generated 646 bytes in 25 msecs (HTTP/1.1 200) 7 headers in 285 bytes (1 switches on core 0)
2026-04-17 09:55:03.893 8 INFO cinder.api.openstack.wsgi [None req-fd829b40-e9c0-4a7e-b993-a3673b8a682b e97c278fca024c56b58a812cdbc197fa 9d8bcd4a33c34eb1ae5fb634e157d3fb - - default default] GET http://10.0.0.226:8776/
2026-04-17 09:55:03.894 7 INFO cinder.api.openstack.wsgi [None req-91574739-0c3d-4c9b-9aa0-2a2915cba438 e97c278fca024c56b58a812cdbc197fa 9d8bcd4a33c34eb1ae5fb634e157d3fb - - default default] GET http://10.0.0.226:8776/
2026-04-17 09:55:03.894 8 INFO cinder.api.openstack.wsgi [None req-fd829b40-e9c0-4a7e-b993-a3673b8a682b e97c278fca024c56b58a812cdbc197fa 9d8bcd4a33c34eb1ae5fb634e157d3fb - - default default] http://10.0.0.226:8776/ returned with HTTP 300
2026-04-17 09:55:03.895 7 INFO cinder.api.openstack.wsgi [None req-91574739-0c3d-4c9b-9aa0-2a2915cba438 e97c278fca024c56b58a812cdbc197fa 9d8bcd4a33c34eb1ae5fb634e157d3fb - - default default] http://10.0.0.226:8776/ returned with HTTP 300
2026-04-17 09:55:04.991 8 INFO cinder.api.openstack.wsgi [None req-f1d730c7-4b79-4e44-a182-5a052d5a4249 8348cdd699dd4736aad54a98c93c181b b03737f1140143b99e85630b633e7f2d - - default default] POST http://cinder-api.openstack.svc.cluster.local:8776/v3/b03737f1140143b99e85630b633e7f2d/volumes
2026-04-17 09:55:04.993 8 INFO cinder.api.v3.volumes [None req-f1d730c7-4b79-4e44-a182-5a052d5a4249 8348cdd699dd4736aad54a98c93c181b b03737f1140143b99e85630b633e7f2d - - default default] Create volume of 1 GB
2026-04-17 09:55:04.998 8 INFO cinder.volume.api [None req-f1d730c7-4b79-4e44-a182-5a052d5a4249 8348cdd699dd4736aad54a98c93c181b b03737f1140143b99e85630b633e7f2d - - default default] Availability Zones retrieved successfully.
2026-04-17 09:55:05.179 8 INFO cinder.volume.api [None req-f1d730c7-4b79-4e44-a182-5a052d5a4249 8348cdd699dd4736aad54a98c93c181b b03737f1140143b99e85630b633e7f2d - - default default] Create volume request issued successfully.
2026-04-17 09:55:05.180 8 INFO cinder.api.openstack.wsgi [None req-f1d730c7-4b79-4e44-a182-5a052d5a4249 8348cdd699dd4736aad54a98c93c181b b03737f1140143b99e85630b633e7f2d - - default default] http://cinder-api.openstack.svc.cluster.local:8776/v3/b03737f1140143b99e85630b633e7f2d/volumes returned with HTTP 202 [pid: 8|app: 0|req: 209/420] 10.0.0.171 () {34 vars in 723 bytes} [Fri Apr 17 09:55:04 2026] POST /v3/b03737f1140143b99e85630b633e7f2d/volumes => generated 871 bytes in 366 msecs (HTTP/1.1 202) 7 headers in 291 bytes (1 switches on core 0)
2026-04-17 09:55:05.206 7 INFO cinder.api.openstack.wsgi [None req-ecf65e7c-f408-4e23-af3e-0afefcaaaac4 8348cdd699dd4736aad54a98c93c181b b03737f1140143b99e85630b633e7f2d - - default default] GET http://cinder-api.openstack.svc.cluster.local:8776/v3/b03737f1140143b99e85630b633e7f2d/volumes/a781d390-fc5f-47b9-a308-2f89daa16efd /var/lib/openstack/lib/python3.12/site-packages/oslo_context/context.py:101: DeprecationWarning: Policy enforcement is depending on the value of is_admin. This key is deprecated. Please update your policy file to use the standard policy values. warnings.warn(
2026-04-17 09:55:05.227 7 INFO cinder.volume.api [None req-ecf65e7c-f408-4e23-af3e-0afefcaaaac4 8348cdd699dd4736aad54a98c93c181b b03737f1140143b99e85630b633e7f2d - - default default] Volume info retrieved successfully.
2026-04-17 09:55:05.234 7 INFO cinder.api.openstack.wsgi [None req-ecf65e7c-f408-4e23-af3e-0afefcaaaac4 8348cdd699dd4736aad54a98c93c181b b03737f1140143b99e85630b633e7f2d - - default default] http://cinder-api.openstack.svc.cluster.local:8776/v3/b03737f1140143b99e85630b633e7f2d/volumes/a781d390-fc5f-47b9-a308-2f89daa16efd returned with HTTP 200 [pid: 7|app: 0|req: 212/421] 10.0.0.171 () {32 vars in 775 bytes} [Fri Apr 17 09:55:05 2026] GET /v3/b03737f1140143b99e85630b633e7f2d/volumes/a781d390-fc5f-47b9-a308-2f89daa16efd => generated 939 bytes in 35 msecs (HTTP/1.1 200) 7 headers in 285 bytes (1 switches on core 0) /var/lib/openstack/lib/python3.12/site-packages/pycadf/identifier.py:70: UserWarning: Invalid uuid: cinderv3. To ensure interoperability, identifiers should be a valid uuid. warnings.warn(('Invalid uuid: %s. To ensure interoperability, '
2026-04-17 09:55:06.253 8 INFO cinder.api.openstack.wsgi [None req-a4179d80-68e3-4fa9-8ca9-65a09cfa6e13 8348cdd699dd4736aad54a98c93c181b b03737f1140143b99e85630b633e7f2d - - default default] GET http://cinder-api.openstack.svc.cluster.local:8776/v3/b03737f1140143b99e85630b633e7f2d/volumes/a781d390-fc5f-47b9-a308-2f89daa16efd /var/lib/openstack/lib/python3.12/site-packages/oslo_context/context.py:101: DeprecationWarning: Policy enforcement is depending on the value of is_admin. This key is deprecated. Please update your policy file to use the standard policy values. warnings.warn(
2026-04-17 09:55:06.270 8 INFO cinder.volume.api [None req-a4179d80-68e3-4fa9-8ca9-65a09cfa6e13 8348cdd699dd4736aad54a98c93c181b b03737f1140143b99e85630b633e7f2d - - default default] Volume info retrieved successfully.
2026-04-17 09:55:06.276 8 INFO cinder.api.openstack.wsgi [None req-a4179d80-68e3-4fa9-8ca9-65a09cfa6e13 8348cdd699dd4736aad54a98c93c181b b03737f1140143b99e85630b633e7f2d - - default default] http://cinder-api.openstack.svc.cluster.local:8776/v3/b03737f1140143b99e85630b633e7f2d/volumes/a781d390-fc5f-47b9-a308-2f89daa16efd returned with HTTP 200 [pid: 8|app: 0|req: 210/422] 10.0.0.171 () {32 vars in 775 bytes} [Fri Apr 17 09:55:06 2026] GET /v3/b03737f1140143b99e85630b633e7f2d/volumes/a781d390-fc5f-47b9-a308-2f89daa16efd => generated 964 bytes in 30 msecs (HTTP/1.1 200) 7 headers in 285 bytes (1 switches on core 0) /var/lib/openstack/lib/python3.12/site-packages/pycadf/identifier.py:70: UserWarning: Invalid uuid: cinderv3. To ensure interoperability, identifiers should be a valid uuid. warnings.warn(('Invalid uuid: %s. To ensure interoperability, '
2026-04-17 09:55:06.295 7 INFO cinder.api.openstack.wsgi [None req-96c2fdaf-1b2c-4af4-bde6-2cb31fbe970e 8348cdd699dd4736aad54a98c93c181b b03737f1140143b99e85630b633e7f2d - - default default] GET http://cinder-api.openstack.svc.cluster.local:8776/v3/b03737f1140143b99e85630b633e7f2d/volumes/a781d390-fc5f-47b9-a308-2f89daa16efd /var/lib/openstack/lib/python3.12/site-packages/oslo_context/context.py:101: DeprecationWarning: Policy enforcement is depending on the value of is_admin. This key is deprecated. Please update your policy file to use the standard policy values. warnings.warn(
2026-04-17 09:55:06.306 7 INFO cinder.volume.api [None req-96c2fdaf-1b2c-4af4-bde6-2cb31fbe970e 8348cdd699dd4736aad54a98c93c181b b03737f1140143b99e85630b633e7f2d - - default default] Volume info retrieved successfully.
2026-04-17 09:55:06.310 7 INFO cinder.api.openstack.wsgi [None req-96c2fdaf-1b2c-4af4-bde6-2cb31fbe970e 8348cdd699dd4736aad54a98c93c181b b03737f1140143b99e85630b633e7f2d - - default default] http://cinder-api.openstack.svc.cluster.local:8776/v3/b03737f1140143b99e85630b633e7f2d/volumes/a781d390-fc5f-47b9-a308-2f89daa16efd returned with HTTP 200 [pid: 7|app: 0|req: 213/423] 10.0.0.171 () {32 vars in 775 bytes} [Fri Apr 17 09:55:06 2026] GET /v3/b03737f1140143b99e85630b633e7f2d/volumes/a781d390-fc5f-47b9-a308-2f89daa16efd => generated 964 bytes in 20 msecs (HTTP/1.1 200) 7 headers in 285 bytes (1 switches on core 0) /var/lib/openstack/lib/python3.12/site-packages/pycadf/identifier.py:70: UserWarning: Invalid uuid: cinderv3. To ensure interoperability, identifiers should be a valid uuid. warnings.warn(('Invalid uuid: %s. To ensure interoperability, '
