2026-04-17 09:55:40.970 8 INFO neutron.services.segments.plugin [-] Segment 916de60f-8f60-4dce-9d06-2b67d811fa3c resource provider not found; error: Placement Client Error (4xx): {"errors": [{"status": 404, "title": "Not Found", "detail": "The resource could not be found.\n\n No resource provider with uuid 916de60f-8f60-4dce-9d06-2b67d811fa3c found for delete ", "request_id": "req-cf8d6623-cc41-4e0a-8a96-1dda9c204466"}]}
2026-04-17 09:55:40.973 8 INFO neutron.services.segments.plugin [-] Segment 916de60f-8f60-4dce-9d06-2b67d811fa3c resource provider aggregate not found
2026-04-17 09:55:40.994 8 INFO neutron.services.segments.plugin [-] Segment 916de60f-8f60-4dce-9d06-2b67d811fa3c resource provider not found; error: Placement Client Error (4xx): {"errors": [{"status": 404, "title": "Not Found", "detail": "The resource could not be found.\n\n No resource provider with uuid 916de60f-8f60-4dce-9d06-2b67d811fa3c found for delete ", "request_id": "req-b8cc36ed-afa7-4ae0-89b8-5325522157a5"}]} [pid: 8|app: 0|req: 683/1181] 10.0.0.171 () {32 vars in 726 bytes} [Fri Apr 17 09:55:40 2026] DELETE /v2.0/networks/5a891ecb-914c-4b5b-97e0-dac15e82d753 => generated 0 bytes in 379 msecs (HTTP/1.1 204) 3 headers in 131 bytes (1 switches on core 0)
2026-04-17 09:55:41.201 7 INFO neutron.db.segments_db [None req-c3881f96-4387-478b-b3ff-2b7aa7e2f9a6 4ca407cd214a463ca610b1e18abca698 a0d69e4840b243dd91d0259777dad038 - - default default] Added segment 10e671ab-048a-4f01-b821-8ae85dd37772 of type geneve for network d62977ac-0edf-48c5-a2a4-246b1a496a6e
2026-04-17 09:55:41.317 7 INFO neutron.db.ovn_revision_numbers_db [None req-c3881f96-4387-478b-b3ff-2b7aa7e2f9a6 4ca407cd214a463ca610b1e18abca698 a0d69e4840b243dd91d0259777dad038 - - default default] Successfully bumped revision number for resource d62977ac-0edf-48c5-a2a4-246b1a496a6e (type: networks) to 1 [pid: 8|app: 0|req: 684/1182] 10.0.0.113 () {34 vars in 990 bytes} [Fri Apr 17 09:55:41 2026] GET /v2.0/ports?device_id=e99ebe63-ae06-4873-9eb4-dbe9f7f0f5d4 => generated 969 bytes in 108 msecs (HTTP/1.1 200) 4 headers in 157 bytes (1 switches on core 0) [pid: 8|app: 0|req: 685/1183] 10.0.0.113 () {34 vars in 1040 bytes} [Fri Apr 17 09:55:41 2026] GET /v2.0/security-groups?id=31a7ac29-0cc2-4ecc-b15a-e8b86bbceb71&fields=id&fields=name => generated 114 bytes in 36 msecs (HTTP/1.1 200) 4 headers in 157 bytes (1 switches on core 0)
2026-04-17 09:55:41.481 7 WARNING neutron.scheduler.dhcp_agent_scheduler [None req-c3881f96-4387-478b-b3ff-2b7aa7e2f9a6 4ca407cd214a463ca610b1e18abca698 a0d69e4840b243dd91d0259777dad038 - - default default] No more DHCP agents
2026-04-17 09:55:41.483 7 WARNING neutron.api.rpc.agentnotifiers.dhcp_rpc_agent_api [None req-c3881f96-4387-478b-b3ff-2b7aa7e2f9a6 4ca407cd214a463ca610b1e18abca698 a0d69e4840b243dd91d0259777dad038 - - default default] Unable to schedule network d62977ac-0edf-48c5-a2a4-246b1a496a6e: no agents available; will retry on subsequent port and subnet creation events.
2026-04-17 09:55:41.525 8 INFO neutron.plugins.ml2.drivers.ovn.mech_driver.mech_driver [None req-08849625-c655-4d8c-bb09-ba38a409d30d - - - - - -] OVN reports status down for port: fbf46a19-858f-49a4-a4b9-f99db15070b8
2026-04-17 09:55:41.561 7 INFO neutron.db.ovn_revision_numbers_db [None req-c3881f96-4387-478b-b3ff-2b7aa7e2f9a6 4ca407cd214a463ca610b1e18abca698 a0d69e4840b243dd91d0259777dad038 - - default default] Successfully bumped revision number for resource fbf46a19-858f-49a4-a4b9-f99db15070b8 (type: ports) to 1 [pid: 7|app: 0|req: 499/1184] 10.0.0.171 () {34 vars in 670 bytes} [Fri Apr 17 09:55:41 2026] POST /v2.0/networks => generated 650 bytes in 482 msecs (HTTP/1.1 201) 4 headers in 162 bytes (1 switches on core 0)
2026-04-17 09:55:41.806 8 WARNING neutron.scheduler.dhcp_agent_scheduler [None req-ec08f765-251e-4d81-8890-363f7abc1939 4ca407cd214a463ca610b1e18abca698 a0d69e4840b243dd91d0259777dad038 - - default default] No more DHCP agents
2026-04-17 09:55:41.808 8 WARNING neutron.api.rpc.agentnotifiers.dhcp_rpc_agent_api [None req-ec08f765-251e-4d81-8890-363f7abc1939 4ca407cd214a463ca610b1e18abca698 a0d69e4840b243dd91d0259777dad038 - - default default] Unable to schedule network d62977ac-0edf-48c5-a2a4-246b1a496a6e: no agents available; will retry on subsequent port and subnet creation events.
2026-04-17 09:55:42.271 8 INFO neutron.db.ovn_revision_numbers_db [None req-2705c05f-7f04-494a-90e6-346798d5d14c - - - - - -] Successfully bumped revision number for resource fbf46a19-858f-49a4-a4b9-f99db15070b8 (type: ports) to 2
2026-04-17 09:55:42.307 8 INFO neutron.db.ovn_revision_numbers_db [None req-2705c05f-7f04-494a-90e6-346798d5d14c - - - - - -] Successfully bumped revision number for resource 4a8dc3f3-e22d-45e1-b2d6-3320f3df12ae (type: subnets) to 0 [pid: 8|app: 0|req: 686/1185] 10.0.0.171 () {34 vars in 669 bytes} [Fri Apr 17 09:55:41 2026] POST /v2.0/subnets => generated 626 bytes in 730 msecs (HTTP/1.1 201) 4 headers in 162 bytes (1 switches on core 0) [pid: 8|app: 0|req: 687/1186] 10.0.0.113 () {34 vars in 990 bytes} [Fri Apr 17 09:55:42 2026] GET /v2.0/ports?device_id=e99ebe63-ae06-4873-9eb4-dbe9f7f0f5d4 => generated 969 bytes in 44 msecs (HTTP/1.1 200) 4 headers in 157 bytes (1 switches on core 0) [pid: 8|app: 0|req: 688/1187] 10.0.0.113 () {34 vars in 1040 bytes} [Fri Apr 17 09:55:42 2026] GET /v2.0/security-groups?id=31a7ac29-0cc2-4ecc-b15a-e8b86bbceb71&fields=id&fields=name => generated 114 bytes in 44 msecs (HTTP/1.1 200) 4 headers in 157 bytes (1 switches on core 0)
2026-04-17 09:55:42.996 8 INFO neutron.services.segments.plugin [-] Segment 1333a1de-f82a-40d7-be0d-2501eddee4d7 resource provider aggregate not found
2026-04-17 09:55:43.023 7 INFO neutron.plugins.ml2.drivers.ovn.mech_driver.mech_driver [None req-6322916d-92d2-4b03-807b-e749d9c4e1f3 - - - - - -] OVN reports status up for port: d63c5d36-7cc2-4e55-be93-a0a1ff08cf4d
2026-04-17 09:55:43.038 8 INFO neutron.services.segments.plugin [-] Segment 1333a1de-f82a-40d7-be0d-2501eddee4d7 resource provider not found; error: Placement Client Error (4xx): {"errors": [{"status": 404, "title": "Not Found", "detail": "The resource could not be found.\n\n No resource provider with uuid 1333a1de-f82a-40d7-be0d-2501eddee4d7 found for delete ", "request_id": "req-03a6832c-193a-40d1-8c63-f37f97cd9d36"}]}
2026-04-17 09:55:43.039 8 INFO neutron.services.segments.plugin [-] Segment 1333a1de-f82a-40d7-be0d-2501eddee4d7 resource provider aggregate not found
2026-04-17 09:55:43.087 8 INFO neutron.services.segments.plugin [-] Segment 1333a1de-f82a-40d7-be0d-2501eddee4d7 resource provider not found; error: Placement Client Error (4xx): {"errors": [{"status": 404, "title": "Not Found", "detail": "The resource could not be found.\n\n No resource provider with uuid 1333a1de-f82a-40d7-be0d-2501eddee4d7 found for delete ", "request_id": "req-11cb2a9f-a971-4938-bc1e-31b5e661910c"}]}
2026-04-17 09:55:43.095 7 INFO neutron.plugins.ml2.plugin [None req-6322916d-92d2-4b03-807b-e749d9c4e1f3 - - - - - -] Attempt 1 to provision port d63c5d36-7cc2-4e55-be93-a0a1ff08cf4d
2026-04-17 09:55:43.096 8 INFO neutron.db.ovn_revision_numbers_db [None req-1064f6ca-00fd-41c8-b775-a2cab7fe9a25 e252cec46e064151b9b7e8d8bd7a3b75 bc7feec6770f456a8a35f6060921f19e - - default default] Successfully bumped revision number for resource 22c954fe-f639-4db1-929c-23a4a01c0ecf (type: security_groups) to 1
2026-04-17 09:55:43.120 8 INFO neutron.db.ovn_revision_numbers_db [None req-1064f6ca-00fd-41c8-b775-a2cab7fe9a25 e252cec46e064151b9b7e8d8bd7a3b75 bc7feec6770f456a8a35f6060921f19e - - default default] Successfully bumped revision number for resource 0bdfdd1a-629a-49fa-80eb-7b88c272e24e (type: security_group_rules) to 0
2026-04-17 09:55:43.157 8 INFO neutron.db.ovn_revision_numbers_db [None req-1064f6ca-00fd-41c8-b775-a2cab7fe9a25 e252cec46e064151b9b7e8d8bd7a3b75 bc7feec6770f456a8a35f6060921f19e - - default default] Successfully bumped revision number for resource 722f6d7f-be57-425e-a26c-2b19125f614e (type: security_group_rules) to 0
2026-04-17 09:55:43.176 8 INFO neutron.db.ovn_revision_numbers_db [None req-1064f6ca-00fd-41c8-b775-a2cab7fe9a25 e252cec46e064151b9b7e8d8bd7a3b75 bc7feec6770f456a8a35f6060921f19e - - default default] Successfully bumped revision number for resource ddcacf0f-8482-4a5e-aedd-2094f2781823 (type: security_group_rules) to 0
2026-04-17 09:55:43.196 8 INFO neutron.db.ovn_revision_numbers_db [None req-1064f6ca-00fd-41c8-b775-a2cab7fe9a25 e252cec46e064151b9b7e8d8bd7a3b75 bc7feec6770f456a8a35f6060921f19e - - default default] Successfully bumped revision number for resource ea1f4662-7c89-4e6b-bcb5-46bda313be7a (type: security_group_rules) to 0
2026-04-17 09:55:43.300 8 INFO neutron.db.segments_db [None req-1064f6ca-00fd-41c8-b775-a2cab7fe9a25 e252cec46e064151b9b7e8d8bd7a3b75 bc7feec6770f456a8a35f6060921f19e - - default default] Added segment 55a2288c-4ab8-4123-866e-ad9fd0219bac of type geneve for network f5fa1ac3-947b-4681-9015-ec3c5d764546
2026-04-17 09:55:43.354 7 WARNING neutron.scheduler.dhcp_agent_scheduler [None req-b76b9520-0b76-4758-b9f2-b423495442bb 4ca407cd214a463ca610b1e18abca698 a0d69e4840b243dd91d0259777dad038 - - default default] No more DHCP agents
2026-04-17 09:55:43.363 7 WARNING neutron.api.rpc.agentnotifiers.dhcp_rpc_agent_api [None req-b76b9520-0b76-4758-b9f2-b423495442bb 4ca407cd214a463ca610b1e18abca698 a0d69e4840b243dd91d0259777dad038 - - default default] Unable to schedule network d62977ac-0edf-48c5-a2a4-246b1a496a6e: no agents available; will retry on subsequent port and subnet creation events.
2026-04-17 09:55:43.394 7 INFO neutron.notifiers.nova [-] Nova event matching ['req-d16a872a-16ee-44de-985a-d781b1764e26'] response: {'server_uuid': 'e99ebe63-ae06-4873-9eb4-dbe9f7f0f5d4', 'name': 'network-vif-plugged', 'status': 'completed', 'tag': 'd63c5d36-7cc2-4e55-be93-a0a1ff08cf4d', 'code': 200}
2026-04-17 09:55:43.503 8 INFO neutron.db.ovn_revision_numbers_db [None req-1064f6ca-00fd-41c8-b775-a2cab7fe9a25 e252cec46e064151b9b7e8d8bd7a3b75 bc7feec6770f456a8a35f6060921f19e - - default default] Successfully bumped revision number for resource f5fa1ac3-947b-4681-9015-ec3c5d764546 (type: networks) to 1
2026-04-17 09:55:43.760 7 INFO neutron.db.ovn_revision_numbers_db [None req-b76b9520-0b76-4758-b9f2-b423495442bb 4ca407cd214a463ca610b1e18abca698 a0d69e4840b243dd91d0259777dad038 - - default default] Successfully bumped revision number for resource daac66c4-cfb3-4765-a219-8c4aa12a9d8f (type: ports) to 1
2026-04-17 09:55:43.776 8 WARNING neutron.scheduler.dhcp_agent_scheduler [None req-1064f6ca-00fd-41c8-b775-a2cab7fe9a25 e252cec46e064151b9b7e8d8bd7a3b75 bc7feec6770f456a8a35f6060921f19e - - default default] No more DHCP agents
2026-04-17 09:55:43.778 8 WARNING neutron.api.rpc.agentnotifiers.dhcp_rpc_agent_api [None req-1064f6ca-00fd-41c8-b775-a2cab7fe9a25 e252cec46e064151b9b7e8d8bd7a3b75 bc7feec6770f456a8a35f6060921f19e - - default default] Unable to schedule network f5fa1ac3-947b-4681-9015-ec3c5d764546: no agents available; will retry on subsequent port and subnet creation events.
2026-04-17 09:55:43.783 7 INFO neutron.db.ovn_revision_numbers_db [None req-6322916d-92d2-4b03-807b-e749d9c4e1f3 - - - - - -] Successfully bumped revision number for resource d63c5d36-7cc2-4e55-be93-a0a1ff08cf4d (type: ports) to 5
2026-04-17 09:55:43.887 8 INFO neutron.db.ovn_revision_numbers_db [None req-1064f6ca-00fd-41c8-b775-a2cab7fe9a25 e252cec46e064151b9b7e8d8bd7a3b75 bc7feec6770f456a8a35f6060921f19e - - default default] Successfully bumped revision number for resource c65a4a4e-8fdd-48ae-8a9e-c115b0978faf (type: ports) to 1 [pid: 8|app: 0|req: 689/1188] 10.0.0.171 () {34 vars in 670 bytes} [Fri Apr 17 09:55:42 2026] POST /v2.0/networks => generated 668 bytes in 1321 msecs (HTTP/1.1 201) 4 headers in 162 bytes (1 switches on core 0) [pid: 7|app: 0|req: 500/1191] 10.0.0.171 () {34 vars in 665 bytes} [Fri Apr 17 09:55:42 2026] POST /v2.0/ports => generated 911 bytes in 1640 msecs (HTTP/1.1 201) 4 headers in 162 bytes (1 switches on core 0) /var/lib/openstack/lib/python3.12/site-packages/pycadf/identifier.py:70: UserWarning: Invalid uuid: neutron. To ensure interoperability, identifiers should be a valid uuid. warnings.warn(('Invalid uuid: %s. To ensure interoperability, ' [pid: 8|app: 0|req: 692/1192] 10.0.0.113 () {34 vars in 990 bytes} [Fri Apr 17 09:55:43 2026] GET /v2.0/ports?device_id=e99ebe63-ae06-4873-9eb4-dbe9f7f0f5d4 => generated 971 bytes in 52 msecs (HTTP/1.1 200) 4 headers in 157 bytes (1 switches on core 0)
2026-04-17 09:55:44.037 7 INFO neutron.plugins.ml2.drivers.ovn.mech_driver.mech_driver [None req-db76831e-1143-4e4e-8ddc-b0a85a3e5484 - - - - - -] OVN reports status down for port: daac66c4-cfb3-4765-a219-8c4aa12a9d8f [pid: 8|app: 0|req: 693/1193] 10.0.0.113 () {34 vars in 990 bytes} [Fri Apr 17 09:55:43 2026] GET /v2.0/ports?device_id=2a9f6c82-5f51-4911-8c13-2f8b136e6bfc => generated 975 bytes in 131 msecs (HTTP/1.1 200) 4 headers in 157 bytes (1 switches on core 0)
2026-04-17 09:55:44.244 7 INFO neutron.plugins.ml2.drivers.ovn.mech_driver.mech_driver [None req-db76831e-1143-4e4e-8ddc-b0a85a3e5484 - - - - - -] OVN reports status down for port: c65a4a4e-8fdd-48ae-8a9e-c115b0978faf
2026-04-17 09:55:44.303 8 INFO neutron_taas.services.taas.taas_plugin [None req-e8c6191c-8c0f-48ae-876c-fcc4104fb259 4ca407cd214a463ca610b1e18abca698 a0d69e4840b243dd91d0259777dad038 - - default default] TaaS: Handle Delete Port: daac66c4-cfb3-4765-a219-8c4aa12a9d8f
2026-04-17 09:55:44.307 8 INFO neutron_taas.services.taas.tap_mirror_plugin [None req-e8c6191c-8c0f-48ae-876c-fcc4104fb259 4ca407cd214a463ca610b1e18abca698 a0d69e4840b243dd91d0259777dad038 - - default default] Tap Mirror: Handle Delete Port: daac66c4-cfb3-4765-a219-8c4aa12a9d8f
2026-04-17 09:55:44.476 7 WARNING neutron.scheduler.dhcp_agent_scheduler [None req-c179db69-756f-482a-ad4c-659a8cf343a3 e252cec46e064151b9b7e8d8bd7a3b75 bc7feec6770f456a8a35f6060921f19e - - default default] No more DHCP agents
2026-04-17 09:55:44.481 7 WARNING neutron.api.rpc.agentnotifiers.dhcp_rpc_agent_api [None req-c179db69-756f-482a-ad4c-659a8cf343a3 e252cec46e064151b9b7e8d8bd7a3b75 bc7feec6770f456a8a35f6060921f19e - - default default] Unable to schedule network f5fa1ac3-947b-4681-9015-ec3c5d764546: no agents available; will retry on subsequent port and subnet creation events. [pid: 8|app: 0|req: 694/1194] 10.0.0.171 () {32 vars in 720 bytes} [Fri Apr 17 09:55:44 2026] DELETE /v2.0/ports/daac66c4-cfb3-4765-a219-8c4aa12a9d8f => generated 0 bytes in 378 msecs (HTTP/1.1 204) 3 headers in 131 bytes (1 switches on core 0) [pid: 8|app: 0|req: 695/1195] 10.0.0.113 () {34 vars in 1040 bytes} [Fri Apr 17 09:55:44 2026] GET /v2.0/security-groups?id=31a7ac29-0cc2-4ecc-b15a-e8b86bbceb71&fields=id&fields=name => generated 114 bytes in 35 msecs (HTTP/1.1 200) 4 headers in 157 bytes (1 switches on core 0)
2026-04-17 09:55:44.577 8 INFO neutron.plugins.ml2.drivers.ovn.mech_driver.mech_driver [None req-08849625-c655-4d8c-bb09-ba38a409d30d - - - - - -] OVN reports status down for port: 59ae9348-b546-438c-b7c4-169a590001fc [pid: 8|app: 0|req: 696/1196] 10.0.0.113 () {34 vars in 1040 bytes} [Fri Apr 17 09:55:44 2026] GET /v2.0/security-groups?id=0671d025-a946-4ea8-a905-126e0b93e9fe&fields=id&fields=name => generated 113 bytes in 55 msecs (HTTP/1.1 200) 4 headers in 157 bytes (1 switches on core 0)
2026-04-17 09:55:44.609 8 INFO neutron.pecan_wsgi.hooks.translation [None req-36efbea4-86d5-4644-b6de-213761bdc43f 4ca407cd214a463ca610b1e18abca698 a0d69e4840b243dd91d0259777dad038 - - default default] GET failed (client error): The resource could not be found. [pid: 8|app: 0|req: 697/1197] 10.0.0.171 () {32 vars in 717 bytes} [Fri Apr 17 09:55:44 2026] GET /v2.0/ports/daac66c4-cfb3-4765-a219-8c4aa12a9d8f => generated 132 bytes in 33 msecs (HTTP/1.1 404) 4 headers in 164 bytes (1 switches on core 0)
2026-04-17 09:55:44.631 7 INFO neutron.db.ovn_revision_numbers_db [None req-c179db69-756f-482a-ad4c-659a8cf343a3 e252cec46e064151b9b7e8d8bd7a3b75 bc7feec6770f456a8a35f6060921f19e - - default default] Successfully bumped revision number for resource 59ae9348-b546-438c-b7c4-169a590001fc (type: ports) to 1 [pid: 7|app: 0|req: 501/1198] 10.0.0.171 () {34 vars in 665 bytes} [Fri Apr 17 09:55:43 2026] POST /v2.0/ports => generated 779 bytes in 742 msecs (HTTP/1.1 201) 4 headers in 162 bytes (1 switches on core 0) /var/lib/openstack/lib/python3.12/site-packages/pycadf/identifier.py:70: UserWarning: Invalid uuid: neutron. To ensure interoperability, identifiers should be a valid uuid. warnings.warn(('Invalid uuid: %s. To ensure interoperability, '
2026-04-17 09:55:44.829 7 INFO neutron.db.segments_db [None req-0caf17d7-14f0-426a-b862-0c0857d806dc e252cec46e064151b9b7e8d8bd7a3b75 bc7feec6770f456a8a35f6060921f19e - - default default] Added segment 70413b99-1158-4b03-b725-4d398b38019c of type geneve for network 1237c582-aeb3-427d-a6b7-819b45fdffbf [pid: 8|app: 0|req: 698/1199] 10.0.0.171 () {32 vars in 724 bytes} [Fri Apr 17 09:55:44 2026] DELETE /v2.0/subnets/4a8dc3f3-e22d-45e1-b2d6-3320f3df12ae => generated 0 bytes in 236 msecs (HTTP/1.1 204) 3 headers in 131 bytes (1 switches on core 0) [pid: 8|app: 0|req: 699/1200] 10.0.0.113 () {34 vars in 990 bytes} [Fri Apr 17 09:55:44 2026] GET /v2.0/ports?device_id=2a9f6c82-5f51-4911-8c13-2f8b136e6bfc => generated 975 bytes in 42 msecs (HTTP/1.1 200) 4 headers in 157 bytes (1 switches on core 0)
2026-04-17 09:55:44.960 7 INFO neutron.db.ovn_revision_numbers_db [None req-0caf17d7-14f0-426a-b862-0c0857d806dc e252cec46e064151b9b7e8d8bd7a3b75 bc7feec6770f456a8a35f6060921f19e - - default default] Successfully bumped revision number for resource 1237c582-aeb3-427d-a6b7-819b45fdffbf (type: networks) to 1
2026-04-17 09:55:45.001 8 INFO neutron_taas.services.taas.taas_plugin [None req-b21f04a6-9404-47d6-b582-24fc90e319ba 4ca407cd214a463ca610b1e18abca698 a0d69e4840b243dd91d0259777dad038 - - default default] TaaS: Handle Delete Port: fbf46a19-858f-49a4-a4b9-f99db15070b8
2026-04-17 09:55:45.004 8 INFO neutron_taas.services.taas.tap_mirror_plugin [None req-b21f04a6-9404-47d6-b582-24fc90e319ba 4ca407cd214a463ca610b1e18abca698 a0d69e4840b243dd91d0259777dad038 - - default default] Tap Mirror: Handle Delete Port: fbf46a19-858f-49a4-a4b9-f99db15070b8
2026-04-17 09:55:45.194 7 WARNING neutron.scheduler.dhcp_agent_scheduler [None req-0caf17d7-14f0-426a-b862-0c0857d806dc e252cec46e064151b9b7e8d8bd7a3b75 bc7feec6770f456a8a35f6060921f19e - - default default] No more DHCP agents
2026-04-17 09:55:45.195 7 WARNING neutron.api.rpc.agentnotifiers.dhcp_rpc_agent_api [None req-0caf17d7-14f0-426a-b862-0c0857d806dc e252cec46e064151b9b7e8d8bd7a3b75 bc7feec6770f456a8a35f6060921f19e - - default default] Unable to schedule network 1237c582-aeb3-427d-a6b7-819b45fdffbf: no agents available; will retry on subsequent port and subnet creation events.
2026-04-17 09:55:45.248 8 INFO neutron.plugins.ml2.drivers.ovn.mech_driver.mech_driver [None req-08849625-c655-4d8c-bb09-ba38a409d30d - - - - - -] OVN reports status down for port: 593dabdd-a2af-4092-b240-1739e47a30cf
2026-04-17 09:55:45.263 8 INFO neutron.services.segments.plugin [-] Segment 10e671ab-048a-4f01-b821-8ae85dd37772 resource provider aggregate not found
2026-04-17 09:55:45.283 7 INFO neutron.db.ovn_revision_numbers_db [None req-0caf17d7-14f0-426a-b862-0c0857d806dc e252cec46e064151b9b7e8d8bd7a3b75 bc7feec6770f456a8a35f6060921f19e - - default default] Successfully bumped revision number for resource 593dabdd-a2af-4092-b240-1739e47a30cf (type: ports) to 1
2026-04-17 09:55:45.298 8 INFO neutron.services.segments.plugin [-] Segment 10e671ab-048a-4f01-b821-8ae85dd37772 resource provider not found; error: Placement Client Error (4xx): {"errors": [{"status": 404, "title": "Not Found", "detail": "The resource could not be found.\n\n No resource provider with uuid 10e671ab-048a-4f01-b821-8ae85dd37772 found for delete ", "request_id": "req-d08efb75-6563-4b46-bec7-3d6562cf44d8"}]}
2026-04-17 09:55:45.301 8 INFO neutron.services.segments.plugin [-] Segment 10e671ab-048a-4f01-b821-8ae85dd37772 resource provider aggregate not found [pid: 7|app: 0|req: 502/1201] 10.0.0.171 () {34 vars in 670 bytes} [Fri Apr 17 09:55:44 2026] POST /v2.0/networks => generated 655 bytes in 593 msecs (HTTP/1.1 201) 4 headers in 162 bytes (1 switches on core 0)
2026-04-17 09:55:45.338 8 INFO neutron.services.segments.plugin [-] Segment 10e671ab-048a-4f01-b821-8ae85dd37772 resource provider not found; error: Placement Client Error (4xx): {"errors": [{"status": 404, "title": "Not Found", "detail": "The resource could not be found.\n\n No resource provider with uuid 10e671ab-048a-4f01-b821-8ae85dd37772 found for delete ", "request_id": "req-9cb38c67-1275-4ff2-bf52-b5a1d6c60e0f"}]} [pid: 7|app: 0|req: 503/1202] 10.0.0.113 () {34 vars in 1040 bytes} [Fri Apr 17 09:55:45 2026] GET /v2.0/security-groups?id=0671d025-a946-4ea8-a905-126e0b93e9fe&fields=id&fields=name => generated 113 bytes in 35 msecs (HTTP/1.1 200) 4 headers in 157 bytes (1 switches on core 0) [pid: 8|app: 0|req: 700/1203] 10.0.0.171 () {32 vars in 726 bytes} [Fri Apr 17 09:55:44 2026] DELETE /v2.0/networks/d62977ac-0edf-48c5-a2a4-246b1a496a6e => generated 0 bytes in 501 msecs (HTTP/1.1 204) 3 headers in 131 bytes (1 switches on core 0)
2026-04-17 09:55:45.440 7 INFO neutron.notifiers.nova [-] Nova event matching ['req-1015998f-1b46-4c79-adc7-da868b46be1e'] response: {'server_uuid': 'e99ebe63-ae06-4873-9eb4-dbe9f7f0f5d4', 'name': 'network-vif-plugged', 'status': 'completed', 'tag': 'd63c5d36-7cc2-4e55-be93-a0a1ff08cf4d', 'code': 200}
2026-04-17 09:55:45.566 7 WARNING neutron.scheduler.dhcp_agent_scheduler [None req-709eac34-a16a-491b-af18-b5a1c9a7bfd6 e252cec46e064151b9b7e8d8bd7a3b75 bc7feec6770f456a8a35f6060921f19e - - default default] No more DHCP agents
2026-04-17 09:55:45.569 7 WARNING neutron.api.rpc.agentnotifiers.dhcp_rpc_agent_api [None req-709eac34-a16a-491b-af18-b5a1c9a7bfd6 e252cec46e064151b9b7e8d8bd7a3b75 bc7feec6770f456a8a35f6060921f19e - - default default] Unable to schedule network 1237c582-aeb3-427d-a6b7-819b45fdffbf: no agents available; will retry on subsequent port and subnet creation events.
2026-04-17 09:55:45.615 7 INFO neutron.db.ovn_revision_numbers_db [None req-709eac34-a16a-491b-af18-b5a1c9a7bfd6 e252cec46e064151b9b7e8d8bd7a3b75 bc7feec6770f456a8a35f6060921f19e - - default default] Successfully bumped revision number for resource 32555860-bc32-4555-a0dd-210ce6bdd09b (type: subnets) to 0 [pid: 7|app: 0|req: 504/1204] 10.0.0.171 () {34 vars in 669 bytes} [Fri Apr 17 09:55:45 2026] POST /v2.0/subnets => generated 646 bytes in 296 msecs (HTTP/1.1 201) 4 headers in 162 bytes (1 switches on core 0)
2026-04-17 09:55:45.677 8 WARNING neutron.scheduler.dhcp_agent_scheduler [None req-2dceae9c-32e3-4da6-aa0a-348900514a46 4ca407cd214a463ca610b1e18abca698 a0d69e4840b243dd91d0259777dad038 - - default default] No more DHCP agents
2026-04-17 09:55:45.678 8 WARNING neutron.api.rpc.agentnotifiers.dhcp_rpc_agent_api [None req-2dceae9c-32e3-4da6-aa0a-348900514a46 4ca407cd214a463ca610b1e18abca698 a0d69e4840b243dd91d0259777dad038 - - default default] Unable to schedule network 9ac574ec-34a7-462f-bd7e-fae6c0ac0a92: no agents available; will retry on subsequent port and subnet creation events.
2026-04-17 09:55:45.741 7 INFO neutron.plugins.ml2.drivers.ovn.mech_driver.mech_driver [None req-db76831e-1143-4e4e-8ddc-b0a85a3e5484 - - - - - -] OVN reports status down for port: a0e49c8e-c95f-456a-ba74-245e4b02c4d4
2026-04-17 09:55:45.763 8 INFO neutron.db.ovn_revision_numbers_db [None req-2dceae9c-32e3-4da6-aa0a-348900514a46 4ca407cd214a463ca610b1e18abca698 a0d69e4840b243dd91d0259777dad038 - - default default] Successfully bumped revision number for resource a0e49c8e-c95f-456a-ba74-245e4b02c4d4 (type: ports) to 1 [pid: 7|app: 0|req: 505/1205] 10.0.0.113 () {34 vars in 990 bytes} [Fri Apr 17 09:55:45 2026] GET /v2.0/ports?device_id=e99ebe63-ae06-4873-9eb4-dbe9f7f0f5d4 => generated 971 bytes in 160 msecs (HTTP/1.1 200) 4 headers in 157 bytes (1 switches on core 0) [pid: 8|app: 0|req: 701/1206] 10.0.0.171 () {34 vars in 665 bytes} [Fri Apr 17 09:55:45 2026] POST /v2.0/ports => generated 775 bytes in 422 msecs (HTTP/1.1 201) 4 headers in 162 bytes (1 switches on core 0) /var/lib/openstack/lib/python3.12/site-packages/pycadf/identifier.py:70: UserWarning: Invalid uuid: neutron. To ensure interoperability, identifiers should be a valid uuid. warnings.warn(('Invalid uuid: %s. To ensure interoperability, ' [pid: 8|app: 0|req: 702/1207] 10.0.0.113 () {34 vars in 1040 bytes} [Fri Apr 17 09:55:45 2026] GET /v2.0/security-groups?id=31a7ac29-0cc2-4ecc-b15a-e8b86bbceb71&fields=id&fields=name => generated 114 bytes in 61 msecs (HTTP/1.1 200) 4 headers in 157 bytes (1 switches on core 0)
2026-04-17 09:55:45.931 7 INFO neutron.plugins.ml2.drivers.ovn.mech_driver.mech_driver [None req-db76831e-1143-4e4e-8ddc-b0a85a3e5484 - - - - - -] OVN reports status down for port: ee0ecc03-8de5-4018-b709-32877546f07b
2026-04-17 09:55:46.235 8 INFO neutron.db.ovn_revision_numbers_db [None req-cb92f34a-1edb-4b6c-8114-f60a1d4ac98a 4ca407cd214a463ca610b1e18abca698 a0d69e4840b243dd91d0259777dad038 - - default default] Successfully bumped revision number for resource a0e49c8e-c95f-456a-ba74-245e4b02c4d4 (type: ports) to 2 [pid: 8|app: 0|req: 703/1208] 10.0.0.171 () {34 vars in 737 bytes} [Fri Apr 17 09:55:45 2026] PUT /v2.0/ports/a0e49c8e-c95f-456a-ba74-245e4b02c4d4 => generated 752 bytes in 372 msecs (HTTP/1.1 200) 4 headers in 157 bytes (1 switches on core 0) /var/lib/openstack/lib/python3.12/site-packages/pycadf/identifier.py:70: UserWarning: Invalid uuid: neutron. To ensure interoperability, identifiers should be a valid uuid. warnings.warn(('Invalid uuid: %s. To ensure interoperability, ' [pid: 8|app: 0|req: 704/1209] 10.0.0.113 () {34 vars in 990 bytes} [Fri Apr 17 09:55:46 2026] GET /v2.0/ports?device_id=e99ebe63-ae06-4873-9eb4-dbe9f7f0f5d4 => generated 971 bytes in 45 msecs (HTTP/1.1 200) 4 headers in 157 bytes (1 switches on core 0)
2026-04-17 09:55:46.433 7 WARNING neutron.scheduler.dhcp_agent_scheduler [None req-ac1a2300-986c-4603-a762-fb6b3589c6ad e252cec46e064151b9b7e8d8bd7a3b75 bc7feec6770f456a8a35f6060921f19e - - default default] No more DHCP agents
2026-04-17 09:55:46.438 7 WARNING neutron.api.rpc.agentnotifiers.dhcp_rpc_agent_api [None req-ac1a2300-986c-4603-a762-fb6b3589c6ad e252cec46e064151b9b7e8d8bd7a3b75 bc7feec6770f456a8a35f6060921f19e - - default default] Unable to schedule network 1237c582-aeb3-427d-a6b7-819b45fdffbf: no agents available; will retry on subsequent port and subnet creation events.
2026-04-17 09:55:46.468 7 INFO neutron.db.ovn_revision_numbers_db [None req-db76831e-1143-4e4e-8ddc-b0a85a3e5484 - - - - - -] Successfully bumped revision number for resource ee0ecc03-8de5-4018-b709-32877546f07b (type: ports) to 8
2026-04-17 09:55:46.497 8 INFO neutron_taas.services.taas.taas_plugin [None req-6ae3d45a-1ef3-44fd-9bcd-e7f7ec7868c9 4ca407cd214a463ca610b1e18abca698 a0d69e4840b243dd91d0259777dad038 - - default default] TaaS: Handle Delete Port: a0e49c8e-c95f-456a-ba74-245e4b02c4d4
2026-04-17 09:55:46.500 8 INFO neutron_taas.services.taas.tap_mirror_plugin [None req-6ae3d45a-1ef3-44fd-9bcd-e7f7ec7868c9 4ca407cd214a463ca610b1e18abca698 a0d69e4840b243dd91d0259777dad038 - - default default] Tap Mirror: Handle Delete Port: a0e49c8e-c95f-456a-ba74-245e4b02c4d4
2026-04-17 09:55:46.544 8 INFO neutron.plugins.ml2.drivers.ovn.mech_driver.mech_driver [None req-08849625-c655-4d8c-bb09-ba38a409d30d - - - - - -] OVN reports status down for port: db07bb37-7aee-471f-a38f-0b0c3cde2671
2026-04-17 09:55:46.591 7 INFO neutron.plugins.ml2.drivers.ovn.mech_driver.mech_driver [None req-81d23cab-b5f3-4b7d-b766-5901b6413102 - - - - - -] OVN reports status down for port: a0e49c8e-c95f-456a-ba74-245e4b02c4d4
2026-04-17 09:55:46.638 7 INFO neutron.db.ovn_revision_numbers_db [None req-ac1a2300-986c-4603-a762-fb6b3589c6ad e252cec46e064151b9b7e8d8bd7a3b75 bc7feec6770f456a8a35f6060921f19e - - default default] Successfully bumped revision number for resource db07bb37-7aee-471f-a38f-0b0c3cde2671 (type: ports) to 1 [pid: 7|app: 0|req: 506/1210] 10.0.0.171 () {34 vars in 665 bytes} [Fri Apr 17 09:55:45 2026] POST /v2.0/ports => generated 961 bytes in 878 msecs (HTTP/1.1 201) 4 headers in 162 bytes (1 switches on core 0) /var/lib/openstack/lib/python3.12/site-packages/pycadf/identifier.py:70: UserWarning: Invalid uuid: neutron. To ensure interoperability, identifiers should be a valid uuid. warnings.warn(('Invalid uuid: %s. To ensure interoperability, ' [pid: 8|app: 0|req: 705/1211] 10.0.0.171 () {32 vars in 720 bytes} [Fri Apr 17 09:55:46 2026] DELETE /v2.0/ports/a0e49c8e-c95f-456a-ba74-245e4b02c4d4 => generated 0 bytes in 436 msecs (HTTP/1.1 204) 3 headers in 131 bytes (1 switches on core 0) [pid: 7|app: 0|req: 507/1212] 10.0.0.113 () {34 vars in 1040 bytes} [Fri Apr 17 09:55:46 2026] GET /v2.0/security-groups?id=31a7ac29-0cc2-4ecc-b15a-e8b86bbceb71&fields=id&fields=name => generated 114 bytes in 66 msecs (HTTP/1.1 200) 4 headers in 157 bytes (1 switches on core 0) [pid: 8|app: 0|req: 706/1213] 10.0.0.113 () {34 vars in 990 bytes} [Fri Apr 17 09:55:46 2026] GET /v2.0/ports?device_id=2a9f6c82-5f51-4911-8c13-2f8b136e6bfc => generated 973 bytes in 57 msecs (HTTP/1.1 200) 4 headers in 157 bytes (1 switches on core 0) [pid: 8|app: 0|req: 707/1214] 10.0.0.171 () {32 vars in 643 bytes} [Fri Apr 17 09:55:46 2026] GET /v2.0/ports => generated 1534 bytes in 56 msecs (HTTP/1.1 200) 4 headers in 158 bytes (1 switches on core 0)
2026-04-17 09:55:46.906 7 INFO neutron_taas.services.taas.taas_plugin [None req-8898d778-b8b1-43de-86b3-165946148ba3 e252cec46e064151b9b7e8d8bd7a3b75 bc7feec6770f456a8a35f6060921f19e - - default default] TaaS: Handle Delete Port: db07bb37-7aee-471f-a38f-0b0c3cde2671
2026-04-17 09:55:46.911 7 INFO neutron_taas.services.taas.tap_mirror_plugin [None req-8898d778-b8b1-43de-86b3-165946148ba3 e252cec46e064151b9b7e8d8bd7a3b75 bc7feec6770f456a8a35f6060921f19e - - default default] Tap Mirror: Handle Delete Port: db07bb37-7aee-471f-a38f-0b0c3cde2671 [pid: 8|app: 0|req: 708/1215] 10.0.0.171 () {32 vars in 736 bytes} [Fri Apr 17 09:55:46 2026] GET /v2.0/ports?device_id=e99ebe63-ae06-4873-9eb4-dbe9f7f0f5d4 => generated 1209 bytes in 86 msecs (HTTP/1.1 200) 4 headers in 158 bytes (1 switches on core 0) [pid: 8|app: 0|req: 709/1216] 10.0.0.113 () {34 vars in 1040 bytes} [Fri Apr 17 09:55:46 2026] GET /v2.0/security-groups?id=0671d025-a946-4ea8-a905-126e0b93e9fe&fields=id&fields=name => generated 113 bytes in 32 msecs (HTTP/1.1 200) 4 headers in 157 bytes (1 switches on core 0)
2026-04-17 09:55:46.995 8 INFO neutron.pecan_wsgi.hooks.translation [None req-f5825aac-c415-425c-8b89-efa89b190e68 4ca407cd214a463ca610b1e18abca698 a0d69e4840b243dd91d0259777dad038 - - default default] GET failed (client error): The resource could not be found. [pid: 8|app: 0|req: 710/1217] 10.0.0.171 () {32 vars in 717 bytes} [Fri Apr 17 09:55:46 2026] GET /v2.0/ports/a0e49c8e-c95f-456a-ba74-245e4b02c4d4 => generated 132 bytes in 20 msecs (HTTP/1.1 404) 4 headers in 164 bytes (1 switches on core 0) [pid: 7|app: 0|req: 508/1218] 10.0.0.171 () {32 vars in 720 bytes} [Fri Apr 17 09:55:46 2026] DELETE /v2.0/ports/db07bb37-7aee-471f-a38f-0b0c3cde2671 => generated 0 bytes in 315 msecs (HTTP/1.1 204) 3 headers in 131 bytes (1 switches on core 0) [pid: 7|app: 0|req: 509/1219] 10.0.0.171 () {32 vars in 643 bytes} [Fri Apr 17 09:55:47 2026] GET /v2.0/ports => generated 1534 bytes in 104 msecs (HTTP/1.1 200) 4 headers in 158 bytes (1 switches on core 0)
2026-04-17 09:55:47.190 7 INFO neutron.pecan_wsgi.hooks.translation [None req-598224b9-f8fa-4e70-bddf-d00b5678707d e252cec46e064151b9b7e8d8bd7a3b75 bc7feec6770f456a8a35f6060921f19e - - default default] DELETE failed (client error): The resource could not be found. [pid: 7|app: 0|req: 510/1220] 10.0.0.171 () {32 vars in 720 bytes} [Fri Apr 17 09:55:47 2026] DELETE /v2.0/ports/db07bb37-7aee-471f-a38f-0b0c3cde2671 => generated 132 bytes in 25 msecs (HTTP/1.1 404) 4 headers in 164 bytes (1 switches on core 0) [pid: 7|app: 0|req: 511/1221] 199.204.45.229 () {34 vars in 994 bytes} [Fri Apr 17 09:55:47 2026] GET /v2.0/ports?device_id=2a9f6c82-5f51-4911-8c13-2f8b136e6bfc => generated 973 bytes in 86 msecs (HTTP/1.1 200) 4 headers in 157 bytes (1 switches on core 0)
2026-04-17 09:55:47.295 8 WARNING neutron.scheduler.dhcp_agent_scheduler [None req-ab37da16-ee95-48bf-b8b4-2e4249b42e41 6984781827bf4dbaa210164974feac19 831b09eb361845bca29a3f4bcdba9f34 - - default default] No more DHCP agents
2026-04-17 09:55:47.296 8 WARNING neutron.api.rpc.agentnotifiers.dhcp_rpc_agent_api [None req-ab37da16-ee95-48bf-b8b4-2e4249b42e41 6984781827bf4dbaa210164974feac19 831b09eb361845bca29a3f4bcdba9f34 - - default default] Unable to schedule network 1131273a-256c-4a48-a6da-389b0b6eeaa5: no agents available; will retry on subsequent port and subnet creation events. [pid: 7|app: 0|req: 512/1222] 10.0.0.171 () {32 vars in 717 bytes} [Fri Apr 17 09:55:47 2026] GET /v2.0/ports/f83efe7e-c1a8-4de1-866a-18146659761d => generated 775 bytes in 34 msecs (HTTP/1.1 200) 4 headers in 157 bytes (1 switches on core 0)
2026-04-17 09:55:47.336 7 INFO neutron.pecan_wsgi.hooks.translation [None req-8555a077-38dd-445c-b596-c6924eaacb37 e252cec46e064151b9b7e8d8bd7a3b75 bc7feec6770f456a8a35f6060921f19e - - default default] GET failed (client error): The resource could not be found. [pid: 7|app: 0|req: 513/1223] 10.0.0.171 () {32 vars in 717 bytes} [Fri Apr 17 09:55:47 2026] GET /v2.0/ports/db07bb37-7aee-471f-a38f-0b0c3cde2671 => generated 132 bytes in 21 msecs (HTTP/1.1 404) 4 headers in 164 bytes (1 switches on core 0)
2026-04-17 09:55:47.494 7 INFO neutron.notifiers.nova [-] Nova event matching ['req-a3f20763-8a82-4b8f-a367-10402c38bdd8'] response: {'server_uuid': '2a9f6c82-5f51-4911-8c13-2f8b136e6bfc', 'name': 'network-vif-unplugged', 'status': 'completed', 'tag': 'ee0ecc03-8de5-4018-b709-32877546f07b', 'code': 200}
2026-04-17 09:55:47.495 7 INFO neutron.notifiers.nova [-] Nova event matching ['req-a3f20763-8a82-4b8f-a367-10402c38bdd8'] response: {'server_uuid': '2a9f6c82-5f51-4911-8c13-2f8b136e6bfc', 'name': 'network-vif-unplugged', 'status': 'completed', 'tag': 'ee0ecc03-8de5-4018-b709-32877546f07b', 'code': 200}
2026-04-17 09:55:47.499 7 INFO neutron_taas.services.taas.taas_plugin [req-fc96308e-9873-4a8d-ac43-24985e83fa30 req-092e4839-25fe-4781-b3aa-f01093c7ea06 bb9b61126ec34bfc93cea2ea6152525e 894f50c3763a45fcae0ed3b1ad419a77 - - default default] TaaS: Handle Delete Port: ee0ecc03-8de5-4018-b709-32877546f07b
2026-04-17 09:55:47.503 7 INFO neutron_taas.services.taas.tap_mirror_plugin [req-fc96308e-9873-4a8d-ac43-24985e83fa30 req-092e4839-25fe-4781-b3aa-f01093c7ea06 bb9b61126ec34bfc93cea2ea6152525e 894f50c3763a45fcae0ed3b1ad419a77 - - default default] Tap Mirror: Handle Delete Port: ee0ecc03-8de5-4018-b709-32877546f07b
2026-04-17 09:55:47.720 7 INFO neutron.db.l3_db [req-fc96308e-9873-4a8d-ac43-24985e83fa30 req-092e4839-25fe-4781-b3aa-f01093c7ea06 bb9b61126ec34bfc93cea2ea6152525e 894f50c3763a45fcae0ed3b1ad419a77 - - default default] Floating IP 9d951d1d-4035-4058-86fe-db5eaaa31a15 disassociated. External IP: 10.96.250.215, port: ee0ecc03-8de5-4018-b709-32877546f07b. [pid: 7|app: 0|req: 514/1224] 199.204.45.229 () {36 vars in 997 bytes} [Fri Apr 17 09:55:47 2026] DELETE /v2.0/ports/ee0ecc03-8de5-4018-b709-32877546f07b => generated 0 bytes in 515 msecs (HTTP/1.1 204) 3 headers in 131 bytes (1 switches on core 0) /var/lib/openstack/lib/python3.12/site-packages/pycadf/identifier.py:70: UserWarning: Invalid uuid: neutron. To ensure interoperability, identifiers should be a valid uuid. warnings.warn(('Invalid uuid: %s. To ensure interoperability, '
2026-04-17 09:55:47.873 7 INFO neutron.pecan_wsgi.hooks.translation [None req-6f5f248f-2225-440e-bf96-d3edae09f347 4ca407cd214a463ca610b1e18abca698 a0d69e4840b243dd91d0259777dad038 - - default default] DELETE failed (client error): The resource could not be found. [pid: 7|app: 0|req: 515/1225] 10.0.0.171 () {32 vars in 720 bytes} [Fri Apr 17 09:55:47 2026] DELETE /v2.0/ports/daac66c4-cfb3-4765-a219-8c4aa12a9d8f => generated 132 bytes in 23 msecs (HTTP/1.1 404) 4 headers in 164 bytes (1 switches on core 0) [pid: 7|app: 0|req: 516/1226] 10.0.0.171 () {32 vars in 724 bytes} [Fri Apr 17 09:55:47 2026] DELETE /v2.0/subnets/32555860-bc32-4555-a0dd-210ce6bdd09b => generated 0 bytes in 182 msecs (HTTP/1.1 204) 3 headers in 131 bytes (1 switches on core 0)
2026-04-17 09:55:48.071 7 INFO neutron.pecan_wsgi.hooks.translation [None req-f3def2de-2f06-4886-bc27-64b124d44e5b 4ca407cd214a463ca610b1e18abca698 a0d69e4840b243dd91d0259777dad038 - - default default] DELETE failed (client error): The resource could not be found. [pid: 7|app: 0|req: 517/1227] 10.0.0.171 () {32 vars in 724 bytes} [Fri Apr 17 09:55:48 2026] DELETE /v2.0/subnets/4a8dc3f3-e22d-45e1-b2d6-3320f3df12ae => generated 136 bytes in 13 msecs (HTTP/1.1 404) 4 headers in 164 bytes (1 switches on core 0)
2026-04-17 09:55:48.200 7 INFO neutron_taas.services.taas.taas_plugin [None req-2705d5fc-f40f-4a87-b310-34a9c1e60e25 e252cec46e064151b9b7e8d8bd7a3b75 bc7feec6770f456a8a35f6060921f19e - - default default] TaaS: Handle Delete Port: 593dabdd-a2af-4092-b240-1739e47a30cf
2026-04-17 09:55:48.204 7 INFO neutron_taas.services.taas.tap_mirror_plugin [None req-2705d5fc-f40f-4a87-b310-34a9c1e60e25 e252cec46e064151b9b7e8d8bd7a3b75 bc7feec6770f456a8a35f6060921f19e - - default default] Tap Mirror: Handle Delete Port: 593dabdd-a2af-4092-b240-1739e47a30cf
2026-04-17 09:55:48.398 7 INFO neutron.services.segments.plugin [-] Segment 70413b99-1158-4b03-b725-4d398b38019c resource provider aggregate not found
2026-04-17 09:55:48.416 7 INFO neutron.services.segments.plugin [-] Segment 70413b99-1158-4b03-b725-4d398b38019c resource provider aggregate not found
2026-04-17 09:55:48.417 7 INFO neutron.services.segments.plugin [-] Segment 70413b99-1158-4b03-b725-4d398b38019c resource provider not found; error: Placement Client Error (4xx): {"errors": [{"status": 404, "title": "Not Found", "detail": "The resource could not be found.\n\n No resource provider with uuid 70413b99-1158-4b03-b725-4d398b38019c found for delete ", "request_id": "req-7c3499fb-039b-40c7-88db-be2561ef5303"}]}
2026-04-17 09:55:48.437 7 INFO neutron.services.segments.plugin [-] Segment 70413b99-1158-4b03-b725-4d398b38019c resource provider not found; error: Placement Client Error (4xx): {"errors": [{"status": 404, "title": "Not Found", "detail": "The resource could not be found.\n\n No resource provider with uuid 70413b99-1158-4b03-b725-4d398b38019c found for delete ", "request_id": "req-3a773ce0-2f8d-4823-bfeb-4105e47faec4"}]} [pid: 7|app: 0|req: 518/1228] 10.0.0.171 () {32 vars in 726 bytes} [Fri Apr 17 09:55:48 2026] DELETE /v2.0/networks/1237c582-aeb3-427d-a6b7-819b45fdffbf => generated 0 bytes in 384 msecs (HTTP/1.1 204) 3 headers in 131 bytes (1 switches on core 0) [pid: 7|app: 0|req: 519/1229] 10.0.0.113 () {34 vars in 990 bytes} [Fri Apr 17 09:55:48 2026] GET /v2.0/ports?device_id=2a9f6c82-5f51-4911-8c13-2f8b136e6bfc => generated 12 bytes in 42 msecs (HTTP/1.1 200) 4 headers in 156 bytes (1 switches on core 0)
2026-04-17 09:55:48.512 7 INFO neutron.pecan_wsgi.hooks.translation [None req-2a020a85-02e6-48a7-97a9-8592889e801a 4ca407cd214a463ca610b1e18abca698 a0d69e4840b243dd91d0259777dad038 - - default default] DELETE failed (client error): The resource could not be found. [pid: 7|app: 0|req: 520/1230] 10.0.0.171 () {32 vars in 724 bytes} [Fri Apr 17 09:55:48 2026] DELETE /v2.0/subnets/bd9accbd-1a22-4a48-9bfb-8de1c546f578 => generated 136 bytes in 15 msecs (HTTP/1.1 404) 4 headers in 164 bytes (1 switches on core 0)
2026-04-17 09:55:48.605 7 INFO neutron.db.segments_db [None req-d416a835-2c63-4c3d-9c6b-f392c0453118 e252cec46e064151b9b7e8d8bd7a3b75 bc7feec6770f456a8a35f6060921f19e - - default default] Added segment 1c25ed67-f1f4-42f4-a93a-8cb651087805 of type geneve for network 5e2a0f69-5a98-4731-8bd4-471a8356461c
2026-04-17 09:55:48.646 8 INFO neutron.db.ovn_revision_numbers_db [None req-ab37da16-ee95-48bf-b8b4-2e4249b42e41 6984781827bf4dbaa210164974feac19 831b09eb361845bca29a3f4bcdba9f34 - - default default] Successfully bumped revision number for resource d2596503-e127-4ca2-8ba2-55182e47f190 (type: floatingips) to 1
2026-04-17 09:55:48.646 8 INFO neutron.db.l3_db [None req-ab37da16-ee95-48bf-b8b4-2e4249b42e41 6984781827bf4dbaa210164974feac19 831b09eb361845bca29a3f4bcdba9f34 - - default default] Floating IP d2596503-e127-4ca2-8ba2-55182e47f190 associated. External IP: 10.96.250.202, port: d63c5d36-7cc2-4e55-be93-a0a1ff08cf4d. [pid: 8|app: 0|req: 711/1231] 10.0.0.171 () {34 vars in 677 bytes} [Fri Apr 17 09:55:46 2026] POST /v2.0/floatingips => generated 855 bytes in 1711 msecs (HTTP/1.1 201) 4 headers in 162 bytes (1 switches on core 0) /var/lib/openstack/lib/python3.12/site-packages/pycadf/identifier.py:70: UserWarning: Invalid uuid: neutron. To ensure interoperability, identifiers should be a valid uuid. warnings.warn(('Invalid uuid: %s. To ensure interoperability, '
2026-04-17 09:55:48.719 7 INFO neutron.db.ovn_revision_numbers_db [None req-d416a835-2c63-4c3d-9c6b-f392c0453118 e252cec46e064151b9b7e8d8bd7a3b75 bc7feec6770f456a8a35f6060921f19e - - default default] Successfully bumped revision number for resource 5e2a0f69-5a98-4731-8bd4-471a8356461c (type: networks) to 1
2026-04-17 09:55:48.762 8 INFO neutron.notifiers.nova [-] Nova event matching ['req-bf3b0d34-1997-495a-858c-84f81e028cca'] response: {'name': 'network-changed', 'server_uuid': 'e99ebe63-ae06-4873-9eb4-dbe9f7f0f5d4', 'tag': 'd63c5d36-7cc2-4e55-be93-a0a1ff08cf4d', 'status': 'completed', 'code': 200}
2026-04-17 09:55:48.865 8 INFO neutron_taas.services.taas.taas_plugin [None req-67282772-f6bc-42c1-839e-8a07ca328857 4ca407cd214a463ca610b1e18abca698 a0d69e4840b243dd91d0259777dad038 - - default default] TaaS: Handle Delete Port: f83efe7e-c1a8-4de1-866a-18146659761d
2026-04-17 09:55:48.868 8 INFO neutron_taas.services.taas.tap_mirror_plugin [None req-67282772-f6bc-42c1-839e-8a07ca328857 4ca407cd214a463ca610b1e18abca698 a0d69e4840b243dd91d0259777dad038 - - default default] Tap Mirror: Handle Delete Port: f83efe7e-c1a8-4de1-866a-18146659761d
2026-04-17 09:55:48.908 7 WARNING neutron.scheduler.dhcp_agent_scheduler [None req-d416a835-2c63-4c3d-9c6b-f392c0453118 e252cec46e064151b9b7e8d8bd7a3b75 bc7feec6770f456a8a35f6060921f19e - - default default] No more DHCP agents
2026-04-17 09:55:48.910 7 WARNING neutron.api.rpc.agentnotifiers.dhcp_rpc_agent_api [None req-d416a835-2c63-4c3d-9c6b-f392c0453118 e252cec46e064151b9b7e8d8bd7a3b75 bc7feec6770f456a8a35f6060921f19e - - default default] Unable to schedule network 5e2a0f69-5a98-4731-8bd4-471a8356461c: no agents available; will retry on subsequent port and subnet creation events.
2026-04-17 09:55:48.956 7 INFO neutron.plugins.ml2.drivers.ovn.mech_driver.mech_driver [None req-81d23cab-b5f3-4b7d-b766-5901b6413102 - - - - - -] OVN reports status down for port: 4711d9bb-e5d9-4ae1-829b-ce51f8131f69 [pid: 8|app: 0|req: 712/1232] 10.0.0.171 () {32 vars in 720 bytes} [Fri Apr 17 09:55:48 2026] DELETE /v2.0/ports/f83efe7e-c1a8-4de1-866a-18146659761d => generated 0 bytes in 286 msecs (HTTP/1.1 204) 3 headers in 131 bytes (1 switches on core 0)
2026-04-17 09:55:49.018 7 INFO neutron.db.ovn_revision_numbers_db [None req-d416a835-2c63-4c3d-9c6b-f392c0453118 e252cec46e064151b9b7e8d8bd7a3b75 bc7feec6770f456a8a35f6060921f19e - - default default] Successfully bumped revision number for resource 4711d9bb-e5d9-4ae1-829b-ce51f8131f69 (type: ports) to 1 [pid: 8|app: 0|req: 713/1233] 10.0.0.171 () {32 vars in 729 bytes} [Fri Apr 17 09:55:48 2026] GET /v2.0/floatingips/d2596503-e127-4ca2-8ba2-55182e47f190 => generated 857 bytes in 40 msecs (HTTP/1.1 200) 4 headers in 157 bytes (1 switches on core 0) [pid: 7|app: 0|req: 521/1234] 10.0.0.171 () {34 vars in 670 bytes} [Fri Apr 17 09:55:48 2026] POST /v2.0/networks => generated 654 bytes in 556 msecs (HTTP/1.1 201) 4 headers in 162 bytes (1 switches on core 0)
2026-04-17 09:55:49.188 8 INFO neutron_taas.services.taas.taas_plugin [None req-6c5c7732-06cd-41b4-a0d6-0399834a21e1 4ca407cd214a463ca610b1e18abca698 a0d69e4840b243dd91d0259777dad038 - - default default] TaaS: Handle Delete Port: 72a6b3eb-e50c-4340-bdff-2aab3083425a
2026-04-17 09:55:49.190 8 INFO neutron_taas.services.taas.tap_mirror_plugin [None req-6c5c7732-06cd-41b4-a0d6-0399834a21e1 4ca407cd214a463ca610b1e18abca698 a0d69e4840b243dd91d0259777dad038 - - default default] Tap Mirror: Handle Delete Port: 72a6b3eb-e50c-4340-bdff-2aab3083425a
2026-04-17 09:55:49.355 7 WARNING neutron.scheduler.dhcp_agent_scheduler [None req-2cc3cc24-574d-4142-bd7e-d8831eac0198 e252cec46e064151b9b7e8d8bd7a3b75 bc7feec6770f456a8a35f6060921f19e - - default default] No more DHCP agents
2026-04-17 09:55:49.356 7 WARNING neutron.api.rpc.agentnotifiers.dhcp_rpc_agent_api [None req-2cc3cc24-574d-4142-bd7e-d8831eac0198 e252cec46e064151b9b7e8d8bd7a3b75 bc7feec6770f456a8a35f6060921f19e - - default default] Unable to schedule network 5e2a0f69-5a98-4731-8bd4-471a8356461c: no agents available; will retry on subsequent port and subnet creation events.
2026-04-17 09:55:49.383 7 INFO neutron.db.ovn_revision_numbers_db [None req-2cc3cc24-574d-4142-bd7e-d8831eac0198 e252cec46e064151b9b7e8d8bd7a3b75 bc7feec6770f456a8a35f6060921f19e - - default default] Successfully bumped revision number for resource bb86b55d-8897-44a8-a83c-b9f00bd01af4 (type: subnets) to 0 [pid: 7|app: 0|req: 522/1235] 10.0.0.171 () {34 vars in 669 bytes} [Fri Apr 17 09:55:49 2026] POST /v2.0/subnets => generated 646 bytes in 323 msecs (HTTP/1.1 201) 4 headers in 162 bytes (1 switches on core 0)
2026-04-17 09:55:49.405 8 INFO neutron.services.segments.plugin [-] Segment 98fd749f-140e-409b-b6f7-e8ca076e7632 resource provider aggregate not found
2026-04-17 09:55:49.410 8 INFO neutron.services.segments.plugin [-] Segment 98fd749f-140e-409b-b6f7-e8ca076e7632 resource provider aggregate not found
2026-04-17 09:55:49.428 8 INFO neutron.services.segments.plugin [-] Segment 98fd749f-140e-409b-b6f7-e8ca076e7632 resource provider not found; error: Placement Client Error (4xx): {"errors": [{"status": 404, "title": "Not Found", "detail": "The resource could not be found.\n\n No resource provider with uuid 98fd749f-140e-409b-b6f7-e8ca076e7632 found for delete ", "request_id": "req-9e7a1728-b47e-46f8-ab10-a60a23cafbee"}]}
2026-04-17 09:55:49.428 8 INFO neutron.services.segments.plugin [-] Segment 98fd749f-140e-409b-b6f7-e8ca076e7632 resource provider not found; error: Placement Client Error (4xx): {"errors": [{"status": 404, "title": "Not Found", "detail": "The resource could not be found.\n\n No resource provider with uuid 98fd749f-140e-409b-b6f7-e8ca076e7632 found for delete ", "request_id": "req-503fd2c6-ca3b-4b78-b4f2-45c73db52c87"}]} [pid: 7|app: 0|req: 523/1236] 199.204.45.229 () {34 vars in 1080 bytes} [Fri Apr 17 09:55:49 2026] GET /v2.0/ports?tenant_id=831b09eb361845bca29a3f4bcdba9f34&device_id=e99ebe63-ae06-4873-9eb4-dbe9f7f0f5d4 => generated 1209 bytes in 48 msecs (HTTP/1.1 200) 4 headers in 158 bytes (1 switches on core 0) [pid: 8|app: 0|req: 714/1237] 10.0.0.171 () {32 vars in 726 bytes} [Fri Apr 17 09:55:49 2026] DELETE /v2.0/networks/9ac574ec-34a7-462f-bd7e-fae6c0ac0a92 => generated 0 bytes in 429 msecs (HTTP/1.1 204) 3 headers in 131 bytes (1 switches on core 0) [pid: 8|app: 0|req: 715/1238] 199.204.45.229 () {34 vars in 986 bytes} [Fri Apr 17 09:55:49 2026] GET /v2.0/networks?id=98928d8e-29d4-402f-8700-e76adedb57bb => generated 797 bytes in 50 msecs (HTTP/1.1 200) 4 headers in 157 bytes (1 switches on core 0)
2026-04-17 09:55:49.548 7 INFO neutron.notifiers.nova [-] Nova event matching ['req-7c133a72-a56c-4ea0-a75b-9fb08c9e1cf8'] response: {'server_uuid': '2a9f6c82-5f51-4911-8c13-2f8b136e6bfc', 'name': 'network-vif-deleted', 'tag': 'ee0ecc03-8de5-4018-b709-32877546f07b', 'status': 'completed', 'code': 200} [pid: 8|app: 0|req: 716/1239] 199.204.45.229 () {34 vars in 1058 bytes} [Fri Apr 17 09:55:49 2026] GET /v2.0/floatingips?fixed_ip_address=10.100.0.8&port_id=d63c5d36-7cc2-4e55-be93-a0a1ff08cf4d => generated 860 bytes in 47 msecs (HTTP/1.1 200) 4 headers in 157 bytes (1 switches on core 0) [pid: 8|app: 0|req: 717/1240] 199.204.45.229 () {34 vars in 984 bytes} [Fri Apr 17 09:55:49 2026] GET /v2.0/subnets?id=fa240255-1817-41f2-8652-e5d37acef6ef => generated 678 bytes in 30 msecs (HTTP/1.1 200) 4 headers in 157 bytes (1 switches on core 0) [pid: 8|app: 0|req: 718/1241] 10.0.0.113 () {34 vars in 990 bytes} [Fri Apr 17 09:55:49 2026] GET /v2.0/ports?device_id=2a9f6c82-5f51-4911-8c13-2f8b136e6bfc => generated 12 bytes in 17 msecs (HTTP/1.1 200) 4 headers in 156 bytes (1 switches on core 0) [pid: 8|app: 0|req: 719/1242] 199.204.45.229 () {34 vars in 1052 bytes} [Fri Apr 17 09:55:49 2026] GET /v2.0/ports?network_id=98928d8e-29d4-402f-8700-e76adedb57bb&device_owner=network%3Adhcp => generated 12 bytes in 29 msecs (HTTP/1.1 200) 4 headers in 156 bytes (1 switches on core 0) [pid: 8|app: 0|req: 720/1243] 199.204.45.229 () {34 vars in 1012 bytes} [Fri Apr 17 09:55:49 2026] GET /v2.0/networks/98928d8e-29d4-402f-8700-e76adedb57bb?fields=segments => generated 14 bytes in 45 msecs (HTTP/1.1 200) 4 headers in 156 bytes (1 switches on core 0)
2026-04-17 09:55:49.719 7 WARNING neutron.scheduler.dhcp_agent_scheduler [None req-c6a4b954-6537-4838-af1e-099cbec168fc e252cec46e064151b9b7e8d8bd7a3b75 bc7feec6770f456a8a35f6060921f19e - - default default] No more DHCP agents
