2026-04-17 09:56:34.852 7 INFO neutron_taas.services.taas.taas_plugin [req-63cf8d16-51f4-43d9-80c8-7732611ed3ae req-0d769488-04e7-41b0-81c3-c52e4cd6e04c 36cf0c01b86a46e4b7b84fc7888ef4e4 b25d3c93d5a1402c902e4e27fc3e73f0 - - default default] TaaS: Handle Delete Port: 7afc0859-c9e7-4cbf-809f-cf2e1c7189ba
2026-04-17 09:56:34.855 7 INFO neutron_taas.services.taas.tap_mirror_plugin [req-63cf8d16-51f4-43d9-80c8-7732611ed3ae req-0d769488-04e7-41b0-81c3-c52e4cd6e04c 36cf0c01b86a46e4b7b84fc7888ef4e4 b25d3c93d5a1402c902e4e27fc3e73f0 - - default default] Tap Mirror: Handle Delete Port: 7afc0859-c9e7-4cbf-809f-cf2e1c7189ba [pid: 7|app: 0|req: 672/1573] 199.204.45.229 () {36 vars in 997 bytes} [Fri Apr 17 09:56:34 2026] DELETE /v2.0/ports/7afc0859-c9e7-4cbf-809f-cf2e1c7189ba => generated 0 bytes in 324 msecs (HTTP/1.1 204) 3 headers in 131 bytes (1 switches on core 0) [pid: 7|app: 0|req: 673/1574] 10.0.0.113 () {34 vars in 990 bytes} [Fri Apr 17 09:56:35 2026] GET /v2.0/ports?device_id=483cb541-7954-49a2-85bf-170820126ac1 => generated 12 bytes in 40 msecs (HTTP/1.1 200) 4 headers in 156 bytes (1 switches on core 0)
2026-04-17 09:56:35.079 7 INFO neutron.notifiers.nova [-] Nova event matching ['req-7a955497-9d89-479d-b409-e672ccfda13d'] response: {'server_uuid': '483cb541-7954-49a2-85bf-170820126ac1', 'name': 'network-vif-deleted', 'tag': '7afc0859-c9e7-4cbf-809f-cf2e1c7189ba', 'status': 'completed', 'code': 200}
2026-04-17 09:56:35.311 8 INFO neutron.db.ovn_revision_numbers_db [None req-6b06b78f-acdf-44fb-b8e7-bea1aafa755d - - - - - -] Successfully bumped revision number for resource 11d1e1f9-9bac-4497-8f21-a6587dfac9f4 (type: ports) to 2
2026-04-17 09:56:35.336 8 INFO neutron.db.ovn_revision_numbers_db [None req-6b06b78f-acdf-44fb-b8e7-bea1aafa755d - - - - - -] Successfully bumped revision number for resource 7789a7c3-1a5d-4141-ac3d-0c58c475004b (type: subnets) to 0 [pid: 8|app: 0|req: 902/1575] 10.0.0.171 () {34 vars in 669 bytes} [Fri Apr 17 09:56:34 2026] POST /v2.0/subnets => generated 626 bytes in 867 msecs (HTTP/1.1 201) 4 headers in 162 bytes (1 switches on core 0)
2026-04-17 09:56:35.469 7 INFO neutron.db.ovn_revision_numbers_db [None req-5562011b-e01d-4b60-8124-0eb37737f555 906393069d7d4c50b1ce8ce8ac0a87c9 d24be1f9872f4486b7fdc8185073ce1e - - default default] Successfully bumped revision number for resource 134a424e-94d7-4e54-8c9f-3f0ef06876de (type: routers) to 1 [pid: 7|app: 0|req: 674/1576] 10.0.0.171 () {34 vars in 669 bytes} [Fri Apr 17 09:56:35 2026] POST /v2.0/routers => generated 602 bytes in 129 msecs (HTTP/1.1 201) 4 headers in 162 bytes (1 switches on core 0)
2026-04-17 09:56:35.888 8 WARNING neutron.scheduler.dhcp_agent_scheduler [None req-d063f52f-2f78-4adc-9629-1cc3e4f72e53 906393069d7d4c50b1ce8ce8ac0a87c9 d24be1f9872f4486b7fdc8185073ce1e - - default default] No more DHCP agents
2026-04-17 09:56:35.889 8 WARNING neutron.api.rpc.agentnotifiers.dhcp_rpc_agent_api [None req-d063f52f-2f78-4adc-9629-1cc3e4f72e53 906393069d7d4c50b1ce8ce8ac0a87c9 d24be1f9872f4486b7fdc8185073ce1e - - default default] Unable to schedule network 4ab109f7-a8b0-4a8e-9ad0-07b43aa67bee: no agents available; will retry on subsequent port and subnet creation events.
2026-04-17 09:56:36.029 8 WARNING neutron.plugins.ml2.drivers.ovn.mech_driver.ovsdb.ovn_client [None req-eca27aec-ff74-4b13-8cf1-d428923b4229 - - - - - -] No port found with ID 1774d5e3-c579-4397-aae7-4cd7c89d863b: RuntimeError: No port found with ID 1774d5e3-c579-4397-aae7-4cd7c89d863b
2026-04-17 09:56:36.074 8 INFO neutron.plugins.ml2.drivers.ovn.mech_driver.mech_driver [None req-eca27aec-ff74-4b13-8cf1-d428923b4229 - - - - - -] OVN reports status down for port: 7afc0859-c9e7-4cbf-809f-cf2e1c7189ba
2026-04-17 09:56:36.098 8 INFO neutron.plugins.ml2.drivers.ovn.mech_driver.mech_driver [None req-eca27aec-ff74-4b13-8cf1-d428923b4229 - - - - - -] OVN reports status down for port: 11d1e1f9-9bac-4497-8f21-a6587dfac9f4
2026-04-17 09:56:36.118 8 INFO neutron.db.ovn_revision_numbers_db [None req-d063f52f-2f78-4adc-9629-1cc3e4f72e53 906393069d7d4c50b1ce8ce8ac0a87c9 d24be1f9872f4486b7fdc8185073ce1e - - default default] Successfully bumped revision number for resource 27f0e035-e19e-4a7a-a58e-c7f77dab4f47 (type: ports) to 1 [pid: 7|app: 0|req: 675/1577] 10.0.0.113 () {34 vars in 990 bytes} [Fri Apr 17 09:56:36 2026] GET /v2.0/ports?device_id=483cb541-7954-49a2-85bf-170820126ac1 => generated 12 bytes in 25 msecs (HTTP/1.1 200) 4 headers in 156 bytes (1 switches on core 0)
2026-04-17 09:56:36.283 8 INFO neutron.plugins.ml2.drivers.ovn.mech_driver.mech_driver [None req-eca27aec-ff74-4b13-8cf1-d428923b4229 - - - - - -] OVN reports status down for port: 27f0e035-e19e-4a7a-a58e-c7f77dab4f47
2026-04-17 09:56:36.920 8 INFO neutron.plugins.ml2.drivers.ovn.mech_driver.mech_driver [None req-eca27aec-ff74-4b13-8cf1-d428923b4229 - - - - - -] OVN reports status up for port: 27f0e035-e19e-4a7a-a58e-c7f77dab4f47
2026-04-17 09:56:36.947 8 INFO neutron.plugins.ml2.plugin [None req-eca27aec-ff74-4b13-8cf1-d428923b4229 - - - - - -] Attempt 1 to provision port 27f0e035-e19e-4a7a-a58e-c7f77dab4f47
2026-04-17 09:56:37.084 8 WARNING neutron.scheduler.dhcp_agent_scheduler [None req-d063f52f-2f78-4adc-9629-1cc3e4f72e53 906393069d7d4c50b1ce8ce8ac0a87c9 d24be1f9872f4486b7fdc8185073ce1e - - default default] No more DHCP agents
2026-04-17 09:56:37.088 8 WARNING neutron.api.rpc.agentnotifiers.dhcp_rpc_agent_api [None req-d063f52f-2f78-4adc-9629-1cc3e4f72e53 906393069d7d4c50b1ce8ce8ac0a87c9 d24be1f9872f4486b7fdc8185073ce1e - - default default] Unable to schedule network 4ab109f7-a8b0-4a8e-9ad0-07b43aa67bee: no agents available; will retry on subsequent port and subnet creation events. [pid: 7|app: 0|req: 676/1578] 10.0.0.113 () {34 vars in 990 bytes} [Fri Apr 17 09:56:37 2026] GET /v2.0/ports?device_id=483cb541-7954-49a2-85bf-170820126ac1 => generated 12 bytes in 23 msecs (HTTP/1.1 200) 4 headers in 156 bytes (1 switches on core 0)
2026-04-17 09:56:37.629 8 INFO neutron.db.ovn_revision_numbers_db [None req-d063f52f-2f78-4adc-9629-1cc3e4f72e53 906393069d7d4c50b1ce8ce8ac0a87c9 d24be1f9872f4486b7fdc8185073ce1e - - default default] Successfully bumped revision number for resource 27f0e035-e19e-4a7a-a58e-c7f77dab4f47 (type: router_ports) to 1 [pid: 8|app: 0|req: 903/1579] 10.0.0.171 () {34 vars in 783 bytes} [Fri Apr 17 09:56:35 2026] PUT /v2.0/routers/134a424e-94d7-4e54-8c9f-3f0ef06876de/add_router_interface => generated 309 bytes in 2148 msecs (HTTP/1.1 200) 4 headers in 157 bytes (1 switches on core 0) [pid: 8|app: 0|req: 904/1580] 10.0.0.171 () {32 vars in 717 bytes} [Fri Apr 17 09:56:37 2026] GET /v2.0/ports/27f0e035-e19e-4a7a-a58e-c7f77dab4f47 => generated 943 bytes in 103 msecs (HTTP/1.1 200) 4 headers in 157 bytes (1 switches on core 0) [pid: 8|app: 0|req: 905/1581] 10.0.0.63 () {34 vars in 989 bytes} [Fri Apr 17 09:56:37 2026] GET /v2.0/ports?device_id=3666ee04-327e-4c9c-a9ad-c477a2ee2b6f => generated 1213 bytes in 57 msecs (HTTP/1.1 200) 4 headers in 158 bytes (1 switches on core 0)
2026-04-17 09:56:37.834 8 INFO neutron.db.ovn_revision_numbers_db [None req-eca27aec-ff74-4b13-8cf1-d428923b4229 - - - - - -] Successfully bumped revision number for resource 27f0e035-e19e-4a7a-a58e-c7f77dab4f47 (type: ports) to 2 [pid: 8|app: 0|req: 906/1582] 10.0.0.171 () {32 vars in 717 bytes} [Fri Apr 17 09:56:37 2026] GET /v2.0/ports/27f0e035-e19e-4a7a-a58e-c7f77dab4f47 => generated 943 bytes in 56 msecs (HTTP/1.1 200) 4 headers in 157 bytes (1 switches on core 0)
2026-04-17 09:56:37.862 7 INFO neutron.db.ovn_revision_numbers_db [None req-80030bf3-7b8c-48e6-801f-48a9f27959e5 e97c278fca024c56b58a812cdbc197fa 9d8bcd4a33c34eb1ae5fb634e157d3fb - - default default] Successfully bumped revision number for resource 27ff6291-6800-4e08-9a16-2179d6ab4046 (type: security_groups) to 1
2026-04-17 09:56:37.875 7 INFO neutron.db.ovn_revision_numbers_db [None req-80030bf3-7b8c-48e6-801f-48a9f27959e5 e97c278fca024c56b58a812cdbc197fa 9d8bcd4a33c34eb1ae5fb634e157d3fb - - default default] Successfully bumped revision number for resource 3ef32dc8-be43-4af1-bb10-474b304ad990 (type: security_group_rules) to 0
2026-04-17 09:56:37.887 7 INFO neutron.db.ovn_revision_numbers_db [None req-80030bf3-7b8c-48e6-801f-48a9f27959e5 e97c278fca024c56b58a812cdbc197fa 9d8bcd4a33c34eb1ae5fb634e157d3fb - - default default] Successfully bumped revision number for resource 8c4abb88-3a38-43f9-873a-b017c00c7685 (type: security_group_rules) to 0
2026-04-17 09:56:37.899 7 INFO neutron.db.ovn_revision_numbers_db [None req-80030bf3-7b8c-48e6-801f-48a9f27959e5 e97c278fca024c56b58a812cdbc197fa 9d8bcd4a33c34eb1ae5fb634e157d3fb - - default default] Successfully bumped revision number for resource 8fc6224f-9659-476b-8dfa-1e50590e1ea2 (type: security_group_rules) to 0
2026-04-17 09:56:37.909 7 INFO neutron.db.ovn_revision_numbers_db [None req-80030bf3-7b8c-48e6-801f-48a9f27959e5 e97c278fca024c56b58a812cdbc197fa 9d8bcd4a33c34eb1ae5fb634e157d3fb - - default default] Successfully bumped revision number for resource a04e11a0-2bbc-425f-8d8f-20d0c302ad45 (type: security_group_rules) to 0 [pid: 8|app: 0|req: 907/1583] 10.0.0.63 () {34 vars in 1039 bytes} [Fri Apr 17 09:56:37 2026] GET /v2.0/security-groups?id=ee70dde5-f180-41b4-806a-2db754a0cf49&fields=id&fields=name => generated 112 bytes in 64 msecs (HTTP/1.1 200) 4 headers in 157 bytes (1 switches on core 0) [pid: 7|app: 0|req: 677/1584] 10.0.0.171 () {32 vars in 774 bytes} [Fri Apr 17 09:56:37 2026] GET /v2.0/security-groups?tenant_id=193eebf428464fdb8db769b93099f09b&name=default => generated 2925 bytes in 424 msecs (HTTP/1.1 200) 4 headers in 158 bytes (1 switches on core 0) [pid: 7|app: 0|req: 678/1585] 10.0.0.171 () {32 vars in 740 bytes} [Fri Apr 17 09:56:37 2026] DELETE /v2.0/security-groups/27ff6291-6800-4e08-9a16-2179d6ab4046 => generated 0 bytes in 248 msecs (HTTP/1.1 204) 2 headers in 112 bytes (1 switches on core 0)
2026-04-17 09:56:38.306 8 INFO neutron_taas.services.taas.taas_plugin [None req-bd78a444-f0b5-4fcc-8b7c-a6842fa2cf88 906393069d7d4c50b1ce8ce8ac0a87c9 d24be1f9872f4486b7fdc8185073ce1e - - default default] TaaS: Handle Delete Port: 27f0e035-e19e-4a7a-a58e-c7f77dab4f47
2026-04-17 09:56:38.311 8 INFO neutron_taas.services.taas.tap_mirror_plugin [None req-bd78a444-f0b5-4fcc-8b7c-a6842fa2cf88 906393069d7d4c50b1ce8ce8ac0a87c9 d24be1f9872f4486b7fdc8185073ce1e - - default default] Tap Mirror: Handle Delete Port: 27f0e035-e19e-4a7a-a58e-c7f77dab4f47 [pid: 8|app: 0|req: 908/1586] 10.0.0.171 () {34 vars in 789 bytes} [Fri Apr 17 09:56:37 2026] PUT /v2.0/routers/134a424e-94d7-4e54-8c9f-3f0ef06876de/remove_router_interface => generated 309 bytes in 764 msecs (HTTP/1.1 200) 4 headers in 157 bytes (1 switches on core 0) /var/lib/openstack/lib/python3.12/site-packages/pycadf/identifier.py:70: UserWarning: Invalid uuid: neutron. To ensure interoperability, identifiers should be a valid uuid. warnings.warn(('Invalid uuid: %s. To ensure interoperability, '
2026-04-17 09:56:38.704 7 INFO neutron_taas.services.taas.taas_plugin [None req-8ff522d2-d880-4686-84fc-7b30e73ef60f e97c278fca024c56b58a812cdbc197fa 9d8bcd4a33c34eb1ae5fb634e157d3fb - - default default] TaaS: Handle Delete Port: 5943c6bf-ef2c-46fe-bd23-f3ac15b31a35
2026-04-17 09:56:38.707 7 INFO neutron_taas.services.taas.tap_mirror_plugin [None req-8ff522d2-d880-4686-84fc-7b30e73ef60f e97c278fca024c56b58a812cdbc197fa 9d8bcd4a33c34eb1ae5fb634e157d3fb - - default default] Tap Mirror: Handle Delete Port: 5943c6bf-ef2c-46fe-bd23-f3ac15b31a35 [pid: 8|app: 0|req: 909/1587] 10.0.0.171 () {32 vars in 736 bytes} [Fri Apr 17 09:56:38 2026] GET /v2.0/ports?device_id=134a424e-94d7-4e54-8c9f-3f0ef06876de => generated 12 bytes in 21 msecs (HTTP/1.1 200) 4 headers in 156 bytes (1 switches on core 0) [pid: 8|app: 0|req: 910/1588] 10.0.0.171 () {32 vars in 724 bytes} [Fri Apr 17 09:56:38 2026] DELETE /v2.0/routers/134a424e-94d7-4e54-8c9f-3f0ef06876de => generated 0 bytes in 220 msecs (HTTP/1.1 204) 2 headers in 112 bytes (1 switches on core 0) [pid: 8|app: 0|req: 911/1589] 10.0.0.171 () {32 vars in 724 bytes} [Fri Apr 17 09:56:38 2026] DELETE /v2.0/subnets/7789a7c3-1a5d-4141-ac3d-0c58c475004b => generated 0 bytes in 216 msecs (HTTP/1.1 204) 3 headers in 131 bytes (1 switches on core 0)
2026-04-17 09:56:39.325 8 INFO neutron_taas.services.taas.taas_plugin [None req-06de2df4-c7b1-4fc4-937e-321ead0dc78f 906393069d7d4c50b1ce8ce8ac0a87c9 d24be1f9872f4486b7fdc8185073ce1e - - default default] TaaS: Handle Delete Port: 11d1e1f9-9bac-4497-8f21-a6587dfac9f4
2026-04-17 09:56:39.329 8 INFO neutron_taas.services.taas.tap_mirror_plugin [None req-06de2df4-c7b1-4fc4-937e-321ead0dc78f 906393069d7d4c50b1ce8ce8ac0a87c9 d24be1f9872f4486b7fdc8185073ce1e - - default default] Tap Mirror: Handle Delete Port: 11d1e1f9-9bac-4497-8f21-a6587dfac9f4 [pid: 7|app: 0|req: 679/1590] 10.0.0.171 () {34 vars in 789 bytes} [Fri Apr 17 09:56:38 2026] PUT /v2.0/routers/66fc1bfc-4667-48c8-8da6-5ba73850ea7a/remove_router_interface => generated 309 bytes in 1170 msecs (HTTP/1.1 200) 4 headers in 157 bytes (1 switches on core 0) /var/lib/openstack/lib/python3.12/site-packages/pycadf/identifier.py:70: UserWarning: Invalid uuid: neutron. To ensure interoperability, identifiers should be a valid uuid. warnings.warn(('Invalid uuid: %s. To ensure interoperability, '
2026-04-17 09:56:39.563 8 INFO neutron.services.segments.plugin [-] Segment 115df66c-5862-4567-9c0b-2af1dcd0edd7 resource provider aggregate not found
2026-04-17 09:56:39.564 8 INFO neutron.services.segments.plugin [-] Segment 115df66c-5862-4567-9c0b-2af1dcd0edd7 resource provider aggregate not found
2026-04-17 09:56:39.591 8 INFO neutron.services.segments.plugin [-] Segment 115df66c-5862-4567-9c0b-2af1dcd0edd7 resource provider not found; error: Placement Client Error (4xx): {"errors": [{"status": 404, "title": "Not Found", "detail": "The resource could not be found.\n\n No resource provider with uuid 115df66c-5862-4567-9c0b-2af1dcd0edd7 found for delete ", "request_id": "req-b5fa7564-49e0-4f7b-bdd6-9c76a307eeab"}]}
2026-04-17 09:56:39.591 8 INFO neutron.services.segments.plugin [-] Segment 115df66c-5862-4567-9c0b-2af1dcd0edd7 resource provider not found; error: Placement Client Error (4xx): {"errors": [{"status": 404, "title": "Not Found", "detail": "The resource could not be found.\n\n No resource provider with uuid 115df66c-5862-4567-9c0b-2af1dcd0edd7 found for delete ", "request_id": "req-b860815a-96f0-491a-bc3b-ff4856926087"}]} [pid: 8|app: 0|req: 912/1591] 10.0.0.171 () {32 vars in 726 bytes} [Fri Apr 17 09:56:39 2026] DELETE /v2.0/networks/4ab109f7-a8b0-4a8e-9ad0-07b43aa67bee => generated 0 bytes in 444 msecs (HTTP/1.1 204) 3 headers in 131 bytes (1 switches on core 0)
2026-04-17 09:56:39.935 7 INFO neutron_taas.services.taas.taas_plugin [None req-077f6325-7592-4420-9f62-2669b310304e e97c278fca024c56b58a812cdbc197fa 9d8bcd4a33c34eb1ae5fb634e157d3fb - - default default] TaaS: Handle Delete Port: 0552cf2d-9fce-48e1-9b4c-402b76c32964
2026-04-17 09:56:39.939 7 INFO neutron_taas.services.taas.tap_mirror_plugin [None req-077f6325-7592-4420-9f62-2669b310304e e97c278fca024c56b58a812cdbc197fa 9d8bcd4a33c34eb1ae5fb634e157d3fb - - default default] Tap Mirror: Handle Delete Port: 0552cf2d-9fce-48e1-9b4c-402b76c32964
2026-04-17 09:56:40.040 8 WARNING neutron.scheduler.dhcp_agent_scheduler [None req-bc285a53-ae38-4a93-98a1-7b93f034b8aa 906393069d7d4c50b1ce8ce8ac0a87c9 d24be1f9872f4486b7fdc8185073ce1e - - default default] No more DHCP agents
2026-04-17 09:56:40.041 8 WARNING neutron.api.rpc.agentnotifiers.dhcp_rpc_agent_api [None req-bc285a53-ae38-4a93-98a1-7b93f034b8aa 906393069d7d4c50b1ce8ce8ac0a87c9 d24be1f9872f4486b7fdc8185073ce1e - - default default] Unable to schedule network 1131273a-256c-4a48-a6da-389b0b6eeaa5: no agents available; will retry on subsequent port and subnet creation events.
2026-04-17 09:56:40.199 8 INFO neutron.db.ovn_revision_numbers_db [None req-bc285a53-ae38-4a93-98a1-7b93f034b8aa 906393069d7d4c50b1ce8ce8ac0a87c9 d24be1f9872f4486b7fdc8185073ce1e - - default default] Successfully bumped revision number for resource 729203d0-890d-473c-b5f7-669fb7cce31f (type: ports) to 1 [pid: 7|app: 0|req: 680/1592] 10.0.0.171 () {32 vars in 724 bytes} [Fri Apr 17 09:56:39 2026] DELETE /v2.0/routers/66fc1bfc-4667-48c8-8da6-5ba73850ea7a => generated 0 bytes in 951 msecs (HTTP/1.1 204) 2 headers in 112 bytes (1 switches on core 0) [pid: 7|app: 0|req: 681/1593] 10.0.0.113 () {34 vars in 990 bytes} [Fri Apr 17 09:56:40 2026] GET /v2.0/ports?device_id=3666ee04-327e-4c9c-a9ad-c477a2ee2b6f => generated 975 bytes in 96 msecs (HTTP/1.1 200) 4 headers in 157 bytes (1 switches on core 0) [pid: 7|app: 0|req: 682/1594] 10.0.0.171 () {32 vars in 724 bytes} [Fri Apr 17 09:56:40 2026] DELETE /v2.0/subnets/c7154558-0bc7-478d-b970-f36626a8946f => generated 0 bytes in 212 msecs (HTTP/1.1 204) 3 headers in 131 bytes (1 switches on core 0) [pid: 7|app: 0|req: 683/1595] 10.0.0.113 () {34 vars in 1040 bytes} [Fri Apr 17 09:56:40 2026] GET /v2.0/security-groups?id=ee70dde5-f180-41b4-806a-2db754a0cf49&fields=id&fields=name => generated 112 bytes in 35 msecs (HTTP/1.1 200) 4 headers in 157 bytes (1 switches on core 0)
2026-04-17 09:56:40.981 7 INFO neutron_taas.services.taas.taas_plugin [None req-cb6d26f8-ca08-40d6-ad46-f33e6e13577a e97c278fca024c56b58a812cdbc197fa 9d8bcd4a33c34eb1ae5fb634e157d3fb - - default default] TaaS: Handle Delete Port: 46e01468-a9c1-4254-bbe3-d06cc73fea75
2026-04-17 09:56:40.984 7 INFO neutron_taas.services.taas.tap_mirror_plugin [None req-cb6d26f8-ca08-40d6-ad46-f33e6e13577a e97c278fca024c56b58a812cdbc197fa 9d8bcd4a33c34eb1ae5fb634e157d3fb - - default default] Tap Mirror: Handle Delete Port: 46e01468-a9c1-4254-bbe3-d06cc73fea75
2026-04-17 09:56:41.043 8 INFO neutron.plugins.ml2.drivers.ovn.mech_driver.ovsdb.commands [None req-c9cdbe57-dfe6-48b7-9d12-ca91e357fb0f - - - - - -] Schedule LRP lrp-729203d0-890d-473c-b5f7-669fb7cce31f on gateway 0c6946c8-f58d-4d9b-bdef-43edcb14836c with priority 1
2026-04-17 09:56:41.097 8 INFO neutron.db.ovn_revision_numbers_db [None req-bc285a53-ae38-4a93-98a1-7b93f034b8aa 906393069d7d4c50b1ce8ce8ac0a87c9 d24be1f9872f4486b7fdc8185073ce1e - - default default] Successfully bumped revision number for resource 729203d0-890d-473c-b5f7-669fb7cce31f (type: router_ports) to 1
2026-04-17 09:56:41.211 8 INFO neutron.db.ovn_revision_numbers_db [None req-bc285a53-ae38-4a93-98a1-7b93f034b8aa 906393069d7d4c50b1ce8ce8ac0a87c9 d24be1f9872f4486b7fdc8185073ce1e - - default default] Successfully bumped revision number for resource 1511bb2e-cb93-461c-99d7-acd6d2418868 (type: routers) to 2 [pid: 8|app: 0|req: 913/1596] 10.0.0.171 () {34 vars in 669 bytes} [Fri Apr 17 09:56:39 2026] POST /v2.0/routers => generated 947 bytes in 1605 msecs (HTTP/1.1 201) 4 headers in 162 bytes (1 switches on core 0)
2026-04-17 09:56:41.264 7 INFO neutron.services.segments.plugin [-] Segment ebcb7cf0-4066-478f-823d-5bb30cc8ee40 resource provider aggregate not found
2026-04-17 09:56:41.269 7 INFO neutron.services.segments.plugin [-] Segment ebcb7cf0-4066-478f-823d-5bb30cc8ee40 resource provider aggregate not found
2026-04-17 09:56:41.287 7 INFO neutron.services.segments.plugin [-] Segment ebcb7cf0-4066-478f-823d-5bb30cc8ee40 resource provider not found; error: Placement Client Error (4xx): {"errors": [{"status": 404, "title": "Not Found", "detail": "The resource could not be found.\n\n No resource provider with uuid ebcb7cf0-4066-478f-823d-5bb30cc8ee40 found for delete ", "request_id": "req-c364b29d-43f2-419a-90e7-805c11c1a0ee"}]}
2026-04-17 09:56:41.299 7 INFO neutron.services.segments.plugin [-] Segment ebcb7cf0-4066-478f-823d-5bb30cc8ee40 resource provider not found; error: Placement Client Error (4xx): {"errors": [{"status": 404, "title": "Not Found", "detail": "The resource could not be found.\n\n No resource provider with uuid ebcb7cf0-4066-478f-823d-5bb30cc8ee40 found for delete ", "request_id": "req-171d640c-68f9-43dc-9711-cd41c89c8097"}]} [pid: 7|app: 0|req: 684/1597] 10.0.0.171 () {32 vars in 726 bytes} [Fri Apr 17 09:56:40 2026] DELETE /v2.0/networks/3d858f97-95c0-437f-ba0a-ada6622695ef => generated 0 bytes in 487 msecs (HTTP/1.1 204) 3 headers in 131 bytes (1 switches on core 0) [pid: 8|app: 0|req: 914/1598] 10.0.0.171 () {32 vars in 721 bytes} [Fri Apr 17 09:56:41 2026] GET /v2.0/routers/1511bb2e-cb93-461c-99d7-acd6d2418868 => generated 953 bytes in 103 msecs (HTTP/1.1 200) 4 headers in 157 bytes (1 switches on core 0)
2026-04-17 09:56:41.369 7 INFO neutron.plugins.ml2.drivers.ovn.mech_driver.mech_driver [None req-3eaf3f7d-2514-439a-b35f-e9dc4d0cafd2 - - - - - -] OVN reports status down for port: a855385d-380d-466c-b958-b01437095e45 [pid: 7|app: 0|req: 685/1599] 10.0.0.171 () {32 vars in 647 bytes} [Fri Apr 17 09:56:41 2026] GET /v2.0/routers => generated 956 bytes in 188 msecs (HTTP/1.1 200) 4 headers in 157 bytes (1 switches on core 0) [pid: 8|app: 0|req: 915/1600] 10.0.0.171 () {32 vars in 774 bytes} [Fri Apr 17 09:56:41 2026] GET /v2.0/security-groups?tenant_id=b25d3c93d5a1402c902e4e27fc3e73f0&name=default => generated 2925 bytes in 40 msecs (HTTP/1.1 200) 4 headers in 158 bytes (1 switches on core 0)
2026-04-17 09:56:41.644 7 INFO neutron.notifiers.nova [-] Nova event matching ['req-da4b154a-732e-4b5e-96ce-8fcd3fb3262e'] response: {'server_uuid': '3666ee04-327e-4c9c-a9ad-c477a2ee2b6f', 'name': 'network-vif-unplugged', 'status': 'completed', 'tag': 'a855385d-380d-466c-b958-b01437095e45', 'code': 200}
2026-04-17 09:56:41.898 7 INFO neutron.db.ovn_revision_numbers_db [None req-3eaf3f7d-2514-439a-b35f-e9dc4d0cafd2 - - - - - -] Successfully bumped revision number for resource a855385d-380d-466c-b958-b01437095e45 (type: ports) to 6
2026-04-17 09:56:41.923 8 INFO neutron.db.ovn_revision_numbers_db [None req-237f16f2-64ee-4357-8cde-08d408204c99 e97c278fca024c56b58a812cdbc197fa 9d8bcd4a33c34eb1ae5fb634e157d3fb - - default default] Successfully bumped revision number for resource ae4d64bd-e08d-428d-a79f-63274caf0e65 (type: security_groups) to 1
2026-04-17 09:56:41.935 8 INFO neutron.db.ovn_revision_numbers_db [None req-237f16f2-64ee-4357-8cde-08d408204c99 e97c278fca024c56b58a812cdbc197fa 9d8bcd4a33c34eb1ae5fb634e157d3fb - - default default] Successfully bumped revision number for resource 27df3abd-66ae-4659-bd9e-c7749b6e8ac0 (type: security_group_rules) to 0
2026-04-17 09:56:41.949 8 INFO neutron.db.ovn_revision_numbers_db [None req-237f16f2-64ee-4357-8cde-08d408204c99 e97c278fca024c56b58a812cdbc197fa 9d8bcd4a33c34eb1ae5fb634e157d3fb - - default default] Successfully bumped revision number for resource c060cc53-b25e-4411-a7d7-90b45b8569c1 (type: security_group_rules) to 0
2026-04-17 09:56:41.961 8 INFO neutron.db.ovn_revision_numbers_db [None req-237f16f2-64ee-4357-8cde-08d408204c99 e97c278fca024c56b58a812cdbc197fa 9d8bcd4a33c34eb1ae5fb634e157d3fb - - default default] Successfully bumped revision number for resource c2f9ce3e-1227-49d7-952b-2b2a3e1bf525 (type: security_group_rules) to 0
2026-04-17 09:56:41.974 8 INFO neutron.db.ovn_revision_numbers_db [None req-237f16f2-64ee-4357-8cde-08d408204c99 e97c278fca024c56b58a812cdbc197fa 9d8bcd4a33c34eb1ae5fb634e157d3fb - - default default] Successfully bumped revision number for resource db13fe7e-6963-448f-b6b7-a6ef541533ff (type: security_group_rules) to 0 [pid: 8|app: 0|req: 916/1601] 10.0.0.171 () {32 vars in 774 bytes} [Fri Apr 17 09:56:41 2026] GET /v2.0/security-groups?tenant_id=ca459540b2ba44f59c297084025f2308&name=default => generated 2925 bytes in 459 msecs (HTTP/1.1 200) 4 headers in 158 bytes (1 switches on core 0)
2026-04-17 09:56:42.187 7 INFO neutron.db.ovn_revision_numbers_db [None req-16b6dc0d-1f0d-4a02-bb66-75d8de45f916 906393069d7d4c50b1ce8ce8ac0a87c9 d24be1f9872f4486b7fdc8185073ce1e - - default default] Successfully bumped revision number for resource 1511bb2e-cb93-461c-99d7-acd6d2418868 (type: routers) to 3 [pid: 7|app: 0|req: 686/1602] 10.0.0.171 () {34 vars in 741 bytes} [Fri Apr 17 09:56:41 2026] PUT /v2.0/routers/1511bb2e-cb93-461c-99d7-acd6d2418868 => generated 960 bytes in 658 msecs (HTTP/1.1 200) 4 headers in 157 bytes (1 switches on core 0) /var/lib/openstack/lib/python3.12/site-packages/pycadf/identifier.py:70: UserWarning: Invalid uuid: neutron. To ensure interoperability, identifiers should be a valid uuid. warnings.warn(('Invalid uuid: %s. To ensure interoperability, ' [pid: 7|app: 0|req: 687/1603] 10.0.0.113 () {34 vars in 990 bytes} [Fri Apr 17 09:56:42 2026] GET /v2.0/ports?device_id=3666ee04-327e-4c9c-a9ad-c477a2ee2b6f => generated 973 bytes in 42 msecs (HTTP/1.1 200) 4 headers in 157 bytes (1 switches on core 0) [pid: 8|app: 0|req: 917/1604] 10.0.0.171 () {32 vars in 740 bytes} [Fri Apr 17 09:56:42 2026] DELETE /v2.0/security-groups/cf1ab414-77e2-4794-a76e-3945a4bcccb5 => generated 0 bytes in 219 msecs (HTTP/1.1 204) 2 headers in 112 bytes (1 switches on core 0) [pid: 8|app: 0|req: 918/1605] 10.0.0.171 () {32 vars in 721 bytes} [Fri Apr 17 09:56:42 2026] GET /v2.0/routers/1511bb2e-cb93-461c-99d7-acd6d2418868 => generated 960 bytes in 73 msecs (HTTP/1.1 200) 4 headers in 157 bytes (1 switches on core 0) [pid: 8|app: 0|req: 919/1606] 10.0.0.113 () {34 vars in 1040 bytes} [Fri Apr 17 09:56:42 2026] GET /v2.0/security-groups?id=ee70dde5-f180-41b4-806a-2db754a0cf49&fields=id&fields=name => generated 112 bytes in 34 msecs (HTTP/1.1 200) 4 headers in 157 bytes (1 switches on core 0) [pid: 8|app: 0|req: 920/1607] 10.0.0.171 () {32 vars in 736 bytes} [Fri Apr 17 09:56:42 2026] GET /v2.0/ports?device_id=1511bb2e-cb93-461c-99d7-acd6d2418868 => generated 12 bytes in 18 msecs (HTTP/1.1 200) 4 headers in 156 bytes (1 switches on core 0) [pid: 7|app: 0|req: 688/1608] 10.0.0.171 () {32 vars in 740 bytes} [Fri Apr 17 09:56:42 2026] DELETE /v2.0/security-groups/ae4d64bd-e08d-428d-a79f-63274caf0e65 => generated 0 bytes in 268 msecs (HTTP/1.1 204) 2 headers in 112 bytes (1 switches on core 0) [pid: 7|app: 0|req: 689/1609] 199.204.45.229 () {34 vars in 994 bytes} [Fri Apr 17 09:56:42 2026] GET /v2.0/ports?device_id=3666ee04-327e-4c9c-a9ad-c477a2ee2b6f => generated 973 bytes in 44 msecs (HTTP/1.1 200) 4 headers in 157 bytes (1 switches on core 0)
2026-04-17 09:56:42.706 7 INFO neutron_taas.services.taas.taas_plugin [req-4296e4e9-e3d6-4446-998b-7627cbec47f5 req-69fe9c21-62d0-47b4-9579-9f6a8c7e0d84 6984781827bf4dbaa210164974feac19 831b09eb361845bca29a3f4bcdba9f34 - - default default] TaaS: Handle Delete Port: a855385d-380d-466c-b958-b01437095e45
2026-04-17 09:56:42.708 8 INFO neutron_taas.services.taas.taas_plugin [None req-08b3e8bc-3cc6-4adc-9bde-b2145401b7d4 906393069d7d4c50b1ce8ce8ac0a87c9 d24be1f9872f4486b7fdc8185073ce1e - - default default] TaaS: Handle Delete Port: 729203d0-890d-473c-b5f7-669fb7cce31f
2026-04-17 09:56:42.710 7 INFO neutron_taas.services.taas.tap_mirror_plugin [req-4296e4e9-e3d6-4446-998b-7627cbec47f5 req-69fe9c21-62d0-47b4-9579-9f6a8c7e0d84 6984781827bf4dbaa210164974feac19 831b09eb361845bca29a3f4bcdba9f34 - - default default] Tap Mirror: Handle Delete Port: a855385d-380d-466c-b958-b01437095e45
2026-04-17 09:56:42.712 8 INFO neutron_taas.services.taas.tap_mirror_plugin [None req-08b3e8bc-3cc6-4adc-9bde-b2145401b7d4 906393069d7d4c50b1ce8ce8ac0a87c9 d24be1f9872f4486b7fdc8185073ce1e - - default default] Tap Mirror: Handle Delete Port: 729203d0-890d-473c-b5f7-669fb7cce31f
2026-04-17 09:56:42.910 7 INFO neutron.db.l3_db [req-4296e4e9-e3d6-4446-998b-7627cbec47f5 req-69fe9c21-62d0-47b4-9579-9f6a8c7e0d84 6984781827bf4dbaa210164974feac19 831b09eb361845bca29a3f4bcdba9f34 - - default default] Floating IP d2596503-e127-4ca2-8ba2-55182e47f190 disassociated. External IP: 10.96.250.202, port: a855385d-380d-466c-b958-b01437095e45. [pid: 7|app: 0|req: 690/1610] 199.204.45.229 () {36 vars in 997 bytes} [Fri Apr 17 09:56:42 2026] DELETE /v2.0/ports/a855385d-380d-466c-b958-b01437095e45 => generated 0 bytes in 487 msecs (HTTP/1.1 204) 3 headers in 131 bytes (1 switches on core 0) [pid: 8|app: 0|req: 921/1613] 10.0.0.171 () {32 vars in 724 bytes} [Fri Apr 17 09:56:42 2026] DELETE /v2.0/routers/1511bb2e-cb93-461c-99d7-acd6d2418868 => generated 0 bytes in 756 msecs (HTTP/1.1 204) 2 headers in 112 bytes (1 switches on core 0) [pid: 7|app: 0|req: 693/1614] 10.0.0.171 () {32 vars in 736 bytes} [Fri Apr 17 09:56:43 2026] GET /v2.0/ports?device_id=1511bb2e-cb93-461c-99d7-acd6d2418868 => generated 12 bytes in 23 msecs (HTTP/1.1 200) 4 headers in 156 bytes (1 switches on core 0)
2026-04-17 09:56:43.178 8 INFO neutron.api.v2.resource [None req-bf1d8f35-f53a-4d06-8b11-98e308c45e49 906393069d7d4c50b1ce8ce8ac0a87c9 d24be1f9872f4486b7fdc8185073ce1e - - default default] delete failed (client error): The resource could not be found. [pid: 8|app: 0|req: 922/1615] 10.0.0.171 () {32 vars in 724 bytes} [Fri Apr 17 09:56:43 2026] DELETE /v2.0/routers/1511bb2e-cb93-461c-99d7-acd6d2418868 => generated 135 bytes in 20 msecs (HTTP/1.1 404) 4 headers in 164 bytes (1 switches on core 0) [pid: 8|app: 0|req: 923/1616] 10.0.0.113 () {34 vars in 990 bytes} [Fri Apr 17 09:56:43 2026] GET /v2.0/ports?device_id=3666ee04-327e-4c9c-a9ad-c477a2ee2b6f => generated 12 bytes in 23 msecs (HTTP/1.1 200) 4 headers in 156 bytes (1 switches on core 0)
2026-04-17 09:56:43.476 8 WARNING neutron.plugins.ml2.drivers.ovn.mech_driver.ovsdb.ovn_client [None req-9f74c6f6-37e4-4a03-a36e-064bb8bbd58c - - - - - -] No port found with ID 27f0e035-e19e-4a7a-a58e-c7f77dab4f47: RuntimeError: No port found with ID 27f0e035-e19e-4a7a-a58e-c7f77dab4f47
2026-04-17 09:56:43.495 8 INFO neutron.plugins.ml2.drivers.ovn.mech_driver.mech_driver [None req-9f74c6f6-37e4-4a03-a36e-064bb8bbd58c - - - - - -] OVN reports status down for port: 729203d0-890d-473c-b5f7-669fb7cce31f
2026-04-17 09:56:43.508 8 INFO neutron.plugins.ml2.drivers.ovn.mech_driver.mech_driver [None req-9f74c6f6-37e4-4a03-a36e-064bb8bbd58c - - - - - -] OVN reports status up for port: 729203d0-890d-473c-b5f7-669fb7cce31f [pid: 7|app: 0|req: 694/1617] 10.0.0.171 () {32 vars in 736 bytes} [Fri Apr 17 09:56:43 2026] GET /v2.0/ports?device_id=134a424e-94d7-4e54-8c9f-3f0ef06876de => generated 12 bytes in 599 msecs (HTTP/1.1 200) 4 headers in 156 bytes (1 switches on core 0) /var/lib/openstack/lib/python3.12/site-packages/pycadf/identifier.py:70: UserWarning: Invalid uuid: neutron. To ensure interoperability, identifiers should be a valid uuid. warnings.warn(('Invalid uuid: %s. To ensure interoperability, '
2026-04-17 09:56:43.814 7 INFO neutron.notifiers.nova [-] Nova event matching ['req-35daa14e-c7c0-44e9-a253-3e8509ff1ae2'] response: {'server_uuid': '3666ee04-327e-4c9c-a9ad-c477a2ee2b6f', 'name': 'network-vif-unplugged', 'status': 'completed', 'tag': 'a855385d-380d-466c-b958-b01437095e45', 'code': 200}
2026-04-17 09:56:43.814 7 INFO neutron.notifiers.nova [-] Nova event matching ['req-35daa14e-c7c0-44e9-a253-3e8509ff1ae2'] response: {'server_uuid': '3666ee04-327e-4c9c-a9ad-c477a2ee2b6f', 'name': 'network-vif-deleted', 'tag': 'a855385d-380d-466c-b958-b01437095e45', 'status': 'completed', 'code': 200}
2026-04-17 09:56:43.813 8 INFO neutron.api.v2.resource [None req-0e7012c8-72fe-4582-8ca1-0a3a76dae6e5 906393069d7d4c50b1ce8ce8ac0a87c9 d24be1f9872f4486b7fdc8185073ce1e - - default default] delete failed (client error): The resource could not be found. [pid: 8|app: 0|req: 924/1618] 10.0.0.171 () {32 vars in 724 bytes} [Fri Apr 17 09:56:43 2026] DELETE /v2.0/routers/134a424e-94d7-4e54-8c9f-3f0ef06876de => generated 135 bytes in 29 msecs (HTTP/1.1 404) 4 headers in 164 bytes (1 switches on core 0)
2026-04-17 09:56:43.834 7 INFO neutron.pecan_wsgi.hooks.translation [None req-1b427e35-62be-4a85-a40c-6cc7d16b5d2c 906393069d7d4c50b1ce8ce8ac0a87c9 d24be1f9872f4486b7fdc8185073ce1e - - default default] DELETE failed (client error): The resource could not be found. [pid: 7|app: 0|req: 695/1619] 10.0.0.171 () {32 vars in 724 bytes} [Fri Apr 17 09:56:43 2026] DELETE /v2.0/subnets/7789a7c3-1a5d-4141-ac3d-0c58c475004b => generated 136 bytes in 14 msecs (HTTP/1.1 404) 4 headers in 164 bytes (1 switches on core 0) [pid: 8|app: 0|req: 925/1620] 10.0.0.171 () {32 vars in 736 bytes} [Fri Apr 17 09:56:43 2026] GET /v2.0/ports?device_id=3bacc820-a9c1-4f02-a65e-a9101489aabb => generated 12 bytes in 25 msecs (HTTP/1.1 200) 4 headers in 156 bytes (1 switches on core 0)
2026-04-17 09:56:43.884 7 INFO neutron.api.v2.resource [None req-6dad2e47-0c00-4481-b634-745536cc758d 906393069d7d4c50b1ce8ce8ac0a87c9 d24be1f9872f4486b7fdc8185073ce1e - - default default] delete failed (client error): The resource could not be found. [pid: 7|app: 0|req: 696/1621] 10.0.0.171 () {32 vars in 724 bytes} [Fri Apr 17 09:56:43 2026] DELETE /v2.0/routers/3bacc820-a9c1-4f02-a65e-a9101489aabb => generated 135 bytes in 15 msecs (HTTP/1.1 404) 4 headers in 164 bytes (1 switches on core 0)
2026-04-17 09:56:43.904 8 INFO neutron.pecan_wsgi.hooks.translation [None req-a18c94ee-83b0-4b72-b21c-4d06ac1aeb5f 906393069d7d4c50b1ce8ce8ac0a87c9 d24be1f9872f4486b7fdc8185073ce1e - - default default] DELETE failed (client error): The resource could not be found. [pid: 8|app: 0|req: 926/1622] 10.0.0.171 () {32 vars in 724 bytes} [Fri Apr 17 09:56:43 2026] DELETE /v2.0/subnets/efe845b9-88ba-48e5-beb5-844a999fb968 => generated 136 bytes in 20 msecs (HTTP/1.1 404) 4 headers in 164 bytes (1 switches on core 0) [pid: 7|app: 0|req: 697/1623] 10.0.0.171 () {32 vars in 736 bytes} [Fri Apr 17 09:56:43 2026] GET /v2.0/ports?device_id=8777d55f-9999-4922-93c1-1b0d361aaa52 => generated 12 bytes in 22 msecs (HTTP/1.1 200) 4 headers in 156 bytes (1 switches on core 0)
2026-04-17 09:56:43.960 8 INFO neutron.api.v2.resource [None req-163450c5-4c7f-4ca2-a40f-df1cfb0fb751 906393069d7d4c50b1ce8ce8ac0a87c9 d24be1f9872f4486b7fdc8185073ce1e - - default default] delete failed (client error): The resource could not be found. [pid: 8|app: 0|req: 927/1624] 10.0.0.171 () {32 vars in 724 bytes} [Fri Apr 17 09:56:43 2026] DELETE /v2.0/routers/8777d55f-9999-4922-93c1-1b0d361aaa52 => generated 135 bytes in 22 msecs (HTTP/1.1 404) 4 headers in 164 bytes (1 switches on core 0)
2026-04-17 09:56:43.984 7 INFO neutron.pecan_wsgi.hooks.translation [None req-5e641cc1-0880-41c8-a7b8-e1fcacbcb288 906393069d7d4c50b1ce8ce8ac0a87c9 d24be1f9872f4486b7fdc8185073ce1e - - default default] DELETE failed (client error): The resource could not be found. [pid: 7|app: 0|req: 698/1625] 10.0.0.171 () {32 vars in 724 bytes} [Fri Apr 17 09:56:43 2026] DELETE /v2.0/subnets/5b8fcf22-770a-4765-ae1d-b9dbdf9d3c7b => generated 136 bytes in 22 msecs (HTTP/1.1 404) 4 headers in 164 bytes (1 switches on core 0)
2026-04-17 09:56:44.007 8 INFO neutron.pecan_wsgi.hooks.translation [None req-2dd2c0b5-fb10-4f11-969f-72e681dfc477 906393069d7d4c50b1ce8ce8ac0a87c9 d24be1f9872f4486b7fdc8185073ce1e - - default default] DELETE failed (client error): The resource could not be found. [pid: 8|app: 0|req: 928/1626] 10.0.0.171 () {32 vars in 724 bytes} [Fri Apr 17 09:56:43 2026] DELETE /v2.0/subnets/4a2dba07-137f-4830-a307-b3ee9cf595b0 => generated 136 bytes in 18 msecs (HTTP/1.1 404) 4 headers in 164 bytes (1 switches on core 0)
2026-04-17 09:56:44.483 7 INFO neutron.db.ovn_revision_numbers_db [None req-aea5f0aa-1727-4413-89d2-e089b8741507 e97c278fca024c56b58a812cdbc197fa 9d8bcd4a33c34eb1ae5fb634e157d3fb - - default default] Successfully bumped revision number for resource a485c766-b6d2-4609-bd52-a4c606f8538a (type: security_groups) to 1
2026-04-17 09:56:44.500 7 INFO neutron.db.ovn_revision_numbers_db [None req-aea5f0aa-1727-4413-89d2-e089b8741507 e97c278fca024c56b58a812cdbc197fa 9d8bcd4a33c34eb1ae5fb634e157d3fb - - default default] Successfully bumped revision number for resource 3b1bdb16-1b2e-41ca-a54f-e4809b3d3248 (type: security_group_rules) to 0
2026-04-17 09:56:44.516 7 INFO neutron.db.ovn_revision_numbers_db [None req-aea5f0aa-1727-4413-89d2-e089b8741507 e97c278fca024c56b58a812cdbc197fa 9d8bcd4a33c34eb1ae5fb634e157d3fb - - default default] Successfully bumped revision number for resource 5679210b-ea66-40d1-ac0c-c30499224118 (type: security_group_rules) to 0
2026-04-17 09:56:44.532 7 INFO neutron.db.ovn_revision_numbers_db [None req-aea5f0aa-1727-4413-89d2-e089b8741507 e97c278fca024c56b58a812cdbc197fa 9d8bcd4a33c34eb1ae5fb634e157d3fb - - default default] Successfully bumped revision number for resource 883c3910-8376-4813-bcfb-6d78f39aa780 (type: security_group_rules) to 0
2026-04-17 09:56:44.549 7 INFO neutron.db.ovn_revision_numbers_db [None req-aea5f0aa-1727-4413-89d2-e089b8741507 e97c278fca024c56b58a812cdbc197fa 9d8bcd4a33c34eb1ae5fb634e157d3fb - - default default] Successfully bumped revision number for resource c313044c-0e08-42ad-b1e2-aa40878cccf1 (type: security_group_rules) to 0 [pid: 8|app: 0|req: 929/1627] 10.0.0.171 () {32 vars in 774 bytes} [Fri Apr 17 09:56:44 2026] GET /v2.0/security-groups?tenant_id=d24be1f9872f4486b7fdc8185073ce1e&name=default => generated 2925 bytes in 77 msecs (HTTP/1.1 200) 4 headers in 158 bytes (1 switches on core 0)
2026-04-17 09:56:44.621 7 INFO neutron.db.segments_db [None req-aea5f0aa-1727-4413-89d2-e089b8741507 e97c278fca024c56b58a812cdbc197fa 9d8bcd4a33c34eb1ae5fb634e157d3fb - - default default] Added segment 41ea03b2-3f94-47f4-9656-85afc0125dbd of type geneve for network 7524477b-08a9-4410-839d-c940504a66ef
2026-04-17 09:56:44.752 7 INFO neutron.db.ovn_revision_numbers_db [None req-aea5f0aa-1727-4413-89d2-e089b8741507 e97c278fca024c56b58a812cdbc197fa 9d8bcd4a33c34eb1ae5fb634e157d3fb - - default default] Successfully bumped revision number for resource 7524477b-08a9-4410-839d-c940504a66ef (type: networks) to 1
2026-04-17 09:56:44.972 7 WARNING neutron.scheduler.dhcp_agent_scheduler [None req-aea5f0aa-1727-4413-89d2-e089b8741507 e97c278fca024c56b58a812cdbc197fa 9d8bcd4a33c34eb1ae5fb634e157d3fb - - default default] No more DHCP agents
2026-04-17 09:56:44.974 7 WARNING neutron.api.rpc.agentnotifiers.dhcp_rpc_agent_api [None req-aea5f0aa-1727-4413-89d2-e089b8741507 e97c278fca024c56b58a812cdbc197fa 9d8bcd4a33c34eb1ae5fb634e157d3fb - - default default] Unable to schedule network 7524477b-08a9-4410-839d-c940504a66ef: no agents available; will retry on subsequent port and subnet creation events.
2026-04-17 09:56:45.015 7 INFO neutron.plugins.ml2.drivers.ovn.mech_driver.mech_driver [None req-52a21d64-5430-4267-8d87-6b8557b1c44c - - - - - -] OVN reports status down for port: cc658c15-2514-49d7-bf69-4f7d7e5161cc
2026-04-17 09:56:45.077 7 INFO neutron.db.ovn_revision_numbers_db [None req-aea5f0aa-1727-4413-89d2-e089b8741507 e97c278fca024c56b58a812cdbc197fa 9d8bcd4a33c34eb1ae5fb634e157d3fb - - default default] Successfully bumped revision number for resource cc658c15-2514-49d7-bf69-4f7d7e5161cc (type: ports) to 1 [pid: 7|app: 0|req: 699/1628] 10.0.0.171 () {34 vars in 671 bytes} [Fri Apr 17 09:56:44 2026] POST /v2.0/networks => generated 763 bytes in 917 msecs (HTTP/1.1 201) 4 headers in 162 bytes (1 switches on core 0) [pid: 8|app: 0|req: 930/1629] 10.0.0.113 () {34 vars in 990 bytes} [Fri Apr 17 09:56:44 2026] GET /v2.0/ports?device_id=3666ee04-327e-4c9c-a9ad-c477a2ee2b6f => generated 12 bytes in 602 msecs (HTTP/1.1 200) 4 headers in 156 bytes (1 switches on core 0)
2026-04-17 09:56:45.345 8 WARNING neutron.scheduler.dhcp_agent_scheduler [None req-0d9fb9f9-db49-489b-b01c-739d7d525722 e97c278fca024c56b58a812cdbc197fa 9d8bcd4a33c34eb1ae5fb634e157d3fb - - default default] No more DHCP agents
2026-04-17 09:56:45.347 8 WARNING neutron.api.rpc.agentnotifiers.dhcp_rpc_agent_api [None req-0d9fb9f9-db49-489b-b01c-739d7d525722 e97c278fca024c56b58a812cdbc197fa 9d8bcd4a33c34eb1ae5fb634e157d3fb - - default default] Unable to schedule network 7524477b-08a9-4410-839d-c940504a66ef: no agents available; will retry on subsequent port and subnet creation events. [pid: 7|app: 0|req: 700/1630] 10.0.0.171 () {32 vars in 740 bytes} [Fri Apr 17 09:56:45 2026] DELETE /v2.0/security-groups/be398961-b7de-4c2d-be40-177101043e59 => generated 0 bytes in 235 msecs (HTTP/1.1 204) 2 headers in 112 bytes (1 switches on core 0)
2026-04-17 09:56:45.630 7 INFO neutron.db.ovn_revision_numbers_db [None req-103d9faf-9fa5-44fe-a18b-303c729a0ba6 e97c278fca024c56b58a812cdbc197fa 9d8bcd4a33c34eb1ae5fb634e157d3fb - - default default] Successfully bumped revision number for resource a937dc1f-d623-484d-85d9-6629b8d8bd4b (type: security_groups) to 1
2026-04-17 09:56:45.649 7 INFO neutron.db.ovn_revision_numbers_db [None req-103d9faf-9fa5-44fe-a18b-303c729a0ba6 e97c278fca024c56b58a812cdbc197fa 9d8bcd4a33c34eb1ae5fb634e157d3fb - - default default] Successfully bumped revision number for resource 2ef2b98e-35d7-4307-bcde-9d01a8ff190a (type: security_group_rules) to 0
2026-04-17 09:56:45.668 7 INFO neutron.db.ovn_revision_numbers_db [None req-103d9faf-9fa5-44fe-a18b-303c729a0ba6 e97c278fca024c56b58a812cdbc197fa 9d8bcd4a33c34eb1ae5fb634e157d3fb - - default default] Successfully bumped revision number for resource 5a606d18-34f2-41d6-a926-24307fe90ed8 (type: security_group_rules) to 0
2026-04-17 09:56:45.684 7 INFO neutron.db.ovn_revision_numbers_db [None req-103d9faf-9fa5-44fe-a18b-303c729a0ba6 e97c278fca024c56b58a812cdbc197fa 9d8bcd4a33c34eb1ae5fb634e157d3fb - - default default] Successfully bumped revision number for resource 7b95c59e-8427-4891-ac69-c7d69af067ae (type: security_group_rules) to 0
2026-04-17 09:56:45.698 7 INFO neutron.db.ovn_revision_numbers_db [None req-103d9faf-9fa5-44fe-a18b-303c729a0ba6 e97c278fca024c56b58a812cdbc197fa 9d8bcd4a33c34eb1ae5fb634e157d3fb - - default default] Successfully bumped revision number for resource d4df1333-e08d-4a3c-96a5-c72a7dc1c489 (type: security_group_rules) to 0 [pid: 7|app: 0|req: 701/1631] 10.0.0.171 () {32 vars in 774 bytes} [Fri Apr 17 09:56:45 2026] GET /v2.0/security-groups?tenant_id=74f14d91f33a4b3b8ca23914aca269b8&name=default => generated 2925 bytes in 366 msecs (HTTP/1.1 200) 4 headers in 158 bytes (1 switches on core 0)
2026-04-17 09:56:45.866 8 INFO neutron.db.ovn_revision_numbers_db [None req-999d533d-f694-4ff4-90a7-e1584b132512 - - - - - -] Successfully bumped revision number for resource cc658c15-2514-49d7-bf69-4f7d7e5161cc (type: ports) to 2
2026-04-17 09:56:45.907 8 INFO neutron.db.ovn_revision_numbers_db [None req-999d533d-f694-4ff4-90a7-e1584b132512 - - - - - -] Successfully bumped revision number for resource d1a1cbe7-fed0-4f0e-a622-74e10cfd605a (type: subnets) to 0 [pid: 8|app: 0|req: 931/1632] 10.0.0.171 () {34 vars in 669 bytes} [Fri Apr 17 09:56:45 2026] POST /v2.0/subnets => generated 688 bytes in 743 msecs (HTTP/1.1 201) 4 headers in 162 bytes (1 switches on core 0) [pid: 7|app: 0|req: 702/1633] 10.0.0.171 () {32 vars in 740 bytes} [Fri Apr 17 09:56:45 2026] DELETE /v2.0/security-groups/a937dc1f-d623-484d-85d9-6629b8d8bd4b => generated 0 bytes in 264 msecs (HTTP/1.1 204) 2 headers in 112 bytes (1 switches on core 0) [pid: 7|app: 0|req: 703/1634] 10.0.0.113 () {34 vars in 990 bytes} [Fri Apr 17 09:56:46 2026] GET /v2.0/ports?device_id=3666ee04-327e-4c9c-a9ad-c477a2ee2b6f => generated 12 bytes in 25 msecs (HTTP/1.1 200) 4 headers in 156 bytes (1 switches on core 0)
2026-04-17 09:56:46.378 8 WARNING neutron.scheduler.dhcp_agent_scheduler [None req-7ce7e9d9-bc82-44c1-a8b7-59715b38adb3 e97c278fca024c56b58a812cdbc197fa 9d8bcd4a33c34eb1ae5fb634e157d3fb - - default default] No more DHCP agents
2026-04-17 09:56:46.380 8 WARNING neutron.api.rpc.agentnotifiers.dhcp_rpc_agent_api [None req-7ce7e9d9-bc82-44c1-a8b7-59715b38adb3 e97c278fca024c56b58a812cdbc197fa 9d8bcd4a33c34eb1ae5fb634e157d3fb - - default default] Unable to schedule network 1131273a-256c-4a48-a6da-389b0b6eeaa5: no agents available; will retry on subsequent port and subnet creation events.
2026-04-17 09:56:46.501 7 INFO neutron.plugins.ml2.drivers.ovn.mech_driver.mech_driver [None req-52a21d64-5430-4267-8d87-6b8557b1c44c - - - - - -] OVN reports status down for port: e3c8d0f1-91c4-4188-a6e8-da13f0bcb264
2026-04-17 09:56:46.535 8 INFO neutron.db.ovn_revision_numbers_db [None req-7ce7e9d9-bc82-44c1-a8b7-59715b38adb3 e97c278fca024c56b58a812cdbc197fa 9d8bcd4a33c34eb1ae5fb634e157d3fb - - default default] Successfully bumped revision number for resource e3c8d0f1-91c4-4188-a6e8-da13f0bcb264 (type: ports) to 1
2026-04-17 09:56:47.163 8 INFO neutron.plugins.ml2.drivers.ovn.mech_driver.ovsdb.commands [None req-c9cdbe57-dfe6-48b7-9d12-ca91e357fb0f - - - - - -] Schedule LRP lrp-e3c8d0f1-91c4-4188-a6e8-da13f0bcb264 on gateway 0c6946c8-f58d-4d9b-bdef-43edcb14836c with priority 1
2026-04-17 09:56:47.180 7 INFO neutron.plugins.ml2.drivers.ovn.mech_driver.mech_driver [None req-52a21d64-5430-4267-8d87-6b8557b1c44c - - - - - -] OVN reports status up for port: e3c8d0f1-91c4-4188-a6e8-da13f0bcb264
2026-04-17 09:56:47.206 7 INFO neutron.plugins.ml2.plugin [None req-52a21d64-5430-4267-8d87-6b8557b1c44c - - - - - -] Attempt 1 to provision port e3c8d0f1-91c4-4188-a6e8-da13f0bcb264
2026-04-17 09:56:47.219 8 INFO neutron.db.ovn_revision_numbers_db [None req-7ce7e9d9-bc82-44c1-a8b7-59715b38adb3 e97c278fca024c56b58a812cdbc197fa 9d8bcd4a33c34eb1ae5fb634e157d3fb - - default default] Successfully bumped revision number for resource e3c8d0f1-91c4-4188-a6e8-da13f0bcb264 (type: router_ports) to 1
2026-04-17 09:56:47.223 7 INFO neutron.plugins.ml2.drivers.ovn.mech_driver.ovsdb.ovsdb_monitor [None req-dc01db94-de7a-4703-8eef-6843c787a468 - - - - - -] Router 70d161c7-f22b-4380-ad6b-2616a6e63289 is bound to host instance
2026-04-17 09:56:47.291 8 INFO neutron.db.ovn_revision_numbers_db [None req-7ce7e9d9-bc82-44c1-a8b7-59715b38adb3 e97c278fca024c56b58a812cdbc197fa 9d8bcd4a33c34eb1ae5fb634e157d3fb - - default default] Successfully bumped revision number for resource 70d161c7-f22b-4380-ad6b-2616a6e63289 (type: routers) to 2 [pid: 8|app: 0|req: 932/1635] 10.0.0.171 () {34 vars in 669 bytes} [Fri Apr 17 09:56:45 2026] POST /v2.0/routers => generated 966 bytes in 1378 msecs (HTTP/1.1 201) 4 headers in 162 bytes (1 switches on core 0)
2026-04-17 09:56:47.687 7 INFO neutron.db.ovn_revision_numbers_db [None req-c2c33d41-cd30-45db-af86-cf10089f8958 14a6467b0d924bb9ab34863a182675e2 a10d9c300705481fa0d52764ee32090a - - default default] Successfully bumped revision number for resource a9f98f94-8ff1-4092-93a3-a9c08983df2c (type: security_groups) to 1
2026-04-17 09:56:47.714 7 INFO neutron.db.ovn_revision_numbers_db [None req-c2c33d41-cd30-45db-af86-cf10089f8958 14a6467b0d924bb9ab34863a182675e2 a10d9c300705481fa0d52764ee32090a - - default default] Successfully bumped revision number for resource 33851ba6-e2c8-4148-8f78-3c8c1eedc29f (type: security_group_rules) to 0
2026-04-17 09:56:47.745 7 INFO neutron.db.ovn_revision_numbers_db [None req-c2c33d41-cd30-45db-af86-cf10089f8958 14a6467b0d924bb9ab34863a182675e2 a10d9c300705481fa0d52764ee32090a - - default default] Successfully bumped revision number for resource 4f5bd93e-ed0b-4d97-a67e-99d39e42add6 (type: security_group_rules) to 0
2026-04-17 09:56:47.779 7 INFO neutron.db.ovn_revision_numbers_db [None req-c2c33d41-cd30-45db-af86-cf10089f8958 14a6467b0d924bb9ab34863a182675e2 a10d9c300705481fa0d52764ee32090a - - default default] Successfully bumped revision number for resource 604f1f45-c636-4f12-851c-9d0d908876b0 (type: security_group_rules) to 0
2026-04-17 09:56:47.817 8 WARNING neutron.scheduler.dhcp_agent_scheduler [None req-749e8ab2-b7c8-466f-8443-cbd1710dad19 e97c278fca024c56b58a812cdbc197fa 9d8bcd4a33c34eb1ae5fb634e157d3fb - - default default] No more DHCP agents
2026-04-17 09:56:47.819 8 WARNING neutron.api.rpc.agentnotifiers.dhcp_rpc_agent_api [None req-749e8ab2-b7c8-466f-8443-cbd1710dad19 e97c278fca024c56b58a812cdbc197fa 9d8bcd4a33c34eb1ae5fb634e157d3fb - - default default] Unable to schedule network 7524477b-08a9-4410-839d-c940504a66ef: no agents available; will retry on subsequent port and subnet creation events.
2026-04-17 09:56:47.821 7 INFO neutron.db.ovn_revision_numbers_db [None req-c2c33d41-cd30-45db-af86-cf10089f8958 14a6467b0d924bb9ab34863a182675e2 a10d9c300705481fa0d52764ee32090a - - default default] Successfully bumped revision number for resource 6e0b1db0-9f50-44ef-8fe1-83f2f2e49031 (type: security_group_rules) to 0
2026-04-17 09:56:47.935 8 INFO neutron.plugins.ml2.drivers.ovn.mech_driver.mech_driver [None req-9f74c6f6-37e4-4a03-a36e-064bb8bbd58c - - - - - -] OVN reports status down for port: 81244af2-c47f-4c30-a0ff-1878fc096703
2026-04-17 09:56:47.993 8 INFO neutron.db.ovn_revision_numbers_db [None req-749e8ab2-b7c8-466f-8443-cbd1710dad19 e97c278fca024c56b58a812cdbc197fa 9d8bcd4a33c34eb1ae5fb634e157d3fb - - default default] Successfully bumped revision number for resource 81244af2-c47f-4c30-a0ff-1878fc096703 (type: ports) to 1
2026-04-17 09:56:48.050 7 INFO neutron.db.ovn_revision_numbers_db [None req-c2c33d41-cd30-45db-af86-cf10089f8958 14a6467b0d924bb9ab34863a182675e2 a10d9c300705481fa0d52764ee32090a - - default default] Successfully bumped revision number for resource bbae0692-0072-438a-ab3c-cb566d597ea8 (type: security_groups) to 1
2026-04-17 09:56:48.076 7 INFO neutron.db.ovn_revision_numbers_db [None req-c2c33d41-cd30-45db-af86-cf10089f8958 14a6467b0d924bb9ab34863a182675e2 a10d9c300705481fa0d52764ee32090a - - default default] Successfully bumped revision number for resource 20d60dbf-033a-4c3f-9a04-a299c62fab97 (type: security_group_rules) to 0
2026-04-17 09:56:48.103 7 INFO neutron.db.ovn_revision_numbers_db [None req-c2c33d41-cd30-45db-af86-cf10089f8958 14a6467b0d924bb9ab34863a182675e2 a10d9c300705481fa0d52764ee32090a - - default default] Successfully bumped revision number for resource ee9a5480-f927-4f13-9b71-415895ec11dc (type: security_group_rules) to 0 [pid: 7|app: 0|req: 704/1636] 10.0.0.171 () {34 vars in 684 bytes} [Fri Apr 17 09:56:47 2026] POST /v2.0/security-groups => generated 1625 bytes in 956 msecs (HTTP/1.1 201) 4 headers in 163 bytes (1 switches on core 0) [pid: 7|app: 0|req: 705/1637] 10.0.0.171 () {32 vars in 740 bytes} [Fri Apr 17 09:56:48 2026] DELETE /v2.0/security-groups/ee70dde5-f180-41b4-806a-2db754a0cf49 => generated 0 bytes in 341 msecs (HTTP/1.1 204) 2 headers in 112 bytes (1 switches on core 0)
