2026-04-17 09:55:01.251 8 INFO placement.requestlog [req-cca1432a-ee01-4005-ac9f-3060460a3008 req-77886795-fa74-4a80-ab6c-e44845b5d80a 58e907dcea5244c996751917e49708aa e76aaef918804ebb833ca33301c59643 - - 480c340adfd342558d413b323f71a6e1 480c340adfd342558d413b323f71a6e1] 199.204.45.229 "GET /allocations/67484217-9031-4d94-90d4-0fe653a88382" status: 200 len: 257 microversion: 1.28 [pid: 8|app: 0|req: 218/442] 199.204.45.229 () {34 vars in 863 bytes} [Fri Apr 17 09:55:01 2026] GET /allocations/67484217-9031-4d94-90d4-0fe653a88382 => generated 257 bytes in 22 msecs (HTTP/1.1 200) 8 headers in 296 bytes (1 switches on core 0)
2026-04-17 09:55:01.273 7 INFO placement.requestlog [req-cca1432a-ee01-4005-ac9f-3060460a3008 req-540b207c-a3d8-4a06-bd34-cac380303a2f 58e907dcea5244c996751917e49708aa e76aaef918804ebb833ca33301c59643 - - 480c340adfd342558d413b323f71a6e1 480c340adfd342558d413b323f71a6e1] 199.204.45.229 "GET /allocations/2a9f6c82-5f51-4911-8c13-2f8b136e6bfc" status: 200 len: 257 microversion: 1.28 [pid: 7|app: 0|req: 225/443] 199.204.45.229 () {34 vars in 863 bytes} [Fri Apr 17 09:55:01 2026] GET /allocations/2a9f6c82-5f51-4911-8c13-2f8b136e6bfc => generated 257 bytes in 18 msecs (HTTP/1.1 200) 8 headers in 296 bytes (1 switches on core 0)
2026-04-17 09:55:02.328 8 INFO placement.requestlog [req-cca1432a-ee01-4005-ac9f-3060460a3008 req-3cf9b1c6-1c75-4e78-b2d2-55de34331193 58e907dcea5244c996751917e49708aa e76aaef918804ebb833ca33301c59643 - - 480c340adfd342558d413b323f71a6e1 480c340adfd342558d413b323f71a6e1] 199.204.45.229 "DELETE /allocations/67484217-9031-4d94-90d4-0fe653a88382" status: 204 len: 0 microversion: 1.0 [pid: 8|app: 0|req: 219/444] 199.204.45.229 () {34 vars in 841 bytes} [Fri Apr 17 09:55:02 2026] DELETE /allocations/67484217-9031-4d94-90d4-0fe653a88382 => generated 0 bytes in 30 msecs (HTTP/1.1 204) 5 headers in 198 bytes (1 switches on core 0)
2026-04-17 09:55:06.518 7 INFO placement.requestlog [None req-8e82b0a7-cfd5-46d5-9260-88b3cfa6ec4d c88fcbcb9cd441158021e727daea94f3 e76aaef918804ebb833ca33301c59643 - - 480c340adfd342558d413b323f71a6e1 480c340adfd342558d413b323f71a6e1] 10.0.0.144 "GET /resource_providers/eead9157-f5eb-40f9-b032-fadd775c080d/aggregates" status: 404 len: 235 microversion: 1.1 [pid: 7|app: 0|req: 226/445] 10.0.0.144 () {32 vars in 816 bytes} [Fri Apr 17 09:55:06 2026] GET /resource_providers/eead9157-f5eb-40f9-b032-fadd775c080d/aggregates => generated 235 bytes in 11 msecs (HTTP/1.1 404) 5 headers in 202 bytes (1 switches on core 0)
2026-04-17 09:55:06.519 8 INFO placement.requestlog [None req-2ed74c03-e23a-4c5e-a505-944cb0456f55 c88fcbcb9cd441158021e727daea94f3 e76aaef918804ebb833ca33301c59643 - - 480c340adfd342558d413b323f71a6e1 480c340adfd342558d413b323f71a6e1] 10.0.0.144 "GET /resource_providers/eead9157-f5eb-40f9-b032-fadd775c080d/aggregates" status: 404 len: 235 microversion: 1.1 [pid: 8|app: 0|req: 220/446] 10.0.0.144 () {32 vars in 816 bytes} [Fri Apr 17 09:55:06 2026] GET /resource_providers/eead9157-f5eb-40f9-b032-fadd775c080d/aggregates => generated 235 bytes in 11 msecs (HTTP/1.1 404) 5 headers in 202 bytes (1 switches on core 0)
2026-04-17 09:55:06.547 8 INFO placement.requestlog [None req-29dacc8b-fae4-4166-9ac8-2580b1aa4371 c88fcbcb9cd441158021e727daea94f3 e76aaef918804ebb833ca33301c59643 - - 480c340adfd342558d413b323f71a6e1 480c340adfd342558d413b323f71a6e1] 10.0.0.144 "DELETE /resource_providers/eead9157-f5eb-40f9-b032-fadd775c080d" status: 404 len: 246 microversion: 1.1 [pid: 8|app: 0|req: 221/447] 10.0.0.144 () {34 vars in 816 bytes} [Fri Apr 17 09:55:06 2026] DELETE /resource_providers/eead9157-f5eb-40f9-b032-fadd775c080d => generated 246 bytes in 13 msecs (HTTP/1.1 404) 6 headers in 231 bytes (1 switches on core 0)
2026-04-17 09:55:06.550 7 INFO placement.requestlog [None req-8e979212-5b7c-4ac3-aced-24c5dd77f177 c88fcbcb9cd441158021e727daea94f3 e76aaef918804ebb833ca33301c59643 - - 480c340adfd342558d413b323f71a6e1 480c340adfd342558d413b323f71a6e1] 10.0.0.144 "DELETE /resource_providers/eead9157-f5eb-40f9-b032-fadd775c080d" status: 404 len: 246 microversion: 1.1 [pid: 7|app: 0|req: 227/448] 10.0.0.144 () {34 vars in 816 bytes} [Fri Apr 17 09:55:06 2026] DELETE /resource_providers/eead9157-f5eb-40f9-b032-fadd775c080d => generated 246 bytes in 17 msecs (HTTP/1.1 404) 6 headers in 231 bytes (1 switches on core 0)
2026-04-17 09:55:10.351 8 INFO placement.requestlog [None req-6c70a694-eaff-498d-a1da-129ea612085e - - - - - -] 10.0.0.96 "GET /" status: 200 len: 136 microversion: 1.0
2026-04-17 09:55:10.353 7 INFO placement.requestlog [None req-b6bc9c89-5dbc-4bee-b299-756ece5aec60 - - - - - -] 10.0.0.96 "GET /" status: 200 len: 136 microversion: 1.0
2026-04-17 09:55:20.354 7 INFO placement.requestlog [None req-dd9c9279-85df-4711-bd6d-13f736e6f5d7 - - - - - -] 10.0.0.96 "GET /" status: 200 len: 136 microversion: 1.0
2026-04-17 09:55:20.355 8 INFO placement.requestlog [None req-3c295a91-09c2-4dce-bb52-ee9dd4af0f3c - - - - - -] 10.0.0.96 "GET /" status: 200 len: 136 microversion: 1.0
2026-04-17 09:55:30.352 7 INFO placement.requestlog [None req-812fd79e-dc30-438d-a65f-d5ed417cd91c - - - - - -] 10.0.0.96 "GET /" status: 200 len: 136 microversion: 1.0
2026-04-17 09:55:30.352 8 INFO placement.requestlog [None req-749f8ab0-1752-4b8c-9828-ff2698affdf9 - - - - - -] 10.0.0.96 "GET /" status: 200 len: 136 microversion: 1.0
2026-04-17 09:55:31.181 8 INFO placement.requestlog [req-658a6f04-12e7-47b9-89de-bdb2ef7c634c req-d652c7a0-c515-4c55-8288-44acb6ae7866 58e907dcea5244c996751917e49708aa e76aaef918804ebb833ca33301c59643 - - 480c340adfd342558d413b323f71a6e1 480c340adfd342558d413b323f71a6e1] 10.0.0.79 "GET /allocation_candidates?limit=1000&resources=DISK_GB%3A1%2CMEMORY_MB%3A512%2CVCPU%3A1&root_required=%21COMPUTE_STATUS_DISABLED" status: 200 len: 2783 microversion: 1.36 [pid: 8|app: 0|req: 225/455] 10.0.0.79 () {34 vars in 1011 bytes} [Fri Apr 17 09:55:31 2026] GET /allocation_candidates?limit=1000&resources=DISK_GB%3A1%2CMEMORY_MB%3A512%2CVCPU%3A1&root_required=%21COMPUTE_STATUS_DISABLED => generated 2783 bytes in 42 msecs (HTTP/1.1 200) 8 headers in 297 bytes (1 switches on core 0)
2026-04-17 09:55:31.216 7 INFO placement.requestlog [req-658a6f04-12e7-47b9-89de-bdb2ef7c634c req-b0db2fb8-7499-47c1-9bee-79b887242974 58e907dcea5244c996751917e49708aa e76aaef918804ebb833ca33301c59643 - - 480c340adfd342558d413b323f71a6e1 480c340adfd342558d413b323f71a6e1] 10.0.0.79 "GET /allocations/e99ebe63-ae06-4873-9eb4-dbe9f7f0f5d4" status: 200 len: 19 microversion: 1.28 [pid: 7|app: 0|req: 231/456] 10.0.0.79 () {34 vars in 860 bytes} [Fri Apr 17 09:55:31 2026] GET /allocations/e99ebe63-ae06-4873-9eb4-dbe9f7f0f5d4 => generated 19 bytes in 12 msecs (HTTP/1.1 200) 8 headers in 295 bytes (1 switches on core 0)
2026-04-17 09:55:31.310 8 INFO placement.requestlog [req-658a6f04-12e7-47b9-89de-bdb2ef7c634c req-717e22ae-9b72-4fd1-ba35-c9cbb995dcdd 58e907dcea5244c996751917e49708aa e76aaef918804ebb833ca33301c59643 - - 480c340adfd342558d413b323f71a6e1 480c340adfd342558d413b323f71a6e1] 10.0.0.79 "PUT /allocations/e99ebe63-ae06-4873-9eb4-dbe9f7f0f5d4" status: 204 len: 0 microversion: 1.36 [pid: 8|app: 0|req: 226/457] 10.0.0.79 () {38 vars in 913 bytes} [Fri Apr 17 09:55:31 2026] PUT /allocations/e99ebe63-ae06-4873-9eb4-dbe9f7f0f5d4 => generated 0 bytes in 79 msecs (HTTP/1.1 204) 5 headers in 199 bytes (1 switches on core 0)
2026-04-17 09:55:32.654 7 INFO placement.requestlog [None req-4d912e02-a968-4d58-b993-d6bacdf7ab0e c88fcbcb9cd441158021e727daea94f3 e76aaef918804ebb833ca33301c59643 - - 480c340adfd342558d413b323f71a6e1 480c340adfd342558d413b323f71a6e1] 10.0.0.144 "GET /resource_providers/18045c58-56f8-4d99-b6bc-6701c95cf8b2/aggregates" status: 404 len: 235 microversion: 1.1 [pid: 7|app: 0|req: 232/458] 10.0.0.144 () {32 vars in 816 bytes} [Fri Apr 17 09:55:32 2026] GET /resource_providers/18045c58-56f8-4d99-b6bc-6701c95cf8b2/aggregates => generated 235 bytes in 14 msecs (HTTP/1.1 404) 5 headers in 202 bytes (1 switches on core 0)
2026-04-17 09:55:32.655 8 INFO placement.requestlog [None req-5ff1f096-5312-4b5a-93d4-0574f8d93d79 c88fcbcb9cd441158021e727daea94f3 e76aaef918804ebb833ca33301c59643 - - 480c340adfd342558d413b323f71a6e1 480c340adfd342558d413b323f71a6e1] 10.0.0.144 "GET /resource_providers/18045c58-56f8-4d99-b6bc-6701c95cf8b2/aggregates" status: 404 len: 235 microversion: 1.1 [pid: 8|app: 0|req: 227/459] 10.0.0.144 () {32 vars in 816 bytes} [Fri Apr 17 09:55:32 2026] GET /resource_providers/18045c58-56f8-4d99-b6bc-6701c95cf8b2/aggregates => generated 235 bytes in 12 msecs (HTTP/1.1 404) 5 headers in 202 bytes (1 switches on core 0)
2026-04-17 09:55:32.675 7 INFO placement.requestlog [None req-6b890211-e421-4504-ad35-3e7b865caa5a c88fcbcb9cd441158021e727daea94f3 e76aaef918804ebb833ca33301c59643 - - 480c340adfd342558d413b323f71a6e1 480c340adfd342558d413b323f71a6e1] 10.0.0.144 "DELETE /resource_providers/18045c58-56f8-4d99-b6bc-6701c95cf8b2" status: 404 len: 246 microversion: 1.1 [pid: 7|app: 0|req: 233/460] 10.0.0.144 () {34 vars in 816 bytes} [Fri Apr 17 09:55:32 2026] DELETE /resource_providers/18045c58-56f8-4d99-b6bc-6701c95cf8b2 => generated 246 bytes in 10 msecs (HTTP/1.1 404) 6 headers in 231 bytes (1 switches on core 0)
2026-04-17 09:55:32.678 8 INFO placement.requestlog [None req-c4d577eb-0743-4199-bbd7-4c0d15996a8b c88fcbcb9cd441158021e727daea94f3 e76aaef918804ebb833ca33301c59643 - - 480c340adfd342558d413b323f71a6e1 480c340adfd342558d413b323f71a6e1] 10.0.0.144 "DELETE /resource_providers/18045c58-56f8-4d99-b6bc-6701c95cf8b2" status: 404 len: 246 microversion: 1.1 [pid: 8|app: 0|req: 228/461] 10.0.0.144 () {34 vars in 816 bytes} [Fri Apr 17 09:55:32 2026] DELETE /resource_providers/18045c58-56f8-4d99-b6bc-6701c95cf8b2 => generated 246 bytes in 10 msecs (HTTP/1.1 404) 6 headers in 231 bytes (1 switches on core 0)
2026-04-17 09:55:32.809 7 INFO placement.requestlog [req-658a6f04-12e7-47b9-89de-bdb2ef7c634c req-eb74ddb2-1ca9-4fc5-b782-5697b512b30a 58e907dcea5244c996751917e49708aa e76aaef918804ebb833ca33301c59643 - - 480c340adfd342558d413b323f71a6e1 480c340adfd342558d413b323f71a6e1] 199.204.45.229 "GET /allocations/e99ebe63-ae06-4873-9eb4-dbe9f7f0f5d4" status: 200 len: 257 microversion: 1.28 [pid: 7|app: 0|req: 234/462] 199.204.45.229 () {34 vars in 863 bytes} [Fri Apr 17 09:55:32 2026] GET /allocations/e99ebe63-ae06-4873-9eb4-dbe9f7f0f5d4 => generated 257 bytes in 17 msecs (HTTP/1.1 200) 8 headers in 296 bytes (1 switches on core 0)
2026-04-17 09:55:33.862 8 INFO placement.requestlog [req-658a6f04-12e7-47b9-89de-bdb2ef7c634c req-4c0a1f48-1059-4e3b-9462-24c762e03bab 58e907dcea5244c996751917e49708aa e76aaef918804ebb833ca33301c59643 - - 480c340adfd342558d413b323f71a6e1 480c340adfd342558d413b323f71a6e1] 199.204.45.229 "GET /resource_providers/497a2720-1ced-4b96-90c6-7917570956ea/allocations" status: 200 len: 252 microversion: 1.0 [pid: 8|app: 0|req: 229/463] 199.204.45.229 () {32 vars in 857 bytes} [Fri Apr 17 09:55:33 2026] GET /resource_providers/497a2720-1ced-4b96-90c6-7917570956ea/allocations => generated 252 bytes in 26 msecs (HTTP/1.1 200) 6 headers in 224 bytes (1 switches on core 0)
2026-04-17 09:55:33.884 7 INFO placement.requestlog [req-658a6f04-12e7-47b9-89de-bdb2ef7c634c req-fbc873c9-a97b-4e8e-96b5-8db0adad2b6c 58e907dcea5244c996751917e49708aa e76aaef918804ebb833ca33301c59643 - - 480c340adfd342558d413b323f71a6e1 480c340adfd342558d413b323f71a6e1] 199.204.45.229 "GET /allocations/e99ebe63-ae06-4873-9eb4-dbe9f7f0f5d4" status: 200 len: 257 microversion: 1.28 [pid: 7|app: 0|req: 235/464] 199.204.45.229 () {34 vars in 863 bytes} [Fri Apr 17 09:55:33 2026] GET /allocations/e99ebe63-ae06-4873-9eb4-dbe9f7f0f5d4 => generated 257 bytes in 14 msecs (HTTP/1.1 200) 8 headers in 296 bytes (1 switches on core 0)
2026-04-17 09:55:33.907 8 INFO placement.requestlog [req-658a6f04-12e7-47b9-89de-bdb2ef7c634c req-eb07a7c9-9824-4600-a50d-d2cc712a189d 58e907dcea5244c996751917e49708aa e76aaef918804ebb833ca33301c59643 - - 480c340adfd342558d413b323f71a6e1 480c340adfd342558d413b323f71a6e1] 199.204.45.229 "GET /allocations/2a9f6c82-5f51-4911-8c13-2f8b136e6bfc" status: 200 len: 257 microversion: 1.28 [pid: 8|app: 0|req: 230/465] 199.204.45.229 () {34 vars in 863 bytes} [Fri Apr 17 09:55:33 2026] GET /allocations/2a9f6c82-5f51-4911-8c13-2f8b136e6bfc => generated 257 bytes in 13 msecs (HTTP/1.1 200) 8 headers in 296 bytes (1 switches on core 0)
2026-04-17 09:55:34.699 7 INFO placement.requestlog [None req-ad93a84e-4a31-42a2-bf33-b314d70d989c c88fcbcb9cd441158021e727daea94f3 e76aaef918804ebb833ca33301c59643 - - 480c340adfd342558d413b323f71a6e1 480c340adfd342558d413b323f71a6e1] 10.0.0.144 "GET /resource_providers/a78fbb5c-7b26-4cba-92b8-580400604cf4/aggregates" status: 404 len: 235 microversion: 1.1 [pid: 7|app: 0|req: 236/466] 10.0.0.144 () {32 vars in 816 bytes} [Fri Apr 17 09:55:34 2026] GET /resource_providers/a78fbb5c-7b26-4cba-92b8-580400604cf4/aggregates => generated 235 bytes in 9 msecs (HTTP/1.1 404) 5 headers in 202 bytes (1 switches on core 0)
2026-04-17 09:55:34.706 8 INFO placement.requestlog [None req-c622af85-99b5-406c-85f0-0c2e970492fd c88fcbcb9cd441158021e727daea94f3 e76aaef918804ebb833ca33301c59643 - - 480c340adfd342558d413b323f71a6e1 480c340adfd342558d413b323f71a6e1] 10.0.0.144 "GET /resource_providers/a78fbb5c-7b26-4cba-92b8-580400604cf4/aggregates" status: 404 len: 235 microversion: 1.1 [pid: 8|app: 0|req: 231/467] 10.0.0.144 () {32 vars in 816 bytes} [Fri Apr 17 09:55:34 2026] GET /resource_providers/a78fbb5c-7b26-4cba-92b8-580400604cf4/aggregates => generated 235 bytes in 12 msecs (HTTP/1.1 404) 5 headers in 202 bytes (1 switches on core 0)
2026-04-17 09:55:34.730 7 INFO placement.requestlog [None req-1c6d762c-9768-4d8b-95be-c210582f9cbd c88fcbcb9cd441158021e727daea94f3 e76aaef918804ebb833ca33301c59643 - - 480c340adfd342558d413b323f71a6e1 480c340adfd342558d413b323f71a6e1] 10.0.0.144 "DELETE /resource_providers/a78fbb5c-7b26-4cba-92b8-580400604cf4" status: 404 len: 246 microversion: 1.1 [pid: 7|app: 0|req: 237/468] 10.0.0.144 () {34 vars in 816 bytes} [Fri Apr 17 09:55:34 2026] DELETE /resource_providers/a78fbb5c-7b26-4cba-92b8-580400604cf4 => generated 246 bytes in 12 msecs (HTTP/1.1 404) 6 headers in 231 bytes (1 switches on core 0)
2026-04-17 09:55:34.731 8 INFO placement.requestlog [None req-e417fcd1-b3b8-42f7-9320-c5e3a36f7161 c88fcbcb9cd441158021e727daea94f3 e76aaef918804ebb833ca33301c59643 - - 480c340adfd342558d413b323f71a6e1 480c340adfd342558d413b323f71a6e1] 10.0.0.144 "DELETE /resource_providers/a78fbb5c-7b26-4cba-92b8-580400604cf4" status: 404 len: 246 microversion: 1.1 [pid: 8|app: 0|req: 232/469] 10.0.0.144 () {34 vars in 816 bytes} [Fri Apr 17 09:55:34 2026] DELETE /resource_providers/a78fbb5c-7b26-4cba-92b8-580400604cf4 => generated 246 bytes in 11 msecs (HTTP/1.1 404) 6 headers in 231 bytes (1 switches on core 0)
2026-04-17 09:55:38.890 7 INFO placement.requestlog [None req-988512b6-e7e3-44e9-876d-b363e8f9f355 c88fcbcb9cd441158021e727daea94f3 e76aaef918804ebb833ca33301c59643 - - 480c340adfd342558d413b323f71a6e1 480c340adfd342558d413b323f71a6e1] 10.0.0.144 "GET /resource_providers/22045eb5-8f1c-4d90-b179-cff8db666251/aggregates" status: 404 len: 235 microversion: 1.1 [pid: 7|app: 0|req: 238/470] 10.0.0.144 () {32 vars in 816 bytes} [Fri Apr 17 09:55:38 2026] GET /resource_providers/22045eb5-8f1c-4d90-b179-cff8db666251/aggregates => generated 235 bytes in 10 msecs (HTTP/1.1 404) 5 headers in 202 bytes (1 switches on core 0)
2026-04-17 09:55:38.892 8 INFO placement.requestlog [None req-57e12da5-af43-467d-801e-84d9d72138f6 c88fcbcb9cd441158021e727daea94f3 e76aaef918804ebb833ca33301c59643 - - 480c340adfd342558d413b323f71a6e1 480c340adfd342558d413b323f71a6e1] 10.0.0.144 "GET /resource_providers/22045eb5-8f1c-4d90-b179-cff8db666251/aggregates" status: 404 len: 235 microversion: 1.1 [pid: 8|app: 0|req: 233/471] 10.0.0.144 () {32 vars in 816 bytes} [Fri Apr 17 09:55:38 2026] GET /resource_providers/22045eb5-8f1c-4d90-b179-cff8db666251/aggregates => generated 235 bytes in 13 msecs (HTTP/1.1 404) 5 headers in 202 bytes (1 switches on core 0)
2026-04-17 09:55:38.908 7 INFO placement.requestlog [None req-a8938a84-9f9a-4f6b-bfda-7d5b407a78df c88fcbcb9cd441158021e727daea94f3 e76aaef918804ebb833ca33301c59643 - - 480c340adfd342558d413b323f71a6e1 480c340adfd342558d413b323f71a6e1] 10.0.0.144 "DELETE /resource_providers/22045eb5-8f1c-4d90-b179-cff8db666251" status: 404 len: 246 microversion: 1.1 [pid: 7|app: 0|req: 239/472] 10.0.0.144 () {34 vars in 816 bytes} [Fri Apr 17 09:55:38 2026] DELETE /resource_providers/22045eb5-8f1c-4d90-b179-cff8db666251 => generated 246 bytes in 11 msecs (HTTP/1.1 404) 6 headers in 231 bytes (1 switches on core 0)
2026-04-17 09:55:38.942 8 INFO placement.requestlog [None req-85ea2ec8-39bb-48cc-8012-57deb167699d c88fcbcb9cd441158021e727daea94f3 e76aaef918804ebb833ca33301c59643 - - 480c340adfd342558d413b323f71a6e1 480c340adfd342558d413b323f71a6e1] 10.0.0.144 "DELETE /resource_providers/22045eb5-8f1c-4d90-b179-cff8db666251" status: 404 len: 246 microversion: 1.1 [pid: 8|app: 0|req: 234/473] 10.0.0.144 () {34 vars in 816 bytes} [Fri Apr 17 09:55:38 2026] DELETE /resource_providers/22045eb5-8f1c-4d90-b179-cff8db666251 => generated 246 bytes in 10 msecs (HTTP/1.1 404) 6 headers in 231 bytes (1 switches on core 0)
2026-04-17 09:55:40.350 8 INFO placement.requestlog [None req-3e0674e1-ece5-4dde-bdd7-125d0a4189eb - - - - - -] 10.0.0.96 "GET /" status: 200 len: 136 microversion: 1.0
2026-04-17 09:55:40.350 7 INFO placement.requestlog [None req-47099424-efb0-4aaf-b5fb-a7c02812663e - - - - - -] 10.0.0.96 "GET /" status: 200 len: 136 microversion: 1.0
2026-04-17 09:55:40.942 8 INFO placement.requestlog [None req-d6db44b0-2dfe-4279-a3be-a8c107d17423 c88fcbcb9cd441158021e727daea94f3 e76aaef918804ebb833ca33301c59643 - - 480c340adfd342558d413b323f71a6e1 480c340adfd342558d413b323f71a6e1] 10.0.0.144 "GET /resource_providers/916de60f-8f60-4dce-9d06-2b67d811fa3c/aggregates" status: 404 len: 235 microversion: 1.1 [pid: 8|app: 0|req: 236/476] 10.0.0.144 () {32 vars in 816 bytes} [Fri Apr 17 09:55:40 2026] GET /resource_providers/916de60f-8f60-4dce-9d06-2b67d811fa3c/aggregates => generated 235 bytes in 12 msecs (HTTP/1.1 404) 5 headers in 202 bytes (1 switches on core 0)
2026-04-17 09:55:40.966 7 INFO placement.requestlog [None req-29ed73c7-7b27-459e-94b6-d68de2f0de53 c88fcbcb9cd441158021e727daea94f3 e76aaef918804ebb833ca33301c59643 - - 480c340adfd342558d413b323f71a6e1 480c340adfd342558d413b323f71a6e1] 10.0.0.144 "GET /resource_providers/916de60f-8f60-4dce-9d06-2b67d811fa3c/aggregates" status: 404 len: 235 microversion: 1.1 [pid: 7|app: 0|req: 241/477] 10.0.0.144 () {32 vars in 816 bytes} [Fri Apr 17 09:55:40 2026] GET /resource_providers/916de60f-8f60-4dce-9d06-2b67d811fa3c/aggregates => generated 235 bytes in 9 msecs (HTTP/1.1 404) 5 headers in 202 bytes (1 switches on core 0)
2026-04-17 09:55:40.968 8 INFO placement.requestlog [None req-cf8d6623-cc41-4e0a-8a96-1dda9c204466 c88fcbcb9cd441158021e727daea94f3 e76aaef918804ebb833ca33301c59643 - - 480c340adfd342558d413b323f71a6e1 480c340adfd342558d413b323f71a6e1] 10.0.0.144 "DELETE /resource_providers/916de60f-8f60-4dce-9d06-2b67d811fa3c" status: 404 len: 246 microversion: 1.1 [pid: 8|app: 0|req: 237/478] 10.0.0.144 () {34 vars in 816 bytes} [Fri Apr 17 09:55:40 2026] DELETE /resource_providers/916de60f-8f60-4dce-9d06-2b67d811fa3c => generated 246 bytes in 10 msecs (HTTP/1.1 404) 6 headers in 231 bytes (1 switches on core 0)
2026-04-17 09:55:40.992 7 INFO placement.requestlog [None req-b8cc36ed-afa7-4ae0-89b8-5325522157a5 c88fcbcb9cd441158021e727daea94f3 e76aaef918804ebb833ca33301c59643 - - 480c340adfd342558d413b323f71a6e1 480c340adfd342558d413b323f71a6e1] 10.0.0.144 "DELETE /resource_providers/916de60f-8f60-4dce-9d06-2b67d811fa3c" status: 404 len: 246 microversion: 1.1 [pid: 7|app: 0|req: 242/479] 10.0.0.144 () {34 vars in 816 bytes} [Fri Apr 17 09:55:40 2026] DELETE /resource_providers/916de60f-8f60-4dce-9d06-2b67d811fa3c => generated 246 bytes in 9 msecs (HTTP/1.1 404) 6 headers in 231 bytes (1 switches on core 0)
2026-04-17 09:55:42.994 8 INFO placement.requestlog [None req-dd4eb5ef-0de9-4480-9cc2-b4201cd048ce c88fcbcb9cd441158021e727daea94f3 e76aaef918804ebb833ca33301c59643 - - 480c340adfd342558d413b323f71a6e1 480c340adfd342558d413b323f71a6e1] 10.0.0.144 "GET /resource_providers/1333a1de-f82a-40d7-be0d-2501eddee4d7/aggregates" status: 404 len: 235 microversion: 1.1 [pid: 8|app: 0|req: 238/480] 10.0.0.144 () {32 vars in 816 bytes} [Fri Apr 17 09:55:42 2026] GET /resource_providers/1333a1de-f82a-40d7-be0d-2501eddee4d7/aggregates => generated 235 bytes in 11 msecs (HTTP/1.1 404) 5 headers in 202 bytes (1 switches on core 0)
2026-04-17 09:55:43.025 8 INFO placement.requestlog [None req-8b249a43-c724-4960-b1b4-be8b09ad4141 c88fcbcb9cd441158021e727daea94f3 e76aaef918804ebb833ca33301c59643 - - 480c340adfd342558d413b323f71a6e1 480c340adfd342558d413b323f71a6e1] 10.0.0.144 "GET /resource_providers/1333a1de-f82a-40d7-be0d-2501eddee4d7/aggregates" status: 404 len: 235 microversion: 1.1 [pid: 8|app: 0|req: 239/481] 10.0.0.144 () {32 vars in 816 bytes} [Fri Apr 17 09:55:43 2026] GET /resource_providers/1333a1de-f82a-40d7-be0d-2501eddee4d7/aggregates => generated 235 bytes in 13 msecs (HTTP/1.1 404) 5 headers in 202 bytes (1 switches on core 0)
2026-04-17 09:55:43.028 7 INFO placement.requestlog [None req-03a6832c-193a-40d1-8c63-f37f97cd9d36 c88fcbcb9cd441158021e727daea94f3 e76aaef918804ebb833ca33301c59643 - - 480c340adfd342558d413b323f71a6e1 480c340adfd342558d413b323f71a6e1] 10.0.0.144 "DELETE /resource_providers/1333a1de-f82a-40d7-be0d-2501eddee4d7" status: 404 len: 246 microversion: 1.1 [pid: 7|app: 0|req: 243/482] 10.0.0.144 () {34 vars in 816 bytes} [Fri Apr 17 09:55:43 2026] DELETE /resource_providers/1333a1de-f82a-40d7-be0d-2501eddee4d7 => generated 246 bytes in 23 msecs (HTTP/1.1 404) 6 headers in 231 bytes (1 switches on core 0)
2026-04-17 09:55:43.084 8 INFO placement.requestlog [None req-11cb2a9f-a971-4938-bc1e-31b5e661910c c88fcbcb9cd441158021e727daea94f3 e76aaef918804ebb833ca33301c59643 - - 480c340adfd342558d413b323f71a6e1 480c340adfd342558d413b323f71a6e1] 10.0.0.144 "DELETE /resource_providers/1333a1de-f82a-40d7-be0d-2501eddee4d7" status: 404 len: 246 microversion: 1.1 [pid: 8|app: 0|req: 240/483] 10.0.0.144 () {34 vars in 816 bytes} [Fri Apr 17 09:55:43 2026] DELETE /resource_providers/1333a1de-f82a-40d7-be0d-2501eddee4d7 => generated 246 bytes in 15 msecs (HTTP/1.1 404) 6 headers in 231 bytes (1 switches on core 0)
2026-04-17 09:55:45.260 7 INFO placement.requestlog [None req-28405a38-42ed-40d2-8b8c-de41b12b4bf7 c88fcbcb9cd441158021e727daea94f3 e76aaef918804ebb833ca33301c59643 - - 480c340adfd342558d413b323f71a6e1 480c340adfd342558d413b323f71a6e1] 10.0.0.144 "GET /resource_providers/10e671ab-048a-4f01-b821-8ae85dd37772/aggregates" status: 404 len: 235 microversion: 1.1 [pid: 7|app: 0|req: 244/484] 10.0.0.144 () {32 vars in 816 bytes} [Fri Apr 17 09:55:45 2026] GET /resource_providers/10e671ab-048a-4f01-b821-8ae85dd37772/aggregates => generated 235 bytes in 11 msecs (HTTP/1.1 404) 5 headers in 202 bytes (1 switches on core 0)
2026-04-17 09:55:45.295 7 INFO placement.requestlog [None req-d08efb75-6563-4b46-bec7-3d6562cf44d8 c88fcbcb9cd441158021e727daea94f3 e76aaef918804ebb833ca33301c59643 - - 480c340adfd342558d413b323f71a6e1 480c340adfd342558d413b323f71a6e1] 10.0.0.144 "DELETE /resource_providers/10e671ab-048a-4f01-b821-8ae85dd37772" status: 404 len: 246 microversion: 1.1 [pid: 7|app: 0|req: 245/485] 10.0.0.144 () {34 vars in 816 bytes} [Fri Apr 17 09:55:45 2026] DELETE /resource_providers/10e671ab-048a-4f01-b821-8ae85dd37772 => generated 246 bytes in 16 msecs (HTTP/1.1 404) 6 headers in 231 bytes (1 switches on core 0)
2026-04-17 09:55:45.296 8 INFO placement.requestlog [None req-143d03f2-c415-47ec-9502-ed0f23b31b1e c88fcbcb9cd441158021e727daea94f3 e76aaef918804ebb833ca33301c59643 - - 480c340adfd342558d413b323f71a6e1 480c340adfd342558d413b323f71a6e1] 10.0.0.144 "GET /resource_providers/10e671ab-048a-4f01-b821-8ae85dd37772/aggregates" status: 404 len: 235 microversion: 1.1 [pid: 8|app: 0|req: 241/486] 10.0.0.144 () {32 vars in 816 bytes} [Fri Apr 17 09:55:45 2026] GET /resource_providers/10e671ab-048a-4f01-b821-8ae85dd37772/aggregates => generated 235 bytes in 17 msecs (HTTP/1.1 404) 5 headers in 202 bytes (1 switches on core 0)
2026-04-17 09:55:45.335 7 INFO placement.requestlog [None req-9cb38c67-1275-4ff2-bf52-b5a1d6c60e0f c88fcbcb9cd441158021e727daea94f3 e76aaef918804ebb833ca33301c59643 - - 480c340adfd342558d413b323f71a6e1 480c340adfd342558d413b323f71a6e1] 10.0.0.144 "DELETE /resource_providers/10e671ab-048a-4f01-b821-8ae85dd37772" status: 404 len: 246 microversion: 1.1 [pid: 7|app: 0|req: 246/487] 10.0.0.144 () {34 vars in 816 bytes} [Fri Apr 17 09:55:45 2026] DELETE /resource_providers/10e671ab-048a-4f01-b821-8ae85dd37772 => generated 246 bytes in 13 msecs (HTTP/1.1 404) 6 headers in 231 bytes (1 switches on core 0)
2026-04-17 09:55:45.626 8 INFO placement.requestlog [req-4ade9dc7-62e8-4d2a-9bac-10238c35bd5f req-3d7f5c82-4f4a-4971-9844-99b49c3064d4 58e907dcea5244c996751917e49708aa e76aaef918804ebb833ca33301c59643 - - 480c340adfd342558d413b323f71a6e1 480c340adfd342558d413b323f71a6e1] 199.204.45.229 "GET /resource_providers/497a2720-1ced-4b96-90c6-7917570956ea/allocations" status: 200 len: 252 microversion: 1.0 [pid: 8|app: 0|req: 242/488] 199.204.45.229 () {32 vars in 857 bytes} [Fri Apr 17 09:55:45 2026] GET /resource_providers/497a2720-1ced-4b96-90c6-7917570956ea/allocations => generated 252 bytes in 35 msecs (HTTP/1.1 200) 6 headers in 224 bytes (1 switches on core 0)
2026-04-17 09:55:45.652 7 INFO placement.requestlog [req-4ade9dc7-62e8-4d2a-9bac-10238c35bd5f req-66691b79-e743-41ed-8ad0-96795bb250af 58e907dcea5244c996751917e49708aa e76aaef918804ebb833ca33301c59643 - - 480c340adfd342558d413b323f71a6e1 480c340adfd342558d413b323f71a6e1] 199.204.45.229 "GET /resource_providers/497a2720-1ced-4b96-90c6-7917570956ea/allocations" status: 200 len: 252 microversion: 1.0 [pid: 7|app: 0|req: 247/489] 199.204.45.229 () {32 vars in 857 bytes} [Fri Apr 17 09:55:45 2026] GET /resource_providers/497a2720-1ced-4b96-90c6-7917570956ea/allocations => generated 252 bytes in 18 msecs (HTTP/1.1 200) 6 headers in 224 bytes (1 switches on core 0)
2026-04-17 09:55:45.678 8 INFO placement.requestlog [req-4ade9dc7-62e8-4d2a-9bac-10238c35bd5f req-4143b23b-5f15-41be-86e9-a518484c2c05 58e907dcea5244c996751917e49708aa e76aaef918804ebb833ca33301c59643 - - 480c340adfd342558d413b323f71a6e1 480c340adfd342558d413b323f71a6e1] 199.204.45.229 "GET /allocations/e99ebe63-ae06-4873-9eb4-dbe9f7f0f5d4" status: 200 len: 257 microversion: 1.28 [pid: 8|app: 0|req: 243/490] 199.204.45.229 () {34 vars in 863 bytes} [Fri Apr 17 09:55:45 2026] GET /allocations/e99ebe63-ae06-4873-9eb4-dbe9f7f0f5d4 => generated 257 bytes in 21 msecs (HTTP/1.1 200) 8 headers in 296 bytes (1 switches on core 0)
2026-04-17 09:55:45.695 7 INFO placement.requestlog [req-4ade9dc7-62e8-4d2a-9bac-10238c35bd5f req-fd39cc30-6624-439d-aeb4-2380df7d1aed 58e907dcea5244c996751917e49708aa e76aaef918804ebb833ca33301c59643 - - 480c340adfd342558d413b323f71a6e1 480c340adfd342558d413b323f71a6e1] 199.204.45.229 "GET /allocations/2a9f6c82-5f51-4911-8c13-2f8b136e6bfc" status: 200 len: 257 microversion: 1.28 [pid: 7|app: 0|req: 248/491] 199.204.45.229 () {34 vars in 863 bytes} [Fri Apr 17 09:55:45 2026] GET /allocations/2a9f6c82-5f51-4911-8c13-2f8b136e6bfc => generated 257 bytes in 11 msecs (HTTP/1.1 200) 8 headers in 296 bytes (1 switches on core 0)
2026-04-17 09:55:48.395 8 INFO placement.requestlog [None req-c7cb2b0b-4caa-4323-b10c-690d5eccf480 c88fcbcb9cd441158021e727daea94f3 e76aaef918804ebb833ca33301c59643 - - 480c340adfd342558d413b323f71a6e1 480c340adfd342558d413b323f71a6e1] 10.0.0.144 "GET /resource_providers/70413b99-1158-4b03-b725-4d398b38019c/aggregates" status: 404 len: 235 microversion: 1.1 [pid: 8|app: 0|req: 244/492] 10.0.0.144 () {32 vars in 816 bytes} [Fri Apr 17 09:55:48 2026] GET /resource_providers/70413b99-1158-4b03-b725-4d398b38019c/aggregates => generated 235 bytes in 10 msecs (HTTP/1.1 404) 5 headers in 202 bytes (1 switches on core 0)
2026-04-17 09:55:48.411 7 INFO placement.requestlog [None req-aa25986d-b8ef-4408-aa67-cf3c90ff1bcf c88fcbcb9cd441158021e727daea94f3 e76aaef918804ebb833ca33301c59643 - - 480c340adfd342558d413b323f71a6e1 480c340adfd342558d413b323f71a6e1] 10.0.0.144 "GET /resource_providers/70413b99-1158-4b03-b725-4d398b38019c/aggregates" status: 404 len: 235 microversion: 1.1 [pid: 7|app: 0|req: 249/493] 10.0.0.144 () {32 vars in 816 bytes} [Fri Apr 17 09:55:48 2026] GET /resource_providers/70413b99-1158-4b03-b725-4d398b38019c/aggregates => generated 235 bytes in 14 msecs (HTTP/1.1 404) 5 headers in 202 bytes (1 switches on core 0)
2026-04-17 09:55:48.415 8 INFO placement.requestlog [None req-7c3499fb-039b-40c7-88db-be2561ef5303 c88fcbcb9cd441158021e727daea94f3 e76aaef918804ebb833ca33301c59643 - - 480c340adfd342558d413b323f71a6e1 480c340adfd342558d413b323f71a6e1] 10.0.0.144 "DELETE /resource_providers/70413b99-1158-4b03-b725-4d398b38019c" status: 404 len: 246 microversion: 1.1 [pid: 8|app: 0|req: 245/494] 10.0.0.144 () {34 vars in 816 bytes} [Fri Apr 17 09:55:48 2026] DELETE /resource_providers/70413b99-1158-4b03-b725-4d398b38019c => generated 246 bytes in 10 msecs (HTTP/1.1 404) 6 headers in 231 bytes (1 switches on core 0)
2026-04-17 09:55:48.435 7 INFO placement.requestlog [None req-3a773ce0-2f8d-4823-bfeb-4105e47faec4 c88fcbcb9cd441158021e727daea94f3 e76aaef918804ebb833ca33301c59643 - - 480c340adfd342558d413b323f71a6e1 480c340adfd342558d413b323f71a6e1] 10.0.0.144 "DELETE /resource_providers/70413b99-1158-4b03-b725-4d398b38019c" status: 404 len: 246 microversion: 1.1 [pid: 7|app: 0|req: 250/495] 10.0.0.144 () {34 vars in 816 bytes} [Fri Apr 17 09:55:48 2026] DELETE /resource_providers/70413b99-1158-4b03-b725-4d398b38019c => generated 246 bytes in 12 msecs (HTTP/1.1 404) 6 headers in 231 bytes (1 switches on core 0)
2026-04-17 09:55:49.392 8 INFO placement.requestlog [req-fc96308e-9873-4a8d-ac43-24985e83fa30 req-7bde72c6-708a-4e2b-8089-b6e54db3ac35 58e907dcea5244c996751917e49708aa e76aaef918804ebb833ca33301c59643 - - 480c340adfd342558d413b323f71a6e1 480c340adfd342558d413b323f71a6e1] 199.204.45.229 "GET /resource_providers/497a2720-1ced-4b96-90c6-7917570956ea/allocations" status: 200 len: 252 microversion: 1.0 [pid: 8|app: 0|req: 246/496] 199.204.45.229 () {32 vars in 857 bytes} [Fri Apr 17 09:55:49 2026] GET /resource_providers/497a2720-1ced-4b96-90c6-7917570956ea/allocations => generated 252 bytes in 15 msecs (HTTP/1.1 200) 6 headers in 224 bytes (1 switches on core 0)
2026-04-17 09:55:49.403 8 INFO placement.requestlog [None req-be754aaa-e129-4563-aad3-1222094132d8 c88fcbcb9cd441158021e727daea94f3 e76aaef918804ebb833ca33301c59643 - - 480c340adfd342558d413b323f71a6e1 480c340adfd342558d413b323f71a6e1] 10.0.0.144 "GET /resource_providers/98fd749f-140e-409b-b6f7-e8ca076e7632/aggregates" status: 404 len: 235 microversion: 1.1 [pid: 8|app: 0|req: 247/497] 10.0.0.144 () {32 vars in 816 bytes} [Fri Apr 17 09:55:49 2026] GET /resource_providers/98fd749f-140e-409b-b6f7-e8ca076e7632/aggregates => generated 235 bytes in 7 msecs (HTTP/1.1 404) 5 headers in 202 bytes (1 switches on core 0)
2026-04-17 09:55:49.406 7 INFO placement.requestlog [None req-98484d3e-9123-4f24-a6cd-83b9a3a1bd83 c88fcbcb9cd441158021e727daea94f3 e76aaef918804ebb833ca33301c59643 - - 480c340adfd342558d413b323f71a6e1 480c340adfd342558d413b323f71a6e1] 10.0.0.144 "GET /resource_providers/98fd749f-140e-409b-b6f7-e8ca076e7632/aggregates" status: 404 len: 235 microversion: 1.1 [pid: 7|app: 0|req: 251/498] 10.0.0.144 () {32 vars in 816 bytes} [Fri Apr 17 09:55:49 2026] GET /resource_providers/98fd749f-140e-409b-b6f7-e8ca076e7632/aggregates => generated 235 bytes in 10 msecs (HTTP/1.1 404) 5 headers in 202 bytes (1 switches on core 0)
2026-04-17 09:55:49.414 8 INFO placement.requestlog [req-fc96308e-9873-4a8d-ac43-24985e83fa30 req-a8776d8e-502d-41ed-b98a-745b2479840d 58e907dcea5244c996751917e49708aa e76aaef918804ebb833ca33301c59643 - - 480c340adfd342558d413b323f71a6e1 480c340adfd342558d413b323f71a6e1] 199.204.45.229 "GET /allocations/e99ebe63-ae06-4873-9eb4-dbe9f7f0f5d4" status: 200 len: 257 microversion: 1.28 [pid: 8|app: 0|req: 248/499] 199.204.45.229 () {34 vars in 863 bytes} [Fri Apr 17 09:55:49 2026] GET /allocations/e99ebe63-ae06-4873-9eb4-dbe9f7f0f5d4 => generated 257 bytes in 11 msecs (HTTP/1.1 200) 8 headers in 296 bytes (1 switches on core 0)
2026-04-17 09:55:49.425 7 INFO placement.requestlog [None req-9e7a1728-b47e-46f8-ab10-a60a23cafbee c88fcbcb9cd441158021e727daea94f3 e76aaef918804ebb833ca33301c59643 - - 480c340adfd342558d413b323f71a6e1 480c340adfd342558d413b323f71a6e1] 10.0.0.144 "DELETE /resource_providers/98fd749f-140e-409b-b6f7-e8ca076e7632" status: 404 len: 246 microversion: 1.1 [pid: 7|app: 0|req: 252/500] 10.0.0.144 () {34 vars in 816 bytes} [Fri Apr 17 09:55:49 2026] DELETE /resource_providers/98fd749f-140e-409b-b6f7-e8ca076e7632 => generated 246 bytes in 11 msecs (HTTP/1.1 404) 6 headers in 231 bytes (1 switches on core 0)
2026-04-17 09:55:49.426 8 INFO placement.requestlog [None req-503fd2c6-ca3b-4b78-b4f2-45c73db52c87 c88fcbcb9cd441158021e727daea94f3 e76aaef918804ebb833ca33301c59643 - - 480c340adfd342558d413b323f71a6e1 480c340adfd342558d413b323f71a6e1] 10.0.0.144 "DELETE /resource_providers/98fd749f-140e-409b-b6f7-e8ca076e7632" status: 404 len: 246 microversion: 1.1 [pid: 8|app: 0|req: 249/501] 10.0.0.144 () {34 vars in 816 bytes} [Fri Apr 17 09:55:49 2026] DELETE /resource_providers/98fd749f-140e-409b-b6f7-e8ca076e7632 => generated 246 bytes in 7 msecs (HTTP/1.1 404) 6 headers in 231 bytes (1 switches on core 0)
2026-04-17 09:55:49.437 7 INFO placement.requestlog [req-fc96308e-9873-4a8d-ac43-24985e83fa30 req-6fb6c88b-04f7-4ded-aedc-42adeda7cca9 58e907dcea5244c996751917e49708aa e76aaef918804ebb833ca33301c59643 - - 480c340adfd342558d413b323f71a6e1 480c340adfd342558d413b323f71a6e1] 199.204.45.229 "GET /allocations/2a9f6c82-5f51-4911-8c13-2f8b136e6bfc" status: 200 len: 257 microversion: 1.28 [pid: 7|app: 0|req: 253/502] 199.204.45.229 () {34 vars in 863 bytes} [Fri Apr 17 09:55:49 2026] GET /allocations/2a9f6c82-5f51-4911-8c13-2f8b136e6bfc => generated 257 bytes in 10 msecs (HTTP/1.1 200) 8 headers in 296 bytes (1 switches on core 0)
2026-04-17 09:55:50.352 8 INFO placement.requestlog [None req-153ab5fd-f0b3-4084-beaa-c6a8bca7bc5e - - - - - -] 10.0.0.96 "GET /" status: 200 len: 136 microversion: 1.0
2026-04-17 09:55:50.353 7 INFO placement.requestlog [None req-cf5a3f2d-9d9a-4e17-b850-62ca50ad344a - - - - - -] 10.0.0.96 "GET /" status: 200 len: 136 microversion: 1.0
2026-04-17 09:55:50.496 8 INFO placement.requestlog [req-fc96308e-9873-4a8d-ac43-24985e83fa30 req-ce996ee5-5360-42ed-ac91-c79e705b9919 58e907dcea5244c996751917e49708aa e76aaef918804ebb833ca33301c59643 - - 480c340adfd342558d413b323f71a6e1 480c340adfd342558d413b323f71a6e1] 199.204.45.229 "DELETE /allocations/2a9f6c82-5f51-4911-8c13-2f8b136e6bfc" status: 204 len: 0 microversion: 1.0 [pid: 8|app: 0|req: 251/505] 199.204.45.229 () {34 vars in 841 bytes} [Fri Apr 17 09:55:50 2026] DELETE /allocations/2a9f6c82-5f51-4911-8c13-2f8b136e6bfc => generated 0 bytes in 31 msecs (HTTP/1.1 204) 5 headers in 198 bytes (1 switches on core 0)
2026-04-17 09:55:50.812 7 INFO placement.requestlog [None req-18b99a65-7e8e-4dfb-9a4f-463b12f779a6 c88fcbcb9cd441158021e727daea94f3 e76aaef918804ebb833ca33301c59643 - - 480c340adfd342558d413b323f71a6e1 480c340adfd342558d413b323f71a6e1] 10.0.0.144 "GET /resource_providers/1c25ed67-f1f4-42f4-a93a-8cb651087805/aggregates" status: 404 len: 235 microversion: 1.1 [pid: 7|app: 0|req: 255/506] 10.0.0.144 () {32 vars in 816 bytes} [Fri Apr 17 09:55:50 2026] GET /resource_providers/1c25ed67-f1f4-42f4-a93a-8cb651087805/aggregates => generated 235 bytes in 13 msecs (HTTP/1.1 404) 5 headers in 202 bytes (1 switches on core 0)
2026-04-17 09:55:50.817 8 INFO placement.requestlog [None req-f67b44c4-35da-4d81-bb59-3d534bb53710 c88fcbcb9cd441158021e727daea94f3 e76aaef918804ebb833ca33301c59643 - - 480c340adfd342558d413b323f71a6e1 480c340adfd342558d413b323f71a6e1] 10.0.0.144 "GET /resource_providers/1c25ed67-f1f4-42f4-a93a-8cb651087805/aggregates" status: 404 len: 235 microversion: 1.1 [pid: 8|app: 0|req: 252/507] 10.0.0.144 () {32 vars in 816 bytes} [Fri Apr 17 09:55:50 2026] GET /resource_providers/1c25ed67-f1f4-42f4-a93a-8cb651087805/aggregates => generated 235 bytes in 13 msecs (HTTP/1.1 404) 5 headers in 202 bytes (1 switches on core 0)
2026-04-17 09:55:50.831 7 INFO placement.requestlog [None req-6eea90cc-c7f6-46a7-bae4-a047077c9c4c c88fcbcb9cd441158021e727daea94f3 e76aaef918804ebb833ca33301c59643 - - 480c340adfd342558d413b323f71a6e1 480c340adfd342558d413b323f71a6e1] 10.0.0.144 "DELETE /resource_providers/1c25ed67-f1f4-42f4-a93a-8cb651087805" status: 404 len: 246 microversion: 1.1 [pid: 7|app: 0|req: 256/508] 10.0.0.144 () {34 vars in 816 bytes} [Fri Apr 17 09:55:50 2026] DELETE /resource_providers/1c25ed67-f1f4-42f4-a93a-8cb651087805 => generated 246 bytes in 8 msecs (HTTP/1.1 404) 6 headers in 231 bytes (1 switches on core 0)
2026-04-17 09:55:50.849 8 INFO placement.requestlog [None req-48a23940-8d75-413f-92d5-00a41e41d46a c88fcbcb9cd441158021e727daea94f3 e76aaef918804ebb833ca33301c59643 - - 480c340adfd342558d413b323f71a6e1 480c340adfd342558d413b323f71a6e1] 10.0.0.144 "DELETE /resource_providers/1c25ed67-f1f4-42f4-a93a-8cb651087805" status: 404 len: 246 microversion: 1.1 [pid: 8|app: 0|req: 253/509] 10.0.0.144 () {34 vars in 816 bytes} [Fri Apr 17 09:55:50 2026] DELETE /resource_providers/1c25ed67-f1f4-42f4-a93a-8cb651087805 => generated 246 bytes in 10 msecs (HTTP/1.1 404) 6 headers in 231 bytes (1 switches on core 0)
2026-04-17 09:55:54.508 8 INFO placement.requestlog [None req-3d47a437-68a6-4547-b800-d324c572d789 c88fcbcb9cd441158021e727daea94f3 e76aaef918804ebb833ca33301c59643 - - 480c340adfd342558d413b323f71a6e1 480c340adfd342558d413b323f71a6e1] 10.0.0.144 "GET /resource_providers/55a2288c-4ab8-4123-866e-ad9fd0219bac/aggregates" status: 404 len: 235 microversion: 1.1 [pid: 8|app: 0|req: 254/510] 10.0.0.144 () {32 vars in 816 bytes} [Fri Apr 17 09:55:54 2026] GET /resource_providers/55a2288c-4ab8-4123-866e-ad9fd0219bac/aggregates => generated 235 bytes in 13 msecs (HTTP/1.1 404) 5 headers in 202 bytes (1 switches on core 0)
2026-04-17 09:55:54.509 7 INFO placement.requestlog [None req-04919a65-dadc-4b3d-82c1-aa115932e468 c88fcbcb9cd441158021e727daea94f3 e76aaef918804ebb833ca33301c59643 - - 480c340adfd342558d413b323f71a6e1 480c340adfd342558d413b323f71a6e1] 10.0.0.144 "GET /resource_providers/55a2288c-4ab8-4123-866e-ad9fd0219bac/aggregates" status: 404 len: 235 microversion: 1.1 [pid: 7|app: 0|req: 257/511] 10.0.0.144 () {32 vars in 816 bytes} [Fri Apr 17 09:55:54 2026] GET /resource_providers/55a2288c-4ab8-4123-866e-ad9fd0219bac/aggregates => generated 235 bytes in 15 msecs (HTTP/1.1 404) 5 headers in 202 bytes (1 switches on core 0)
2026-04-17 09:55:54.542 8 INFO placement.requestlog [None req-f47bd476-5284-4b50-8d62-0917deab08df c88fcbcb9cd441158021e727daea94f3 e76aaef918804ebb833ca33301c59643 - - 480c340adfd342558d413b323f71a6e1 480c340adfd342558d413b323f71a6e1] 10.0.0.144 "DELETE /resource_providers/55a2288c-4ab8-4123-866e-ad9fd0219bac" status: 404 len: 246 microversion: 1.1
2026-04-17 09:55:54.542 7 INFO placement.requestlog [None req-e606320f-3a28-4934-9c0b-72c2fcec32b8 c88fcbcb9cd441158021e727daea94f3 e76aaef918804ebb833ca33301c59643 - - 480c340adfd342558d413b323f71a6e1 480c340adfd342558d413b323f71a6e1] 10.0.0.144 "DELETE /resource_providers/55a2288c-4ab8-4123-866e-ad9fd0219bac" status: 404 len: 246 microversion: 1.1 [pid: 7|app: 0|req: 258/513] 10.0.0.144 () {34 vars in 816 bytes} [Fri Apr 17 09:55:54 2026] DELETE /resource_providers/55a2288c-4ab8-4123-866e-ad9fd0219bac => generated 246 bytes in 12 msecs (HTTP/1.1 404) 6 headers in 231 bytes (1 switches on core 0) [pid: 8|app: 0|req: 255/513] 10.0.0.144 () {34 vars in 816 bytes} [Fri Apr 17 09:55:54 2026] DELETE /resource_providers/55a2288c-4ab8-4123-866e-ad9fd0219bac => generated 246 bytes in 13 msecs (HTTP/1.1 404) 6 headers in 231 bytes (1 switches on core 0)
2026-04-17 09:55:55.203 7 INFO placement.requestlog [None req-f277643d-e96a-48c9-9b8b-346930d79be5 c88fcbcb9cd441158021e727daea94f3 e76aaef918804ebb833ca33301c59643 - - 480c340adfd342558d413b323f71a6e1 480c340adfd342558d413b323f71a6e1] 10.0.0.144 "GET /resource_providers/0841f5e2-b421-4441-82e9-fe7f5ad6e7fe/aggregates" status: 404 len: 235 microversion: 1.1
2026-04-17 09:55:55.203 8 INFO placement.requestlog [None req-ef047b79-c981-40cd-9701-c82311941bda c88fcbcb9cd441158021e727daea94f3 e76aaef918804ebb833ca33301c59643 - - 480c340adfd342558d413b323f71a6e1 480c340adfd342558d413b323f71a6e1] 10.0.0.144 "GET /resource_providers/0841f5e2-b421-4441-82e9-fe7f5ad6e7fe/aggregates" status: 404 len: 235 microversion: 1.1 [pid: 7|app: 0|req: 259/514] 10.0.0.144 () {32 vars in 816 bytes} [Fri Apr 17 09:55:55 2026] GET /resource_providers/0841f5e2-b421-4441-82e9-fe7f5ad6e7fe/aggregates => generated 235 bytes in 11 msecs (HTTP/1.1 404) 5 headers in 202 bytes (1 switches on core 0) [pid: 8|app: 0|req: 256/515] 10.0.0.144 () {32 vars in 816 bytes} [Fri Apr 17 09:55:55 2026] GET /resource_providers/0841f5e2-b421-4441-82e9-fe7f5ad6e7fe/aggregates => generated 235 bytes in 12 msecs (HTTP/1.1 404) 5 headers in 202 bytes (1 switches on core 0)
2026-04-17 09:55:55.225 7 INFO placement.requestlog [None req-73eaa0b3-bffd-46ef-804d-abaea0c49a4f c88fcbcb9cd441158021e727daea94f3 e76aaef918804ebb833ca33301c59643 - - 480c340adfd342558d413b323f71a6e1 480c340adfd342558d413b323f71a6e1] 10.0.0.144 "DELETE /resource_providers/0841f5e2-b421-4441-82e9-fe7f5ad6e7fe" status: 404 len: 246 microversion: 1.1 [pid: 7|app: 0|req: 260/516] 10.0.0.144 () {34 vars in 816 bytes} [Fri Apr 17 09:55:55 2026] DELETE /resource_providers/0841f5e2-b421-4441-82e9-fe7f5ad6e7fe => generated 246 bytes in 9 msecs (HTTP/1.1 404) 6 headers in 231 bytes (1 switches on core 0)
2026-04-17 09:55:55.232 8 INFO placement.requestlog [None req-1fb7bed6-8fbe-40fa-a8df-0698da705298 c88fcbcb9cd441158021e727daea94f3 e76aaef918804ebb833ca33301c59643 - - 480c340adfd342558d413b323f71a6e1 480c340adfd342558d413b323f71a6e1] 10.0.0.144 "DELETE /resource_providers/0841f5e2-b421-4441-82e9-fe7f5ad6e7fe" status: 404 len: 246 microversion: 1.1 [pid: 8|app: 0|req: 257/517] 10.0.0.144 () {34 vars in 816 bytes} [Fri Apr 17 09:55:55 2026] DELETE /resource_providers/0841f5e2-b421-4441-82e9-fe7f5ad6e7fe => generated 246 bytes in 14 msecs (HTTP/1.1 404) 6 headers in 231 bytes (1 switches on core 0)
2026-04-17 09:56:00.353 7 INFO placement.requestlog [None req-dccc8623-4eb6-43cf-bed4-d1052d895cff - - - - - -] 10.0.0.96 "GET /" status: 200 len: 136 microversion: 1.0
2026-04-17 09:56:00.353 8 INFO placement.requestlog [None req-677452a6-b970-429f-9a9d-5f154d21ddfd - - - - - -] 10.0.0.96 "GET /" status: 200 len: 136 microversion: 1.0
2026-04-17 09:56:07.924 7 INFO placement.requestlog [req-4516dc32-848a-4cb1-9f0e-395ecbf991dc req-d7fbb85c-8b7b-4d21-a660-c84da7ccc893 58e907dcea5244c996751917e49708aa e76aaef918804ebb833ca33301c59643 - - 480c340adfd342558d413b323f71a6e1 480c340adfd342558d413b323f71a6e1] 10.0.0.79 "GET /allocation_candidates?limit=1000&resources=DISK_GB%3A1%2CMEMORY_MB%3A512%2CVCPU%3A1&root_required=%21COMPUTE_STATUS_DISABLED" status: 200 len: 2783 microversion: 1.36 [pid: 7|app: 0|req: 262/520] 10.0.0.79 () {34 vars in 1011 bytes} [Fri Apr 17 09:56:07 2026] GET /allocation_candidates?limit=1000&resources=DISK_GB%3A1%2CMEMORY_MB%3A512%2CVCPU%3A1&root_required=%21COMPUTE_STATUS_DISABLED => generated 2783 bytes in 49 msecs (HTTP/1.1 200) 8 headers in 297 bytes (1 switches on core 0)
2026-04-17 09:56:07.961 8 INFO placement.requestlog [req-4516dc32-848a-4cb1-9f0e-395ecbf991dc req-babad819-a280-4aeb-a697-3120f20f9478 58e907dcea5244c996751917e49708aa e76aaef918804ebb833ca33301c59643 - - 480c340adfd342558d413b323f71a6e1 480c340adfd342558d413b323f71a6e1] 10.0.0.79 "GET /allocations/483cb541-7954-49a2-85bf-170820126ac1" status: 200 len: 19 microversion: 1.28 [pid: 8|app: 0|req: 259/521] 10.0.0.79 () {34 vars in 860 bytes} [Fri Apr 17 09:56:07 2026] GET /allocations/483cb541-7954-49a2-85bf-170820126ac1 => generated 19 bytes in 13 msecs (HTTP/1.1 200) 8 headers in 295 bytes (1 switches on core 0)
2026-04-17 09:56:08.041 7 INFO placement.requestlog [req-4516dc32-848a-4cb1-9f0e-395ecbf991dc req-a7917483-2b79-445b-bb12-5a54e5691c04 58e907dcea5244c996751917e49708aa e76aaef918804ebb833ca33301c59643 - - 480c340adfd342558d413b323f71a6e1 480c340adfd342558d413b323f71a6e1] 10.0.0.79 "PUT /allocations/483cb541-7954-49a2-85bf-170820126ac1" status: 204 len: 0 microversion: 1.36 [pid: 7|app: 0|req: 263/522] 10.0.0.79 () {38 vars in 913 bytes} [Fri Apr 17 09:56:07 2026] PUT /allocations/483cb541-7954-49a2-85bf-170820126ac1 => generated 0 bytes in 69 msecs (HTTP/1.1 204) 5 headers in 199 bytes (1 switches on core 0)
2026-04-17 09:56:08.551 8 INFO placement.requestlog [None req-f04e33f1-fa47-4ad9-b067-70e882f328db c88fcbcb9cd441158021e727daea94f3 e76aaef918804ebb833ca33301c59643 - - 480c340adfd342558d413b323f71a6e1 480c340adfd342558d413b323f71a6e1] 10.0.0.144 "GET /resource_providers/2cc57653-04c4-4895-a465-8131e79185e7/aggregates" status: 404 len: 235 microversion: 1.1 [pid: 8|app: 0|req: 260/523] 10.0.0.144 () {32 vars in 816 bytes} [Fri Apr 17 09:56:08 2026] GET /resource_providers/2cc57653-04c4-4895-a465-8131e79185e7/aggregates => generated 235 bytes in 8 msecs (HTTP/1.1 404) 5 headers in 202 bytes (1 switches on core 0)
2026-04-17 09:56:08.555 7 INFO placement.requestlog [None req-6b9d2d7e-9bd3-415c-8c08-d7cceacdb94c c88fcbcb9cd441158021e727daea94f3 e76aaef918804ebb833ca33301c59643 - - 480c340adfd342558d413b323f71a6e1 480c340adfd342558d413b323f71a6e1] 10.0.0.144 "GET /resource_providers/2cc57653-04c4-4895-a465-8131e79185e7/aggregates" status: 404 len: 235 microversion: 1.1 [pid: 7|app: 0|req: 264/524] 10.0.0.144 () {32 vars in 816 bytes} [Fri Apr 17 09:56:08 2026] GET /resource_providers/2cc57653-04c4-4895-a465-8131e79185e7/aggregates => generated 235 bytes in 8 msecs (HTTP/1.1 404) 5 headers in 202 bytes (1 switches on core 0)
2026-04-17 09:56:08.577 8 INFO placement.requestlog [None req-2c1348c2-78c2-48ba-a264-04b3d65eba1d c88fcbcb9cd441158021e727daea94f3 e76aaef918804ebb833ca33301c59643 - - 480c340adfd342558d413b323f71a6e1 480c340adfd342558d413b323f71a6e1] 10.0.0.144 "DELETE /resource_providers/2cc57653-04c4-4895-a465-8131e79185e7" status: 404 len: 246 microversion: 1.1 [pid: 8|app: 0|req: 261/525] 10.0.0.144 () {34 vars in 816 bytes} [Fri Apr 17 09:56:08 2026] DELETE /resource_providers/2cc57653-04c4-4895-a465-8131e79185e7 => generated 246 bytes in 10 msecs (HTTP/1.1 404) 6 headers in 231 bytes (1 switches on core 0)
2026-04-17 09:56:08.587 7 INFO placement.requestlog [None req-8374aff5-9106-4344-b0fe-2e26d060c4b6 c88fcbcb9cd441158021e727daea94f3 e76aaef918804ebb833ca33301c59643 - - 480c340adfd342558d413b323f71a6e1 480c340adfd342558d413b323f71a6e1] 10.0.0.144 "DELETE /resource_providers/2cc57653-04c4-4895-a465-8131e79185e7" status: 404 len: 246 microversion: 1.1 [pid: 7|app: 0|req: 265/526] 10.0.0.144 () {34 vars in 816 bytes} [Fri Apr 17 09:56:08 2026] DELETE /resource_providers/2cc57653-04c4-4895-a465-8131e79185e7 => generated 246 bytes in 9 msecs (HTTP/1.1 404) 6 headers in 231 bytes (1 switches on core 0)
2026-04-17 09:56:08.982 8 INFO placement.requestlog [req-32d1512c-7ae4-4bc3-974d-a3c2053a1d24 req-7334289f-d095-450a-bcd2-af9d27cd2299 58e907dcea5244c996751917e49708aa e76aaef918804ebb833ca33301c59643 - - 480c340adfd342558d413b323f71a6e1 480c340adfd342558d413b323f71a6e1] 10.0.0.79 "GET /allocation_candidates?limit=1000&resources=DISK_GB%3A1%2CMEMORY_MB%3A512%2CVCPU%3A1&root_required=%21COMPUTE_STATUS_DISABLED" status: 200 len: 2784 microversion: 1.36 [pid: 8|app: 0|req: 262/527] 10.0.0.79 () {34 vars in 1011 bytes} [Fri Apr 17 09:56:08 2026] GET /allocation_candidates?limit=1000&resources=DISK_GB%3A1%2CMEMORY_MB%3A512%2CVCPU%3A1&root_required=%21COMPUTE_STATUS_DISABLED => generated 2784 bytes in 39 msecs (HTTP/1.1 200) 8 headers in 297 bytes (1 switches on core 0)
2026-04-17 09:56:09.016 7 INFO placement.requestlog [req-32d1512c-7ae4-4bc3-974d-a3c2053a1d24 req-041e884f-70fb-4c72-bee6-bc7d75a412bc 58e907dcea5244c996751917e49708aa e76aaef918804ebb833ca33301c59643 - - 480c340adfd342558d413b323f71a6e1 480c340adfd342558d413b323f71a6e1] 10.0.0.79 "GET /allocations/3666ee04-327e-4c9c-a9ad-c477a2ee2b6f" status: 200 len: 19 microversion: 1.28 [pid: 7|app: 0|req: 266/528] 10.0.0.79 () {34 vars in 860 bytes} [Fri Apr 17 09:56:09 2026] GET /allocations/3666ee04-327e-4c9c-a9ad-c477a2ee2b6f => generated 19 bytes in 11 msecs (HTTP/1.1 200) 8 headers in 295 bytes (1 switches on core 0)
2026-04-17 09:56:09.068 8 INFO placement.requestlog [req-32d1512c-7ae4-4bc3-974d-a3c2053a1d24 req-e6cc37f5-f466-4c4a-b16a-449507115744 58e907dcea5244c996751917e49708aa e76aaef918804ebb833ca33301c59643 - - 480c340adfd342558d413b323f71a6e1 480c340adfd342558d413b323f71a6e1] 10.0.0.79 "PUT /allocations/3666ee04-327e-4c9c-a9ad-c477a2ee2b6f" status: 204 len: 0 microversion: 1.36 [pid: 8|app: 0|req: 263/529] 10.0.0.79 () {38 vars in 913 bytes} [Fri Apr 17 09:56:09 2026] PUT /allocations/3666ee04-327e-4c9c-a9ad-c477a2ee2b6f => generated 0 bytes in 45 msecs (HTTP/1.1 204) 5 headers in 199 bytes (1 switches on core 0)
