2026-08-12 01:25:56.879 7 INFO neutron.api.v2.resource [None req-f3efe259-2dcb-40e8-b280-f9208df5f4bd c6e6bb07a4f44649ae75509d009e0e1c 16e2ac5e21b6433aa53784255c3ce399 - - default default] show failed (client error): The resource could not be found. [pid: 7|app: 0|req: 285/560] 199.204.45.169 () {44 vars in 1075 bytes} [Wed Aug 12 01:25:56 2026] GET /v2.0/security-groups/manila-service-security-group?project_id=9c83d8ec7f9249409d51b8268c6e3854 => generated 139 bytes in 34 msecs (HTTP/1.1 404) 4 headers in 164 bytes (1 switches on core 0) [pid: 8|app: 0|req: 276/561] 199.204.45.169 () {44 vars in 1098 bytes} [Wed Aug 12 01:25:56 2026] GET /v2.0/security-groups?name=manila-service-security-group&project_id=9c83d8ec7f9249409d51b8268c6e3854 => generated 4072 bytes in 29 msecs (HTTP/1.1 200) 4 headers in 158 bytes (1 switches on core 0) [pid: 7|app: 0|req: 286/562] 199.204.45.169 () {44 vars in 1089 bytes} [Wed Aug 12 01:25:57 2026] GET /v2.0/security-groups/94bfd836-d09e-4c72-9a59-2d48e4bb7720?project_id=9c83d8ec7f9249409d51b8268c6e3854 => generated 4075 bytes in 62 msecs (HTTP/1.1 200) 4 headers in 158 bytes (1 switches on core 0) [pid: 8|app: 0|req: 277/563] 199.204.45.169 () {44 vars in 1002 bytes} [Wed Aug 12 01:25:57 2026] GET /v2.0/security-groups/94bfd836-d09e-4c72-9a59-2d48e4bb7720 => generated 4075 bytes in 32 msecs (HTTP/1.1 200) 4 headers in 158 bytes (1 switches on core 0) [pid: 7|app: 0|req: 287/564] 199.204.45.169 () {44 vars in 1012 bytes} [Wed Aug 12 01:25:57 2026] GET /v2.0/security-group-rules/947a68b8-35b5-41d6-90c8-bc180381d68a => generated 597 bytes in 14 msecs (HTTP/1.1 200) 4 headers in 157 bytes (1 switches on core 0) [pid: 8|app: 0|req: 278/565] 199.204.45.169 () {44 vars in 1089 bytes} [Wed Aug 12 01:25:58 2026] GET /v2.0/security-groups/94bfd836-d09e-4c72-9a59-2d48e4bb7720?project_id=9c83d8ec7f9249409d51b8268c6e3854 => generated 4075 bytes in 56 msecs (HTTP/1.1 200) 4 headers in 158 bytes (1 switches on core 0) [pid: 7|app: 0|req: 288/566] 199.204.45.169 () {44 vars in 1002 bytes} [Wed Aug 12 01:25:58 2026] GET /v2.0/security-groups/94bfd836-d09e-4c72-9a59-2d48e4bb7720 => generated 4075 bytes in 35 msecs (HTTP/1.1 200) 4 headers in 158 bytes (1 switches on core 0) [pid: 8|app: 0|req: 279/567] 199.204.45.169 () {44 vars in 1012 bytes} [Wed Aug 12 01:25:58 2026] GET /v2.0/security-group-rules/0312ee26-0673-4edd-b072-caae5b76b6c0 => generated 599 bytes in 15 msecs (HTTP/1.1 200) 4 headers in 157 bytes (1 switches on core 0) [pid: 7|app: 0|req: 290/570] 199.204.45.169 () {44 vars in 1089 bytes} [Wed Aug 12 01:25:59 2026] GET /v2.0/security-groups/94bfd836-d09e-4c72-9a59-2d48e4bb7720?project_id=9c83d8ec7f9249409d51b8268c6e3854 => generated 4075 bytes in 69 msecs (HTTP/1.1 200) 4 headers in 158 bytes (1 switches on core 0) [pid: 8|app: 0|req: 281/571] 199.204.45.169 () {44 vars in 1002 bytes} [Wed Aug 12 01:26:00 2026] GET /v2.0/security-groups/94bfd836-d09e-4c72-9a59-2d48e4bb7720 => generated 4075 bytes in 49 msecs (HTTP/1.1 200) 4 headers in 158 bytes (1 switches on core 0) [pid: 7|app: 0|req: 291/572] 199.204.45.169 () {44 vars in 1012 bytes} [Wed Aug 12 01:26:00 2026] GET /v2.0/security-group-rules/77b52a32-56a5-45b5-8eef-23ab44610507 => generated 601 bytes in 23 msecs (HTTP/1.1 200) 4 headers in 157 bytes (1 switches on core 0) [pid: 8|app: 0|req: 282/573] 199.204.45.169 () {44 vars in 1089 bytes} [Wed Aug 12 01:26:01 2026] GET /v2.0/security-groups/94bfd836-d09e-4c72-9a59-2d48e4bb7720?project_id=9c83d8ec7f9249409d51b8268c6e3854 => generated 4075 bytes in 58 msecs (HTTP/1.1 200) 4 headers in 158 bytes (1 switches on core 0) [pid: 7|app: 0|req: 292/574] 199.204.45.169 () {44 vars in 1002 bytes} [Wed Aug 12 01:26:01 2026] GET /v2.0/security-groups/94bfd836-d09e-4c72-9a59-2d48e4bb7720 => generated 4075 bytes in 36 msecs (HTTP/1.1 200) 4 headers in 158 bytes (1 switches on core 0) [pid: 8|app: 0|req: 283/575] 199.204.45.169 () {44 vars in 1012 bytes} [Wed Aug 12 01:26:01 2026] GET /v2.0/security-group-rules/e0b025d3-3a48-4bf1-a7f7-27c164e48a8f => generated 602 bytes in 12 msecs (HTTP/1.1 200) 4 headers in 157 bytes (1 switches on core 0) [pid: 7|app: 0|req: 293/576] 199.204.45.169 () {44 vars in 976 bytes} [Wed Aug 12 01:26:08 2026] GET /v2.0/quotas/9c83d8ec7f9249409d51b8268c6e3854 => generated 291 bytes in 15 msecs (HTTP/1.1 200) 4 headers in 157 bytes (1 switches on core 0) [pid: 8|app: 0|req: 287/583] 10.0.0.240 () {28 vars in 581 bytes} [Wed Aug 12 01:26:56 2026] GET /v2.0/agents => generated 1214 bytes in 67 msecs (HTTP/1.1 200) 4 headers in 158 bytes (1 switches on core 0) [pid: 7|app: 0|req: 297/584] 10.0.0.240 () {28 vars in 591 bytes} [Wed Aug 12 01:26:56 2026] GET /v2.0/floatingips => generated 19 bytes in 16 msecs (HTTP/1.1 200) 4 headers in 156 bytes (1 switches on core 0) [pid: 8|app: 0|req: 288/585] 10.0.0.240 () {28 vars in 583 bytes} [Wed Aug 12 01:26:56 2026] GET /v2.0/subnets => generated 1308 bytes in 34 msecs (HTTP/1.1 200) 4 headers in 158 bytes (1 switches on core 0) [pid: 7|app: 0|req: 298/586] 10.0.0.240 () {28 vars in 619 bytes} [Wed Aug 12 01:26:56 2026] GET /v2.0/network-ip-availabilities => generated 1104 bytes in 15 msecs (HTTP/1.1 200) 4 headers in 158 bytes (1 switches on core 0) [pid: 8|app: 0|req: 289/587] 10.0.0.240 () {28 vars in 585 bytes} [Wed Aug 12 01:26:56 2026] GET /v2.0/networks => generated 2172 bytes in 39 msecs (HTTP/1.1 200) 4 headers in 158 bytes (1 switches on core 0) [pid: 7|app: 0|req: 299/588] 10.0.0.240 () {28 vars in 599 bytes} [Wed Aug 12 01:26:56 2026] GET /v2.0/security-groups => generated 17401 bytes in 37 msecs (HTTP/1.1 200) 4 headers in 159 bytes (1 switches on core 0) [pid: 8|app: 0|req: 290/589] 10.0.0.240 () {28 vars in 579 bytes} [Wed Aug 12 01:26:56 2026] GET /v2.0/ports => generated 5175 bytes in 48 msecs (HTTP/1.1 200) 4 headers in 158 bytes (1 switches on core 0) [pid: 7|app: 0|req: 300/590] 10.0.0.240 () {28 vars in 583 bytes} [Wed Aug 12 01:26:56 2026] GET /v2.0/routers => generated 15 bytes in 17 msecs (HTTP/1.1 200) 4 headers in 156 bytes (1 switches on core 0) [pid: 8|app: 0|req: 291/591] 10.0.0.240 () {28 vars in 624 bytes} [Wed Aug 12 01:26:56 2026] GET /v2.0/agents?binary=ovn-controller => generated 416 bytes in 12 msecs (HTTP/1.1 200) 4 headers in 157 bytes (1 switches on core 0) [pid: 7|app: 0|req: 301/592] 10.0.0.240 () {28 vars in 583 bytes} [Wed Aug 12 01:26:56 2026] GET /v2.0/subnets => generated 1308 bytes in 28 msecs (HTTP/1.1 200) 4 headers in 158 bytes (1 switches on core 0) [pid: 8|app: 0|req: 292/593] 10.0.0.240 () {28 vars in 591 bytes} [Wed Aug 12 01:26:56 2026] GET /v2.0/subnetpools => generated 19 bytes in 9 msecs (HTTP/1.1 200) 4 headers in 156 bytes (1 switches on core 0) [pid: 8|app: 0|req: 294/596] 199.204.45.169 () {44 vars in 950 bytes} [Wed Aug 12 01:26:59 2026] GET /v2.0/networks?name=public => generated 753 bytes in 60 msecs (HTTP/1.1 200) 4 headers in 157 bytes (1 switches on core 0) [pid: 8|app: 0|req: 297/601] 10.0.0.29 () {32 vars in 648 bytes} [Wed Aug 12 01:27:40 2026] GET /v2.0/networks => generated 2172 bytes in 188 msecs (HTTP/1.1 200) 4 headers in 158 bytes (1 switches on core 0) [pid: 7|app: 0|req: 305/602] 10.0.0.29 () {32 vars in 654 bytes} [Wed Aug 12 01:27:41 2026] GET /v2.0/floatingips => generated 19 bytes in 19 msecs (HTTP/1.1 200) 4 headers in 156 bytes (1 switches on core 0) [pid: 8|app: 0|req: 298/603] 10.0.0.29 () {32 vars in 646 bytes} [Wed Aug 12 01:27:41 2026] GET /v2.0/routers => generated 15 bytes in 16 msecs (HTTP/1.1 200) 4 headers in 156 bytes (1 switches on core 0) [pid: 7|app: 0|req: 306/604] 10.0.0.29 () {32 vars in 642 bytes} [Wed Aug 12 01:27:41 2026] GET /v2.0/ports => generated 5175 bytes in 43 msecs (HTTP/1.1 200) 4 headers in 158 bytes (1 switches on core 0) [pid: 8|app: 0|req: 299/605] 10.0.0.29 () {32 vars in 646 bytes} [Wed Aug 12 01:27:41 2026] GET /v2.0/subnets => generated 1308 bytes in 30 msecs (HTTP/1.1 200) 4 headers in 158 bytes (1 switches on core 0) [pid: 7|app: 0|req: 307/606] 10.0.0.29 () {32 vars in 648 bytes} [Wed Aug 12 01:27:41 2026] GET /v2.0/networks => generated 2172 bytes in 47 msecs (HTTP/1.1 200) 4 headers in 158 bytes (1 switches on core 0) [pid: 8|app: 0|req: 300/607] 10.0.0.29 () {32 vars in 662 bytes} [Wed Aug 12 01:27:41 2026] GET /v2.0/security-groups => generated 17401 bytes in 38 msecs (HTTP/1.1 200) 4 headers in 159 bytes (1 switches on core 0) [pid: 7|app: 0|req: 308/608] 10.0.0.29 () {32 vars in 654 bytes} [Wed Aug 12 01:27:41 2026] GET /v2.0/subnetpools => generated 19 bytes in 9 msecs (HTTP/1.1 200) 4 headers in 156 bytes (1 switches on core 0)
2026-08-12 01:27:52.680 7 INFO neutron.db.ovn_revision_numbers_db [None req-e0ec9dec-2ee6-46fe-901a-c5a411d0f392 c6e6bb07a4f44649ae75509d009e0e1c 16e2ac5e21b6433aa53784255c3ce399 - - default default] Successfully bumped revision number for resource 5e771293-97ae-45b4-9cc3-57bd1f0254ec (type: security_groups) to 1
2026-08-12 01:27:52.692 7 INFO neutron.db.ovn_revision_numbers_db [None req-e0ec9dec-2ee6-46fe-901a-c5a411d0f392 c6e6bb07a4f44649ae75509d009e0e1c 16e2ac5e21b6433aa53784255c3ce399 - - default default] Successfully bumped revision number for resource 264db6bf-ba83-4109-8345-09e23b7d60e6 (type: security_group_rules) to 0
2026-08-12 01:27:52.708 7 INFO neutron.db.ovn_revision_numbers_db [None req-e0ec9dec-2ee6-46fe-901a-c5a411d0f392 c6e6bb07a4f44649ae75509d009e0e1c 16e2ac5e21b6433aa53784255c3ce399 - - default default] Successfully bumped revision number for resource 65403d83-f8c1-489c-b3ec-06c2328516ed (type: security_group_rules) to 0
2026-08-12 01:27:52.713 8 INFO neutron.db.ovn_revision_numbers_db [None req-3e5122c2-f4a6-4f7b-ae7b-0d5362761fb8 c6e6bb07a4f44649ae75509d009e0e1c 16e2ac5e21b6433aa53784255c3ce399 - - default default] Successfully bumped revision number for resource a1fa4454-561d-44dd-825a-c8b2397cd9ae (type: security_groups) to 1
2026-08-12 01:27:52.718 7 INFO neutron.db.ovn_revision_numbers_db [None req-e0ec9dec-2ee6-46fe-901a-c5a411d0f392 c6e6bb07a4f44649ae75509d009e0e1c 16e2ac5e21b6433aa53784255c3ce399 - - default default] Successfully bumped revision number for resource 7efaf02d-bc3c-4d51-9618-3838b6761a82 (type: security_group_rules) to 0
2026-08-12 01:27:52.725 8 INFO neutron.db.ovn_revision_numbers_db [None req-3e5122c2-f4a6-4f7b-ae7b-0d5362761fb8 c6e6bb07a4f44649ae75509d009e0e1c 16e2ac5e21b6433aa53784255c3ce399 - - default default] Successfully bumped revision number for resource 21b9f6ee-5d1a-48fe-930b-def6d52f5be5 (type: security_group_rules) to 0
2026-08-12 01:27:52.730 7 INFO neutron.db.ovn_revision_numbers_db [None req-e0ec9dec-2ee6-46fe-901a-c5a411d0f392 c6e6bb07a4f44649ae75509d009e0e1c 16e2ac5e21b6433aa53784255c3ce399 - - default default] Successfully bumped revision number for resource dec1c35c-a6cf-492d-a93a-22c59352f163 (type: security_group_rules) to 0
2026-08-12 01:27:52.736 8 INFO neutron.db.ovn_revision_numbers_db [None req-3e5122c2-f4a6-4f7b-ae7b-0d5362761fb8 c6e6bb07a4f44649ae75509d009e0e1c 16e2ac5e21b6433aa53784255c3ce399 - - default default] Successfully bumped revision number for resource 78f44a48-5423-4e36-89f2-4b836c78da96 (type: security_group_rules) to 0
2026-08-12 01:27:52.746 8 INFO neutron.db.ovn_revision_numbers_db [None req-3e5122c2-f4a6-4f7b-ae7b-0d5362761fb8 c6e6bb07a4f44649ae75509d009e0e1c 16e2ac5e21b6433aa53784255c3ce399 - - default default] Successfully bumped revision number for resource 9bff3f09-14a5-406c-b090-adaf310d256a (type: security_group_rules) to 0
2026-08-12 01:27:52.776 8 INFO neutron.db.ovn_revision_numbers_db [None req-3e5122c2-f4a6-4f7b-ae7b-0d5362761fb8 c6e6bb07a4f44649ae75509d009e0e1c 16e2ac5e21b6433aa53784255c3ce399 - - default default] Successfully bumped revision number for resource f0c6c597-3668-4463-ad9c-6437fa9eae08 (type: security_group_rules) to 0
2026-08-12 01:27:52.819 7 INFO neutron.db.segments_db [None req-e0ec9dec-2ee6-46fe-901a-c5a411d0f392 c6e6bb07a4f44649ae75509d009e0e1c 16e2ac5e21b6433aa53784255c3ce399 - - default default] Added segment 792e3e56-0d13-4334-a7ad-87f3929fd3ee of type geneve for network 532f69e7-e3e9-483c-9a7c-df96b5b2c954
2026-08-12 01:27:52.872 8 INFO neutron.db.segments_db [None req-3e5122c2-f4a6-4f7b-ae7b-0d5362761fb8 c6e6bb07a4f44649ae75509d009e0e1c 16e2ac5e21b6433aa53784255c3ce399 - - default default] Added segment d25f7f3c-1045-4525-9ded-bf478e977157 of type geneve for network 9cb1b364-81fb-4bc0-9d25-1907e636c373
2026-08-12 01:27:52.904 7 INFO neutron.db.ovn_revision_numbers_db [None req-e0ec9dec-2ee6-46fe-901a-c5a411d0f392 c6e6bb07a4f44649ae75509d009e0e1c 16e2ac5e21b6433aa53784255c3ce399 - - default default] Successfully bumped revision number for resource 532f69e7-e3e9-483c-9a7c-df96b5b2c954 (type: networks) to 1
2026-08-12 01:27:52.993 8 INFO neutron.db.ovn_revision_numbers_db [None req-3e5122c2-f4a6-4f7b-ae7b-0d5362761fb8 c6e6bb07a4f44649ae75509d009e0e1c 16e2ac5e21b6433aa53784255c3ce399 - - default default] Successfully bumped revision number for resource 9cb1b364-81fb-4bc0-9d25-1907e636c373 (type: networks) to 1
2026-08-12 01:27:53.046 7 WARNING neutron.scheduler.dhcp_agent_scheduler [None req-e0ec9dec-2ee6-46fe-901a-c5a411d0f392 c6e6bb07a4f44649ae75509d009e0e1c 16e2ac5e21b6433aa53784255c3ce399 - - default default] No more DHCP agents
2026-08-12 01:27:53.048 7 WARNING neutron.api.rpc.agentnotifiers.dhcp_rpc_agent_api [None req-e0ec9dec-2ee6-46fe-901a-c5a411d0f392 c6e6bb07a4f44649ae75509d009e0e1c 16e2ac5e21b6433aa53784255c3ce399 - - default default] Unable to schedule network 532f69e7-e3e9-483c-9a7c-df96b5b2c954: no agents available; will retry on subsequent port and subnet creation events.
2026-08-12 01:27:53.094 8 INFO neutron.plugins.ml2.drivers.ovn.mech_driver.mech_driver [None req-212ef1fc-1158-42cc-ad6f-082b5afcd425 - - - - - -] OVN reports status down for port: e117db39-6dd0-4685-a9ba-61590e51a583
2026-08-12 01:27:53.140 7 INFO neutron.db.ovn_revision_numbers_db [None req-e0ec9dec-2ee6-46fe-901a-c5a411d0f392 c6e6bb07a4f44649ae75509d009e0e1c 16e2ac5e21b6433aa53784255c3ce399 - - default default] Successfully bumped revision number for resource e117db39-6dd0-4685-a9ba-61590e51a583 (type: ports) to 1 [pid: 7|app: 0|req: 310/611] 10.0.0.29 () {34 vars in 670 bytes} [Wed Aug 12 01:27:52 2026] POST /v2.0/networks => generated 755 bytes in 711 msecs (HTTP/1.1 201) 4 headers in 162 bytes (1 switches on core 0)
2026-08-12 01:27:53.249 8 WARNING neutron.scheduler.dhcp_agent_scheduler [None req-3e5122c2-f4a6-4f7b-ae7b-0d5362761fb8 c6e6bb07a4f44649ae75509d009e0e1c 16e2ac5e21b6433aa53784255c3ce399 - - default default] No more DHCP agents
2026-08-12 01:27:53.251 8 WARNING neutron.api.rpc.agentnotifiers.dhcp_rpc_agent_api [None req-3e5122c2-f4a6-4f7b-ae7b-0d5362761fb8 c6e6bb07a4f44649ae75509d009e0e1c 16e2ac5e21b6433aa53784255c3ce399 - - default default] Unable to schedule network 9cb1b364-81fb-4bc0-9d25-1907e636c373: no agents available; will retry on subsequent port and subnet creation events.
2026-08-12 01:27:53.294 8 INFO neutron.plugins.ml2.drivers.ovn.mech_driver.mech_driver [None req-212ef1fc-1158-42cc-ad6f-082b5afcd425 - - - - - -] OVN reports status down for port: 64edc13d-8622-4d85-8a89-c3657606c22b
2026-08-12 01:27:53.343 8 INFO neutron.db.ovn_revision_numbers_db [None req-3e5122c2-f4a6-4f7b-ae7b-0d5362761fb8 c6e6bb07a4f44649ae75509d009e0e1c 16e2ac5e21b6433aa53784255c3ce399 - - default default] Successfully bumped revision number for resource 64edc13d-8622-4d85-8a89-c3657606c22b (type: ports) to 1 [pid: 8|app: 0|req: 302/612] 10.0.0.29 () {34 vars in 670 bytes} [Wed Aug 12 01:27:52 2026] POST /v2.0/networks => generated 750 bytes in 884 msecs (HTTP/1.1 201) 4 headers in 162 bytes (1 switches on core 0)
2026-08-12 01:27:53.471 7 INFO neutron.db.ovn_revision_numbers_db [None req-ceb5da1b-f599-42eb-b733-9790ceaff7cd c6e6bb07a4f44649ae75509d009e0e1c 16e2ac5e21b6433aa53784255c3ce399 - - default default] Successfully bumped revision number for resource 6f02c662-2c3a-4047-8a42-f84fdd988023 (type: security_groups) to 1
2026-08-12 01:27:53.488 7 INFO neutron.db.ovn_revision_numbers_db [None req-ceb5da1b-f599-42eb-b733-9790ceaff7cd c6e6bb07a4f44649ae75509d009e0e1c 16e2ac5e21b6433aa53784255c3ce399 - - default default] Successfully bumped revision number for resource 1eda239f-749d-456c-9643-03e25031ffb7 (type: security_group_rules) to 0
2026-08-12 01:27:53.500 7 INFO neutron.db.ovn_revision_numbers_db [None req-ceb5da1b-f599-42eb-b733-9790ceaff7cd c6e6bb07a4f44649ae75509d009e0e1c 16e2ac5e21b6433aa53784255c3ce399 - - default default] Successfully bumped revision number for resource 29175069-252d-4edf-937d-5eb3dca3e582 (type: security_group_rules) to 0
2026-08-12 01:27:53.513 7 INFO neutron.db.ovn_revision_numbers_db [None req-ceb5da1b-f599-42eb-b733-9790ceaff7cd c6e6bb07a4f44649ae75509d009e0e1c 16e2ac5e21b6433aa53784255c3ce399 - - default default] Successfully bumped revision number for resource e2e78e99-c58a-4f0e-9d0e-d1d1ef9b1b68 (type: security_group_rules) to 0
2026-08-12 01:27:53.518 8 WARNING neutron.scheduler.dhcp_agent_scheduler [None req-09433703-d3f2-4857-af94-2f5a09a88031 c6e6bb07a4f44649ae75509d009e0e1c 16e2ac5e21b6433aa53784255c3ce399 - - default default] No more DHCP agents
2026-08-12 01:27:53.519 8 WARNING neutron.api.rpc.agentnotifiers.dhcp_rpc_agent_api [None req-09433703-d3f2-4857-af94-2f5a09a88031 c6e6bb07a4f44649ae75509d009e0e1c 16e2ac5e21b6433aa53784255c3ce399 - - default default] Unable to schedule network 532f69e7-e3e9-483c-9a7c-df96b5b2c954: no agents available; will retry on subsequent port and subnet creation events.
2026-08-12 01:27:53.526 7 INFO neutron.db.ovn_revision_numbers_db [None req-ceb5da1b-f599-42eb-b733-9790ceaff7cd c6e6bb07a4f44649ae75509d009e0e1c 16e2ac5e21b6433aa53784255c3ce399 - - default default] Successfully bumped revision number for resource f5c3af27-1deb-41ac-b5a6-6dd8f44b1cc1 (type: security_group_rules) to 0
2026-08-12 01:27:53.602 7 INFO neutron.db.segments_db [None req-ceb5da1b-f599-42eb-b733-9790ceaff7cd c6e6bb07a4f44649ae75509d009e0e1c 16e2ac5e21b6433aa53784255c3ce399 - - default default] Added segment 4fda69e0-2489-4243-9f44-d52a112d7887 of type geneve for network f23c70d5-f43b-4193-bcfe-ce899011a68e
2026-08-12 01:27:53.720 7 INFO neutron.db.ovn_revision_numbers_db [None req-ceb5da1b-f599-42eb-b733-9790ceaff7cd c6e6bb07a4f44649ae75509d009e0e1c 16e2ac5e21b6433aa53784255c3ce399 - - default default] Successfully bumped revision number for resource f23c70d5-f43b-4193-bcfe-ce899011a68e (type: networks) to 1
2026-08-12 01:27:53.893 7 WARNING neutron.scheduler.dhcp_agent_scheduler [None req-ceb5da1b-f599-42eb-b733-9790ceaff7cd c6e6bb07a4f44649ae75509d009e0e1c 16e2ac5e21b6433aa53784255c3ce399 - - default default] No more DHCP agents
2026-08-12 01:27:53.894 7 WARNING neutron.api.rpc.agentnotifiers.dhcp_rpc_agent_api [None req-ceb5da1b-f599-42eb-b733-9790ceaff7cd c6e6bb07a4f44649ae75509d009e0e1c 16e2ac5e21b6433aa53784255c3ce399 - - default default] Unable to schedule network f23c70d5-f43b-4193-bcfe-ce899011a68e: no agents available; will retry on subsequent port and subnet creation events.
2026-08-12 01:27:53.932 7 INFO neutron.plugins.ml2.drivers.ovn.mech_driver.mech_driver [None req-231d819c-c75d-4606-babc-78e12d70659c - - - - - -] OVN reports status down for port: 00962b0b-85a9-4352-87f2-5406802158ab
2026-08-12 01:27:53.980 8 INFO neutron.db.ovn_revision_numbers_db [None req-93000506-5b51-4a49-8b06-fe81234522a0 - - - - - -] Successfully bumped revision number for resource e117db39-6dd0-4685-a9ba-61590e51a583 (type: ports) to 2
2026-08-12 01:27:54.000 7 INFO neutron.db.ovn_revision_numbers_db [None req-ceb5da1b-f599-42eb-b733-9790ceaff7cd c6e6bb07a4f44649ae75509d009e0e1c 16e2ac5e21b6433aa53784255c3ce399 - - default default] Successfully bumped revision number for resource 00962b0b-85a9-4352-87f2-5406802158ab (type: ports) to 1
2026-08-12 01:27:54.018 8 INFO neutron.db.ovn_revision_numbers_db [None req-93000506-5b51-4a49-8b06-fe81234522a0 - - - - - -] Successfully bumped revision number for resource 5f9fff5f-27c5-4d3a-a73d-fce59b998d32 (type: subnets) to 0 [pid: 8|app: 0|req: 303/613] 10.0.0.29 () {34 vars in 668 bytes} [Wed Aug 12 01:27:53 2026] POST /v2.0/subnets => generated 699 bytes in 652 msecs (HTTP/1.1 201) 4 headers in 162 bytes (1 switches on core 0) [pid: 7|app: 0|req: 311/614] 10.0.0.29 () {34 vars in 670 bytes} [Wed Aug 12 01:27:53 2026] POST /v2.0/networks => generated 747 bytes in 870 msecs (HTTP/1.1 201) 4 headers in 162 bytes (1 switches on core 0)
2026-08-12 01:27:54.192 8 WARNING neutron.scheduler.dhcp_agent_scheduler [None req-e0204eab-f1c5-42b2-bf1d-3ff8714d1d24 c6e6bb07a4f44649ae75509d009e0e1c 16e2ac5e21b6433aa53784255c3ce399 - - default default] No more DHCP agents
2026-08-12 01:27:54.193 8 WARNING neutron.api.rpc.agentnotifiers.dhcp_rpc_agent_api [None req-e0204eab-f1c5-42b2-bf1d-3ff8714d1d24 c6e6bb07a4f44649ae75509d009e0e1c 16e2ac5e21b6433aa53784255c3ce399 - - default default] Unable to schedule network 9cb1b364-81fb-4bc0-9d25-1907e636c373: no agents available; will retry on subsequent port and subnet creation events.
2026-08-12 01:27:54.197 7 INFO neutron.db.ovn_revision_numbers_db [None req-1346fb4e-2989-4506-8a75-d150ad8a2f5d c6e6bb07a4f44649ae75509d009e0e1c 16e2ac5e21b6433aa53784255c3ce399 - - default default] Successfully bumped revision number for resource 4abe10b3-cf6b-49db-8627-08e592d440da (type: security_groups) to 1
2026-08-12 01:27:54.208 7 INFO neutron.db.ovn_revision_numbers_db [None req-1346fb4e-2989-4506-8a75-d150ad8a2f5d c6e6bb07a4f44649ae75509d009e0e1c 16e2ac5e21b6433aa53784255c3ce399 - - default default] Successfully bumped revision number for resource 49f9f9e3-648d-4792-a9a6-882047ab1915 (type: security_group_rules) to 0
2026-08-12 01:27:54.219 7 INFO neutron.db.ovn_revision_numbers_db [None req-1346fb4e-2989-4506-8a75-d150ad8a2f5d c6e6bb07a4f44649ae75509d009e0e1c 16e2ac5e21b6433aa53784255c3ce399 - - default default] Successfully bumped revision number for resource 829af856-abd1-40fe-8808-2dd415a631b4 (type: security_group_rules) to 0
2026-08-12 01:27:54.230 7 INFO neutron.db.ovn_revision_numbers_db [None req-1346fb4e-2989-4506-8a75-d150ad8a2f5d c6e6bb07a4f44649ae75509d009e0e1c 16e2ac5e21b6433aa53784255c3ce399 - - default default] Successfully bumped revision number for resource ba3e9c8b-f6f2-4731-8e21-77c53719a2ab (type: security_group_rules) to 0
2026-08-12 01:27:54.243 7 INFO neutron.db.ovn_revision_numbers_db [None req-1346fb4e-2989-4506-8a75-d150ad8a2f5d c6e6bb07a4f44649ae75509d009e0e1c 16e2ac5e21b6433aa53784255c3ce399 - - default default] Successfully bumped revision number for resource f91e9e4c-6e0b-43c6-a83c-1c2450a58fb3 (type: security_group_rules) to 0 [pid: 7|app: 0|req: 312/615] 10.0.0.29 () {32 vars in 773 bytes} [Wed Aug 12 01:27:54 2026] GET /v2.0/security-groups?tenant_id=e55ec2cf9e454a31957a97d37ba0ef5e&name=default => generated 2921 bytes in 244 msecs (HTTP/1.1 200) 4 headers in 158 bytes (1 switches on core 0)
2026-08-12 01:27:54.535 8 INFO neutron.db.ovn_revision_numbers_db [None req-4101c763-47d0-4032-ae1f-ffcfe2f98fa9 - - - - - -] Successfully bumped revision number for resource 64edc13d-8622-4d85-8a89-c3657606c22b (type: ports) to 2
2026-08-12 01:27:54.562 8 INFO neutron.db.ovn_revision_numbers_db [None req-4101c763-47d0-4032-ae1f-ffcfe2f98fa9 - - - - - -] Successfully bumped revision number for resource fc3d0c60-832b-4340-a9a4-171dc38643fb (type: subnets) to 0 [pid: 8|app: 0|req: 304/616] 10.0.0.29 () {34 vars in 668 bytes} [Wed Aug 12 01:27:54 2026] POST /v2.0/subnets => generated 696 bytes in 540 msecs (HTTP/1.1 201) 4 headers in 162 bytes (1 switches on core 0)
2026-08-12 01:27:54.696 8 WARNING neutron.scheduler.dhcp_agent_scheduler [None req-95186689-f634-4f46-a12d-de20732639a6 c6e6bb07a4f44649ae75509d009e0e1c 16e2ac5e21b6433aa53784255c3ce399 - - default default] No more DHCP agents
2026-08-12 01:27:54.697 8 WARNING neutron.api.rpc.agentnotifiers.dhcp_rpc_agent_api [None req-95186689-f634-4f46-a12d-de20732639a6 c6e6bb07a4f44649ae75509d009e0e1c 16e2ac5e21b6433aa53784255c3ce399 - - default default] Unable to schedule network f23c70d5-f43b-4193-bcfe-ce899011a68e: no agents available; will retry on subsequent port and subnet creation events.
2026-08-12 01:27:55.001 7 WARNING neutron.scheduler.dhcp_agent_scheduler [None req-f294f69c-d0a8-47b7-a76d-da1cfdf03c74 c6e6bb07a4f44649ae75509d009e0e1c 16e2ac5e21b6433aa53784255c3ce399 - - default default] No more DHCP agents
2026-08-12 01:27:55.002 7 WARNING neutron.api.rpc.agentnotifiers.dhcp_rpc_agent_api [None req-f294f69c-d0a8-47b7-a76d-da1cfdf03c74 c6e6bb07a4f44649ae75509d009e0e1c 16e2ac5e21b6433aa53784255c3ce399 - - default default] Unable to schedule network 7a0fe9b4-0009-42e4-890d-029d5d22801e: no agents available; will retry on subsequent port and subnet creation events.
2026-08-12 01:27:55.104 8 INFO neutron.plugins.ml2.drivers.ovn.mech_driver.mech_driver [None req-212ef1fc-1158-42cc-ad6f-082b5afcd425 - - - - - -] OVN reports status down for port: 1dcb8808-b5f8-45af-81ae-7f4d0e00a3de
2026-08-12 01:27:55.144 7 INFO neutron.db.ovn_revision_numbers_db [None req-f294f69c-d0a8-47b7-a76d-da1cfdf03c74 c6e6bb07a4f44649ae75509d009e0e1c 16e2ac5e21b6433aa53784255c3ce399 - - default default] Successfully bumped revision number for resource 1dcb8808-b5f8-45af-81ae-7f4d0e00a3de (type: ports) to 1
2026-08-12 01:27:55.151 8 INFO neutron.db.ovn_revision_numbers_db [None req-4200d795-1ca5-4482-b213-c58062b894dc - - - - - -] Successfully bumped revision number for resource 00962b0b-85a9-4352-87f2-5406802158ab (type: ports) to 2
2026-08-12 01:27:55.222 8 INFO neutron.db.ovn_revision_numbers_db [None req-4200d795-1ca5-4482-b213-c58062b894dc - - - - - -] Successfully bumped revision number for resource ad671af1-d61e-4110-b62d-84a951681868 (type: subnets) to 0 [pid: 8|app: 0|req: 305/617] 10.0.0.29 () {34 vars in 668 bytes} [Wed Aug 12 01:27:54 2026] POST /v2.0/subnets => generated 691 bytes in 664 msecs (HTTP/1.1 201) 4 headers in 162 bytes (1 switches on core 0)
2026-08-12 01:27:55.411 7 INFO neutron.plugins.ml2.drivers.ovn.mech_driver.ovsdb.extensions.qos [None req-f294f69c-d0a8-47b7-a76d-da1cfdf03c74 c6e6bb07a4f44649ae75509d009e0e1c 16e2ac5e21b6433aa53784255c3ce399 - - default default] Starting OVNClientQosExtension [pid: 8|app: 0|req: 306/618] 10.0.0.29 () {32 vars in 739 bytes} [Wed Aug 12 01:27:55 2026] DELETE /v2.0/security-groups/4abe10b3-cf6b-49db-8627-08e592d440da => generated 0 bytes in 209 msecs (HTTP/1.1 204) 2 headers in 112 bytes (1 switches on core 0)
2026-08-12 01:27:55.495 7 WARNING oslo_config.cfg [None req-f294f69c-d0a8-47b7-a76d-da1cfdf03c74 c6e6bb07a4f44649ae75509d009e0e1c 16e2ac5e21b6433aa53784255c3ce399 - - default default] Deprecated: Option "ovn_emit_need_to_frag" from group "ovn" is deprecated for removal (The option is useful only on very old Linux kernels (version < 5.2).). Its value may be silently ignored in the future.
2026-08-12 01:27:55.776 7 INFO neutron.plugins.ml2.drivers.ovn.mech_driver.ovsdb.commands [None req-693b7659-b3fa-49c6-b614-baa4d7d4e277 - - - - - -] Schedule LRP lrp-1dcb8808-b5f8-45af-81ae-7f4d0e00a3de on gateway dba6ab6c-94fb-40bf-a378-e588e531bfe4 with priority 1
2026-08-12 01:27:55.805 8 INFO neutron.plugins.ml2.drivers.ovn.mech_driver.mech_driver [None req-212ef1fc-1158-42cc-ad6f-082b5afcd425 - - - - - -] OVN reports status up for port: 1dcb8808-b5f8-45af-81ae-7f4d0e00a3de
2026-08-12 01:27:55.827 7 INFO neutron.db.ovn_revision_numbers_db [None req-f294f69c-d0a8-47b7-a76d-da1cfdf03c74 c6e6bb07a4f44649ae75509d009e0e1c 16e2ac5e21b6433aa53784255c3ce399 - - default default] Successfully bumped revision number for resource 1dcb8808-b5f8-45af-81ae-7f4d0e00a3de (type: router_ports) to 1
2026-08-12 01:27:55.829 7 INFO neutron.plugins.ml2.drivers.ovn.mech_driver.ovsdb.ovsdb_monitor [-] Router 525713ab-a948-47f1-bc14-b7f28dbc94b7 is bound to host instance
2026-08-12 01:27:55.843 8 INFO neutron.plugins.ml2.plugin [None req-212ef1fc-1158-42cc-ad6f-082b5afcd425 - - - - - -] Attempt 1 to provision port 1dcb8808-b5f8-45af-81ae-7f4d0e00a3de
2026-08-12 01:27:55.970 7 INFO neutron.db.ovn_revision_numbers_db [None req-f294f69c-d0a8-47b7-a76d-da1cfdf03c74 c6e6bb07a4f44649ae75509d009e0e1c 16e2ac5e21b6433aa53784255c3ce399 - - default default] Successfully bumped revision number for resource 525713ab-a948-47f1-bc14-b7f28dbc94b7 (type: routers) to 2 [pid: 7|app: 0|req: 313/619] 10.0.0.29 () {34 vars in 668 bytes} [Wed Aug 12 01:27:54 2026] POST /v2.0/routers => generated 977 bytes in 1732 msecs (HTTP/1.1 201) 4 headers in 162 bytes (1 switches on core 0)
2026-08-12 01:27:56.029 8 WARNING neutron.scheduler.dhcp_agent_scheduler [None req-a9e5f735-ad5b-4367-9e28-9b438ba878a3 c6e6bb07a4f44649ae75509d009e0e1c 16e2ac5e21b6433aa53784255c3ce399 - - default default] No more DHCP agents
2026-08-12 01:27:56.030 8 WARNING neutron.api.rpc.agentnotifiers.dhcp_rpc_agent_api [None req-a9e5f735-ad5b-4367-9e28-9b438ba878a3 c6e6bb07a4f44649ae75509d009e0e1c 16e2ac5e21b6433aa53784255c3ce399 - - default default] Unable to schedule network 7a0fe9b4-0009-42e4-890d-029d5d22801e: no agents available; will retry on subsequent port and subnet creation events.
2026-08-12 01:27:56.125 7 INFO neutron.plugins.ml2.drivers.ovn.mech_driver.mech_driver [None req-231d819c-c75d-4606-babc-78e12d70659c - - - - - -] OVN reports status down for port: 6444a09b-d94d-4a06-8071-784b946fbfc1
2026-08-12 01:27:56.139 8 INFO neutron.db.ovn_revision_numbers_db [None req-a9e5f735-ad5b-4367-9e28-9b438ba878a3 c6e6bb07a4f44649ae75509d009e0e1c 16e2ac5e21b6433aa53784255c3ce399 - - default default] Successfully bumped revision number for resource 6444a09b-d94d-4a06-8071-784b946fbfc1 (type: ports) to 1
2026-08-12 01:27:56.419 8 INFO neutron.plugins.ml2.drivers.ovn.mech_driver.ovsdb.extensions.qos [None req-a9e5f735-ad5b-4367-9e28-9b438ba878a3 c6e6bb07a4f44649ae75509d009e0e1c 16e2ac5e21b6433aa53784255c3ce399 - - default default] Starting OVNClientQosExtension
2026-08-12 01:27:56.518 8 WARNING oslo_config.cfg [None req-a9e5f735-ad5b-4367-9e28-9b438ba878a3 c6e6bb07a4f44649ae75509d009e0e1c 16e2ac5e21b6433aa53784255c3ce399 - - default default] Deprecated: Option "ovn_emit_need_to_frag" from group "ovn" is deprecated for removal (The option is useful only on very old Linux kernels (version < 5.2).). Its value may be silently ignored in the future.
2026-08-12 01:27:56.771 8 INFO neutron.plugins.ml2.drivers.ovn.mech_driver.ovsdb.commands [None req-109f7ff0-caa5-4d8c-9f3d-815b2b14d1b8 - - - - - -] Schedule LRP lrp-6444a09b-d94d-4a06-8071-784b946fbfc1 on gateway dba6ab6c-94fb-40bf-a378-e588e531bfe4 with priority 1
2026-08-12 01:27:56.805 7 INFO neutron.plugins.ml2.drivers.ovn.mech_driver.mech_driver [None req-231d819c-c75d-4606-babc-78e12d70659c - - - - - -] OVN reports status up for port: 6444a09b-d94d-4a06-8071-784b946fbfc1
2026-08-12 01:27:56.826 8 INFO neutron.plugins.ml2.drivers.ovn.mech_driver.ovsdb.ovsdb_monitor [-] Router e2de4704-4703-471d-a947-306fe630e8c7 is bound to host instance
2026-08-12 01:27:56.839 8 INFO neutron.db.ovn_revision_numbers_db [None req-a9e5f735-ad5b-4367-9e28-9b438ba878a3 c6e6bb07a4f44649ae75509d009e0e1c 16e2ac5e21b6433aa53784255c3ce399 - - default default] Successfully bumped revision number for resource 6444a09b-d94d-4a06-8071-784b946fbfc1 (type: router_ports) to 1
2026-08-12 01:27:56.891 7 INFO neutron.plugins.ml2.plugin [None req-231d819c-c75d-4606-babc-78e12d70659c - - - - - -] Attempt 1 to provision port 6444a09b-d94d-4a06-8071-784b946fbfc1
2026-08-12 01:27:56.988 8 INFO neutron.db.ovn_revision_numbers_db [None req-a9e5f735-ad5b-4367-9e28-9b438ba878a3 c6e6bb07a4f44649ae75509d009e0e1c 16e2ac5e21b6433aa53784255c3ce399 - - default default] Successfully bumped revision number for resource e2de4704-4703-471d-a947-306fe630e8c7 (type: routers) to 2 [pid: 8|app: 0|req: 307/620] 10.0.0.29 () {34 vars in 668 bytes} [Wed Aug 12 01:27:55 2026] POST /v2.0/routers => generated 974 bytes in 1566 msecs (HTTP/1.1 201) 4 headers in 162 bytes (1 switches on core 0)
2026-08-12 01:27:57.131 7 WARNING neutron.scheduler.dhcp_agent_scheduler [None req-8a90ed1d-584c-4232-b0d6-d71337653b55 c6e6bb07a4f44649ae75509d009e0e1c 16e2ac5e21b6433aa53784255c3ce399 - - default default] No more DHCP agents
2026-08-12 01:27:57.135 7 WARNING neutron.api.rpc.agentnotifiers.dhcp_rpc_agent_api [None req-8a90ed1d-584c-4232-b0d6-d71337653b55 c6e6bb07a4f44649ae75509d009e0e1c 16e2ac5e21b6433aa53784255c3ce399 - - default default] Unable to schedule network 7a0fe9b4-0009-42e4-890d-029d5d22801e: no agents available; will retry on subsequent port and subnet creation events.
2026-08-12 01:27:57.381 7 INFO neutron.db.ovn_revision_numbers_db [None req-8a90ed1d-584c-4232-b0d6-d71337653b55 c6e6bb07a4f44649ae75509d009e0e1c 16e2ac5e21b6433aa53784255c3ce399 - - default default] Successfully bumped revision number for resource 1d7bdba7-8f08-489d-87c7-f4b6d755cf85 (type: ports) to 1
2026-08-12 01:27:57.669 7 INFO neutron.db.ovn_revision_numbers_db [None req-dd8c458e-2665-4be3-9e3e-43b8d2a29a93 - - - - - -] Successfully bumped revision number for resource 1dcb8808-b5f8-45af-81ae-7f4d0e00a3de (type: ports) to 4
2026-08-12 01:27:57.941 8 WARNING neutron.scheduler.dhcp_agent_scheduler [None req-0fb2b0d1-d4a8-487e-a7b6-441c1e4622de c6e6bb07a4f44649ae75509d009e0e1c 16e2ac5e21b6433aa53784255c3ce399 - - default default] No more DHCP agents
2026-08-12 01:27:57.949 8 WARNING neutron.api.rpc.agentnotifiers.dhcp_rpc_agent_api [None req-0fb2b0d1-d4a8-487e-a7b6-441c1e4622de c6e6bb07a4f44649ae75509d009e0e1c 16e2ac5e21b6433aa53784255c3ce399 - - default default] Unable to schedule network 532f69e7-e3e9-483c-9a7c-df96b5b2c954: no agents available; will retry on subsequent port and subnet creation events.
2026-08-12 01:27:58.189 8 INFO neutron.db.ovn_revision_numbers_db [None req-0fb2b0d1-d4a8-487e-a7b6-441c1e4622de c6e6bb07a4f44649ae75509d009e0e1c 16e2ac5e21b6433aa53784255c3ce399 - - default default] Successfully bumped revision number for resource 0e72d69f-b8dc-4ff6-aad8-7b74eec832b0 (type: ports) to 1
2026-08-12 01:27:58.273 7 INFO neutron.db.ovn_revision_numbers_db [None req-dd8c458e-2665-4be3-9e3e-43b8d2a29a93 - - - - - -] Successfully bumped revision number for resource 1dcb8808-b5f8-45af-81ae-7f4d0e00a3de (type: ports) to 5
2026-08-12 01:27:58.488 7 INFO neutron.plugins.ml2.drivers.ovn.mech_driver.ovsdb.commands [None req-693b7659-b3fa-49c6-b614-baa4d7d4e277 - - - - - -] Schedule LRP lrp-1d7bdba7-8f08-489d-87c7-f4b6d755cf85 on gateway dba6ab6c-94fb-40bf-a378-e588e531bfe4 with priority 1
2026-08-12 01:27:58.548 7 INFO neutron.plugins.ml2.drivers.ovn.mech_driver.ovsdb.ovsdb_monitor [None req-dd8c458e-2665-4be3-9e3e-43b8d2a29a93 - - - - - -] Router 91e3786e-6974-4986-90ba-741a325aa02e is bound to host instance
2026-08-12 01:27:58.552 7 INFO neutron.db.ovn_revision_numbers_db [None req-8a90ed1d-584c-4232-b0d6-d71337653b55 c6e6bb07a4f44649ae75509d009e0e1c 16e2ac5e21b6433aa53784255c3ce399 - - default default] Successfully bumped revision number for resource 1d7bdba7-8f08-489d-87c7-f4b6d755cf85 (type: router_ports) to 1
2026-08-12 01:27:58.622 8 INFO neutron.db.ovn_revision_numbers_db [None req-1a286053-c21f-4a0e-9ce1-47e4404e534e - - - - - -] Successfully bumped revision number for resource 6444a09b-d94d-4a06-8071-784b946fbfc1 (type: ports) to 4
2026-08-12 01:27:58.693 7 INFO neutron.db.ovn_revision_numbers_db [None req-8a90ed1d-584c-4232-b0d6-d71337653b55 c6e6bb07a4f44649ae75509d009e0e1c 16e2ac5e21b6433aa53784255c3ce399 - - default default] Successfully bumped revision number for resource 91e3786e-6974-4986-90ba-741a325aa02e (type: routers) to 2
2026-08-12 01:27:58.742 8 INFO neutron.plugins.ml2.drivers.ovn.mech_driver.mech_driver [None req-212ef1fc-1158-42cc-ad6f-082b5afcd425 - - - - - -] OVN reports status down for port: 1d7bdba7-8f08-489d-87c7-f4b6d755cf85 [pid: 7|app: 0|req: 314/621] 10.0.0.29 () {34 vars in 668 bytes} [Wed Aug 12 01:27:56 2026] POST /v2.0/routers => generated 969 bytes in 2740 msecs (HTTP/1.1 201) 4 headers in 162 bytes (1 switches on core 0)
2026-08-12 01:27:59.027 8 WARNING neutron.plugins.ml2.drivers.ovn.mech_driver.ovsdb.ovn_client [None req-212ef1fc-1158-42cc-ad6f-082b5afcd425 - - - - - -] Logical_Switch_Port 1d7bdba7-8f08-489d-87c7-f4b6d755cf85 host information not removed, the port state is up
2026-08-12 01:27:59.028 8 INFO neutron.plugins.ml2.drivers.ovn.mech_driver.mech_driver [None req-212ef1fc-1158-42cc-ad6f-082b5afcd425 - - - - - -] OVN reports status down for port: 0e72d69f-b8dc-4ff6-aad8-7b74eec832b0 [pid: 7|app: 0|req: 315/622] 10.0.0.240 () {28 vars in 583 bytes} [Wed Aug 12 01:27:58 2026] GET /v2.0/routers => generated 2921 bytes in 298 msecs (HTTP/1.1 200) 4 headers in 158 bytes (1 switches on core 0)
2026-08-12 01:27:59.232 8 INFO neutron.plugins.ml2.drivers.ovn.mech_driver.mech_driver [None req-212ef1fc-1158-42cc-ad6f-082b5afcd425 - - - - - -] OVN reports status up for port: 1d7bdba7-8f08-489d-87c7-f4b6d755cf85
2026-08-12 01:27:59.258 8 INFO neutron.plugins.ml2.plugin [None req-212ef1fc-1158-42cc-ad6f-082b5afcd425 - - - - - -] Attempt 1 to provision port 1d7bdba7-8f08-489d-87c7-f4b6d755cf85
2026-08-12 01:27:59.381 7 INFO neutron.db.ovn_revision_numbers_db [None req-00812b0b-e81c-4506-af3b-56206b5e3d65 c6e6bb07a4f44649ae75509d009e0e1c 16e2ac5e21b6433aa53784255c3ce399 - - default default] Successfully bumped revision number for resource 31f8430d-57c2-493f-88ce-acf4bdfa7014 (type: security_groups) to 1
2026-08-12 01:27:59.412 7 INFO neutron.db.ovn_revision_numbers_db [None req-00812b0b-e81c-4506-af3b-56206b5e3d65 c6e6bb07a4f44649ae75509d009e0e1c 16e2ac5e21b6433aa53784255c3ce399 - - default default] Successfully bumped revision number for resource 1e91af83-3716-4689-91b9-cb0f0eaf305d (type: security_group_rules) to 0
2026-08-12 01:27:59.443 7 INFO neutron.db.ovn_revision_numbers_db [None req-00812b0b-e81c-4506-af3b-56206b5e3d65 c6e6bb07a4f44649ae75509d009e0e1c 16e2ac5e21b6433aa53784255c3ce399 - - default default] Successfully bumped revision number for resource 30e92649-2869-4c66-99ad-2218cfffa3e1 (type: security_group_rules) to 0
2026-08-12 01:27:59.459 7 INFO neutron.db.ovn_revision_numbers_db [None req-00812b0b-e81c-4506-af3b-56206b5e3d65 c6e6bb07a4f44649ae75509d009e0e1c 16e2ac5e21b6433aa53784255c3ce399 - - default default] Successfully bumped revision number for resource 5fe42644-ad89-421f-93e2-e99760f8a49a (type: security_group_rules) to 0
2026-08-12 01:27:59.476 7 INFO neutron.db.ovn_revision_numbers_db [None req-00812b0b-e81c-4506-af3b-56206b5e3d65 c6e6bb07a4f44649ae75509d009e0e1c 16e2ac5e21b6433aa53784255c3ce399 - - default default] Successfully bumped revision number for resource c0cf2349-431e-4fe4-ae8e-235b72f90193 (type: security_group_rules) to 0
2026-08-12 01:27:59.571 7 INFO neutron.db.segments_db [None req-00812b0b-e81c-4506-af3b-56206b5e3d65 c6e6bb07a4f44649ae75509d009e0e1c 16e2ac5e21b6433aa53784255c3ce399 - - default default] Added segment 027c3f6a-7606-478d-9a43-34724db81cf6 of type geneve for network 32060b45-c2d2-410f-bc7c-873b3cff7e2a
2026-08-12 01:27:59.626 8 INFO neutron.db.ovn_revision_numbers_db [None req-1a286053-c21f-4a0e-9ce1-47e4404e534e - - - - - -] Successfully bumped revision number for resource 6444a09b-d94d-4a06-8071-784b946fbfc1 (type: ports) to 5
2026-08-12 01:27:59.758 7 INFO neutron.db.ovn_revision_numbers_db [None req-00812b0b-e81c-4506-af3b-56206b5e3d65 c6e6bb07a4f44649ae75509d009e0e1c 16e2ac5e21b6433aa53784255c3ce399 - - default default] Successfully bumped revision number for resource 32060b45-c2d2-410f-bc7c-873b3cff7e2a (type: networks) to 1
2026-08-12 01:27:59.762 7 INFO neutron.db.ovn_revision_numbers_db [None req-3f1c52c9-b549-4558-8fee-d3d8428fad58 - - - - - -] Successfully bumped revision number for resource 1d7bdba7-8f08-489d-87c7-f4b6d755cf85 (type: ports) to 4
2026-08-12 01:27:59.856 8 INFO neutron.plugins.ml2.drivers.ovn.mech_driver.mech_driver [None req-212ef1fc-1158-42cc-ad6f-082b5afcd425 - - - - - -] OVN reports status up for port: 0e72d69f-b8dc-4ff6-aad8-7b74eec832b0
2026-08-12 01:27:59.887 8 INFO neutron.plugins.ml2.plugin [None req-212ef1fc-1158-42cc-ad6f-082b5afcd425 - - - - - -] Attempt 1 to provision port 0e72d69f-b8dc-4ff6-aad8-7b74eec832b0
2026-08-12 01:27:59.979 8 WARNING neutron.scheduler.dhcp_agent_scheduler [None req-0fb2b0d1-d4a8-487e-a7b6-441c1e4622de c6e6bb07a4f44649ae75509d009e0e1c 16e2ac5e21b6433aa53784255c3ce399 - - default default] No more DHCP agents
2026-08-12 01:27:59.982 8 WARNING neutron.api.rpc.agentnotifiers.dhcp_rpc_agent_api [None req-0fb2b0d1-d4a8-487e-a7b6-441c1e4622de c6e6bb07a4f44649ae75509d009e0e1c 16e2ac5e21b6433aa53784255c3ce399 - - default default] Unable to schedule network 532f69e7-e3e9-483c-9a7c-df96b5b2c954: no agents available; will retry on subsequent port and subnet creation events.
2026-08-12 01:28:00.330 7 WARNING neutron.scheduler.dhcp_agent_scheduler [None req-00812b0b-e81c-4506-af3b-56206b5e3d65 c6e6bb07a4f44649ae75509d009e0e1c 16e2ac5e21b6433aa53784255c3ce399 - - default default] No more DHCP agents
2026-08-12 01:28:00.334 7 WARNING neutron.api.rpc.agentnotifiers.dhcp_rpc_agent_api [None req-00812b0b-e81c-4506-af3b-56206b5e3d65 c6e6bb07a4f44649ae75509d009e0e1c 16e2ac5e21b6433aa53784255c3ce399 - - default default] Unable to schedule network 32060b45-c2d2-410f-bc7c-873b3cff7e2a: no agents available; will retry on subsequent port and subnet creation events.
2026-08-12 01:28:00.398 7 INFO neutron.plugins.ml2.drivers.ovn.mech_driver.mech_driver [None req-231d819c-c75d-4606-babc-78e12d70659c - - - - - -] OVN reports status down for port: 392b605c-5845-4b0d-b9ae-704b763e60a9
2026-08-12 01:28:00.511 7 INFO neutron.db.ovn_revision_numbers_db [None req-00812b0b-e81c-4506-af3b-56206b5e3d65 c6e6bb07a4f44649ae75509d009e0e1c 16e2ac5e21b6433aa53784255c3ce399 - - default default] Successfully bumped revision number for resource 392b605c-5845-4b0d-b9ae-704b763e60a9 (type: ports) to 1
2026-08-12 01:28:00.529 8 INFO neutron.db.ovn_revision_numbers_db [None req-212ef1fc-1158-42cc-ad6f-082b5afcd425 - - - - - -] Successfully bumped revision number for resource 0e72d69f-b8dc-4ff6-aad8-7b74eec832b0 (type: ports) to 2 [pid: 7|app: 0|req: 316/623] 10.0.0.29 () {34 vars in 670 bytes} [Wed Aug 12 01:27:59 2026] POST /v2.0/networks => generated 751 bytes in 1547 msecs (HTTP/1.1 201) 4 headers in 162 bytes (1 switches on core 0)
2026-08-12 01:28:00.659 7 INFO neutron.db.ovn_revision_numbers_db [None req-3f1c52c9-b549-4558-8fee-d3d8428fad58 - - - - - -] Successfully bumped revision number for resource 1d7bdba7-8f08-489d-87c7-f4b6d755cf85 (type: ports) to 5
2026-08-12 01:28:00.811 8 INFO neutron.db.ovn_revision_numbers_db [None req-0fb2b0d1-d4a8-487e-a7b6-441c1e4622de c6e6bb07a4f44649ae75509d009e0e1c 16e2ac5e21b6433aa53784255c3ce399 - - default default] Successfully bumped revision number for resource 0e72d69f-b8dc-4ff6-aad8-7b74eec832b0 (type: router_ports) to 1 [pid: 8|app: 0|req: 308/624] 10.0.0.29 () {34 vars in 782 bytes} [Wed Aug 12 01:27:57 2026] PUT /v2.0/routers/525713ab-a948-47f1-bc14-b7f28dbc94b7/add_router_interface => generated 309 bytes in 3805 msecs (HTTP/1.1 200) 4 headers in 157 bytes (1 switches on core 0)
2026-08-12 01:28:00.921 8 INFO neutron.db.ovn_revision_numbers_db [None req-7cb65eec-1f32-4d4a-8112-a6a5b0b90c04 - - - - - -] Successfully bumped revision number for resource 0e72d69f-b8dc-4ff6-aad8-7b74eec832b0 (type: router_ports) to 2
2026-08-12 01:28:01.164 7 WARNING neutron.scheduler.dhcp_agent_scheduler [None req-b4d18cf0-4ea3-49ed-b91d-4f8388e2fd3e c6e6bb07a4f44649ae75509d009e0e1c 16e2ac5e21b6433aa53784255c3ce399 - - default default] No more DHCP agents
2026-08-12 01:28:01.165 7 WARNING neutron.api.rpc.agentnotifiers.dhcp_rpc_agent_api [None req-b4d18cf0-4ea3-49ed-b91d-4f8388e2fd3e c6e6bb07a4f44649ae75509d009e0e1c 16e2ac5e21b6433aa53784255c3ce399 - - default default] Unable to schedule network 9cb1b364-81fb-4bc0-9d25-1907e636c373: no agents available; will retry on subsequent port and subnet creation events.
2026-08-12 01:28:01.262 8 INFO neutron.plugins.ml2.drivers.ovn.mech_driver.mech_driver [None req-7cb65eec-1f32-4d4a-8112-a6a5b0b90c04 - - - - - -] OVN reports status down for port: fc61277d-533d-4e2d-a440-be68a6509691
2026-08-12 01:28:01.292 7 INFO neutron.db.ovn_revision_numbers_db [None req-b4d18cf0-4ea3-49ed-b91d-4f8388e2fd3e c6e6bb07a4f44649ae75509d009e0e1c 16e2ac5e21b6433aa53784255c3ce399 - - default default] Successfully bumped revision number for resource fc61277d-533d-4e2d-a440-be68a6509691 (type: ports) to 1
2026-08-12 01:28:01.363 8 WARNING neutron.scheduler.dhcp_agent_scheduler [None req-f6512018-68d3-4dee-b599-c1dedff32ba4 c6e6bb07a4f44649ae75509d009e0e1c 16e2ac5e21b6433aa53784255c3ce399 - - default default] No more DHCP agents
2026-08-12 01:28:01.365 8 WARNING neutron.api.rpc.agentnotifiers.dhcp_rpc_agent_api [None req-f6512018-68d3-4dee-b599-c1dedff32ba4 c6e6bb07a4f44649ae75509d009e0e1c 16e2ac5e21b6433aa53784255c3ce399 - - default default] Unable to schedule network f23c70d5-f43b-4193-bcfe-ce899011a68e: no agents available; will retry on subsequent port and subnet creation events.
2026-08-12 01:28:01.467 7 INFO neutron.plugins.ml2.drivers.ovn.mech_driver.mech_driver [None req-231d819c-c75d-4606-babc-78e12d70659c - - - - - -] OVN reports status down for port: a197a131-513a-4f99-8c01-3f13b0809db2
2026-08-12 01:28:01.485 8 INFO neutron.db.ovn_revision_numbers_db [None req-f6512018-68d3-4dee-b599-c1dedff32ba4 c6e6bb07a4f44649ae75509d009e0e1c 16e2ac5e21b6433aa53784255c3ce399 - - default default] Successfully bumped revision number for resource a197a131-513a-4f99-8c01-3f13b0809db2 (type: ports) to 1
2026-08-12 01:28:01.898 8 INFO neutron.plugins.ml2.drivers.ovn.mech_driver.mech_driver [None req-7cb65eec-1f32-4d4a-8112-a6a5b0b90c04 - - - - - -] OVN reports status up for port: fc61277d-533d-4e2d-a440-be68a6509691
2026-08-12 01:28:01.927 8 INFO neutron.plugins.ml2.plugin [None req-7cb65eec-1f32-4d4a-8112-a6a5b0b90c04 - - - - - -] Attempt 1 to provision port fc61277d-533d-4e2d-a440-be68a6509691
2026-08-12 01:28:01.969 7 WARNING neutron.scheduler.dhcp_agent_scheduler [None req-b4d18cf0-4ea3-49ed-b91d-4f8388e2fd3e c6e6bb07a4f44649ae75509d009e0e1c 16e2ac5e21b6433aa53784255c3ce399 - - default default] No more DHCP agents
2026-08-12 01:28:01.970 7 WARNING neutron.api.rpc.agentnotifiers.dhcp_rpc_agent_api [None req-b4d18cf0-4ea3-49ed-b91d-4f8388e2fd3e c6e6bb07a4f44649ae75509d009e0e1c 16e2ac5e21b6433aa53784255c3ce399 - - default default] Unable to schedule network 9cb1b364-81fb-4bc0-9d25-1907e636c373: no agents available; will retry on subsequent port and subnet creation events.
2026-08-12 01:28:02.054 7 INFO neutron.plugins.ml2.drivers.ovn.mech_driver.mech_driver [None req-231d819c-c75d-4606-babc-78e12d70659c - - - - - -] OVN reports status up for port: a197a131-513a-4f99-8c01-3f13b0809db2
2026-08-12 01:28:02.083 7 INFO neutron.plugins.ml2.plugin [None req-231d819c-c75d-4606-babc-78e12d70659c - - - - - -] Attempt 1 to provision port a197a131-513a-4f99-8c01-3f13b0809db2
2026-08-12 01:28:02.236 8 WARNING neutron.scheduler.dhcp_agent_scheduler [None req-f6512018-68d3-4dee-b599-c1dedff32ba4 c6e6bb07a4f44649ae75509d009e0e1c 16e2ac5e21b6433aa53784255c3ce399 - - default default] No more DHCP agents
2026-08-12 01:28:02.238 8 WARNING neutron.api.rpc.agentnotifiers.dhcp_rpc_agent_api [None req-f6512018-68d3-4dee-b599-c1dedff32ba4 c6e6bb07a4f44649ae75509d009e0e1c 16e2ac5e21b6433aa53784255c3ce399 - - default default] Unable to schedule network f23c70d5-f43b-4193-bcfe-ce899011a68e: no agents available; will retry on subsequent port and subnet creation events.
2026-08-12 01:28:02.573 8 INFO neutron.db.ovn_revision_numbers_db [None req-7cb65eec-1f32-4d4a-8112-a6a5b0b90c04 - - - - - -] Successfully bumped revision number for resource fc61277d-533d-4e2d-a440-be68a6509691 (type: ports) to 2
2026-08-12 01:28:02.702 7 INFO neutron.db.ovn_revision_numbers_db [None req-b4d18cf0-4ea3-49ed-b91d-4f8388e2fd3e c6e6bb07a4f44649ae75509d009e0e1c 16e2ac5e21b6433aa53784255c3ce399 - - default default] Successfully bumped revision number for resource fc61277d-533d-4e2d-a440-be68a6509691 (type: router_ports) to 1 [pid: 7|app: 0|req: 317/625] 10.0.0.29 () {34 vars in 782 bytes} [Wed Aug 12 01:28:00 2026] PUT /v2.0/routers/e2de4704-4703-471d-a947-306fe630e8c7/add_router_interface => generated 309 bytes in 2112 msecs (HTTP/1.1 200) 4 headers in 157 bytes (1 switches on core 0) [pid: 7|app: 0|req: 318/626] 10.0.0.240 () {28 vars in 624 bytes} [Wed Aug 12 01:28:02 2026] GET /v2.0/agents?binary=ovn-controller => generated 416 bytes in 20 msecs (HTTP/1.1 200) 4 headers in 157 bytes (1 switches on core 0)
2026-08-12 01:28:02.752 7 INFO neutron.db.ovn_revision_numbers_db [None req-231d819c-c75d-4606-babc-78e12d70659c - - - - - -] Successfully bumped revision number for resource a197a131-513a-4f99-8c01-3f13b0809db2 (type: ports) to 2
2026-08-12 01:28:02.917 8 INFO neutron.db.ovn_revision_numbers_db [None req-b95801f5-13b0-45f3-af3a-7c8e13df27b6 - - - - - -] Successfully bumped revision number for resource fc61277d-533d-4e2d-a440-be68a6509691 (type: router_ports) to 2
2026-08-12 01:28:02.929 7 WARNING neutron.scheduler.dhcp_agent_scheduler [None req-5321ae3e-6707-4a27-a54f-1ebe83b7ad3d c6e6bb07a4f44649ae75509d009e0e1c 16e2ac5e21b6433aa53784255c3ce399 - - default default] No more DHCP agents
2026-08-12 01:28:02.930 7 WARNING neutron.api.rpc.agentnotifiers.dhcp_rpc_agent_api [None req-5321ae3e-6707-4a27-a54f-1ebe83b7ad3d c6e6bb07a4f44649ae75509d009e0e1c 16e2ac5e21b6433aa53784255c3ce399 - - default default] Unable to schedule network 32060b45-c2d2-410f-bc7c-873b3cff7e2a: no agents available; will retry on subsequent port and subnet creation events.
